The Swift Package Index logo.Swift Package Index

Build Information

Failed to build DiasporaNodeInfo, reference 2.0.0 (05fa35), with Swift 6.4 for Android on 26 Sep 2026 02:22:53 UTC.

Build Command

bash -c docker run --pull=always --rm -v "checkouts-54344844-0":/host -w "$PWD" -e JAVA_HOME="/root/.sdkman/candidates/java/current" -e SPI_BUILD="1" -e SPI_PROCESSING="1" registry.gitlab.com/saguaro1/spi-images:android-6.4-latest swift build --swift-sdk aarch64-unknown-linux-android28 2>&1

Build Log

========================================
RunAll
========================================
Builder version: 5.1.0
Interrupt handler set up.
========================================
Checkout
========================================
Clone URL: https://github.com/shadone/DiasporaNodeInfo.git
Reference: 2.0.0
Initialized empty Git repository in /host/spi-builder-workspace/.git/
hint: Using 'master' as the name for the initial branch. This default branch name
hint: is subject to change. To configure the initial branch name to use in all
hint: of your new repositories, which will suppress this warning, call:
hint:
hint: 	git config --global init.defaultBranch <name>
hint:
hint: Names commonly chosen instead of 'master' are 'main', 'trunk' and
hint: 'development'. The just-created branch can be renamed via this command:
hint:
hint: 	git branch -m <name>
From https://github.com/shadone/DiasporaNodeInfo
 * tag               2.0.0      -> FETCH_HEAD
HEAD is now at 05fa35d docs: note encode-shape change in changelog, unify error existential spelling
Cloned https://github.com/shadone/DiasporaNodeInfo.git
Revision (git rev-parse @):
05fa35dd84c3891eb3f63df27d51079a62d200a9
SPI manifest file found: $PWD/.spi.yml
SUCCESS checkout https://github.com/shadone/DiasporaNodeInfo.git at 2.0.0
========================================
Build
========================================
Selected platform:         android
Swift version:             6.4
Building package at path:  $PWD
https://github.com/shadone/DiasporaNodeInfo.git
Running build ...
bash -c docker run --pull=always --rm -v "checkouts-54344844-0":/host -w "$PWD" -e JAVA_HOME="/root/.sdkman/candidates/java/current" -e SPI_BUILD="1" -e SPI_PROCESSING="1" registry.gitlab.com/saguaro1/spi-images:android-6.4-latest swift build --swift-sdk aarch64-unknown-linux-android28 2>&1
android-6.4-latest: Pulling from saguaro1/spi-images
Digest: sha256:abadcff584c273feba50641b454858d377ba30b35ea7287a94f45ebd8afd0ea0
Status: Image is up to date for registry.gitlab.com/saguaro1/spi-images:android-6.4-latest
Fetching https://github.com/apple/swift-argument-parser
[1/18945] Fetching swift-argument-parser
Fetched https://github.com/apple/swift-argument-parser (0.83s)
Computing version for https://github.com/apple/swift-argument-parser
Computed https://github.com/apple/swift-argument-parser at 1.8.2 (1.02s)
Creating working copy for https://github.com/apple/swift-argument-parser
Working copy of https://github.com/apple/swift-argument-parser resolved at 1.8.2
Building for debugging...
[Pre-planning 1 / 183]
[Starting]
[51 / 79] DiasporaNodeInfo
error: SwiftCompile normal aarch64 failed with a nonzero exit code. Command line:     cd /host

/host/spi-builder-workspace/Sources/DiasporaNodeInfo/NodeInfoManager.swift:49:26: error: 'URLSession' is unavailable: This type has moved to the FoundationNetworking module. Import that module to use it.
 47 |     // MARK: Private
 48 |
 49 |     private let session: URLSession
    |                          `- error: 'URLSession' is unavailable: This type has moved to the FoundationNetworking module. Import that module to use it.
 50 |     private let jsonDecoder = JSONDecoder()
 51 |
Foundation.URLSession:2:18: note: 'URLSession' has been explicitly marked unavailable here
1 | @available(*, unavailable, message: "This type has moved to the FoundationNetworking module. Import that module to use it.")
2 | public typealias URLSession = AnyObject
  |                  `- note: 'URLSession' has been explicitly marked unavailable here
/host/spi-builder-workspace/Sources/DiasporaNodeInfo/NodeInfoManager.swift:56:26: error: 'URLSession' is unavailable: This type has moved to the FoundationNetworking module. Import that module to use it.
 54 |     /// Create a manager for fetching node info using the given network session.
 55 |     /// - Parameter session: optional ``URLSession`` that will be used for fetching node info.
 56 |     public init(session: URLSession = .shared) {
    |                          `- error: 'URLSession' is unavailable: This type has moved to the FoundationNetworking module. Import that module to use it.
 57 |         self.session = session
 58 |     }
Foundation.URLSession:2:18: note: 'URLSession' has been explicitly marked unavailable here
1 | @available(*, unavailable, message: "This type has moved to the FoundationNetworking module. Import that module to use it.")
2 | public typealias URLSession = AnyObject
  |                  `- note: 'URLSession' has been explicitly marked unavailable here
/host/spi-builder-workspace/Sources/DiasporaNodeInfo/NodeInfoManager.swift:56:40: error: value of type '_' expected to be instance of class or class-constrained type
 54 |     /// Create a manager for fetching node info using the given network session.
 55 |     /// - Parameter session: optional ``URLSession`` that will be used for fetching node info.
 56 |     public init(session: URLSession = .shared) {
    |                                        `- error: value of type '_' expected to be instance of class or class-constrained type
 57 |         self.session = session
 58 |     }
/host/spi-builder-workspace/Sources/DiasporaNodeInfo/NodeInfoManager.swift:56:40: error: type 'URLSession' (aka 'AnyObject') has no member 'shared'
 54 |     /// Create a manager for fetching node info using the given network session.
 55 |     /// - Parameter session: optional ``URLSession`` that will be used for fetching node info.
 56 |     public init(session: URLSession = .shared) {
    |                                        `- error: type 'URLSession' (aka 'AnyObject') has no member 'shared'
 57 |         self.session = session
 58 |     }
/host/spi-builder-workspace/Sources/DiasporaNodeInfo/NodeInfoManager.swift:49:17: error: stored property 'session' of 'Sendable'-conforming struct 'NodeInfoManager' has non-Sendable type 'AnyObject'
 47 |     // MARK: Private
 48 |
 49 |     private let session: URLSession
    |                 `- error: stored property 'session' of 'Sendable'-conforming struct 'NodeInfoManager' has non-Sendable type 'AnyObject'
 50 |     private let jsonDecoder = JSONDecoder()
 51 |
Failed frontend command:
/root/.local/share/swiftly/toolchains/6.4.x-snapshot-2026-09-04/usr/bin/swift-frontend -frontend -emit-module -experimental-skip-non-inlinable-function-bodies-without-types /host/spi-builder-workspace/.build/out/Intermediates.noindex/DiasporaNodeInfo.build/Debug-android-aarch64/DiasporaNodeInfo-t.build/DerivedSources/resource_bundle_accessor.swift /host/spi-builder-workspace/Sources/DiasporaNodeInfo/2.0/2.0-InboundSite.swift /host/spi-builder-workspace/Sources/DiasporaNodeInfo/2.0/2.0-NodeInfo.swift /host/spi-builder-workspace/Sources/DiasporaNodeInfo/2.0/2.0-OutboundSite.swift /host/spi-builder-workspace/Sources/DiasporaNodeInfo/2.0/2.0-Protocol.swift /host/spi-builder-workspace/Sources/DiasporaNodeInfo/2.0/2.0-Services.swift /host/spi-builder-workspace/Sources/DiasporaNodeInfo/2.0/2.0-Software.swift /host/spi-builder-workspace/Sources/DiasporaNodeInfo/2.0/2.0-Usage.swift /host/spi-builder-workspace/Sources/DiasporaNodeInfo/2.0/2.0-Users.swift /host/spi-builder-workspace/Sources/DiasporaNodeInfo/2.0/2.0.swift /host/spi-builder-workspace/Sources/DiasporaNodeInfo/2.1/2.1-InboundSite.swift /host/spi-builder-workspace/Sources/DiasporaNodeInfo/2.1/2.1-NodeInfo.swift /host/spi-builder-workspace/Sources/DiasporaNodeInfo/2.1/2.1-OutboundSite.swift /host/spi-builder-workspace/Sources/DiasporaNodeInfo/2.1/2.1-Protocol.swift /host/spi-builder-workspace/Sources/DiasporaNodeInfo/2.1/2.1-Services.swift /host/spi-builder-workspace/Sources/DiasporaNodeInfo/2.1/2.1-Software.swift /host/spi-builder-workspace/Sources/DiasporaNodeInfo/2.1/2.1-Usage.swift /host/spi-builder-workspace/Sources/DiasporaNodeInfo/2.1/2.1-Users.swift /host/spi-builder-workspace/Sources/DiasporaNodeInfo/2.1/2.1.swift /host/spi-builder-workspace/Sources/DiasporaNodeInfo/DiasporaNodeInfo.swift /host/spi-builder-workspace/Sources/DiasporaNodeInfo/NodeInfo+Convenience.swift /host/spi-builder-workspace/Sources/DiasporaNodeInfo/NodeInfo.swift /host/spi-builder-workspace/Sources/DiasporaNodeInfo/NodeInfoManager.swift /host/spi-builder-workspace/Sources/DiasporaNodeInfo/Utils/JSON.swift /host/spi-builder-workspace/Sources/DiasporaNodeInfo/Utils/LenientDecoding.swift /host/spi-builder-workspace/Sources/DiasporaNodeInfo/Utils/ValueOrUnknown.swift /host/spi-builder-workspace/Sources/DiasporaNodeInfo/WellKnownNodeInfo.swift /host/spi-builder-workspace/Sources/DiasporaNodeInfo/WellKnownNodeInfoSchema.swift -target aarch64-unknown-linux-android28 -Xllvm -aarch64-use-tbi -disable-objc-interop -sdk /android-ndk/android-ndk-r27d/toolchains/llvm/prebuilt/linux-x86_64/sysroot -sysroot /android-ndk/android-ndk-r27d/toolchains/llvm/prebuilt/linux-x86_64/sysroot -I /host/spi-builder-workspace/.build/out/Products/Debug-android-aarch64 -module-cache-path /host/spi-builder-workspace/.build/out/ModuleCache.noindex -color-diagnostics -Xcc -fcolor-diagnostics -enable-testing -g -debug-info-format\=dwarf -dwarf-version\=4 -swift-version 6 -Onone -D SWIFT_PACKAGE -D DEBUG -D SWIFT_MODULE_RESOURCE_BUNDLE_AVAILABLE -D Xcode -serialize-debugging-options -enable-experimental-feature DebugDescriptionMacro -empty-abi-descriptor -external-plugin-path /root/.local/share/swiftly/toolchains/6.4.x-snapshot-2026-09-04/usr/lib/swift/host/plugins/testing\#/root/.local/share/swiftly/toolchains/6.4.x-snapshot-2026-09-04/usr/bin/swift-plugin-server -validate-clang-modules-once -clang-build-session-file /host/spi-builder-workspace/.build/out/ModuleCache.noindex/Session.modulevalidation -Xcc -working-directory -Xcc /host -resource-dir /root/.swiftpm/swift-sdks/swift-6.4.x-DEVELOPMENT-SNAPSHOT-2026-09-04-a_android.artifactbundle/swift-android/swift-resources/usr/lib/swift-aarch64 -enable-anonymous-context-mangled-names -file-compilation-dir /host -Xcc -resource-dir -Xcc /android-ndk/android-ndk-r27d/toolchains/llvm/prebuilt/linux-x86_64/lib/clang/18 -Xcc -fno-omit-frame-pointer -Xcc -D_LIBCPP_HARDENING_MODE\=_LIBCPP_HARDENING_MODE_DEBUG -Xcc -fmodules-prune-interval\=86400 -Xcc -fmodules-prune-after\=345600 -Xcc -I/host/spi-builder-workspace/.build/out/Products/Debug-android-aarch64/include -Xcc -I/host/spi-builder-workspace/.build/out/Intermediates.noindex/DiasporaNodeInfo.build/Debug-android-aarch64/DiasporaNodeInfo-t.build/DerivedSources-normal/aarch64 -Xcc -I/host/spi-builder-workspace/.build/out/Intermediates.noindex/DiasporaNodeInfo.build/Debug-android-aarch64/DiasporaNodeInfo-t.build/DerivedSources/aarch64 -Xcc -I/host/spi-builder-workspace/.build/out/Intermediates.noindex/DiasporaNodeInfo.build/Debug-android-aarch64/DiasporaNodeInfo-t.build/DerivedSources -Xcc -DSWIFT_PACKAGE -Xcc -DDEBUG\=1 -no-auto-bridging-header-chaining -module-name DiasporaNodeInfo -package-name spi_builder_workspace -const-gather-protocols-file /host/spi-builder-workspace/.build/out/Intermediates.noindex/DiasporaNodeInfo.build/Debug-android-aarch64/DiasporaNodeInfo-t.build/Objects-normal/aarch64/DiasporaNodeInfo_const_extract_protocols.json -in-process-plugin-server-path /root/.local/share/swiftly/toolchains/6.4.x-snapshot-2026-09-04/usr/lib/swift/host/libSwiftInProcPluginServer.so -plugin-path /root/.local/share/swiftly/toolchains/6.4.x-snapshot-2026-09-04/usr/lib/swift/host/plugins -plugin-path /root/.local/share/swiftly/toolchains/6.4.x-snapshot-2026-09-04/usr/local/lib/swift/host/plugins -emit-module-doc-path /host/spi-builder-workspace/.build/out/Intermediates.noindex/DiasporaNodeInfo.build/Debug-android-aarch64/DiasporaNodeInfo-t.build/Objects-normal/aarch64/Modules/DiasporaNodeInfo.swiftdoc -emit-module-source-info-path /host/spi-builder-workspace/.build/out/Intermediates.noindex/DiasporaNodeInfo.build/Debug-android-aarch64/DiasporaNodeInfo-t.build/Objects-normal/aarch64/Modules/DiasporaNodeInfo.swiftsourceinfo -emit-objc-header-path /host/spi-builder-workspace/.build/out/Intermediates.noindex/DiasporaNodeInfo.build/Debug-android-aarch64/DiasporaNodeInfo-t.build/Objects-normal/aarch64/DiasporaNodeInfo-Swift.h -serialize-diagnostics-path /host/spi-builder-workspace/.build/out/Intermediates.noindex/DiasporaNodeInfo.build/Debug-android-aarch64/DiasporaNodeInfo-t.build/Objects-normal/aarch64/DiasporaNodeInfo-primary-emit-module.dia -emit-dependencies-path /host/spi-builder-workspace/.build/out/Intermediates.noindex/DiasporaNodeInfo.build/Debug-android-aarch64/DiasporaNodeInfo-t.build/Objects-normal/aarch64/DiasporaNodeInfo-primary-emit-module.d -parse-as-library -o /host/spi-builder-workspace/.build/out/Intermediates.noindex/DiasporaNodeInfo.build/Debug-android-aarch64/DiasporaNodeInfo-t.build/Objects-normal/aarch64/Modules/DiasporaNodeInfo.swiftmodule
[52 / 79] ArgumentParserToolInfo
error: Build failed
BUILD FAILURE 6.4 android