The Swift Package Index logo.Swift Package Index

Build Information

Failed to build WWSignInWith3rd_Weibo, reference 1.2.2 (116ca4), with Swift 6.4 for watchOS using Xcode 27.0 on 24 Sep 2026 07:58:41 UTC.

Build Command

No build command. This typically means the build failed at an early stage where we determine the build command.

Build Log

========================================
RunAll
========================================
Builder version: 5.1.0
Interrupt handler set up.
========================================
Checkout
========================================
Clone URL: https://github.com/William-Weng/WWSignInWith3rd_Weibo.git
Reference: 1.2.2
Initialized empty Git repository in /Users/admin/builder/spi-builder-workspace/.git/
From https://github.com/William-Weng/WWSignInWith3rd_Weibo
 * tag               1.2.2      -> FETCH_HEAD
HEAD is now at 116ca44 - 把xcframework.zip放在github下載
Cloned https://github.com/William-Weng/WWSignInWith3rd_Weibo.git
Revision (git rev-parse @):
116ca449ca7921b443ab7d48916d6e4d3155a4a4
SUCCESS checkout https://github.com/William-Weng/WWSignInWith3rd_Weibo.git at 1.2.2
========================================
Build
========================================
Selected platform:         watchOS
Swift version:             6.4
Building package at path:  $PWD
https://github.com/William-Weng/WWSignInWith3rd_Weibo.git
Command line invocation:
    /Applications/Xcode-27.0.0-Release.Candidate.app/Contents/Developer/usr/bin/xcodebuild -IDEClonedSourcePackagesDirPathOverride=/Users/admin/builder/spi-builder-workspace/.dependencies -resolvePackageDependencies
Resolve Package Graph
Fetching from https://github.com/William-Weng/WWSignInWith3rd_Apple
Creating working copy of package ‘WWSignInWith3rd_Apple’
Checking out 1.1.4 of package ‘WWSignInWith3rd_Apple’
failed downloading 'https://github.com/William-Weng/WWSignInWith3rd_Weibo/releases/download/1.2.1/SinaWeibonSDK.xcframework.zip' which is required by binary target 'SinaWeibonSDK': badResponseStatusCode(404)fatalErrorResolve Package Graph
failed downloading 'https://github.com/William-Weng/WWSignInWith3rd_Weibo/releases/download/1.2.1/SinaWeibonSDK.xcframework.zip' which is required by binary target 'SinaWeibonSDK': badResponseStatusCode(404)fatalError
Resolved source packages:
  spi-builder-workspace: (null)
2026-09-24 03:58:39.882 xcodebuild[524:3027] Writing error result bundle to /var/folders/xq/y_g06wb113726d38xsyx71_h0000gn/T/ResultBundle_2026-24-09_03-58-0039.xcresult
xcodebuild: error: Could not resolve package dependencies:
  failed downloading 'https://github.com/William-Weng/WWSignInWith3rd_Weibo/releases/download/1.2.1/SinaWeibonSDK.xcframework.zip' which is required by binary target 'SinaWeibonSDK': badResponseStatusCode(404)
  fatalError
Command line invocation:
    /Applications/Xcode-27.0.0-Release.Candidate.app/Contents/Developer/usr/bin/xcodebuild -IDEClonedSourcePackagesDirPathOverride=/Users/admin/builder/spi-builder-workspace/.dependencies -resolvePackageDependencies
Resolve Package Graph
failed downloading 'https://github.com/William-Weng/WWSignInWith3rd_Weibo/releases/download/1.2.1/SinaWeibonSDK.xcframework.zip' which is required by binary target 'SinaWeibonSDK': badResponseStatusCode(404)fatalError
Resolved source packages:
  spi-builder-workspace: (null)
2026-09-24 03:58:41.313 xcodebuild[632:3841] Writing error result bundle to /var/folders/xq/y_g06wb113726d38xsyx71_h0000gn/T/ResultBundle_2026-24-09_03-58-0041.xcresult
xcodebuild: error: Could not resolve package dependencies:
  failed downloading 'https://github.com/William-Weng/WWSignInWith3rd_Weibo/releases/download/1.2.1/SinaWeibonSDK.xcframework.zip' which is required by binary target 'SinaWeibonSDK': badResponseStatusCode(404)
  fatalError
BUILD FAILURE 6.4 watchOS