Build Information
Failed to build shieldcredit-spm, reference main (094ac2), with Swift 6.4 for watchOS using Xcode 27.0 on 20 Sep 2026 17:03:23 UTC.
Build Command
No build command. This typically means the build failed at an early stage where we determine the build command.Build Log
========================================
RunAll
========================================
Builder version: 5.1.0
Interrupt handler set up.
========================================
Checkout
========================================
Clone URL: https://github.com/shield-ai-technology/shieldcredit-spm.git
Reference: main
Initialized empty Git repository in /Users/admin/builder/spi-builder-workspace/.git/
From https://github.com/shield-ai-technology/shieldcredit-spm
* branch main -> FETCH_HEAD
* [new branch] main -> origin/main
HEAD is now at 094ac22 example app updated
Cloned https://github.com/shield-ai-technology/shieldcredit-spm.git
Revision (git rev-parse @):
094ac22c18163ab570c23483b49872aaee7a85cc
SUCCESS checkout https://github.com/shield-ai-technology/shieldcredit-spm.git at main
========================================
Build
========================================
Selected platform: watchOS
Swift version: 6.4
Building package at path: $PWD
https://github.com/shield-ai-technology/shieldcredit-spm.git
Command line invocation:
/Applications/Xcode-27.0.0-Release.Candidate.app/Contents/Developer/usr/bin/xcodebuild -IDEClonedSourcePackagesDirPathOverride=/Users/admin/builder/spi-builder-workspace/.dependencies -resolvePackageDependencies
Resolve Package Graph
Fetching from https://github.com/shield-ai-technology/shieldfraud-spm.git
Creating working copy of package ‘shieldfraud-spm’
Checking out main (96857ce) of package ‘shieldfraud-spm’
checksum of downloaded artifact of binary target 'ShieldCredit' (1a290937c6b71c7319cefd459bf6f14dd0652c93aa1abe1096b61593d45b8eb9) does not match checksum specified by the manifest (15357d60b7b28ec4ad869345a14169531615661aef63176b710a7c186f0f8e3b)fatalErrorResolve Package Graph
checksum of downloaded artifact of binary target 'ShieldCredit' (1a290937c6b71c7319cefd459bf6f14dd0652c93aa1abe1096b61593d45b8eb9) does not match checksum specified by the manifest (15357d60b7b28ec4ad869345a14169531615661aef63176b710a7c186f0f8e3b)fatalError
Resolved source packages:
spi-builder-workspace: (null)
2026-09-20 13:03:22.436 xcodebuild[529:3045] Writing error result bundle to /var/folders/xq/y_g06wb113726d38xsyx71_h0000gn/T/ResultBundle_2026-20-09_13-03-0022.xcresult
xcodebuild: error: Could not resolve package dependencies:
checksum of downloaded artifact of binary target 'ShieldCredit' (1a290937c6b71c7319cefd459bf6f14dd0652c93aa1abe1096b61593d45b8eb9) does not match checksum specified by the manifest (15357d60b7b28ec4ad869345a14169531615661aef63176b710a7c186f0f8e3b)
fatalError
Command line invocation:
/Applications/Xcode-27.0.0-Release.Candidate.app/Contents/Developer/usr/bin/xcodebuild -IDEClonedSourcePackagesDirPathOverride=/Users/admin/builder/spi-builder-workspace/.dependencies -resolvePackageDependencies
Resolve Package Graph
checksum of downloaded artifact of binary target 'ShieldCredit' (1a290937c6b71c7319cefd459bf6f14dd0652c93aa1abe1096b61593d45b8eb9) does not match checksum specified by the manifest (15357d60b7b28ec4ad869345a14169531615661aef63176b710a7c186f0f8e3b)fatalError
Resolved source packages:
spi-builder-workspace: (null)
2026-09-20 13:03:23.590 xcodebuild[658:3908] Writing error result bundle to /var/folders/xq/y_g06wb113726d38xsyx71_h0000gn/T/ResultBundle_2026-20-09_13-03-0023.xcresult
xcodebuild: error: Could not resolve package dependencies:
checksum of downloaded artifact of binary target 'ShieldCredit' (1a290937c6b71c7319cefd459bf6f14dd0652c93aa1abe1096b61593d45b8eb9) does not match checksum specified by the manifest (15357d60b7b28ec4ad869345a14169531615661aef63176b710a7c186f0f8e3b)
fatalError
BUILD FAILURE 6.4 watchOS