The Swift Package Index logo.Swift Package Index

Build Information

Failed to build Succinct, reference v0.4.37 (be4b0b), with Swift 6.4 for tvOS using Xcode 27.0 on 24 Sep 2026 11:41:34 UTC.

Build Command

env DEVELOPER_DIR=/Applications/Xcode-27.0.0-Release.Candidate.app xcrun xcodebuild -IDEClonedSourcePackagesDirPathOverride=$PWD/.dependencies -skipMacroValidation -skipPackagePluginValidation -derivedDataPath $PWD/.derivedData build -scheme Succinct -destination generic/platform=tvOS

Build Log

/Applications/Xcode-27.0.0-Release.Candidate.app/Contents/Developer/Platforms/AppleTVOS.platform/Developer/SDKs/AppleTVOS27.0.sdk/System/Library/Frameworks/UIKit.framework/Headers/UISwitch.h:23:12: note: 'UISwitch' has been explicitly marked unavailable here
21 |
22 | UIKIT_EXTERN API_AVAILABLE(ios(2.0)) API_UNAVAILABLE(tvos, watchos) NS_SWIFT_UI_ACTOR
23 | @interface UISwitch : UIControl <NSCoding>
   |            `- note: 'UISwitch' has been explicitly marked unavailable here
24 |
25 | @property(nullable, nonatomic, strong) UIColor *onTintColor API_AVAILABLE(ios(5.0)) UI_APPEARANCE_SELECTOR;
/Users/admin/builder/spi-builder-workspace/Succinct/UIView/UIView+UIDatePickerView.swift:12:49: error: 'UIDatePicker' is unavailable in tvOS
10 |     /// - Returns: An optional UIDatePicker, if one is found.
11 |     ///
12 |     @objc internal func findDatePickerView() -> UIDatePicker? {
   |                                                 `- error: 'UIDatePicker' is unavailable in tvOS
13 |         return findInSubviews(
14 |             satisfyingCondition: SuccinctCondition({ $0.isDatePickerView() })
/Applications/Xcode-27.0.0-Release.Candidate.app/Contents/Developer/Platforms/AppleTVOS.platform/Developer/SDKs/AppleTVOS27.0.sdk/System/Library/Frameworks/UIKit.framework/Headers/UIDatePicker.h:40:12: note: 'UIDatePicker' has been explicitly marked unavailable here
38 |
39 | UIKIT_EXTERN API_AVAILABLE(ios(2.0)) API_UNAVAILABLE(tvos, watchos) NS_SWIFT_UI_ACTOR
40 | @interface UIDatePicker : UIControl <NSCoding>
   |            `- note: 'UIDatePicker' has been explicitly marked unavailable here
41 | @property (nonatomic) UIDatePickerMode datePickerMode; // default is UIDatePickerModeDateAndTime
42 |
/Users/admin/builder/spi-builder-workspace/Succinct/UIView/UIView+UIPickerView.swift:11:45: error: 'UIPickerView' is unavailable in tvOS
 9 |     /// - Returns: An optional UIPickerView, if one is found.
10 |     ///
11 |     @objc internal func findPickerView() -> UIPickerView? {
   |                                             `- error: 'UIPickerView' is unavailable in tvOS
12 |         return findInSubviews(
13 |             satisfyingCondition: SuccinctCondition({ $0.isPickerView() })
/Applications/Xcode-27.0.0-Release.Candidate.app/Contents/Developer/Platforms/AppleTVOS.platform/Developer/SDKs/AppleTVOS27.0.sdk/System/Library/Frameworks/UIKit.framework/Headers/UIPickerView.h:19:12: note: 'UIPickerView' has been explicitly marked unavailable here
17 |
18 | UIKIT_EXTERN API_AVAILABLE(ios(2.0)) API_UNAVAILABLE(tvos, watchos) NS_SWIFT_UI_ACTOR
19 | @interface UIPickerView : UIView <NSCoding>
   |            `- note: 'UIPickerView' has been explicitly marked unavailable here
20 |
21 | @property(nullable,nonatomic,weak) id<UIPickerViewDataSource> dataSource;                // default is nil. weak reference
/Users/admin/builder/spi-builder-workspace/Succinct/UIView/UIView+UIPickerView.swift:17:47: error: 'UIPickerView' is unavailable in tvOS
15 |     }
16 |
17 |     @objc internal func findPickerViews() -> [UIPickerView] {
   |                                               `- error: 'UIPickerView' is unavailable in tvOS
18 |         return filterSubviews(
19 |             satisfyingCondition: SuccinctCondition({ $0.isPickerView() })
/Applications/Xcode-27.0.0-Release.Candidate.app/Contents/Developer/Platforms/AppleTVOS.platform/Developer/SDKs/AppleTVOS27.0.sdk/System/Library/Frameworks/UIKit.framework/Headers/UIPickerView.h:19:12: note: 'UIPickerView' has been explicitly marked unavailable here
17 |
18 | UIKIT_EXTERN API_AVAILABLE(ios(2.0)) API_UNAVAILABLE(tvos, watchos) NS_SWIFT_UI_ACTOR
19 | @interface UIPickerView : UIView <NSCoding>
   |            `- note: 'UIPickerView' has been explicitly marked unavailable here
20 |
21 | @property(nullable,nonatomic,weak) id<UIPickerViewDataSource> dataSource;                // default is nil. weak reference
/Users/admin/builder/spi-builder-workspace/Succinct/UIView/UIView+UISlider.swift:21:69: error: 'UISlider' is unavailable in tvOS
19 |     /// - Returns: An optional UISlider, if one is found.
20 |     ///
21 |     @objc internal func findSlider(withValue searchValue: Float) -> UISlider? {
   |                                                                     `- error: 'UISlider' is unavailable in tvOS
22 |         for subview in subviews {
23 |             if let slider = subview as? UISlider {
/Applications/Xcode-27.0.0-Release.Candidate.app/Contents/Developer/Platforms/AppleTVOS.platform/Developer/SDKs/AppleTVOS27.0.sdk/System/Library/Frameworks/UIKit.framework/Headers/UISlider.h:26:12: note: 'UISlider' has been explicitly marked unavailable here
24 |
25 | UIKIT_EXTERN API_AVAILABLE(ios(2.0)) API_UNAVAILABLE(tvos, watchos) NS_SWIFT_UI_ACTOR
26 | @interface UISlider : UIControl <NSCoding>
   |            `- note: 'UISlider' has been explicitly marked unavailable here
27 |
28 | @property(nonatomic) float value;                                 // default 0.0. this value will be pinned to min/max
/Users/admin/builder/spi-builder-workspace/Succinct/UIView/UIView+UIStepper.swift:20:58: error: 'UIStepper' is unavailable in tvOS
18 |     }
19 |
20 |     @objc internal func findStepper(withTag tag: Int) -> UIStepper? {
   |                                                          `- error: 'UIStepper' is unavailable in tvOS
21 |         for subview in subviews {
22 |             if let stepper = subview as? UIStepper, stepper.tag == tag {
/Applications/Xcode-27.0.0-Release.Candidate.app/Contents/Developer/Platforms/AppleTVOS.platform/Developer/SDKs/AppleTVOS27.0.sdk/System/Library/Frameworks/UIKit.framework/Headers/UIStepper.h:18:12: note: 'UIStepper' has been explicitly marked unavailable here
16 |
17 | UIKIT_EXTERN API_AVAILABLE(ios(5.0)) API_UNAVAILABLE(tvos, watchos) NS_SWIFT_UI_ACTOR
18 | @interface UIStepper : UIControl
   |            `- note: 'UIStepper' has been explicitly marked unavailable here
19 |
20 | @property(nonatomic,getter=isContinuous) BOOL continuous; // if YES, value change events are sent any time the value changes during interaction. default = YES
/Users/admin/builder/spi-builder-workspace/Succinct/UIView/UIView+UISwitch.swift:33:70: error: 'UISwitch' is unavailable in tvOS
31 |     /// - Returns: An optional UISwitch, if one is found.
32 |     ///
33 |     internal func findSwitch<T>(containedInView viewType: T.Type) -> UISwitch? where T: UIView {
   |                                                                      `- error: 'UISwitch' is unavailable in tvOS
34 |         for subview in subviews {
35 |             if subview.isKind(of: viewType) {
/Applications/Xcode-27.0.0-Release.Candidate.app/Contents/Developer/Platforms/AppleTVOS.platform/Developer/SDKs/AppleTVOS27.0.sdk/System/Library/Frameworks/UIKit.framework/Headers/UISwitch.h:23:12: note: 'UISwitch' has been explicitly marked unavailable here
21 |
22 | UIKIT_EXTERN API_AVAILABLE(ios(2.0)) API_UNAVAILABLE(tvos, watchos) NS_SWIFT_UI_ACTOR
23 | @interface UISwitch : UIControl <NSCoding>
   |            `- note: 'UISwitch' has been explicitly marked unavailable here
24 |
25 | @property(nullable, nonatomic, strong) UIColor *onTintColor API_AVAILABLE(ios(5.0)) UI_APPEARANCE_SELECTOR;
/Users/admin/builder/spi-builder-workspace/Succinct/UIView/UIView+UISwitch.swift:59:93: error: 'UISwitch' is unavailable in tvOS
57 |     /// - Returns: An optional UISwitch, if one is found.
58 |     ///
59 |     @objc internal func findSwitch(colocatedWithUILabelWithExactText searchText: String) -> UISwitch? {
   |                                                                                             `- error: 'UISwitch' is unavailable in tvOS
60 |         var matchingLabelWasFoundAtThisLevel = false
61 |
/Applications/Xcode-27.0.0-Release.Candidate.app/Contents/Developer/Platforms/AppleTVOS.platform/Developer/SDKs/AppleTVOS27.0.sdk/System/Library/Frameworks/UIKit.framework/Headers/UISwitch.h:23:12: note: 'UISwitch' has been explicitly marked unavailable here
21 |
22 | UIKIT_EXTERN API_AVAILABLE(ios(2.0)) API_UNAVAILABLE(tvos, watchos) NS_SWIFT_UI_ACTOR
23 | @interface UISwitch : UIControl <NSCoding>
   |            `- note: 'UISwitch' has been explicitly marked unavailable here
24 |
25 | @property(nullable, nonatomic, strong) UIColor *onTintColor API_AVAILABLE(ios(5.0)) UI_APPEARANCE_SELECTOR;
/Users/admin/builder/spi-builder-workspace/Succinct/UIViewController/UIViewController+UIDatePickerView.swift:23:47: error: 'UIDatePicker' is unavailable in tvOS
21 |     /// - Returns: An optional UIDatePicker, if one is found.
22 |     ///
23 |     @objc public func findDatePickerView() -> UIDatePicker? {
   |                                               `- error: 'UIDatePicker' is unavailable in tvOS
24 |         return view.findDatePickerView()
25 |     }
/Applications/Xcode-27.0.0-Release.Candidate.app/Contents/Developer/Platforms/AppleTVOS.platform/Developer/SDKs/AppleTVOS27.0.sdk/System/Library/Frameworks/UIKit.framework/Headers/UIDatePicker.h:40:12: note: 'UIDatePicker' has been explicitly marked unavailable here
38 |
39 | UIKIT_EXTERN API_AVAILABLE(ios(2.0)) API_UNAVAILABLE(tvos, watchos) NS_SWIFT_UI_ACTOR
40 | @interface UIDatePicker : UIControl <NSCoding>
   |            `- note: 'UIDatePicker' has been explicitly marked unavailable here
41 | @property (nonatomic) UIDatePickerMode datePickerMode; // default is UIDatePickerModeDateAndTime
42 |
/Users/admin/builder/spi-builder-workspace/Succinct/UIViewController/UIViewController+UIPickerView.swift:25:43: error: 'UIPickerView' is unavailable in tvOS
 23 |     /// - Returns: An optional UIPickerView, if one is found.
 24 |     ///
 25 |     @objc public func findPickerView() -> UIPickerView? {
    |                                           `- error: 'UIPickerView' is unavailable in tvOS
 26 |         return view.findPickerView()
 27 |     }
/Applications/Xcode-27.0.0-Release.Candidate.app/Contents/Developer/Platforms/AppleTVOS.platform/Developer/SDKs/AppleTVOS27.0.sdk/System/Library/Frameworks/UIKit.framework/Headers/UIPickerView.h:19:12: note: 'UIPickerView' has been explicitly marked unavailable here
17 |
18 | UIKIT_EXTERN API_AVAILABLE(ios(2.0)) API_UNAVAILABLE(tvos, watchos) NS_SWIFT_UI_ACTOR
19 | @interface UIPickerView : UIView <NSCoding>
   |            `- note: 'UIPickerView' has been explicitly marked unavailable here
20 |
21 | @property(nullable,nonatomic,weak) id<UIPickerViewDataSource> dataSource;                // default is nil. weak reference
/Users/admin/builder/spi-builder-workspace/Succinct/UIViewController/UIViewController+UISwitch.swift:23:68: error: 'UISwitch' is unavailable in tvOS
21 |     /// - Returns: An optional UISwitch, if one is found.
22 |     ///
23 |     public func findSwitch<T>(containedInView viewType: T.Type) -> UISwitch? where T: UIView {
   |                                                                    `- error: 'UISwitch' is unavailable in tvOS
24 |         return view.findSwitch(containedInView: viewType)
25 |     }
/Applications/Xcode-27.0.0-Release.Candidate.app/Contents/Developer/Platforms/AppleTVOS.platform/Developer/SDKs/AppleTVOS27.0.sdk/System/Library/Frameworks/UIKit.framework/Headers/UISwitch.h:23:12: note: 'UISwitch' has been explicitly marked unavailable here
21 |
22 | UIKIT_EXTERN API_AVAILABLE(ios(2.0)) API_UNAVAILABLE(tvos, watchos) NS_SWIFT_UI_ACTOR
23 | @interface UISwitch : UIControl <NSCoding>
   |            `- note: 'UISwitch' has been explicitly marked unavailable here
24 |
25 | @property(nullable, nonatomic, strong) UIColor *onTintColor API_AVAILABLE(ios(5.0)) UI_APPEARANCE_SELECTOR;
/Users/admin/builder/spi-builder-workspace/Succinct/UIViewController/UIViewController+UISwitch.swift:35:91: error: 'UISwitch' is unavailable in tvOS
33 |     /// - Returns: An optional UISwitch, if one is found.
34 |     ///
35 |     @objc public func findSwitch(colocatedWithUILabelWithExactText searchText: String) -> UISwitch? {
   |                                                                                           `- error: 'UISwitch' is unavailable in tvOS
36 |         return view.findSwitch(colocatedWithUILabelWithExactText: searchText)
37 |     }
/Applications/Xcode-27.0.0-Release.Candidate.app/Contents/Developer/Platforms/AppleTVOS.platform/Developer/SDKs/AppleTVOS27.0.sdk/System/Library/Frameworks/UIKit.framework/Headers/UISwitch.h:23:12: note: 'UISwitch' has been explicitly marked unavailable here
21 |
22 | UIKIT_EXTERN API_AVAILABLE(ios(2.0)) API_UNAVAILABLE(tvos, watchos) NS_SWIFT_UI_ACTOR
23 | @interface UISwitch : UIControl <NSCoding>
   |            `- note: 'UISwitch' has been explicitly marked unavailable here
24 |
25 | @property(nullable, nonatomic, strong) UIColor *onTintColor API_AVAILABLE(ios(5.0)) UI_APPEARANCE_SELECTOR;
Failed frontend command:
SwiftCompile normal arm64 (in target 'Succinct' from project 'Succinct')
    cd /Users/admin/builder/spi-builder-workspace/.swiftpm/xcode

/Applications/Xcode-27.0.0-Release.Candidate.app/Contents/Developer/Toolchains/XcodeDefault.xctoolchain/usr/bin/swift-frontend -frontend -emit-module -experimental-skip-non-inlinable-function-bodies-without-types /Users/admin/builder/spi-builder-workspace/Succinct/Condition/SuccinctCondition.swift /Users/admin/builder/spi-builder-workspace/Succinct/Configuration/Logger.swift /Users/admin/builder/spi-builder-workspace/Succinct/Configuration/PrintOutputMethod.swift /Users/admin/builder/spi-builder-workspace/Succinct/Configuration/Succinct.swift /Users/admin/builder/spi-builder-workspace/Succinct/Configuration/SuccinctConfig.swift /Users/admin/builder/spi-builder-workspace/Succinct/DebugLog/EvaluationResult.swift /Users/admin/builder/spi-builder-workspace/Succinct/DebugLog/EvaluationResultType.swift /Users/admin/builder/spi-builder-workspace/Succinct/DebugLog/ViewHierarchyLogger.swift /Users/admin/builder/spi-builder-workspace/Succinct/Memory/NSObject+MemoryAddress.swift /Users/admin/builder/spi-builder-workspace/Succinct/NSAttributedString/NSAttributedString+Attributes.swift /Users/admin/builder/spi-builder-workspace/Succinct/Optional/Optional+NilCheck.swift /Users/admin/builder/spi-builder-workspace/Succinct/PrivateTypes/PrivateTypes.swift /Users/admin/builder/spi-builder-workspace/Succinct/UIBarButtonItem/UIBarButtonItem+Extensions.swift /Users/admin/builder/spi-builder-workspace/Succinct/UIButton/UIButton+Tap.swift /Users/admin/builder/spi-builder-workspace/Succinct/UICollectionView/UICollectionView+Evaluations.swift /Users/admin/builder/spi-builder-workspace/Succinct/UIControl/UIControl+Readability.swift /Users/admin/builder/spi-builder-workspace/Succinct/UINavigationController/UINavigationController+UILabel.swift /Users/admin/builder/spi-builder-workspace/Succinct/UINavigationItem/UINavigationItem+UIBarButtonItem.swift /Users/admin/builder/spi-builder-workspace/Succinct/UIPickerView/UIPickerView+SelectComponent.swift /Users/admin/builder/spi-builder-workspace/Succinct/UISegmentedControl/UISegmentedControl+UISegmentLabel.swift /Users/admin/builder/spi-builder-workspace/Succinct/UISlider/UISlider+SetValue.swift /Users/admin/builder/spi-builder-workspace/Succinct/UISwitch/UISwitch+Readability.swift /Users/admin/builder/spi-builder-workspace/Succinct/UISwitch/UISwitch+Tap.swift /Users/admin/builder/spi-builder-workspace/Succinct/UITabBarController/UITabBarController+TabInteractions.swift /Users/admin/builder/spi-builder-workspace/Succinct/UITableView/UITableView+Evaluations.swift /Users/admin/builder/spi-builder-workspace/Succinct/UIView/MKMapView/IsMapView.swift /Users/admin/builder/spi-builder-workspace/Succinct/UIView/MKMapView/UIView+MKMapView.swift /Users/admin/builder/spi-builder-workspace/Succinct/UIView/UIButton/IsButtonWithExactText.swift /Users/admin/builder/spi-builder-workspace/Succinct/UIView/UIButton/IsButtonWithImage.swift /Users/admin/builder/spi-builder-workspace/Succinct/UIView/UIButton/UIView+UIButton.swift /Users/admin/builder/spi-builder-workspace/Succinct/UIView/UIImage/IsImageViewWithImage.swift /Users/admin/builder/spi-builder-workspace/Succinct/UIView/UIImage/UIView+UIImage.swift /Users/admin/builder/spi-builder-workspace/Succinct/UIView/UIImage/UIView+UIImageView.swift /Users/admin/builder/spi-builder-workspace/Succinct/UIView/UILabel/IsLabelContainingText.swift /Users/admin/builder/spi-builder-workspace/Succinct/UIView/UILabel/IsLabelWithExactText.swift /Users/admin/builder/spi-builder-workspace/Succinct/UIView/UILabel/UIView+UILabel.swift /Users/admin/builder/spi-builder-workspace/Succinct/UIView/UISegmentedControl/UIView+hasSegmentedControlSegmentSelected.swift /Users/admin/builder/spi-builder-workspace/Succinct/UIView/UIView+Readability.swift /Users/admin/builder/spi-builder-workspace/Succinct/UIView/UIView+UIBarButtonItem.swift /Users/admin/builder/spi-builder-workspace/Succinct/UIView/UIView+UIDatePickerView.swift /Users/admin/builder/spi-builder-workspace/Succinct/UIView/UIView+UIPickerView.swift /Users/admin/builder/spi-builder-workspace/Succinct/UIView/UIView+UISegmentedControl.swift /Users/admin/builder/spi-builder-workspace/Succinct/UIView/UIView+UISlider.swift /Users/admin/builder/spi-builder-workspace/Succinct/UIView/UIView+UIStepper.swift /Users/admin/builder/spi-builder-workspace/Succinct/UIView/UIView+UISwitch.swift /Users/admin/builder/spi-builder-workspace/Succinct/UIView/UIView+UITextField.swift /Users/admin/builder/spi-builder-workspace/Succinct/UIView/UIView+UITextView.swift /Users/admin/builder/spi-builder-workspace/Succinct/UIView/UIView/UIView+countOfViewsWithBackgroundColor.swift /Users/admin/builder/spi-builder-workspace/Succinct/UIView/UIView/UIView+findInSubviews.swift /Users/admin/builder/spi-builder-workspace/Succinct/UIView/UIView/UIView+hasViewWithBackgroundColor.swift /Users/admin/builder/spi-builder-workspace/Succinct/UIViewController/UIViewController+Debugging.swift /Users/admin/builder/spi-builder-workspace/Succinct/UIViewController/UIViewController+MKMapView.swift /Users/admin/builder/spi-builder-workspace/Succinct/UIViewController/UIViewController+Testing.swift /Users/admin/builder/spi-builder-workspace/Succinct/UIViewController/UIViewController+UIBarButtonItem.swift /Users/admin/builder/spi-builder-workspace/Succinct/UIViewController/UIViewController+UIButton.swift /Users/admin/builder/spi-builder-workspace/Succinct/UIViewController/UIViewController+UIDatePickerView.swift /Users/admin/builder/spi-builder-workspace/Succinct/UIViewController/UIViewController+UIImage.swift /Users/admin/builder/spi-builder-workspace/Succinct/UIViewController/UIViewController+UILabel.swift /Users/admin/builder/spi-builder-workspace/Succinct/UIViewController/UIViewController+UIPickerView.swift /Users/admin/builder/spi-builder-workspace/Succinct/UIViewController/UIViewController+UISegmentedControl.swift /Users/admin/builder/spi-builder-workspace/Succinct/UIViewController/UIViewController+UISlider.swift /Users/admin/builder/spi-builder-workspace/Succinct/UIViewController/UIViewController+UIStepper.swift /Users/admin/builder/spi-builder-workspace/Succinct/UIViewController/UIViewController+UISwitch.swift /Users/admin/builder/spi-builder-workspace/Succinct/UIViewController/UIViewController+UITableView.swift /Users/admin/builder/spi-builder-workspace/Succinct/UIViewController/UIViewController+UITextField.swift /Users/admin/builder/spi-builder-workspace/Succinct/UIViewController/UIViewController+UITextView.swift /Users/admin/builder/spi-builder-workspace/Succinct/UIViewController/UIViewController+UIView.swift -target arm64-apple-tvos15.0 -disable-cross-import-overlay-search -swift-module-cross-import MapKit /Applications/Xcode-27.0.0-Release.Candidate.app/Contents/Developer/Platforms/AppleTVOS.platform/Developer/SDKs/AppleTVOS.sdk/System/Library/Frameworks/MapKit.framework/Modules/MapKit.swiftcrossimport/SwiftUI.swiftoverlay -swift-module-cross-import MapKit /Applications/Xcode-27.0.0-Release.Candidate.app/Contents/Developer/Platforms/AppleTVOS.platform/Developer/SDKs/AppleTVOS27.0.sdk/System/Library/Frameworks/MapKit.framework/Modules/MapKit.swiftcrossimport/SwiftUI.swiftoverlay -load-resolved-plugin /Applications/Xcode-27.0.0-Release.Candidate.app/Contents/Developer/Platforms/AppleTVOS.platform/Developer/usr/lib/swift/host/plugins/libFoundationMacros.dylib\#/Applications/Xcode-27.0.0-Release.Candidate.app/Contents/Developer/Platforms/AppleTVOS.platform/Developer/usr/bin/swift-plugin-server\#FoundationMacros -load-resolved-plugin /Applications/Xcode-27.0.0-Release.Candidate.app/Contents/Developer/Platforms/AppleTVOS.platform/Developer/usr/lib/swift/host/plugins/libObservationMacros.dylib\#/Applications/Xcode-27.0.0-Release.Candidate.app/Contents/Developer/Platforms/AppleTVOS.platform/Developer/usr/bin/swift-plugin-server\#ObservationMacros -load-resolved-plugin /Applications/Xcode-27.0.0-Release.Candidate.app/Contents/Developer/Platforms/AppleTVOS.platform/Developer/usr/lib/swift/host/plugins/libPreviewsMacros.dylib\#/Applications/Xcode-27.0.0-Release.Candidate.app/Contents/Developer/Platforms/AppleTVOS.platform/Developer/usr/bin/swift-plugin-server\#PreviewsMacros -load-resolved-plugin /Applications/Xcode-27.0.0-Release.Candidate.app/Contents/Developer/Platforms/AppleTVOS.platform/Developer/usr/lib/swift/host/plugins/libSwiftMacros.dylib\#/Applications/Xcode-27.0.0-Release.Candidate.app/Contents/Developer/Platforms/AppleTVOS.platform/Developer/usr/bin/swift-plugin-server\#SwiftMacros -load-resolved-plugin /Applications/Xcode-27.0.0-Release.Candidate.app/Contents/Developer/Platforms/AppleTVOS.platform/Developer/usr/lib/swift/host/plugins/libSwiftUIMacros.dylib\#/Applications/Xcode-27.0.0-Release.Candidate.app/Contents/Developer/Platforms/AppleTVOS.platform/Developer/usr/bin/swift-plugin-server\#SwiftUIMacros -disable-implicit-swift-modules -Xcc -fno-implicit-modules -Xcc -fno-implicit-module-maps -explicit-swift-module-map-file /Users/admin/builder/spi-builder-workspace/.derivedData/Build/Intermediates.noindex/Succinct.build/Debug-appletvos/Succinct-t.build/Objects-normal/arm64/Succinct-dependencies-1.json -Xllvm -aarch64-use-tbi -enable-objc-interop -stack-check -sdk /Applications/Xcode-27.0.0-Release.Candidate.app/Contents/Developer/Platforms/AppleTVOS.platform/Developer/SDKs/AppleTVOS27.0.sdk -I /Users/admin/builder/spi-builder-workspace/.derivedData/Build/Products/Debug-appletvos -Isystem /Applications/Xcode-27.0.0-Release.Candidate.app/Contents/Developer/Platforms/AppleTVOS.platform/Developer/usr/lib -F /Users/admin/builder/spi-builder-workspace/.derivedData/Build/Products/Debug-appletvos -F /Applications/Xcode-27.0.0-Release.Candidate.app/Contents/Developer/Platforms/AppleTVOS.platform/Developer/Library/Frameworks -F /Applications/Xcode-27.0.0-Release.Candidate.app/Contents/Developer/Platforms/AppleTVOS.platform/Developer/SDKs/AppleTVOS27.0.sdk/Developer/Library/Frameworks -module-cache-path /Users/admin/builder/spi-builder-workspace/.derivedData/Build/Intermediates.noindex/SwiftExplicitPrecompiledModules -no-color-diagnostics -Xcc -fno-color-diagnostics -enable-testing -g -debug-info-format\=dwarf -dwarf-version\=4 -profile-generate -profile-coverage-mapping -swift-version 5 -Onone -D SWIFT_PACKAGE -D DEBUG -D SWIFT_MODULE_RESOURCE_BUNDLE_UNAVAILABLE -D Xcode -serialize-debugging-options -enable-experimental-feature DebugDescriptionMacro -empty-abi-descriptor -validate-clang-modules-once -clang-build-session-file /Users/admin/builder/spi-builder-workspace/.derivedData/ModuleCache.noindex/Session.modulevalidation -Xcc -working-directory -Xcc /Users/admin/builder/spi-builder-workspace/.swiftpm/xcode -enable-anonymous-context-mangled-names -file-compilation-dir /Users/admin/builder/spi-builder-workspace/.swiftpm/xcode -Xcc -D_LIBCPP_HARDENING_MODE\=_LIBCPP_HARDENING_MODE_DEBUG -Xcc -ivfsstatcache -Xcc /Users/admin/builder/spi-builder-workspace/.derivedData/SDKStatCaches.noindex/appletvos27.0-24J360-e829b21a6f8c9b70876ba0858053c044b32bfd8d43560033f8d89884cdb90028.sdkstatcache -Xcc -fmodules-prune-interval\=86400 -Xcc -fmodules-prune-after\=345600 -Xcc -I/Users/admin/builder/spi-builder-workspace/.derivedData/Build/Products/Debug-appletvos/include -Xcc -I/Users/admin/builder/spi-builder-workspace/.derivedData/Build/Intermediates.noindex/Succinct.build/Debug-appletvos/Succinct-t.build/DerivedSources-normal/arm64 -Xcc -I/Users/admin/builder/spi-builder-workspace/.derivedData/Build/Intermediates.noindex/Succinct.build/Debug-appletvos/Succinct-t.build/DerivedSources/arm64 -Xcc -I/Users/admin/builder/spi-builder-workspace/.derivedData/Build/Intermediates.noindex/Succinct.build/Debug-appletvos/Succinct-t.build/DerivedSources -Xcc -DSWIFT_PACKAGE -Xcc -DDEBUG\=1 -no-auto-bridging-header-chaining -module-name Succinct -const-gather-protocols-file /Users/admin/builder/spi-builder-workspace/.derivedData/Build/Intermediates.noindex/Succinct.build/Debug-appletvos/Succinct-t.build/Objects-normal/arm64/Succinct_const_extract_protocols.json -disable-clang-spi -clang-target arm64-apple-tvos27.0 -target-sdk-version 27.0 -target-sdk-name appletvos27.0 -in-process-plugin-server-path /Applications/Xcode-27.0.0-Release.Candidate.app/Contents/Developer/Toolchains/XcodeDefault.xctoolchain/usr/lib/swift/host/libSwiftInProcPluginServer.dylib -emit-module-doc-path /Users/admin/builder/spi-builder-workspace/.derivedData/Build/Intermediates.noindex/Succinct.build/Debug-appletvos/Succinct-t.build/Objects-normal/arm64/Succinct.swiftdoc -emit-module-source-info-path /Users/admin/builder/spi-builder-workspace/.derivedData/Build/Intermediates.noindex/Succinct.build/Debug-appletvos/Succinct-t.build/Objects-normal/arm64/Succinct.swiftsourceinfo -emit-objc-header-path /Users/admin/builder/spi-builder-workspace/.derivedData/Build/Intermediates.noindex/Succinct.build/Debug-appletvos/Succinct-t.build/Objects-normal/arm64/Succinct-Swift.h -serialize-diagnostics-path /Users/admin/builder/spi-builder-workspace/.derivedData/Build/Intermediates.noindex/Succinct.build/Debug-appletvos/Succinct-t.build/Objects-normal/arm64/Succinct-primary-emit-module.dia -emit-dependencies-path /Users/admin/builder/spi-builder-workspace/.derivedData/Build/Intermediates.noindex/Succinct.build/Debug-appletvos/Succinct-t.build/Objects-normal/arm64/Succinct-primary-emit-module.d -parse-as-library -o /Users/admin/builder/spi-builder-workspace/.derivedData/Build/Intermediates.noindex/Succinct.build/Debug-appletvos/Succinct-t.build/Objects-normal/arm64/Succinct.swiftmodule -emit-abi-descriptor-path /Users/admin/builder/spi-builder-workspace/.derivedData/Build/Intermediates.noindex/Succinct.build/Debug-appletvos/Succinct-t.build/Objects-normal/arm64/Succinct.abi.json
SwiftCompile normal arm64 Compiling\ UIViewController+UIDatePickerView.swift,\ UIViewController+UIImage.swift,\ UIViewController+UILabel.swift,\ UIViewController+UIPickerView.swift,\ UIViewController+UISegmentedControl.swift,\ UIViewController+UISlider.swift /Users/admin/builder/spi-builder-workspace/Succinct/UIViewController/UIViewController+UIDatePickerView.swift /Users/admin/builder/spi-builder-workspace/Succinct/UIViewController/UIViewController+UIImage.swift /Users/admin/builder/spi-builder-workspace/Succinct/UIViewController/UIViewController+UILabel.swift /Users/admin/builder/spi-builder-workspace/Succinct/UIViewController/UIViewController+UIPickerView.swift /Users/admin/builder/spi-builder-workspace/Succinct/UIViewController/UIViewController+UISegmentedControl.swift /Users/admin/builder/spi-builder-workspace/Succinct/UIViewController/UIViewController+UISlider.swift (in target 'Succinct' from project 'Succinct')
SwiftCompile normal arm64 /Users/admin/builder/spi-builder-workspace/Succinct/UIViewController/UIViewController+UIDatePickerView.swift (in target 'Succinct' from project 'Succinct')
    cd /Users/admin/builder/spi-builder-workspace/.swiftpm/xcode
    builtin-SwiftPerFileCompile UIViewController+UIDatePickerView.swift
SwiftCompile normal arm64 /Users/admin/builder/spi-builder-workspace/Succinct/UIViewController/UIViewController+UIImage.swift (in target 'Succinct' from project 'Succinct')
    cd /Users/admin/builder/spi-builder-workspace/.swiftpm/xcode
    builtin-SwiftPerFileCompile UIViewController+UIImage.swift
SwiftCompile normal arm64 /Users/admin/builder/spi-builder-workspace/Succinct/UIViewController/UIViewController+UILabel.swift (in target 'Succinct' from project 'Succinct')
    cd /Users/admin/builder/spi-builder-workspace/.swiftpm/xcode
    builtin-SwiftPerFileCompile UIViewController+UILabel.swift
SwiftCompile normal arm64 /Users/admin/builder/spi-builder-workspace/Succinct/UIViewController/UIViewController+UIPickerView.swift (in target 'Succinct' from project 'Succinct')
    cd /Users/admin/builder/spi-builder-workspace/.swiftpm/xcode
    builtin-SwiftPerFileCompile UIViewController+UIPickerView.swift
SwiftCompile normal arm64 /Users/admin/builder/spi-builder-workspace/Succinct/UIViewController/UIViewController+UISegmentedControl.swift (in target 'Succinct' from project 'Succinct')
    cd /Users/admin/builder/spi-builder-workspace/.swiftpm/xcode
    builtin-SwiftPerFileCompile UIViewController+UISegmentedControl.swift
SwiftCompile normal arm64 /Users/admin/builder/spi-builder-workspace/Succinct/UIViewController/UIViewController+UISlider.swift (in target 'Succinct' from project 'Succinct')
    cd /Users/admin/builder/spi-builder-workspace/.swiftpm/xcode
    builtin-SwiftPerFileCompile UIViewController+UISlider.swift
/Users/admin/builder/spi-builder-workspace/Succinct/UIViewController/UIViewController+UIDatePickerView.swift:23:47: error: 'UIDatePicker' is unavailable in tvOS
21 |     /// - Returns: An optional UIDatePicker, if one is found.
22 |     ///
23 |     @objc public func findDatePickerView() -> UIDatePicker? {
   |                                               `- error: 'UIDatePicker' is unavailable in tvOS
24 |         return view.findDatePickerView()
25 |     }
/Applications/Xcode-27.0.0-Release.Candidate.app/Contents/Developer/Platforms/AppleTVOS.platform/Developer/SDKs/AppleTVOS27.0.sdk/System/Library/Frameworks/UIKit.framework/Headers/UIDatePicker.h:40:12: note: 'UIDatePicker' has been explicitly marked unavailable here
38 |
39 | UIKIT_EXTERN API_AVAILABLE(ios(2.0)) API_UNAVAILABLE(tvos, watchos) NS_SWIFT_UI_ACTOR
40 | @interface UIDatePicker : UIControl <NSCoding>
   |            `- note: 'UIDatePicker' has been explicitly marked unavailable here
41 | @property (nonatomic) UIDatePickerMode datePickerMode; // default is UIDatePickerModeDateAndTime
42 |
/Users/admin/builder/spi-builder-workspace/Succinct/UIViewController/UIViewController+UIPickerView.swift:25:43: error: 'UIPickerView' is unavailable in tvOS
 23 |     /// - Returns: An optional UIPickerView, if one is found.
 24 |     ///
 25 |     @objc public func findPickerView() -> UIPickerView? {
    |                                           `- error: 'UIPickerView' is unavailable in tvOS
 26 |         return view.findPickerView()
 27 |     }
/Applications/Xcode-27.0.0-Release.Candidate.app/Contents/Developer/Platforms/AppleTVOS.platform/Developer/SDKs/AppleTVOS27.0.sdk/System/Library/Frameworks/UIKit.framework/Headers/UIPickerView.h:19:12: note: 'UIPickerView' has been explicitly marked unavailable here
17 |
18 | UIKIT_EXTERN API_AVAILABLE(ios(2.0)) API_UNAVAILABLE(tvos, watchos) NS_SWIFT_UI_ACTOR
19 | @interface UIPickerView : UIView <NSCoding>
   |            `- note: 'UIPickerView' has been explicitly marked unavailable here
20 |
21 | @property(nullable,nonatomic,weak) id<UIPickerViewDataSource> dataSource;                // default is nil. weak reference
/Users/admin/builder/spi-builder-workspace/Succinct/UIViewController/UIViewController+UIPickerView.swift:76:57: error: 'UIPickerView' is unavailable in tvOS
 74 |         return view
 75 |             .findPickerViews()
 76 |             .reduce(false, { (result: Bool, pickerView: UIPickerView) -> Bool in
    |                                                         `- error: 'UIPickerView' is unavailable in tvOS
 77 |                 return result || pickerView.hasRow(withExactText: searchText)
 78 |             })
/Applications/Xcode-27.0.0-Release.Candidate.app/Contents/Developer/Platforms/AppleTVOS.platform/Developer/SDKs/AppleTVOS27.0.sdk/System/Library/Frameworks/UIKit.framework/Headers/UIPickerView.h:19:12: note: 'UIPickerView' has been explicitly marked unavailable here
17 |
18 | UIKIT_EXTERN API_AVAILABLE(ios(2.0)) API_UNAVAILABLE(tvos, watchos) NS_SWIFT_UI_ACTOR
19 | @interface UIPickerView : UIView <NSCoding>
   |            `- note: 'UIPickerView' has been explicitly marked unavailable here
20 |
21 | @property(nullable,nonatomic,weak) id<UIPickerViewDataSource> dataSource;                // default is nil. weak reference
SwiftCompile normal arm64 Compiling\ UIView+hasViewWithBackgroundColor.swift,\ UIViewController+Debugging.swift,\ UIViewController+MKMapView.swift,\ UIViewController+Testing.swift,\ UIViewController+UIBarButtonItem.swift,\ UIViewController+UIButton.swift /Users/admin/builder/spi-builder-workspace/Succinct/UIView/UIView/UIView+hasViewWithBackgroundColor.swift /Users/admin/builder/spi-builder-workspace/Succinct/UIViewController/UIViewController+Debugging.swift /Users/admin/builder/spi-builder-workspace/Succinct/UIViewController/UIViewController+MKMapView.swift /Users/admin/builder/spi-builder-workspace/Succinct/UIViewController/UIViewController+Testing.swift /Users/admin/builder/spi-builder-workspace/Succinct/UIViewController/UIViewController+UIBarButtonItem.swift /Users/admin/builder/spi-builder-workspace/Succinct/UIViewController/UIViewController+UIButton.swift (in target 'Succinct' from project 'Succinct')
SwiftCompile normal arm64 /Users/admin/builder/spi-builder-workspace/Succinct/UIView/UIView/UIView+hasViewWithBackgroundColor.swift (in target 'Succinct' from project 'Succinct')
    cd /Users/admin/builder/spi-builder-workspace/.swiftpm/xcode
    builtin-SwiftPerFileCompile UIView+hasViewWithBackgroundColor.swift
SwiftCompile normal arm64 /Users/admin/builder/spi-builder-workspace/Succinct/UIViewController/UIViewController+Debugging.swift (in target 'Succinct' from project 'Succinct')
    cd /Users/admin/builder/spi-builder-workspace/.swiftpm/xcode
    builtin-SwiftPerFileCompile UIViewController+Debugging.swift
SwiftCompile normal arm64 /Users/admin/builder/spi-builder-workspace/Succinct/UIViewController/UIViewController+MKMapView.swift (in target 'Succinct' from project 'Succinct')
    cd /Users/admin/builder/spi-builder-workspace/.swiftpm/xcode
    builtin-SwiftPerFileCompile UIViewController+MKMapView.swift
SwiftCompile normal arm64 /Users/admin/builder/spi-builder-workspace/Succinct/UIViewController/UIViewController+Testing.swift (in target 'Succinct' from project 'Succinct')
    cd /Users/admin/builder/spi-builder-workspace/.swiftpm/xcode
    builtin-SwiftPerFileCompile UIViewController+Testing.swift
SwiftCompile normal arm64 /Users/admin/builder/spi-builder-workspace/Succinct/UIViewController/UIViewController+UIBarButtonItem.swift (in target 'Succinct' from project 'Succinct')
    cd /Users/admin/builder/spi-builder-workspace/.swiftpm/xcode
    builtin-SwiftPerFileCompile UIViewController+UIBarButtonItem.swift
SwiftCompile normal arm64 /Users/admin/builder/spi-builder-workspace/Succinct/UIViewController/UIViewController+UIButton.swift (in target 'Succinct' from project 'Succinct')
    cd /Users/admin/builder/spi-builder-workspace/.swiftpm/xcode
    builtin-SwiftPerFileCompile UIViewController+UIButton.swift
SwiftCompile normal arm64 Compiling\ UIViewController+UIStepper.swift,\ UIViewController+UISwitch.swift,\ UIViewController+UITableView.swift,\ UIViewController+UITextField.swift,\ UIViewController+UITextView.swift,\ UIViewController+UIView.swift /Users/admin/builder/spi-builder-workspace/Succinct/UIViewController/UIViewController+UIStepper.swift /Users/admin/builder/spi-builder-workspace/Succinct/UIViewController/UIViewController+UISwitch.swift /Users/admin/builder/spi-builder-workspace/Succinct/UIViewController/UIViewController+UITableView.swift /Users/admin/builder/spi-builder-workspace/Succinct/UIViewController/UIViewController+UITextField.swift /Users/admin/builder/spi-builder-workspace/Succinct/UIViewController/UIViewController+UITextView.swift /Users/admin/builder/spi-builder-workspace/Succinct/UIViewController/UIViewController+UIView.swift (in target 'Succinct' from project 'Succinct')
/Users/admin/builder/spi-builder-workspace/Succinct/UIViewController/UIViewController+UISwitch.swift:23:68: error: 'UISwitch' is unavailable in tvOS
21 |     /// - Returns: An optional UISwitch, if one is found.
22 |     ///
23 |     public func findSwitch<T>(containedInView viewType: T.Type) -> UISwitch? where T: UIView {
   |                                                                    `- error: 'UISwitch' is unavailable in tvOS
24 |         return view.findSwitch(containedInView: viewType)
25 |     }
/Applications/Xcode-27.0.0-Release.Candidate.app/Contents/Developer/Platforms/AppleTVOS.platform/Developer/SDKs/AppleTVOS27.0.sdk/System/Library/Frameworks/UIKit.framework/Headers/UISwitch.h:23:12: note: 'UISwitch' has been explicitly marked unavailable here
21 |
22 | UIKIT_EXTERN API_AVAILABLE(ios(2.0)) API_UNAVAILABLE(tvos, watchos) NS_SWIFT_UI_ACTOR
23 | @interface UISwitch : UIControl <NSCoding>
   |            `- note: 'UISwitch' has been explicitly marked unavailable here
24 |
25 | @property(nullable, nonatomic, strong) UIColor *onTintColor API_AVAILABLE(ios(5.0)) UI_APPEARANCE_SELECTOR;
SwiftCompile normal arm64 /Users/admin/builder/spi-builder-workspace/Succinct/UIViewController/UIViewController+UIStepper.swift (in target 'Succinct' from project 'Succinct')
    cd /Users/admin/builder/spi-builder-workspace/.swiftpm/xcode
    builtin-SwiftPerFileCompile UIViewController+UIStepper.swift
SwiftCompile normal arm64 /Users/admin/builder/spi-builder-workspace/Succinct/UIViewController/UIViewController+UISwitch.swift (in target 'Succinct' from project 'Succinct')
    cd /Users/admin/builder/spi-builder-workspace/.swiftpm/xcode
    builtin-SwiftPerFileCompile UIViewController+UISwitch.swift
SwiftCompile normal arm64 /Users/admin/builder/spi-builder-workspace/Succinct/UIViewController/UIViewController+UITableView.swift (in target 'Succinct' from project 'Succinct')
    cd /Users/admin/builder/spi-builder-workspace/.swiftpm/xcode
    builtin-SwiftPerFileCompile UIViewController+UITableView.swift
SwiftCompile normal arm64 /Users/admin/builder/spi-builder-workspace/Succinct/UIViewController/UIViewController+UITextField.swift (in target 'Succinct' from project 'Succinct')
    cd /Users/admin/builder/spi-builder-workspace/.swiftpm/xcode
    builtin-SwiftPerFileCompile UIViewController+UITextField.swift
SwiftCompile normal arm64 /Users/admin/builder/spi-builder-workspace/Succinct/UIViewController/UIViewController+UITextView.swift (in target 'Succinct' from project 'Succinct')
    cd /Users/admin/builder/spi-builder-workspace/.swiftpm/xcode
    builtin-SwiftPerFileCompile UIViewController+UITextView.swift
SwiftCompile normal arm64 /Users/admin/builder/spi-builder-workspace/Succinct/UIViewController/UIViewController+UIView.swift (in target 'Succinct' from project 'Succinct')
    cd /Users/admin/builder/spi-builder-workspace/.swiftpm/xcode
    builtin-SwiftPerFileCompile UIViewController+UIView.swift
SwiftCompile normal arm64 Compiling\ UIView+UISlider.swift,\ UIView+UIStepper.swift,\ UIView+UISwitch.swift,\ UIView+UITextField.swift,\ UIView+UITextView.swift,\ UIView+countOfViewsWithBackgroundColor.swift,\ UIView+findInSubviews.swift /Users/admin/builder/spi-builder-workspace/Succinct/UIView/UIView+UISlider.swift /Users/admin/builder/spi-builder-workspace/Succinct/UIView/UIView+UIStepper.swift /Users/admin/builder/spi-builder-workspace/Succinct/UIView/UIView+UISwitch.swift /Users/admin/builder/spi-builder-workspace/Succinct/UIView/UIView+UITextField.swift /Users/admin/builder/spi-builder-workspace/Succinct/UIView/UIView+UITextView.swift /Users/admin/builder/spi-builder-workspace/Succinct/UIView/UIView/UIView+countOfViewsWithBackgroundColor.swift /Users/admin/builder/spi-builder-workspace/Succinct/UIView/UIView/UIView+findInSubviews.swift (in target 'Succinct' from project 'Succinct')
/Users/admin/builder/spi-builder-workspace/Succinct/UIView/UIView+UISlider.swift:21:69: error: 'UISlider' is unavailable in tvOS
19 |     /// - Returns: An optional UISlider, if one is found.
20 |     ///
21 |     @objc internal func findSlider(withValue searchValue: Float) -> UISlider? {
   |                                                                     `- error: 'UISlider' is unavailable in tvOS
22 |         for subview in subviews {
23 |             if let slider = subview as? UISlider {
/Applications/Xcode-27.0.0-Release.Candidate.app/Contents/Developer/Platforms/AppleTVOS.platform/Developer/SDKs/AppleTVOS27.0.sdk/System/Library/Frameworks/UIKit.framework/Headers/UISlider.h:26:12: note: 'UISlider' has been explicitly marked unavailable here
24 |
25 | UIKIT_EXTERN API_AVAILABLE(ios(2.0)) API_UNAVAILABLE(tvos, watchos) NS_SWIFT_UI_ACTOR
26 | @interface UISlider : UIControl <NSCoding>
   |            `- note: 'UISlider' has been explicitly marked unavailable here
27 |
28 | @property(nonatomic) float value;                                 // default 0.0. this value will be pinned to min/max
/Users/admin/builder/spi-builder-workspace/Succinct/UIView/UIView+UISlider.swift:23:41: error: 'UISlider' is unavailable in tvOS
21 |     @objc internal func findSlider(withValue searchValue: Float) -> UISlider? {
22 |         for subview in subviews {
23 |             if let slider = subview as? UISlider {
   |                                         `- error: 'UISlider' is unavailable in tvOS
24 |                 if slider.value == searchValue {
25 |                     return slider
/Applications/Xcode-27.0.0-Release.Candidate.app/Contents/Developer/Platforms/AppleTVOS.platform/Developer/SDKs/AppleTVOS27.0.sdk/System/Library/Frameworks/UIKit.framework/Headers/UISlider.h:26:12: note: 'UISlider' has been explicitly marked unavailable here
24 |
25 | UIKIT_EXTERN API_AVAILABLE(ios(2.0)) API_UNAVAILABLE(tvos, watchos) NS_SWIFT_UI_ACTOR
26 | @interface UISlider : UIControl <NSCoding>
   |            `- note: 'UISlider' has been explicitly marked unavailable here
27 |
28 | @property(nonatomic) float value;                                 // default 0.0. this value will be pinned to min/max
/Users/admin/builder/spi-builder-workspace/Succinct/UIView/UIView+UISlider.swift:46:36: error: 'UISlider' is unavailable in tvOS
44 |
45 |         for subview in subviews {
46 |             if let _ = subview as? UISlider {
   |                                    `- error: 'UISlider' is unavailable in tvOS
47 |                 sliderCount += 1
48 |             }
/Applications/Xcode-27.0.0-Release.Candidate.app/Contents/Developer/Platforms/AppleTVOS.platform/Developer/SDKs/AppleTVOS27.0.sdk/System/Library/Frameworks/UIKit.framework/Headers/UISlider.h:26:12: note: 'UISlider' has been explicitly marked unavailable here
24 |
25 | UIKIT_EXTERN API_AVAILABLE(ios(2.0)) API_UNAVAILABLE(tvos, watchos) NS_SWIFT_UI_ACTOR
26 | @interface UISlider : UIControl <NSCoding>
   |            `- note: 'UISlider' has been explicitly marked unavailable here
27 |
28 | @property(nonatomic) float value;                                 // default 0.0. this value will be pinned to min/max
/Users/admin/builder/spi-builder-workspace/Succinct/UIView/UIView+UIStepper.swift:20:58: error: 'UIStepper' is unavailable in tvOS
18 |     }
19 |
20 |     @objc internal func findStepper(withTag tag: Int) -> UIStepper? {
   |                                                          `- error: 'UIStepper' is unavailable in tvOS
21 |         for subview in subviews {
22 |             if let stepper = subview as? UIStepper, stepper.tag == tag {
/Applications/Xcode-27.0.0-Release.Candidate.app/Contents/Developer/Platforms/AppleTVOS.platform/Developer/SDKs/AppleTVOS27.0.sdk/System/Library/Frameworks/UIKit.framework/Headers/UIStepper.h:18:12: note: 'UIStepper' has been explicitly marked unavailable here
16 |
17 | UIKIT_EXTERN API_AVAILABLE(ios(5.0)) API_UNAVAILABLE(tvos, watchos) NS_SWIFT_UI_ACTOR
18 | @interface UIStepper : UIControl
   |            `- note: 'UIStepper' has been explicitly marked unavailable here
19 |
20 | @property(nonatomic,getter=isContinuous) BOOL continuous; // if YES, value change events are sent any time the value changes during interaction. default = YES
/Users/admin/builder/spi-builder-workspace/Succinct/UIView/UIView+UIStepper.swift:7:36: error: 'UIStepper' is unavailable in tvOS
 5 |         var thisLoopCount = currentCount
 6 |         for subview in subviews {
 7 |             if let _ = subview as? UIStepper {
   |                                    `- error: 'UIStepper' is unavailable in tvOS
 8 |                 thisLoopCount = thisLoopCount + 1
 9 |             }
/Applications/Xcode-27.0.0-Release.Candidate.app/Contents/Developer/Platforms/AppleTVOS.platform/Developer/SDKs/AppleTVOS27.0.sdk/System/Library/Frameworks/UIKit.framework/Headers/UIStepper.h:18:12: note: 'UIStepper' has been explicitly marked unavailable here
16 |
17 | UIKIT_EXTERN API_AVAILABLE(ios(5.0)) API_UNAVAILABLE(tvos, watchos) NS_SWIFT_UI_ACTOR
18 | @interface UIStepper : UIControl
   |            `- note: 'UIStepper' has been explicitly marked unavailable here
19 |
20 | @property(nonatomic,getter=isContinuous) BOOL continuous; // if YES, value change events are sent any time the value changes during interaction. default = YES
/Users/admin/builder/spi-builder-workspace/Succinct/UIView/UIView+UIStepper.swift:22:42: error: 'UIStepper' is unavailable in tvOS
20 |     @objc internal func findStepper(withTag tag: Int) -> UIStepper? {
21 |         for subview in subviews {
22 |             if let stepper = subview as? UIStepper, stepper.tag == tag {
   |                                          `- error: 'UIStepper' is unavailable in tvOS
23 |                 return stepper
24 |             }
/Applications/Xcode-27.0.0-Release.Candidate.app/Contents/Developer/Platforms/AppleTVOS.platform/Developer/SDKs/AppleTVOS27.0.sdk/System/Library/Frameworks/UIKit.framework/Headers/UIStepper.h:18:12: note: 'UIStepper' has been explicitly marked unavailable here
16 |
17 | UIKIT_EXTERN API_AVAILABLE(ios(5.0)) API_UNAVAILABLE(tvos, watchos) NS_SWIFT_UI_ACTOR
18 | @interface UIStepper : UIControl
   |            `- note: 'UIStepper' has been explicitly marked unavailable here
19 |
20 | @property(nonatomic,getter=isContinuous) BOOL continuous; // if YES, value change events are sent any time the value changes during interaction. default = YES
/Users/admin/builder/spi-builder-workspace/Succinct/UIView/UIView+UISwitch.swift:33:70: error: 'UISwitch' is unavailable in tvOS
31 |     /// - Returns: An optional UISwitch, if one is found.
32 |     ///
33 |     internal func findSwitch<T>(containedInView viewType: T.Type) -> UISwitch? where T: UIView {
   |                                                                      `- error: 'UISwitch' is unavailable in tvOS
34 |         for subview in subviews {
35 |             if subview.isKind(of: viewType) {
/Applications/Xcode-27.0.0-Release.Candidate.app/Contents/Developer/Platforms/AppleTVOS.platform/Developer/SDKs/AppleTVOS27.0.sdk/System/Library/Frameworks/UIKit.framework/Headers/UISwitch.h:23:12: note: 'UISwitch' has been explicitly marked unavailable here
21 |
22 | UIKIT_EXTERN API_AVAILABLE(ios(2.0)) API_UNAVAILABLE(tvos, watchos) NS_SWIFT_UI_ACTOR
23 | @interface UISwitch : UIControl <NSCoding>
   |            `- note: 'UISwitch' has been explicitly marked unavailable here
24 |
25 | @property(nullable, nonatomic, strong) UIColor *onTintColor API_AVAILABLE(ios(5.0)) UI_APPEARANCE_SELECTOR;
/Users/admin/builder/spi-builder-workspace/Succinct/UIView/UIView+UISwitch.swift:59:93: error: 'UISwitch' is unavailable in tvOS
57 |     /// - Returns: An optional UISwitch, if one is found.
58 |     ///
59 |     @objc internal func findSwitch(colocatedWithUILabelWithExactText searchText: String) -> UISwitch? {
   |                                                                                             `- error: 'UISwitch' is unavailable in tvOS
60 |         var matchingLabelWasFoundAtThisLevel = false
61 |
/Applications/Xcode-27.0.0-Release.Candidate.app/Contents/Developer/Platforms/AppleTVOS.platform/Developer/SDKs/AppleTVOS27.0.sdk/System/Library/Frameworks/UIKit.framework/Headers/UISwitch.h:23:12: note: 'UISwitch' has been explicitly marked unavailable here
21 |
22 | UIKIT_EXTERN API_AVAILABLE(ios(2.0)) API_UNAVAILABLE(tvos, watchos) NS_SWIFT_UI_ACTOR
23 | @interface UISwitch : UIControl <NSCoding>
   |            `- note: 'UISwitch' has been explicitly marked unavailable here
24 |
25 | @property(nullable, nonatomic, strong) UIColor *onTintColor API_AVAILABLE(ios(5.0)) UI_APPEARANCE_SELECTOR;
/Users/admin/builder/spi-builder-workspace/Succinct/UIView/UIView+UISwitch.swift:14:43: error: 'UISwitch' is unavailable in tvOS
12 |
13 |         for subview in subviews {
14 |             if let uiSwitch = subview as? UISwitch,
   |                                           `- error: 'UISwitch' is unavailable in tvOS
15 |                 uiSwitch.isOn == switchIsOn {
16 |                 switchesCounted += 1
/Applications/Xcode-27.0.0-Release.Candidate.app/Contents/Developer/Platforms/AppleTVOS.platform/Developer/SDKs/AppleTVOS27.0.sdk/System/Library/Frameworks/UIKit.framework/Headers/UISwitch.h:23:12: note: 'UISwitch' has been explicitly marked unavailable here
21 |
22 | UIKIT_EXTERN API_AVAILABLE(ios(2.0)) API_UNAVAILABLE(tvos, watchos) NS_SWIFT_UI_ACTOR
23 | @interface UISwitch : UIControl <NSCoding>
   |            `- note: 'UISwitch' has been explicitly marked unavailable here
24 |
25 | @property(nullable, nonatomic, strong) UIColor *onTintColor API_AVAILABLE(ios(5.0)) UI_APPEARANCE_SELECTOR;
/Users/admin/builder/spi-builder-workspace/Succinct/UIView/UIView+UISwitch.swift:37:54: error: 'UISwitch' is unavailable in tvOS
35 |             if subview.isKind(of: viewType) {
36 |                 for subSubView in subview.subviews {
37 |                     if let uiSwitch = subSubView as? UISwitch {
   |                                                      `- error: 'UISwitch' is unavailable in tvOS
38 |                         return uiSwitch
39 |                     }
/Applications/Xcode-27.0.0-Release.Candidate.app/Contents/Developer/Platforms/AppleTVOS.platform/Developer/SDKs/AppleTVOS27.0.sdk/System/Library/Frameworks/UIKit.framework/Headers/UISwitch.h:23:12: note: 'UISwitch' has been explicitly marked unavailable here
21 |
22 | UIKIT_EXTERN API_AVAILABLE(ios(2.0)) API_UNAVAILABLE(tvos, watchos) NS_SWIFT_UI_ACTOR
23 | @interface UISwitch : UIControl <NSCoding>
   |            `- note: 'UISwitch' has been explicitly marked unavailable here
24 |
25 | @property(nullable, nonatomic, strong) UIColor *onTintColor API_AVAILABLE(ios(5.0)) UI_APPEARANCE_SELECTOR;
SwiftCompile normal arm64 /Users/admin/builder/spi-builder-workspace/Succinct/UIView/UIView+UISlider.swift (in target 'Succinct' from project 'Succinct')
    cd /Users/admin/builder/spi-builder-workspace/.swiftpm/xcode
    builtin-SwiftPerFileCompile UIView+UISlider.swift
SwiftCompile normal arm64 /Users/admin/builder/spi-builder-workspace/Succinct/UIView/UIView+UIStepper.swift (in target 'Succinct' from project 'Succinct')
    cd /Users/admin/builder/spi-builder-workspace/.swiftpm/xcode
    builtin-SwiftPerFileCompile UIView+UIStepper.swift
SwiftCompile normal arm64 /Users/admin/builder/spi-builder-workspace/Succinct/UIView/UIView+UISwitch.swift (in target 'Succinct' from project 'Succinct')
    cd /Users/admin/builder/spi-builder-workspace/.swiftpm/xcode
    builtin-SwiftPerFileCompile UIView+UISwitch.swift
SwiftCompile normal arm64 /Users/admin/builder/spi-builder-workspace/Succinct/UIView/UIView+UITextField.swift (in target 'Succinct' from project 'Succinct')
    cd /Users/admin/builder/spi-builder-workspace/.swiftpm/xcode
    builtin-SwiftPerFileCompile UIView+UITextField.swift
SwiftCompile normal arm64 /Users/admin/builder/spi-builder-workspace/Succinct/UIView/UIView+UITextView.swift (in target 'Succinct' from project 'Succinct')
    cd /Users/admin/builder/spi-builder-workspace/.swiftpm/xcode
    builtin-SwiftPerFileCompile UIView+UITextView.swift
SwiftCompile normal arm64 /Users/admin/builder/spi-builder-workspace/Succinct/UIView/UIView/UIView+countOfViewsWithBackgroundColor.swift (in target 'Succinct' from project 'Succinct')
    cd /Users/admin/builder/spi-builder-workspace/.swiftpm/xcode
    builtin-SwiftPerFileCompile UIView+countOfViewsWithBackgroundColor.swift
SwiftCompile normal arm64 /Users/admin/builder/spi-builder-workspace/Succinct/UIView/UIView/UIView+findInSubviews.swift (in target 'Succinct' from project 'Succinct')
    cd /Users/admin/builder/spi-builder-workspace/.swiftpm/xcode
    builtin-SwiftPerFileCompile UIView+findInSubviews.swift
SwiftCompile normal arm64 Compiling\ UICollectionView+Evaluations.swift,\ UIControl+Readability.swift,\ UINavigationController+UILabel.swift,\ UINavigationItem+UIBarButtonItem.swift,\ UIPickerView+SelectComponent.swift,\ UISegmentedControl+UISegmentLabel.swift,\ UISlider+SetValue.swift /Users/admin/builder/spi-builder-workspace/Succinct/UICollectionView/UICollectionView+Evaluations.swift /Users/admin/builder/spi-builder-workspace/Succinct/UIControl/UIControl+Readability.swift /Users/admin/builder/spi-builder-workspace/Succinct/UINavigationController/UINavigationController+UILabel.swift /Users/admin/builder/spi-builder-workspace/Succinct/UINavigationItem/UINavigationItem+UIBarButtonItem.swift /Users/admin/builder/spi-builder-workspace/Succinct/UIPickerView/UIPickerView+SelectComponent.swift /Users/admin/builder/spi-builder-workspace/Succinct/UISegmentedControl/UISegmentedControl+UISegmentLabel.swift /Users/admin/builder/spi-builder-workspace/Succinct/UISlider/UISlider+SetValue.swift (in target 'Succinct' from project 'Succinct')
/Users/admin/builder/spi-builder-workspace/Succinct/UIPickerView/UIPickerView+SelectComponent.swift:3:11: error: 'UIPickerView' is unavailable in tvOS
 1 | import UIKit
 2 |
 3 | extension UIPickerView {
   |           `- error: 'UIPickerView' is unavailable in tvOS
 4 |     ///
 5 |     /// Loops through all components (columns) of a UIPickerView and searches the title text for each row of the current column for the specified search text. If a row title matching the search text is found, then that row will be selected.
/Applications/Xcode-27.0.0-Release.Candidate.app/Contents/Developer/Platforms/AppleTVOS.platform/Developer/SDKs/AppleTVOS27.0.sdk/System/Library/Frameworks/UIKit.framework/Headers/UIPickerView.h:19:12: note: 'UIPickerView' has been explicitly marked unavailable here
17 |
18 | UIKIT_EXTERN API_AVAILABLE(ios(2.0)) API_UNAVAILABLE(tvos, watchos) NS_SWIFT_UI_ACTOR
19 | @interface UIPickerView : UIView <NSCoding>
   |            `- note: 'UIPickerView' has been explicitly marked unavailable here
20 |
21 | @property(nullable,nonatomic,weak) id<UIPickerViewDataSource> dataSource;                // default is nil. weak reference
/Users/admin/builder/spi-builder-workspace/Succinct/UIPickerView/UIPickerView+SelectComponent.swift:33:38: error: 'pickerView(_:titleForRow:forComponent:)' is unavailable in tvOS
31 |
32 |         for rowIndex in 0..<numberOfRowsForColumn {
33 |             let rowTitle = delegate?.pickerView?(self, titleForRow: rowIndex, forComponent: columnIndex)
   |                                      `- error: 'pickerView(_:titleForRow:forComponent:)' is unavailable in tvOS
34 |
35 |             if rowTitle == searchText {
/Applications/Xcode-27.0.0-Release.Candidate.app/Contents/Developer/Platforms/AppleTVOS.platform/Developer/SDKs/AppleTVOS27.0.sdk/System/Library/Frameworks/UIKit.framework/Headers/UIPickerView.h:69:1: note: 'pickerView(_:titleForRow:forComponent:)' has been explicitly marked unavailable here
67 | // for the view versions, we cache any hidden and thus unused views and pass them back for reuse.
68 | // If you return back a different object, the old one will be released. the view will be centered in the row rect
69 | - (nullable NSString *)pickerView:(UIPickerView *)pickerView titleForRow:(NSInteger)row forComponent:(NSInteger)component API_UNAVAILABLE(tvos);
   | `- note: 'pickerView(_:titleForRow:forComponent:)' has been explicitly marked unavailable here
70 | - (nullable NSAttributedString *)pickerView:(UIPickerView *)pickerView attributedTitleForRow:(NSInteger)row forComponent:(NSInteger)component API_AVAILABLE(ios(6.0)) API_UNAVAILABLE(tvos); // attributed title is favored if both methods are implemented
71 | - (UIView *)pickerView:(UIPickerView *)pickerView viewForRow:(NSInteger)row forComponent:(NSInteger)component reusingView:(nullable UIView *)view API_UNAVAILABLE(tvos);
/Users/admin/builder/spi-builder-workspace/Succinct/UIPickerView/UIPickerView+SelectComponent.swift:36:27: error: 'pickerView(_:didSelectRow:inComponent:)' is unavailable in tvOS
34 |
35 |             if rowTitle == searchText {
36 |                 delegate?.pickerView?(self, didSelectRow: rowIndex, inComponent: columnIndex)
   |                           `- error: 'pickerView(_:didSelectRow:inComponent:)' is unavailable in tvOS
37 |                 return
38 |             }
/Applications/Xcode-27.0.0-Release.Candidate.app/Contents/Developer/Platforms/AppleTVOS.platform/Developer/SDKs/AppleTVOS27.0.sdk/System/Library/Frameworks/UIKit.framework/Headers/UIPickerView.h:73:1: note: 'pickerView(_:didSelectRow:inComponent:)' has been explicitly marked unavailable here
71 | - (UIView *)pickerView:(UIPickerView *)pickerView viewForRow:(NSInteger)row forComponent:(NSInteger)component reusingView:(nullable UIView *)view API_UNAVAILABLE(tvos);
72 |
73 | - (void)pickerView:(UIPickerView *)pickerView didSelectRow:(NSInteger)row inComponent:(NSInteger)component API_UNAVAILABLE(tvos);
   | `- note: 'pickerView(_:didSelectRow:inComponent:)' has been explicitly marked unavailable here
74 |
75 | @end
/Users/admin/builder/spi-builder-workspace/Succinct/UIPickerView/UIPickerView+SelectComponent.swift:56:42: error: 'pickerView(_:titleForRow:forComponent:)' is unavailable in tvOS
54 |
55 |             for rowIndex in 0..<numberOfRowsForColumn {
56 |                 let rowTitle = delegate?.pickerView?(self, titleForRow: rowIndex, forComponent: columnIndex)
   |                                          `- error: 'pickerView(_:titleForRow:forComponent:)' is unavailable in tvOS
57 |
58 |                 if rowTitle == searchText {
/Applications/Xcode-27.0.0-Release.Candidate.app/Contents/Developer/Platforms/AppleTVOS.platform/Developer/SDKs/AppleTVOS27.0.sdk/System/Library/Frameworks/UIKit.framework/Headers/UIPickerView.h:69:1: note: 'pickerView(_:titleForRow:forComponent:)' has been explicitly marked unavailable here
67 | // for the view versions, we cache any hidden and thus unused views and pass them back for reuse.
68 | // If you return back a different object, the old one will be released. the view will be centered in the row rect
69 | - (nullable NSString *)pickerView:(UIPickerView *)pickerView titleForRow:(NSInteger)row forComponent:(NSInteger)component API_UNAVAILABLE(tvos);
   | `- note: 'pickerView(_:titleForRow:forComponent:)' has been explicitly marked unavailable here
70 | - (nullable NSAttributedString *)pickerView:(UIPickerView *)pickerView attributedTitleForRow:(NSInteger)row forComponent:(NSInteger)component API_AVAILABLE(ios(6.0)) API_UNAVAILABLE(tvos); // attributed title is favored if both methods are implemented
71 | - (UIView *)pickerView:(UIPickerView *)pickerView viewForRow:(NSInteger)row forComponent:(NSInteger)component reusingView:(nullable UIView *)view API_UNAVAILABLE(tvos);
/Users/admin/builder/spi-builder-workspace/Succinct/UIPickerView/UIPickerView+SelectComponent.swift:82:46: error: 'pickerView(_:titleForRow:forComponent:)' is unavailable in tvOS
80 |             let selectedRowForColumn = selectedRow(inComponent: columnIndex)
81 |
82 |             let selectedRowTitle = delegate?.pickerView?(
   |                                              `- error: 'pickerView(_:titleForRow:forComponent:)' is unavailable in tvOS
83 |                 self,
84 |                 titleForRow: selectedRowForColumn,
/Applications/Xcode-27.0.0-Release.Candidate.app/Contents/Developer/Platforms/AppleTVOS.platform/Developer/SDKs/AppleTVOS27.0.sdk/System/Library/Frameworks/UIKit.framework/Headers/UIPickerView.h:69:1: note: 'pickerView(_:titleForRow:forComponent:)' has been explicitly marked unavailable here
67 | // for the view versions, we cache any hidden and thus unused views and pass them back for reuse.
68 | // If you return back a different object, the old one will be released. the view will be centered in the row rect
69 | - (nullable NSString *)pickerView:(UIPickerView *)pickerView titleForRow:(NSInteger)row forComponent:(NSInteger)component API_UNAVAILABLE(tvos);
   | `- note: 'pickerView(_:titleForRow:forComponent:)' has been explicitly marked unavailable here
70 | - (nullable NSAttributedString *)pickerView:(UIPickerView *)pickerView attributedTitleForRow:(NSInteger)row forComponent:(NSInteger)component API_AVAILABLE(ios(6.0)) API_UNAVAILABLE(tvos); // attributed title is favored if both methods are implemented
71 | - (UIView *)pickerView:(UIPickerView *)pickerView viewForRow:(NSInteger)row forComponent:(NSInteger)component reusingView:(nullable UIView *)view API_UNAVAILABLE(tvos);
SwiftCompile normal arm64 /Users/admin/builder/spi-builder-workspace/Succinct/UICollectionView/UICollectionView+Evaluations.swift (in target 'Succinct' from project 'Succinct')
    cd /Users/admin/builder/spi-builder-workspace/.swiftpm/xcode
    builtin-SwiftPerFileCompile UICollectionView+Evaluations.swift
SwiftCompile normal arm64 /Users/admin/builder/spi-builder-workspace/Succinct/UIControl/UIControl+Readability.swift (in target 'Succinct' from project 'Succinct')
    cd /Users/admin/builder/spi-builder-workspace/.swiftpm/xcode
    builtin-SwiftPerFileCompile UIControl+Readability.swift
SwiftCompile normal arm64 /Users/admin/builder/spi-builder-workspace/Succinct/UINavigationController/UINavigationController+UILabel.swift (in target 'Succinct' from project 'Succinct')
    cd /Users/admin/builder/spi-builder-workspace/.swiftpm/xcode
    builtin-SwiftPerFileCompile UINavigationController+UILabel.swift
SwiftCompile normal arm64 /Users/admin/builder/spi-builder-workspace/Succinct/UINavigationItem/UINavigationItem+UIBarButtonItem.swift (in target 'Succinct' from project 'Succinct')
    cd /Users/admin/builder/spi-builder-workspace/.swiftpm/xcode
    builtin-SwiftPerFileCompile UINavigationItem+UIBarButtonItem.swift
SwiftCompile normal arm64 /Users/admin/builder/spi-builder-workspace/Succinct/UIPickerView/UIPickerView+SelectComponent.swift (in target 'Succinct' from project 'Succinct')
    cd /Users/admin/builder/spi-builder-workspace/.swiftpm/xcode
    builtin-SwiftPerFileCompile UIPickerView+SelectComponent.swift
SwiftCompile normal arm64 /Users/admin/builder/spi-builder-workspace/Succinct/UISegmentedControl/UISegmentedControl+UISegmentLabel.swift (in target 'Succinct' from project 'Succinct')
    cd /Users/admin/builder/spi-builder-workspace/.swiftpm/xcode
    builtin-SwiftPerFileCompile UISegmentedControl+UISegmentLabel.swift
SwiftCompile normal arm64 /Users/admin/builder/spi-builder-workspace/Succinct/UISlider/UISlider+SetValue.swift (in target 'Succinct' from project 'Succinct')
    cd /Users/admin/builder/spi-builder-workspace/.swiftpm/xcode
    builtin-SwiftPerFileCompile UISlider+SetValue.swift
SwiftCompile normal arm64 Compiling\ SuccinctCondition.swift,\ Logger.swift,\ PrintOutputMethod.swift,\ Succinct.swift,\ SuccinctConfig.swift,\ EvaluationResult.swift,\ EvaluationResultType.swift /Users/admin/builder/spi-builder-workspace/Succinct/Condition/SuccinctCondition.swift /Users/admin/builder/spi-builder-workspace/Succinct/Configuration/Logger.swift /Users/admin/builder/spi-builder-workspace/Succinct/Configuration/PrintOutputMethod.swift /Users/admin/builder/spi-builder-workspace/Succinct/Configuration/Succinct.swift /Users/admin/builder/spi-builder-workspace/Succinct/Configuration/SuccinctConfig.swift /Users/admin/builder/spi-builder-workspace/Succinct/DebugLog/EvaluationResult.swift /Users/admin/builder/spi-builder-workspace/Succinct/DebugLog/EvaluationResultType.swift (in target 'Succinct' from project 'Succinct')
SwiftCompile normal arm64 /Users/admin/builder/spi-builder-workspace/Succinct/Condition/SuccinctCondition.swift (in target 'Succinct' from project 'Succinct')
    cd /Users/admin/builder/spi-builder-workspace/.swiftpm/xcode
    builtin-SwiftPerFileCompile SuccinctCondition.swift
SwiftCompile normal arm64 /Users/admin/builder/spi-builder-workspace/Succinct/Configuration/Logger.swift (in target 'Succinct' from project 'Succinct')
    cd /Users/admin/builder/spi-builder-workspace/.swiftpm/xcode
    builtin-SwiftPerFileCompile Logger.swift
SwiftCompile normal arm64 /Users/admin/builder/spi-builder-workspace/Succinct/Configuration/PrintOutputMethod.swift (in target 'Succinct' from project 'Succinct')
    cd /Users/admin/builder/spi-builder-workspace/.swiftpm/xcode
    builtin-SwiftPerFileCompile PrintOutputMethod.swift
SwiftCompile normal arm64 /Users/admin/builder/spi-builder-workspace/Succinct/Configuration/Succinct.swift (in target 'Succinct' from project 'Succinct')
    cd /Users/admin/builder/spi-builder-workspace/.swiftpm/xcode
    builtin-SwiftPerFileCompile Succinct.swift
SwiftCompile normal arm64 /Users/admin/builder/spi-builder-workspace/Succinct/Configuration/SuccinctConfig.swift (in target 'Succinct' from project 'Succinct')
    cd /Users/admin/builder/spi-builder-workspace/.swiftpm/xcode
    builtin-SwiftPerFileCompile SuccinctConfig.swift
SwiftCompile normal arm64 /Users/admin/builder/spi-builder-workspace/Succinct/DebugLog/EvaluationResult.swift (in target 'Succinct' from project 'Succinct')
    cd /Users/admin/builder/spi-builder-workspace/.swiftpm/xcode
    builtin-SwiftPerFileCompile EvaluationResult.swift
SwiftCompile normal arm64 /Users/admin/builder/spi-builder-workspace/Succinct/DebugLog/EvaluationResultType.swift (in target 'Succinct' from project 'Succinct')
    cd /Users/admin/builder/spi-builder-workspace/.swiftpm/xcode
    builtin-SwiftPerFileCompile EvaluationResultType.swift
SwiftCompile normal arm64 Compiling\ UIView+UILabel.swift,\ UIView+hasSegmentedControlSegmentSelected.swift,\ UIView+Readability.swift,\ UIView+UIBarButtonItem.swift,\ UIView+UIDatePickerView.swift,\ UIView+UIPickerView.swift,\ UIView+UISegmentedControl.swift /Users/admin/builder/spi-builder-workspace/Succinct/UIView/UILabel/UIView+UILabel.swift /Users/admin/builder/spi-builder-workspace/Succinct/UIView/UISegmentedControl/UIView+hasSegmentedControlSegmentSelected.swift /Users/admin/builder/spi-builder-workspace/Succinct/UIView/UIView+Readability.swift /Users/admin/builder/spi-builder-workspace/Succinct/UIView/UIView+UIBarButtonItem.swift /Users/admin/builder/spi-builder-workspace/Succinct/UIView/UIView+UIDatePickerView.swift /Users/admin/builder/spi-builder-workspace/Succinct/UIView/UIView+UIPickerView.swift /Users/admin/builder/spi-builder-workspace/Succinct/UIView/UIView+UISegmentedControl.swift (in target 'Succinct' from project 'Succinct')
/Users/admin/builder/spi-builder-workspace/Succinct/UIView/UIView+UIBarButtonItem.swift:15:42: error: 'UIToolbar' is unavailable in tvOS
13 |     @objc internal func findBarButtonItem(systemItem searchSystemItem: UIBarButtonItem.SystemItem) -> UIBarButtonItem? {
14 |         for subview in subviews {
15 |             if let toolbar = subview as? UIToolbar {
   |                                          `- error: 'UIToolbar' is unavailable in tvOS
16 |                 for barButtonItem in toolbar.items ?? [] {
17 |                     if barButtonItem.systemItem == searchSystemItem {
/Applications/Xcode-27.0.0-Release.Candidate.app/Contents/Developer/Platforms/AppleTVOS.platform/Developer/SDKs/AppleTVOS27.0.sdk/System/Library/Frameworks/UIKit.framework/Headers/UIToolbar.h:23:12: note: 'UIToolbar' has been explicitly marked unavailable here
21 |
22 | UIKIT_EXTERN API_AVAILABLE(ios(2.0)) API_UNAVAILABLE(tvos, watchos) NS_SWIFT_UI_ACTOR
23 | @interface UIToolbar : UIView <UIBarPositioning>
   |            `- note: 'UIToolbar' has been explicitly marked unavailable here
24 |
25 | @property(nonatomic) UIBarStyle barStyle UI_APPEARANCE_SELECTOR API_UNAVAILABLE(tvos); // default is UIBarStyleDefault
/Users/admin/builder/spi-builder-workspace/Succinct/UIView/UIView+UIBarButtonItem.swift:41:42: error: 'UIToolbar' is unavailable in tvOS
39 |     @objc internal func findBarButtonItem(title searchTitle: String) -> UIBarButtonItem? {
40 |         for subview in subviews {
41 |             if let toolbar = subview as? UIToolbar {
   |                                          `- error: 'UIToolbar' is unavailable in tvOS
42 |                 for barButtonItem in toolbar.items ?? [] {
43 |                     if
/Applications/Xcode-27.0.0-Release.Candidate.app/Contents/Developer/Platforms/AppleTVOS.platform/Developer/SDKs/AppleTVOS27.0.sdk/System/Library/Frameworks/UIKit.framework/Headers/UIToolbar.h:23:12: note: 'UIToolbar' has been explicitly marked unavailable here
21 |
22 | UIKIT_EXTERN API_AVAILABLE(ios(2.0)) API_UNAVAILABLE(tvos, watchos) NS_SWIFT_UI_ACTOR
23 | @interface UIToolbar : UIView <UIBarPositioning>
   |            `- note: 'UIToolbar' has been explicitly marked unavailable here
24 |
25 | @property(nonatomic) UIBarStyle barStyle UI_APPEARANCE_SELECTOR API_UNAVAILABLE(tvos); // default is UIBarStyleDefault
/Users/admin/builder/spi-builder-workspace/Succinct/UIView/UIView+UIDatePickerView.swift:12:49: error: 'UIDatePicker' is unavailable in tvOS
10 |     /// - Returns: An optional UIDatePicker, if one is found.
11 |     ///
12 |     @objc internal func findDatePickerView() -> UIDatePicker? {
   |                                                 `- error: 'UIDatePicker' is unavailable in tvOS
13 |         return findInSubviews(
14 |             satisfyingCondition: SuccinctCondition({ $0.isDatePickerView() })
/Applications/Xcode-27.0.0-Release.Candidate.app/Contents/Developer/Platforms/AppleTVOS.platform/Developer/SDKs/AppleTVOS27.0.sdk/System/Library/Frameworks/UIKit.framework/Headers/UIDatePicker.h:40:12: note: 'UIDatePicker' has been explicitly marked unavailable here
38 |
39 | UIKIT_EXTERN API_AVAILABLE(ios(2.0)) API_UNAVAILABLE(tvos, watchos) NS_SWIFT_UI_ACTOR
40 | @interface UIDatePicker : UIControl <NSCoding>
   |            `- note: 'UIDatePicker' has been explicitly marked unavailable here
41 | @property (nonatomic) UIDatePickerMode datePickerMode; // default is UIDatePickerModeDateAndTime
42 |
/Users/admin/builder/spi-builder-workspace/Succinct/UIView/UIView+UIDatePickerView.swift:15:15: error: 'UIDatePicker' is unavailable in tvOS
13 |         return findInSubviews(
14 |             satisfyingCondition: SuccinctCondition({ $0.isDatePickerView() })
15 |         ) as? UIDatePicker
   |               `- error: 'UIDatePicker' is unavailable in tvOS
16 |     }
17 | }
/Applications/Xcode-27.0.0-Release.Candidate.app/Contents/Developer/Platforms/AppleTVOS.platform/Developer/SDKs/AppleTVOS27.0.sdk/System/Library/Frameworks/UIKit.framework/Headers/UIDatePicker.h:40:12: note: 'UIDatePicker' has been explicitly marked unavailable here
38 |
39 | UIKIT_EXTERN API_AVAILABLE(ios(2.0)) API_UNAVAILABLE(tvos, watchos) NS_SWIFT_UI_ACTOR
40 | @interface UIDatePicker : UIControl <NSCoding>
   |            `- note: 'UIDatePicker' has been explicitly marked unavailable here
41 | @property (nonatomic) UIDatePickerMode datePickerMode; // default is UIDatePickerModeDateAndTime
42 |
/Users/admin/builder/spi-builder-workspace/Succinct/UIView/UIView+UIDatePickerView.swift:36:23: error: 'UIDatePicker' is unavailable in tvOS
34 | fileprivate extension UIView {
35 |     func isDatePickerView() -> EvaluationResult {
36 |         guard self is UIDatePicker else {
   |                       `- error: 'UIDatePicker' is unavailable in tvOS
37 |             return .failure(IsDatePickerViewResultType.wrongType)
38 |         }
/Applications/Xcode-27.0.0-Release.Candidate.app/Contents/Developer/Platforms/AppleTVOS.platform/Developer/SDKs/AppleTVOS27.0.sdk/System/Library/Frameworks/UIKit.framework/Headers/UIDatePicker.h:40:12: note: 'UIDatePicker' has been explicitly marked unavailable here
38 |
39 | UIKIT_EXTERN API_AVAILABLE(ios(2.0)) API_UNAVAILABLE(tvos, watchos) NS_SWIFT_UI_ACTOR
40 | @interface UIDatePicker : UIControl <NSCoding>
   |            `- note: 'UIDatePicker' has been explicitly marked unavailable here
41 | @property (nonatomic) UIDatePickerMode datePickerMode; // default is UIDatePickerModeDateAndTime
42 |
/Users/admin/builder/spi-builder-workspace/Succinct/UIView/UIView+UIPickerView.swift:11:45: error: 'UIPickerView' is unavailable in tvOS
 9 |     /// - Returns: An optional UIPickerView, if one is found.
10 |     ///
11 |     @objc internal func findPickerView() -> UIPickerView? {
   |                                             `- error: 'UIPickerView' is unavailable in tvOS
12 |         return findInSubviews(
13 |             satisfyingCondition: SuccinctCondition({ $0.isPickerView() })
/Applications/Xcode-27.0.0-Release.Candidate.app/Contents/Developer/Platforms/AppleTVOS.platform/Developer/SDKs/AppleTVOS27.0.sdk/System/Library/Frameworks/UIKit.framework/Headers/UIPickerView.h:19:12: note: 'UIPickerView' has been explicitly marked unavailable here
17 |
18 | UIKIT_EXTERN API_AVAILABLE(ios(2.0)) API_UNAVAILABLE(tvos, watchos) NS_SWIFT_UI_ACTOR
19 | @interface UIPickerView : UIView <NSCoding>
   |            `- note: 'UIPickerView' has been explicitly marked unavailable here
20 |
21 | @property(nullable,nonatomic,weak) id<UIPickerViewDataSource> dataSource;                // default is nil. weak reference
/Users/admin/builder/spi-builder-workspace/Succinct/UIView/UIView+UIPickerView.swift:17:47: error: 'UIPickerView' is unavailable in tvOS
15 |     }
16 |
17 |     @objc internal func findPickerViews() -> [UIPickerView] {
   |                                               `- error: 'UIPickerView' is unavailable in tvOS
18 |         return filterSubviews(
19 |             satisfyingCondition: SuccinctCondition({ $0.isPickerView() })
/Applications/Xcode-27.0.0-Release.Candidate.app/Contents/Developer/Platforms/AppleTVOS.platform/Developer/SDKs/AppleTVOS27.0.sdk/System/Library/Frameworks/UIKit.framework/Headers/UIPickerView.h:19:12: note: 'UIPickerView' has been explicitly marked unavailable here
17 |
18 | UIKIT_EXTERN API_AVAILABLE(ios(2.0)) API_UNAVAILABLE(tvos, watchos) NS_SWIFT_UI_ACTOR
19 | @interface UIPickerView : UIView <NSCoding>
   |            `- note: 'UIPickerView' has been explicitly marked unavailable here
20 |
21 | @property(nullable,nonatomic,weak) id<UIPickerViewDataSource> dataSource;                // default is nil. weak reference
/Users/admin/builder/spi-builder-workspace/Succinct/UIView/UIView+UIPickerView.swift:14:15: error: 'UIPickerView' is unavailable in tvOS
12 |         return findInSubviews(
13 |             satisfyingCondition: SuccinctCondition({ $0.isPickerView() })
14 |         ) as? UIPickerView
   |               `- error: 'UIPickerView' is unavailable in tvOS
15 |     }
16 |
/Applications/Xcode-27.0.0-Release.Candidate.app/Contents/Developer/Platforms/AppleTVOS.platform/Developer/SDKs/AppleTVOS27.0.sdk/System/Library/Frameworks/UIKit.framework/Headers/UIPickerView.h:19:12: note: 'UIPickerView' has been explicitly marked unavailable here
17 |
18 | UIKIT_EXTERN API_AVAILABLE(ios(2.0)) API_UNAVAILABLE(tvos, watchos) NS_SWIFT_UI_ACTOR
19 | @interface UIPickerView : UIView <NSCoding>
   |            `- note: 'UIPickerView' has been explicitly marked unavailable here
20 |
21 | @property(nullable,nonatomic,weak) id<UIPickerViewDataSource> dataSource;                // default is nil. weak reference
/Users/admin/builder/spi-builder-workspace/Succinct/UIView/UIView+UIPickerView.swift:21:28: error: 'UIPickerView' is unavailable in tvOS
19 |             satisfyingCondition: SuccinctCondition({ $0.isPickerView() })
20 |         )
21 |             .map { view -> UIPickerView in
   |                            `- error: 'UIPickerView' is unavailable in tvOS
22 |                 view as! UIPickerView
23 |             }
/Applications/Xcode-27.0.0-Release.Candidate.app/Contents/Developer/Platforms/AppleTVOS.platform/Developer/SDKs/AppleTVOS27.0.sdk/System/Library/Frameworks/UIKit.framework/Headers/UIPickerView.h:19:12: note: 'UIPickerView' has been explicitly marked unavailable here
17 |
18 | UIKIT_EXTERN API_AVAILABLE(ios(2.0)) API_UNAVAILABLE(tvos, watchos) NS_SWIFT_UI_ACTOR
19 | @interface UIPickerView : UIView <NSCoding>
   |            `- note: 'UIPickerView' has been explicitly marked unavailable here
20 |
21 | @property(nullable,nonatomic,weak) id<UIPickerViewDataSource> dataSource;                // default is nil. weak reference
/Users/admin/builder/spi-builder-workspace/Succinct/UIView/UIView+UIPickerView.swift:22:26: error: 'UIPickerView' is unavailable in tvOS
20 |         )
21 |             .map { view -> UIPickerView in
22 |                 view as! UIPickerView
   |                          `- error: 'UIPickerView' is unavailable in tvOS
23 |             }
24 |     }
/Applications/Xcode-27.0.0-Release.Candidate.app/Contents/Developer/Platforms/AppleTVOS.platform/Developer/SDKs/AppleTVOS27.0.sdk/System/Library/Frameworks/UIKit.framework/Headers/UIPickerView.h:19:12: note: 'UIPickerView' has been explicitly marked unavailable here
17 |
18 | UIKIT_EXTERN API_AVAILABLE(ios(2.0)) API_UNAVAILABLE(tvos, watchos) NS_SWIFT_UI_ACTOR
19 | @interface UIPickerView : UIView <NSCoding>
   |            `- note: 'UIPickerView' has been explicitly marked unavailable here
20 |
21 | @property(nullable,nonatomic,weak) id<UIPickerViewDataSource> dataSource;                // default is nil. weak reference
SwiftCompile normal arm64 /Users/admin/builder/spi-builder-workspace/Succinct/UIView/UILabel/UIView+UILabel.swift (in target 'Succinct' from project 'Succinct')
    cd /Users/admin/builder/spi-builder-workspace/.swiftpm/xcode
    builtin-SwiftPerFileCompile UIView+UILabel.swift
SwiftCompile normal arm64 /Users/admin/builder/spi-builder-workspace/Succinct/UIView/UISegmentedControl/UIView+hasSegmentedControlSegmentSelected.swift (in target 'Succinct' from project 'Succinct')
    cd /Users/admin/builder/spi-builder-workspace/.swiftpm/xcode
    builtin-SwiftPerFileCompile UIView+hasSegmentedControlSegmentSelected.swift
SwiftCompile normal arm64 /Users/admin/builder/spi-builder-workspace/Succinct/UIView/UIView+Readability.swift (in target 'Succinct' from project 'Succinct')
    cd /Users/admin/builder/spi-builder-workspace/.swiftpm/xcode
    builtin-SwiftPerFileCompile UIView+Readability.swift
SwiftCompile normal arm64 /Users/admin/builder/spi-builder-workspace/Succinct/UIView/UIView+UIBarButtonItem.swift (in target 'Succinct' from project 'Succinct')
    cd /Users/admin/builder/spi-builder-workspace/.swiftpm/xcode
    builtin-SwiftPerFileCompile UIView+UIBarButtonItem.swift
SwiftCompile normal arm64 /Users/admin/builder/spi-builder-workspace/Succinct/UIView/UIView+UIDatePickerView.swift (in target 'Succinct' from project 'Succinct')
    cd /Users/admin/builder/spi-builder-workspace/.swiftpm/xcode
    builtin-SwiftPerFileCompile UIView+UIDatePickerView.swift
SwiftCompile normal arm64 /Users/admin/builder/spi-builder-workspace/Succinct/UIView/UIView+UIPickerView.swift (in target 'Succinct' from project 'Succinct')
    cd /Users/admin/builder/spi-builder-workspace/.swiftpm/xcode
    builtin-SwiftPerFileCompile UIView+UIPickerView.swift
SwiftCompile normal arm64 /Users/admin/builder/spi-builder-workspace/Succinct/UIView/UIView+UISegmentedControl.swift (in target 'Succinct' from project 'Succinct')
    cd /Users/admin/builder/spi-builder-workspace/.swiftpm/xcode
    builtin-SwiftPerFileCompile UIView+UISegmentedControl.swift
SwiftCompile normal arm64 Compiling\ UISwitch+Readability.swift,\ UISwitch+Tap.swift,\ UITabBarController+TabInteractions.swift,\ UITableView+Evaluations.swift,\ IsMapView.swift,\ UIView+MKMapView.swift,\ IsButtonWithExactText.swift /Users/admin/builder/spi-builder-workspace/Succinct/UISwitch/UISwitch+Readability.swift /Users/admin/builder/spi-builder-workspace/Succinct/UISwitch/UISwitch+Tap.swift /Users/admin/builder/spi-builder-workspace/Succinct/UITabBarController/UITabBarController+TabInteractions.swift /Users/admin/builder/spi-builder-workspace/Succinct/UITableView/UITableView+Evaluations.swift /Users/admin/builder/spi-builder-workspace/Succinct/UIView/MKMapView/IsMapView.swift /Users/admin/builder/spi-builder-workspace/Succinct/UIView/MKMapView/UIView+MKMapView.swift /Users/admin/builder/spi-builder-workspace/Succinct/UIView/UIButton/IsButtonWithExactText.swift (in target 'Succinct' from project 'Succinct')
/Users/admin/builder/spi-builder-workspace/Succinct/UISwitch/UISwitch+Readability.swift:4:11: error: 'UISwitch' is unavailable in tvOS
 2 |
 3 | // MARK: - Convenience Properties
 4 | extension UISwitch {
   |           `- error: 'UISwitch' is unavailable in tvOS
 5 |     ///
 6 |     /// Convenience property which indicates if the UISwitch is off. This can be helpful when writing assertions as opposed to testing the isOn property.
/Applications/Xcode-27.0.0-Release.Candidate.app/Contents/Developer/Platforms/AppleTVOS.platform/Developer/SDKs/AppleTVOS27.0.sdk/System/Library/Frameworks/UIKit.framework/Headers/UISwitch.h:23:12: note: 'UISwitch' has been explicitly marked unavailable here
21 |
22 | UIKIT_EXTERN API_AVAILABLE(ios(2.0)) API_UNAVAILABLE(tvos, watchos) NS_SWIFT_UI_ACTOR
23 | @interface UISwitch : UIControl <NSCoding>
   |            `- note: 'UISwitch' has been explicitly marked unavailable here
24 |
25 | @property(nullable, nonatomic, strong) UIColor *onTintColor API_AVAILABLE(ios(5.0)) UI_APPEARANCE_SELECTOR;
SwiftCompile normal arm64 /Users/admin/builder/spi-builder-workspace/Succinct/UISwitch/UISwitch+Readability.swift (in target 'Succinct' from project 'Succinct')
    cd /Users/admin/builder/spi-builder-workspace/.swiftpm/xcode
    builtin-SwiftPerFileCompile UISwitch+Readability.swift
SwiftCompile normal arm64 /Users/admin/builder/spi-builder-workspace/Succinct/UISwitch/UISwitch+Tap.swift (in target 'Succinct' from project 'Succinct')
    cd /Users/admin/builder/spi-builder-workspace/.swiftpm/xcode
    builtin-SwiftPerFileCompile UISwitch+Tap.swift
SwiftCompile normal arm64 /Users/admin/builder/spi-builder-workspace/Succinct/UITabBarController/UITabBarController+TabInteractions.swift (in target 'Succinct' from project 'Succinct')
    cd /Users/admin/builder/spi-builder-workspace/.swiftpm/xcode
    builtin-SwiftPerFileCompile UITabBarController+TabInteractions.swift
SwiftCompile normal arm64 /Users/admin/builder/spi-builder-workspace/Succinct/UITableView/UITableView+Evaluations.swift (in target 'Succinct' from project 'Succinct')
    cd /Users/admin/builder/spi-builder-workspace/.swiftpm/xcode
    builtin-SwiftPerFileCompile UITableView+Evaluations.swift
SwiftCompile normal arm64 /Users/admin/builder/spi-builder-workspace/Succinct/UIView/MKMapView/IsMapView.swift (in target 'Succinct' from project 'Succinct')
    cd /Users/admin/builder/spi-builder-workspace/.swiftpm/xcode
    builtin-SwiftPerFileCompile IsMapView.swift
SwiftCompile normal arm64 /Users/admin/builder/spi-builder-workspace/Succinct/UIView/MKMapView/UIView+MKMapView.swift (in target 'Succinct' from project 'Succinct')
    cd /Users/admin/builder/spi-builder-workspace/.swiftpm/xcode
    builtin-SwiftPerFileCompile UIView+MKMapView.swift
SwiftCompile normal arm64 /Users/admin/builder/spi-builder-workspace/Succinct/UIView/UIButton/IsButtonWithExactText.swift (in target 'Succinct' from project 'Succinct')
    cd /Users/admin/builder/spi-builder-workspace/.swiftpm/xcode
    builtin-SwiftPerFileCompile IsButtonWithExactText.swift
SwiftCompile normal arm64 Compiling\ ViewHierarchyLogger.swift,\ NSObject+MemoryAddress.swift,\ NSAttributedString+Attributes.swift,\ Optional+NilCheck.swift,\ PrivateTypes.swift,\ UIBarButtonItem+Extensions.swift,\ UIButton+Tap.swift /Users/admin/builder/spi-builder-workspace/Succinct/DebugLog/ViewHierarchyLogger.swift /Users/admin/builder/spi-builder-workspace/Succinct/Memory/NSObject+MemoryAddress.swift /Users/admin/builder/spi-builder-workspace/Succinct/NSAttributedString/NSAttributedString+Attributes.swift /Users/admin/builder/spi-builder-workspace/Succinct/Optional/Optional+NilCheck.swift /Users/admin/builder/spi-builder-workspace/Succinct/PrivateTypes/PrivateTypes.swift /Users/admin/builder/spi-builder-workspace/Succinct/UIBarButtonItem/UIBarButtonItem+Extensions.swift /Users/admin/builder/spi-builder-workspace/Succinct/UIButton/UIButton+Tap.swift (in target 'Succinct' from project 'Succinct')
SwiftCompile normal arm64 /Users/admin/builder/spi-builder-workspace/Succinct/DebugLog/ViewHierarchyLogger.swift (in target 'Succinct' from project 'Succinct')
    cd /Users/admin/builder/spi-builder-workspace/.swiftpm/xcode
    builtin-SwiftPerFileCompile ViewHierarchyLogger.swift
SwiftCompile normal arm64 /Users/admin/builder/spi-builder-workspace/Succinct/Memory/NSObject+MemoryAddress.swift (in target 'Succinct' from project 'Succinct')
    cd /Users/admin/builder/spi-builder-workspace/.swiftpm/xcode
    builtin-SwiftPerFileCompile NSObject+MemoryAddress.swift
SwiftCompile normal arm64 /Users/admin/builder/spi-builder-workspace/Succinct/NSAttributedString/NSAttributedString+Attributes.swift (in target 'Succinct' from project 'Succinct')
    cd /Users/admin/builder/spi-builder-workspace/.swiftpm/xcode
    builtin-SwiftPerFileCompile NSAttributedString+Attributes.swift
SwiftCompile normal arm64 /Users/admin/builder/spi-builder-workspace/Succinct/Optional/Optional+NilCheck.swift (in target 'Succinct' from project 'Succinct')
    cd /Users/admin/builder/spi-builder-workspace/.swiftpm/xcode
    builtin-SwiftPerFileCompile Optional+NilCheck.swift
SwiftCompile normal arm64 /Users/admin/builder/spi-builder-workspace/Succinct/PrivateTypes/PrivateTypes.swift (in target 'Succinct' from project 'Succinct')
    cd /Users/admin/builder/spi-builder-workspace/.swiftpm/xcode
    builtin-SwiftPerFileCompile PrivateTypes.swift
SwiftCompile normal arm64 /Users/admin/builder/spi-builder-workspace/Succinct/UIBarButtonItem/UIBarButtonItem+Extensions.swift (in target 'Succinct' from project 'Succinct')
    cd /Users/admin/builder/spi-builder-workspace/.swiftpm/xcode
    builtin-SwiftPerFileCompile UIBarButtonItem+Extensions.swift
SwiftCompile normal arm64 /Users/admin/builder/spi-builder-workspace/Succinct/UIButton/UIButton+Tap.swift (in target 'Succinct' from project 'Succinct')
    cd /Users/admin/builder/spi-builder-workspace/.swiftpm/xcode
    builtin-SwiftPerFileCompile UIButton+Tap.swift
SwiftCompile normal arm64 Compiling\ IsButtonWithImage.swift,\ UIView+UIButton.swift,\ IsImageViewWithImage.swift,\ UIView+UIImage.swift,\ UIView+UIImageView.swift,\ IsLabelContainingText.swift,\ IsLabelWithExactText.swift /Users/admin/builder/spi-builder-workspace/Succinct/UIView/UIButton/IsButtonWithImage.swift /Users/admin/builder/spi-builder-workspace/Succinct/UIView/UIButton/UIView+UIButton.swift /Users/admin/builder/spi-builder-workspace/Succinct/UIView/UIImage/IsImageViewWithImage.swift /Users/admin/builder/spi-builder-workspace/Succinct/UIView/UIImage/UIView+UIImage.swift /Users/admin/builder/spi-builder-workspace/Succinct/UIView/UIImage/UIView+UIImageView.swift /Users/admin/builder/spi-builder-workspace/Succinct/UIView/UILabel/IsLabelContainingText.swift /Users/admin/builder/spi-builder-workspace/Succinct/UIView/UILabel/IsLabelWithExactText.swift (in target 'Succinct' from project 'Succinct')
SwiftCompile normal arm64 /Users/admin/builder/spi-builder-workspace/Succinct/UIView/UIButton/IsButtonWithImage.swift (in target 'Succinct' from project 'Succinct')
    cd /Users/admin/builder/spi-builder-workspace/.swiftpm/xcode
    builtin-SwiftPerFileCompile IsButtonWithImage.swift
SwiftCompile normal arm64 /Users/admin/builder/spi-builder-workspace/Succinct/UIView/UIButton/UIView+UIButton.swift (in target 'Succinct' from project 'Succinct')
    cd /Users/admin/builder/spi-builder-workspace/.swiftpm/xcode
    builtin-SwiftPerFileCompile UIView+UIButton.swift
SwiftCompile normal arm64 /Users/admin/builder/spi-builder-workspace/Succinct/UIView/UIImage/IsImageViewWithImage.swift (in target 'Succinct' from project 'Succinct')
    cd /Users/admin/builder/spi-builder-workspace/.swiftpm/xcode
    builtin-SwiftPerFileCompile IsImageViewWithImage.swift
SwiftCompile normal arm64 /Users/admin/builder/spi-builder-workspace/Succinct/UIView/UIImage/UIView+UIImage.swift (in target 'Succinct' from project 'Succinct')
    cd /Users/admin/builder/spi-builder-workspace/.swiftpm/xcode
    builtin-SwiftPerFileCompile UIView+UIImage.swift
SwiftCompile normal arm64 /Users/admin/builder/spi-builder-workspace/Succinct/UIView/UIImage/UIView+UIImageView.swift (in target 'Succinct' from project 'Succinct')
    cd /Users/admin/builder/spi-builder-workspace/.swiftpm/xcode
    builtin-SwiftPerFileCompile UIView+UIImageView.swift
SwiftCompile normal arm64 /Users/admin/builder/spi-builder-workspace/Succinct/UIView/UILabel/IsLabelContainingText.swift (in target 'Succinct' from project 'Succinct')
    cd /Users/admin/builder/spi-builder-workspace/.swiftpm/xcode
    builtin-SwiftPerFileCompile IsLabelContainingText.swift
SwiftCompile normal arm64 /Users/admin/builder/spi-builder-workspace/Succinct/UIView/UILabel/IsLabelWithExactText.swift (in target 'Succinct' from project 'Succinct')
    cd /Users/admin/builder/spi-builder-workspace/.swiftpm/xcode
    builtin-SwiftPerFileCompile IsLabelWithExactText.swift
PruneExplicitPrecompiledModules /Users/admin/builder/spi-builder-workspace/.derivedData/SDKExplicitPrecompiledModules
PruneExplicitPrecompiledModules /Users/admin/builder/spi-builder-workspace/.derivedData/Build/Intermediates.noindex/SwiftExplicitPrecompiledModules
PruneExplicitPrecompiledModules /Users/admin/builder/spi-builder-workspace/.derivedData/Build/Intermediates.noindex/ExplicitPrecompiledModules
2026-09-24 07:41:25.551 xcodebuild[852:5019] [MT] IDERunDestination: Supported platforms for the buildables in the current scheme is empty.
** BUILD FAILED **
The following build commands failed:
	SwiftCompile normal arm64 (in target 'Succinct' from project 'Succinct')
	SwiftEmitModule normal arm64 Emitting\ module\ for\ Succinct (in target 'Succinct' from project 'Succinct')
	Building workspace Succinct with scheme Succinct
(3 failures)
Command line invocation:
    /Applications/Xcode-27.0.0-Release.Candidate.app/Contents/Developer/usr/bin/xcodebuild -IDEClonedSourcePackagesDirPathOverride=/Users/admin/builder/spi-builder-workspace/.dependencies -resolvePackageDependencies
Resolve Package Graph
Resolved source packages:
  Succinct: /Users/admin/builder/spi-builder-workspace
resolved source packages: Succinct
2026-09-24 07:41:31.616 xcodebuild[934:5354] [MT] IDERunDestination: Supported platforms for the buildables in the current scheme is empty.
{
  "dependencies" : [
  ],
  "manifest_display_name" : "Succinct",
  "name" : "Succinct",
  "path" : "/Users/admin/builder/spi-builder-workspace",
  "platforms" : [
    {
      "name" : "ios",
      "version" : "12.0"
    }
  ],
  "products" : [
    {
      "name" : "Succinct",
      "targets" : [
        "Succinct"
      ],
      "type" : {
        "library" : [
          "automatic"
        ]
      }
    }
  ],
  "targets" : [
    {
      "c99name" : "SuccinctTests",
      "module_type" : "SwiftTarget",
      "name" : "SuccinctTests",
      "path" : "SuccinctTests",
      "resources" : [
        {
          "path" : "/Users/admin/builder/spi-builder-workspace/SuccinctTests/Resources/TestImages.xcassets",
          "rule" : {
            "copy" : {
            }
          }
        }
      ],
      "sources" : [
        "Array/ArrayAccessors.swift",
        "Configuration/SpyOutputMethod.swift",
        "DebugLogging/UIView/DebugLogging+MKMapViewSpec.swift",
        "DebugLogging/UIView/DebugLogging+UIDatePickerViewSpec.swift",
        "DebugLogging/UIView/DebugLogging+UIPickerViewSpec.swift",
        "DebugLogging/UIView/DebugLogging+UIViewSpec.swift",
        "DebugLogging/UIView/TestEvaluationResultType.swift",
        "DebugLogging/UIView/UIButton/DebugLogging+UIButtonSpec.swift",
        "DebugLogging/UIView/UILabel/DebugLogging+UILabelSpec.swift",
        "DebugLogging/UIViewController/DebugLogging+UIViewController+UIButton.swift",
        "NSAttributedString/AttributedStringKeyValueFixture.swift",
        "NSAttributedString/NSAttributedString+AttributesSpec.swift",
        "New Group/UINavigationController+UILabelSpec.swift",
        "Optional/Optional+NilCheckSpec.swift",
        "UICollectionView/UICollectionViewConfigurationSpec.swift",
        "UIControl/UIControl+ReadabilitySpec.swift",
        "UIImage/UIImage+TestAssets.swift",
        "UILabel/UITableViewController+findingUILabel.swift",
        "UIPickerView/UIPickerView+SelectComponentSpec.swift",
        "UIPickerView/UIViewController+UIPickerViewSpec.swift",
        "UISwitch/UISwitch+ReadabilitySpec.swift",
        "UITabBarController/UITabBarController+TabInteractionsSpec.swift",
        "UITableView/IndexPathFixture.swift",
        "UITableView/UITableViewCellConfiguration.swift",
        "UITableView/UITableViewConfiguration.swift",
        "UITableView/UITableViewConfigurationSpec.swift",
        "UITableView/UnitTestUITableView.swift",
        "UIView/UIView+ReadabilitySpec.swift",
        "UIViewController/UIViewController+MKMapViewSpec.swift",
        "UIViewController/UIViewController+UIBarButtonItemSpec.swift",
        "UIViewController/UIViewController+UIButton+findButtonSpec.swift",
        "UIViewController/UIViewController+UIButton+findButtonsSpec.swift",
        "UIViewController/UIViewController+UIButton+hasButtonSpec.swift",
        "UIViewController/UIViewController+UIDatePickerSpec.swift",
        "UIViewController/UIViewController+UIImageViewSpec.swift",
        "UIViewController/UIViewController+UILabelSpec.swift",
        "UIViewController/UIViewController+UISegmentedControlSpec.swift",
        "UIViewController/UIViewController+UISliderSpec.swift",
        "UIViewController/UIViewController+UISwitchSpec.swift",
        "UIViewController/UIViewController+UITableViewSpec.swift",
        "UIViewController/UIViewController+UITextFieldSpec.swift",
        "UIViewController/UIViewController+UITextViewSpec.swift",
        "UIViewController/UIViewController+UIViewSpec.swift"
      ],
      "target_dependencies" : [
        "Succinct"
      ],
      "type" : "test"
    },
    {
      "c99name" : "Succinct",
      "module_type" : "SwiftTarget",
      "name" : "Succinct",
      "path" : "Succinct",
      "product_memberships" : [
        "Succinct"
      ],
      "sources" : [
        "Condition/SuccinctCondition.swift",
        "Configuration/Logger.swift",
        "Configuration/PrintOutputMethod.swift",
        "Configuration/Succinct.swift",
        "Configuration/SuccinctConfig.swift",
        "DebugLog/EvaluationResult.swift",
        "DebugLog/EvaluationResultType.swift",
        "DebugLog/ViewHierarchyLogger.swift",
        "Memory/NSObject+MemoryAddress.swift",
        "NSAttributedString/NSAttributedString+Attributes.swift",
        "Optional/Optional+NilCheck.swift",
        "PrivateTypes/PrivateTypes.swift",
        "UIBarButtonItem/UIBarButtonItem+Extensions.swift",
        "UIButton/UIButton+Tap.swift",
        "UICollectionView/UICollectionView+Evaluations.swift",
        "UIControl/UIControl+Readability.swift",
        "UINavigationController/UINavigationController+UILabel.swift",
        "UINavigationItem/UINavigationItem+UIBarButtonItem.swift",
        "UIPickerView/UIPickerView+SelectComponent.swift",
        "UISegmentedControl/UISegmentedControl+UISegmentLabel.swift",
        "UISlider/UISlider+SetValue.swift",
        "UISwitch/UISwitch+Readability.swift",
        "UISwitch/UISwitch+Tap.swift",
        "UITabBarController/UITabBarController+TabInteractions.swift",
        "UITableView/UITableView+Evaluations.swift",
        "UIView/MKMapView/IsMapView.swift",
        "UIView/MKMapView/UIView+MKMapView.swift",
        "UIView/UIButton/IsButtonWithExactText.swift",
        "UIView/UIButton/IsButtonWithImage.swift",
        "UIView/UIButton/UIView+UIButton.swift",
        "UIView/UIImage/IsImageViewWithImage.swift",
        "UIView/UIImage/UIView+UIImage.swift",
        "UIView/UIImage/UIView+UIImageView.swift",
        "UIView/UILabel/IsLabelContainingText.swift",
        "UIView/UILabel/IsLabelWithExactText.swift",
        "UIView/UILabel/UIView+UILabel.swift",
        "UIView/UISegmentedControl/UIView+hasSegmentedControlSegmentSelected.swift",
        "UIView/UIView+Readability.swift",
        "UIView/UIView+UIBarButtonItem.swift",
        "UIView/UIView+UIDatePickerView.swift",
        "UIView/UIView+UIPickerView.swift",
        "UIView/UIView+UISegmentedControl.swift",
        "UIView/UIView+UISlider.swift",
        "UIView/UIView+UIStepper.swift",
        "UIView/UIView+UISwitch.swift",
        "UIView/UIView+UITextField.swift",
        "UIView/UIView+UITextView.swift",
        "UIView/UIView/UIView+countOfViewsWithBackgroundColor.swift",
        "UIView/UIView/UIView+findInSubviews.swift",
        "UIView/UIView/UIView+hasViewWithBackgroundColor.swift",
        "UIViewController/UIViewController+Debugging.swift",
        "UIViewController/UIViewController+MKMapView.swift",
        "UIViewController/UIViewController+Testing.swift",
        "UIViewController/UIViewController+UIBarButtonItem.swift",
        "UIViewController/UIViewController+UIButton.swift",
        "UIViewController/UIViewController+UIDatePickerView.swift",
        "UIViewController/UIViewController+UIImage.swift",
        "UIViewController/UIViewController+UILabel.swift",
        "UIViewController/UIViewController+UIPickerView.swift",
        "UIViewController/UIViewController+UISegmentedControl.swift",
        "UIViewController/UIViewController+UISlider.swift",
        "UIViewController/UIViewController+UIStepper.swift",
        "UIViewController/UIViewController+UISwitch.swift",
        "UIViewController/UIViewController+UITableView.swift",
        "UIViewController/UIViewController+UITextField.swift",
        "UIViewController/UIViewController+UITextView.swift",
        "UIViewController/UIViewController+UIView.swift"
      ],
      "type" : "library"
    }
  ],
  "tools_version" : "5.5"
}
{
  "workspace" : {
    "name" : "Succinct",
    "schemes" : [
      "Succinct"
    ]
  }
}
2026-09-24 07:41:32.835 xcodebuild[942:5423] [MT] IDERunDestination: Supported platforms for the buildables in the current scheme is empty.
Running build ...
env DEVELOPER_DIR=/Applications/Xcode-27.0.0-Release.Candidate.app xcrun xcodebuild -IDEClonedSourcePackagesDirPathOverride=$PWD/.dependencies -skipMacroValidation -skipPackagePluginValidation -derivedDataPath $PWD/.derivedData build -scheme Succinct -destination generic/platform=tvOS
Command line invocation:
    /Applications/Xcode-27.0.0-Release.Candidate.app/Contents/Developer/usr/bin/xcodebuild -IDEClonedSourcePackagesDirPathOverride=/Users/admin/builder/spi-builder-workspace/.dependencies -skipMacroValidation -skipPackagePluginValidation -derivedDataPath /Users/admin/builder/spi-builder-workspace/.derivedData build -scheme Succinct -destination generic/platform=tvOS
Resolve Package Graph
Resolved source packages:
  Succinct: /Users/admin/builder/spi-builder-workspace
ComputePackagePrebuildTargetDependencyGraph
Prepare packages
CreateBuildRequest
SendProjectDescription
CreateBuildOperation
ComputeTargetDependencyGraph
note: Building targets in dependency order
note: Target dependency graph (2 targets)
    Target 'Succinct-product' in project 'Succinct'
        ➜ Explicit dependency on target 'Succinct' in project 'Succinct'
    Target 'Succinct' in project 'Succinct' (no dependencies)
GatherProvisioningInputs
CreateBuildDescription
ClangStatCache /Applications/Xcode-27.0.0-Release.Candidate.app/Contents/Developer/Toolchains/XcodeDefault.xctoolchain/usr/bin/clang-stat-cache /Applications/Xcode-27.0.0-Release.Candidate.app/Contents/Developer/Platforms/AppleTVOS.platform/Developer/SDKs/AppleTVOS27.0.sdk /Users/admin/builder/spi-builder-workspace/.derivedData/SDKStatCaches.noindex/appletvos27.0-24J360-e829b21a6f8c9b70876ba0858053c044b32bfd8d43560033f8d89884cdb90028.sdkstatcache
    cd /Users/admin/builder/spi-builder-workspace/.swiftpm/xcode
    /Applications/Xcode-27.0.0-Release.Candidate.app/Contents/Developer/Toolchains/XcodeDefault.xctoolchain/usr/bin/clang-stat-cache /Applications/Xcode-27.0.0-Release.Candidate.app/Contents/Developer/Platforms/AppleTVOS.platform/Developer/SDKs/AppleTVOS27.0.sdk -o /Users/admin/builder/spi-builder-workspace/.derivedData/SDKStatCaches.noindex/appletvos27.0-24J360-e829b21a6f8c9b70876ba0858053c044b32bfd8d43560033f8d89884cdb90028.sdkstatcache
SwiftDriver Succinct normal arm64 com.apple.xcode.tools.swift.compiler (in target 'Succinct' from project 'Succinct')
    cd /Users/admin/builder/spi-builder-workspace/.swiftpm/xcode
    builtin-SwiftDriver -- /Applications/Xcode-27.0.0-Release.Candidate.app/Contents/Developer/Toolchains/XcodeDefault.xctoolchain/usr/bin/swiftc -parse-as-library -module-name Succinct -Onone @/Users/admin/builder/spi-builder-workspace/.derivedData/Build/Intermediates.noindex/Succinct.build/Debug-appletvos/Succinct-t.build/Objects-normal/arm64/Succinct.SwiftFileList -DSWIFT_PACKAGE -DDEBUG -DSWIFT_MODULE_RESOURCE_BUNDLE_UNAVAILABLE -DXcode -plugin-path /Applications/Xcode-27.0.0-Release.Candidate.app/Contents/Developer/Toolchains/XcodeDefault.xctoolchain/usr/lib/swift/host/plugins/testing -enable-experimental-feature DebugDescriptionMacro -sdk /Applications/Xcode-27.0.0-Release.Candidate.app/Contents/Developer/Platforms/AppleTVOS.platform/Developer/SDKs/AppleTVOS27.0.sdk -target arm64-apple-tvos15.0 -g -module-cache-path /Users/admin/builder/spi-builder-workspace/.derivedData/ModuleCache.noindex -Xfrontend -serialize-debugging-options -profile-coverage-mapping -profile-generate -enable-testing -index-store-path /Users/admin/builder/spi-builder-workspace/.derivedData/Index.noindex/DataStore -Xcc -D_LIBCPP_HARDENING_MODE\=_LIBCPP_HARDENING_MODE_DEBUG -swift-version 5 -I /Users/admin/builder/spi-builder-workspace/.derivedData/Build/Products/Debug-appletvos -Isystem /Applications/Xcode-27.0.0-Release.Candidate.app/Contents/Developer/Platforms/AppleTVOS.platform/Developer/usr/lib -F /Users/admin/builder/spi-builder-workspace/.derivedData/Build/Products/Debug-appletvos -F /Applications/Xcode-27.0.0-Release.Candidate.app/Contents/Developer/Platforms/AppleTVOS.platform/Developer/Library/Frameworks -F /Applications/Xcode-27.0.0-Release.Candidate.app/Contents/Developer/Platforms/AppleTVOS.platform/Developer/SDKs/AppleTVOS27.0.sdk/Developer/Library/Frameworks -c -j10 -enable-batch-mode -incremental -Xcc -ivfsstatcache -Xcc /Users/admin/builder/spi-builder-workspace/.derivedData/SDKStatCaches.noindex/appletvos27.0-24J360-e829b21a6f8c9b70876ba0858053c044b32bfd8d43560033f8d89884cdb90028.sdkstatcache -output-file-map /Users/admin/builder/spi-builder-workspace/.derivedData/Build/Intermediates.noindex/Succinct.build/Debug-appletvos/Succinct-t.build/Objects-normal/arm64/Succinct-OutputFileMap.json -save-temps -no-color-diagnostics -explicit-module-build -module-cache-path /Users/admin/builder/spi-builder-workspace/.derivedData/Build/Intermediates.noindex/SwiftExplicitPrecompiledModules -clang-scanner-module-cache-path /Users/admin/builder/spi-builder-workspace/.derivedData/ModuleCache.noindex -sdk-module-cache-path /Users/admin/builder/spi-builder-workspace/.derivedData/SDKExplicitPrecompiledModules -emit-dependencies -emit-module -emit-module-path /Users/admin/builder/spi-builder-workspace/.derivedData/Build/Intermediates.noindex/Succinct.build/Debug-appletvos/Succinct-t.build/Objects-normal/arm64/Succinct.swiftmodule -serialize-diagnostics -dependency-scan-serialize-diagnostics-path /Users/admin/builder/spi-builder-workspace/.derivedData/Build/Intermediates.noindex/Succinct.build/Debug-appletvos/Succinct-t.build/Objects-normal/arm64/Succinct-dependency-scan.dia -validate-clang-modules-once -clang-build-session-file /Users/admin/builder/spi-builder-workspace/.derivedData/ModuleCache.noindex/Session.modulevalidation -Xcc -fmodules-prune-interval\=86400 -Xcc -fmodules-prune-after\=345600 -emit-const-values -const-gather-protocols-list /Users/admin/builder/spi-builder-workspace/.derivedData/Build/Intermediates.noindex/Succinct.build/Debug-appletvos/Succinct-t.build/Objects-normal/arm64/Succinct_const_extract_protocols.json -Xcc -I/Users/admin/builder/spi-builder-workspace/.derivedData/Build/Products/Debug-appletvos/include -Xcc -I/Users/admin/builder/spi-builder-workspace/.derivedData/Build/Intermediates.noindex/Succinct.build/Debug-appletvos/Succinct-t.build/DerivedSources-normal/arm64 -Xcc -I/Users/admin/builder/spi-builder-workspace/.derivedData/Build/Intermediates.noindex/Succinct.build/Debug-appletvos/Succinct-t.build/DerivedSources/arm64 -Xcc -I/Users/admin/builder/spi-builder-workspace/.derivedData/Build/Intermediates.noindex/Succinct.build/Debug-appletvos/Succinct-t.build/DerivedSources -Xcc -DSWIFT_PACKAGE -Xcc -DDEBUG\=1 -emit-objc-header -emit-objc-header-path /Users/admin/builder/spi-builder-workspace/.derivedData/Build/Intermediates.noindex/Succinct.build/Debug-appletvos/Succinct-t.build/Objects-normal/arm64/Succinct-Swift.h -working-directory /Users/admin/builder/spi-builder-workspace/.swiftpm/xcode -experimental-emit-module-separately -disable-cmo
SwiftCompile normal arm64 Compiling\ UISwitch+Readability.swift,\ UISwitch+Tap.swift,\ UITabBarController+TabInteractions.swift,\ UITableView+Evaluations.swift,\ IsMapView.swift,\ UIView+MKMapView.swift,\ IsButtonWithExactText.swift /Users/admin/builder/spi-builder-workspace/Succinct/UISwitch/UISwitch+Readability.swift /Users/admin/builder/spi-builder-workspace/Succinct/UISwitch/UISwitch+Tap.swift /Users/admin/builder/spi-builder-workspace/Succinct/UITabBarController/UITabBarController+TabInteractions.swift /Users/admin/builder/spi-builder-workspace/Succinct/UITableView/UITableView+Evaluations.swift /Users/admin/builder/spi-builder-workspace/Succinct/UIView/MKMapView/IsMapView.swift /Users/admin/builder/spi-builder-workspace/Succinct/UIView/MKMapView/UIView+MKMapView.swift /Users/admin/builder/spi-builder-workspace/Succinct/UIView/UIButton/IsButtonWithExactText.swift (in target 'Succinct' from project 'Succinct')
SwiftCompile normal arm64 /Users/admin/builder/spi-builder-workspace/Succinct/UISwitch/UISwitch+Readability.swift (in target 'Succinct' from project 'Succinct')
    cd /Users/admin/builder/spi-builder-workspace/.swiftpm/xcode
    builtin-SwiftPerFileCompile UISwitch+Readability.swift
SwiftCompile normal arm64 /Users/admin/builder/spi-builder-workspace/Succinct/UISwitch/UISwitch+Tap.swift (in target 'Succinct' from project 'Succinct')
    cd /Users/admin/builder/spi-builder-workspace/.swiftpm/xcode
    builtin-SwiftPerFileCompile UISwitch+Tap.swift
SwiftCompile normal arm64 /Users/admin/builder/spi-builder-workspace/Succinct/UITabBarController/UITabBarController+TabInteractions.swift (in target 'Succinct' from project 'Succinct')
    cd /Users/admin/builder/spi-builder-workspace/.swiftpm/xcode
    builtin-SwiftPerFileCompile UITabBarController+TabInteractions.swift
SwiftCompile normal arm64 /Users/admin/builder/spi-builder-workspace/Succinct/UITableView/UITableView+Evaluations.swift (in target 'Succinct' from project 'Succinct')
    cd /Users/admin/builder/spi-builder-workspace/.swiftpm/xcode
    builtin-SwiftPerFileCompile UITableView+Evaluations.swift
SwiftCompile normal arm64 /Users/admin/builder/spi-builder-workspace/Succinct/UIView/MKMapView/IsMapView.swift (in target 'Succinct' from project 'Succinct')
    cd /Users/admin/builder/spi-builder-workspace/.swiftpm/xcode
    builtin-SwiftPerFileCompile IsMapView.swift
SwiftCompile normal arm64 /Users/admin/builder/spi-builder-workspace/Succinct/UIView/MKMapView/UIView+MKMapView.swift (in target 'Succinct' from project 'Succinct')
    cd /Users/admin/builder/spi-builder-workspace/.swiftpm/xcode
    builtin-SwiftPerFileCompile UIView+MKMapView.swift
SwiftCompile normal arm64 /Users/admin/builder/spi-builder-workspace/Succinct/UIView/UIButton/IsButtonWithExactText.swift (in target 'Succinct' from project 'Succinct')
    cd /Users/admin/builder/spi-builder-workspace/.swiftpm/xcode
    builtin-SwiftPerFileCompile IsButtonWithExactText.swift
/Users/admin/builder/spi-builder-workspace/Succinct/UISwitch/UISwitch+Readability.swift:4:11: error: 'UISwitch' is unavailable in tvOS
 2 |
 3 | // MARK: - Convenience Properties
 4 | extension UISwitch {
   |           `- error: 'UISwitch' is unavailable in tvOS
 5 |     ///
 6 |     /// Convenience property which indicates if the UISwitch is off. This can be helpful when writing assertions as opposed to testing the isOn property.
/Applications/Xcode-27.0.0-Release.Candidate.app/Contents/Developer/Platforms/AppleTVOS.platform/Developer/SDKs/AppleTVOS27.0.sdk/System/Library/Frameworks/UIKit.framework/Headers/UISwitch.h:23:12: note: 'UISwitch' has been explicitly marked unavailable here
21 |
22 | UIKIT_EXTERN API_AVAILABLE(ios(2.0)) API_UNAVAILABLE(tvos, watchos) NS_SWIFT_UI_ACTOR
23 | @interface UISwitch : UIControl <NSCoding>
   |            `- note: 'UISwitch' has been explicitly marked unavailable here
24 |
25 | @property(nullable, nonatomic, strong) UIColor *onTintColor API_AVAILABLE(ios(5.0)) UI_APPEARANCE_SELECTOR;
SwiftCompile normal arm64 Compiling\ UIView+UILabel.swift,\ UIView+hasSegmentedControlSegmentSelected.swift,\ UIView+Readability.swift,\ UIView+UIBarButtonItem.swift,\ UIView+UIDatePickerView.swift,\ UIView+UIPickerView.swift,\ UIView+UISegmentedControl.swift /Users/admin/builder/spi-builder-workspace/Succinct/UIView/UILabel/UIView+UILabel.swift /Users/admin/builder/spi-builder-workspace/Succinct/UIView/UISegmentedControl/UIView+hasSegmentedControlSegmentSelected.swift /Users/admin/builder/spi-builder-workspace/Succinct/UIView/UIView+Readability.swift /Users/admin/builder/spi-builder-workspace/Succinct/UIView/UIView+UIBarButtonItem.swift /Users/admin/builder/spi-builder-workspace/Succinct/UIView/UIView+UIDatePickerView.swift /Users/admin/builder/spi-builder-workspace/Succinct/UIView/UIView+UIPickerView.swift /Users/admin/builder/spi-builder-workspace/Succinct/UIView/UIView+UISegmentedControl.swift (in target 'Succinct' from project 'Succinct')
/Users/admin/builder/spi-builder-workspace/Succinct/UIView/UIView+UIBarButtonItem.swift:15:42: error: 'UIToolbar' is unavailable in tvOS
13 |     @objc internal func findBarButtonItem(systemItem searchSystemItem: UIBarButtonItem.SystemItem) -> UIBarButtonItem? {
14 |         for subview in subviews {
15 |             if let toolbar = subview as? UIToolbar {
   |                                          `- error: 'UIToolbar' is unavailable in tvOS
16 |                 for barButtonItem in toolbar.items ?? [] {
17 |                     if barButtonItem.systemItem == searchSystemItem {
/Applications/Xcode-27.0.0-Release.Candidate.app/Contents/Developer/Platforms/AppleTVOS.platform/Developer/SDKs/AppleTVOS27.0.sdk/System/Library/Frameworks/UIKit.framework/Headers/UIToolbar.h:23:12: note: 'UIToolbar' has been explicitly marked unavailable here
21 |
22 | UIKIT_EXTERN API_AVAILABLE(ios(2.0)) API_UNAVAILABLE(tvos, watchos) NS_SWIFT_UI_ACTOR
23 | @interface UIToolbar : UIView <UIBarPositioning>
   |            `- note: 'UIToolbar' has been explicitly marked unavailable here
24 |
25 | @property(nonatomic) UIBarStyle barStyle UI_APPEARANCE_SELECTOR API_UNAVAILABLE(tvos); // default is UIBarStyleDefault
/Users/admin/builder/spi-builder-workspace/Succinct/UIView/UIView+UIBarButtonItem.swift:41:42: error: 'UIToolbar' is unavailable in tvOS
39 |     @objc internal func findBarButtonItem(title searchTitle: String) -> UIBarButtonItem? {
40 |         for subview in subviews {
41 |             if let toolbar = subview as? UIToolbar {
   |                                          `- error: 'UIToolbar' is unavailable in tvOS
42 |                 for barButtonItem in toolbar.items ?? [] {
43 |                     if
/Applications/Xcode-27.0.0-Release.Candidate.app/Contents/Developer/Platforms/AppleTVOS.platform/Developer/SDKs/AppleTVOS27.0.sdk/System/Library/Frameworks/UIKit.framework/Headers/UIToolbar.h:23:12: note: 'UIToolbar' has been explicitly marked unavailable here
21 |
22 | UIKIT_EXTERN API_AVAILABLE(ios(2.0)) API_UNAVAILABLE(tvos, watchos) NS_SWIFT_UI_ACTOR
23 | @interface UIToolbar : UIView <UIBarPositioning>
   |            `- note: 'UIToolbar' has been explicitly marked unavailable here
24 |
25 | @property(nonatomic) UIBarStyle barStyle UI_APPEARANCE_SELECTOR API_UNAVAILABLE(tvos); // default is UIBarStyleDefault
/Users/admin/builder/spi-builder-workspace/Succinct/UIView/UIView+UIDatePickerView.swift:12:49: error: 'UIDatePicker' is unavailable in tvOS
10 |     /// - Returns: An optional UIDatePicker, if one is found.
11 |     ///
12 |     @objc internal func findDatePickerView() -> UIDatePicker? {
   |                                                 `- error: 'UIDatePicker' is unavailable in tvOS
13 |         return findInSubviews(
14 |             satisfyingCondition: SuccinctCondition({ $0.isDatePickerView() })
/Applications/Xcode-27.0.0-Release.Candidate.app/Contents/Developer/Platforms/AppleTVOS.platform/Developer/SDKs/AppleTVOS27.0.sdk/System/Library/Frameworks/UIKit.framework/Headers/UIDatePicker.h:40:12: note: 'UIDatePicker' has been explicitly marked unavailable here
38 |
39 | UIKIT_EXTERN API_AVAILABLE(ios(2.0)) API_UNAVAILABLE(tvos, watchos) NS_SWIFT_UI_ACTOR
40 | @interface UIDatePicker : UIControl <NSCoding>
   |            `- note: 'UIDatePicker' has been explicitly marked unavailable here
41 | @property (nonatomic) UIDatePickerMode datePickerMode; // default is UIDatePickerModeDateAndTime
42 |
/Users/admin/builder/spi-builder-workspace/Succinct/UIView/UIView+UIDatePickerView.swift:15:15: error: 'UIDatePicker' is unavailable in tvOS
13 |         return findInSubviews(
14 |             satisfyingCondition: SuccinctCondition({ $0.isDatePickerView() })
15 |         ) as? UIDatePicker
   |               `- error: 'UIDatePicker' is unavailable in tvOS
16 |     }
17 | }
/Applications/Xcode-27.0.0-Release.Candidate.app/Contents/Developer/Platforms/AppleTVOS.platform/Developer/SDKs/AppleTVOS27.0.sdk/System/Library/Frameworks/UIKit.framework/Headers/UIDatePicker.h:40:12: note: 'UIDatePicker' has been explicitly marked unavailable here
38 |
39 | UIKIT_EXTERN API_AVAILABLE(ios(2.0)) API_UNAVAILABLE(tvos, watchos) NS_SWIFT_UI_ACTOR
40 | @interface UIDatePicker : UIControl <NSCoding>
   |            `- note: 'UIDatePicker' has been explicitly marked unavailable here
41 | @property (nonatomic) UIDatePickerMode datePickerMode; // default is UIDatePickerModeDateAndTime
42 |
/Users/admin/builder/spi-builder-workspace/Succinct/UIView/UIView+UIDatePickerView.swift:36:23: error: 'UIDatePicker' is unavailable in tvOS
34 | fileprivate extension UIView {
35 |     func isDatePickerView() -> EvaluationResult {
36 |         guard self is UIDatePicker else {
   |                       `- error: 'UIDatePicker' is unavailable in tvOS
37 |             return .failure(IsDatePickerViewResultType.wrongType)
38 |         }
/Applications/Xcode-27.0.0-Release.Candidate.app/Contents/Developer/Platforms/AppleTVOS.platform/Developer/SDKs/AppleTVOS27.0.sdk/System/Library/Frameworks/UIKit.framework/Headers/UIDatePicker.h:40:12: note: 'UIDatePicker' has been explicitly marked unavailable here
38 |
39 | UIKIT_EXTERN API_AVAILABLE(ios(2.0)) API_UNAVAILABLE(tvos, watchos) NS_SWIFT_UI_ACTOR
40 | @interface UIDatePicker : UIControl <NSCoding>
   |            `- note: 'UIDatePicker' has been explicitly marked unavailable here
41 | @property (nonatomic) UIDatePickerMode datePickerMode; // default is UIDatePickerModeDateAndTime
42 |
/Users/admin/builder/spi-builder-workspace/Succinct/UIView/UIView+UIPickerView.swift:11:45: error: 'UIPickerView' is unavailable in tvOS
 9 |     /// - Returns: An optional UIPickerView, if one is found.
10 |     ///
11 |     @objc internal func findPickerView() -> UIPickerView? {
   |                                             `- error: 'UIPickerView' is unavailable in tvOS
12 |         return findInSubviews(
13 |             satisfyingCondition: SuccinctCondition({ $0.isPickerView() })
/Applications/Xcode-27.0.0-Release.Candidate.app/Contents/Developer/Platforms/AppleTVOS.platform/Developer/SDKs/AppleTVOS27.0.sdk/System/Library/Frameworks/UIKit.framework/Headers/UIPickerView.h:19:12: note: 'UIPickerView' has been explicitly marked unavailable here
17 |
18 | UIKIT_EXTERN API_AVAILABLE(ios(2.0)) API_UNAVAILABLE(tvos, watchos) NS_SWIFT_UI_ACTOR
19 | @interface UIPickerView : UIView <NSCoding>
   |            `- note: 'UIPickerView' has been explicitly marked unavailable here
20 |
21 | @property(nullable,nonatomic,weak) id<UIPickerViewDataSource> dataSource;                // default is nil. weak reference
/Users/admin/builder/spi-builder-workspace/Succinct/UIView/UIView+UIPickerView.swift:17:47: error: 'UIPickerView' is unavailable in tvOS
15 |     }
16 |
17 |     @objc internal func findPickerViews() -> [UIPickerView] {
   |                                               `- error: 'UIPickerView' is unavailable in tvOS
18 |         return filterSubviews(
19 |             satisfyingCondition: SuccinctCondition({ $0.isPickerView() })
/Applications/Xcode-27.0.0-Release.Candidate.app/Contents/Developer/Platforms/AppleTVOS.platform/Developer/SDKs/AppleTVOS27.0.sdk/System/Library/Frameworks/UIKit.framework/Headers/UIPickerView.h:19:12: note: 'UIPickerView' has been explicitly marked unavailable here
17 |
18 | UIKIT_EXTERN API_AVAILABLE(ios(2.0)) API_UNAVAILABLE(tvos, watchos) NS_SWIFT_UI_ACTOR
19 | @interface UIPickerView : UIView <NSCoding>
   |            `- note: 'UIPickerView' has been explicitly marked unavailable here
20 |
21 | @property(nullable,nonatomic,weak) id<UIPickerViewDataSource> dataSource;                // default is nil. weak reference
/Users/admin/builder/spi-builder-workspace/Succinct/UIView/UIView+UIPickerView.swift:14:15: error: 'UIPickerView' is unavailable in tvOS
12 |         return findInSubviews(
13 |             satisfyingCondition: SuccinctCondition({ $0.isPickerView() })
14 |         ) as? UIPickerView
   |               `- error: 'UIPickerView' is unavailable in tvOS
15 |     }
16 |
/Applications/Xcode-27.0.0-Release.Candidate.app/Contents/Developer/Platforms/AppleTVOS.platform/Developer/SDKs/AppleTVOS27.0.sdk/System/Library/Frameworks/UIKit.framework/Headers/UIPickerView.h:19:12: note: 'UIPickerView' has been explicitly marked unavailable here
17 |
18 | UIKIT_EXTERN API_AVAILABLE(ios(2.0)) API_UNAVAILABLE(tvos, watchos) NS_SWIFT_UI_ACTOR
19 | @interface UIPickerView : UIView <NSCoding>
   |            `- note: 'UIPickerView' has been explicitly marked unavailable here
20 |
21 | @property(nullable,nonatomic,weak) id<UIPickerViewDataSource> dataSource;                // default is nil. weak reference
/Users/admin/builder/spi-builder-workspace/Succinct/UIView/UIView+UIPickerView.swift:21:28: error: 'UIPickerView' is unavailable in tvOS
19 |             satisfyingCondition: SuccinctCondition({ $0.isPickerView() })
20 |         )
21 |             .map { view -> UIPickerView in
   |                            `- error: 'UIPickerView' is unavailable in tvOS
22 |                 view as! UIPickerView
23 |             }
/Applications/Xcode-27.0.0-Release.Candidate.app/Contents/Developer/Platforms/AppleTVOS.platform/Developer/SDKs/AppleTVOS27.0.sdk/System/Library/Frameworks/UIKit.framework/Headers/UIPickerView.h:19:12: note: 'UIPickerView' has been explicitly marked unavailable here
17 |
18 | UIKIT_EXTERN API_AVAILABLE(ios(2.0)) API_UNAVAILABLE(tvos, watchos) NS_SWIFT_UI_ACTOR
19 | @interface UIPickerView : UIView <NSCoding>
   |            `- note: 'UIPickerView' has been explicitly marked unavailable here
20 |
21 | @property(nullable,nonatomic,weak) id<UIPickerViewDataSource> dataSource;                // default is nil. weak reference
SwiftCompile normal arm64 /Users/admin/builder/spi-builder-workspace/Succinct/UIView/UILabel/UIView+UILabel.swift (in target 'Succinct' from project 'Succinct')
    cd /Users/admin/builder/spi-builder-workspace/.swiftpm/xcode
    builtin-SwiftPerFileCompile UIView+UILabel.swift
SwiftCompile normal arm64 /Users/admin/builder/spi-builder-workspace/Succinct/UIView/UISegmentedControl/UIView+hasSegmentedControlSegmentSelected.swift (in target 'Succinct' from project 'Succinct')
    cd /Users/admin/builder/spi-builder-workspace/.swiftpm/xcode
    builtin-SwiftPerFileCompile UIView+hasSegmentedControlSegmentSelected.swift
SwiftCompile normal arm64 /Users/admin/builder/spi-builder-workspace/Succinct/UIView/UIView+Readability.swift (in target 'Succinct' from project 'Succinct')
    cd /Users/admin/builder/spi-builder-workspace/.swiftpm/xcode
    builtin-SwiftPerFileCompile UIView+Readability.swift
SwiftCompile normal arm64 /Users/admin/builder/spi-builder-workspace/Succinct/UIView/UIView+UIBarButtonItem.swift (in target 'Succinct' from project 'Succinct')
    cd /Users/admin/builder/spi-builder-workspace/.swiftpm/xcode
    builtin-SwiftPerFileCompile UIView+UIBarButtonItem.swift
SwiftCompile normal arm64 /Users/admin/builder/spi-builder-workspace/Succinct/UIView/UIView+UIDatePickerView.swift (in target 'Succinct' from project 'Succinct')
    cd /Users/admin/builder/spi-builder-workspace/.swiftpm/xcode
    builtin-SwiftPerFileCompile UIView+UIDatePickerView.swift
SwiftCompile normal arm64 /Users/admin/builder/spi-builder-workspace/Succinct/UIView/UIView+UIPickerView.swift (in target 'Succinct' from project 'Succinct')
    cd /Users/admin/builder/spi-builder-workspace/.swiftpm/xcode
    builtin-SwiftPerFileCompile UIView+UIPickerView.swift
SwiftCompile normal arm64 /Users/admin/builder/spi-builder-workspace/Succinct/UIView/UIView+UISegmentedControl.swift (in target 'Succinct' from project 'Succinct')
    cd /Users/admin/builder/spi-builder-workspace/.swiftpm/xcode
    builtin-SwiftPerFileCompile UIView+UISegmentedControl.swift
/Users/admin/builder/spi-builder-workspace/Succinct/UIView/UIView+UIPickerView.swift:22:26: error: 'UIPickerView' is unavailable in tvOS
20 |         )
21 |             .map { view -> UIPickerView in
22 |                 view as! UIPickerView
   |                          `- error: 'UIPickerView' is unavailable in tvOS
23 |             }
24 |     }
/Applications/Xcode-27.0.0-Release.Candidate.app/Contents/Developer/Platforms/AppleTVOS.platform/Developer/SDKs/AppleTVOS27.0.sdk/System/Library/Frameworks/UIKit.framework/Headers/UIPickerView.h:19:12: note: 'UIPickerView' has been explicitly marked unavailable here
17 |
18 | UIKIT_EXTERN API_AVAILABLE(ios(2.0)) API_UNAVAILABLE(tvos, watchos) NS_SWIFT_UI_ACTOR
19 | @interface UIPickerView : UIView <NSCoding>
   |            `- note: 'UIPickerView' has been explicitly marked unavailable here
20 |
21 | @property(nullable,nonatomic,weak) id<UIPickerViewDataSource> dataSource;                // default is nil. weak reference
SwiftCompile normal arm64 Compiling\ ViewHierarchyLogger.swift,\ NSObject+MemoryAddress.swift,\ NSAttributedString+Attributes.swift,\ Optional+NilCheck.swift,\ PrivateTypes.swift,\ UIBarButtonItem+Extensions.swift,\ UIButton+Tap.swift /Users/admin/builder/spi-builder-workspace/Succinct/DebugLog/ViewHierarchyLogger.swift /Users/admin/builder/spi-builder-workspace/Succinct/Memory/NSObject+MemoryAddress.swift /Users/admin/builder/spi-builder-workspace/Succinct/NSAttributedString/NSAttributedString+Attributes.swift /Users/admin/builder/spi-builder-workspace/Succinct/Optional/Optional+NilCheck.swift /Users/admin/builder/spi-builder-workspace/Succinct/PrivateTypes/PrivateTypes.swift /Users/admin/builder/spi-builder-workspace/Succinct/UIBarButtonItem/UIBarButtonItem+Extensions.swift /Users/admin/builder/spi-builder-workspace/Succinct/UIButton/UIButton+Tap.swift (in target 'Succinct' from project 'Succinct')
SwiftCompile normal arm64 /Users/admin/builder/spi-builder-workspace/Succinct/DebugLog/ViewHierarchyLogger.swift (in target 'Succinct' from project 'Succinct')
    cd /Users/admin/builder/spi-builder-workspace/.swiftpm/xcode
    builtin-SwiftPerFileCompile ViewHierarchyLogger.swift
SwiftCompile normal arm64 /Users/admin/builder/spi-builder-workspace/Succinct/Memory/NSObject+MemoryAddress.swift (in target 'Succinct' from project 'Succinct')
    cd /Users/admin/builder/spi-builder-workspace/.swiftpm/xcode
    builtin-SwiftPerFileCompile NSObject+MemoryAddress.swift
SwiftCompile normal arm64 /Users/admin/builder/spi-builder-workspace/Succinct/NSAttributedString/NSAttributedString+Attributes.swift (in target 'Succinct' from project 'Succinct')
    cd /Users/admin/builder/spi-builder-workspace/.swiftpm/xcode
    builtin-SwiftPerFileCompile NSAttributedString+Attributes.swift
SwiftCompile normal arm64 /Users/admin/builder/spi-builder-workspace/Succinct/Optional/Optional+NilCheck.swift (in target 'Succinct' from project 'Succinct')
    cd /Users/admin/builder/spi-builder-workspace/.swiftpm/xcode
    builtin-SwiftPerFileCompile Optional+NilCheck.swift
SwiftCompile normal arm64 /Users/admin/builder/spi-builder-workspace/Succinct/PrivateTypes/PrivateTypes.swift (in target 'Succinct' from project 'Succinct')
    cd /Users/admin/builder/spi-builder-workspace/.swiftpm/xcode
    builtin-SwiftPerFileCompile PrivateTypes.swift
SwiftCompile normal arm64 /Users/admin/builder/spi-builder-workspace/Succinct/UIBarButtonItem/UIBarButtonItem+Extensions.swift (in target 'Succinct' from project 'Succinct')
    cd /Users/admin/builder/spi-builder-workspace/.swiftpm/xcode
    builtin-SwiftPerFileCompile UIBarButtonItem+Extensions.swift
SwiftCompile normal arm64 /Users/admin/builder/spi-builder-workspace/Succinct/UIButton/UIButton+Tap.swift (in target 'Succinct' from project 'Succinct')
    cd /Users/admin/builder/spi-builder-workspace/.swiftpm/xcode
    builtin-SwiftPerFileCompile UIButton+Tap.swift
SwiftEmitModule normal arm64 Emitting\ module\ for\ Succinct (in target 'Succinct' from project 'Succinct')
/Users/admin/builder/spi-builder-workspace/Succinct/UIPickerView/UIPickerView+SelectComponent.swift:3:11: error: 'UIPickerView' is unavailable in tvOS
 1 | import UIKit
 2 |
 3 | extension UIPickerView {
   |           `- error: 'UIPickerView' is unavailable in tvOS
 4 |     ///
 5 |     /// Loops through all components (columns) of a UIPickerView and searches the title text for each row of the current column for the specified search text. If a row title matching the search text is found, then that row will be selected.
/Applications/Xcode-27.0.0-Release.Candidate.app/Contents/Developer/Platforms/AppleTVOS.platform/Developer/SDKs/AppleTVOS27.0.sdk/System/Library/Frameworks/UIKit.framework/Headers/UIPickerView.h:19:12: note: 'UIPickerView' has been explicitly marked unavailable here
17 |
18 | UIKIT_EXTERN API_AVAILABLE(ios(2.0)) API_UNAVAILABLE(tvos, watchos) NS_SWIFT_UI_ACTOR
19 | @interface UIPickerView : UIView <NSCoding>
   |            `- note: 'UIPickerView' has been explicitly marked unavailable here
20 |
21 | @property(nullable,nonatomic,weak) id<UIPickerViewDataSource> dataSource;                // default is nil. weak reference
/Users/admin/builder/spi-builder-workspace/Succinct/UISlider/UISlider+SetValue.swift:3:11: error: 'UISlider' is unavailable in tvOS
1 | import UIKit
2 |
3 | extension UISlider {
  |           `- error: 'UISlider' is unavailable in tvOS
4 |     @objc internal func setValueAndFireTargetEvent(_ newValue: Float) {
5 |         value = newValue
/Applications/Xcode-27.0.0-Release.Candidate.app/Contents/Developer/Platforms/AppleTVOS.platform/Developer/SDKs/AppleTVOS27.0.sdk/System/Library/Frameworks/UIKit.framework/Headers/UISlider.h:26:12: note: 'UISlider' has been explicitly marked unavailable here
24 |
25 | UIKIT_EXTERN API_AVAILABLE(ios(2.0)) API_UNAVAILABLE(tvos, watchos) NS_SWIFT_UI_ACTOR
26 | @interface UISlider : UIControl <NSCoding>
   |            `- note: 'UISlider' has been explicitly marked unavailable here
27 |
28 | @property(nonatomic) float value;                                 // default 0.0. this value will be pinned to min/max
/Users/admin/builder/spi-builder-workspace/Succinct/UISwitch/UISwitch+Readability.swift:4:11: error: 'UISwitch' is unavailable in tvOS
 2 |
 3 | // MARK: - Convenience Properties
 4 | extension UISwitch {
   |           `- error: 'UISwitch' is unavailable in tvOS
 5 |     ///
 6 |     /// Convenience property which indicates if the UISwitch is off. This can be helpful when writing assertions as opposed to testing the isOn property.
/Applications/Xcode-27.0.0-Release.Candidate.app/Contents/Developer/Platforms/AppleTVOS.platform/Developer/SDKs/AppleTVOS27.0.sdk/System/Library/Frameworks/UIKit.framework/Headers/UISwitch.h:23:12: note: 'UISwitch' has been explicitly marked unavailable here
21 |
22 | UIKIT_EXTERN API_AVAILABLE(ios(2.0)) API_UNAVAILABLE(tvos, watchos) NS_SWIFT_UI_ACTOR
23 | @interface UISwitch : UIControl <NSCoding>
   |            `- note: 'UISwitch' has been explicitly marked unavailable here
24 |
25 | @property(nullable, nonatomic, strong) UIColor *onTintColor API_AVAILABLE(ios(5.0)) UI_APPEARANCE_SELECTOR;
/Users/admin/builder/spi-builder-workspace/Succinct/UISwitch/UISwitch+Tap.swift:3:11: error: 'UISwitch' is unavailable in tvOS
 1 | import UIKit
 2 |
 3 | extension UISwitch {
   |           `- error: 'UISwitch' is unavailable in tvOS
 4 |     ///
 5 |     /// Simulates tapping a UISwitch control by sending the `.touchUpInside` event action. Since simply sending the action does not change the state of the UISwitch, this method also flips the `isOn` property to simulate the effect tapping the switch would actually have.
/Applications/Xcode-27.0.0-Release.Candidate.app/Contents/Developer/Platforms/AppleTVOS.platform/Developer/SDKs/AppleTVOS27.0.sdk/System/Library/Frameworks/UIKit.framework/Headers/UISwitch.h:23:12: note: 'UISwitch' has been explicitly marked unavailable here
21 |
22 | UIKIT_EXTERN API_AVAILABLE(ios(2.0)) API_UNAVAILABLE(tvos, watchos) NS_SWIFT_UI_ACTOR
23 | @interface UISwitch : UIControl <NSCoding>
   |            `- note: 'UISwitch' has been explicitly marked unavailable here
24 |
25 | @property(nullable, nonatomic, strong) UIColor *onTintColor API_AVAILABLE(ios(5.0)) UI_APPEARANCE_SELECTOR;
/Users/admin/builder/spi-builder-workspace/Succinct/UIView/UIView+UIDatePickerView.swift:12:49: error: 'UIDatePicker' is unavailable in tvOS
10 |     /// - Returns: An optional UIDatePicker, if one is found.
11 |     ///
12 |     @objc internal func findDatePickerView() -> UIDatePicker? {
   |                                                 `- error: 'UIDatePicker' is unavailable in tvOS
13 |         return findInSubviews(
14 |             satisfyingCondition: SuccinctCondition({ $0.isDatePickerView() })
/Applications/Xcode-27.0.0-Release.Candidate.app/Contents/Developer/Platforms/AppleTVOS.platform/Developer/SDKs/AppleTVOS27.0.sdk/System/Library/Frameworks/UIKit.framework/Headers/UIDatePicker.h:40:12: note: 'UIDatePicker' has been explicitly marked unavailable here
38 |
39 | UIKIT_EXTERN API_AVAILABLE(ios(2.0)) API_UNAVAILABLE(tvos, watchos) NS_SWIFT_UI_ACTOR
40 | @interface UIDatePicker : UIControl <NSCoding>
   |            `- note: 'UIDatePicker' has been explicitly marked unavailable here
41 | @property (nonatomic) UIDatePickerMode datePickerMode; // default is UIDatePickerModeDateAndTime
42 |
/Users/admin/builder/spi-builder-workspace/Succinct/UIView/UIView+UIPickerView.swift:11:45: error: 'UIPickerView' is unavailable in tvOS
 9 |     /// - Returns: An optional UIPickerView, if one is found.
10 |     ///
11 |     @objc internal func findPickerView() -> UIPickerView? {
   |                                             `- error: 'UIPickerView' is unavailable in tvOS
12 |         return findInSubviews(
13 |             satisfyingCondition: SuccinctCondition({ $0.isPickerView() })
/Applications/Xcode-27.0.0-Release.Candidate.app/Contents/Developer/Platforms/AppleTVOS.platform/Developer/SDKs/AppleTVOS27.0.sdk/System/Library/Frameworks/UIKit.framework/Headers/UIPickerView.h:19:12: note: 'UIPickerView' has been explicitly marked unavailable here
17 |
18 | UIKIT_EXTERN API_AVAILABLE(ios(2.0)) API_UNAVAILABLE(tvos, watchos) NS_SWIFT_UI_ACTOR
19 | @interface UIPickerView : UIView <NSCoding>
   |            `- note: 'UIPickerView' has been explicitly marked unavailable here
20 |
21 | @property(nullable,nonatomic,weak) id<UIPickerViewDataSource> dataSource;                // default is nil. weak reference
/Users/admin/builder/spi-builder-workspace/Succinct/UIView/UIView+UIPickerView.swift:17:47: error: 'UIPickerView' is unavailable in tvOS
15 |     }
16 |
17 |     @objc internal func findPickerViews() -> [UIPickerView] {
   |                                               `- error: 'UIPickerView' is unavailable in tvOS
18 |         return filterSubviews(
19 |             satisfyingCondition: SuccinctCondition({ $0.isPickerView() })
/Applications/Xcode-27.0.0-Release.Candidate.app/Contents/Developer/Platforms/AppleTVOS.platform/Developer/SDKs/AppleTVOS27.0.sdk/System/Library/Frameworks/UIKit.framework/Headers/UIPickerView.h:19:12: note: 'UIPickerView' has been explicitly marked unavailable here
17 |
18 | UIKIT_EXTERN API_AVAILABLE(ios(2.0)) API_UNAVAILABLE(tvos, watchos) NS_SWIFT_UI_ACTOR
19 | @interface UIPickerView : UIView <NSCoding>
   |            `- note: 'UIPickerView' has been explicitly marked unavailable here
20 |
21 | @property(nullable,nonatomic,weak) id<UIPickerViewDataSource> dataSource;                // default is nil. weak reference
/Users/admin/builder/spi-builder-workspace/Succinct/UIView/UIView+UISlider.swift:21:69: error: 'UISlider' is unavailable in tvOS
19 |     /// - Returns: An optional UISlider, if one is found.
20 |     ///
21 |     @objc internal func findSlider(withValue searchValue: Float) -> UISlider? {
   |                                                                     `- error: 'UISlider' is unavailable in tvOS
22 |         for subview in subviews {
23 |             if let slider = subview as? UISlider {
/Applications/Xcode-27.0.0-Release.Candidate.app/Contents/Developer/Platforms/AppleTVOS.platform/Developer/SDKs/AppleTVOS27.0.sdk/System/Library/Frameworks/UIKit.framework/Headers/UISlider.h:26:12: note: 'UISlider' has been explicitly marked unavailable here
24 |
25 | UIKIT_EXTERN API_AVAILABLE(ios(2.0)) API_UNAVAILABLE(tvos, watchos) NS_SWIFT_UI_ACTOR
26 | @interface UISlider : UIControl <NSCoding>
   |            `- note: 'UISlider' has been explicitly marked unavailable here
27 |
28 | @property(nonatomic) float value;                                 // default 0.0. this value will be pinned to min/max
/Users/admin/builder/spi-builder-workspace/Succinct/UIView/UIView+UIStepper.swift:20:58: error: 'UIStepper' is unavailable in tvOS
18 |     }
19 |
20 |     @objc internal func findStepper(withTag tag: Int) -> UIStepper? {
   |                                                          `- error: 'UIStepper' is unavailable in tvOS
21 |         for subview in subviews {
22 |             if let stepper = subview as? UIStepper, stepper.tag == tag {
/Applications/Xcode-27.0.0-Release.Candidate.app/Contents/Developer/Platforms/AppleTVOS.platform/Developer/SDKs/AppleTVOS27.0.sdk/System/Library/Frameworks/UIKit.framework/Headers/UIStepper.h:18:12: note: 'UIStepper' has been explicitly marked unavailable here
16 |
17 | UIKIT_EXTERN API_AVAILABLE(ios(5.0)) API_UNAVAILABLE(tvos, watchos) NS_SWIFT_UI_ACTOR
18 | @interface UIStepper : UIControl
   |            `- note: 'UIStepper' has been explicitly marked unavailable here
19 |
20 | @property(nonatomic,getter=isContinuous) BOOL continuous; // if YES, value change events are sent any time the value changes during interaction. default = YES
/Users/admin/builder/spi-builder-workspace/Succinct/UIView/UIView+UISwitch.swift:33:70: error: 'UISwitch' is unavailable in tvOS
31 |     /// - Returns: An optional UISwitch, if one is found.
32 |     ///
33 |     internal func findSwitch<T>(containedInView viewType: T.Type) -> UISwitch? where T: UIView {
   |                                                                      `- error: 'UISwitch' is unavailable in tvOS
34 |         for subview in subviews {
35 |             if subview.isKind(of: viewType) {
/Applications/Xcode-27.0.0-Release.Candidate.app/Contents/Developer/Platforms/AppleTVOS.platform/Developer/SDKs/AppleTVOS27.0.sdk/System/Library/Frameworks/UIKit.framework/Headers/UISwitch.h:23:12: note: 'UISwitch' has been explicitly marked unavailable here
21 |
22 | UIKIT_EXTERN API_AVAILABLE(ios(2.0)) API_UNAVAILABLE(tvos, watchos) NS_SWIFT_UI_ACTOR
23 | @interface UISwitch : UIControl <NSCoding>
   |            `- note: 'UISwitch' has been explicitly marked unavailable here
24 |
25 | @property(nullable, nonatomic, strong) UIColor *onTintColor API_AVAILABLE(ios(5.0)) UI_APPEARANCE_SELECTOR;
/Users/admin/builder/spi-builder-workspace/Succinct/UIView/UIView+UISwitch.swift:59:93: error: 'UISwitch' is unavailable in tvOS
57 |     /// - Returns: An optional UISwitch, if one is found.
58 |     ///
59 |     @objc internal func findSwitch(colocatedWithUILabelWithExactText searchText: String) -> UISwitch? {
   |                                                                                             `- error: 'UISwitch' is unavailable in tvOS
60 |         var matchingLabelWasFoundAtThisLevel = false
61 |
/Applications/Xcode-27.0.0-Release.Candidate.app/Contents/Developer/Platforms/AppleTVOS.platform/Developer/SDKs/AppleTVOS27.0.sdk/System/Library/Frameworks/UIKit.framework/Headers/UISwitch.h:23:12: note: 'UISwitch' has been explicitly marked unavailable here
21 |
22 | UIKIT_EXTERN API_AVAILABLE(ios(2.0)) API_UNAVAILABLE(tvos, watchos) NS_SWIFT_UI_ACTOR
23 | @interface UISwitch : UIControl <NSCoding>
   |            `- note: 'UISwitch' has been explicitly marked unavailable here
24 |
25 | @property(nullable, nonatomic, strong) UIColor *onTintColor API_AVAILABLE(ios(5.0)) UI_APPEARANCE_SELECTOR;
/Users/admin/builder/spi-builder-workspace/Succinct/UIViewController/UIViewController+UIDatePickerView.swift:23:47: error: 'UIDatePicker' is unavailable in tvOS
21 |     /// - Returns: An optional UIDatePicker, if one is found.
22 |     ///
23 |     @objc public func findDatePickerView() -> UIDatePicker? {
   |                                               `- error: 'UIDatePicker' is unavailable in tvOS
24 |         return view.findDatePickerView()
25 |     }
/Applications/Xcode-27.0.0-Release.Candidate.app/Contents/Developer/Platforms/AppleTVOS.platform/Developer/SDKs/AppleTVOS27.0.sdk/System/Library/Frameworks/UIKit.framework/Headers/UIDatePicker.h:40:12: note: 'UIDatePicker' has been explicitly marked unavailable here
38 |
39 | UIKIT_EXTERN API_AVAILABLE(ios(2.0)) API_UNAVAILABLE(tvos, watchos) NS_SWIFT_UI_ACTOR
40 | @interface UIDatePicker : UIControl <NSCoding>
   |            `- note: 'UIDatePicker' has been explicitly marked unavailable here
41 | @property (nonatomic) UIDatePickerMode datePickerMode; // default is UIDatePickerModeDateAndTime
42 |
/Users/admin/builder/spi-builder-workspace/Succinct/UIViewController/UIViewController+UIPickerView.swift:25:43: error: 'UIPickerView' is unavailable in tvOS
 23 |     /// - Returns: An optional UIPickerView, if one is found.
 24 |     ///
 25 |     @objc public func findPickerView() -> UIPickerView? {
    |                                           `- error: 'UIPickerView' is unavailable in tvOS
 26 |         return view.findPickerView()
 27 |     }
/Applications/Xcode-27.0.0-Release.Candidate.app/Contents/Developer/Platforms/AppleTVOS.platform/Developer/SDKs/AppleTVOS27.0.sdk/System/Library/Frameworks/UIKit.framework/Headers/UIPickerView.h:19:12: note: 'UIPickerView' has been explicitly marked unavailable here
17 |
18 | UIKIT_EXTERN API_AVAILABLE(ios(2.0)) API_UNAVAILABLE(tvos, watchos) NS_SWIFT_UI_ACTOR
19 | @interface UIPickerView : UIView <NSCoding>
   |            `- note: 'UIPickerView' has been explicitly marked unavailable here
20 |
21 | @property(nullable,nonatomic,weak) id<UIPickerViewDataSource> dataSource;                // default is nil. weak reference
/Users/admin/builder/spi-builder-workspace/Succinct/UIViewController/UIViewController+UISwitch.swift:23:68: error: 'UISwitch' is unavailable in tvOS
21 |     /// - Returns: An optional UISwitch, if one is found.
22 |     ///
23 |     public func findSwitch<T>(containedInView viewType: T.Type) -> UISwitch? where T: UIView {
   |                                                                    `- error: 'UISwitch' is unavailable in tvOS
24 |         return view.findSwitch(containedInView: viewType)
25 |     }
/Applications/Xcode-27.0.0-Release.Candidate.app/Contents/Developer/Platforms/AppleTVOS.platform/Developer/SDKs/AppleTVOS27.0.sdk/System/Library/Frameworks/UIKit.framework/Headers/UISwitch.h:23:12: note: 'UISwitch' has been explicitly marked unavailable here
21 |
22 | UIKIT_EXTERN API_AVAILABLE(ios(2.0)) API_UNAVAILABLE(tvos, watchos) NS_SWIFT_UI_ACTOR
23 | @interface UISwitch : UIControl <NSCoding>
   |            `- note: 'UISwitch' has been explicitly marked unavailable here
24 |
25 | @property(nullable, nonatomic, strong) UIColor *onTintColor API_AVAILABLE(ios(5.0)) UI_APPEARANCE_SELECTOR;
/Users/admin/builder/spi-builder-workspace/Succinct/UIViewController/UIViewController+UISwitch.swift:35:91: error: 'UISwitch' is unavailable in tvOS
33 |     /// - Returns: An optional UISwitch, if one is found.
34 |     ///
35 |     @objc public func findSwitch(colocatedWithUILabelWithExactText searchText: String) -> UISwitch? {
   |                                                                                           `- error: 'UISwitch' is unavailable in tvOS
36 |         return view.findSwitch(colocatedWithUILabelWithExactText: searchText)
37 |     }
/Applications/Xcode-27.0.0-Release.Candidate.app/Contents/Developer/Platforms/AppleTVOS.platform/Developer/SDKs/AppleTVOS27.0.sdk/System/Library/Frameworks/UIKit.framework/Headers/UISwitch.h:23:12: note: 'UISwitch' has been explicitly marked unavailable here
21 |
22 | UIKIT_EXTERN API_AVAILABLE(ios(2.0)) API_UNAVAILABLE(tvos, watchos) NS_SWIFT_UI_ACTOR
23 | @interface UISwitch : UIControl <NSCoding>
   |            `- note: 'UISwitch' has been explicitly marked unavailable here
24 |
25 | @property(nullable, nonatomic, strong) UIColor *onTintColor API_AVAILABLE(ios(5.0)) UI_APPEARANCE_SELECTOR;
Failed frontend command:
/Applications/Xcode-27.0.0-Release.Candidate.app/Contents/Developer/Toolchains/XcodeDefault.xctoolchain/usr/bin/swift-frontend -frontend -emit-module -experimental-skip-non-inlinable-function-bodies-without-types /Users/admin/builder/spi-builder-workspace/Succinct/Condition/SuccinctCondition.swift /Users/admin/builder/spi-builder-workspace/Succinct/Configuration/Logger.swift /Users/admin/builder/spi-builder-workspace/Succinct/Configuration/PrintOutputMethod.swift /Users/admin/builder/spi-builder-workspace/Succinct/Configuration/Succinct.swift /Users/admin/builder/spi-builder-workspace/Succinct/Configuration/SuccinctConfig.swift /Users/admin/builder/spi-builder-workspace/Succinct/DebugLog/EvaluationResult.swift /Users/admin/builder/spi-builder-workspace/Succinct/DebugLog/EvaluationResultType.swift /Users/admin/builder/spi-builder-workspace/Succinct/DebugLog/ViewHierarchyLogger.swift /Users/admin/builder/spi-builder-workspace/Succinct/Memory/NSObject+MemoryAddress.swift /Users/admin/builder/spi-builder-workspace/Succinct/NSAttributedString/NSAttributedString+Attributes.swift /Users/admin/builder/spi-builder-workspace/Succinct/Optional/Optional+NilCheck.swift /Users/admin/builder/spi-builder-workspace/Succinct/PrivateTypes/PrivateTypes.swift /Users/admin/builder/spi-builder-workspace/Succinct/UIBarButtonItem/UIBarButtonItem+Extensions.swift /Users/admin/builder/spi-builder-workspace/Succinct/UIButton/UIButton+Tap.swift /Users/admin/builder/spi-builder-workspace/Succinct/UICollectionView/UICollectionView+Evaluations.swift /Users/admin/builder/spi-builder-workspace/Succinct/UIControl/UIControl+Readability.swift /Users/admin/builder/spi-builder-workspace/Succinct/UINavigationController/UINavigationController+UILabel.swift /Users/admin/builder/spi-builder-workspace/Succinct/UINavigationItem/UINavigationItem+UIBarButtonItem.swift /Users/admin/builder/spi-builder-workspace/Succinct/UIPickerView/UIPickerView+SelectComponent.swift /Users/admin/builder/spi-builder-workspace/Succinct/UISegmentedControl/UISegmentedControl+UISegmentLabel.swift /Users/admin/builder/spi-builder-workspace/Succinct/UISlider/UISlider+SetValue.swift /Users/admin/builder/spi-builder-workspace/Succinct/UISwitch/UISwitch+Readability.swift /Users/admin/builder/spi-builder-workspace/Succinct/UISwitch/UISwitch+Tap.swift /Users/admin/builder/spi-builder-workspace/Succinct/UITabBarController/UITabBarController+TabInteractions.swift /Users/admin/builder/spi-builder-workspace/Succinct/UITableView/UITableView+Evaluations.swift /Users/admin/builder/spi-builder-workspace/Succinct/UIView/MKMapView/IsMapView.swift /Users/admin/builder/spi-builder-workspace/Succinct/UIView/MKMapView/UIView+MKMapView.swift /Users/admin/builder/spi-builder-workspace/Succinct/UIView/UIButton/IsButtonWithExactText.swift /Users/admin/builder/spi-builder-workspace/Succinct/UIView/UIButton/IsButtonWithImage.swift /Users/admin/builder/spi-builder-workspace/Succinct/UIView/UIButton/UIView+UIButton.swift /Users/admin/builder/spi-builder-workspace/Succinct/UIView/UIImage/IsImageViewWithImage.swift /Users/admin/builder/spi-builder-workspace/Succinct/UIView/UIImage/UIView+UIImage.swift /Users/admin/builder/spi-builder-workspace/Succinct/UIView/UIImage/UIView+UIImageView.swift /Users/admin/builder/spi-builder-workspace/Succinct/UIView/UILabel/IsLabelContainingText.swift /Users/admin/builder/spi-builder-workspace/Succinct/UIView/UILabel/IsLabelWithExactText.swift /Users/admin/builder/spi-builder-workspace/Succinct/UIView/UILabel/UIView+UILabel.swift /Users/admin/builder/spi-builder-workspace/Succinct/UIView/UISegmentedControl/UIView+hasSegmentedControlSegmentSelected.swift /Users/admin/builder/spi-builder-workspace/Succinct/UIView/UIView+Readability.swift /Users/admin/builder/spi-builder-workspace/Succinct/UIView/UIView+UIBarButtonItem.swift /Users/admin/builder/spi-builder-workspace/Succinct/UIView/UIView+UIDatePickerView.swift /Users/admin/builder/spi-builder-workspace/Succinct/UIView/UIView+UIPickerView.swift /Users/admin/builder/spi-builder-workspace/Succinct/UIView/UIView+UISegmentedControl.swift /Users/admin/builder/spi-builder-workspace/Succinct/UIView/UIView+UISlider.swift /Users/admin/builder/spi-builder-workspace/Succinct/UIView/UIView+UIStepper.swift /Users/admin/builder/spi-builder-workspace/Succinct/UIView/UIView+UISwitch.swift /Users/admin/builder/spi-builder-workspace/Succinct/UIView/UIView+UITextField.swift /Users/admin/builder/spi-builder-workspace/Succinct/UIView/UIView+UITextView.swift /Users/admin/builder/spi-builder-workspace/Succinct/UIView/UIView/UIView+countOfViewsWithBackgroundColor.swift /Users/admin/builder/spi-builder-workspace/Succinct/UIView/UIView/UIView+findInSubviews.swift /Users/admin/builder/spi-builder-workspace/Succinct/UIView/UIView/UIView+hasViewWithBackgroundColor.swift /Users/admin/builder/spi-builder-workspace/Succinct/UIViewController/UIViewController+Debugging.swift /Users/admin/builder/spi-builder-workspace/Succinct/UIViewController/UIViewController+MKMapView.swift /Users/admin/builder/spi-builder-workspace/Succinct/UIViewController/UIViewController+Testing.swift /Users/admin/builder/spi-builder-workspace/Succinct/UIViewController/UIViewController+UIBarButtonItem.swift /Users/admin/builder/spi-builder-workspace/Succinct/UIViewController/UIViewController+UIButton.swift /Users/admin/builder/spi-builder-workspace/Succinct/UIViewController/UIViewController+UIDatePickerView.swift /Users/admin/builder/spi-builder-workspace/Succinct/UIViewController/UIViewController+UIImage.swift /Users/admin/builder/spi-builder-workspace/Succinct/UIViewController/UIViewController+UILabel.swift /Users/admin/builder/spi-builder-workspace/Succinct/UIViewController/UIViewController+UIPickerView.swift /Users/admin/builder/spi-builder-workspace/Succinct/UIViewController/UIViewController+UISegmentedControl.swift /Users/admin/builder/spi-builder-workspace/Succinct/UIViewController/UIViewController+UISlider.swift /Users/admin/builder/spi-builder-workspace/Succinct/UIViewController/UIViewController+UIStepper.swift /Users/admin/builder/spi-builder-workspace/Succinct/UIViewController/UIViewController+UISwitch.swift /Users/admin/builder/spi-builder-workspace/Succinct/UIViewController/UIViewController+UITableView.swift /Users/admin/builder/spi-builder-workspace/Succinct/UIViewController/UIViewController+UITextField.swift /Users/admin/builder/spi-builder-workspace/Succinct/UIViewController/UIViewController+UITextView.swift /Users/admin/builder/spi-builder-workspace/Succinct/UIViewController/UIViewController+UIView.swift -target arm64-apple-tvos15.0 -disable-cross-import-overlay-search -swift-module-cross-import MapKit /Applications/Xcode-27.0.0-Release.Candidate.app/Contents/Developer/Platforms/AppleTVOS.platform/Developer/SDKs/AppleTVOS.sdk/System/Library/Frameworks/MapKit.framework/Modules/MapKit.swiftcrossimport/SwiftUI.swiftoverlay -swift-module-cross-import MapKit /Applications/Xcode-27.0.0-Release.Candidate.app/Contents/Developer/Platforms/AppleTVOS.platform/Developer/SDKs/AppleTVOS27.0.sdk/System/Library/Frameworks/MapKit.framework/Modules/MapKit.swiftcrossimport/SwiftUI.swiftoverlay -load-resolved-plugin /Applications/Xcode-27.0.0-Release.Candidate.app/Contents/Developer/Platforms/AppleTVOS.platform/Developer/usr/lib/swift/host/plugins/libFoundationMacros.dylib\#/Applications/Xcode-27.0.0-Release.Candidate.app/Contents/Developer/Platforms/AppleTVOS.platform/Developer/usr/bin/swift-plugin-server\#FoundationMacros -load-resolved-plugin /Applications/Xcode-27.0.0-Release.Candidate.app/Contents/Developer/Platforms/AppleTVOS.platform/Developer/usr/lib/swift/host/plugins/libObservationMacros.dylib\#/Applications/Xcode-27.0.0-Release.Candidate.app/Contents/Developer/Platforms/AppleTVOS.platform/Developer/usr/bin/swift-plugin-server\#ObservationMacros -load-resolved-plugin /Applications/Xcode-27.0.0-Release.Candidate.app/Contents/Developer/Platforms/AppleTVOS.platform/Developer/usr/lib/swift/host/plugins/libPreviewsMacros.dylib\#/Applications/Xcode-27.0.0-Release.Candidate.app/Contents/Developer/Platforms/AppleTVOS.platform/Developer/usr/bin/swift-plugin-server\#PreviewsMacros -load-resolved-plugin /Applications/Xcode-27.0.0-Release.Candidate.app/Contents/Developer/Platforms/AppleTVOS.platform/Developer/usr/lib/swift/host/plugins/libSwiftMacros.dylib\#/Applications/Xcode-27.0.0-Release.Candidate.app/Contents/Developer/Platforms/AppleTVOS.platform/Developer/usr/bin/swift-plugin-server\#SwiftMacros -load-resolved-plugin /Applications/Xcode-27.0.0-Release.Candidate.app/Contents/Developer/Platforms/AppleTVOS.platform/Developer/usr/lib/swift/host/plugins/libSwiftUIMacros.dylib\#/Applications/Xcode-27.0.0-Release.Candidate.app/Contents/Developer/Platforms/AppleTVOS.platform/Developer/usr/bin/swift-plugin-server\#SwiftUIMacros -disable-implicit-swift-modules -Xcc -fno-implicit-modules -Xcc -fno-implicit-module-maps -explicit-swift-module-map-file /Users/admin/builder/spi-builder-workspace/.derivedData/Build/Intermediates.noindex/Succinct.build/Debug-appletvos/Succinct-t.build/Objects-normal/arm64/Succinct-dependencies-1.json -Xllvm -aarch64-use-tbi -enable-objc-interop -stack-check -sdk /Applications/Xcode-27.0.0-Release.Candidate.app/Contents/Developer/Platforms/AppleTVOS.platform/Developer/SDKs/AppleTVOS27.0.sdk -I /Users/admin/builder/spi-builder-workspace/.derivedData/Build/Products/Debug-appletvos -Isystem /Applications/Xcode-27.0.0-Release.Candidate.app/Contents/Developer/Platforms/AppleTVOS.platform/Developer/usr/lib -F /Users/admin/builder/spi-builder-workspace/.derivedData/Build/Products/Debug-appletvos -F /Applications/Xcode-27.0.0-Release.Candidate.app/Contents/Developer/Platforms/AppleTVOS.platform/Developer/Library/Frameworks -F /Applications/Xcode-27.0.0-Release.Candidate.app/Contents/Developer/Platforms/AppleTVOS.platform/Developer/SDKs/AppleTVOS27.0.sdk/Developer/Library/Frameworks -module-cache-path /Users/admin/builder/spi-builder-workspace/.derivedData/Build/Intermediates.noindex/SwiftExplicitPrecompiledModules -no-color-diagnostics -Xcc -fno-color-diagnostics -enable-testing -g -debug-info-format\=dwarf -dwarf-version\=4 -profile-generate -profile-coverage-mapping -swift-version 5 -Onone -D SWIFT_PACKAGE -D DEBUG -D SWIFT_MODULE_RESOURCE_BUNDLE_UNAVAILABLE -D Xcode -serialize-debugging-options -enable-experimental-feature DebugDescriptionMacro -empty-abi-descriptor -validate-clang-modules-once -clang-build-session-file /Users/admin/builder/spi-builder-workspace/.derivedData/ModuleCache.noindex/Session.modulevalidation -Xcc -working-directory -Xcc /Users/admin/builder/spi-builder-workspace/.swiftpm/xcode -enable-anonymous-context-mangled-names -file-compilation-dir /Users/admin/builder/spi-builder-workspace/.swiftpm/xcode -Xcc -D_LIBCPP_HARDENING_MODE\=_LIBCPP_HARDENING_MODE_DEBUG -Xcc -ivfsstatcache -Xcc /Users/admin/builder/spi-builder-workspace/.derivedData/SDKStatCaches.noindex/appletvos27.0-24J360-e829b21a6f8c9b70876ba0858053c044b32bfd8d43560033f8d89884cdb90028.sdkstatcache -Xcc -fmodules-prune-interval\=86400 -Xcc -fmodules-prune-after\=345600 -Xcc -I/Users/admin/builder/spi-builder-workspace/.derivedData/Build/Products/Debug-appletvos/include -Xcc -I/Users/admin/builder/spi-builder-workspace/.derivedData/Build/Intermediates.noindex/Succinct.build/Debug-appletvos/Succinct-t.build/DerivedSources-normal/arm64 -Xcc -I/Users/admin/builder/spi-builder-workspace/.derivedData/Build/Intermediates.noindex/Succinct.build/Debug-appletvos/Succinct-t.build/DerivedSources/arm64 -Xcc -I/Users/admin/builder/spi-builder-workspace/.derivedData/Build/Intermediates.noindex/Succinct.build/Debug-appletvos/Succinct-t.build/DerivedSources -Xcc -DSWIFT_PACKAGE -Xcc -DDEBUG\=1 -no-auto-bridging-header-chaining -module-name Succinct -const-gather-protocols-file /Users/admin/builder/spi-builder-workspace/.derivedData/Build/Intermediates.noindex/Succinct.build/Debug-appletvos/Succinct-t.build/Objects-normal/arm64/Succinct_const_extract_protocols.json -disable-clang-spi -clang-target arm64-apple-tvos27.0 -target-sdk-version 27.0 -target-sdk-name appletvos27.0 -in-process-plugin-server-path /Applications/Xcode-27.0.0-Release.Candidate.app/Contents/Developer/Toolchains/XcodeDefault.xctoolchain/usr/lib/swift/host/libSwiftInProcPluginServer.dylib -emit-module-doc-path /Users/admin/builder/spi-builder-workspace/.derivedData/Build/Intermediates.noindex/Succinct.build/Debug-appletvos/Succinct-t.build/Objects-normal/arm64/Succinct.swiftdoc -emit-module-source-info-path /Users/admin/builder/spi-builder-workspace/.derivedData/Build/Intermediates.noindex/Succinct.build/Debug-appletvos/Succinct-t.build/Objects-normal/arm64/Succinct.swiftsourceinfo -emit-objc-header-path /Users/admin/builder/spi-builder-workspace/.derivedData/Build/Intermediates.noindex/Succinct.build/Debug-appletvos/Succinct-t.build/Objects-normal/arm64/Succinct-Swift.h -serialize-diagnostics-path /Users/admin/builder/spi-builder-workspace/.derivedData/Build/Intermediates.noindex/Succinct.build/Debug-appletvos/Succinct-t.build/Objects-normal/arm64/Succinct-primary-emit-module.dia -emit-dependencies-path /Users/admin/builder/spi-builder-workspace/.derivedData/Build/Intermediates.noindex/Succinct.build/Debug-appletvos/Succinct-t.build/Objects-normal/arm64/Succinct-primary-emit-module.d -parse-as-library -o /Users/admin/builder/spi-builder-workspace/.derivedData/Build/Intermediates.noindex/Succinct.build/Debug-appletvos/Succinct-t.build/Objects-normal/arm64/Succinct.swiftmodule -emit-abi-descriptor-path /Users/admin/builder/spi-builder-workspace/.derivedData/Build/Intermediates.noindex/Succinct.build/Debug-appletvos/Succinct-t.build/Objects-normal/arm64/Succinct.abi.json
SwiftCompile normal arm64 (in target 'Succinct' from project 'Succinct')
    cd /Users/admin/builder/spi-builder-workspace/.swiftpm/xcode

SwiftCompile normal arm64 Compiling\ UIView+hasViewWithBackgroundColor.swift,\ UIViewController+Debugging.swift,\ UIViewController+MKMapView.swift,\ UIViewController+Testing.swift,\ UIViewController+UIBarButtonItem.swift,\ UIViewController+UIButton.swift /Users/admin/builder/spi-builder-workspace/Succinct/UIView/UIView/UIView+hasViewWithBackgroundColor.swift /Users/admin/builder/spi-builder-workspace/Succinct/UIViewController/UIViewController+Debugging.swift /Users/admin/builder/spi-builder-workspace/Succinct/UIViewController/UIViewController+MKMapView.swift /Users/admin/builder/spi-builder-workspace/Succinct/UIViewController/UIViewController+Testing.swift /Users/admin/builder/spi-builder-workspace/Succinct/UIViewController/UIViewController+UIBarButtonItem.swift /Users/admin/builder/spi-builder-workspace/Succinct/UIViewController/UIViewController+UIButton.swift (in target 'Succinct' from project 'Succinct')
SwiftCompile normal arm64 /Users/admin/builder/spi-builder-workspace/Succinct/UIView/UIView/UIView+hasViewWithBackgroundColor.swift (in target 'Succinct' from project 'Succinct')
    cd /Users/admin/builder/spi-builder-workspace/.swiftpm/xcode
    builtin-SwiftPerFileCompile UIView+hasViewWithBackgroundColor.swift
SwiftCompile normal arm64 /Users/admin/builder/spi-builder-workspace/Succinct/UIViewController/UIViewController+Debugging.swift (in target 'Succinct' from project 'Succinct')
    cd /Users/admin/builder/spi-builder-workspace/.swiftpm/xcode
    builtin-SwiftPerFileCompile UIViewController+Debugging.swift
SwiftCompile normal arm64 /Users/admin/builder/spi-builder-workspace/Succinct/UIViewController/UIViewController+MKMapView.swift (in target 'Succinct' from project 'Succinct')
    cd /Users/admin/builder/spi-builder-workspace/.swiftpm/xcode
    builtin-SwiftPerFileCompile UIViewController+MKMapView.swift
SwiftCompile normal arm64 /Users/admin/builder/spi-builder-workspace/Succinct/UIViewController/UIViewController+Testing.swift (in target 'Succinct' from project 'Succinct')
    cd /Users/admin/builder/spi-builder-workspace/.swiftpm/xcode
    builtin-SwiftPerFileCompile UIViewController+Testing.swift
SwiftCompile normal arm64 /Users/admin/builder/spi-builder-workspace/Succinct/UIViewController/UIViewController+UIBarButtonItem.swift (in target 'Succinct' from project 'Succinct')
    cd /Users/admin/builder/spi-builder-workspace/.swiftpm/xcode
    builtin-SwiftPerFileCompile UIViewController+UIBarButtonItem.swift
SwiftCompile normal arm64 /Users/admin/builder/spi-builder-workspace/Succinct/UIViewController/UIViewController+UIButton.swift (in target 'Succinct' from project 'Succinct')
    cd /Users/admin/builder/spi-builder-workspace/.swiftpm/xcode
    builtin-SwiftPerFileCompile UIViewController+UIButton.swift
SwiftCompile normal arm64 Compiling\ UIView+UISlider.swift,\ UIView+UIStepper.swift,\ UIView+UISwitch.swift,\ UIView+UITextField.swift,\ UIView+UITextView.swift,\ UIView+countOfViewsWithBackgroundColor.swift,\ UIView+findInSubviews.swift /Users/admin/builder/spi-builder-workspace/Succinct/UIView/UIView+UISlider.swift /Users/admin/builder/spi-builder-workspace/Succinct/UIView/UIView+UIStepper.swift /Users/admin/builder/spi-builder-workspace/Succinct/UIView/UIView+UISwitch.swift /Users/admin/builder/spi-builder-workspace/Succinct/UIView/UIView+UITextField.swift /Users/admin/builder/spi-builder-workspace/Succinct/UIView/UIView+UITextView.swift /Users/admin/builder/spi-builder-workspace/Succinct/UIView/UIView/UIView+countOfViewsWithBackgroundColor.swift /Users/admin/builder/spi-builder-workspace/Succinct/UIView/UIView/UIView+findInSubviews.swift (in target 'Succinct' from project 'Succinct')
/Users/admin/builder/spi-builder-workspace/Succinct/UIView/UIView+UISlider.swift:21:69: error: 'UISlider' is unavailable in tvOS
19 |     /// - Returns: An optional UISlider, if one is found.
20 |     ///
21 |     @objc internal func findSlider(withValue searchValue: Float) -> UISlider? {
   |                                                                     `- error: 'UISlider' is unavailable in tvOS
22 |         for subview in subviews {
23 |             if let slider = subview as? UISlider {
/Applications/Xcode-27.0.0-Release.Candidate.app/Contents/Developer/Platforms/AppleTVOS.platform/Developer/SDKs/AppleTVOS27.0.sdk/System/Library/Frameworks/UIKit.framework/Headers/UISlider.h:26:12: note: 'UISlider' has been explicitly marked unavailable here
24 |
25 | UIKIT_EXTERN API_AVAILABLE(ios(2.0)) API_UNAVAILABLE(tvos, watchos) NS_SWIFT_UI_ACTOR
26 | @interface UISlider : UIControl <NSCoding>
   |            `- note: 'UISlider' has been explicitly marked unavailable here
27 |
28 | @property(nonatomic) float value;                                 // default 0.0. this value will be pinned to min/max
/Users/admin/builder/spi-builder-workspace/Succinct/UIView/UIView+UISlider.swift:23:41: error: 'UISlider' is unavailable in tvOS
21 |     @objc internal func findSlider(withValue searchValue: Float) -> UISlider? {
22 |         for subview in subviews {
23 |             if let slider = subview as? UISlider {
   |                                         `- error: 'UISlider' is unavailable in tvOS
24 |                 if slider.value == searchValue {
25 |                     return slider
/Applications/Xcode-27.0.0-Release.Candidate.app/Contents/Developer/Platforms/AppleTVOS.platform/Developer/SDKs/AppleTVOS27.0.sdk/System/Library/Frameworks/UIKit.framework/Headers/UISlider.h:26:12: note: 'UISlider' has been explicitly marked unavailable here
24 |
25 | UIKIT_EXTERN API_AVAILABLE(ios(2.0)) API_UNAVAILABLE(tvos, watchos) NS_SWIFT_UI_ACTOR
26 | @interface UISlider : UIControl <NSCoding>
   |            `- note: 'UISlider' has been explicitly marked unavailable here
27 |
28 | @property(nonatomic) float value;                                 // default 0.0. this value will be pinned to min/max
/Users/admin/builder/spi-builder-workspace/Succinct/UIView/UIView+UISlider.swift:46:36: error: 'UISlider' is unavailable in tvOS
44 |
45 |         for subview in subviews {
46 |             if let _ = subview as? UISlider {
   |                                    `- error: 'UISlider' is unavailable in tvOS
47 |                 sliderCount += 1
48 |             }
/Applications/Xcode-27.0.0-Release.Candidate.app/Contents/Developer/Platforms/AppleTVOS.platform/Developer/SDKs/AppleTVOS27.0.sdk/System/Library/Frameworks/UIKit.framework/Headers/UISlider.h:26:12: note: 'UISlider' has been explicitly marked unavailable here
24 |
25 | UIKIT_EXTERN API_AVAILABLE(ios(2.0)) API_UNAVAILABLE(tvos, watchos) NS_SWIFT_UI_ACTOR
26 | @interface UISlider : UIControl <NSCoding>
   |            `- note: 'UISlider' has been explicitly marked unavailable here
27 |
28 | @property(nonatomic) float value;                                 // default 0.0. this value will be pinned to min/max
/Users/admin/builder/spi-builder-workspace/Succinct/UIView/UIView+UIStepper.swift:20:58: error: 'UIStepper' is unavailable in tvOS
18 |     }
19 |
20 |     @objc internal func findStepper(withTag tag: Int) -> UIStepper? {
   |                                                          `- error: 'UIStepper' is unavailable in tvOS
21 |         for subview in subviews {
22 |             if let stepper = subview as? UIStepper, stepper.tag == tag {
/Applications/Xcode-27.0.0-Release.Candidate.app/Contents/Developer/Platforms/AppleTVOS.platform/Developer/SDKs/AppleTVOS27.0.sdk/System/Library/Frameworks/UIKit.framework/Headers/UIStepper.h:18:12: note: 'UIStepper' has been explicitly marked unavailable here
16 |
17 | UIKIT_EXTERN API_AVAILABLE(ios(5.0)) API_UNAVAILABLE(tvos, watchos) NS_SWIFT_UI_ACTOR
18 | @interface UIStepper : UIControl
   |            `- note: 'UIStepper' has been explicitly marked unavailable here
19 |
20 | @property(nonatomic,getter=isContinuous) BOOL continuous; // if YES, value change events are sent any time the value changes during interaction. default = YES
/Users/admin/builder/spi-builder-workspace/Succinct/UIView/UIView+UIStepper.swift:7:36: error: 'UIStepper' is unavailable in tvOS
 5 |         var thisLoopCount = currentCount
 6 |         for subview in subviews {
 7 |             if let _ = subview as? UIStepper {
   |                                    `- error: 'UIStepper' is unavailable in tvOS
 8 |                 thisLoopCount = thisLoopCount + 1
 9 |             }
/Applications/Xcode-27.0.0-Release.Candidate.app/Contents/Developer/Platforms/AppleTVOS.platform/Developer/SDKs/AppleTVOS27.0.sdk/System/Library/Frameworks/UIKit.framework/Headers/UIStepper.h:18:12: note: 'UIStepper' has been explicitly marked unavailable here
16 |
17 | UIKIT_EXTERN API_AVAILABLE(ios(5.0)) API_UNAVAILABLE(tvos, watchos) NS_SWIFT_UI_ACTOR
18 | @interface UIStepper : UIControl
   |            `- note: 'UIStepper' has been explicitly marked unavailable here
19 |
20 | @property(nonatomic,getter=isContinuous) BOOL continuous; // if YES, value change events are sent any time the value changes during interaction. default = YES
/Users/admin/builder/spi-builder-workspace/Succinct/UIView/UIView+UIStepper.swift:22:42: error: 'UIStepper' is unavailable in tvOS
20 |     @objc internal func findStepper(withTag tag: Int) -> UIStepper? {
21 |         for subview in subviews {
22 |             if let stepper = subview as? UIStepper, stepper.tag == tag {
   |                                          `- error: 'UIStepper' is unavailable in tvOS
23 |                 return stepper
24 |             }
/Applications/Xcode-27.0.0-Release.Candidate.app/Contents/Developer/Platforms/AppleTVOS.platform/Developer/SDKs/AppleTVOS27.0.sdk/System/Library/Frameworks/UIKit.framework/Headers/UIStepper.h:18:12: note: 'UIStepper' has been explicitly marked unavailable here
16 |
17 | UIKIT_EXTERN API_AVAILABLE(ios(5.0)) API_UNAVAILABLE(tvos, watchos) NS_SWIFT_UI_ACTOR
18 | @interface UIStepper : UIControl
   |            `- note: 'UIStepper' has been explicitly marked unavailable here
19 |
20 | @property(nonatomic,getter=isContinuous) BOOL continuous; // if YES, value change events are sent any time the value changes during interaction. default = YES
/Users/admin/builder/spi-builder-workspace/Succinct/UIView/UIView+UISwitch.swift:33:70: error: 'UISwitch' is unavailable in tvOS
31 |     /// - Returns: An optional UISwitch, if one is found.
32 |     ///
33 |     internal func findSwitch<T>(containedInView viewType: T.Type) -> UISwitch? where T: UIView {
   |                                                                      `- error: 'UISwitch' is unavailable in tvOS
34 |         for subview in subviews {
35 |             if subview.isKind(of: viewType) {
/Applications/Xcode-27.0.0-Release.Candidate.app/Contents/Developer/Platforms/AppleTVOS.platform/Developer/SDKs/AppleTVOS27.0.sdk/System/Library/Frameworks/UIKit.framework/Headers/UISwitch.h:23:12: note: 'UISwitch' has been explicitly marked unavailable here
21 |
22 | UIKIT_EXTERN API_AVAILABLE(ios(2.0)) API_UNAVAILABLE(tvos, watchos) NS_SWIFT_UI_ACTOR
23 | @interface UISwitch : UIControl <NSCoding>
   |            `- note: 'UISwitch' has been explicitly marked unavailable here
24 |
25 | @property(nullable, nonatomic, strong) UIColor *onTintColor API_AVAILABLE(ios(5.0)) UI_APPEARANCE_SELECTOR;
/Users/admin/builder/spi-builder-workspace/Succinct/UIView/UIView+UISwitch.swift:59:93: error: 'UISwitch' is unavailable in tvOS
57 |     /// - Returns: An optional UISwitch, if one is found.
58 |     ///
59 |     @objc internal func findSwitch(colocatedWithUILabelWithExactText searchText: String) -> UISwitch? {
   |                                                                                             `- error: 'UISwitch' is unavailable in tvOS
60 |         var matchingLabelWasFoundAtThisLevel = false
61 |
/Applications/Xcode-27.0.0-Release.Candidate.app/Contents/Developer/Platforms/AppleTVOS.platform/Developer/SDKs/AppleTVOS27.0.sdk/System/Library/Frameworks/UIKit.framework/Headers/UISwitch.h:23:12: note: 'UISwitch' has been explicitly marked unavailable here
21 |
22 | UIKIT_EXTERN API_AVAILABLE(ios(2.0)) API_UNAVAILABLE(tvos, watchos) NS_SWIFT_UI_ACTOR
23 | @interface UISwitch : UIControl <NSCoding>
   |            `- note: 'UISwitch' has been explicitly marked unavailable here
24 |
25 | @property(nullable, nonatomic, strong) UIColor *onTintColor API_AVAILABLE(ios(5.0)) UI_APPEARANCE_SELECTOR;
/Users/admin/builder/spi-builder-workspace/Succinct/UIView/UIView+UISwitch.swift:14:43: error: 'UISwitch' is unavailable in tvOS
12 |
13 |         for subview in subviews {
14 |             if let uiSwitch = subview as? UISwitch,
   |                                           `- error: 'UISwitch' is unavailable in tvOS
15 |                 uiSwitch.isOn == switchIsOn {
16 |                 switchesCounted += 1
/Applications/Xcode-27.0.0-Release.Candidate.app/Contents/Developer/Platforms/AppleTVOS.platform/Developer/SDKs/AppleTVOS27.0.sdk/System/Library/Frameworks/UIKit.framework/Headers/UISwitch.h:23:12: note: 'UISwitch' has been explicitly marked unavailable here
21 |
22 | UIKIT_EXTERN API_AVAILABLE(ios(2.0)) API_UNAVAILABLE(tvos, watchos) NS_SWIFT_UI_ACTOR
23 | @interface UISwitch : UIControl <NSCoding>
   |            `- note: 'UISwitch' has been explicitly marked unavailable here
24 |
25 | @property(nullable, nonatomic, strong) UIColor *onTintColor API_AVAILABLE(ios(5.0)) UI_APPEARANCE_SELECTOR;
/Users/admin/builder/spi-builder-workspace/Succinct/UIView/UIView+UISwitch.swift:37:54: error: 'UISwitch' is unavailable in tvOS
35 |             if subview.isKind(of: viewType) {
36 |                 for subSubView in subview.subviews {
37 |                     if let uiSwitch = subSubView as? UISwitch {
   |                                                      `- error: 'UISwitch' is unavailable in tvOS
38 |                         return uiSwitch
39 |                     }
/Applications/Xcode-27.0.0-Release.Candidate.app/Contents/Developer/Platforms/AppleTVOS.platform/Developer/SDKs/AppleTVOS27.0.sdk/System/Library/Frameworks/UIKit.framework/Headers/UISwitch.h:23:12: note: 'UISwitch' has been explicitly marked unavailable here
21 |
22 | UIKIT_EXTERN API_AVAILABLE(ios(2.0)) API_UNAVAILABLE(tvos, watchos) NS_SWIFT_UI_ACTOR
23 | @interface UISwitch : UIControl <NSCoding>
   |            `- note: 'UISwitch' has been explicitly marked unavailable here
24 |
25 | @property(nullable, nonatomic, strong) UIColor *onTintColor API_AVAILABLE(ios(5.0)) UI_APPEARANCE_SELECTOR;
SwiftCompile normal arm64 /Users/admin/builder/spi-builder-workspace/Succinct/UIView/UIView+UISlider.swift (in target 'Succinct' from project 'Succinct')
    cd /Users/admin/builder/spi-builder-workspace/.swiftpm/xcode
    builtin-SwiftPerFileCompile UIView+UISlider.swift
SwiftCompile normal arm64 /Users/admin/builder/spi-builder-workspace/Succinct/UIView/UIView+UIStepper.swift (in target 'Succinct' from project 'Succinct')
    cd /Users/admin/builder/spi-builder-workspace/.swiftpm/xcode
    builtin-SwiftPerFileCompile UIView+UIStepper.swift
SwiftCompile normal arm64 /Users/admin/builder/spi-builder-workspace/Succinct/UIView/UIView+UISwitch.swift (in target 'Succinct' from project 'Succinct')
    cd /Users/admin/builder/spi-builder-workspace/.swiftpm/xcode
    builtin-SwiftPerFileCompile UIView+UISwitch.swift
SwiftCompile normal arm64 /Users/admin/builder/spi-builder-workspace/Succinct/UIView/UIView+UITextField.swift (in target 'Succinct' from project 'Succinct')
    cd /Users/admin/builder/spi-builder-workspace/.swiftpm/xcode
    builtin-SwiftPerFileCompile UIView+UITextField.swift
SwiftCompile normal arm64 /Users/admin/builder/spi-builder-workspace/Succinct/UIView/UIView+UITextView.swift (in target 'Succinct' from project 'Succinct')
    cd /Users/admin/builder/spi-builder-workspace/.swiftpm/xcode
    builtin-SwiftPerFileCompile UIView+UITextView.swift
SwiftCompile normal arm64 /Users/admin/builder/spi-builder-workspace/Succinct/UIView/UIView/UIView+countOfViewsWithBackgroundColor.swift (in target 'Succinct' from project 'Succinct')
    cd /Users/admin/builder/spi-builder-workspace/.swiftpm/xcode
    builtin-SwiftPerFileCompile UIView+countOfViewsWithBackgroundColor.swift
SwiftCompile normal arm64 /Users/admin/builder/spi-builder-workspace/Succinct/UIView/UIView/UIView+findInSubviews.swift (in target 'Succinct' from project 'Succinct')
    cd /Users/admin/builder/spi-builder-workspace/.swiftpm/xcode
    builtin-SwiftPerFileCompile UIView+findInSubviews.swift
SwiftCompile normal arm64 Compiling\ SuccinctCondition.swift,\ Logger.swift,\ PrintOutputMethod.swift,\ Succinct.swift,\ SuccinctConfig.swift,\ EvaluationResult.swift,\ EvaluationResultType.swift /Users/admin/builder/spi-builder-workspace/Succinct/Condition/SuccinctCondition.swift /Users/admin/builder/spi-builder-workspace/Succinct/Configuration/Logger.swift /Users/admin/builder/spi-builder-workspace/Succinct/Configuration/PrintOutputMethod.swift /Users/admin/builder/spi-builder-workspace/Succinct/Configuration/Succinct.swift /Users/admin/builder/spi-builder-workspace/Succinct/Configuration/SuccinctConfig.swift /Users/admin/builder/spi-builder-workspace/Succinct/DebugLog/EvaluationResult.swift /Users/admin/builder/spi-builder-workspace/Succinct/DebugLog/EvaluationResultType.swift (in target 'Succinct' from project 'Succinct')
SwiftCompile normal arm64 /Users/admin/builder/spi-builder-workspace/Succinct/Condition/SuccinctCondition.swift (in target 'Succinct' from project 'Succinct')
    cd /Users/admin/builder/spi-builder-workspace/.swiftpm/xcode
    builtin-SwiftPerFileCompile SuccinctCondition.swift
SwiftCompile normal arm64 /Users/admin/builder/spi-builder-workspace/Succinct/Configuration/Logger.swift (in target 'Succinct' from project 'Succinct')
    cd /Users/admin/builder/spi-builder-workspace/.swiftpm/xcode
    builtin-SwiftPerFileCompile Logger.swift
SwiftCompile normal arm64 /Users/admin/builder/spi-builder-workspace/Succinct/Configuration/PrintOutputMethod.swift (in target 'Succinct' from project 'Succinct')
    cd /Users/admin/builder/spi-builder-workspace/.swiftpm/xcode
    builtin-SwiftPerFileCompile PrintOutputMethod.swift
SwiftCompile normal arm64 /Users/admin/builder/spi-builder-workspace/Succinct/Configuration/Succinct.swift (in target 'Succinct' from project 'Succinct')
    cd /Users/admin/builder/spi-builder-workspace/.swiftpm/xcode
    builtin-SwiftPerFileCompile Succinct.swift
SwiftCompile normal arm64 /Users/admin/builder/spi-builder-workspace/Succinct/Configuration/SuccinctConfig.swift (in target 'Succinct' from project 'Succinct')
    cd /Users/admin/builder/spi-builder-workspace/.swiftpm/xcode
    builtin-SwiftPerFileCompile SuccinctConfig.swift
SwiftCompile normal arm64 /Users/admin/builder/spi-builder-workspace/Succinct/DebugLog/EvaluationResult.swift (in target 'Succinct' from project 'Succinct')
    cd /Users/admin/builder/spi-builder-workspace/.swiftpm/xcode
    builtin-SwiftPerFileCompile EvaluationResult.swift
SwiftCompile normal arm64 /Users/admin/builder/spi-builder-workspace/Succinct/DebugLog/EvaluationResultType.swift (in target 'Succinct' from project 'Succinct')
    cd /Users/admin/builder/spi-builder-workspace/.swiftpm/xcode
    builtin-SwiftPerFileCompile EvaluationResultType.swift
SwiftCompile normal arm64 Compiling\ UIViewController+UIDatePickerView.swift,\ UIViewController+UIImage.swift,\ UIViewController+UILabel.swift,\ UIViewController+UIPickerView.swift,\ UIViewController+UISegmentedControl.swift,\ UIViewController+UISlider.swift /Users/admin/builder/spi-builder-workspace/Succinct/UIViewController/UIViewController+UIDatePickerView.swift /Users/admin/builder/spi-builder-workspace/Succinct/UIViewController/UIViewController+UIImage.swift /Users/admin/builder/spi-builder-workspace/Succinct/UIViewController/UIViewController+UILabel.swift /Users/admin/builder/spi-builder-workspace/Succinct/UIViewController/UIViewController+UIPickerView.swift /Users/admin/builder/spi-builder-workspace/Succinct/UIViewController/UIViewController+UISegmentedControl.swift /Users/admin/builder/spi-builder-workspace/Succinct/UIViewController/UIViewController+UISlider.swift (in target 'Succinct' from project 'Succinct')
/Users/admin/builder/spi-builder-workspace/Succinct/UIViewController/UIViewController+UIDatePickerView.swift:23:47: error: 'UIDatePicker' is unavailable in tvOS
21 |     /// - Returns: An optional UIDatePicker, if one is found.
22 |     ///
23 |     @objc public func findDatePickerView() -> UIDatePicker? {
   |                                               `- error: 'UIDatePicker' is unavailable in tvOS
24 |         return view.findDatePickerView()
25 |     }
/Applications/Xcode-27.0.0-Release.Candidate.app/Contents/Developer/Platforms/AppleTVOS.platform/Developer/SDKs/AppleTVOS27.0.sdk/System/Library/Frameworks/UIKit.framework/Headers/UIDatePicker.h:40:12: note: 'UIDatePicker' has been explicitly marked unavailable here
38 |
39 | UIKIT_EXTERN API_AVAILABLE(ios(2.0)) API_UNAVAILABLE(tvos, watchos) NS_SWIFT_UI_ACTOR
40 | @interface UIDatePicker : UIControl <NSCoding>
   |            `- note: 'UIDatePicker' has been explicitly marked unavailable here
41 | @property (nonatomic) UIDatePickerMode datePickerMode; // default is UIDatePickerModeDateAndTime
42 |
/Users/admin/builder/spi-builder-workspace/Succinct/UIViewController/UIViewController+UIPickerView.swift:25:43: error: 'UIPickerView' is unavailable in tvOS
 23 |     /// - Returns: An optional UIPickerView, if one is found.
 24 |     ///
 25 |     @objc public func findPickerView() -> UIPickerView? {
    |                                           `- error: 'UIPickerView' is unavailable in tvOS
 26 |         return view.findPickerView()
 27 |     }
/Applications/Xcode-27.0.0-Release.Candidate.app/Contents/Developer/Platforms/AppleTVOS.platform/Developer/SDKs/AppleTVOS27.0.sdk/System/Library/Frameworks/UIKit.framework/Headers/UIPickerView.h:19:12: note: 'UIPickerView' has been explicitly marked unavailable here
17 |
18 | UIKIT_EXTERN API_AVAILABLE(ios(2.0)) API_UNAVAILABLE(tvos, watchos) NS_SWIFT_UI_ACTOR
19 | @interface UIPickerView : UIView <NSCoding>
   |            `- note: 'UIPickerView' has been explicitly marked unavailable here
20 |
21 | @property(nullable,nonatomic,weak) id<UIPickerViewDataSource> dataSource;                // default is nil. weak reference
/Users/admin/builder/spi-builder-workspace/Succinct/UIViewController/UIViewController+UIPickerView.swift:76:57: error: 'UIPickerView' is unavailable in tvOS
 74 |         return view
 75 |             .findPickerViews()
 76 |             .reduce(false, { (result: Bool, pickerView: UIPickerView) -> Bool in
    |                                                         `- error: 'UIPickerView' is unavailable in tvOS
 77 |                 return result || pickerView.hasRow(withExactText: searchText)
 78 |             })
/Applications/Xcode-27.0.0-Release.Candidate.app/Contents/Developer/Platforms/AppleTVOS.platform/Developer/SDKs/AppleTVOS27.0.sdk/System/Library/Frameworks/UIKit.framework/Headers/UIPickerView.h:19:12: note: 'UIPickerView' has been explicitly marked unavailable here
17 |
18 | UIKIT_EXTERN API_AVAILABLE(ios(2.0)) API_UNAVAILABLE(tvos, watchos) NS_SWIFT_UI_ACTOR
19 | @interface UIPickerView : UIView <NSCoding>
   |            `- note: 'UIPickerView' has been explicitly marked unavailable here
20 |
21 | @property(nullable,nonatomic,weak) id<UIPickerViewDataSource> dataSource;                // default is nil. weak reference
SwiftCompile normal arm64 /Users/admin/builder/spi-builder-workspace/Succinct/UIViewController/UIViewController+UIDatePickerView.swift (in target 'Succinct' from project 'Succinct')
    cd /Users/admin/builder/spi-builder-workspace/.swiftpm/xcode
    builtin-SwiftPerFileCompile UIViewController+UIDatePickerView.swift
SwiftCompile normal arm64 /Users/admin/builder/spi-builder-workspace/Succinct/UIViewController/UIViewController+UIImage.swift (in target 'Succinct' from project 'Succinct')
    cd /Users/admin/builder/spi-builder-workspace/.swiftpm/xcode
    builtin-SwiftPerFileCompile UIViewController+UIImage.swift
SwiftCompile normal arm64 /Users/admin/builder/spi-builder-workspace/Succinct/UIViewController/UIViewController+UILabel.swift (in target 'Succinct' from project 'Succinct')
    cd /Users/admin/builder/spi-builder-workspace/.swiftpm/xcode
    builtin-SwiftPerFileCompile UIViewController+UILabel.swift
SwiftCompile normal arm64 /Users/admin/builder/spi-builder-workspace/Succinct/UIViewController/UIViewController+UIPickerView.swift (in target 'Succinct' from project 'Succinct')
    cd /Users/admin/builder/spi-builder-workspace/.swiftpm/xcode
    builtin-SwiftPerFileCompile UIViewController+UIPickerView.swift
SwiftCompile normal arm64 /Users/admin/builder/spi-builder-workspace/Succinct/UIViewController/UIViewController+UISegmentedControl.swift (in target 'Succinct' from project 'Succinct')
    cd /Users/admin/builder/spi-builder-workspace/.swiftpm/xcode
    builtin-SwiftPerFileCompile UIViewController+UISegmentedControl.swift
SwiftCompile normal arm64 /Users/admin/builder/spi-builder-workspace/Succinct/UIViewController/UIViewController+UISlider.swift (in target 'Succinct' from project 'Succinct')
    cd /Users/admin/builder/spi-builder-workspace/.swiftpm/xcode
    builtin-SwiftPerFileCompile UIViewController+UISlider.swift
SwiftCompile normal arm64 Compiling\ UICollectionView+Evaluations.swift,\ UIControl+Readability.swift,\ UINavigationController+UILabel.swift,\ UINavigationItem+UIBarButtonItem.swift,\ UIPickerView+SelectComponent.swift,\ UISegmentedControl+UISegmentLabel.swift,\ UISlider+SetValue.swift /Users/admin/builder/spi-builder-workspace/Succinct/UICollectionView/UICollectionView+Evaluations.swift /Users/admin/builder/spi-builder-workspace/Succinct/UIControl/UIControl+Readability.swift /Users/admin/builder/spi-builder-workspace/Succinct/UINavigationController/UINavigationController+UILabel.swift /Users/admin/builder/spi-builder-workspace/Succinct/UINavigationItem/UINavigationItem+UIBarButtonItem.swift /Users/admin/builder/spi-builder-workspace/Succinct/UIPickerView/UIPickerView+SelectComponent.swift /Users/admin/builder/spi-builder-workspace/Succinct/UISegmentedControl/UISegmentedControl+UISegmentLabel.swift /Users/admin/builder/spi-builder-workspace/Succinct/UISlider/UISlider+SetValue.swift (in target 'Succinct' from project 'Succinct')
/Users/admin/builder/spi-builder-workspace/Succinct/UIPickerView/UIPickerView+SelectComponent.swift:3:11: error: 'UIPickerView' is unavailable in tvOS
 1 | import UIKit
 2 |
 3 | extension UIPickerView {
   |           `- error: 'UIPickerView' is unavailable in tvOS
 4 |     ///
 5 |     /// Loops through all components (columns) of a UIPickerView and searches the title text for each row of the current column for the specified search text. If a row title matching the search text is found, then that row will be selected.
/Applications/Xcode-27.0.0-Release.Candidate.app/Contents/Developer/Platforms/AppleTVOS.platform/Developer/SDKs/AppleTVOS27.0.sdk/System/Library/Frameworks/UIKit.framework/Headers/UIPickerView.h:19:12: note: 'UIPickerView' has been explicitly marked unavailable here
17 |
18 | UIKIT_EXTERN API_AVAILABLE(ios(2.0)) API_UNAVAILABLE(tvos, watchos) NS_SWIFT_UI_ACTOR
19 | @interface UIPickerView : UIView <NSCoding>
   |            `- note: 'UIPickerView' has been explicitly marked unavailable here
20 |
21 | @property(nullable,nonatomic,weak) id<UIPickerViewDataSource> dataSource;                // default is nil. weak reference
/Users/admin/builder/spi-builder-workspace/Succinct/UIPickerView/UIPickerView+SelectComponent.swift:33:38: error: 'pickerView(_:titleForRow:forComponent:)' is unavailable in tvOS
31 |
32 |         for rowIndex in 0..<numberOfRowsForColumn {
33 |             let rowTitle = delegate?.pickerView?(self, titleForRow: rowIndex, forComponent: columnIndex)
   |                                      `- error: 'pickerView(_:titleForRow:forComponent:)' is unavailable in tvOS
34 |
35 |             if rowTitle == searchText {
/Applications/Xcode-27.0.0-Release.Candidate.app/Contents/Developer/Platforms/AppleTVOS.platform/Developer/SDKs/AppleTVOS27.0.sdk/System/Library/Frameworks/UIKit.framework/Headers/UIPickerView.h:69:1: note: 'pickerView(_:titleForRow:forComponent:)' has been explicitly marked unavailable here
67 | // for the view versions, we cache any hidden and thus unused views and pass them back for reuse.
68 | // If you return back a different object, the old one will be released. the view will be centered in the row rect
69 | - (nullable NSString *)pickerView:(UIPickerView *)pickerView titleForRow:(NSInteger)row forComponent:(NSInteger)component API_UNAVAILABLE(tvos);
   | `- note: 'pickerView(_:titleForRow:forComponent:)' has been explicitly marked unavailable here
70 | - (nullable NSAttributedString *)pickerView:(UIPickerView *)pickerView attributedTitleForRow:(NSInteger)row forComponent:(NSInteger)component API_AVAILABLE(ios(6.0)) API_UNAVAILABLE(tvos); // attributed title is favored if both methods are implemented
71 | - (UIView *)pickerView:(UIPickerView *)pickerView viewForRow:(NSInteger)row forComponent:(NSInteger)component reusingView:(nullable UIView *)view API_UNAVAILABLE(tvos);
/Users/admin/builder/spi-builder-workspace/Succinct/UIPickerView/UIPickerView+SelectComponent.swift:36:27: error: 'pickerView(_:didSelectRow:inComponent:)' is unavailable in tvOS
34 |
35 |             if rowTitle == searchText {
36 |                 delegate?.pickerView?(self, didSelectRow: rowIndex, inComponent: columnIndex)
   |                           `- error: 'pickerView(_:didSelectRow:inComponent:)' is unavailable in tvOS
37 |                 return
38 |             }
/Applications/Xcode-27.0.0-Release.Candidate.app/Contents/Developer/Platforms/AppleTVOS.platform/Developer/SDKs/AppleTVOS27.0.sdk/System/Library/Frameworks/UIKit.framework/Headers/UIPickerView.h:73:1: note: 'pickerView(_:didSelectRow:inComponent:)' has been explicitly marked unavailable here
71 | - (UIView *)pickerView:(UIPickerView *)pickerView viewForRow:(NSInteger)row forComponent:(NSInteger)component reusingView:(nullable UIView *)view API_UNAVAILABLE(tvos);
72 |
73 | - (void)pickerView:(UIPickerView *)pickerView didSelectRow:(NSInteger)row inComponent:(NSInteger)component API_UNAVAILABLE(tvos);
   | `- note: 'pickerView(_:didSelectRow:inComponent:)' has been explicitly marked unavailable here
74 |
75 | @end
/Users/admin/builder/spi-builder-workspace/Succinct/UIPickerView/UIPickerView+SelectComponent.swift:56:42: error: 'pickerView(_:titleForRow:forComponent:)' is unavailable in tvOS
54 |
55 |             for rowIndex in 0..<numberOfRowsForColumn {
56 |                 let rowTitle = delegate?.pickerView?(self, titleForRow: rowIndex, forComponent: columnIndex)
   |                                          `- error: 'pickerView(_:titleForRow:forComponent:)' is unavailable in tvOS
57 |
58 |                 if rowTitle == searchText {
/Applications/Xcode-27.0.0-Release.Candidate.app/Contents/Developer/Platforms/AppleTVOS.platform/Developer/SDKs/AppleTVOS27.0.sdk/System/Library/Frameworks/UIKit.framework/Headers/UIPickerView.h:69:1: note: 'pickerView(_:titleForRow:forComponent:)' has been explicitly marked unavailable here
67 | // for the view versions, we cache any hidden and thus unused views and pass them back for reuse.
68 | // If you return back a different object, the old one will be released. the view will be centered in the row rect
69 | - (nullable NSString *)pickerView:(UIPickerView *)pickerView titleForRow:(NSInteger)row forComponent:(NSInteger)component API_UNAVAILABLE(tvos);
   | `- note: 'pickerView(_:titleForRow:forComponent:)' has been explicitly marked unavailable here
70 | - (nullable NSAttributedString *)pickerView:(UIPickerView *)pickerView attributedTitleForRow:(NSInteger)row forComponent:(NSInteger)component API_AVAILABLE(ios(6.0)) API_UNAVAILABLE(tvos); // attributed title is favored if both methods are implemented
71 | - (UIView *)pickerView:(UIPickerView *)pickerView viewForRow:(NSInteger)row forComponent:(NSInteger)component reusingView:(nullable UIView *)view API_UNAVAILABLE(tvos);
/Users/admin/builder/spi-builder-workspace/Succinct/UIPickerView/UIPickerView+SelectComponent.swift:82:46: error: 'pickerView(_:titleForRow:forComponent:)' is unavailable in tvOS
80 |             let selectedRowForColumn = selectedRow(inComponent: columnIndex)
81 |
82 |             let selectedRowTitle = delegate?.pickerView?(
   |                                              `- error: 'pickerView(_:titleForRow:forComponent:)' is unavailable in tvOS
83 |                 self,
84 |                 titleForRow: selectedRowForColumn,
/Applications/Xcode-27.0.0-Release.Candidate.app/Contents/Developer/Platforms/AppleTVOS.platform/Developer/SDKs/AppleTVOS27.0.sdk/System/Library/Frameworks/UIKit.framework/Headers/UIPickerView.h:69:1: note: 'pickerView(_:titleForRow:forComponent:)' has been explicitly marked unavailable here
67 | // for the view versions, we cache any hidden and thus unused views and pass them back for reuse.
68 | // If you return back a different object, the old one will be released. the view will be centered in the row rect
69 | - (nullable NSString *)pickerView:(UIPickerView *)pickerView titleForRow:(NSInteger)row forComponent:(NSInteger)component API_UNAVAILABLE(tvos);
   | `- note: 'pickerView(_:titleForRow:forComponent:)' has been explicitly marked unavailable here
70 | - (nullable NSAttributedString *)pickerView:(UIPickerView *)pickerView attributedTitleForRow:(NSInteger)row forComponent:(NSInteger)component API_AVAILABLE(ios(6.0)) API_UNAVAILABLE(tvos); // attributed title is favored if both methods are implemented
71 | - (UIView *)pickerView:(UIPickerView *)pickerView viewForRow:(NSInteger)row forComponent:(NSInteger)component reusingView:(nullable UIView *)view API_UNAVAILABLE(tvos);
SwiftCompile normal arm64 /Users/admin/builder/spi-builder-workspace/Succinct/UICollectionView/UICollectionView+Evaluations.swift (in target 'Succinct' from project 'Succinct')
    cd /Users/admin/builder/spi-builder-workspace/.swiftpm/xcode
    builtin-SwiftPerFileCompile UICollectionView+Evaluations.swift
SwiftCompile normal arm64 /Users/admin/builder/spi-builder-workspace/Succinct/UIControl/UIControl+Readability.swift (in target 'Succinct' from project 'Succinct')
    cd /Users/admin/builder/spi-builder-workspace/.swiftpm/xcode
    builtin-SwiftPerFileCompile UIControl+Readability.swift
SwiftCompile normal arm64 /Users/admin/builder/spi-builder-workspace/Succinct/UINavigationController/UINavigationController+UILabel.swift (in target 'Succinct' from project 'Succinct')
    cd /Users/admin/builder/spi-builder-workspace/.swiftpm/xcode
    builtin-SwiftPerFileCompile UINavigationController+UILabel.swift
SwiftCompile normal arm64 /Users/admin/builder/spi-builder-workspace/Succinct/UINavigationItem/UINavigationItem+UIBarButtonItem.swift (in target 'Succinct' from project 'Succinct')
    cd /Users/admin/builder/spi-builder-workspace/.swiftpm/xcode
    builtin-SwiftPerFileCompile UINavigationItem+UIBarButtonItem.swift
SwiftCompile normal arm64 /Users/admin/builder/spi-builder-workspace/Succinct/UIPickerView/UIPickerView+SelectComponent.swift (in target 'Succinct' from project 'Succinct')
    cd /Users/admin/builder/spi-builder-workspace/.swiftpm/xcode
    builtin-SwiftPerFileCompile UIPickerView+SelectComponent.swift
SwiftCompile normal arm64 /Users/admin/builder/spi-builder-workspace/Succinct/UISegmentedControl/UISegmentedControl+UISegmentLabel.swift (in target 'Succinct' from project 'Succinct')
    cd /Users/admin/builder/spi-builder-workspace/.swiftpm/xcode
    builtin-SwiftPerFileCompile UISegmentedControl+UISegmentLabel.swift
SwiftCompile normal arm64 /Users/admin/builder/spi-builder-workspace/Succinct/UISlider/UISlider+SetValue.swift (in target 'Succinct' from project 'Succinct')
    cd /Users/admin/builder/spi-builder-workspace/.swiftpm/xcode
    builtin-SwiftPerFileCompile UISlider+SetValue.swift
SwiftCompile normal arm64 Compiling\ IsButtonWithImage.swift,\ UIView+UIButton.swift,\ IsImageViewWithImage.swift,\ UIView+UIImage.swift,\ UIView+UIImageView.swift,\ IsLabelContainingText.swift,\ IsLabelWithExactText.swift /Users/admin/builder/spi-builder-workspace/Succinct/UIView/UIButton/IsButtonWithImage.swift /Users/admin/builder/spi-builder-workspace/Succinct/UIView/UIButton/UIView+UIButton.swift /Users/admin/builder/spi-builder-workspace/Succinct/UIView/UIImage/IsImageViewWithImage.swift /Users/admin/builder/spi-builder-workspace/Succinct/UIView/UIImage/UIView+UIImage.swift /Users/admin/builder/spi-builder-workspace/Succinct/UIView/UIImage/UIView+UIImageView.swift /Users/admin/builder/spi-builder-workspace/Succinct/UIView/UILabel/IsLabelContainingText.swift /Users/admin/builder/spi-builder-workspace/Succinct/UIView/UILabel/IsLabelWithExactText.swift (in target 'Succinct' from project 'Succinct')
SwiftCompile normal arm64 /Users/admin/builder/spi-builder-workspace/Succinct/UIView/UIButton/IsButtonWithImage.swift (in target 'Succinct' from project 'Succinct')
    cd /Users/admin/builder/spi-builder-workspace/.swiftpm/xcode
    builtin-SwiftPerFileCompile IsButtonWithImage.swift
SwiftCompile normal arm64 /Users/admin/builder/spi-builder-workspace/Succinct/UIView/UIButton/UIView+UIButton.swift (in target 'Succinct' from project 'Succinct')
    cd /Users/admin/builder/spi-builder-workspace/.swiftpm/xcode
    builtin-SwiftPerFileCompile UIView+UIButton.swift
SwiftCompile normal arm64 /Users/admin/builder/spi-builder-workspace/Succinct/UIView/UIImage/IsImageViewWithImage.swift (in target 'Succinct' from project 'Succinct')
    cd /Users/admin/builder/spi-builder-workspace/.swiftpm/xcode
    builtin-SwiftPerFileCompile IsImageViewWithImage.swift
SwiftCompile normal arm64 /Users/admin/builder/spi-builder-workspace/Succinct/UIView/UIImage/UIView+UIImage.swift (in target 'Succinct' from project 'Succinct')
    cd /Users/admin/builder/spi-builder-workspace/.swiftpm/xcode
    builtin-SwiftPerFileCompile UIView+UIImage.swift
SwiftCompile normal arm64 /Users/admin/builder/spi-builder-workspace/Succinct/UIView/UIImage/UIView+UIImageView.swift (in target 'Succinct' from project 'Succinct')
    cd /Users/admin/builder/spi-builder-workspace/.swiftpm/xcode
    builtin-SwiftPerFileCompile UIView+UIImageView.swift
SwiftCompile normal arm64 /Users/admin/builder/spi-builder-workspace/Succinct/UIView/UILabel/IsLabelContainingText.swift (in target 'Succinct' from project 'Succinct')
    cd /Users/admin/builder/spi-builder-workspace/.swiftpm/xcode
    builtin-SwiftPerFileCompile IsLabelContainingText.swift
SwiftCompile normal arm64 /Users/admin/builder/spi-builder-workspace/Succinct/UIView/UILabel/IsLabelWithExactText.swift (in target 'Succinct' from project 'Succinct')
    cd /Users/admin/builder/spi-builder-workspace/.swiftpm/xcode
    builtin-SwiftPerFileCompile IsLabelWithExactText.swift
SwiftCompile normal arm64 Compiling\ UIViewController+UIStepper.swift,\ UIViewController+UISwitch.swift,\ UIViewController+UITableView.swift,\ UIViewController+UITextField.swift,\ UIViewController+UITextView.swift,\ UIViewController+UIView.swift /Users/admin/builder/spi-builder-workspace/Succinct/UIViewController/UIViewController+UIStepper.swift /Users/admin/builder/spi-builder-workspace/Succinct/UIViewController/UIViewController+UISwitch.swift /Users/admin/builder/spi-builder-workspace/Succinct/UIViewController/UIViewController+UITableView.swift /Users/admin/builder/spi-builder-workspace/Succinct/UIViewController/UIViewController+UITextField.swift /Users/admin/builder/spi-builder-workspace/Succinct/UIViewController/UIViewController+UITextView.swift /Users/admin/builder/spi-builder-workspace/Succinct/UIViewController/UIViewController+UIView.swift (in target 'Succinct' from project 'Succinct')
SwiftCompile normal arm64 /Users/admin/builder/spi-builder-workspace/Succinct/UIViewController/UIViewController+UIStepper.swift (in target 'Succinct' from project 'Succinct')
    cd /Users/admin/builder/spi-builder-workspace/.swiftpm/xcode
    builtin-SwiftPerFileCompile UIViewController+UIStepper.swift
SwiftCompile normal arm64 /Users/admin/builder/spi-builder-workspace/Succinct/UIViewController/UIViewController+UISwitch.swift (in target 'Succinct' from project 'Succinct')
    cd /Users/admin/builder/spi-builder-workspace/.swiftpm/xcode
    builtin-SwiftPerFileCompile UIViewController+UISwitch.swift
SwiftCompile normal arm64 /Users/admin/builder/spi-builder-workspace/Succinct/UIViewController/UIViewController+UITableView.swift (in target 'Succinct' from project 'Succinct')
    cd /Users/admin/builder/spi-builder-workspace/.swiftpm/xcode
    builtin-SwiftPerFileCompile UIViewController+UITableView.swift
SwiftCompile normal arm64 /Users/admin/builder/spi-builder-workspace/Succinct/UIViewController/UIViewController+UITextField.swift (in target 'Succinct' from project 'Succinct')
    cd /Users/admin/builder/spi-builder-workspace/.swiftpm/xcode
    builtin-SwiftPerFileCompile UIViewController+UITextField.swift
SwiftCompile normal arm64 /Users/admin/builder/spi-builder-workspace/Succinct/UIViewController/UIViewController+UITextView.swift (in target 'Succinct' from project 'Succinct')
    cd /Users/admin/builder/spi-builder-workspace/.swiftpm/xcode
    builtin-SwiftPerFileCompile UIViewController+UITextView.swift
SwiftCompile normal arm64 /Users/admin/builder/spi-builder-workspace/Succinct/UIViewController/UIViewController+UIView.swift (in target 'Succinct' from project 'Succinct')
    cd /Users/admin/builder/spi-builder-workspace/.swiftpm/xcode
    builtin-SwiftPerFileCompile UIViewController+UIView.swift
PruneExplicitPrecompiledModules /Users/admin/builder/spi-builder-workspace/.derivedData/SDKExplicitPrecompiledModules
PruneExplicitPrecompiledModules /Users/admin/builder/spi-builder-workspace/.derivedData/Build/Intermediates.noindex/SwiftExplicitPrecompiledModules
PruneExplicitPrecompiledModules /Users/admin/builder/spi-builder-workspace/.derivedData/Build/Intermediates.noindex/ExplicitPrecompiledModules
2026-09-24 07:41:33.767 xcodebuild[943:5447] [MT] IDERunDestination: Supported platforms for the buildables in the current scheme is empty.
** BUILD FAILED **
The following build commands failed:
	SwiftEmitModule normal arm64 Emitting\ module\ for\ Succinct (in target 'Succinct' from project 'Succinct')
	SwiftCompile normal arm64 (in target 'Succinct' from project 'Succinct')
	Building workspace Succinct with scheme Succinct
(3 failures)
BUILD FAILURE 6.4 tvOS