The Swift Package Index logo.Swift Package Index

Build Information

Failed to build nest, reference main (c8f770), with Swift 6.3 for Linux on 14 Oct 2026 20:23:43 UTC.

Build Command

bash -c docker run --pull=always --rm -v "checkouts-54344843-1":/host -w "$PWD" -e JAVA_HOME="/root/.sdkman/candidates/java/current" -e SPI_BUILD="1" -e SPI_PROCESSING="1" registry.gitlab.com/saguaro1/spi-images:linux-6.3-latest swift build --triple x86_64-unknown-linux-gnu 2>&1

Build Log

========================================
RunAll
========================================
Builder version: 5.1.3
Interrupt handler set up.
========================================
Checkout
========================================
Clone URL: https://github.com/mtj0928/nest.git
Reference: main
Initialized empty Git repository in /host/spi-builder-workspace/.git/
hint: Using 'master' as the name for the initial branch. This default branch name
hint: is subject to change. To configure the initial branch name to use in all
hint: of your new repositories, which will suppress this warning, call:
hint:
hint: 	git config --global init.defaultBranch <name>
hint:
hint: Names commonly chosen instead of 'master' are 'main', 'trunk' and
hint: 'development'. The just-created branch can be renamed via this command:
hint:
hint: 	git branch -m <name>
From https://github.com/mtj0928/nest
 * branch            main       -> FETCH_HEAD
 * [new branch]      main       -> origin/main
HEAD is now at c8f7701 Merge pull request #48 from mtj0928/swift-subprocess
Cloned https://github.com/mtj0928/nest.git
Revision (git rev-parse @):
c8f770147da26597a1a614438b6fa54177fca11a
SUCCESS checkout https://github.com/mtj0928/nest.git at main
========================================
Build
========================================
Selected platform:         linux
Swift version:             6.3
Building package at path:  $PWD
https://github.com/mtj0928/nest.git
Running build ...
bash -c docker run --pull=always --rm -v "checkouts-54344843-1":/host -w "$PWD" -e JAVA_HOME="/root/.sdkman/candidates/java/current" -e SPI_BUILD="1" -e SPI_PROCESSING="1" registry.gitlab.com/saguaro1/spi-images:linux-6.3-latest swift build --triple x86_64-unknown-linux-gnu 2>&1
linux-6.3-latest: Pulling from saguaro1/spi-images
Digest: sha256:1b75f3338690e1611bd07d393b988f1cb6c72bd2655b61306c710afc67bb9c44
Status: Image is up to date for registry.gitlab.com/saguaro1/spi-images:linux-6.3-latest
Fetching https://github.com/onevcat/Rainbow
Fetching https://github.com/jpsim/Yams.git
Fetching https://github.com/mtj0928/swift-async-operations
Fetching https://github.com/weichsel/ZIPFoundation
Fetching https://github.com/swiftlang/swift-subprocess.git
Fetching https://github.com/apple/swift-http-types.git
[1/1939] Fetching swift-http-types
Fetched https://github.com/apple/swift-http-types.git from cache (0.41s)
Fetching https://github.com/apple/swift-log.git
[1/1514] Fetching rainbow
[62/7998] Fetching rainbow, zipfoundation
[2417/9028] Fetching rainbow, zipfoundation, swift-async-operations
[2562/14004] Fetching rainbow, zipfoundation, swift-async-operations, swift-subprocess
[5506/25882] Fetching rainbow, zipfoundation, swift-async-operations, swift-subprocess, yams
Fetched https://github.com/onevcat/Rainbow from cache (0.54s)
[10654/24368] Fetching zipfoundation, swift-async-operations, swift-subprocess, yams
Fetching https://github.com/apple/swift-argument-parser
Fetched https://github.com/swiftlang/swift-subprocess.git from cache (0.67s)
Fetched https://github.com/weichsel/ZIPFoundation from cache (0.67s)
[1506/12908] Fetching swift-async-operations, yams
[6258/21199] Fetching swift-async-operations, yams, swift-log
Fetched https://github.com/apple/swift-log.git from cache (0.55s)
[9226/12908] Fetching swift-async-operations, yams
[12909/32022] Fetching swift-async-operations, yams, swift-argument-parser
Fetched https://github.com/mtj0928/swift-async-operations from cache (1.32s)
[28699/30992] Fetching yams, swift-argument-parser
Fetched https://github.com/jpsim/Yams.git from cache (1.34s)
[18732/19114] Fetching swift-argument-parser
Fetched https://github.com/apple/swift-argument-parser from cache (0.97s)
Computing version for https://github.com/swiftlang/swift-subprocess.git
Computed https://github.com/swiftlang/swift-subprocess.git at 1.0.1 (1.69s)
Fetching https://github.com/apple/swift-system
[1/7288] Fetching swift-system
Fetched https://github.com/apple/swift-system from cache (0.89s)
Computing version for https://github.com/mtj0928/swift-async-operations
Computed https://github.com/mtj0928/swift-async-operations at 0.5.0 (1.82s)
Computing version for https://github.com/jpsim/Yams.git
Computed https://github.com/jpsim/Yams.git at 5.4.0 (0.88s)
Computing version for https://github.com/onevcat/Rainbow
Computed https://github.com/onevcat/Rainbow at 4.2.2 (0.90s)
Computing version for https://github.com/apple/swift-argument-parser
Computed https://github.com/apple/swift-argument-parser at 1.8.2 (0.16s)
Computing version for https://github.com/apple/swift-http-types.git
Computed https://github.com/apple/swift-http-types.git at 1.8.0 (0.18s)
Computing version for https://github.com/apple/swift-system
Computed https://github.com/apple/swift-system at 1.8.1 (0.18s)
Computing version for https://github.com/weichsel/ZIPFoundation
Computed https://github.com/weichsel/ZIPFoundation at 0.9.20 (0.15s)
Computing version for https://github.com/apple/swift-log.git
Computed https://github.com/apple/swift-log.git at 1.16.1 (0.17s)
Creating working copy for https://github.com/weichsel/ZIPFoundation
Working copy of https://github.com/weichsel/ZIPFoundation resolved at 0.9.20
Creating working copy for https://github.com/mtj0928/swift-async-operations
Working copy of https://github.com/mtj0928/swift-async-operations resolved at 0.5.0
Creating working copy for https://github.com/swiftlang/swift-subprocess.git
Working copy of https://github.com/swiftlang/swift-subprocess.git resolved at 1.0.1
Creating working copy for https://github.com/onevcat/Rainbow
Working copy of https://github.com/onevcat/Rainbow resolved at 4.2.2
Creating working copy for https://github.com/apple/swift-argument-parser
Working copy of https://github.com/apple/swift-argument-parser resolved at 1.8.2
Creating working copy for https://github.com/jpsim/Yams.git
Working copy of https://github.com/jpsim/Yams.git resolved at 5.4.0
Creating working copy for https://github.com/apple/swift-http-types.git
Working copy of https://github.com/apple/swift-http-types.git resolved at 1.8.0
Creating working copy for https://github.com/apple/swift-log.git
Working copy of https://github.com/apple/swift-log.git resolved at 1.16.1
Creating working copy for https://github.com/apple/swift-system
Working copy of https://github.com/apple/swift-system resolved at 1.8.1
warning: 'zipfoundation': found 1 file(s) which are unhandled; explicitly declare them as resources or exclude from the target
    /host/spi-builder-workspace/.build/checkouts/ZIPFoundation/Sources/ZIPFoundation/Resources/PrivacyInfo.xcprivacy
[1/1] Compiling plugin GenerateManual
[2/2] Compiling plugin GenerateDoccReference
Building for debugging...
[2/42] Write sources
[14/42] Compiling writer.c
[15/42] Compiling reader.c
[16/42] Write sources
[19/42] Compiling parser.c
[20/42] Compiling api.c
[21/42] Compiling CSystem shims.c
[22/42] Compiling _SubprocessCShims process_shims.c
[23/42] Write swift-version-24593BA9C3E375BF.txt
[24/42] Compiling emitter.c
[25/55] Compiling scanner.c
[27/172] Emitting module AsyncOperations
[28/174] Emitting module Yams
[29/176] Emitting module SystemPackage
[30/181] Compiling AsyncOperations withOrderedTaskGroup.swift
[31/181] Compiling AsyncOperations withThrowingOrderedTaskGroup.swift
[32/181] Compiling Yams Constructor.swift
[33/181] Compiling Yams Decoder.swift
[34/181] Compiling Logging Logger+With.swift
[35/182] Compiling Yams Emitter.swift
[36/182] Compiling Yams Encoder.swift
[37/182] Compiling Yams Node.swift
[38/182] Compiling Yams Mark.swift
[39/182] Compiling Yams Node.Scalar.swift
[40/182] Compiling Yams Node.Sequence.swift
[41/182] Emitting module HTTPTypes
[42/183] Compiling Logging LoggingSystem.swift
[43/183] Compiling HTTPTypes HTTPRequest.swift
[44/183] Compiling Yams AliasDereferencingStrategy.swift
[45/183] Compiling Yams Anchor.swift
[46/183] Compiling Yams Node.Alias.swift
[47/183] Compiling Yams Node.Mapping.swift
[50/184] Compiling Yams Parser.swift
[51/184] Compiling Yams RedundancyAliasingStrategy.swift
[54/185] Compiling Logging Logger.swift
[58/185] Compiling Logging MetadataProvider.swift
[69/185] Compiling SystemPackage RawBuffer.swift
[70/185] Compiling SystemPackage Syscalls.swift
[71/185] Compiling SystemPackage WindowsSyscallAdapters.swift
[72/185] Compiling SystemPackage MachPort.swift
[73/185] Compiling SystemPackage PlatformString.swift
[76/185] Emitting module Logging
[76/185] Wrapping AST for AsyncOperations for debugging
[88/185] Compiling Logging Logger+Attributes.swift
[89/186] Wrapping AST for Logging for debugging
[91/186] Compiling SystemPackage FilePathTemp.swift
[92/186] Compiling SystemPackage FilePathTempPosix.swift
[93/186] Compiling SystemPackage FilePathTempWindows.swift
[94/186] Compiling SystemPackage FilePathWindows.swift
[95/186] Compiling SystemPackage FilePermissions.swift
[96/186] Compiling Yams YamlAnchorProviding.swift
[97/186] Compiling Yams Resolver.swift
[98/186] Compiling Yams String+Yams.swift
[99/186] Compiling Yams YamlError.swift
[100/186] Compiling Yams YamlTagProviding.swift
[101/186] Compiling HTTPTypes HTTPFieldValue.swift
[102/186] Compiling HTTPTypes HTTPFields.swift
[106/188] Compiling Rainbow StyledStringBuilder.swift
[107/188] Compiling ZIPFoundation FileManager+ZIPDeprecated.swift
[108/188] Compiling ZIPFoundation URL+ZIP.swift
[115/188] Emitting module Rainbow
[122/188] Compiling HTTPTypes HTTPResponse.swift
[141/188] Compiling ArgumentParserToolInfo ToolInfo.swift
[142/188] Compiling HTTPTypes HTTPRequest+URL.swift
[143/188] Compiling HTTPTypes HTTPParsedFields.swift
[144/188] Emitting module ArgumentParserToolInfo
[147/191] Wrapping AST for Rainbow for debugging
[148/191] Wrapping AST for HTTPTypes for debugging
[150/191] Compiling SystemPackage SystemString.swift
[151/191] Compiling SystemPackage Util+StringArray.swift
[152/191] Compiling SystemPackage Util.swift
[153/191] Compiling SystemPackage UtilConsumers.swift
[154/191] Compiling SystemPackage WinSDK+Overlay.swift
[157/197] Wrapping AST for ArgumentParserToolInfo for debugging
[159/244] Compiling ArgumentParser ZshCompletionsGenerator.swift
[160/244] Compiling ArgumentParser Argument.swift
[161/244] Compiling ArgumentParser ArgumentDiscussion.swift
[162/245] Compiling ArgumentParser BashCompletionsGenerator.swift
[163/245] Compiling ArgumentParser CompletionsGenerator.swift
[164/245] Compiling ArgumentParser FishCompletionsGenerator.swift
[165/245] Emitting module ZIPFoundation
[166/245] Compiling ArgumentParser ArgumentHelp.swift
[167/245] Compiling ArgumentParser ParentCommand.swift
[168/245] Compiling ArgumentParser AsyncParsableCommand.swift
[169/245] Wrapping AST for Yams for debugging
[171/245] Compiling ArgumentParser ExpressibleByArgument.swift
[172/245] Compiling ArgumentParser ParsableArguments.swift
[173/245] Compiling ArgumentParser Name.swift
[176/245] Compiling ArgumentParser CommandConfiguration.swift
[177/245] Compiling ArgumentParser CommandGroup.swift
[178/245] Compiling ArgumentParser EnumerableFlag.swift
[181/245] Emitting module ArgumentParser
[182/251] Compiling HTTPTypesFoundation HTTPTypes+ISOLatin1.swift
[183/251] Emitting module HTTPTypesFoundation
[184/251] Compiling HTTPTypesFoundation URLResponse+HTTPTypes.swift
[185/251] Compiling HTTPTypesFoundation URLSession+HTTPTypes.swift
[186/251] Compiling HTTPTypesFoundation HTTPTypesFoundation.swift
[187/251] Compiling HTTPTypesFoundation URLRequest+HTTPTypes.swift
[188/251] Compiling ArgumentParser Mutex.swift
[189/251] Compiling ArgumentParser Platform.swift
[190/251] Compiling ArgumentParser SequenceExtensions.swift
[191/251] Compiling ArgumentParser StringExtensions.swift
[192/251] Compiling ArgumentParser SwiftExtensions.swift
[193/251] Compiling ArgumentParser Tree.swift
[195/252] Compiling ArgumentParser Parsed.swift
[196/252] Compiling ArgumentParser ParsedValues.swift
[197/252] Compiling ArgumentParser ParserError.swift
[198/252] Compiling ArgumentParser SplitArguments.swift
[198/252] Wrapping AST for HTTPTypesFoundation for debugging
[201/253] Compiling ArgumentParser AsyncCompletionsValidator.swift
[202/253] Compiling ArgumentParser CodingKeyValidator.swift
[203/253] Compiling ArgumentParser NonsenseFlagsValidator.swift
[204/253] Compiling ArgumentParser ParsableArgumentsValidation.swift
[205/253] Compiling ArgumentParser PositionalArgumentsValidator.swift
[206/253] Compiling ArgumentParser UniqueNamesValidator.swift
[207/253] Compiling ArgumentParser Option.swift
[208/253] Compiling ArgumentParser OptionGroup.swift
[209/253] Compiling ArgumentParser ParsableCommand.swift
[210/253] Compiling ArgumentParser ArgumentDecoder.swift
[211/253] Compiling ArgumentParser ArgumentDefinition.swift
[218/254] Wrapping AST for ZIPFoundation for debugging
[220/254] Wrapping AST for SystemPackage for debugging
[227/255] Compiling ArgumentParser DumpHelpGenerator.swift
[228/277] Compiling Subprocess Subprocess+Spawn.swift
[229/277] Compiling Subprocess Subprocess+Unix.swift
[230/277] Compiling ArgumentParser MessageInfo.swift
[231/277] Compiling ArgumentParser UsageGenerator.swift
[232/277] Compiling ArgumentParser CollectionExtensions.swift
[233/277] Compiling ArgumentParser Foundation.swift
[234/277] Compiling Subprocess Input+Foundation.swift
[235/277] Compiling Subprocess Output+Foundation.swift
[236/277] Compiling Subprocess Span+SubprocessFoundation.swift
[237/280] Compiling ArgumentParser ArgumentVisibility.swift
[238/280] Compiling ArgumentParser CompletionKind.swift
[239/280] Compiling ArgumentParser Errors.swift
[240/280] Compiling ArgumentParser Flag.swift
[241/280] Compiling ArgumentParser NameSpecification.swift
[244/280] Compiling Subprocess Output.swift
[245/280] Compiling Subprocess Subprocess+BSD.swift
[246/280] Compiling Subprocess Subprocess+Darwin.swift
[247/280] Emitting module Subprocess
[248/280] Compiling Subprocess AsyncIO+Unix.swift
[249/280] Compiling Subprocess AsyncIO+Windows.swift
[250/280] Compiling Subprocess Input.swift
[251/280] Compiling Subprocess Execution.swift
[252/280] Compiling Subprocess AsyncIO+KQueue.swift
[253/280] Compiling Subprocess AsyncIO+Linux.swift
[254/280] Compiling Subprocess Subprocess+Windows.swift
[255/280] Compiling Subprocess Result.swift
[256/280] Compiling Subprocess Span+Subprocess.swift
[260/280] Compiling ArgumentParser ArgumentSet.swift
[261/280] Compiling ArgumentParser CommandParser.swift
[262/280] Compiling ArgumentParser InputKey.swift
[263/280] Compiling ArgumentParser InputOrigin.swift
[264/281] Wrapping AST for ArgumentParser for debugging
[266/281] Compiling Subprocess SubprocessOutputSequence.swift
[267/281] Compiling Subprocess Teardown.swift
[268/281] Compiling Subprocess Thread.swift
[269/281] Compiling Subprocess API.swift
[270/281] Compiling Subprocess Buffer.swift
[271/281] Compiling Subprocess Configuration.swift
[272/281] Compiling Subprocess Error.swift
[273/281] Compiling Subprocess Subprocess+Linux.swift
[276/282] Wrapping AST for Subprocess for debugging
[278/322] Compiling NestKit InvalidZIPArchiveError.swift
/host/spi-builder-workspace/Sources/NestKit/ArtifactBundleZIPCache.swift:1:8: error: no such module 'CryptoKit'
 1 | import CryptoKit
   |        `- error: no such module 'CryptoKit'
 2 | import Foundation
 3 |
[279/322] Compiling NestKit NestDirectory.swift
/host/spi-builder-workspace/Sources/NestKit/ArtifactBundleZIPCache.swift:1:8: error: no such module 'CryptoKit'
 1 | import CryptoKit
   |        `- error: no such module 'CryptoKit'
 2 | import Foundation
 3 |
[280/322] Compiling NestKit NestFileDownloader.swift
/host/spi-builder-workspace/Sources/NestKit/ArtifactBundleZIPCache.swift:1:8: error: no such module 'CryptoKit'
 1 | import CryptoKit
   |        `- error: no such module 'CryptoKit'
 2 | import Foundation
 3 |
[281/322] Compiling NestKit NestInfo.swift
/host/spi-builder-workspace/Sources/NestKit/ArtifactBundleZIPCache.swift:1:8: error: no such module 'CryptoKit'
 1 | import CryptoKit
   |        `- error: no such module 'CryptoKit'
 2 | import Foundation
 3 |
[282/322] Compiling NestKit NestInfoController.swift
/host/spi-builder-workspace/Sources/NestKit/ArtifactBundleZIPCache.swift:1:8: error: no such module 'CryptoKit'
 1 | import CryptoKit
   |        `- error: no such module 'CryptoKit'
 2 | import Foundation
 3 |
[283/327] Compiling NestKit SensitiveHTTPHeader.swift
/host/spi-builder-workspace/Sources/NestKit/ArtifactBundleZIPCache.swift:1:8: error: no such module 'CryptoKit'
 1 | import CryptoKit
   |        `- error: no such module 'CryptoKit'
 2 | import Foundation
 3 |
[284/327] Compiling NestKit SwiftCommand+Build.swift
/host/spi-builder-workspace/Sources/NestKit/ArtifactBundleZIPCache.swift:1:8: error: no such module 'CryptoKit'
 1 | import CryptoKit
   |        `- error: no such module 'CryptoKit'
 2 | import Foundation
 3 |
[285/327] Compiling NestKit SwiftCommand+Checksum.swift
/host/spi-builder-workspace/Sources/NestKit/ArtifactBundleZIPCache.swift:1:8: error: no such module 'CryptoKit'
 1 | import CryptoKit
   |        `- error: no such module 'CryptoKit'
 2 | import Foundation
 3 |
[286/327] Compiling NestKit SwiftCommand+Description.swift
/host/spi-builder-workspace/Sources/NestKit/ArtifactBundleZIPCache.swift:1:8: error: no such module 'CryptoKit'
 1 | import CryptoKit
   |        `- error: no such module 'CryptoKit'
 2 | import Foundation
 3 |
[287/327] Compiling NestKit SwiftCommand+TargetInfo.swift
/host/spi-builder-workspace/Sources/NestKit/ArtifactBundleZIPCache.swift:1:8: error: no such module 'CryptoKit'
 1 | import CryptoKit
   |        `- error: no such module 'CryptoKit'
 2 | import Foundation
 3 |
[288/327] Compiling NestKit GitVersion.swift
/host/spi-builder-workspace/Sources/NestKit/ArtifactBundleZIPCache.swift:1:8: error: no such module 'CryptoKit'
 1 | import CryptoKit
   |        `- error: no such module 'CryptoKit'
 2 | import Foundation
 3 |
[289/327] Compiling NestKit ExcludedTarget.swift
/host/spi-builder-workspace/Sources/NestKit/ArtifactBundleZIPCache.swift:1:8: error: no such module 'CryptoKit'
 1 | import CryptoKit
   |        `- error: no such module 'CryptoKit'
 2 | import Foundation
 3 |
[290/327] Compiling NestKit GitHubAssetRegistryClient.swift
/host/spi-builder-workspace/Sources/NestKit/ArtifactBundleZIPCache.swift:1:8: error: no such module 'CryptoKit'
 1 | import CryptoKit
   |        `- error: no such module 'CryptoKit'
 2 | import Foundation
 3 |
[291/327] Compiling NestKit GitHubAssetResponse.swift
/host/spi-builder-workspace/Sources/NestKit/ArtifactBundleZIPCache.swift:1:8: error: no such module 'CryptoKit'
 1 | import CryptoKit
   |        `- error: no such module 'CryptoKit'
 2 | import Foundation
 3 |
[292/327] Compiling NestKit GitHubRegistryConfigs.swift
/host/spi-builder-workspace/Sources/NestKit/ArtifactBundleZIPCache.swift:1:8: error: no such module 'CryptoKit'
 1 | import CryptoKit
   |        `- error: no such module 'CryptoKit'
 2 | import Foundation
 3 |
[293/327] Compiling NestKit GitHubRepositoryName.swift
/host/spi-builder-workspace/Sources/NestKit/ArtifactBundleZIPCache.swift:1:8: error: no such module 'CryptoKit'
 1 | import CryptoKit
   |        `- error: no such module 'CryptoKit'
 2 | import Foundation
 3 |
[294/327] Compiling NestKit GitHubURLBuilder.swift
/host/spi-builder-workspace/Sources/NestKit/ArtifactBundleZIPCache.swift:1:8: error: no such module 'CryptoKit'
 1 | import CryptoKit
   |        `- error: no such module 'CryptoKit'
 2 | import Foundation
 3 |
[295/327] Compiling NestKit HTTPClient.swift
/host/spi-builder-workspace/Sources/NestKit/ArtifactBundleZIPCache.swift:1:8: error: no such module 'CryptoKit'
 1 | import CryptoKit
   |        `- error: no such module 'CryptoKit'
 2 | import Foundation
 3 |
[296/327] Compiling NestKit HTTPLogRedactor.swift
/host/spi-builder-workspace/Sources/NestKit/ArtifactBundleZIPCache.swift:1:8: error: no such module 'CryptoKit'
 1 | import CryptoKit
   |        `- error: no such module 'CryptoKit'
 2 | import Foundation
 3 |
[297/327] Compiling NestKit HTTPRedirectDelegate.swift
/host/spi-builder-workspace/Sources/NestKit/ArtifactBundleZIPCache.swift:1:8: error: no such module 'CryptoKit'
 1 | import CryptoKit
   |        `- error: no such module 'CryptoKit'
 2 | import Foundation
 3 |
[298/327] Compiling NestKit HTTPRedirectSecurity.swift
/host/spi-builder-workspace/Sources/NestKit/ArtifactBundleZIPCache.swift:1:8: error: no such module 'CryptoKit'
 1 | import CryptoKit
   |        `- error: no such module 'CryptoKit'
 2 | import Foundation
 3 |
[299/327] Compiling NestKit URL+LogDescription.swift
/host/spi-builder-workspace/Sources/NestKit/ArtifactBundleZIPCache.swift:1:8: error: no such module 'CryptoKit'
 1 | import CryptoKit
   |        `- error: no such module 'CryptoKit'
 2 | import Foundation
 3 |
[300/327] Compiling NestKit URL+extension.swift
/host/spi-builder-workspace/Sources/NestKit/ArtifactBundleZIPCache.swift:1:8: error: no such module 'CryptoKit'
 1 | import CryptoKit
   |        `- error: no such module 'CryptoKit'
 2 | import Foundation
 3 |
[301/327] Compiling NestKit FileSystem.swift
/host/spi-builder-workspace/Sources/NestKit/ArtifactBundleZIPCache.swift:1:8: error: no such module 'CryptoKit'
 1 | import CryptoKit
   |        `- error: no such module 'CryptoKit'
 2 | import Foundation
 3 |
[302/327] Compiling NestKit GitCommand.swift
/host/spi-builder-workspace/Sources/NestKit/ArtifactBundleZIPCache.swift:1:8: error: no such module 'CryptoKit'
 1 | import CryptoKit
   |        `- error: no such module 'CryptoKit'
 2 | import Foundation
 3 |
[303/327] Compiling NestKit GitURL+LogDescription.swift
/host/spi-builder-workspace/Sources/NestKit/ArtifactBundleZIPCache.swift:1:8: error: no such module 'CryptoKit'
 1 | import CryptoKit
   |        `- error: no such module 'CryptoKit'
 2 | import Foundation
 3 |
[304/327] Compiling NestKit GitURL.swift
/host/spi-builder-workspace/Sources/NestKit/ArtifactBundleZIPCache.swift:1:8: error: no such module 'CryptoKit'
 1 | import CryptoKit
   |        `- error: no such module 'CryptoKit'
 2 | import Foundation
 3 |
error: emit-module command failed with exit code 1 (use -v to see invocation)
[305/327] Emitting module NestKit
/host/spi-builder-workspace/Sources/NestKit/ArtifactBundleZIPCache.swift:1:8: error: no such module 'CryptoKit'
 1 | import CryptoKit
   |        `- error: no such module 'CryptoKit'
 2 | import Foundation
 3 |
[306/327] Compiling NestKit AssetRegistryClient.swift
/host/spi-builder-workspace/Sources/NestKit/ArtifactBundleZIPCache.swift:1:8: error: no such module 'CryptoKit'
 1 | import CryptoKit
   |        `- error: no such module 'CryptoKit'
 2 | import Foundation
 3 |
[307/327] Compiling NestKit AssetRegistryClientBuilder.swift
/host/spi-builder-workspace/Sources/NestKit/ArtifactBundleZIPCache.swift:1:8: error: no such module 'CryptoKit'
 1 | import CryptoKit
   |        `- error: no such module 'CryptoKit'
 2 | import Foundation
 3 |
[308/327] Compiling NestKit ChecksumCalculator.swift
/host/spi-builder-workspace/Sources/NestKit/ArtifactBundleZIPCache.swift:1:8: error: no such module 'CryptoKit'
 1 | import CryptoKit
   |        `- error: no such module 'CryptoKit'
 2 | import Foundation
 3 |
[309/327] Compiling NestKit Configuration.swift
/host/spi-builder-workspace/Sources/NestKit/ArtifactBundleZIPCache.swift:1:8: error: no such module 'CryptoKit'
 1 | import CryptoKit
   |        `- error: no such module 'CryptoKit'
 2 | import Foundation
 3 |
[310/327] Compiling NestKit ExecutableBinary.swift
/host/spi-builder-workspace/Sources/NestKit/ArtifactBundleZIPCache.swift:1:8: error: no such module 'CryptoKit'
 1 | import CryptoKit
   |        `- error: no such module 'CryptoKit'
 2 | import Foundation
 3 |
[311/327] Compiling NestKit Logger+extension.swift
/host/spi-builder-workspace/Sources/NestKit/ArtifactBundleZIPCache.swift:1:8: error: no such module 'CryptoKit'
 1 | import CryptoKit
   |        `- error: no such module 'CryptoKit'
 2 | import Foundation
 3 |
[312/327] Compiling NestKit SwiftCommand.swift
/host/spi-builder-workspace/Sources/NestKit/ArtifactBundleZIPCache.swift:1:8: error: no such module 'CryptoKit'
 1 | import CryptoKit
   |        `- error: no such module 'CryptoKit'
 2 | import Foundation
 3 |
[313/327] Compiling NestKit SwiftPackage.swift
/host/spi-builder-workspace/Sources/NestKit/ArtifactBundleZIPCache.swift:1:8: error: no such module 'CryptoKit'
 1 | import CryptoKit
   |        `- error: no such module 'CryptoKit'
 2 | import Foundation
 3 |
[314/327] Compiling NestKit TripleDetector.swift
/host/spi-builder-workspace/Sources/NestKit/ArtifactBundleZIPCache.swift:1:8: error: no such module 'CryptoKit'
 1 | import CryptoKit
   |        `- error: no such module 'CryptoKit'
 2 | import Foundation
 3 |
[315/327] Compiling NestKit ProcessExecutor.swift
/host/spi-builder-workspace/Sources/NestKit/ArtifactBundleZIPCache.swift:1:8: error: no such module 'CryptoKit'
 1 | import CryptoKit
   |        `- error: no such module 'CryptoKit'
 2 | import Foundation
 3 |
[316/327] Compiling NestKit ProcessExecutorBuilder.swift
/host/spi-builder-workspace/Sources/NestKit/ArtifactBundleZIPCache.swift:1:8: error: no such module 'CryptoKit'
 1 | import CryptoKit
   |        `- error: no such module 'CryptoKit'
 2 | import Foundation
 3 |
[317/327] Compiling NestKit ArtifactBundle.swift
/host/spi-builder-workspace/Sources/NestKit/ArtifactBundleZIPCache.swift:1:8: error: no such module 'CryptoKit'
 1 | import CryptoKit
   |        `- error: no such module 'CryptoKit'
 2 | import Foundation
 3 |
[318/327] Compiling NestKit ArtifactBundleInfo.swift
/host/spi-builder-workspace/Sources/NestKit/ArtifactBundleZIPCache.swift:1:8: error: no such module 'CryptoKit'
 1 | import CryptoKit
   |        `- error: no such module 'CryptoKit'
 2 | import Foundation
 3 |
[319/327] Compiling NestKit ArtifactBundleAssetSelector.swift
/host/spi-builder-workspace/Sources/NestKit/ArtifactBundleZIPCache.swift:1:8: error: no such module 'CryptoKit'
 1 | import CryptoKit
   |        `- error: no such module 'CryptoKit'
 2 | import Foundation
 3 |
[320/327] Compiling NestKit ArtifactBundleManager.swift
/host/spi-builder-workspace/Sources/NestKit/ArtifactBundleZIPCache.swift:1:8: error: no such module 'CryptoKit'
 1 | import CryptoKit
   |        `- error: no such module 'CryptoKit'
 2 | import Foundation
 3 |
[321/327] Compiling NestKit ArtifactBundleZIPCache.swift
/host/spi-builder-workspace/Sources/NestKit/ArtifactBundleZIPCache.swift:1:8: error: no such module 'CryptoKit'
 1 | import CryptoKit
   |        `- error: no such module 'CryptoKit'
 2 | import Foundation
 3 |
[322/327] Compiling NestKit ArtifactBundleZIPCacheOption.swift
/host/spi-builder-workspace/Sources/NestKit/ArtifactBundleZIPCache.swift:1:8: error: no such module 'CryptoKit'
 1 | import CryptoKit
   |        `- error: no such module 'CryptoKit'
 2 | import Foundation
 3 |
BUILD FAILURE 6.3 linux