The Swift Package Index logo.Swift Package Index

Build Information

Failed to build swift-fsm, reference 0.9.6 (9bd122), with Swift 6.4 for watchOS using Xcode 27.0 on 21 Sep 2026 20:55:11 UTC.

Build Command

env DEVELOPER_DIR=/Applications/Xcode-27.0.0-Release.Candidate.app xcrun xcodebuild -IDEClonedSourcePackagesDirPathOverride=$PWD/.dependencies -skipMacroValidation -skipPackagePluginValidation -derivedDataPath $PWD/.derivedData build -scheme swift-fsm -destination generic/platform=watchOS

Build Log

21 |         ) -> MWTA_Group {
22 |             .init(actions, file: file, line: line, group)
   |                                                    `- warning: converting @isolated(any) function of type '@isolated(any) () -> [Syntax.MatchingWhenThenActions]' to synchronous function type '() -> [Syntax.CompoundSyntax]' is not allowed; this will be an error in a future Swift language mode [#ConversionFromIsolatedAnyToSynchronous]
23 |         }
24 |
/Users/admin/builder/spi-builder-workspace/Sources/SwiftFSM/Internal/Syntax/Actions.swift:28:52: warning: converting @isolated(any) function of type '@isolated(any) () -> [Syntax.MatchingWhenActions]' to synchronous function type '() -> [Syntax.CompoundSyntax]' is not allowed; this will be an error in a future Swift language mode [#ConversionFromIsolatedAnyToSynchronous]
26 |             @MWABuilder _ group: @isolated(any) () -> [MatchingWhenActions]
27 |         ) -> MWA_Group {
28 |             .init(actions, file: file, line: line, group)
   |                                                    `- warning: converting @isolated(any) function of type '@isolated(any) () -> [Syntax.MatchingWhenActions]' to synchronous function type '() -> [Syntax.CompoundSyntax]' is not allowed; this will be an error in a future Swift language mode [#ConversionFromIsolatedAnyToSynchronous]
29 |         }
30 |
/Users/admin/builder/spi-builder-workspace/Sources/SwiftFSM/Internal/Syntax/Actions.swift:34:52: warning: converting @isolated(any) function of type '@isolated(any) () -> [Syntax.MatchingThenActions]' to synchronous function type '() -> [Syntax.CompoundSyntax]' is not allowed; this will be an error in a future Swift language mode [#ConversionFromIsolatedAnyToSynchronous]
32 |             @MTABuilder _ group: @isolated(any) () -> [MatchingThenActions]
33 |         ) -> MTA_Group {
34 |             .init(actions, file: file, line: line, group)
   |                                                    `- warning: converting @isolated(any) function of type '@isolated(any) () -> [Syntax.MatchingThenActions]' to synchronous function type '() -> [Syntax.CompoundSyntax]' is not allowed; this will be an error in a future Swift language mode [#ConversionFromIsolatedAnyToSynchronous]
35 |         }
36 |     }
[#ConversionFromIsolatedAnyToSynchronous]: <https://docs.swift.org/compiler/documentation/diagnostics/conversion-from-isolated-any-to-synchronous>
SwiftCompile normal arm64 /Users/admin/builder/spi-builder-workspace/Sources/SwiftFSM/Internal/Nodes/Validation/SemanticValidationNode.swift (in target 'SwiftFSM' from project 'swift-fsm')
    cd /Users/admin/builder/spi-builder-workspace/.swiftpm/xcode
    builtin-SwiftPerFileCompile SemanticValidationNode.swift
SwiftCompile normal arm64 /Users/admin/builder/spi-builder-workspace/Sources/SwiftFSM/Internal/Nodes/WhenNode.swift (in target 'SwiftFSM' from project 'swift-fsm')
    cd /Users/admin/builder/spi-builder-workspace/.swiftpm/xcode
    builtin-SwiftPerFileCompile WhenNode.swift
SwiftCompile normal arm64 /Users/admin/builder/spi-builder-workspace/Sources/SwiftFSM/Internal/Syntax/Actions.swift (in target 'SwiftFSM' from project 'swift-fsm')
    cd /Users/admin/builder/spi-builder-workspace/.swiftpm/xcode
    builtin-SwiftPerFileCompile Actions.swift
SwiftCompile normal arm64 /Users/admin/builder/spi-builder-workspace/Sources/SwiftFSM/Internal/Syntax/CompoundSyntax.swift (in target 'SwiftFSM' from project 'swift-fsm')
    cd /Users/admin/builder/spi-builder-workspace/.swiftpm/xcode
    builtin-SwiftPerFileCompile CompoundSyntax.swift
SwiftCompile normal arm64 /Users/admin/builder/spi-builder-workspace/Sources/SwiftFSM/Internal/Syntax/Define.swift (in target 'SwiftFSM' from project 'swift-fsm')
    cd /Users/admin/builder/spi-builder-workspace/.swiftpm/xcode
    builtin-SwiftPerFileCompile Define.swift
SwiftCompile normal arm64 Compiling\ FSMValue+Comparable.swift,\ FSMValue+Equatable.swift,\ FSMValue+Interpolation.swift,\ FSMValue+Nil.swift /Users/admin/builder/spi-builder-workspace/Sources/SwiftFSM/Public/FSMValue/FSMValue+Comparable.swift /Users/admin/builder/spi-builder-workspace/Sources/SwiftFSM/Public/FSMValue/FSMValue+Equatable.swift /Users/admin/builder/spi-builder-workspace/Sources/SwiftFSM/Public/FSMValue/FSMValue+Interpolation.swift /Users/admin/builder/spi-builder-workspace/Sources/SwiftFSM/Public/FSMValue/FSMValue+Nil.swift (in target 'SwiftFSM' from project 'swift-fsm')
SwiftCompile normal arm64 /Users/admin/builder/spi-builder-workspace/Sources/SwiftFSM/Public/FSMValue/FSMValue+Comparable.swift (in target 'SwiftFSM' from project 'swift-fsm')
    cd /Users/admin/builder/spi-builder-workspace/.swiftpm/xcode
    builtin-SwiftPerFileCompile FSMValue+Comparable.swift
SwiftCompile normal arm64 /Users/admin/builder/spi-builder-workspace/Sources/SwiftFSM/Public/FSMValue/FSMValue+Equatable.swift (in target 'SwiftFSM' from project 'swift-fsm')
    cd /Users/admin/builder/spi-builder-workspace/.swiftpm/xcode
    builtin-SwiftPerFileCompile FSMValue+Equatable.swift
SwiftCompile normal arm64 /Users/admin/builder/spi-builder-workspace/Sources/SwiftFSM/Public/FSMValue/FSMValue+Interpolation.swift (in target 'SwiftFSM' from project 'swift-fsm')
    cd /Users/admin/builder/spi-builder-workspace/.swiftpm/xcode
    builtin-SwiftPerFileCompile FSMValue+Interpolation.swift
SwiftCompile normal arm64 /Users/admin/builder/spi-builder-workspace/Sources/SwiftFSM/Public/FSMValue/FSMValue+Nil.swift (in target 'SwiftFSM' from project 'swift-fsm')
    cd /Users/admin/builder/spi-builder-workspace/.swiftpm/xcode
    builtin-SwiftPerFileCompile FSMValue+Nil.swift
SwiftEmitModule normal arm64_32 Emitting\ module\ for\ SwiftFSM (in target 'SwiftFSM' from project 'swift-fsm')
SwiftCompile normal arm64_32 (in target 'SwiftFSM' from project 'swift-fsm')
    cd /Users/admin/builder/spi-builder-workspace/.swiftpm/xcode

SwiftDriverJobDiscovery normal arm64 Emitting module for SwiftFSM (in target 'SwiftFSM' from project 'swift-fsm')
SwiftDriver\ Compilation\ Requirements SwiftFSM normal arm64 com.apple.xcode.tools.swift.compiler (in target 'SwiftFSM' from project 'swift-fsm')
    cd /Users/admin/builder/spi-builder-workspace/.swiftpm/xcode
    builtin-Swift-Compilation-Requirements -- /Applications/Xcode-27.0.0-Release.Candidate.app/Contents/Developer/Toolchains/XcodeDefault.xctoolchain/usr/bin/swiftc -parse-as-library -module-name SwiftFSM -Onone @/Users/admin/builder/spi-builder-workspace/.derivedData/Build/Intermediates.noindex/swift-fsm.build/Debug-watchos/SwiftFSM-t.build/Objects-normal/arm64/SwiftFSM.SwiftFileList -DSWIFT_PACKAGE -DDEBUG -DSWIFT_MODULE_RESOURCE_BUNDLE_UNAVAILABLE -Xcc -fmodule-map-file\=/Users/admin/builder/spi-builder-workspace/.dependencies/checkouts/swift-numerics/Sources/_NumericsShims/include/module.modulemap -DXcode -enable-experimental-feature StrictConcurrency\=complete -plugin-path /Applications/Xcode-27.0.0-Release.Candidate.app/Contents/Developer/Toolchains/XcodeDefault.xctoolchain/usr/lib/swift/host/plugins/testing -enable-experimental-feature DebugDescriptionMacro -sdk /Applications/Xcode-27.0.0-Release.Candidate.app/Contents/Developer/Platforms/WatchOS.platform/Developer/SDKs/WatchOS27.0.sdk -target arm64-apple-watchos11.0 -g -module-cache-path /Users/admin/builder/spi-builder-workspace/.derivedData/ModuleCache.noindex -Xfrontend -serialize-debugging-options -profile-coverage-mapping -profile-generate -enable-testing -index-store-path /Users/admin/builder/spi-builder-workspace/.derivedData/Index.noindex/DataStore -Xcc -D_LIBCPP_HARDENING_MODE\=_LIBCPP_HARDENING_MODE_DEBUG -swift-version 6 -I /Users/admin/builder/spi-builder-workspace/.derivedData/Build/Products/Debug-watchos -Isystem /Applications/Xcode-27.0.0-Release.Candidate.app/Contents/Developer/Platforms/WatchOS.platform/Developer/usr/lib -F /Users/admin/builder/spi-builder-workspace/.derivedData/Build/Products/Debug-watchos/PackageFrameworks -F /Users/admin/builder/spi-builder-workspace/.derivedData/Build/Products/Debug-watchos -F /Applications/Xcode-27.0.0-Release.Candidate.app/Contents/Developer/Platforms/WatchOS.platform/Developer/Library/Frameworks -F /Applications/Xcode-27.0.0-Release.Candidate.app/Contents/Developer/Platforms/WatchOS.platform/Developer/SDKs/WatchOS27.0.sdk/Developer/Library/Frameworks -c -j10 -enable-batch-mode -incremental -Xcc -ivfsstatcache -Xcc /Users/admin/builder/spi-builder-workspace/.derivedData/SDKStatCaches.noindex/watchos27.0-24R360-e829b21a6f8c9b70876ba0858053c04477534ef55a1706bf4c1112bbb242f0a2.sdkstatcache -output-file-map /Users/admin/builder/spi-builder-workspace/.derivedData/Build/Intermediates.noindex/swift-fsm.build/Debug-watchos/SwiftFSM-t.build/Objects-normal/arm64/SwiftFSM-OutputFileMap.json -save-temps -no-color-diagnostics -explicit-module-build -module-cache-path /Users/admin/builder/spi-builder-workspace/.derivedData/Build/Intermediates.noindex/SwiftExplicitPrecompiledModules -clang-scanner-module-cache-path /Users/admin/builder/spi-builder-workspace/.derivedData/ModuleCache.noindex -sdk-module-cache-path /Users/admin/builder/spi-builder-workspace/.derivedData/SDKExplicitPrecompiledModules -emit-dependencies -emit-module -emit-module-path /Users/admin/builder/spi-builder-workspace/.derivedData/Build/Intermediates.noindex/swift-fsm.build/Debug-watchos/SwiftFSM-t.build/Objects-normal/arm64/SwiftFSM.swiftmodule -serialize-diagnostics -dependency-scan-serialize-diagnostics-path /Users/admin/builder/spi-builder-workspace/.derivedData/Build/Intermediates.noindex/swift-fsm.build/Debug-watchos/SwiftFSM-t.build/Objects-normal/arm64/SwiftFSM-dependency-scan.dia -validate-clang-modules-once -clang-build-session-file /Users/admin/builder/spi-builder-workspace/.derivedData/ModuleCache.noindex/Session.modulevalidation -Xcc -fmodules-prune-interval\=86400 -Xcc -fmodules-prune-after\=345600 -package-name spi_builder_workspace -emit-const-values -const-gather-protocols-list /Users/admin/builder/spi-builder-workspace/.derivedData/Build/Intermediates.noindex/swift-fsm.build/Debug-watchos/SwiftFSM-t.build/Objects-normal/arm64/SwiftFSM_const_extract_protocols.json -Xcc -I/Users/admin/builder/spi-builder-workspace/.dependencies/checkouts/swift-numerics/Sources/_NumericsShims/include -Xcc -I/Users/admin/builder/spi-builder-workspace/.derivedData/Build/Products/Debug-watchos/include -Xcc -I/Users/admin/builder/spi-builder-workspace/.derivedData/Build/Intermediates.noindex/swift-fsm.build/Debug-watchos/SwiftFSM-t.build/DerivedSources-normal/arm64 -Xcc -I/Users/admin/builder/spi-builder-workspace/.derivedData/Build/Intermediates.noindex/swift-fsm.build/Debug-watchos/SwiftFSM-t.build/DerivedSources/arm64 -Xcc -I/Users/admin/builder/spi-builder-workspace/.derivedData/Build/Intermediates.noindex/swift-fsm.build/Debug-watchos/SwiftFSM-t.build/DerivedSources -Xcc -DSWIFT_PACKAGE -Xcc -DDEBUG\=1 -emit-objc-header -emit-objc-header-path /Users/admin/builder/spi-builder-workspace/.derivedData/Build/Intermediates.noindex/swift-fsm.build/Debug-watchos/SwiftFSM-t.build/Objects-normal/arm64/SwiftFSM-Swift.h -working-directory /Users/admin/builder/spi-builder-workspace/.swiftpm/xcode -experimental-emit-module-separately -disable-cmo
SwiftDriverJobDiscovery normal arm64_32 Emitting module for SwiftFSM (in target 'SwiftFSM' from project 'swift-fsm')
SwiftDriver\ Compilation\ Requirements SwiftFSM normal arm64_32 com.apple.xcode.tools.swift.compiler (in target 'SwiftFSM' from project 'swift-fsm')
    cd /Users/admin/builder/spi-builder-workspace/.swiftpm/xcode
    builtin-Swift-Compilation-Requirements -- /Applications/Xcode-27.0.0-Release.Candidate.app/Contents/Developer/Toolchains/XcodeDefault.xctoolchain/usr/bin/swiftc -parse-as-library -module-name SwiftFSM -Onone @/Users/admin/builder/spi-builder-workspace/.derivedData/Build/Intermediates.noindex/swift-fsm.build/Debug-watchos/SwiftFSM-t.build/Objects-normal/arm64_32/SwiftFSM.SwiftFileList -DSWIFT_PACKAGE -DDEBUG -DSWIFT_MODULE_RESOURCE_BUNDLE_UNAVAILABLE -Xcc -fmodule-map-file\=/Users/admin/builder/spi-builder-workspace/.dependencies/checkouts/swift-numerics/Sources/_NumericsShims/include/module.modulemap -DXcode -enable-experimental-feature StrictConcurrency\=complete -plugin-path /Applications/Xcode-27.0.0-Release.Candidate.app/Contents/Developer/Toolchains/XcodeDefault.xctoolchain/usr/lib/swift/host/plugins/testing -enable-experimental-feature DebugDescriptionMacro -sdk /Applications/Xcode-27.0.0-Release.Candidate.app/Contents/Developer/Platforms/WatchOS.platform/Developer/SDKs/WatchOS27.0.sdk -target arm64_32-apple-watchos11.0 -g -module-cache-path /Users/admin/builder/spi-builder-workspace/.derivedData/ModuleCache.noindex -Xfrontend -serialize-debugging-options -profile-coverage-mapping -profile-generate -enable-testing -index-store-path /Users/admin/builder/spi-builder-workspace/.derivedData/Index.noindex/DataStore -Xcc -D_LIBCPP_HARDENING_MODE\=_LIBCPP_HARDENING_MODE_DEBUG -swift-version 6 -I /Users/admin/builder/spi-builder-workspace/.derivedData/Build/Products/Debug-watchos -Isystem /Applications/Xcode-27.0.0-Release.Candidate.app/Contents/Developer/Platforms/WatchOS.platform/Developer/usr/lib -F /Users/admin/builder/spi-builder-workspace/.derivedData/Build/Products/Debug-watchos/PackageFrameworks -F /Users/admin/builder/spi-builder-workspace/.derivedData/Build/Products/Debug-watchos -F /Applications/Xcode-27.0.0-Release.Candidate.app/Contents/Developer/Platforms/WatchOS.platform/Developer/Library/Frameworks -F /Applications/Xcode-27.0.0-Release.Candidate.app/Contents/Developer/Platforms/WatchOS.platform/Developer/SDKs/WatchOS27.0.sdk/Developer/Library/Frameworks -c -j10 -enable-batch-mode -incremental -Xcc -ivfsstatcache -Xcc /Users/admin/builder/spi-builder-workspace/.derivedData/SDKStatCaches.noindex/watchos27.0-24R360-e829b21a6f8c9b70876ba0858053c04477534ef55a1706bf4c1112bbb242f0a2.sdkstatcache -output-file-map /Users/admin/builder/spi-builder-workspace/.derivedData/Build/Intermediates.noindex/swift-fsm.build/Debug-watchos/SwiftFSM-t.build/Objects-normal/arm64_32/SwiftFSM-OutputFileMap.json -save-temps -no-color-diagnostics -explicit-module-build -module-cache-path /Users/admin/builder/spi-builder-workspace/.derivedData/Build/Intermediates.noindex/SwiftExplicitPrecompiledModules -clang-scanner-module-cache-path /Users/admin/builder/spi-builder-workspace/.derivedData/ModuleCache.noindex -sdk-module-cache-path /Users/admin/builder/spi-builder-workspace/.derivedData/SDKExplicitPrecompiledModules -emit-dependencies -emit-module -emit-module-path /Users/admin/builder/spi-builder-workspace/.derivedData/Build/Intermediates.noindex/swift-fsm.build/Debug-watchos/SwiftFSM-t.build/Objects-normal/arm64_32/SwiftFSM.swiftmodule -serialize-diagnostics -dependency-scan-serialize-diagnostics-path /Users/admin/builder/spi-builder-workspace/.derivedData/Build/Intermediates.noindex/swift-fsm.build/Debug-watchos/SwiftFSM-t.build/Objects-normal/arm64_32/SwiftFSM-dependency-scan.dia -validate-clang-modules-once -clang-build-session-file /Users/admin/builder/spi-builder-workspace/.derivedData/ModuleCache.noindex/Session.modulevalidation -Xcc -fmodules-prune-interval\=86400 -Xcc -fmodules-prune-after\=345600 -package-name spi_builder_workspace -emit-const-values -const-gather-protocols-list /Users/admin/builder/spi-builder-workspace/.derivedData/Build/Intermediates.noindex/swift-fsm.build/Debug-watchos/SwiftFSM-t.build/Objects-normal/arm64_32/SwiftFSM_const_extract_protocols.json -Xcc -I/Users/admin/builder/spi-builder-workspace/.dependencies/checkouts/swift-numerics/Sources/_NumericsShims/include -Xcc -I/Users/admin/builder/spi-builder-workspace/.derivedData/Build/Products/Debug-watchos/include -Xcc -I/Users/admin/builder/spi-builder-workspace/.derivedData/Build/Intermediates.noindex/swift-fsm.build/Debug-watchos/SwiftFSM-t.build/DerivedSources-normal/arm64_32 -Xcc -I/Users/admin/builder/spi-builder-workspace/.derivedData/Build/Intermediates.noindex/swift-fsm.build/Debug-watchos/SwiftFSM-t.build/DerivedSources/arm64_32 -Xcc -I/Users/admin/builder/spi-builder-workspace/.derivedData/Build/Intermediates.noindex/swift-fsm.build/Debug-watchos/SwiftFSM-t.build/DerivedSources -Xcc -DSWIFT_PACKAGE -Xcc -DDEBUG\=1 -emit-objc-header -emit-objc-header-path /Users/admin/builder/spi-builder-workspace/.derivedData/Build/Intermediates.noindex/swift-fsm.build/Debug-watchos/SwiftFSM-t.build/Objects-normal/arm64_32/SwiftFSM-Swift.h -working-directory /Users/admin/builder/spi-builder-workspace/.swiftpm/xcode -experimental-emit-module-separately -disable-cmo
Copy /Users/admin/builder/spi-builder-workspace/.derivedData/Build/Products/Debug-watchos/SwiftFSM.swiftmodule/arm64-apple-watchos.swiftdoc /Users/admin/builder/spi-builder-workspace/.derivedData/Build/Intermediates.noindex/swift-fsm.build/Debug-watchos/SwiftFSM-t.build/Objects-normal/arm64/SwiftFSM.swiftdoc (in target 'SwiftFSM' from project 'swift-fsm')
    cd /Users/admin/builder/spi-builder-workspace
    builtin-copy -exclude .DS_Store -exclude CVS -exclude .svn -exclude .git -exclude .hg -resolve-src-symlinks -rename /Users/admin/builder/spi-builder-workspace/.derivedData/Build/Intermediates.noindex/swift-fsm.build/Debug-watchos/SwiftFSM-t.build/Objects-normal/arm64/SwiftFSM.swiftdoc /Users/admin/builder/spi-builder-workspace/.derivedData/Build/Products/Debug-watchos/SwiftFSM.swiftmodule/arm64-apple-watchos.swiftdoc
SwiftMergeGeneratedHeaders /Users/admin/builder/spi-builder-workspace/.derivedData/Build/Intermediates.noindex/GeneratedModuleMaps-watchos/SwiftFSM-Swift.h /Users/admin/builder/spi-builder-workspace/.derivedData/Build/Intermediates.noindex/swift-fsm.build/Debug-watchos/SwiftFSM-t.build/Objects-normal/arm64/SwiftFSM-Swift.h /Users/admin/builder/spi-builder-workspace/.derivedData/Build/Intermediates.noindex/swift-fsm.build/Debug-watchos/SwiftFSM-t.build/Objects-normal/arm64_32/SwiftFSM-Swift.h (in target 'SwiftFSM' from project 'swift-fsm')
    cd /Users/admin/builder/spi-builder-workspace
    builtin-swiftHeaderTool -arch arm64 /Users/admin/builder/spi-builder-workspace/.derivedData/Build/Intermediates.noindex/swift-fsm.build/Debug-watchos/SwiftFSM-t.build/Objects-normal/arm64/SwiftFSM-Swift.h -arch arm64_32 /Users/admin/builder/spi-builder-workspace/.derivedData/Build/Intermediates.noindex/swift-fsm.build/Debug-watchos/SwiftFSM-t.build/Objects-normal/arm64_32/SwiftFSM-Swift.h -o /Users/admin/builder/spi-builder-workspace/.derivedData/Build/Intermediates.noindex/GeneratedModuleMaps-watchos/SwiftFSM-Swift.h
Copy /Users/admin/builder/spi-builder-workspace/.derivedData/Build/Products/Debug-watchos/SwiftFSM.swiftmodule/arm64_32-apple-watchos.swiftmodule /Users/admin/builder/spi-builder-workspace/.derivedData/Build/Intermediates.noindex/swift-fsm.build/Debug-watchos/SwiftFSM-t.build/Objects-normal/arm64_32/SwiftFSM.swiftmodule (in target 'SwiftFSM' from project 'swift-fsm')
    cd /Users/admin/builder/spi-builder-workspace
    builtin-copy -exclude .DS_Store -exclude CVS -exclude .svn -exclude .git -exclude .hg -resolve-src-symlinks -rename /Users/admin/builder/spi-builder-workspace/.derivedData/Build/Intermediates.noindex/swift-fsm.build/Debug-watchos/SwiftFSM-t.build/Objects-normal/arm64_32/SwiftFSM.swiftmodule /Users/admin/builder/spi-builder-workspace/.derivedData/Build/Products/Debug-watchos/SwiftFSM.swiftmodule/arm64_32-apple-watchos.swiftmodule
Copy /Users/admin/builder/spi-builder-workspace/.derivedData/Build/Products/Debug-watchos/SwiftFSM.swiftmodule/arm64_32-apple-watchos.swiftdoc /Users/admin/builder/spi-builder-workspace/.derivedData/Build/Intermediates.noindex/swift-fsm.build/Debug-watchos/SwiftFSM-t.build/Objects-normal/arm64_32/SwiftFSM.swiftdoc (in target 'SwiftFSM' from project 'swift-fsm')
    cd /Users/admin/builder/spi-builder-workspace
    builtin-copy -exclude .DS_Store -exclude CVS -exclude .svn -exclude .git -exclude .hg -resolve-src-symlinks -rename /Users/admin/builder/spi-builder-workspace/.derivedData/Build/Intermediates.noindex/swift-fsm.build/Debug-watchos/SwiftFSM-t.build/Objects-normal/arm64_32/SwiftFSM.swiftdoc /Users/admin/builder/spi-builder-workspace/.derivedData/Build/Products/Debug-watchos/SwiftFSM.swiftmodule/arm64_32-apple-watchos.swiftdoc
Copy /Users/admin/builder/spi-builder-workspace/.derivedData/Build/Products/Debug-watchos/SwiftFSM.swiftmodule/arm64_32-apple-watchos.abi.json /Users/admin/builder/spi-builder-workspace/.derivedData/Build/Intermediates.noindex/swift-fsm.build/Debug-watchos/SwiftFSM-t.build/Objects-normal/arm64_32/SwiftFSM.abi.json (in target 'SwiftFSM' from project 'swift-fsm')
    cd /Users/admin/builder/spi-builder-workspace
    builtin-copy -exclude .DS_Store -exclude CVS -exclude .svn -exclude .git -exclude .hg -resolve-src-symlinks -rename /Users/admin/builder/spi-builder-workspace/.derivedData/Build/Intermediates.noindex/swift-fsm.build/Debug-watchos/SwiftFSM-t.build/Objects-normal/arm64_32/SwiftFSM.abi.json /Users/admin/builder/spi-builder-workspace/.derivedData/Build/Products/Debug-watchos/SwiftFSM.swiftmodule/arm64_32-apple-watchos.abi.json
Copy /Users/admin/builder/spi-builder-workspace/.derivedData/Build/Products/Debug-watchos/SwiftFSM.swiftmodule/arm64-apple-watchos.swiftmodule /Users/admin/builder/spi-builder-workspace/.derivedData/Build/Intermediates.noindex/swift-fsm.build/Debug-watchos/SwiftFSM-t.build/Objects-normal/arm64/SwiftFSM.swiftmodule (in target 'SwiftFSM' from project 'swift-fsm')
    cd /Users/admin/builder/spi-builder-workspace
    builtin-copy -exclude .DS_Store -exclude CVS -exclude .svn -exclude .git -exclude .hg -resolve-src-symlinks -rename /Users/admin/builder/spi-builder-workspace/.derivedData/Build/Intermediates.noindex/swift-fsm.build/Debug-watchos/SwiftFSM-t.build/Objects-normal/arm64/SwiftFSM.swiftmodule /Users/admin/builder/spi-builder-workspace/.derivedData/Build/Products/Debug-watchos/SwiftFSM.swiftmodule/arm64-apple-watchos.swiftmodule
Copy /Users/admin/builder/spi-builder-workspace/.derivedData/Build/Products/Debug-watchos/SwiftFSM.swiftmodule/arm64-apple-watchos.abi.json /Users/admin/builder/spi-builder-workspace/.derivedData/Build/Intermediates.noindex/swift-fsm.build/Debug-watchos/SwiftFSM-t.build/Objects-normal/arm64/SwiftFSM.abi.json (in target 'SwiftFSM' from project 'swift-fsm')
    cd /Users/admin/builder/spi-builder-workspace
    builtin-copy -exclude .DS_Store -exclude CVS -exclude .svn -exclude .git -exclude .hg -resolve-src-symlinks -rename /Users/admin/builder/spi-builder-workspace/.derivedData/Build/Intermediates.noindex/swift-fsm.build/Debug-watchos/SwiftFSM-t.build/Objects-normal/arm64/SwiftFSM.abi.json /Users/admin/builder/spi-builder-workspace/.derivedData/Build/Products/Debug-watchos/SwiftFSM.swiftmodule/arm64-apple-watchos.abi.json
Copy /Users/admin/builder/spi-builder-workspace/.derivedData/Build/Products/Debug-watchos/SwiftFSM.swiftmodule/Project/arm64_32-apple-watchos.swiftsourceinfo /Users/admin/builder/spi-builder-workspace/.derivedData/Build/Intermediates.noindex/swift-fsm.build/Debug-watchos/SwiftFSM-t.build/Objects-normal/arm64_32/SwiftFSM.swiftsourceinfo (in target 'SwiftFSM' from project 'swift-fsm')
    cd /Users/admin/builder/spi-builder-workspace
    builtin-copy -exclude .DS_Store -exclude CVS -exclude .svn -exclude .git -exclude .hg -resolve-src-symlinks -rename /Users/admin/builder/spi-builder-workspace/.derivedData/Build/Intermediates.noindex/swift-fsm.build/Debug-watchos/SwiftFSM-t.build/Objects-normal/arm64_32/SwiftFSM.swiftsourceinfo /Users/admin/builder/spi-builder-workspace/.derivedData/Build/Products/Debug-watchos/SwiftFSM.swiftmodule/Project/arm64_32-apple-watchos.swiftsourceinfo
Copy /Users/admin/builder/spi-builder-workspace/.derivedData/Build/Products/Debug-watchos/SwiftFSM.swiftmodule/Project/arm64-apple-watchos.swiftsourceinfo /Users/admin/builder/spi-builder-workspace/.derivedData/Build/Intermediates.noindex/swift-fsm.build/Debug-watchos/SwiftFSM-t.build/Objects-normal/arm64/SwiftFSM.swiftsourceinfo (in target 'SwiftFSM' from project 'swift-fsm')
    cd /Users/admin/builder/spi-builder-workspace
    builtin-copy -exclude .DS_Store -exclude CVS -exclude .svn -exclude .git -exclude .hg -resolve-src-symlinks -rename /Users/admin/builder/spi-builder-workspace/.derivedData/Build/Intermediates.noindex/swift-fsm.build/Debug-watchos/SwiftFSM-t.build/Objects-normal/arm64/SwiftFSM.swiftsourceinfo /Users/admin/builder/spi-builder-workspace/.derivedData/Build/Products/Debug-watchos/SwiftFSM.swiftmodule/Project/arm64-apple-watchos.swiftsourceinfo
SwiftCompile normal arm64_32 Compiling\ AnyPredicate.swift,\ Collection+Combinations.swift,\ MatchDescriptorChain.swift,\ ActionsNode.swift,\ ActionsResolvingNode.swift /Users/admin/builder/spi-builder-workspace/Sources/SwiftFSM/Internal/Matching/AnyPredicate.swift /Users/admin/builder/spi-builder-workspace/Sources/SwiftFSM/Internal/Matching/Collection+Combinations.swift /Users/admin/builder/spi-builder-workspace/Sources/SwiftFSM/Internal/Matching/MatchDescriptorChain.swift /Users/admin/builder/spi-builder-workspace/Sources/SwiftFSM/Internal/Nodes/ActionsNode.swift /Users/admin/builder/spi-builder-workspace/Sources/SwiftFSM/Internal/Nodes/ActionsResolvingNode.swift (in target 'SwiftFSM' from project 'swift-fsm')
SwiftCompile normal arm64_32 /Users/admin/builder/spi-builder-workspace/Sources/SwiftFSM/Internal/Matching/AnyPredicate.swift (in target 'SwiftFSM' from project 'swift-fsm')
    cd /Users/admin/builder/spi-builder-workspace/.swiftpm/xcode
    builtin-SwiftPerFileCompile AnyPredicate.swift
SwiftCompile normal arm64_32 /Users/admin/builder/spi-builder-workspace/Sources/SwiftFSM/Internal/Matching/Collection+Combinations.swift (in target 'SwiftFSM' from project 'swift-fsm')
    cd /Users/admin/builder/spi-builder-workspace/.swiftpm/xcode
    builtin-SwiftPerFileCompile Collection+Combinations.swift
SwiftCompile normal arm64_32 /Users/admin/builder/spi-builder-workspace/Sources/SwiftFSM/Internal/Matching/MatchDescriptorChain.swift (in target 'SwiftFSM' from project 'swift-fsm')
    cd /Users/admin/builder/spi-builder-workspace/.swiftpm/xcode
    builtin-SwiftPerFileCompile MatchDescriptorChain.swift
SwiftCompile normal arm64_32 /Users/admin/builder/spi-builder-workspace/Sources/SwiftFSM/Internal/Nodes/ActionsNode.swift (in target 'SwiftFSM' from project 'swift-fsm')
    cd /Users/admin/builder/spi-builder-workspace/.swiftpm/xcode
    builtin-SwiftPerFileCompile ActionsNode.swift
SwiftCompile normal arm64_32 /Users/admin/builder/spi-builder-workspace/Sources/SwiftFSM/Internal/Nodes/ActionsResolvingNode.swift (in target 'SwiftFSM' from project 'swift-fsm')
    cd /Users/admin/builder/spi-builder-workspace/.swiftpm/xcode
    builtin-SwiftPerFileCompile ActionsResolvingNode.swift
SwiftDriverJobDiscovery normal arm64 Compiling FSMValue+Comparable.swift, FSMValue+Equatable.swift, FSMValue+Interpolation.swift, FSMValue+Nil.swift (in target 'SwiftFSM' from project 'swift-fsm')
SwiftCompile normal arm64_32 Compiling\ FSMValue+Comparable.swift,\ FSMValue+Equatable.swift,\ FSMValue+Interpolation.swift,\ FSMValue+Nil.swift /Users/admin/builder/spi-builder-workspace/Sources/SwiftFSM/Public/FSMValue/FSMValue+Comparable.swift /Users/admin/builder/spi-builder-workspace/Sources/SwiftFSM/Public/FSMValue/FSMValue+Equatable.swift /Users/admin/builder/spi-builder-workspace/Sources/SwiftFSM/Public/FSMValue/FSMValue+Interpolation.swift /Users/admin/builder/spi-builder-workspace/Sources/SwiftFSM/Public/FSMValue/FSMValue+Nil.swift (in target 'SwiftFSM' from project 'swift-fsm')
SwiftCompile normal arm64_32 /Users/admin/builder/spi-builder-workspace/Sources/SwiftFSM/Public/FSMValue/FSMValue+Comparable.swift (in target 'SwiftFSM' from project 'swift-fsm')
    cd /Users/admin/builder/spi-builder-workspace/.swiftpm/xcode
    builtin-SwiftPerFileCompile FSMValue+Comparable.swift
SwiftCompile normal arm64_32 /Users/admin/builder/spi-builder-workspace/Sources/SwiftFSM/Public/FSMValue/FSMValue+Equatable.swift (in target 'SwiftFSM' from project 'swift-fsm')
    cd /Users/admin/builder/spi-builder-workspace/.swiftpm/xcode
    builtin-SwiftPerFileCompile FSMValue+Equatable.swift
SwiftCompile normal arm64_32 /Users/admin/builder/spi-builder-workspace/Sources/SwiftFSM/Public/FSMValue/FSMValue+Interpolation.swift (in target 'SwiftFSM' from project 'swift-fsm')
    cd /Users/admin/builder/spi-builder-workspace/.swiftpm/xcode
    builtin-SwiftPerFileCompile FSMValue+Interpolation.swift
SwiftCompile normal arm64_32 /Users/admin/builder/spi-builder-workspace/Sources/SwiftFSM/Public/FSMValue/FSMValue+Nil.swift (in target 'SwiftFSM' from project 'swift-fsm')
    cd /Users/admin/builder/spi-builder-workspace/.swiftpm/xcode
    builtin-SwiftPerFileCompile FSMValue+Nil.swift
SwiftDriverJobDiscovery normal arm64 Compiling AnyPredicate.swift, Collection+Combinations.swift, MatchDescriptorChain.swift, ActionsNode.swift, ActionsResolvingNode.swift (in target 'SwiftFSM' from project 'swift-fsm')
SwiftCompile normal arm64_32 Compiling\ SyntaxNode.swift,\ ThenNode.swift,\ EagerMRN.swift,\ LazyMRN.swift,\ MRNBase.swift /Users/admin/builder/spi-builder-workspace/Sources/SwiftFSM/Internal/Nodes/SyntaxNode.swift /Users/admin/builder/spi-builder-workspace/Sources/SwiftFSM/Internal/Nodes/ThenNode.swift /Users/admin/builder/spi-builder-workspace/Sources/SwiftFSM/Internal/Nodes/Validation/MatchResolvingNode/EagerMRN.swift /Users/admin/builder/spi-builder-workspace/Sources/SwiftFSM/Internal/Nodes/Validation/MatchResolvingNode/LazyMRN.swift /Users/admin/builder/spi-builder-workspace/Sources/SwiftFSM/Internal/Nodes/Validation/MatchResolvingNode/MRNBase.swift (in target 'SwiftFSM' from project 'swift-fsm')
SwiftCompile normal arm64_32 /Users/admin/builder/spi-builder-workspace/Sources/SwiftFSM/Internal/Nodes/SyntaxNode.swift (in target 'SwiftFSM' from project 'swift-fsm')
    cd /Users/admin/builder/spi-builder-workspace/.swiftpm/xcode
    builtin-SwiftPerFileCompile SyntaxNode.swift
SwiftCompile normal arm64_32 /Users/admin/builder/spi-builder-workspace/Sources/SwiftFSM/Internal/Nodes/ThenNode.swift (in target 'SwiftFSM' from project 'swift-fsm')
    cd /Users/admin/builder/spi-builder-workspace/.swiftpm/xcode
    builtin-SwiftPerFileCompile ThenNode.swift
SwiftCompile normal arm64_32 /Users/admin/builder/spi-builder-workspace/Sources/SwiftFSM/Internal/Nodes/Validation/MatchResolvingNode/EagerMRN.swift (in target 'SwiftFSM' from project 'swift-fsm')
    cd /Users/admin/builder/spi-builder-workspace/.swiftpm/xcode
    builtin-SwiftPerFileCompile EagerMRN.swift
SwiftCompile normal arm64_32 /Users/admin/builder/spi-builder-workspace/Sources/SwiftFSM/Internal/Nodes/Validation/MatchResolvingNode/LazyMRN.swift (in target 'SwiftFSM' from project 'swift-fsm')
    cd /Users/admin/builder/spi-builder-workspace/.swiftpm/xcode
    builtin-SwiftPerFileCompile LazyMRN.swift
SwiftCompile normal arm64_32 /Users/admin/builder/spi-builder-workspace/Sources/SwiftFSM/Internal/Nodes/Validation/MatchResolvingNode/MRNBase.swift (in target 'SwiftFSM' from project 'swift-fsm')
    cd /Users/admin/builder/spi-builder-workspace/.swiftpm/xcode
    builtin-SwiftPerFileCompile MRNBase.swift
SwiftCompile normal arm64_32 Compiling\ SemanticValidationNode.swift,\ WhenNode.swift,\ Actions.swift,\ CompoundSyntax.swift,\ Define.swift /Users/admin/builder/spi-builder-workspace/Sources/SwiftFSM/Internal/Nodes/Validation/SemanticValidationNode.swift /Users/admin/builder/spi-builder-workspace/Sources/SwiftFSM/Internal/Nodes/WhenNode.swift /Users/admin/builder/spi-builder-workspace/Sources/SwiftFSM/Internal/Syntax/Actions.swift /Users/admin/builder/spi-builder-workspace/Sources/SwiftFSM/Internal/Syntax/CompoundSyntax.swift /Users/admin/builder/spi-builder-workspace/Sources/SwiftFSM/Internal/Syntax/Define.swift (in target 'SwiftFSM' from project 'swift-fsm')
SwiftCompile normal arm64_32 /Users/admin/builder/spi-builder-workspace/Sources/SwiftFSM/Internal/Nodes/Validation/SemanticValidationNode.swift (in target 'SwiftFSM' from project 'swift-fsm')
    cd /Users/admin/builder/spi-builder-workspace/.swiftpm/xcode
    builtin-SwiftPerFileCompile SemanticValidationNode.swift
SwiftCompile normal arm64_32 /Users/admin/builder/spi-builder-workspace/Sources/SwiftFSM/Internal/Nodes/WhenNode.swift (in target 'SwiftFSM' from project 'swift-fsm')
    cd /Users/admin/builder/spi-builder-workspace/.swiftpm/xcode
    builtin-SwiftPerFileCompile WhenNode.swift
SwiftCompile normal arm64_32 /Users/admin/builder/spi-builder-workspace/Sources/SwiftFSM/Internal/Syntax/Actions.swift (in target 'SwiftFSM' from project 'swift-fsm')
    cd /Users/admin/builder/spi-builder-workspace/.swiftpm/xcode
    builtin-SwiftPerFileCompile Actions.swift
SwiftCompile normal arm64_32 /Users/admin/builder/spi-builder-workspace/Sources/SwiftFSM/Internal/Syntax/CompoundSyntax.swift (in target 'SwiftFSM' from project 'swift-fsm')
    cd /Users/admin/builder/spi-builder-workspace/.swiftpm/xcode
    builtin-SwiftPerFileCompile CompoundSyntax.swift
SwiftCompile normal arm64_32 /Users/admin/builder/spi-builder-workspace/Sources/SwiftFSM/Internal/Syntax/Define.swift (in target 'SwiftFSM' from project 'swift-fsm')
    cd /Users/admin/builder/spi-builder-workspace/.swiftpm/xcode
    builtin-SwiftPerFileCompile Define.swift
/Users/admin/builder/spi-builder-workspace/Sources/SwiftFSM/Internal/Syntax/Actions.swift:22:52: warning: converting @isolated(any) function of type '@isolated(any) () -> [Syntax.MatchingWhenThenActions]' to synchronous function type '() -> [Syntax.CompoundSyntax]' is not allowed; this will be an error in a future Swift language mode [#ConversionFromIsolatedAnyToSynchronous]
20 |             @MWTABuilder _ group: @isolated(any) () -> [MatchingWhenThenActions]
21 |         ) -> MWTA_Group {
22 |             .init(actions, file: file, line: line, group)
   |                                                    `- warning: converting @isolated(any) function of type '@isolated(any) () -> [Syntax.MatchingWhenThenActions]' to synchronous function type '() -> [Syntax.CompoundSyntax]' is not allowed; this will be an error in a future Swift language mode [#ConversionFromIsolatedAnyToSynchronous]
23 |         }
24 |
/Users/admin/builder/spi-builder-workspace/Sources/SwiftFSM/Internal/Syntax/Actions.swift:28:52: warning: converting @isolated(any) function of type '@isolated(any) () -> [Syntax.MatchingWhenActions]' to synchronous function type '() -> [Syntax.CompoundSyntax]' is not allowed; this will be an error in a future Swift language mode [#ConversionFromIsolatedAnyToSynchronous]
26 |             @MWABuilder _ group: @isolated(any) () -> [MatchingWhenActions]
27 |         ) -> MWA_Group {
28 |             .init(actions, file: file, line: line, group)
   |                                                    `- warning: converting @isolated(any) function of type '@isolated(any) () -> [Syntax.MatchingWhenActions]' to synchronous function type '() -> [Syntax.CompoundSyntax]' is not allowed; this will be an error in a future Swift language mode [#ConversionFromIsolatedAnyToSynchronous]
29 |         }
30 |
/Users/admin/builder/spi-builder-workspace/Sources/SwiftFSM/Internal/Syntax/Actions.swift:34:52: warning: converting @isolated(any) function of type '@isolated(any) () -> [Syntax.MatchingThenActions]' to synchronous function type '() -> [Syntax.CompoundSyntax]' is not allowed; this will be an error in a future Swift language mode [#ConversionFromIsolatedAnyToSynchronous]
32 |             @MTABuilder _ group: @isolated(any) () -> [MatchingThenActions]
33 |         ) -> MTA_Group {
34 |             .init(actions, file: file, line: line, group)
   |                                                    `- warning: converting @isolated(any) function of type '@isolated(any) () -> [Syntax.MatchingThenActions]' to synchronous function type '() -> [Syntax.CompoundSyntax]' is not allowed; this will be an error in a future Swift language mode [#ConversionFromIsolatedAnyToSynchronous]
35 |         }
36 |     }
[#ConversionFromIsolatedAnyToSynchronous]: <https://docs.swift.org/compiler/documentation/diagnostics/conversion-from-isolated-any-to-synchronous>
SwiftCompile normal arm64_32 Compiling\ FSMValue+Numbers.swift,\ FSMValue+String.swift,\ FSMValue.swift,\ FSMVaue+Dictionary.swift /Users/admin/builder/spi-builder-workspace/Sources/SwiftFSM/Public/FSMValue/FSMValue+Numbers.swift /Users/admin/builder/spi-builder-workspace/Sources/SwiftFSM/Public/FSMValue/FSMValue+String.swift /Users/admin/builder/spi-builder-workspace/Sources/SwiftFSM/Public/FSMValue/FSMValue.swift /Users/admin/builder/spi-builder-workspace/Sources/SwiftFSM/Public/FSMValue/FSMVaue+Dictionary.swift (in target 'SwiftFSM' from project 'swift-fsm')
SwiftCompile normal arm64_32 /Users/admin/builder/spi-builder-workspace/Sources/SwiftFSM/Public/FSMValue/FSMValue+Numbers.swift (in target 'SwiftFSM' from project 'swift-fsm')
    cd /Users/admin/builder/spi-builder-workspace/.swiftpm/xcode
    builtin-SwiftPerFileCompile FSMValue+Numbers.swift
SwiftCompile normal arm64_32 /Users/admin/builder/spi-builder-workspace/Sources/SwiftFSM/Public/FSMValue/FSMValue+String.swift (in target 'SwiftFSM' from project 'swift-fsm')
    cd /Users/admin/builder/spi-builder-workspace/.swiftpm/xcode
    builtin-SwiftPerFileCompile FSMValue+String.swift
SwiftCompile normal arm64_32 /Users/admin/builder/spi-builder-workspace/Sources/SwiftFSM/Public/FSMValue/FSMValue.swift (in target 'SwiftFSM' from project 'swift-fsm')
    cd /Users/admin/builder/spi-builder-workspace/.swiftpm/xcode
    builtin-SwiftPerFileCompile FSMValue.swift
SwiftCompile normal arm64_32 /Users/admin/builder/spi-builder-workspace/Sources/SwiftFSM/Public/FSMValue/FSMVaue+Dictionary.swift (in target 'SwiftFSM' from project 'swift-fsm')
    cd /Users/admin/builder/spi-builder-workspace/.swiftpm/xcode
    builtin-SwiftPerFileCompile FSMVaue+Dictionary.swift
SwiftCompile normal arm64_32 Compiling\ Errors.swift,\ Matching.swift,\ Override.swift,\ ResultBuilder.swift,\ SuperState.swift /Users/admin/builder/spi-builder-workspace/Sources/SwiftFSM/Internal/Syntax/Errors.swift /Users/admin/builder/spi-builder-workspace/Sources/SwiftFSM/Internal/Syntax/Matching.swift /Users/admin/builder/spi-builder-workspace/Sources/SwiftFSM/Internal/Syntax/Override.swift /Users/admin/builder/spi-builder-workspace/Sources/SwiftFSM/Internal/Syntax/ResultBuilder.swift /Users/admin/builder/spi-builder-workspace/Sources/SwiftFSM/Internal/Syntax/SuperState.swift (in target 'SwiftFSM' from project 'swift-fsm')
SwiftCompile normal arm64_32 /Users/admin/builder/spi-builder-workspace/Sources/SwiftFSM/Internal/Syntax/Errors.swift (in target 'SwiftFSM' from project 'swift-fsm')
    cd /Users/admin/builder/spi-builder-workspace/.swiftpm/xcode
    builtin-SwiftPerFileCompile Errors.swift
SwiftCompile normal arm64_32 /Users/admin/builder/spi-builder-workspace/Sources/SwiftFSM/Internal/Syntax/Matching.swift (in target 'SwiftFSM' from project 'swift-fsm')
    cd /Users/admin/builder/spi-builder-workspace/.swiftpm/xcode
    builtin-SwiftPerFileCompile Matching.swift
SwiftCompile normal arm64_32 /Users/admin/builder/spi-builder-workspace/Sources/SwiftFSM/Internal/Syntax/Override.swift (in target 'SwiftFSM' from project 'swift-fsm')
    cd /Users/admin/builder/spi-builder-workspace/.swiftpm/xcode
    builtin-SwiftPerFileCompile Override.swift
SwiftCompile normal arm64_32 /Users/admin/builder/spi-builder-workspace/Sources/SwiftFSM/Internal/Syntax/ResultBuilder.swift (in target 'SwiftFSM' from project 'swift-fsm')
    cd /Users/admin/builder/spi-builder-workspace/.swiftpm/xcode
    builtin-SwiftPerFileCompile ResultBuilder.swift
SwiftCompile normal arm64_32 /Users/admin/builder/spi-builder-workspace/Sources/SwiftFSM/Internal/Syntax/SuperState.swift (in target 'SwiftFSM' from project 'swift-fsm')
    cd /Users/admin/builder/spi-builder-workspace/.swiftpm/xcode
    builtin-SwiftPerFileCompile SuperState.swift
SwiftCompile normal arm64_32 Compiling\ Then.swift,\ When.swift,\ FSM.swift,\ FSMValue+Array.swift,\ FSMValue+Bool.swift /Users/admin/builder/spi-builder-workspace/Sources/SwiftFSM/Internal/Syntax/Then.swift /Users/admin/builder/spi-builder-workspace/Sources/SwiftFSM/Internal/Syntax/When.swift /Users/admin/builder/spi-builder-workspace/Sources/SwiftFSM/Public/FSM.swift /Users/admin/builder/spi-builder-workspace/Sources/SwiftFSM/Public/FSMValue/FSMValue+Array.swift /Users/admin/builder/spi-builder-workspace/Sources/SwiftFSM/Public/FSMValue/FSMValue+Bool.swift (in target 'SwiftFSM' from project 'swift-fsm')
/Users/admin/builder/spi-builder-workspace/Sources/SwiftFSM/Public/FSM.swift:45:79: warning: converting @isolated(any) function of type '@isolated(any) () -> [Syntax.Define<State, Event>]' to synchronous function type '() -> [Syntax.Define<State, Event>]' is not allowed; this will be an error in a future Swift language mode [#ConversionFromIsolatedAnyToSynchronous]
 43 |     ) throws {
 44 |         verifyIsolation(isolation, file: file, line: UInt(line))
 45 |         try fsm.buildTable(file: "\(file)", line: line, isolation: isolation, block)
    |                                                                               `- warning: converting @isolated(any) function of type '@isolated(any) () -> [Syntax.Define<State, Event>]' to synchronous function type '() -> [Syntax.Define<State, Event>]' is not allowed; this will be an error in a future Swift language mode [#ConversionFromIsolatedAnyToSynchronous]
 46 |     }
 47 |
[#ConversionFromIsolatedAnyToSynchronous]: <https://docs.swift.org/compiler/documentation/diagnostics/conversion-from-isolated-any-to-synchronous>
SwiftCompile normal arm64_32 /Users/admin/builder/spi-builder-workspace/Sources/SwiftFSM/Internal/Syntax/Then.swift (in target 'SwiftFSM' from project 'swift-fsm')
    cd /Users/admin/builder/spi-builder-workspace/.swiftpm/xcode
    builtin-SwiftPerFileCompile Then.swift
SwiftCompile normal arm64_32 /Users/admin/builder/spi-builder-workspace/Sources/SwiftFSM/Internal/Syntax/When.swift (in target 'SwiftFSM' from project 'swift-fsm')
    cd /Users/admin/builder/spi-builder-workspace/.swiftpm/xcode
    builtin-SwiftPerFileCompile When.swift
SwiftCompile normal arm64_32 /Users/admin/builder/spi-builder-workspace/Sources/SwiftFSM/Public/FSM.swift (in target 'SwiftFSM' from project 'swift-fsm')
    cd /Users/admin/builder/spi-builder-workspace/.swiftpm/xcode
    builtin-SwiftPerFileCompile FSM.swift
SwiftCompile normal arm64_32 /Users/admin/builder/spi-builder-workspace/Sources/SwiftFSM/Public/FSMValue/FSMValue+Array.swift (in target 'SwiftFSM' from project 'swift-fsm')
    cd /Users/admin/builder/spi-builder-workspace/.swiftpm/xcode
    builtin-SwiftPerFileCompile FSMValue+Array.swift
SwiftCompile normal arm64_32 /Users/admin/builder/spi-builder-workspace/Sources/SwiftFSM/Public/FSMValue/FSMValue+Bool.swift (in target 'SwiftFSM' from project 'swift-fsm')
    cd /Users/admin/builder/spi-builder-workspace/.swiftpm/xcode
    builtin-SwiftPerFileCompile FSMValue+Bool.swift
SwiftCompile normal arm64_32 Compiling\ AnyTraceable.swift,\ DefineNode.swift,\ GivenNode.swift,\ MatchingNode.swift,\ NodeConvenience.swift /Users/admin/builder/spi-builder-workspace/Sources/SwiftFSM/Internal/Nodes/AnyTraceable.swift /Users/admin/builder/spi-builder-workspace/Sources/SwiftFSM/Internal/Nodes/DefineNode.swift /Users/admin/builder/spi-builder-workspace/Sources/SwiftFSM/Internal/Nodes/GivenNode.swift /Users/admin/builder/spi-builder-workspace/Sources/SwiftFSM/Internal/Nodes/MatchingNode.swift /Users/admin/builder/spi-builder-workspace/Sources/SwiftFSM/Internal/Nodes/NodeConvenience.swift (in target 'SwiftFSM' from project 'swift-fsm')
SwiftCompile normal arm64_32 /Users/admin/builder/spi-builder-workspace/Sources/SwiftFSM/Internal/Nodes/AnyTraceable.swift (in target 'SwiftFSM' from project 'swift-fsm')
    cd /Users/admin/builder/spi-builder-workspace/.swiftpm/xcode
    builtin-SwiftPerFileCompile AnyTraceable.swift
SwiftCompile normal arm64_32 /Users/admin/builder/spi-builder-workspace/Sources/SwiftFSM/Internal/Nodes/DefineNode.swift (in target 'SwiftFSM' from project 'swift-fsm')
    cd /Users/admin/builder/spi-builder-workspace/.swiftpm/xcode
    builtin-SwiftPerFileCompile DefineNode.swift
SwiftCompile normal arm64_32 /Users/admin/builder/spi-builder-workspace/Sources/SwiftFSM/Internal/Nodes/GivenNode.swift (in target 'SwiftFSM' from project 'swift-fsm')
    cd /Users/admin/builder/spi-builder-workspace/.swiftpm/xcode
    builtin-SwiftPerFileCompile GivenNode.swift
SwiftCompile normal arm64_32 /Users/admin/builder/spi-builder-workspace/Sources/SwiftFSM/Internal/Nodes/MatchingNode.swift (in target 'SwiftFSM' from project 'swift-fsm')
    cd /Users/admin/builder/spi-builder-workspace/.swiftpm/xcode
    builtin-SwiftPerFileCompile MatchingNode.swift
SwiftCompile normal arm64_32 /Users/admin/builder/spi-builder-workspace/Sources/SwiftFSM/Internal/Nodes/NodeConvenience.swift (in target 'SwiftFSM' from project 'swift-fsm')
    cd /Users/admin/builder/spi-builder-workspace/.swiftpm/xcode
    builtin-SwiftPerFileCompile NodeConvenience.swift
SwiftCompile normal arm64 Compiling\ FSMValue+Numbers.swift,\ FSMValue+String.swift,\ FSMValue.swift,\ FSMVaue+Dictionary.swift /Users/admin/builder/spi-builder-workspace/Sources/SwiftFSM/Public/FSMValue/FSMValue+Numbers.swift /Users/admin/builder/spi-builder-workspace/Sources/SwiftFSM/Public/FSMValue/FSMValue+String.swift /Users/admin/builder/spi-builder-workspace/Sources/SwiftFSM/Public/FSMValue/FSMValue.swift /Users/admin/builder/spi-builder-workspace/Sources/SwiftFSM/Public/FSMValue/FSMVaue+Dictionary.swift (in target 'SwiftFSM' from project 'swift-fsm')
SwiftCompile normal arm64 /Users/admin/builder/spi-builder-workspace/Sources/SwiftFSM/Public/FSMValue/FSMValue+Numbers.swift (in target 'SwiftFSM' from project 'swift-fsm')
    cd /Users/admin/builder/spi-builder-workspace/.swiftpm/xcode
    builtin-SwiftPerFileCompile FSMValue+Numbers.swift
SwiftCompile normal arm64 /Users/admin/builder/spi-builder-workspace/Sources/SwiftFSM/Public/FSMValue/FSMValue+String.swift (in target 'SwiftFSM' from project 'swift-fsm')
    cd /Users/admin/builder/spi-builder-workspace/.swiftpm/xcode
    builtin-SwiftPerFileCompile FSMValue+String.swift
SwiftCompile normal arm64 /Users/admin/builder/spi-builder-workspace/Sources/SwiftFSM/Public/FSMValue/FSMValue.swift (in target 'SwiftFSM' from project 'swift-fsm')
    cd /Users/admin/builder/spi-builder-workspace/.swiftpm/xcode
    builtin-SwiftPerFileCompile FSMValue.swift
SwiftCompile normal arm64 /Users/admin/builder/spi-builder-workspace/Sources/SwiftFSM/Public/FSMValue/FSMVaue+Dictionary.swift (in target 'SwiftFSM' from project 'swift-fsm')
    cd /Users/admin/builder/spi-builder-workspace/.swiftpm/xcode
    builtin-SwiftPerFileCompile FSMVaue+Dictionary.swift
SwiftCompile normal arm64_32 Compiling\ ExpandedSyntaxBuilder.swift,\ SyntaxBuilder.swift,\ AnyActionOperators.swift,\ PipeOperators.swift /Users/admin/builder/spi-builder-workspace/Sources/SwiftFSM/Public/FunctionSyntax/ExpandedSyntaxBuilder.swift /Users/admin/builder/spi-builder-workspace/Sources/SwiftFSM/Public/FunctionSyntax/SyntaxBuilder.swift /Users/admin/builder/spi-builder-workspace/Sources/SwiftFSM/Public/OperatorSyntax/AnyActionOperators.swift /Users/admin/builder/spi-builder-workspace/Sources/SwiftFSM/Public/OperatorSyntax/PipeOperators.swift (in target 'SwiftFSM' from project 'swift-fsm')
SwiftCompile normal arm64_32 /Users/admin/builder/spi-builder-workspace/Sources/SwiftFSM/Public/FunctionSyntax/ExpandedSyntaxBuilder.swift (in target 'SwiftFSM' from project 'swift-fsm')
    cd /Users/admin/builder/spi-builder-workspace/.swiftpm/xcode
    builtin-SwiftPerFileCompile ExpandedSyntaxBuilder.swift
SwiftCompile normal arm64_32 /Users/admin/builder/spi-builder-workspace/Sources/SwiftFSM/Public/FunctionSyntax/SyntaxBuilder.swift (in target 'SwiftFSM' from project 'swift-fsm')
    cd /Users/admin/builder/spi-builder-workspace/.swiftpm/xcode
    builtin-SwiftPerFileCompile SyntaxBuilder.swift
SwiftCompile normal arm64_32 /Users/admin/builder/spi-builder-workspace/Sources/SwiftFSM/Public/OperatorSyntax/AnyActionOperators.swift (in target 'SwiftFSM' from project 'swift-fsm')
    cd /Users/admin/builder/spi-builder-workspace/.swiftpm/xcode
    builtin-SwiftPerFileCompile AnyActionOperators.swift
SwiftCompile normal arm64_32 /Users/admin/builder/spi-builder-workspace/Sources/SwiftFSM/Public/OperatorSyntax/PipeOperators.swift (in target 'SwiftFSM' from project 'swift-fsm')
    cd /Users/admin/builder/spi-builder-workspace/.swiftpm/xcode
    builtin-SwiftPerFileCompile PipeOperators.swift
SwiftDriverJobDiscovery normal arm64 Compiling AnyAction.swift, EagerFSM.swift, FSMBase.swift, LazyFSM.swift, Logger.swift (in target 'SwiftFSM' from project 'swift-fsm')
SwiftDriverJobDiscovery normal arm64 Compiling ExpandedSyntaxBuilder.swift, SyntaxBuilder.swift, AnyActionOperators.swift, PipeOperators.swift (in target 'SwiftFSM' from project 'swift-fsm')
SwiftDriverJobDiscovery normal arm64 Compiling AnyTraceable.swift, DefineNode.swift, GivenNode.swift, MatchingNode.swift, NodeConvenience.swift (in target 'SwiftFSM' from project 'swift-fsm')
SwiftDriverJobDiscovery normal arm64 Compiling Then.swift, When.swift, FSM.swift, FSMValue+Array.swift, FSMValue+Bool.swift (in target 'SwiftFSM' from project 'swift-fsm')
SwiftDriverJobDiscovery normal arm64 Compiling SemanticValidationNode.swift, WhenNode.swift, Actions.swift, CompoundSyntax.swift, Define.swift (in target 'SwiftFSM' from project 'swift-fsm')
SwiftDriverJobDiscovery normal arm64 Compiling SyntaxNode.swift, ThenNode.swift, EagerMRN.swift, LazyMRN.swift, MRNBase.swift (in target 'SwiftFSM' from project 'swift-fsm')
SwiftDriverJobDiscovery normal arm64 Compiling Errors.swift, Matching.swift, Override.swift, ResultBuilder.swift, SuperState.swift (in target 'SwiftFSM' from project 'swift-fsm')
SwiftDriverJobDiscovery normal arm64 Compiling FSMValue+Numbers.swift, FSMValue+String.swift, FSMValue.swift, FSMVaue+Dictionary.swift (in target 'SwiftFSM' from project 'swift-fsm')
SwiftDriver\ Compilation SwiftFSM normal arm64 com.apple.xcode.tools.swift.compiler (in target 'SwiftFSM' from project 'swift-fsm')
    cd /Users/admin/builder/spi-builder-workspace/.swiftpm/xcode
    builtin-Swift-Compilation -- /Applications/Xcode-27.0.0-Release.Candidate.app/Contents/Developer/Toolchains/XcodeDefault.xctoolchain/usr/bin/swiftc -parse-as-library -module-name SwiftFSM -Onone @/Users/admin/builder/spi-builder-workspace/.derivedData/Build/Intermediates.noindex/swift-fsm.build/Debug-watchos/SwiftFSM-t.build/Objects-normal/arm64/SwiftFSM.SwiftFileList -DSWIFT_PACKAGE -DDEBUG -DSWIFT_MODULE_RESOURCE_BUNDLE_UNAVAILABLE -Xcc -fmodule-map-file\=/Users/admin/builder/spi-builder-workspace/.dependencies/checkouts/swift-numerics/Sources/_NumericsShims/include/module.modulemap -DXcode -enable-experimental-feature StrictConcurrency\=complete -plugin-path /Applications/Xcode-27.0.0-Release.Candidate.app/Contents/Developer/Toolchains/XcodeDefault.xctoolchain/usr/lib/swift/host/plugins/testing -enable-experimental-feature DebugDescriptionMacro -sdk /Applications/Xcode-27.0.0-Release.Candidate.app/Contents/Developer/Platforms/WatchOS.platform/Developer/SDKs/WatchOS27.0.sdk -target arm64-apple-watchos11.0 -g -module-cache-path /Users/admin/builder/spi-builder-workspace/.derivedData/ModuleCache.noindex -Xfrontend -serialize-debugging-options -profile-coverage-mapping -profile-generate -enable-testing -index-store-path /Users/admin/builder/spi-builder-workspace/.derivedData/Index.noindex/DataStore -Xcc -D_LIBCPP_HARDENING_MODE\=_LIBCPP_HARDENING_MODE_DEBUG -swift-version 6 -I /Users/admin/builder/spi-builder-workspace/.derivedData/Build/Products/Debug-watchos -Isystem /Applications/Xcode-27.0.0-Release.Candidate.app/Contents/Developer/Platforms/WatchOS.platform/Developer/usr/lib -F /Users/admin/builder/spi-builder-workspace/.derivedData/Build/Products/Debug-watchos/PackageFrameworks -F /Users/admin/builder/spi-builder-workspace/.derivedData/Build/Products/Debug-watchos -F /Applications/Xcode-27.0.0-Release.Candidate.app/Contents/Developer/Platforms/WatchOS.platform/Developer/Library/Frameworks -F /Applications/Xcode-27.0.0-Release.Candidate.app/Contents/Developer/Platforms/WatchOS.platform/Developer/SDKs/WatchOS27.0.sdk/Developer/Library/Frameworks -c -j10 -enable-batch-mode -incremental -Xcc -ivfsstatcache -Xcc /Users/admin/builder/spi-builder-workspace/.derivedData/SDKStatCaches.noindex/watchos27.0-24R360-e829b21a6f8c9b70876ba0858053c04477534ef55a1706bf4c1112bbb242f0a2.sdkstatcache -output-file-map /Users/admin/builder/spi-builder-workspace/.derivedData/Build/Intermediates.noindex/swift-fsm.build/Debug-watchos/SwiftFSM-t.build/Objects-normal/arm64/SwiftFSM-OutputFileMap.json -save-temps -no-color-diagnostics -explicit-module-build -module-cache-path /Users/admin/builder/spi-builder-workspace/.derivedData/Build/Intermediates.noindex/SwiftExplicitPrecompiledModules -clang-scanner-module-cache-path /Users/admin/builder/spi-builder-workspace/.derivedData/ModuleCache.noindex -sdk-module-cache-path /Users/admin/builder/spi-builder-workspace/.derivedData/SDKExplicitPrecompiledModules -emit-dependencies -emit-module -emit-module-path /Users/admin/builder/spi-builder-workspace/.derivedData/Build/Intermediates.noindex/swift-fsm.build/Debug-watchos/SwiftFSM-t.build/Objects-normal/arm64/SwiftFSM.swiftmodule -serialize-diagnostics -dependency-scan-serialize-diagnostics-path /Users/admin/builder/spi-builder-workspace/.derivedData/Build/Intermediates.noindex/swift-fsm.build/Debug-watchos/SwiftFSM-t.build/Objects-normal/arm64/SwiftFSM-dependency-scan.dia -validate-clang-modules-once -clang-build-session-file /Users/admin/builder/spi-builder-workspace/.derivedData/ModuleCache.noindex/Session.modulevalidation -Xcc -fmodules-prune-interval\=86400 -Xcc -fmodules-prune-after\=345600 -package-name spi_builder_workspace -emit-const-values -const-gather-protocols-list /Users/admin/builder/spi-builder-workspace/.derivedData/Build/Intermediates.noindex/swift-fsm.build/Debug-watchos/SwiftFSM-t.build/Objects-normal/arm64/SwiftFSM_const_extract_protocols.json -Xcc -I/Users/admin/builder/spi-builder-workspace/.dependencies/checkouts/swift-numerics/Sources/_NumericsShims/include -Xcc -I/Users/admin/builder/spi-builder-workspace/.derivedData/Build/Products/Debug-watchos/include -Xcc -I/Users/admin/builder/spi-builder-workspace/.derivedData/Build/Intermediates.noindex/swift-fsm.build/Debug-watchos/SwiftFSM-t.build/DerivedSources-normal/arm64 -Xcc -I/Users/admin/builder/spi-builder-workspace/.derivedData/Build/Intermediates.noindex/swift-fsm.build/Debug-watchos/SwiftFSM-t.build/DerivedSources/arm64 -Xcc -I/Users/admin/builder/spi-builder-workspace/.derivedData/Build/Intermediates.noindex/swift-fsm.build/Debug-watchos/SwiftFSM-t.build/DerivedSources -Xcc -DSWIFT_PACKAGE -Xcc -DDEBUG\=1 -emit-objc-header -emit-objc-header-path /Users/admin/builder/spi-builder-workspace/.derivedData/Build/Intermediates.noindex/swift-fsm.build/Debug-watchos/SwiftFSM-t.build/Objects-normal/arm64/SwiftFSM-Swift.h -working-directory /Users/admin/builder/spi-builder-workspace/.swiftpm/xcode -experimental-emit-module-separately -disable-cmo
SwiftCompile normal arm64_32 Compiling\ AnyAction.swift,\ EagerFSM.swift,\ FSMBase.swift,\ LazyFSM.swift,\ Logger.swift /Users/admin/builder/spi-builder-workspace/Sources/SwiftFSM/Internal/FSM/AnyAction.swift /Users/admin/builder/spi-builder-workspace/Sources/SwiftFSM/Internal/FSM/EagerFSM.swift /Users/admin/builder/spi-builder-workspace/Sources/SwiftFSM/Internal/FSM/FSMBase.swift /Users/admin/builder/spi-builder-workspace/Sources/SwiftFSM/Internal/FSM/LazyFSM.swift /Users/admin/builder/spi-builder-workspace/Sources/SwiftFSM/Internal/FSM/Logger.swift (in target 'SwiftFSM' from project 'swift-fsm')
SwiftCompile normal arm64_32 /Users/admin/builder/spi-builder-workspace/Sources/SwiftFSM/Internal/FSM/AnyAction.swift (in target 'SwiftFSM' from project 'swift-fsm')
    cd /Users/admin/builder/spi-builder-workspace/.swiftpm/xcode
    builtin-SwiftPerFileCompile AnyAction.swift
SwiftCompile normal arm64_32 /Users/admin/builder/spi-builder-workspace/Sources/SwiftFSM/Internal/FSM/EagerFSM.swift (in target 'SwiftFSM' from project 'swift-fsm')
    cd /Users/admin/builder/spi-builder-workspace/.swiftpm/xcode
    builtin-SwiftPerFileCompile EagerFSM.swift
SwiftCompile normal arm64_32 /Users/admin/builder/spi-builder-workspace/Sources/SwiftFSM/Internal/FSM/FSMBase.swift (in target 'SwiftFSM' from project 'swift-fsm')
    cd /Users/admin/builder/spi-builder-workspace/.swiftpm/xcode
    builtin-SwiftPerFileCompile FSMBase.swift
SwiftCompile normal arm64_32 /Users/admin/builder/spi-builder-workspace/Sources/SwiftFSM/Internal/FSM/LazyFSM.swift (in target 'SwiftFSM' from project 'swift-fsm')
    cd /Users/admin/builder/spi-builder-workspace/.swiftpm/xcode
    builtin-SwiftPerFileCompile LazyFSM.swift
SwiftCompile normal arm64_32 /Users/admin/builder/spi-builder-workspace/Sources/SwiftFSM/Internal/FSM/Logger.swift (in target 'SwiftFSM' from project 'swift-fsm')
    cd /Users/admin/builder/spi-builder-workspace/.swiftpm/xcode
    builtin-SwiftPerFileCompile Logger.swift
SwiftDriverJobDiscovery normal arm64_32 Compiling AnyPredicate.swift, Collection+Combinations.swift, MatchDescriptorChain.swift, ActionsNode.swift, ActionsResolvingNode.swift (in target 'SwiftFSM' from project 'swift-fsm')
Ld /Users/admin/builder/spi-builder-workspace/.derivedData/Build/Intermediates.noindex/swift-fsm.build/Debug-watchos/SwiftFSM-t.build/Objects-normal/arm64/Binary/SwiftFSM.o normal arm64 (in target 'SwiftFSM' from project 'swift-fsm')
    cd /Users/admin/builder/spi-builder-workspace
    /Applications/Xcode-27.0.0-Release.Candidate.app/Contents/Developer/Toolchains/XcodeDefault.xctoolchain/usr/bin/clang -Xlinker -reproducible -target arm64-apple-watchos11.0 -r -isysroot /Applications/Xcode-27.0.0-Release.Candidate.app/Contents/Developer/Platforms/WatchOS.platform/Developer/SDKs/WatchOS27.0.sdk -O0 -Xlinker -no_warn_duplicate_libraries -F/Users/admin/builder/spi-builder-workspace/.derivedData/Build/Intermediates.noindex/EagerLinkingTBDs/Debug-watchos -F/Users/admin/builder/spi-builder-workspace/.derivedData/Build/Products/Debug-watchos/PackageFrameworks -F/Users/admin/builder/spi-builder-workspace/.derivedData/Build/Products/Debug-watchos -iframework /Applications/Xcode-27.0.0-Release.Candidate.app/Contents/Developer/Platforms/WatchOS.platform/Developer/Library/Frameworks -iframework /Applications/Xcode-27.0.0-Release.Candidate.app/Contents/Developer/Platforms/WatchOS.platform/Developer/SDKs/WatchOS27.0.sdk/Developer/Library/Frameworks -filelist /Users/admin/builder/spi-builder-workspace/.derivedData/Build/Intermediates.noindex/swift-fsm.build/Debug-watchos/SwiftFSM-t.build/Objects-normal/arm64/SwiftFSM.LinkFileList -nostdlib -Xlinker -object_path_lto -Xlinker /Users/admin/builder/spi-builder-workspace/.derivedData/Build/Intermediates.noindex/swift-fsm.build/Debug-watchos/SwiftFSM-t.build/Objects-normal/arm64/SwiftFSM_lto.o -Xlinker -no_deduplicate -Xlinker -debug_variant -Xlinker -dependency_info -Xlinker /Users/admin/builder/spi-builder-workspace/.derivedData/Build/Intermediates.noindex/swift-fsm.build/Debug-watchos/SwiftFSM-t.build/Objects-normal/arm64/SwiftFSM_dependency_info.dat -fobjc-link-runtime -L/Applications/Xcode-27.0.0-Release.Candidate.app/Contents/Developer/Toolchains/XcodeDefault.xctoolchain/usr/lib/swift/watchos -L/usr/lib/swift -Xlinker -add_ast_path -Xlinker /Users/admin/builder/spi-builder-workspace/.derivedData/Build/Intermediates.noindex/swift-fsm.build/Debug-watchos/SwiftFSM-t.build/Objects-normal/arm64/SwiftFSM.swiftmodule -o /Users/admin/builder/spi-builder-workspace/.derivedData/Build/Intermediates.noindex/swift-fsm.build/Debug-watchos/SwiftFSM-t.build/Objects-normal/arm64/Binary/SwiftFSM.o
SwiftDriverJobDiscovery normal arm64_32 Compiling FSMValue+Comparable.swift, FSMValue+Equatable.swift, FSMValue+Interpolation.swift, FSMValue+Nil.swift (in target 'SwiftFSM' from project 'swift-fsm')
SwiftDriver SwiftFSMTests normal arm64 com.apple.xcode.tools.swift.compiler (in target 'SwiftFSMTests-product' from project 'swift-fsm')
    cd /Users/admin/builder/spi-builder-workspace/.swiftpm/xcode
    builtin-SwiftDriver -- /Applications/Xcode-27.0.0-Release.Candidate.app/Contents/Developer/Toolchains/XcodeDefault.xctoolchain/usr/bin/swiftc -parse-as-library -module-name SwiftFSMTests -Onone @/Users/admin/builder/spi-builder-workspace/.derivedData/Build/Intermediates.noindex/swift-fsm.build/Debug-watchos/SwiftFSMTests-p.build/Objects-normal/arm64/SwiftFSMTests.SwiftFileList -DSWIFT_PACKAGE -DDEBUG -Xcc -fmodule-map-file\=/Users/admin/builder/spi-builder-workspace/.dependencies/checkouts/swift-numerics/Sources/_NumericsShims/include/module.modulemap -DXcode -plugin-path /Applications/Xcode-27.0.0-Release.Candidate.app/Contents/Developer/Toolchains/XcodeDefault.xctoolchain/usr/lib/swift/host/plugins/testing -enable-experimental-feature DebugDescriptionMacro -sdk /Applications/Xcode-27.0.0-Release.Candidate.app/Contents/Developer/Platforms/WatchOS.platform/Developer/SDKs/WatchOS27.0.sdk -target arm64-apple-watchos11.0 -g -module-cache-path /Users/admin/builder/spi-builder-workspace/.derivedData/ModuleCache.noindex -Xfrontend -serialize-debugging-options -profile-coverage-mapping -profile-generate -enable-testing -index-store-path /Users/admin/builder/spi-builder-workspace/.derivedData/Index.noindex/DataStore -Xcc -D_LIBCPP_HARDENING_MODE\=_LIBCPP_HARDENING_MODE_DEBUG -swift-version 6 -I /Users/admin/builder/spi-builder-workspace/.derivedData/Build/Products/Debug-watchos -Isystem /Applications/Xcode-27.0.0-Release.Candidate.app/Contents/Developer/Platforms/WatchOS.platform/Developer/usr/lib -F /Users/admin/builder/spi-builder-workspace/.derivedData/Build/Products/Debug-watchos/PackageFrameworks -F /Users/admin/builder/spi-builder-workspace/.derivedData/Build/Products/Debug-watchos -F /Applications/Xcode-27.0.0-Release.Candidate.app/Contents/Developer/Platforms/WatchOS.platform/Developer/Library/Frameworks -F /Applications/Xcode-27.0.0-Release.Candidate.app/Contents/Developer/Platforms/WatchOS.platform/Developer/SDKs/WatchOS27.0.sdk/Developer/Library/Frameworks -c -j10 -enable-batch-mode -incremental -Xcc -ivfsstatcache -Xcc /Users/admin/builder/spi-builder-workspace/.derivedData/SDKStatCaches.noindex/watchos27.0-24R360-e829b21a6f8c9b70876ba0858053c04477534ef55a1706bf4c1112bbb242f0a2.sdkstatcache -output-file-map /Users/admin/builder/spi-builder-workspace/.derivedData/Build/Intermediates.noindex/swift-fsm.build/Debug-watchos/SwiftFSMTests-p.build/Objects-normal/arm64/SwiftFSMTests-OutputFileMap.json -save-temps -no-color-diagnostics -explicit-module-build -module-cache-path /Users/admin/builder/spi-builder-workspace/.derivedData/Build/Intermediates.noindex/SwiftExplicitPrecompiledModules -clang-scanner-module-cache-path /Users/admin/builder/spi-builder-workspace/.derivedData/ModuleCache.noindex -sdk-module-cache-path /Users/admin/builder/spi-builder-workspace/.derivedData/SDKExplicitPrecompiledModules -emit-dependencies -emit-module -emit-module-path /Users/admin/builder/spi-builder-workspace/.derivedData/Build/Intermediates.noindex/swift-fsm.build/Debug-watchos/SwiftFSMTests-p.build/Objects-normal/arm64/SwiftFSMTests.swiftmodule -serialize-diagnostics -dependency-scan-serialize-diagnostics-path /Users/admin/builder/spi-builder-workspace/.derivedData/Build/Intermediates.noindex/swift-fsm.build/Debug-watchos/SwiftFSMTests-p.build/Objects-normal/arm64/SwiftFSMTests-dependency-scan.dia -validate-clang-modules-once -clang-build-session-file /Users/admin/builder/spi-builder-workspace/.derivedData/ModuleCache.noindex/Session.modulevalidation -Xcc -fmodules-prune-interval\=86400 -Xcc -fmodules-prune-after\=345600 -package-name spi_builder_workspace -emit-const-values -const-gather-protocols-list /Users/admin/builder/spi-builder-workspace/.derivedData/Build/Intermediates.noindex/swift-fsm.build/Debug-watchos/SwiftFSMTests-p.build/Objects-normal/arm64/SwiftFSMTests_const_extract_protocols.json -Xcc -I/Users/admin/builder/spi-builder-workspace/.dependencies/checkouts/swift-numerics/Sources/_NumericsShims/include -Xcc -I/Users/admin/builder/spi-builder-workspace/.derivedData/Build/Products/Debug-watchos/include -Xcc -I/Users/admin/builder/spi-builder-workspace/.derivedData/Build/Intermediates.noindex/swift-fsm.build/Debug-watchos/SwiftFSMTests-p.build/DerivedSources-normal/arm64 -Xcc -I/Users/admin/builder/spi-builder-workspace/.derivedData/Build/Intermediates.noindex/swift-fsm.build/Debug-watchos/SwiftFSMTests-p.build/DerivedSources/arm64 -Xcc -I/Users/admin/builder/spi-builder-workspace/.derivedData/Build/Intermediates.noindex/swift-fsm.build/Debug-watchos/SwiftFSMTests-p.build/DerivedSources -Xcc -DSWIFT_PACKAGE -Xcc -DDEBUG\=1 -working-directory /Users/admin/builder/spi-builder-workspace/.swiftpm/xcode -experimental-emit-module-separately -disable-cmo
SwiftDriver SwiftFSMTests normal arm64_32 com.apple.xcode.tools.swift.compiler (in target 'SwiftFSMTests-product' from project 'swift-fsm')
    cd /Users/admin/builder/spi-builder-workspace/.swiftpm/xcode
    builtin-SwiftDriver -- /Applications/Xcode-27.0.0-Release.Candidate.app/Contents/Developer/Toolchains/XcodeDefault.xctoolchain/usr/bin/swiftc -parse-as-library -module-name SwiftFSMTests -Onone @/Users/admin/builder/spi-builder-workspace/.derivedData/Build/Intermediates.noindex/swift-fsm.build/Debug-watchos/SwiftFSMTests-p.build/Objects-normal/arm64_32/SwiftFSMTests.SwiftFileList -DSWIFT_PACKAGE -DDEBUG -Xcc -fmodule-map-file\=/Users/admin/builder/spi-builder-workspace/.dependencies/checkouts/swift-numerics/Sources/_NumericsShims/include/module.modulemap -DXcode -plugin-path /Applications/Xcode-27.0.0-Release.Candidate.app/Contents/Developer/Toolchains/XcodeDefault.xctoolchain/usr/lib/swift/host/plugins/testing -enable-experimental-feature DebugDescriptionMacro -sdk /Applications/Xcode-27.0.0-Release.Candidate.app/Contents/Developer/Platforms/WatchOS.platform/Developer/SDKs/WatchOS27.0.sdk -target arm64_32-apple-watchos11.0 -g -module-cache-path /Users/admin/builder/spi-builder-workspace/.derivedData/ModuleCache.noindex -Xfrontend -serialize-debugging-options -profile-coverage-mapping -profile-generate -enable-testing -index-store-path /Users/admin/builder/spi-builder-workspace/.derivedData/Index.noindex/DataStore -Xcc -D_LIBCPP_HARDENING_MODE\=_LIBCPP_HARDENING_MODE_DEBUG -swift-version 6 -I /Users/admin/builder/spi-builder-workspace/.derivedData/Build/Products/Debug-watchos -Isystem /Applications/Xcode-27.0.0-Release.Candidate.app/Contents/Developer/Platforms/WatchOS.platform/Developer/usr/lib -F /Users/admin/builder/spi-builder-workspace/.derivedData/Build/Products/Debug-watchos/PackageFrameworks -F /Users/admin/builder/spi-builder-workspace/.derivedData/Build/Products/Debug-watchos -F /Applications/Xcode-27.0.0-Release.Candidate.app/Contents/Developer/Platforms/WatchOS.platform/Developer/Library/Frameworks -F /Applications/Xcode-27.0.0-Release.Candidate.app/Contents/Developer/Platforms/WatchOS.platform/Developer/SDKs/WatchOS27.0.sdk/Developer/Library/Frameworks -c -j10 -enable-batch-mode -incremental -Xcc -ivfsstatcache -Xcc /Users/admin/builder/spi-builder-workspace/.derivedData/SDKStatCaches.noindex/watchos27.0-24R360-e829b21a6f8c9b70876ba0858053c04477534ef55a1706bf4c1112bbb242f0a2.sdkstatcache -output-file-map /Users/admin/builder/spi-builder-workspace/.derivedData/Build/Intermediates.noindex/swift-fsm.build/Debug-watchos/SwiftFSMTests-p.build/Objects-normal/arm64_32/SwiftFSMTests-OutputFileMap.json -save-temps -no-color-diagnostics -explicit-module-build -module-cache-path /Users/admin/builder/spi-builder-workspace/.derivedData/Build/Intermediates.noindex/SwiftExplicitPrecompiledModules -clang-scanner-module-cache-path /Users/admin/builder/spi-builder-workspace/.derivedData/ModuleCache.noindex -sdk-module-cache-path /Users/admin/builder/spi-builder-workspace/.derivedData/SDKExplicitPrecompiledModules -emit-dependencies -emit-module -emit-module-path /Users/admin/builder/spi-builder-workspace/.derivedData/Build/Intermediates.noindex/swift-fsm.build/Debug-watchos/SwiftFSMTests-p.build/Objects-normal/arm64_32/SwiftFSMTests.swiftmodule -serialize-diagnostics -dependency-scan-serialize-diagnostics-path /Users/admin/builder/spi-builder-workspace/.derivedData/Build/Intermediates.noindex/swift-fsm.build/Debug-watchos/SwiftFSMTests-p.build/Objects-normal/arm64_32/SwiftFSMTests-dependency-scan.dia -validate-clang-modules-once -clang-build-session-file /Users/admin/builder/spi-builder-workspace/.derivedData/ModuleCache.noindex/Session.modulevalidation -Xcc -fmodules-prune-interval\=86400 -Xcc -fmodules-prune-after\=345600 -package-name spi_builder_workspace -emit-const-values -const-gather-protocols-list /Users/admin/builder/spi-builder-workspace/.derivedData/Build/Intermediates.noindex/swift-fsm.build/Debug-watchos/SwiftFSMTests-p.build/Objects-normal/arm64_32/SwiftFSMTests_const_extract_protocols.json -Xcc -I/Users/admin/builder/spi-builder-workspace/.dependencies/checkouts/swift-numerics/Sources/_NumericsShims/include -Xcc -I/Users/admin/builder/spi-builder-workspace/.derivedData/Build/Products/Debug-watchos/include -Xcc -I/Users/admin/builder/spi-builder-workspace/.derivedData/Build/Intermediates.noindex/swift-fsm.build/Debug-watchos/SwiftFSMTests-p.build/DerivedSources-normal/arm64_32 -Xcc -I/Users/admin/builder/spi-builder-workspace/.derivedData/Build/Intermediates.noindex/swift-fsm.build/Debug-watchos/SwiftFSMTests-p.build/DerivedSources/arm64_32 -Xcc -I/Users/admin/builder/spi-builder-workspace/.derivedData/Build/Intermediates.noindex/swift-fsm.build/Debug-watchos/SwiftFSMTests-p.build/DerivedSources -Xcc -DSWIFT_PACKAGE -Xcc -DDEBUG\=1 -working-directory /Users/admin/builder/spi-builder-workspace/.swiftpm/xcode -experimental-emit-module-separately -disable-cmo
SwiftDriverJobDiscovery normal arm64_32 Compiling AnyTraceable.swift, DefineNode.swift, GivenNode.swift, MatchingNode.swift, NodeConvenience.swift (in target 'SwiftFSM' from project 'swift-fsm')
SwiftDriverJobDiscovery normal arm64_32 Compiling FSMValue+Numbers.swift, FSMValue+String.swift, FSMValue.swift, FSMVaue+Dictionary.swift (in target 'SwiftFSM' from project 'swift-fsm')
SwiftDriverJobDiscovery normal arm64_32 Compiling ExpandedSyntaxBuilder.swift, SyntaxBuilder.swift, AnyActionOperators.swift, PipeOperators.swift (in target 'SwiftFSM' from project 'swift-fsm')
SwiftDriverJobDiscovery normal arm64_32 Compiling Errors.swift, Matching.swift, Override.swift, ResultBuilder.swift, SuperState.swift (in target 'SwiftFSM' from project 'swift-fsm')
SwiftDriverJobDiscovery normal arm64_32 Compiling SyntaxNode.swift, ThenNode.swift, EagerMRN.swift, LazyMRN.swift, MRNBase.swift (in target 'SwiftFSM' from project 'swift-fsm')
SwiftDriverJobDiscovery normal arm64_32 Compiling Then.swift, When.swift, FSM.swift, FSMValue+Array.swift, FSMValue+Bool.swift (in target 'SwiftFSM' from project 'swift-fsm')
SwiftDriverJobDiscovery normal arm64_32 Compiling SemanticValidationNode.swift, WhenNode.swift, Actions.swift, CompoundSyntax.swift, Define.swift (in target 'SwiftFSM' from project 'swift-fsm')
SwiftDriverJobDiscovery normal arm64_32 Compiling AnyAction.swift, EagerFSM.swift, FSMBase.swift, LazyFSM.swift, Logger.swift (in target 'SwiftFSM' from project 'swift-fsm')
SwiftDriver\ Compilation SwiftFSM normal arm64_32 com.apple.xcode.tools.swift.compiler (in target 'SwiftFSM' from project 'swift-fsm')
    cd /Users/admin/builder/spi-builder-workspace/.swiftpm/xcode
    builtin-Swift-Compilation -- /Applications/Xcode-27.0.0-Release.Candidate.app/Contents/Developer/Toolchains/XcodeDefault.xctoolchain/usr/bin/swiftc -parse-as-library -module-name SwiftFSM -Onone @/Users/admin/builder/spi-builder-workspace/.derivedData/Build/Intermediates.noindex/swift-fsm.build/Debug-watchos/SwiftFSM-t.build/Objects-normal/arm64_32/SwiftFSM.SwiftFileList -DSWIFT_PACKAGE -DDEBUG -DSWIFT_MODULE_RESOURCE_BUNDLE_UNAVAILABLE -Xcc -fmodule-map-file\=/Users/admin/builder/spi-builder-workspace/.dependencies/checkouts/swift-numerics/Sources/_NumericsShims/include/module.modulemap -DXcode -enable-experimental-feature StrictConcurrency\=complete -plugin-path /Applications/Xcode-27.0.0-Release.Candidate.app/Contents/Developer/Toolchains/XcodeDefault.xctoolchain/usr/lib/swift/host/plugins/testing -enable-experimental-feature DebugDescriptionMacro -sdk /Applications/Xcode-27.0.0-Release.Candidate.app/Contents/Developer/Platforms/WatchOS.platform/Developer/SDKs/WatchOS27.0.sdk -target arm64_32-apple-watchos11.0 -g -module-cache-path /Users/admin/builder/spi-builder-workspace/.derivedData/ModuleCache.noindex -Xfrontend -serialize-debugging-options -profile-coverage-mapping -profile-generate -enable-testing -index-store-path /Users/admin/builder/spi-builder-workspace/.derivedData/Index.noindex/DataStore -Xcc -D_LIBCPP_HARDENING_MODE\=_LIBCPP_HARDENING_MODE_DEBUG -swift-version 6 -I /Users/admin/builder/spi-builder-workspace/.derivedData/Build/Products/Debug-watchos -Isystem /Applications/Xcode-27.0.0-Release.Candidate.app/Contents/Developer/Platforms/WatchOS.platform/Developer/usr/lib -F /Users/admin/builder/spi-builder-workspace/.derivedData/Build/Products/Debug-watchos/PackageFrameworks -F /Users/admin/builder/spi-builder-workspace/.derivedData/Build/Products/Debug-watchos -F /Applications/Xcode-27.0.0-Release.Candidate.app/Contents/Developer/Platforms/WatchOS.platform/Developer/Library/Frameworks -F /Applications/Xcode-27.0.0-Release.Candidate.app/Contents/Developer/Platforms/WatchOS.platform/Developer/SDKs/WatchOS27.0.sdk/Developer/Library/Frameworks -c -j10 -enable-batch-mode -incremental -Xcc -ivfsstatcache -Xcc /Users/admin/builder/spi-builder-workspace/.derivedData/SDKStatCaches.noindex/watchos27.0-24R360-e829b21a6f8c9b70876ba0858053c04477534ef55a1706bf4c1112bbb242f0a2.sdkstatcache -output-file-map /Users/admin/builder/spi-builder-workspace/.derivedData/Build/Intermediates.noindex/swift-fsm.build/Debug-watchos/SwiftFSM-t.build/Objects-normal/arm64_32/SwiftFSM-OutputFileMap.json -save-temps -no-color-diagnostics -explicit-module-build -module-cache-path /Users/admin/builder/spi-builder-workspace/.derivedData/Build/Intermediates.noindex/SwiftExplicitPrecompiledModules -clang-scanner-module-cache-path /Users/admin/builder/spi-builder-workspace/.derivedData/ModuleCache.noindex -sdk-module-cache-path /Users/admin/builder/spi-builder-workspace/.derivedData/SDKExplicitPrecompiledModules -emit-dependencies -emit-module -emit-module-path /Users/admin/builder/spi-builder-workspace/.derivedData/Build/Intermediates.noindex/swift-fsm.build/Debug-watchos/SwiftFSM-t.build/Objects-normal/arm64_32/SwiftFSM.swiftmodule -serialize-diagnostics -dependency-scan-serialize-diagnostics-path /Users/admin/builder/spi-builder-workspace/.derivedData/Build/Intermediates.noindex/swift-fsm.build/Debug-watchos/SwiftFSM-t.build/Objects-normal/arm64_32/SwiftFSM-dependency-scan.dia -validate-clang-modules-once -clang-build-session-file /Users/admin/builder/spi-builder-workspace/.derivedData/ModuleCache.noindex/Session.modulevalidation -Xcc -fmodules-prune-interval\=86400 -Xcc -fmodules-prune-after\=345600 -package-name spi_builder_workspace -emit-const-values -const-gather-protocols-list /Users/admin/builder/spi-builder-workspace/.derivedData/Build/Intermediates.noindex/swift-fsm.build/Debug-watchos/SwiftFSM-t.build/Objects-normal/arm64_32/SwiftFSM_const_extract_protocols.json -Xcc -I/Users/admin/builder/spi-builder-workspace/.dependencies/checkouts/swift-numerics/Sources/_NumericsShims/include -Xcc -I/Users/admin/builder/spi-builder-workspace/.derivedData/Build/Products/Debug-watchos/include -Xcc -I/Users/admin/builder/spi-builder-workspace/.derivedData/Build/Intermediates.noindex/swift-fsm.build/Debug-watchos/SwiftFSM-t.build/DerivedSources-normal/arm64_32 -Xcc -I/Users/admin/builder/spi-builder-workspace/.derivedData/Build/Intermediates.noindex/swift-fsm.build/Debug-watchos/SwiftFSM-t.build/DerivedSources/arm64_32 -Xcc -I/Users/admin/builder/spi-builder-workspace/.derivedData/Build/Intermediates.noindex/swift-fsm.build/Debug-watchos/SwiftFSM-t.build/DerivedSources -Xcc -DSWIFT_PACKAGE -Xcc -DDEBUG\=1 -emit-objc-header -emit-objc-header-path /Users/admin/builder/spi-builder-workspace/.derivedData/Build/Intermediates.noindex/swift-fsm.build/Debug-watchos/SwiftFSM-t.build/Objects-normal/arm64_32/SwiftFSM-Swift.h -working-directory /Users/admin/builder/spi-builder-workspace/.swiftpm/xcode -experimental-emit-module-separately -disable-cmo
Ld /Users/admin/builder/spi-builder-workspace/.derivedData/Build/Intermediates.noindex/swift-fsm.build/Debug-watchos/SwiftFSM-t.build/Objects-normal/arm64_32/Binary/SwiftFSM.o normal arm64_32 (in target 'SwiftFSM' from project 'swift-fsm')
    cd /Users/admin/builder/spi-builder-workspace
    /Applications/Xcode-27.0.0-Release.Candidate.app/Contents/Developer/Toolchains/XcodeDefault.xctoolchain/usr/bin/clang -Xlinker -reproducible -target arm64_32-apple-watchos11.0 -r -isysroot /Applications/Xcode-27.0.0-Release.Candidate.app/Contents/Developer/Platforms/WatchOS.platform/Developer/SDKs/WatchOS27.0.sdk -O0 -Xlinker -no_warn_duplicate_libraries -F/Users/admin/builder/spi-builder-workspace/.derivedData/Build/Intermediates.noindex/EagerLinkingTBDs/Debug-watchos -F/Users/admin/builder/spi-builder-workspace/.derivedData/Build/Products/Debug-watchos/PackageFrameworks -F/Users/admin/builder/spi-builder-workspace/.derivedData/Build/Products/Debug-watchos -iframework /Applications/Xcode-27.0.0-Release.Candidate.app/Contents/Developer/Platforms/WatchOS.platform/Developer/Library/Frameworks -iframework /Applications/Xcode-27.0.0-Release.Candidate.app/Contents/Developer/Platforms/WatchOS.platform/Developer/SDKs/WatchOS27.0.sdk/Developer/Library/Frameworks -filelist /Users/admin/builder/spi-builder-workspace/.derivedData/Build/Intermediates.noindex/swift-fsm.build/Debug-watchos/SwiftFSM-t.build/Objects-normal/arm64_32/SwiftFSM.LinkFileList -nostdlib -Xlinker -object_path_lto -Xlinker /Users/admin/builder/spi-builder-workspace/.derivedData/Build/Intermediates.noindex/swift-fsm.build/Debug-watchos/SwiftFSM-t.build/Objects-normal/arm64_32/SwiftFSM_lto.o -Xlinker -no_deduplicate -Xlinker -debug_variant -Xlinker -dependency_info -Xlinker /Users/admin/builder/spi-builder-workspace/.derivedData/Build/Intermediates.noindex/swift-fsm.build/Debug-watchos/SwiftFSM-t.build/Objects-normal/arm64_32/SwiftFSM_dependency_info.dat -fobjc-link-runtime -L/Applications/Xcode-27.0.0-Release.Candidate.app/Contents/Developer/Toolchains/XcodeDefault.xctoolchain/usr/lib/swift/watchos -L/usr/lib/swift -Xlinker -add_ast_path -Xlinker /Users/admin/builder/spi-builder-workspace/.derivedData/Build/Intermediates.noindex/swift-fsm.build/Debug-watchos/SwiftFSM-t.build/Objects-normal/arm64_32/SwiftFSM.swiftmodule -o /Users/admin/builder/spi-builder-workspace/.derivedData/Build/Intermediates.noindex/swift-fsm.build/Debug-watchos/SwiftFSM-t.build/Objects-normal/arm64_32/Binary/SwiftFSM.o
CreateUniversalBinary /Users/admin/builder/spi-builder-workspace/.derivedData/Build/Products/Debug-watchos/SwiftFSM.o normal arm64\ arm64_32 (in target 'SwiftFSM' from project 'swift-fsm')
    cd /Users/admin/builder/spi-builder-workspace
    /Applications/Xcode-27.0.0-Release.Candidate.app/Contents/Developer/Toolchains/XcodeDefault.xctoolchain/usr/bin/lipo -create /Users/admin/builder/spi-builder-workspace/.derivedData/Build/Intermediates.noindex/swift-fsm.build/Debug-watchos/SwiftFSM-t.build/Objects-normal/arm64/Binary/SwiftFSM.o /Users/admin/builder/spi-builder-workspace/.derivedData/Build/Intermediates.noindex/swift-fsm.build/Debug-watchos/SwiftFSM-t.build/Objects-normal/arm64_32/Binary/SwiftFSM.o -output /Users/admin/builder/spi-builder-workspace/.derivedData/Build/Products/Debug-watchos/SwiftFSM.o
ExtractAppIntentsMetadata (in target 'SwiftFSM' from project 'swift-fsm')
    cd /Users/admin/builder/spi-builder-workspace
    /Applications/Xcode-27.0.0-Release.Candidate.app/Contents/Developer/Toolchains/XcodeDefault.xctoolchain/usr/bin/appintentsmetadataprocessor --toolchain-dir /var/run/com.apple.security.cryptexd/mnt/com.apple.MobileAsset.MetalToolchain-v27.1.266.1.zttVmx/Metal.xctoolchain --module-name SwiftFSM --sdk-root /Applications/Xcode-27.0.0-Release.Candidate.app/Contents/Developer/Platforms/WatchOS.platform/Developer/SDKs/WatchOS27.0.sdk --xcode-version 27A266a --platform-family watchOS --deployment-target 11.0 --bundle-identifier spi-builder-workspace.SwiftFSM --output /Users/admin/builder/spi-builder-workspace/.derivedData/Build/Products/Debug-watchos/SwiftFSM.appintents --target-triple arm64-apple-watchos11.0 --target-triple arm64_32-apple-watchos11.0 --binary-file /Users/admin/builder/spi-builder-workspace/.derivedData/Build/Products/Debug-watchos/SwiftFSM.o --dependency-file /Users/admin/builder/spi-builder-workspace/.derivedData/Build/Intermediates.noindex/swift-fsm.build/Debug-watchos/SwiftFSM-t.build/Objects-normal/arm64/SwiftFSM_dependency_info.dat --dependency-file /Users/admin/builder/spi-builder-workspace/.derivedData/Build/Intermediates.noindex/swift-fsm.build/Debug-watchos/SwiftFSM-t.build/Objects-normal/arm64_32/SwiftFSM_dependency_info.dat --stringsdata-file /Users/admin/builder/spi-builder-workspace/.derivedData/Build/Intermediates.noindex/swift-fsm.build/Debug-watchos/SwiftFSM-t.build/Objects-normal/arm64/ExtractedAppShortcutsMetadata.stringsdata --stringsdata-file /Users/admin/builder/spi-builder-workspace/.derivedData/Build/Intermediates.noindex/swift-fsm.build/Debug-watchos/SwiftFSM-t.build/Objects-normal/arm64_32/ExtractedAppShortcutsMetadata.stringsdata --source-file-list /Users/admin/builder/spi-builder-workspace/.derivedData/Build/Intermediates.noindex/swift-fsm.build/Debug-watchos/SwiftFSM-t.build/Objects-normal/arm64/SwiftFSM.SwiftFileList --source-file-list /Users/admin/builder/spi-builder-workspace/.derivedData/Build/Intermediates.noindex/swift-fsm.build/Debug-watchos/SwiftFSM-t.build/Objects-normal/arm64_32/SwiftFSM.SwiftFileList --metadata-file-list /Users/admin/builder/spi-builder-workspace/.derivedData/Build/Intermediates.noindex/swift-fsm.build/Debug-watchos/SwiftFSM-t.build/SwiftFSM.DependencyMetadataFileList --static-metadata-file-list /Users/admin/builder/spi-builder-workspace/.derivedData/Build/Intermediates.noindex/swift-fsm.build/Debug-watchos/SwiftFSM-t.build/SwiftFSM.DependencyStaticMetadataFileList --swift-const-vals-list /Users/admin/builder/spi-builder-workspace/.derivedData/Build/Intermediates.noindex/swift-fsm.build/Debug-watchos/SwiftFSM-t.build/Objects-normal/arm64/SwiftFSM.SwiftConstValuesFileList --swift-const-vals-list /Users/admin/builder/spi-builder-workspace/.derivedData/Build/Intermediates.noindex/swift-fsm.build/Debug-watchos/SwiftFSM-t.build/Objects-normal/arm64_32/SwiftFSM.SwiftConstValuesFileList --force --compile-time-extraction --deployment-aware-processing --no-app-shortcuts-localization
2026-09-21 16:55:02.567 appintentsmetadataprocessor[907:5340] Starting appintentsmetadataprocessor export
2026-09-21 16:55:02.632 appintentsmetadataprocessor[907:5340] Extracted no relevant App Intents symbols, skipping writing output
ProcessInfoPlistFile /Users/admin/builder/spi-builder-workspace/.derivedData/Build/Products/Debug-watchos/SwiftFSMTests.xctest/Info.plist /Users/admin/builder/spi-builder-workspace/.derivedData/Build/Intermediates.noindex/swift-fsm.build/Debug-watchos/SwiftFSMTests-p.build/empty-SwiftFSMTests.plist (in target 'SwiftFSMTests-product' from project 'swift-fsm')
    cd /Users/admin/builder/spi-builder-workspace
    builtin-infoPlistUtility /Users/admin/builder/spi-builder-workspace/.derivedData/Build/Intermediates.noindex/swift-fsm.build/Debug-watchos/SwiftFSMTests-p.build/empty-SwiftFSMTests.plist -producttype com.apple.product-type.bundle.unit-test -expandbuildsettings -format binary -platform watchos -o /Users/admin/builder/spi-builder-workspace/.derivedData/Build/Products/Debug-watchos/SwiftFSMTests.xctest/Info.plist
SwiftExplicitDependencyGeneratePcm arm64_32 /Users/admin/builder/spi-builder-workspace/.derivedData/SDKExplicitPrecompiledModules/Symbols-DP67QJL9W7VSYP70ZVEBE3KRT.pcm
SwiftExplicitDependencyGeneratePcm arm64_32 /Users/admin/builder/spi-builder-workspace/.derivedData/SDKExplicitPrecompiledModules/CoreTransferable-DSXZOKFM7XQLZ0FRNNKFDWZT0.pcm
SwiftExplicitDependencyGeneratePcm arm64_32 /Users/admin/builder/spi-builder-workspace/.derivedData/SDKExplicitPrecompiledModules/_Builtin_stdatomic-D2FE5M7JS5NQA5JDADVERWJM4.pcm
SwiftExplicitDependencyGeneratePcm arm64_32 /Users/admin/builder/spi-builder-workspace/.derivedData/SDKExplicitPrecompiledModules/UniformTypeIdentifiers-EH256724QTCKT0XATY095QHVP.pcm
SwiftExplicitDependencyGeneratePcm arm64_32 /Users/admin/builder/spi-builder-workspace/.derivedData/SDKExplicitPrecompiledModules/DeveloperToolsSupport-3FQKKPF3BW0SWE1YUZ86OZWIB.pcm
SwiftExplicitDependencyGeneratePcm arm64_32 /Users/admin/builder/spi-builder-workspace/.derivedData/SDKExplicitPrecompiledModules/UIUtilities-ABH83C7CSGMIJAARTF384TV0L.pcm
SwiftExplicitDependencyGeneratePcm arm64_32 /Users/admin/builder/spi-builder-workspace/.derivedData/SDKExplicitPrecompiledModules/_LocationEssentials-1XWTF8V96VX3IAHKJO7PJZDU0.pcm
SwiftExplicitDependencyGeneratePcm arm64 /Users/admin/builder/spi-builder-workspace/.derivedData/SDKExplicitPrecompiledModules/UIUtilities-AR3EDJH6PMDGNUXQGV2JND65S.pcm
SwiftExplicitDependencyGeneratePcm arm64 /Users/admin/builder/spi-builder-workspace/.derivedData/SDKExplicitPrecompiledModules/_LocationEssentials-C3HYVW8P89QAUDLD9VRHUF48Q.pcm
SwiftExplicitDependencyGeneratePcm arm64_32 /Users/admin/builder/spi-builder-workspace/.derivedData/SDKExplicitPrecompiledModules/CoreGraphics-A4WOQTM8SYZAQP223LI6RRPEK.pcm
SwiftExplicitDependencyGeneratePcm arm64_32 /Users/admin/builder/spi-builder-workspace/.derivedData/SDKExplicitPrecompiledModules/_Builtin_intrinsics-2K07JIG9ZANIKHSNPO3O6L1K6.pcm
SwiftExplicitDependencyGeneratePcm arm64 /Users/admin/builder/spi-builder-workspace/.derivedData/SDKExplicitPrecompiledModules/UserNotifications-7VIERZPAA371031RT8VBKFYKJ.pcm
SwiftExplicitDependencyGeneratePcm arm64_32 /Users/admin/builder/spi-builder-workspace/.derivedData/SDKExplicitPrecompiledModules/MachO-F47JQRYVH1SLPOQSJD8RK9MSX.pcm
SwiftExplicitDependencyGeneratePcm arm64 /Users/admin/builder/spi-builder-workspace/.derivedData/SDKExplicitPrecompiledModules/Symbols-B8SNL2YULCKW9SYIL0T5QLMV.pcm
SwiftExplicitDependencyGeneratePcm arm64 /Users/admin/builder/spi-builder-workspace/.derivedData/SDKExplicitPrecompiledModules/_Builtin_stdatomic-25T9UW3XDYID74302F31PX0RP.pcm
SwiftExplicitDependencyGeneratePcm arm64 /Users/admin/builder/spi-builder-workspace/.derivedData/SDKExplicitPrecompiledModules/UniformTypeIdentifiers-47SS6PHE8KOUZX5UOQUNKH397.pcm
SwiftExplicitDependencyGeneratePcm arm64 /Users/admin/builder/spi-builder-workspace/.derivedData/SDKExplicitPrecompiledModules/CoreTransferable-EULYJN53RZTIP2D6F171CT1YZ.pcm
SwiftExplicitDependencyGeneratePcm arm64_32 /Users/admin/builder/spi-builder-workspace/.derivedData/SDKExplicitPrecompiledModules/CoreLocation-4AZRAZ8X3W0CS36SZ1GS4LT05.pcm
SwiftExplicitDependencyGeneratePcm arm64 /Users/admin/builder/spi-builder-workspace/.derivedData/SDKExplicitPrecompiledModules/CoreLocation-B0A9Z3B1UDU8OLBQROLWD03N3.pcm
SwiftExplicitDependencyGeneratePcm arm64_32 /Users/admin/builder/spi-builder-workspace/.derivedData/SDKExplicitPrecompiledModules/DataDetection-8EDL8T61430CB5CU94L1E3L0C.pcm
SwiftExplicitDependencyGeneratePcm arm64_32 /Users/admin/builder/spi-builder-workspace/.derivedData/SDKExplicitPrecompiledModules/CoreText-34U50N378SZT64826L0B62MN6.pcm
SwiftExplicitDependencyGeneratePcm arm64_32 /Users/admin/builder/spi-builder-workspace/.derivedData/SDKExplicitPrecompiledModules/Accessibility-BBXP8Z81UOB3UBBTO3GG9FEEO.pcm
SwiftExplicitDependencyGeneratePcm arm64 /Users/admin/builder/spi-builder-workspace/.derivedData/SDKExplicitPrecompiledModules/DeveloperToolsSupport-CL5QT3CW0ZM498PFTWG64QMLA.pcm
SwiftExplicitDependencyGeneratePcm arm64 /Users/admin/builder/spi-builder-workspace/.derivedData/SDKExplicitPrecompiledModules/_Builtin_intrinsics-SQV576LJA0QE7RW5HF7CQ1BX.pcm
SwiftExplicitDependencyGeneratePcm arm64 /Users/admin/builder/spi-builder-workspace/.derivedData/SDKExplicitPrecompiledModules/_Builtin_tgmath-7JP2AE1NQHA1DV5JYP2OHQ3BF.pcm
SwiftExplicitDependencyGeneratePcm arm64 /Users/admin/builder/spi-builder-workspace/.derivedData/SDKExplicitPrecompiledModules/DataDetection-8RQ09UCIV0XSYRF8TQQD54MWN.pcm
SwiftExplicitDependencyGeneratePcm arm64_32 /Users/admin/builder/spi-builder-workspace/.derivedData/SDKExplicitPrecompiledModules/os-D9NWGT7PQGY2OD43XMA2KGLJK.pcm
SwiftExplicitDependencyGeneratePcm arm64_32 /Users/admin/builder/spi-builder-workspace/.derivedData/SDKExplicitPrecompiledModules/UserNotifications-F5AOMF9V2Y10QV8U00QNX8B7Q.pcm
SwiftExplicitDependencyGeneratePcm arm64_32 /Users/admin/builder/spi-builder-workspace/.derivedData/SDKExplicitPrecompiledModules/CoreMotion-E9C6K7MOTJF3RC93DULCZ130U.pcm
SwiftExplicitDependencyGeneratePcm arm64_32 /Users/admin/builder/spi-builder-workspace/.derivedData/SDKExplicitPrecompiledModules/CoreVideo-BX0NALWCB2F1YOTF0NZGV9FWU.pcm
SwiftExplicitDependencyGeneratePcm arm64_32 /Users/admin/builder/spi-builder-workspace/.derivedData/SDKExplicitPrecompiledModules/_Builtin_tgmath-414CVW1GW3IL0HRLCNNCS6Q0U.pcm
SwiftExplicitDependencyGeneratePcm arm64 /Users/admin/builder/spi-builder-workspace/.derivedData/SDKExplicitPrecompiledModules/CoreMotion-70RNUQRT1QM2F8WR42WPP4KQV.pcm
SwiftExplicitDependencyGeneratePcm arm64 /Users/admin/builder/spi-builder-workspace/.derivedData/SDKExplicitPrecompiledModules/CoreGraphics-5488DA9QVJJ7QOFXPYOYIYFUX.pcm
SwiftExplicitDependencyGeneratePcm arm64 /Users/admin/builder/spi-builder-workspace/.derivedData/SDKExplicitPrecompiledModules/MachO-4RYXFVY68ZDEUZYFMVL57WEKU.pcm
SwiftExplicitDependencyGeneratePcm arm64_32 /Users/admin/builder/spi-builder-workspace/.derivedData/SDKExplicitPrecompiledModules/OSLog-DXCLJ0K1EEBRV5MFYJOV1HIUX.pcm
SwiftExplicitDependencyGeneratePcm arm64_32 /Users/admin/builder/spi-builder-workspace/.derivedData/SDKExplicitPrecompiledModules/QuartzCore-72UYR37X0O2APTD1XMSJ20X5X.pcm
SwiftExplicitDependencyGeneratePcm arm64_32 /Users/admin/builder/spi-builder-workspace/.derivedData/SDKExplicitPrecompiledModules/simd-1W6O8NR1QUSWJGAN44DNNWVHX.pcm
SwiftExplicitDependencyGeneratePcm arm64 /Users/admin/builder/spi-builder-workspace/.derivedData/SDKExplicitPrecompiledModules/os-6BCTB8I5DCBBKFJ0Y0G4WQDDJ.pcm
SwiftExplicitDependencyGeneratePcm arm64 /Users/admin/builder/spi-builder-workspace/.derivedData/SDKExplicitPrecompiledModules/Accessibility-DB0V1GY4JDAXG2CZ5MW826DDE.pcm
SwiftExplicitDependencyGeneratePcm arm64 /Users/admin/builder/spi-builder-workspace/.derivedData/SDKExplicitPrecompiledModules/CoreVideo-2YRZ292TS6QDW2V2V92NZMPWM.pcm
SwiftExplicitDependencyGeneratePcm arm64 /Users/admin/builder/spi-builder-workspace/.derivedData/SDKExplicitPrecompiledModules/CoreText-BEC0M2J7FJN53VXNFDZDKL9U2.pcm
SwiftExplicitDependencyGeneratePcm arm64_32 /Users/admin/builder/spi-builder-workspace/.derivedData/SDKExplicitPrecompiledModules/UIKit-BGAQE5HOOTG6M9C46O1HHPCDR.pcm
SwiftExplicitDependencyGeneratePcm arm64_32 /Users/admin/builder/spi-builder-workspace/.derivedData/SDKExplicitPrecompiledModules/SwiftUICore-TURER010MQ2QH6SN4BGDJJKP.pcm
SwiftExplicitDependencyGeneratePcm arm64 /Users/admin/builder/spi-builder-workspace/.derivedData/SDKExplicitPrecompiledModules/simd-2C11HKTI5TJB05T724EWNFZXD.pcm
SwiftExplicitDependencyGeneratePcm arm64 /Users/admin/builder/spi-builder-workspace/.derivedData/SDKExplicitPrecompiledModules/OSLog-ESJZZ70KT229YQNKF5CWYQVLA.pcm
SwiftExplicitDependencyGeneratePcm arm64 /Users/admin/builder/spi-builder-workspace/.derivedData/SDKExplicitPrecompiledModules/QuartzCore-BRDP6VIMJ6A6HG4W4NYXZ8BI3.pcm
SwiftExplicitDependencyGeneratePcm arm64 /Users/admin/builder/spi-builder-workspace/.derivedData/SDKExplicitPrecompiledModules/SwiftUICore-D4BOUT6VJWDXKNATG8P2F95W3.pcm
SwiftExplicitDependencyGeneratePcm arm64 /Users/admin/builder/spi-builder-workspace/.derivedData/SDKExplicitPrecompiledModules/UIKit-2XWL6VFNA7WRWSTXI42YLU909.pcm
SwiftExplicitDependencyGeneratePcm arm64_32 /Users/admin/builder/spi-builder-workspace/.derivedData/SDKExplicitPrecompiledModules/Spatial-4XS0QRL16224ZE9KE9TMKASKT.pcm
SwiftExplicitDependencyGeneratePcm arm64 /Users/admin/builder/spi-builder-workspace/.derivedData/SDKExplicitPrecompiledModules/Spatial-EZKKX4XFW72RZCTOIG80Z93AP.pcm
SwiftExplicitDependencyGeneratePcm arm64_32 /Users/admin/builder/spi-builder-workspace/.derivedData/Build/Intermediates.noindex/SwiftExplicitPrecompiledModules/XCUIAutomation-Z7SN55NB9ZOYV3LWCNMTGGW6.pcm
SwiftExplicitDependencyGeneratePcm arm64_32 /Users/admin/builder/spi-builder-workspace/.derivedData/Build/Intermediates.noindex/SwiftExplicitPrecompiledModules/XCTest-36M3R6WFEBMP678IAR3ENUMMM.pcm
SwiftExplicitDependencyCompileModuleFromInterface arm64_32 /Users/admin/builder/spi-builder-workspace/.derivedData/Build/Intermediates.noindex/SwiftExplicitPrecompiledModules/XCUIAutomation-29ZOCB999F5UJ.swiftmodule
SwiftExplicitDependencyGeneratePcm arm64 /Users/admin/builder/spi-builder-workspace/.derivedData/Build/Intermediates.noindex/SwiftExplicitPrecompiledModules/XCUIAutomation-69Q6PI8WUDMO1Y7SHD04JMIEC.pcm
SwiftExplicitDependencyGeneratePcm arm64 /Users/admin/builder/spi-builder-workspace/.derivedData/Build/Intermediates.noindex/SwiftExplicitPrecompiledModules/XCTest-B0XN9RBECL3T0HBZJ9SXBPU3R.pcm
SwiftExplicitDependencyCompileModuleFromInterface arm64 /Users/admin/builder/spi-builder-workspace/.derivedData/Build/Intermediates.noindex/SwiftExplicitPrecompiledModules/XCUIAutomation-2T25HHLEAVXZX.swiftmodule
SwiftExplicitDependencyCompileModuleFromInterface arm64_32 /Users/admin/builder/spi-builder-workspace/.derivedData/Build/Intermediates.noindex/SwiftExplicitPrecompiledModules/XCTest-2I79T5XJH4Z72.swiftmodule
SwiftExplicitDependencyCompileModuleFromInterface arm64 /Users/admin/builder/spi-builder-workspace/.derivedData/Build/Intermediates.noindex/SwiftExplicitPrecompiledModules/XCTest-3LRLMVJ94LL6Y.swiftmodule
SwiftEmitModule normal arm64_32 Emitting\ module\ for\ SwiftFSMTests (in target 'SwiftFSMTests-product' from project 'swift-fsm')
SwiftCompile normal arm64_32 (in target 'SwiftFSMTests-product' from project 'swift-fsm')
    cd /Users/admin/builder/spi-builder-workspace/.swiftpm/xcode

SwiftCompile normal arm64_32 Compiling\ MatchingBlockTests.swift,\ OverrideBlockTests.swift,\ SuperStateTests.swift,\ ThenBlockTests.swift /Users/admin/builder/spi-builder-workspace/Tests/SwiftFSMTests/Syntax/CompoundBlockSyntax/MatchingBlockTests.swift /Users/admin/builder/spi-builder-workspace/Tests/SwiftFSMTests/Syntax/CompoundBlockSyntax/OverrideBlockTests.swift /Users/admin/builder/spi-builder-workspace/Tests/SwiftFSMTests/Syntax/CompoundBlockSyntax/SuperStateTests.swift /Users/admin/builder/spi-builder-workspace/Tests/SwiftFSMTests/Syntax/CompoundBlockSyntax/ThenBlockTests.swift (in target 'SwiftFSMTests-product' from project 'swift-fsm')
SwiftCompile normal arm64_32 /Users/admin/builder/spi-builder-workspace/Tests/SwiftFSMTests/Syntax/CompoundBlockSyntax/MatchingBlockTests.swift (in target 'SwiftFSMTests-product' from project 'swift-fsm')
    cd /Users/admin/builder/spi-builder-workspace/.swiftpm/xcode
    builtin-SwiftPerFileCompile MatchingBlockTests.swift
SwiftCompile normal arm64_32 /Users/admin/builder/spi-builder-workspace/Tests/SwiftFSMTests/Syntax/CompoundBlockSyntax/OverrideBlockTests.swift (in target 'SwiftFSMTests-product' from project 'swift-fsm')
    cd /Users/admin/builder/spi-builder-workspace/.swiftpm/xcode
    builtin-SwiftPerFileCompile OverrideBlockTests.swift
SwiftCompile normal arm64_32 /Users/admin/builder/spi-builder-workspace/Tests/SwiftFSMTests/Syntax/CompoundBlockSyntax/SuperStateTests.swift (in target 'SwiftFSMTests-product' from project 'swift-fsm')
    cd /Users/admin/builder/spi-builder-workspace/.swiftpm/xcode
    builtin-SwiftPerFileCompile SuperStateTests.swift
SwiftCompile normal arm64_32 /Users/admin/builder/spi-builder-workspace/Tests/SwiftFSMTests/Syntax/CompoundBlockSyntax/ThenBlockTests.swift (in target 'SwiftFSMTests-product' from project 'swift-fsm')
    cd /Users/admin/builder/spi-builder-workspace/.swiftpm/xcode
    builtin-SwiftPerFileCompile ThenBlockTests.swift
SwiftCompile normal arm64_32 Compiling\ PredicateTests.swift,\ ActionsNodeTests.swift,\ ActionsResolvingNodeTests.swift,\ AnyActionTests.swift /Users/admin/builder/spi-builder-workspace/Tests/SwiftFSMTests/Matching/PredicateTests.swift /Users/admin/builder/spi-builder-workspace/Tests/SwiftFSMTests/Nodes/ActionsNodeTests.swift /Users/admin/builder/spi-builder-workspace/Tests/SwiftFSMTests/Nodes/ActionsResolvingNodeTests.swift /Users/admin/builder/spi-builder-workspace/Tests/SwiftFSMTests/Nodes/AnyActionTests.swift (in target 'SwiftFSMTests-product' from project 'swift-fsm')
SwiftCompile normal arm64_32 /Users/admin/builder/spi-builder-workspace/Tests/SwiftFSMTests/Matching/PredicateTests.swift (in target 'SwiftFSMTests-product' from project 'swift-fsm')
    cd /Users/admin/builder/spi-builder-workspace/.swiftpm/xcode
    builtin-SwiftPerFileCompile PredicateTests.swift
SwiftCompile normal arm64_32 /Users/admin/builder/spi-builder-workspace/Tests/SwiftFSMTests/Nodes/ActionsNodeTests.swift (in target 'SwiftFSMTests-product' from project 'swift-fsm')
    cd /Users/admin/builder/spi-builder-workspace/.swiftpm/xcode
    builtin-SwiftPerFileCompile ActionsNodeTests.swift
SwiftCompile normal arm64_32 /Users/admin/builder/spi-builder-workspace/Tests/SwiftFSMTests/Nodes/ActionsResolvingNodeTests.swift (in target 'SwiftFSMTests-product' from project 'swift-fsm')
    cd /Users/admin/builder/spi-builder-workspace/.swiftpm/xcode
    builtin-SwiftPerFileCompile ActionsResolvingNodeTests.swift
SwiftCompile normal arm64_32 /Users/admin/builder/spi-builder-workspace/Tests/SwiftFSMTests/Nodes/AnyActionTests.swift (in target 'SwiftFSMTests-product' from project 'swift-fsm')
    cd /Users/admin/builder/spi-builder-workspace/.swiftpm/xcode
    builtin-SwiftPerFileCompile AnyActionTests.swift
SwiftCompile normal arm64_32 Compiling\ BlockTestsBase.swift,\ BuilderTests.swift,\ ConditionBlockTests.swift,\ DefineTests.swift /Users/admin/builder/spi-builder-workspace/Tests/SwiftFSMTests/Syntax/CompoundBlockSyntax/BlockTestsBase.swift /Users/admin/builder/spi-builder-workspace/Tests/SwiftFSMTests/Syntax/CompoundBlockSyntax/BuilderTests.swift /Users/admin/builder/spi-builder-workspace/Tests/SwiftFSMTests/Syntax/CompoundBlockSyntax/ConditionBlockTests.swift /Users/admin/builder/spi-builder-workspace/Tests/SwiftFSMTests/Syntax/CompoundBlockSyntax/DefineTests.swift (in target 'SwiftFSMTests-product' from project 'swift-fsm')
/Users/admin/builder/spi-builder-workspace/Tests/SwiftFSMTests/Syntax/CompoundBlockSyntax/BlockTestsBase.swift:52:21: error: ambiguous use of operator '=='
 50 |         xctLine xl: UInt = #line
 51 |     ) async {
 52 |         let sf = sf == nil ? #file : sf!
    |                     `- error: ambiguous use of operator '=='
 53 |
 54 |         for i in stride(from: 0, to: result.count, by: 2) {
Swift.Equatable.==:2:13: note: found this candidate in module 'Swift'
1 | protocol Equatable {
2 | static func == (lhs: borrowing Self, rhs: borrowing Self) -> Bool}
  |             `- note: found this candidate in module 'Swift'
3 |
Swift.Optional.==:2:20: note: found this candidate in module 'Swift'
1 | generic enum Optional {
2 | public static func == (lhs: Wrapped?, rhs: Wrapped?) -> Bool}
  |                    `- note: found this candidate in module 'Swift'
3 |
SwiftFSM.FSMValue.==:2:20: note: found this candidate in module 'SwiftFSM'
1 | generic enum FSMValue {
2 | public static func == (lhs: T, rhs: SwiftFSM.FSMValue<T>) -> Bool}
  |                    `- note: found this candidate in module 'SwiftFSM'
3 |
/Users/admin/builder/spi-builder-workspace/Tests/SwiftFSMTests/Syntax/CompoundBlockSyntax/BlockTestsBase.swift:87:21: error: ambiguous use of operator '=='
 85 |         xctLine xl: UInt = #line
 86 |     ) async {
 87 |         let sf = sf == nil ? #file : sf!
    |                     `- error: ambiguous use of operator '=='
 88 |
 89 |         for i in stride(from: 0, to: result.count, by: 2) {
Swift.Equatable.==:2:13: note: found this candidate in module 'Swift'
1 | protocol Equatable {
2 | static func == (lhs: borrowing Self, rhs: borrowing Self) -> Bool}
  |             `- note: found this candidate in module 'Swift'
3 |
Swift.Optional.==:2:20: note: found this candidate in module 'Swift'
1 | generic enum Optional {
2 | public static func == (lhs: Wrapped?, rhs: Wrapped?) -> Bool}
  |                    `- note: found this candidate in module 'Swift'
3 |
SwiftFSM.FSMValue.==:2:20: note: found this candidate in module 'SwiftFSM'
1 | generic enum FSMValue {
2 | public static func == (lhs: T, rhs: SwiftFSM.FSMValue<T>) -> Bool}
  |                    `- note: found this candidate in module 'SwiftFSM'
3 |
/Users/admin/builder/spi-builder-workspace/Tests/SwiftFSMTests/Syntax/CompoundBlockSyntax/BlockTestsBase.swift:120:21: error: ambiguous use of operator '=='
118 |         xctLine xl: UInt = #line
119 |     ) async {
120 |         let sf = sf == nil ? #file : sf!
    |                     `- error: ambiguous use of operator '=='
121 |
122 |         for i in stride(from: 0, to: result.count, by: 2) {
Swift.Equatable.==:2:13: note: found this candidate in module 'Swift'
1 | protocol Equatable {
2 | static func == (lhs: borrowing Self, rhs: borrowing Self) -> Bool}
  |             `- note: found this candidate in module 'Swift'
3 |
Swift.Optional.==:2:20: note: found this candidate in module 'Swift'
1 | generic enum Optional {
2 | public static func == (lhs: Wrapped?, rhs: Wrapped?) -> Bool}
  |                    `- note: found this candidate in module 'Swift'
3 |
SwiftFSM.FSMValue.==:2:20: note: found this candidate in module 'SwiftFSM'
1 | generic enum FSMValue {
2 | public static func == (lhs: T, rhs: SwiftFSM.FSMValue<T>) -> Bool}
  |                    `- note: found this candidate in module 'SwiftFSM'
3 |
Failed frontend command:
/Applications/Xcode-27.0.0-Release.Candidate.app/Contents/Developer/Toolchains/XcodeDefault.xctoolchain/usr/bin/swift-frontend -frontend -c /Users/admin/builder/spi-builder-workspace/Tests/SwiftFSMTests/ErrorTests.swift /Users/admin/builder/spi-builder-workspace/Tests/SwiftFSMTests/FSM/FSMTests.swift /Users/admin/builder/spi-builder-workspace/Tests/SwiftFSMTests/FSM/FSMValueTests.swift /Users/admin/builder/spi-builder-workspace/Tests/SwiftFSMTests/FSM/LoggingTests.swift /Users/admin/builder/spi-builder-workspace/Tests/SwiftFSMTests/FSM/PublicFSMTests.swift /Users/admin/builder/spi-builder-workspace/Tests/SwiftFSMTests/IntegrationTests.swift /Users/admin/builder/spi-builder-workspace/Tests/SwiftFSMTests/ManualTests.swift /Users/admin/builder/spi-builder-workspace/Tests/SwiftFSMTests/Matching/CombinationsTests.swift /Users/admin/builder/spi-builder-workspace/Tests/SwiftFSMTests/Matching/MatchDescriptorChainTests.swift /Users/admin/builder/spi-builder-workspace/Tests/SwiftFSMTests/Matching/PredicateTests.swift /Users/admin/builder/spi-builder-workspace/Tests/SwiftFSMTests/Nodes/ActionsNodeTests.swift /Users/admin/builder/spi-builder-workspace/Tests/SwiftFSMTests/Nodes/ActionsResolvingNodeTests.swift /Users/admin/builder/spi-builder-workspace/Tests/SwiftFSMTests/Nodes/AnyActionTests.swift /Users/admin/builder/spi-builder-workspace/Tests/SwiftFSMTests/Nodes/AnyTraceableTests.swift /Users/admin/builder/spi-builder-workspace/Tests/SwiftFSMTests/Nodes/DefineNodeTests.swift /Users/admin/builder/spi-builder-workspace/Tests/SwiftFSMTests/Nodes/GivenNodeTests.swift /Users/admin/builder/spi-builder-workspace/Tests/SwiftFSMTests/Nodes/MatchResolvingNode/EagerMRNTests.swift /Users/admin/builder/spi-builder-workspace/Tests/SwiftFSMTests/Nodes/MatchResolvingNode/LazyMRNTests.swift /Users/admin/builder/spi-builder-workspace/Tests/SwiftFSMTests/Nodes/MatchResolvingNode/MRNTestBase.swift /Users/admin/builder/spi-builder-workspace/Tests/SwiftFSMTests/Nodes/MatchingNodeTests.swift /Users/admin/builder/spi-builder-workspace/Tests/SwiftFSMTests/Nodes/NodeTests.swift /Users/admin/builder/spi-builder-workspace/Tests/SwiftFSMTests/Nodes/SemanticValidationNodeTests.swift /Users/admin/builder/spi-builder-workspace/Tests/SwiftFSMTests/Nodes/StringableNodeTests.swift /Users/admin/builder/spi-builder-workspace/Tests/SwiftFSMTests/Nodes/SyntaxNodeTests.swift /Users/admin/builder/spi-builder-workspace/Tests/SwiftFSMTests/Nodes/ThenNodeTests.swift /Users/admin/builder/spi-builder-workspace/Tests/SwiftFSMTests/Nodes/WhenNodeTests.swift /Users/admin/builder/spi-builder-workspace/Tests/SwiftFSMTests/PublicAPITests.swift /Users/admin/builder/spi-builder-workspace/Tests/SwiftFSMTests/Syntax/AnyActionSyntaxTests.swift /Users/admin/builder/spi-builder-workspace/Tests/SwiftFSMTests/Syntax/CompoundBlockSyntax/ActionsBlockTests.swift -primary-file /Users/admin/builder/spi-builder-workspace/Tests/SwiftFSMTests/Syntax/CompoundBlockSyntax/BlockTestsBase.swift -primary-file /Users/admin/builder/spi-builder-workspace/Tests/SwiftFSMTests/Syntax/CompoundBlockSyntax/BuilderTests.swift -primary-file /Users/admin/builder/spi-builder-workspace/Tests/SwiftFSMTests/Syntax/CompoundBlockSyntax/ConditionBlockTests.swift -primary-file /Users/admin/builder/spi-builder-workspace/Tests/SwiftFSMTests/Syntax/CompoundBlockSyntax/DefineTests.swift /Users/admin/builder/spi-builder-workspace/Tests/SwiftFSMTests/Syntax/CompoundBlockSyntax/MatchingBlockTests.swift /Users/admin/builder/spi-builder-workspace/Tests/SwiftFSMTests/Syntax/CompoundBlockSyntax/OverrideBlockTests.swift /Users/admin/builder/spi-builder-workspace/Tests/SwiftFSMTests/Syntax/CompoundBlockSyntax/SuperStateTests.swift /Users/admin/builder/spi-builder-workspace/Tests/SwiftFSMTests/Syntax/CompoundBlockSyntax/ThenBlockTests.swift /Users/admin/builder/spi-builder-workspace/Tests/SwiftFSMTests/Syntax/CompoundBlockSyntax/WhenBlockTests.swift /Users/admin/builder/spi-builder-workspace/Tests/SwiftFSMTests/Syntax/CompoundSyntaxTests.swift /Users/admin/builder/spi-builder-workspace/Tests/SwiftFSMTests/Syntax/ResultBuilderTests.swift /Users/admin/builder/spi-builder-workspace/Tests/SwiftFSMTests/Syntax/SyntaxTestsBase.swift -supplementary-output-file-map /Users/admin/builder/spi-builder-workspace/.derivedData/Build/Intermediates.noindex/swift-fsm.build/Debug-watchos/SwiftFSMTests-p.build/Objects-normal/arm64_32/supplementaryOutputs-50 -target arm64_32-apple-watchos11.0 -disable-cross-import-overlay-search -load-resolved-plugin /Applications/Xcode-27.0.0-Release.Candidate.app/Contents/Developer/Platforms/WatchOS.platform/Developer/usr/lib/swift/host/plugins/libFoundationMacros.dylib\#/Applications/Xcode-27.0.0-Release.Candidate.app/Contents/Developer/Platforms/WatchOS.platform/Developer/usr/bin/swift-plugin-server\#FoundationMacros -load-resolved-plugin /Applications/Xcode-27.0.0-Release.Candidate.app/Contents/Developer/Platforms/WatchOS.platform/Developer/usr/lib/swift/host/plugins/libObservationMacros.dylib\#/Applications/Xcode-27.0.0-Release.Candidate.app/Contents/Developer/Platforms/WatchOS.platform/Developer/usr/bin/swift-plugin-server\#ObservationMacros -load-resolved-plugin /Applications/Xcode-27.0.0-Release.Candidate.app/Contents/Developer/Platforms/WatchOS.platform/Developer/usr/lib/swift/host/plugins/libSwiftMacros.dylib\#/Applications/Xcode-27.0.0-Release.Candidate.app/Contents/Developer/Platforms/WatchOS.platform/Developer/usr/bin/swift-plugin-server\#SwiftMacros -load-resolved-plugin /Applications/Xcode-27.0.0-Release.Candidate.app/Contents/Developer/Platforms/WatchOS.platform/Developer/usr/lib/swift/host/plugins/libSwiftUIMacros.dylib\#/Applications/Xcode-27.0.0-Release.Candidate.app/Contents/Developer/Platforms/WatchOS.platform/Developer/usr/bin/swift-plugin-server\#SwiftUIMacros -disable-implicit-swift-modules -Xcc -fno-implicit-modules -Xcc -fno-implicit-module-maps -explicit-swift-module-map-file /Users/admin/builder/spi-builder-workspace/.derivedData/Build/Intermediates.noindex/swift-fsm.build/Debug-watchos/SwiftFSMTests-p.build/Objects-normal/arm64_32/SwiftFSMTests-dependencies-2.json -enable-objc-interop -sdk /Applications/Xcode-27.0.0-Release.Candidate.app/Contents/Developer/Platforms/WatchOS.platform/Developer/SDKs/WatchOS27.0.sdk -I /Users/admin/builder/spi-builder-workspace/.derivedData/Build/Products/Debug-watchos -Isystem /Applications/Xcode-27.0.0-Release.Candidate.app/Contents/Developer/Platforms/WatchOS.platform/Developer/usr/lib -F /Users/admin/builder/spi-builder-workspace/.derivedData/Build/Products/Debug-watchos/PackageFrameworks -F /Users/admin/builder/spi-builder-workspace/.derivedData/Build/Products/Debug-watchos -F /Applications/Xcode-27.0.0-Release.Candidate.app/Contents/Developer/Platforms/WatchOS.platform/Developer/Library/Frameworks -F /Applications/Xcode-27.0.0-Release.Candidate.app/Contents/Developer/Platforms/WatchOS.platform/Developer/SDKs/WatchOS27.0.sdk/Developer/Library/Frameworks -module-cache-path /Users/admin/builder/spi-builder-workspace/.derivedData/Build/Intermediates.noindex/SwiftExplicitPrecompiledModules -no-color-diagnostics -Xcc -fno-color-diagnostics -enable-testing -g -debug-info-format\=dwarf -dwarf-version\=5 -profile-generate -profile-coverage-mapping -swift-version 6 -Onone -D SWIFT_PACKAGE -D DEBUG -D Xcode -serialize-debugging-options -enable-experimental-feature DebugDescriptionMacro -empty-abi-descriptor -validate-clang-modules-once -clang-build-session-file /Users/admin/builder/spi-builder-workspace/.derivedData/ModuleCache.noindex/Session.modulevalidation -Xcc -working-directory -Xcc /Users/admin/builder/spi-builder-workspace/.swiftpm/xcode -enable-anonymous-context-mangled-names -file-compilation-dir /Users/admin/builder/spi-builder-workspace/.swiftpm/xcode -Xcc -fmodule-map-file\=/Users/admin/builder/spi-builder-workspace/.dependencies/checkouts/swift-numerics/Sources/_NumericsShims/include/module.modulemap -Xcc -D_LIBCPP_HARDENING_MODE\=_LIBCPP_HARDENING_MODE_DEBUG -Xcc -ivfsstatcache -Xcc /Users/admin/builder/spi-builder-workspace/.derivedData/SDKStatCaches.noindex/watchos27.0-24R360-e829b21a6f8c9b70876ba0858053c04477534ef55a1706bf4c1112bbb242f0a2.sdkstatcache -Xcc -fmodules-prune-interval\=86400 -Xcc -fmodules-prune-after\=345600 -Xcc -I/Users/admin/builder/spi-builder-workspace/.dependencies/checkouts/swift-numerics/Sources/_NumericsShims/include -Xcc -I/Users/admin/builder/spi-builder-workspace/.derivedData/Build/Products/Debug-watchos/include -Xcc -I/Users/admin/builder/spi-builder-workspace/.derivedData/Build/Intermediates.noindex/swift-fsm.build/Debug-watchos/SwiftFSMTests-p.build/DerivedSources-normal/arm64_32 -Xcc -I/Users/admin/builder/spi-builder-workspace/.derivedData/Build/Intermediates.noindex/swift-fsm.build/Debug-watchos/SwiftFSMTests-p.build/DerivedSources/arm64_32 -Xcc -I/Users/admin/builder/spi-builder-workspace/.derivedData/Build/Intermediates.noindex/swift-fsm.build/Debug-watchos/SwiftFSMTests-p.build/DerivedSources -Xcc -DSWIFT_PACKAGE -Xcc -DDEBUG\=1 -no-auto-bridging-header-chaining -module-name SwiftFSMTests -package-name spi_builder_workspace -const-gather-protocols-file /Users/admin/builder/spi-builder-workspace/.derivedData/Build/Intermediates.noindex/swift-fsm.build/Debug-watchos/SwiftFSMTests-p.build/Objects-normal/arm64_32/SwiftFSMTests_const_extract_protocols.json -disable-clang-spi -clang-target arm64_32-apple-watchos27.0 -target-sdk-version 27.0 -target-sdk-name watchos27.0 -in-process-plugin-server-path /Applications/Xcode-27.0.0-Release.Candidate.app/Contents/Developer/Toolchains/XcodeDefault.xctoolchain/usr/lib/swift/host/libSwiftInProcPluginServer.dylib -parse-as-library -o /Users/admin/builder/spi-builder-workspace/.derivedData/Build/Intermediates.noindex/swift-fsm.build/Debug-watchos/SwiftFSMTests-p.build/Objects-normal/arm64_32/BlockTestsBase.o -o /Users/admin/builder/spi-builder-workspace/.derivedData/Build/Intermediates.noindex/swift-fsm.build/Debug-watchos/SwiftFSMTests-p.build/Objects-normal/arm64_32/BuilderTests.o -o /Users/admin/builder/spi-builder-workspace/.derivedData/Build/Intermediates.noindex/swift-fsm.build/Debug-watchos/SwiftFSMTests-p.build/Objects-normal/arm64_32/ConditionBlockTests.o -o /Users/admin/builder/spi-builder-workspace/.derivedData/Build/Intermediates.noindex/swift-fsm.build/Debug-watchos/SwiftFSMTests-p.build/Objects-normal/arm64_32/DefineTests.o -debug-module-path /Users/admin/builder/spi-builder-workspace/.derivedData/Build/Intermediates.noindex/swift-fsm.build/Debug-watchos/SwiftFSMTests-p.build/Objects-normal/arm64_32/SwiftFSMTests.swiftmodule -index-unit-output-path /swift-fsm.build/Debug-watchos/SwiftFSMTests-p.build/Objects-normal/arm64_32/BlockTestsBase.o -index-unit-output-path /swift-fsm.build/Debug-watchos/SwiftFSMTests-p.build/Objects-normal/arm64_32/BuilderTests.o -index-unit-output-path /swift-fsm.build/Debug-watchos/SwiftFSMTests-p.build/Objects-normal/arm64_32/ConditionBlockTests.o -index-unit-output-path /swift-fsm.build/Debug-watchos/SwiftFSMTests-p.build/Objects-normal/arm64_32/DefineTests.o -index-store-path /Users/admin/builder/spi-builder-workspace/.derivedData/Index.noindex/DataStore -index-system-modules
SwiftCompile normal arm64_32 /Users/admin/builder/spi-builder-workspace/Tests/SwiftFSMTests/Syntax/CompoundBlockSyntax/BlockTestsBase.swift (in target 'SwiftFSMTests-product' from project 'swift-fsm')
    cd /Users/admin/builder/spi-builder-workspace/.swiftpm/xcode
    builtin-SwiftPerFileCompile BlockTestsBase.swift
SwiftCompile normal arm64_32 /Users/admin/builder/spi-builder-workspace/Tests/SwiftFSMTests/Syntax/CompoundBlockSyntax/BuilderTests.swift (in target 'SwiftFSMTests-product' from project 'swift-fsm')
    cd /Users/admin/builder/spi-builder-workspace/.swiftpm/xcode
    builtin-SwiftPerFileCompile BuilderTests.swift
SwiftCompile normal arm64_32 /Users/admin/builder/spi-builder-workspace/Tests/SwiftFSMTests/Syntax/CompoundBlockSyntax/ConditionBlockTests.swift (in target 'SwiftFSMTests-product' from project 'swift-fsm')
    cd /Users/admin/builder/spi-builder-workspace/.swiftpm/xcode
    builtin-SwiftPerFileCompile ConditionBlockTests.swift
SwiftCompile normal arm64_32 /Users/admin/builder/spi-builder-workspace/Tests/SwiftFSMTests/Syntax/CompoundBlockSyntax/DefineTests.swift (in target 'SwiftFSMTests-product' from project 'swift-fsm')
    cd /Users/admin/builder/spi-builder-workspace/.swiftpm/xcode
    builtin-SwiftPerFileCompile DefineTests.swift
SwiftCompile normal arm64_32 Compiling\ AnyTraceableTests.swift,\ DefineNodeTests.swift,\ GivenNodeTests.swift,\ EagerMRNTests.swift /Users/admin/builder/spi-builder-workspace/Tests/SwiftFSMTests/Nodes/AnyTraceableTests.swift /Users/admin/builder/spi-builder-workspace/Tests/SwiftFSMTests/Nodes/DefineNodeTests.swift /Users/admin/builder/spi-builder-workspace/Tests/SwiftFSMTests/Nodes/GivenNodeTests.swift /Users/admin/builder/spi-builder-workspace/Tests/SwiftFSMTests/Nodes/MatchResolvingNode/EagerMRNTests.swift (in target 'SwiftFSMTests-product' from project 'swift-fsm')
SwiftCompile normal arm64_32 /Users/admin/builder/spi-builder-workspace/Tests/SwiftFSMTests/Nodes/AnyTraceableTests.swift (in target 'SwiftFSMTests-product' from project 'swift-fsm')
    cd /Users/admin/builder/spi-builder-workspace/.swiftpm/xcode
    builtin-SwiftPerFileCompile AnyTraceableTests.swift
SwiftCompile normal arm64_32 /Users/admin/builder/spi-builder-workspace/Tests/SwiftFSMTests/Nodes/DefineNodeTests.swift (in target 'SwiftFSMTests-product' from project 'swift-fsm')
    cd /Users/admin/builder/spi-builder-workspace/.swiftpm/xcode
    builtin-SwiftPerFileCompile DefineNodeTests.swift
SwiftCompile normal arm64_32 /Users/admin/builder/spi-builder-workspace/Tests/SwiftFSMTests/Nodes/GivenNodeTests.swift (in target 'SwiftFSMTests-product' from project 'swift-fsm')
    cd /Users/admin/builder/spi-builder-workspace/.swiftpm/xcode
    builtin-SwiftPerFileCompile GivenNodeTests.swift
SwiftCompile normal arm64_32 /Users/admin/builder/spi-builder-workspace/Tests/SwiftFSMTests/Nodes/MatchResolvingNode/EagerMRNTests.swift (in target 'SwiftFSMTests-product' from project 'swift-fsm')
    cd /Users/admin/builder/spi-builder-workspace/.swiftpm/xcode
    builtin-SwiftPerFileCompile EagerMRNTests.swift
SwiftCompile normal arm64_32 Compiling\ IntegrationTests.swift,\ ManualTests.swift,\ CombinationsTests.swift,\ MatchDescriptorChainTests.swift /Users/admin/builder/spi-builder-workspace/Tests/SwiftFSMTests/IntegrationTests.swift /Users/admin/builder/spi-builder-workspace/Tests/SwiftFSMTests/ManualTests.swift /Users/admin/builder/spi-builder-workspace/Tests/SwiftFSMTests/Matching/CombinationsTests.swift /Users/admin/builder/spi-builder-workspace/Tests/SwiftFSMTests/Matching/MatchDescriptorChainTests.swift (in target 'SwiftFSMTests-product' from project 'swift-fsm')
SwiftCompile normal arm64_32 /Users/admin/builder/spi-builder-workspace/Tests/SwiftFSMTests/IntegrationTests.swift (in target 'SwiftFSMTests-product' from project 'swift-fsm')
    cd /Users/admin/builder/spi-builder-workspace/.swiftpm/xcode
    builtin-SwiftPerFileCompile IntegrationTests.swift
SwiftCompile normal arm64_32 /Users/admin/builder/spi-builder-workspace/Tests/SwiftFSMTests/ManualTests.swift (in target 'SwiftFSMTests-product' from project 'swift-fsm')
    cd /Users/admin/builder/spi-builder-workspace/.swiftpm/xcode
    builtin-SwiftPerFileCompile ManualTests.swift
SwiftCompile normal arm64_32 /Users/admin/builder/spi-builder-workspace/Tests/SwiftFSMTests/Matching/CombinationsTests.swift (in target 'SwiftFSMTests-product' from project 'swift-fsm')
    cd /Users/admin/builder/spi-builder-workspace/.swiftpm/xcode
    builtin-SwiftPerFileCompile CombinationsTests.swift
SwiftCompile normal arm64_32 /Users/admin/builder/spi-builder-workspace/Tests/SwiftFSMTests/Matching/MatchDescriptorChainTests.swift (in target 'SwiftFSMTests-product' from project 'swift-fsm')
    cd /Users/admin/builder/spi-builder-workspace/.swiftpm/xcode
    builtin-SwiftPerFileCompile MatchDescriptorChainTests.swift
SwiftCompile normal arm64_32 Compiling\ SemanticValidationNodeTests.swift,\ StringableNodeTests.swift,\ SyntaxNodeTests.swift,\ ThenNodeTests.swift /Users/admin/builder/spi-builder-workspace/Tests/SwiftFSMTests/Nodes/SemanticValidationNodeTests.swift /Users/admin/builder/spi-builder-workspace/Tests/SwiftFSMTests/Nodes/StringableNodeTests.swift /Users/admin/builder/spi-builder-workspace/Tests/SwiftFSMTests/Nodes/SyntaxNodeTests.swift /Users/admin/builder/spi-builder-workspace/Tests/SwiftFSMTests/Nodes/ThenNodeTests.swift (in target 'SwiftFSMTests-product' from project 'swift-fsm')
SwiftCompile normal arm64_32 /Users/admin/builder/spi-builder-workspace/Tests/SwiftFSMTests/Nodes/SemanticValidationNodeTests.swift (in target 'SwiftFSMTests-product' from project 'swift-fsm')
    cd /Users/admin/builder/spi-builder-workspace/.swiftpm/xcode
    builtin-SwiftPerFileCompile SemanticValidationNodeTests.swift
SwiftCompile normal arm64_32 /Users/admin/builder/spi-builder-workspace/Tests/SwiftFSMTests/Nodes/StringableNodeTests.swift (in target 'SwiftFSMTests-product' from project 'swift-fsm')
    cd /Users/admin/builder/spi-builder-workspace/.swiftpm/xcode
    builtin-SwiftPerFileCompile StringableNodeTests.swift
SwiftCompile normal arm64_32 /Users/admin/builder/spi-builder-workspace/Tests/SwiftFSMTests/Nodes/SyntaxNodeTests.swift (in target 'SwiftFSMTests-product' from project 'swift-fsm')
    cd /Users/admin/builder/spi-builder-workspace/.swiftpm/xcode
    builtin-SwiftPerFileCompile SyntaxNodeTests.swift
SwiftCompile normal arm64_32 /Users/admin/builder/spi-builder-workspace/Tests/SwiftFSMTests/Nodes/ThenNodeTests.swift (in target 'SwiftFSMTests-product' from project 'swift-fsm')
    cd /Users/admin/builder/spi-builder-workspace/.swiftpm/xcode
    builtin-SwiftPerFileCompile ThenNodeTests.swift
SwiftCompile normal arm64_32 Compiling\ LazyMRNTests.swift,\ MRNTestBase.swift,\ MatchingNodeTests.swift,\ NodeTests.swift /Users/admin/builder/spi-builder-workspace/Tests/SwiftFSMTests/Nodes/MatchResolvingNode/LazyMRNTests.swift /Users/admin/builder/spi-builder-workspace/Tests/SwiftFSMTests/Nodes/MatchResolvingNode/MRNTestBase.swift /Users/admin/builder/spi-builder-workspace/Tests/SwiftFSMTests/Nodes/MatchingNodeTests.swift /Users/admin/builder/spi-builder-workspace/Tests/SwiftFSMTests/Nodes/NodeTests.swift (in target 'SwiftFSMTests-product' from project 'swift-fsm')
SwiftCompile normal arm64_32 /Users/admin/builder/spi-builder-workspace/Tests/SwiftFSMTests/Nodes/MatchResolvingNode/LazyMRNTests.swift (in target 'SwiftFSMTests-product' from project 'swift-fsm')
    cd /Users/admin/builder/spi-builder-workspace/.swiftpm/xcode
    builtin-SwiftPerFileCompile LazyMRNTests.swift
SwiftCompile normal arm64_32 /Users/admin/builder/spi-builder-workspace/Tests/SwiftFSMTests/Nodes/MatchResolvingNode/MRNTestBase.swift (in target 'SwiftFSMTests-product' from project 'swift-fsm')
    cd /Users/admin/builder/spi-builder-workspace/.swiftpm/xcode
    builtin-SwiftPerFileCompile MRNTestBase.swift
SwiftCompile normal arm64_32 /Users/admin/builder/spi-builder-workspace/Tests/SwiftFSMTests/Nodes/MatchingNodeTests.swift (in target 'SwiftFSMTests-product' from project 'swift-fsm')
    cd /Users/admin/builder/spi-builder-workspace/.swiftpm/xcode
    builtin-SwiftPerFileCompile MatchingNodeTests.swift
SwiftCompile normal arm64_32 /Users/admin/builder/spi-builder-workspace/Tests/SwiftFSMTests/Nodes/NodeTests.swift (in target 'SwiftFSMTests-product' from project 'swift-fsm')
    cd /Users/admin/builder/spi-builder-workspace/.swiftpm/xcode
    builtin-SwiftPerFileCompile NodeTests.swift
SwiftCompile normal arm64_32 Compiling\ WhenNodeTests.swift,\ PublicAPITests.swift,\ AnyActionSyntaxTests.swift,\ ActionsBlockTests.swift /Users/admin/builder/spi-builder-workspace/Tests/SwiftFSMTests/Nodes/WhenNodeTests.swift /Users/admin/builder/spi-builder-workspace/Tests/SwiftFSMTests/PublicAPITests.swift /Users/admin/builder/spi-builder-workspace/Tests/SwiftFSMTests/Syntax/AnyActionSyntaxTests.swift /Users/admin/builder/spi-builder-workspace/Tests/SwiftFSMTests/Syntax/CompoundBlockSyntax/ActionsBlockTests.swift (in target 'SwiftFSMTests-product' from project 'swift-fsm')
SwiftCompile normal arm64_32 /Users/admin/builder/spi-builder-workspace/Tests/SwiftFSMTests/Nodes/WhenNodeTests.swift (in target 'SwiftFSMTests-product' from project 'swift-fsm')
    cd /Users/admin/builder/spi-builder-workspace/.swiftpm/xcode
    builtin-SwiftPerFileCompile WhenNodeTests.swift
SwiftCompile normal arm64_32 /Users/admin/builder/spi-builder-workspace/Tests/SwiftFSMTests/PublicAPITests.swift (in target 'SwiftFSMTests-product' from project 'swift-fsm')
    cd /Users/admin/builder/spi-builder-workspace/.swiftpm/xcode
    builtin-SwiftPerFileCompile PublicAPITests.swift
SwiftCompile normal arm64_32 /Users/admin/builder/spi-builder-workspace/Tests/SwiftFSMTests/Syntax/AnyActionSyntaxTests.swift (in target 'SwiftFSMTests-product' from project 'swift-fsm')
    cd /Users/admin/builder/spi-builder-workspace/.swiftpm/xcode
    builtin-SwiftPerFileCompile AnyActionSyntaxTests.swift
SwiftCompile normal arm64_32 /Users/admin/builder/spi-builder-workspace/Tests/SwiftFSMTests/Syntax/CompoundBlockSyntax/ActionsBlockTests.swift (in target 'SwiftFSMTests-product' from project 'swift-fsm')
    cd /Users/admin/builder/spi-builder-workspace/.swiftpm/xcode
    builtin-SwiftPerFileCompile ActionsBlockTests.swift
SwiftCompile normal arm64_32 Compiling\ ErrorTests.swift,\ FSMTests.swift,\ FSMValueTests.swift,\ LoggingTests.swift,\ PublicFSMTests.swift /Users/admin/builder/spi-builder-workspace/Tests/SwiftFSMTests/ErrorTests.swift /Users/admin/builder/spi-builder-workspace/Tests/SwiftFSMTests/FSM/FSMTests.swift /Users/admin/builder/spi-builder-workspace/Tests/SwiftFSMTests/FSM/FSMValueTests.swift /Users/admin/builder/spi-builder-workspace/Tests/SwiftFSMTests/FSM/LoggingTests.swift /Users/admin/builder/spi-builder-workspace/Tests/SwiftFSMTests/FSM/PublicFSMTests.swift (in target 'SwiftFSMTests-product' from project 'swift-fsm')
SwiftCompile normal arm64_32 /Users/admin/builder/spi-builder-workspace/Tests/SwiftFSMTests/ErrorTests.swift (in target 'SwiftFSMTests-product' from project 'swift-fsm')
    cd /Users/admin/builder/spi-builder-workspace/.swiftpm/xcode
    builtin-SwiftPerFileCompile ErrorTests.swift
SwiftCompile normal arm64_32 /Users/admin/builder/spi-builder-workspace/Tests/SwiftFSMTests/FSM/FSMTests.swift (in target 'SwiftFSMTests-product' from project 'swift-fsm')
    cd /Users/admin/builder/spi-builder-workspace/.swiftpm/xcode
    builtin-SwiftPerFileCompile FSMTests.swift
SwiftCompile normal arm64_32 /Users/admin/builder/spi-builder-workspace/Tests/SwiftFSMTests/FSM/FSMValueTests.swift (in target 'SwiftFSMTests-product' from project 'swift-fsm')
    cd /Users/admin/builder/spi-builder-workspace/.swiftpm/xcode
    builtin-SwiftPerFileCompile FSMValueTests.swift
SwiftCompile normal arm64_32 /Users/admin/builder/spi-builder-workspace/Tests/SwiftFSMTests/FSM/LoggingTests.swift (in target 'SwiftFSMTests-product' from project 'swift-fsm')
    cd /Users/admin/builder/spi-builder-workspace/.swiftpm/xcode
    builtin-SwiftPerFileCompile LoggingTests.swift
SwiftCompile normal arm64_32 /Users/admin/builder/spi-builder-workspace/Tests/SwiftFSMTests/FSM/PublicFSMTests.swift (in target 'SwiftFSMTests-product' from project 'swift-fsm')
    cd /Users/admin/builder/spi-builder-workspace/.swiftpm/xcode
    builtin-SwiftPerFileCompile PublicFSMTests.swift
SwiftEmitModule normal arm64 Emitting\ module\ for\ SwiftFSMTests (in target 'SwiftFSMTests-product' from project 'swift-fsm')
SwiftCompile normal arm64 (in target 'SwiftFSMTests-product' from project 'swift-fsm')
    cd /Users/admin/builder/spi-builder-workspace/.swiftpm/xcode

SwiftDriverJobDiscovery normal arm64_32 Emitting module for SwiftFSMTests (in target 'SwiftFSMTests-product' from project 'swift-fsm')
SwiftDriver\ Compilation\ Requirements SwiftFSMTests normal arm64_32 com.apple.xcode.tools.swift.compiler (in target 'SwiftFSMTests-product' from project 'swift-fsm')
    cd /Users/admin/builder/spi-builder-workspace/.swiftpm/xcode
    builtin-Swift-Compilation-Requirements -- /Applications/Xcode-27.0.0-Release.Candidate.app/Contents/Developer/Toolchains/XcodeDefault.xctoolchain/usr/bin/swiftc -parse-as-library -module-name SwiftFSMTests -Onone @/Users/admin/builder/spi-builder-workspace/.derivedData/Build/Intermediates.noindex/swift-fsm.build/Debug-watchos/SwiftFSMTests-p.build/Objects-normal/arm64_32/SwiftFSMTests.SwiftFileList -DSWIFT_PACKAGE -DDEBUG -Xcc -fmodule-map-file\=/Users/admin/builder/spi-builder-workspace/.dependencies/checkouts/swift-numerics/Sources/_NumericsShims/include/module.modulemap -DXcode -plugin-path /Applications/Xcode-27.0.0-Release.Candidate.app/Contents/Developer/Toolchains/XcodeDefault.xctoolchain/usr/lib/swift/host/plugins/testing -enable-experimental-feature DebugDescriptionMacro -sdk /Applications/Xcode-27.0.0-Release.Candidate.app/Contents/Developer/Platforms/WatchOS.platform/Developer/SDKs/WatchOS27.0.sdk -target arm64_32-apple-watchos11.0 -g -module-cache-path /Users/admin/builder/spi-builder-workspace/.derivedData/ModuleCache.noindex -Xfrontend -serialize-debugging-options -profile-coverage-mapping -profile-generate -enable-testing -index-store-path /Users/admin/builder/spi-builder-workspace/.derivedData/Index.noindex/DataStore -Xcc -D_LIBCPP_HARDENING_MODE\=_LIBCPP_HARDENING_MODE_DEBUG -swift-version 6 -I /Users/admin/builder/spi-builder-workspace/.derivedData/Build/Products/Debug-watchos -Isystem /Applications/Xcode-27.0.0-Release.Candidate.app/Contents/Developer/Platforms/WatchOS.platform/Developer/usr/lib -F /Users/admin/builder/spi-builder-workspace/.derivedData/Build/Products/Debug-watchos/PackageFrameworks -F /Users/admin/builder/spi-builder-workspace/.derivedData/Build/Products/Debug-watchos -F /Applications/Xcode-27.0.0-Release.Candidate.app/Contents/Developer/Platforms/WatchOS.platform/Developer/Library/Frameworks -F /Applications/Xcode-27.0.0-Release.Candidate.app/Contents/Developer/Platforms/WatchOS.platform/Developer/SDKs/WatchOS27.0.sdk/Developer/Library/Frameworks -c -j10 -enable-batch-mode -incremental -Xcc -ivfsstatcache -Xcc /Users/admin/builder/spi-builder-workspace/.derivedData/SDKStatCaches.noindex/watchos27.0-24R360-e829b21a6f8c9b70876ba0858053c04477534ef55a1706bf4c1112bbb242f0a2.sdkstatcache -output-file-map /Users/admin/builder/spi-builder-workspace/.derivedData/Build/Intermediates.noindex/swift-fsm.build/Debug-watchos/SwiftFSMTests-p.build/Objects-normal/arm64_32/SwiftFSMTests-OutputFileMap.json -save-temps -no-color-diagnostics -explicit-module-build -module-cache-path /Users/admin/builder/spi-builder-workspace/.derivedData/Build/Intermediates.noindex/SwiftExplicitPrecompiledModules -clang-scanner-module-cache-path /Users/admin/builder/spi-builder-workspace/.derivedData/ModuleCache.noindex -sdk-module-cache-path /Users/admin/builder/spi-builder-workspace/.derivedData/SDKExplicitPrecompiledModules -emit-dependencies -emit-module -emit-module-path /Users/admin/builder/spi-builder-workspace/.derivedData/Build/Intermediates.noindex/swift-fsm.build/Debug-watchos/SwiftFSMTests-p.build/Objects-normal/arm64_32/SwiftFSMTests.swiftmodule -serialize-diagnostics -dependency-scan-serialize-diagnostics-path /Users/admin/builder/spi-builder-workspace/.derivedData/Build/Intermediates.noindex/swift-fsm.build/Debug-watchos/SwiftFSMTests-p.build/Objects-normal/arm64_32/SwiftFSMTests-dependency-scan.dia -validate-clang-modules-once -clang-build-session-file /Users/admin/builder/spi-builder-workspace/.derivedData/ModuleCache.noindex/Session.modulevalidation -Xcc -fmodules-prune-interval\=86400 -Xcc -fmodules-prune-after\=345600 -package-name spi_builder_workspace -emit-const-values -const-gather-protocols-list /Users/admin/builder/spi-builder-workspace/.derivedData/Build/Intermediates.noindex/swift-fsm.build/Debug-watchos/SwiftFSMTests-p.build/Objects-normal/arm64_32/SwiftFSMTests_const_extract_protocols.json -Xcc -I/Users/admin/builder/spi-builder-workspace/.dependencies/checkouts/swift-numerics/Sources/_NumericsShims/include -Xcc -I/Users/admin/builder/spi-builder-workspace/.derivedData/Build/Products/Debug-watchos/include -Xcc -I/Users/admin/builder/spi-builder-workspace/.derivedData/Build/Intermediates.noindex/swift-fsm.build/Debug-watchos/SwiftFSMTests-p.build/DerivedSources-normal/arm64_32 -Xcc -I/Users/admin/builder/spi-builder-workspace/.derivedData/Build/Intermediates.noindex/swift-fsm.build/Debug-watchos/SwiftFSMTests-p.build/DerivedSources/arm64_32 -Xcc -I/Users/admin/builder/spi-builder-workspace/.derivedData/Build/Intermediates.noindex/swift-fsm.build/Debug-watchos/SwiftFSMTests-p.build/DerivedSources -Xcc -DSWIFT_PACKAGE -Xcc -DDEBUG\=1 -working-directory /Users/admin/builder/spi-builder-workspace/.swiftpm/xcode -experimental-emit-module-separately -disable-cmo
PruneExplicitPrecompiledModules /Users/admin/builder/spi-builder-workspace/.derivedData/Build/Intermediates.noindex/SwiftExplicitPrecompiledModules
PruneExplicitPrecompiledModules /Users/admin/builder/spi-builder-workspace/.derivedData/Build/Intermediates.noindex/ExplicitPrecompiledModules
PruneExplicitPrecompiledModules /Users/admin/builder/spi-builder-workspace/.derivedData/SDKExplicitPrecompiledModules
2026-09-21 16:54:51.664 xcodebuild[701:4214] [MT] IDERunDestination: Supported platforms for the buildables in the current scheme is empty.
2026-09-21 16:54:51.811 xcodebuild[701:4214] [MT] IDERunDestination: Supported platforms for the buildables in the current scheme is empty.
** BUILD FAILED **
The following build commands failed:
	SwiftCompile normal arm64_32 Compiling\ BlockTestsBase.swift,\ BuilderTests.swift,\ ConditionBlockTests.swift,\ DefineTests.swift /Users/admin/builder/spi-builder-workspace/Tests/SwiftFSMTests/Syntax/CompoundBlockSyntax/BlockTestsBase.swift /Users/admin/builder/spi-builder-workspace/Tests/SwiftFSMTests/Syntax/CompoundBlockSyntax/BuilderTests.swift /Users/admin/builder/spi-builder-workspace/Tests/SwiftFSMTests/Syntax/CompoundBlockSyntax/ConditionBlockTests.swift /Users/admin/builder/spi-builder-workspace/Tests/SwiftFSMTests/Syntax/CompoundBlockSyntax/DefineTests.swift (in target 'SwiftFSMTests-product' from project 'swift-fsm')
	SwiftCompile normal arm64_32 /Users/admin/builder/spi-builder-workspace/Tests/SwiftFSMTests/Syntax/CompoundBlockSyntax/BlockTestsBase.swift (in target 'SwiftFSMTests-product' from project 'swift-fsm')
	Building workspace swift-fsm with scheme swift-fsm
(3 failures)
Command line invocation:
    /Applications/Xcode-27.0.0-Release.Candidate.app/Contents/Developer/usr/bin/xcodebuild -IDEClonedSourcePackagesDirPathOverride=/Users/admin/builder/spi-builder-workspace/.dependencies -resolvePackageDependencies
Resolve Package Graph
Resolved source packages:
  swift-numerics: https://github.com/apple/swift-numerics.git @ 1.1.1
  swift-algorithms: https://github.com/apple/swift-algorithms @ 1.2.1
  swift-fsm: /Users/admin/builder/spi-builder-workspace
resolved source packages: swift-numerics, swift-algorithms, swift-fsm
2026-09-21 16:55:06.489 xcodebuild[977:5575] [MT] IDERunDestination: Supported platforms for the buildables in the current scheme is empty.
2026-09-21 16:55:06.601 xcodebuild[977:5575] [MT] IDERunDestination: Supported platforms for the buildables in the current scheme is empty.
{
  "dependencies" : [
    {
      "identity" : "swift-algorithms",
      "requirement" : {
        "range" : [
          {
            "lower_bound" : "1.0.0",
            "upper_bound" : "2.0.0"
          }
        ]
      },
      "type" : "sourceControl",
      "url" : "https://github.com/apple/swift-algorithms"
    }
  ],
  "manifest_display_name" : "swift-fsm",
  "name" : "swift-fsm",
  "path" : "/Users/admin/builder/spi-builder-workspace",
  "platforms" : [
    {
      "name" : "macos",
      "version" : "15.0"
    },
    {
      "name" : "ios",
      "version" : "18.0"
    },
    {
      "name" : "tvos",
      "version" : "18.0"
    },
    {
      "name" : "watchos",
      "version" : "11.0"
    }
  ],
  "products" : [
    {
      "name" : "SwiftFSM",
      "targets" : [
        "SwiftFSM"
      ],
      "type" : {
        "library" : [
          "automatic"
        ]
      }
    }
  ],
  "targets" : [
    {
      "c99name" : "SwiftFSMTests",
      "module_type" : "SwiftTarget",
      "name" : "SwiftFSMTests",
      "path" : "Tests/SwiftFSMTests",
      "sources" : [
        "ErrorTests.swift",
        "FSM/FSMTests.swift",
        "FSM/FSMValueTests.swift",
        "FSM/LoggingTests.swift",
        "FSM/PublicFSMTests.swift",
        "IntegrationTests.swift",
        "ManualTests.swift",
        "Matching/CombinationsTests.swift",
        "Matching/MatchDescriptorChainTests.swift",
        "Matching/PredicateTests.swift",
        "Nodes/ActionsNodeTests.swift",
        "Nodes/ActionsResolvingNodeTests.swift",
        "Nodes/AnyActionTests.swift",
        "Nodes/AnyTraceableTests.swift",
        "Nodes/DefineNodeTests.swift",
        "Nodes/GivenNodeTests.swift",
        "Nodes/MatchResolvingNode/EagerMRNTests.swift",
        "Nodes/MatchResolvingNode/LazyMRNTests.swift",
        "Nodes/MatchResolvingNode/MRNTestBase.swift",
        "Nodes/MatchingNodeTests.swift",
        "Nodes/NodeTests.swift",
        "Nodes/SemanticValidationNodeTests.swift",
        "Nodes/StringableNodeTests.swift",
        "Nodes/SyntaxNodeTests.swift",
        "Nodes/ThenNodeTests.swift",
        "Nodes/WhenNodeTests.swift",
        "PublicAPITests.swift",
        "Syntax/AnyActionSyntaxTests.swift",
        "Syntax/CompoundBlockSyntax/ActionsBlockTests.swift",
        "Syntax/CompoundBlockSyntax/BlockTestsBase.swift",
        "Syntax/CompoundBlockSyntax/BuilderTests.swift",
        "Syntax/CompoundBlockSyntax/ConditionBlockTests.swift",
        "Syntax/CompoundBlockSyntax/DefineTests.swift",
        "Syntax/CompoundBlockSyntax/MatchingBlockTests.swift",
        "Syntax/CompoundBlockSyntax/OverrideBlockTests.swift",
        "Syntax/CompoundBlockSyntax/SuperStateTests.swift",
        "Syntax/CompoundBlockSyntax/ThenBlockTests.swift",
        "Syntax/CompoundBlockSyntax/WhenBlockTests.swift",
        "Syntax/CompoundSyntaxTests.swift",
        "Syntax/ResultBuilderTests.swift",
        "Syntax/SyntaxTestsBase.swift"
      ],
      "target_dependencies" : [
        "SwiftFSM"
      ],
      "type" : "test"
    },
    {
      "c99name" : "SwiftFSM",
      "module_type" : "SwiftTarget",
      "name" : "SwiftFSM",
      "path" : "Sources/SwiftFSM",
      "product_dependencies" : [
        "Algorithms"
      ],
      "product_memberships" : [
        "SwiftFSM"
      ],
      "sources" : [
        "Internal/FSM/AnyAction.swift",
        "Internal/FSM/EagerFSM.swift",
        "Internal/FSM/FSMBase.swift",
        "Internal/FSM/LazyFSM.swift",
        "Internal/FSM/Logger.swift",
        "Internal/Matching/AnyPredicate.swift",
        "Internal/Matching/Collection+Combinations.swift",
        "Internal/Matching/MatchDescriptorChain.swift",
        "Internal/Nodes/ActionsNode.swift",
        "Internal/Nodes/ActionsResolvingNode.swift",
        "Internal/Nodes/AnyTraceable.swift",
        "Internal/Nodes/DefineNode.swift",
        "Internal/Nodes/GivenNode.swift",
        "Internal/Nodes/MatchingNode.swift",
        "Internal/Nodes/NodeConvenience.swift",
        "Internal/Nodes/SyntaxNode.swift",
        "Internal/Nodes/ThenNode.swift",
        "Internal/Nodes/Validation/MatchResolvingNode/EagerMRN.swift",
        "Internal/Nodes/Validation/MatchResolvingNode/LazyMRN.swift",
        "Internal/Nodes/Validation/MatchResolvingNode/MRNBase.swift",
        "Internal/Nodes/Validation/SemanticValidationNode.swift",
        "Internal/Nodes/WhenNode.swift",
        "Internal/Syntax/Actions.swift",
        "Internal/Syntax/CompoundSyntax.swift",
        "Internal/Syntax/Define.swift",
        "Internal/Syntax/Errors.swift",
        "Internal/Syntax/Matching.swift",
        "Internal/Syntax/Override.swift",
        "Internal/Syntax/ResultBuilder.swift",
        "Internal/Syntax/SuperState.swift",
        "Internal/Syntax/Then.swift",
        "Internal/Syntax/When.swift",
        "Public/FSM.swift",
        "Public/FSMValue/FSMValue+Array.swift",
        "Public/FSMValue/FSMValue+Bool.swift",
        "Public/FSMValue/FSMValue+Comparable.swift",
        "Public/FSMValue/FSMValue+Equatable.swift",
        "Public/FSMValue/FSMValue+Interpolation.swift",
        "Public/FSMValue/FSMValue+Nil.swift",
        "Public/FSMValue/FSMValue+Numbers.swift",
        "Public/FSMValue/FSMValue+String.swift",
        "Public/FSMValue/FSMValue.swift",
        "Public/FSMValue/FSMVaue+Dictionary.swift",
        "Public/FunctionSyntax/ExpandedSyntaxBuilder.swift",
        "Public/FunctionSyntax/SyntaxBuilder.swift",
        "Public/OperatorSyntax/AnyActionOperators.swift",
        "Public/OperatorSyntax/PipeOperators.swift"
      ],
      "type" : "library"
    }
  ],
  "tools_version" : "6.0"
}
{
  "workspace" : {
    "name" : "swift-fsm",
    "schemes" : [
      "swift-fsm"
    ]
  }
}
2026-09-21 16:55:07.773 xcodebuild[985:5644] [MT] IDERunDestination: Supported platforms for the buildables in the current scheme is empty.
2026-09-21 16:55:07.884 xcodebuild[985:5644] [MT] IDERunDestination: Supported platforms for the buildables in the current scheme is empty.
Running build ...
env DEVELOPER_DIR=/Applications/Xcode-27.0.0-Release.Candidate.app xcrun xcodebuild -IDEClonedSourcePackagesDirPathOverride=$PWD/.dependencies -skipMacroValidation -skipPackagePluginValidation -derivedDataPath $PWD/.derivedData build -scheme swift-fsm -destination generic/platform=watchOS
Command line invocation:
    /Applications/Xcode-27.0.0-Release.Candidate.app/Contents/Developer/usr/bin/xcodebuild -IDEClonedSourcePackagesDirPathOverride=/Users/admin/builder/spi-builder-workspace/.dependencies -skipMacroValidation -skipPackagePluginValidation -derivedDataPath /Users/admin/builder/spi-builder-workspace/.derivedData build -scheme swift-fsm -destination generic/platform=watchOS
Resolve Package Graph
Resolved source packages:
  swift-algorithms: https://github.com/apple/swift-algorithms @ 1.2.1
  swift-fsm: /Users/admin/builder/spi-builder-workspace
  swift-numerics: https://github.com/apple/swift-numerics.git @ 1.1.1
ComputePackagePrebuildTargetDependencyGraph
Prepare packages
CreateBuildRequest
SendProjectDescription
CreateBuildOperation
ComputeTargetDependencyGraph
note: Building targets in dependency order
note: Target dependency graph (8 targets)
    Target 'SwiftFSMTests-product' in project 'swift-fsm'
        ➜ Explicit dependency on target 'SwiftFSM' in project 'swift-fsm'
        ➜ Explicit dependency on target 'Algorithms-product' in project 'swift-algorithms'
    Target 'SwiftFSM-product' in project 'swift-fsm'
        ➜ Explicit dependency on target 'SwiftFSM' in project 'swift-fsm'
        ➜ Explicit dependency on target 'Algorithms-product' in project 'swift-algorithms'
    Target 'SwiftFSM' in project 'swift-fsm'
        ➜ Explicit dependency on target 'Algorithms-product' in project 'swift-algorithms'
    Target 'Algorithms-product' in project 'swift-algorithms'
        ➜ Explicit dependency on target 'Algorithms' in project 'swift-algorithms'
        ➜ Explicit dependency on target 'RealModule-product' in project 'swift-numerics'
    Target 'Algorithms' in project 'swift-algorithms'
        ➜ Explicit dependency on target 'RealModule-product' in project 'swift-numerics'
    Target 'RealModule-product' in project 'swift-numerics'
        ➜ Explicit dependency on target 'RealModule' in project 'swift-numerics'
        ➜ Explicit dependency on target '_NumericsShims' in project 'swift-numerics'
    Target 'RealModule' in project 'swift-numerics'
        ➜ Explicit dependency on target '_NumericsShims' in project 'swift-numerics'
    Target '_NumericsShims' in project 'swift-numerics' (no dependencies)
GatherProvisioningInputs
CreateBuildDescription
ClangStatCache /Applications/Xcode-27.0.0-Release.Candidate.app/Contents/Developer/Toolchains/XcodeDefault.xctoolchain/usr/bin/clang-stat-cache /Applications/Xcode-27.0.0-Release.Candidate.app/Contents/Developer/Platforms/WatchOS.platform/Developer/SDKs/WatchOS27.0.sdk /Users/admin/builder/spi-builder-workspace/.derivedData/SDKStatCaches.noindex/watchos27.0-24R360-e829b21a6f8c9b70876ba0858053c04477534ef55a1706bf4c1112bbb242f0a2.sdkstatcache
    cd /Users/admin/builder/spi-builder-workspace/.swiftpm/xcode
    /Applications/Xcode-27.0.0-Release.Candidate.app/Contents/Developer/Toolchains/XcodeDefault.xctoolchain/usr/bin/clang-stat-cache /Applications/Xcode-27.0.0-Release.Candidate.app/Contents/Developer/Platforms/WatchOS.platform/Developer/SDKs/WatchOS27.0.sdk -o /Users/admin/builder/spi-builder-workspace/.derivedData/SDKStatCaches.noindex/watchos27.0-24R360-e829b21a6f8c9b70876ba0858053c04477534ef55a1706bf4c1112bbb242f0a2.sdkstatcache
SwiftDriver SwiftFSMTests normal arm64 com.apple.xcode.tools.swift.compiler (in target 'SwiftFSMTests-product' from project 'swift-fsm')
    cd /Users/admin/builder/spi-builder-workspace/.swiftpm/xcode
    builtin-SwiftDriver -- /Applications/Xcode-27.0.0-Release.Candidate.app/Contents/Developer/Toolchains/XcodeDefault.xctoolchain/usr/bin/swiftc -parse-as-library -module-name SwiftFSMTests -Onone @/Users/admin/builder/spi-builder-workspace/.derivedData/Build/Intermediates.noindex/swift-fsm.build/Debug-watchos/SwiftFSMTests-p.build/Objects-normal/arm64/SwiftFSMTests.SwiftFileList -DSWIFT_PACKAGE -DDEBUG -Xcc -fmodule-map-file\=/Users/admin/builder/spi-builder-workspace/.dependencies/checkouts/swift-numerics/Sources/_NumericsShims/include/module.modulemap -DXcode -plugin-path /Applications/Xcode-27.0.0-Release.Candidate.app/Contents/Developer/Toolchains/XcodeDefault.xctoolchain/usr/lib/swift/host/plugins/testing -enable-experimental-feature DebugDescriptionMacro -sdk /Applications/Xcode-27.0.0-Release.Candidate.app/Contents/Developer/Platforms/WatchOS.platform/Developer/SDKs/WatchOS27.0.sdk -target arm64-apple-watchos11.0 -g -module-cache-path /Users/admin/builder/spi-builder-workspace/.derivedData/ModuleCache.noindex -Xfrontend -serialize-debugging-options -profile-coverage-mapping -profile-generate -enable-testing -index-store-path /Users/admin/builder/spi-builder-workspace/.derivedData/Index.noindex/DataStore -Xcc -D_LIBCPP_HARDENING_MODE\=_LIBCPP_HARDENING_MODE_DEBUG -swift-version 6 -I /Users/admin/builder/spi-builder-workspace/.derivedData/Build/Products/Debug-watchos -Isystem /Applications/Xcode-27.0.0-Release.Candidate.app/Contents/Developer/Platforms/WatchOS.platform/Developer/usr/lib -F /Users/admin/builder/spi-builder-workspace/.derivedData/Build/Products/Debug-watchos/PackageFrameworks -F /Users/admin/builder/spi-builder-workspace/.derivedData/Build/Products/Debug-watchos -F /Applications/Xcode-27.0.0-Release.Candidate.app/Contents/Developer/Platforms/WatchOS.platform/Developer/Library/Frameworks -F /Applications/Xcode-27.0.0-Release.Candidate.app/Contents/Developer/Platforms/WatchOS.platform/Developer/SDKs/WatchOS27.0.sdk/Developer/Library/Frameworks -c -j10 -enable-batch-mode -incremental -Xcc -ivfsstatcache -Xcc /Users/admin/builder/spi-builder-workspace/.derivedData/SDKStatCaches.noindex/watchos27.0-24R360-e829b21a6f8c9b70876ba0858053c04477534ef55a1706bf4c1112bbb242f0a2.sdkstatcache -output-file-map /Users/admin/builder/spi-builder-workspace/.derivedData/Build/Intermediates.noindex/swift-fsm.build/Debug-watchos/SwiftFSMTests-p.build/Objects-normal/arm64/SwiftFSMTests-OutputFileMap.json -save-temps -no-color-diagnostics -explicit-module-build -module-cache-path /Users/admin/builder/spi-builder-workspace/.derivedData/Build/Intermediates.noindex/SwiftExplicitPrecompiledModules -clang-scanner-module-cache-path /Users/admin/builder/spi-builder-workspace/.derivedData/ModuleCache.noindex -sdk-module-cache-path /Users/admin/builder/spi-builder-workspace/.derivedData/SDKExplicitPrecompiledModules -emit-dependencies -emit-module -emit-module-path /Users/admin/builder/spi-builder-workspace/.derivedData/Build/Intermediates.noindex/swift-fsm.build/Debug-watchos/SwiftFSMTests-p.build/Objects-normal/arm64/SwiftFSMTests.swiftmodule -serialize-diagnostics -dependency-scan-serialize-diagnostics-path /Users/admin/builder/spi-builder-workspace/.derivedData/Build/Intermediates.noindex/swift-fsm.build/Debug-watchos/SwiftFSMTests-p.build/Objects-normal/arm64/SwiftFSMTests-dependency-scan.dia -validate-clang-modules-once -clang-build-session-file /Users/admin/builder/spi-builder-workspace/.derivedData/ModuleCache.noindex/Session.modulevalidation -Xcc -fmodules-prune-interval\=86400 -Xcc -fmodules-prune-after\=345600 -package-name spi_builder_workspace -emit-const-values -const-gather-protocols-list /Users/admin/builder/spi-builder-workspace/.derivedData/Build/Intermediates.noindex/swift-fsm.build/Debug-watchos/SwiftFSMTests-p.build/Objects-normal/arm64/SwiftFSMTests_const_extract_protocols.json -Xcc -I/Users/admin/builder/spi-builder-workspace/.dependencies/checkouts/swift-numerics/Sources/_NumericsShims/include -Xcc -I/Users/admin/builder/spi-builder-workspace/.derivedData/Build/Products/Debug-watchos/include -Xcc -I/Users/admin/builder/spi-builder-workspace/.derivedData/Build/Intermediates.noindex/swift-fsm.build/Debug-watchos/SwiftFSMTests-p.build/DerivedSources-normal/arm64 -Xcc -I/Users/admin/builder/spi-builder-workspace/.derivedData/Build/Intermediates.noindex/swift-fsm.build/Debug-watchos/SwiftFSMTests-p.build/DerivedSources/arm64 -Xcc -I/Users/admin/builder/spi-builder-workspace/.derivedData/Build/Intermediates.noindex/swift-fsm.build/Debug-watchos/SwiftFSMTests-p.build/DerivedSources -Xcc -DSWIFT_PACKAGE -Xcc -DDEBUG\=1 -working-directory /Users/admin/builder/spi-builder-workspace/.swiftpm/xcode -experimental-emit-module-separately -disable-cmo
SwiftDriver SwiftFSMTests normal arm64_32 com.apple.xcode.tools.swift.compiler (in target 'SwiftFSMTests-product' from project 'swift-fsm')
    cd /Users/admin/builder/spi-builder-workspace/.swiftpm/xcode
    builtin-SwiftDriver -- /Applications/Xcode-27.0.0-Release.Candidate.app/Contents/Developer/Toolchains/XcodeDefault.xctoolchain/usr/bin/swiftc -parse-as-library -module-name SwiftFSMTests -Onone @/Users/admin/builder/spi-builder-workspace/.derivedData/Build/Intermediates.noindex/swift-fsm.build/Debug-watchos/SwiftFSMTests-p.build/Objects-normal/arm64_32/SwiftFSMTests.SwiftFileList -DSWIFT_PACKAGE -DDEBUG -Xcc -fmodule-map-file\=/Users/admin/builder/spi-builder-workspace/.dependencies/checkouts/swift-numerics/Sources/_NumericsShims/include/module.modulemap -DXcode -plugin-path /Applications/Xcode-27.0.0-Release.Candidate.app/Contents/Developer/Toolchains/XcodeDefault.xctoolchain/usr/lib/swift/host/plugins/testing -enable-experimental-feature DebugDescriptionMacro -sdk /Applications/Xcode-27.0.0-Release.Candidate.app/Contents/Developer/Platforms/WatchOS.platform/Developer/SDKs/WatchOS27.0.sdk -target arm64_32-apple-watchos11.0 -g -module-cache-path /Users/admin/builder/spi-builder-workspace/.derivedData/ModuleCache.noindex -Xfrontend -serialize-debugging-options -profile-coverage-mapping -profile-generate -enable-testing -index-store-path /Users/admin/builder/spi-builder-workspace/.derivedData/Index.noindex/DataStore -Xcc -D_LIBCPP_HARDENING_MODE\=_LIBCPP_HARDENING_MODE_DEBUG -swift-version 6 -I /Users/admin/builder/spi-builder-workspace/.derivedData/Build/Products/Debug-watchos -Isystem /Applications/Xcode-27.0.0-Release.Candidate.app/Contents/Developer/Platforms/WatchOS.platform/Developer/usr/lib -F /Users/admin/builder/spi-builder-workspace/.derivedData/Build/Products/Debug-watchos/PackageFrameworks -F /Users/admin/builder/spi-builder-workspace/.derivedData/Build/Products/Debug-watchos -F /Applications/Xcode-27.0.0-Release.Candidate.app/Contents/Developer/Platforms/WatchOS.platform/Developer/Library/Frameworks -F /Applications/Xcode-27.0.0-Release.Candidate.app/Contents/Developer/Platforms/WatchOS.platform/Developer/SDKs/WatchOS27.0.sdk/Developer/Library/Frameworks -c -j10 -enable-batch-mode -incremental -Xcc -ivfsstatcache -Xcc /Users/admin/builder/spi-builder-workspace/.derivedData/SDKStatCaches.noindex/watchos27.0-24R360-e829b21a6f8c9b70876ba0858053c04477534ef55a1706bf4c1112bbb242f0a2.sdkstatcache -output-file-map /Users/admin/builder/spi-builder-workspace/.derivedData/Build/Intermediates.noindex/swift-fsm.build/Debug-watchos/SwiftFSMTests-p.build/Objects-normal/arm64_32/SwiftFSMTests-OutputFileMap.json -save-temps -no-color-diagnostics -explicit-module-build -module-cache-path /Users/admin/builder/spi-builder-workspace/.derivedData/Build/Intermediates.noindex/SwiftExplicitPrecompiledModules -clang-scanner-module-cache-path /Users/admin/builder/spi-builder-workspace/.derivedData/ModuleCache.noindex -sdk-module-cache-path /Users/admin/builder/spi-builder-workspace/.derivedData/SDKExplicitPrecompiledModules -emit-dependencies -emit-module -emit-module-path /Users/admin/builder/spi-builder-workspace/.derivedData/Build/Intermediates.noindex/swift-fsm.build/Debug-watchos/SwiftFSMTests-p.build/Objects-normal/arm64_32/SwiftFSMTests.swiftmodule -serialize-diagnostics -dependency-scan-serialize-diagnostics-path /Users/admin/builder/spi-builder-workspace/.derivedData/Build/Intermediates.noindex/swift-fsm.build/Debug-watchos/SwiftFSMTests-p.build/Objects-normal/arm64_32/SwiftFSMTests-dependency-scan.dia -validate-clang-modules-once -clang-build-session-file /Users/admin/builder/spi-builder-workspace/.derivedData/ModuleCache.noindex/Session.modulevalidation -Xcc -fmodules-prune-interval\=86400 -Xcc -fmodules-prune-after\=345600 -package-name spi_builder_workspace -emit-const-values -const-gather-protocols-list /Users/admin/builder/spi-builder-workspace/.derivedData/Build/Intermediates.noindex/swift-fsm.build/Debug-watchos/SwiftFSMTests-p.build/Objects-normal/arm64_32/SwiftFSMTests_const_extract_protocols.json -Xcc -I/Users/admin/builder/spi-builder-workspace/.dependencies/checkouts/swift-numerics/Sources/_NumericsShims/include -Xcc -I/Users/admin/builder/spi-builder-workspace/.derivedData/Build/Products/Debug-watchos/include -Xcc -I/Users/admin/builder/spi-builder-workspace/.derivedData/Build/Intermediates.noindex/swift-fsm.build/Debug-watchos/SwiftFSMTests-p.build/DerivedSources-normal/arm64_32 -Xcc -I/Users/admin/builder/spi-builder-workspace/.derivedData/Build/Intermediates.noindex/swift-fsm.build/Debug-watchos/SwiftFSMTests-p.build/DerivedSources/arm64_32 -Xcc -I/Users/admin/builder/spi-builder-workspace/.derivedData/Build/Intermediates.noindex/swift-fsm.build/Debug-watchos/SwiftFSMTests-p.build/DerivedSources -Xcc -DSWIFT_PACKAGE -Xcc -DDEBUG\=1 -working-directory /Users/admin/builder/spi-builder-workspace/.swiftpm/xcode -experimental-emit-module-separately -disable-cmo
SwiftCompile normal arm64 Compiling\ AnyTraceableTests.swift,\ DefineNodeTests.swift,\ GivenNodeTests.swift,\ EagerMRNTests.swift /Users/admin/builder/spi-builder-workspace/Tests/SwiftFSMTests/Nodes/AnyTraceableTests.swift /Users/admin/builder/spi-builder-workspace/Tests/SwiftFSMTests/Nodes/DefineNodeTests.swift /Users/admin/builder/spi-builder-workspace/Tests/SwiftFSMTests/Nodes/GivenNodeTests.swift /Users/admin/builder/spi-builder-workspace/Tests/SwiftFSMTests/Nodes/MatchResolvingNode/EagerMRNTests.swift (in target 'SwiftFSMTests-product' from project 'swift-fsm')
SwiftCompile normal arm64 /Users/admin/builder/spi-builder-workspace/Tests/SwiftFSMTests/Nodes/AnyTraceableTests.swift (in target 'SwiftFSMTests-product' from project 'swift-fsm')
    cd /Users/admin/builder/spi-builder-workspace/.swiftpm/xcode
    builtin-SwiftPerFileCompile AnyTraceableTests.swift
SwiftCompile normal arm64 /Users/admin/builder/spi-builder-workspace/Tests/SwiftFSMTests/Nodes/DefineNodeTests.swift (in target 'SwiftFSMTests-product' from project 'swift-fsm')
    cd /Users/admin/builder/spi-builder-workspace/.swiftpm/xcode
    builtin-SwiftPerFileCompile DefineNodeTests.swift
SwiftCompile normal arm64 /Users/admin/builder/spi-builder-workspace/Tests/SwiftFSMTests/Nodes/GivenNodeTests.swift (in target 'SwiftFSMTests-product' from project 'swift-fsm')
    cd /Users/admin/builder/spi-builder-workspace/.swiftpm/xcode
    builtin-SwiftPerFileCompile GivenNodeTests.swift
SwiftCompile normal arm64 /Users/admin/builder/spi-builder-workspace/Tests/SwiftFSMTests/Nodes/MatchResolvingNode/EagerMRNTests.swift (in target 'SwiftFSMTests-product' from project 'swift-fsm')
    cd /Users/admin/builder/spi-builder-workspace/.swiftpm/xcode
    builtin-SwiftPerFileCompile EagerMRNTests.swift
SwiftCompile normal arm64 Compiling\ ErrorTests.swift,\ FSMTests.swift,\ FSMValueTests.swift,\ LoggingTests.swift,\ PublicFSMTests.swift /Users/admin/builder/spi-builder-workspace/Tests/SwiftFSMTests/ErrorTests.swift /Users/admin/builder/spi-builder-workspace/Tests/SwiftFSMTests/FSM/FSMTests.swift /Users/admin/builder/spi-builder-workspace/Tests/SwiftFSMTests/FSM/FSMValueTests.swift /Users/admin/builder/spi-builder-workspace/Tests/SwiftFSMTests/FSM/LoggingTests.swift /Users/admin/builder/spi-builder-workspace/Tests/SwiftFSMTests/FSM/PublicFSMTests.swift (in target 'SwiftFSMTests-product' from project 'swift-fsm')
SwiftCompile normal arm64 /Users/admin/builder/spi-builder-workspace/Tests/SwiftFSMTests/ErrorTests.swift (in target 'SwiftFSMTests-product' from project 'swift-fsm')
    cd /Users/admin/builder/spi-builder-workspace/.swiftpm/xcode
    builtin-SwiftPerFileCompile ErrorTests.swift
SwiftCompile normal arm64 /Users/admin/builder/spi-builder-workspace/Tests/SwiftFSMTests/FSM/FSMTests.swift (in target 'SwiftFSMTests-product' from project 'swift-fsm')
    cd /Users/admin/builder/spi-builder-workspace/.swiftpm/xcode
    builtin-SwiftPerFileCompile FSMTests.swift
SwiftCompile normal arm64 /Users/admin/builder/spi-builder-workspace/Tests/SwiftFSMTests/FSM/FSMValueTests.swift (in target 'SwiftFSMTests-product' from project 'swift-fsm')
    cd /Users/admin/builder/spi-builder-workspace/.swiftpm/xcode
    builtin-SwiftPerFileCompile FSMValueTests.swift
SwiftCompile normal arm64 /Users/admin/builder/spi-builder-workspace/Tests/SwiftFSMTests/FSM/LoggingTests.swift (in target 'SwiftFSMTests-product' from project 'swift-fsm')
    cd /Users/admin/builder/spi-builder-workspace/.swiftpm/xcode
    builtin-SwiftPerFileCompile LoggingTests.swift
SwiftCompile normal arm64 /Users/admin/builder/spi-builder-workspace/Tests/SwiftFSMTests/FSM/PublicFSMTests.swift (in target 'SwiftFSMTests-product' from project 'swift-fsm')
    cd /Users/admin/builder/spi-builder-workspace/.swiftpm/xcode
    builtin-SwiftPerFileCompile PublicFSMTests.swift
SwiftCompile normal arm64 Compiling\ WhenNodeTests.swift,\ PublicAPITests.swift,\ AnyActionSyntaxTests.swift,\ ActionsBlockTests.swift /Users/admin/builder/spi-builder-workspace/Tests/SwiftFSMTests/Nodes/WhenNodeTests.swift /Users/admin/builder/spi-builder-workspace/Tests/SwiftFSMTests/PublicAPITests.swift /Users/admin/builder/spi-builder-workspace/Tests/SwiftFSMTests/Syntax/AnyActionSyntaxTests.swift /Users/admin/builder/spi-builder-workspace/Tests/SwiftFSMTests/Syntax/CompoundBlockSyntax/ActionsBlockTests.swift (in target 'SwiftFSMTests-product' from project 'swift-fsm')
SwiftCompile normal arm64 /Users/admin/builder/spi-builder-workspace/Tests/SwiftFSMTests/Nodes/WhenNodeTests.swift (in target 'SwiftFSMTests-product' from project 'swift-fsm')
    cd /Users/admin/builder/spi-builder-workspace/.swiftpm/xcode
    builtin-SwiftPerFileCompile WhenNodeTests.swift
SwiftCompile normal arm64 /Users/admin/builder/spi-builder-workspace/Tests/SwiftFSMTests/PublicAPITests.swift (in target 'SwiftFSMTests-product' from project 'swift-fsm')
    cd /Users/admin/builder/spi-builder-workspace/.swiftpm/xcode
    builtin-SwiftPerFileCompile PublicAPITests.swift
SwiftCompile normal arm64 /Users/admin/builder/spi-builder-workspace/Tests/SwiftFSMTests/Syntax/AnyActionSyntaxTests.swift (in target 'SwiftFSMTests-product' from project 'swift-fsm')
    cd /Users/admin/builder/spi-builder-workspace/.swiftpm/xcode
    builtin-SwiftPerFileCompile AnyActionSyntaxTests.swift
SwiftCompile normal arm64 /Users/admin/builder/spi-builder-workspace/Tests/SwiftFSMTests/Syntax/CompoundBlockSyntax/ActionsBlockTests.swift (in target 'SwiftFSMTests-product' from project 'swift-fsm')
    cd /Users/admin/builder/spi-builder-workspace/.swiftpm/xcode
    builtin-SwiftPerFileCompile ActionsBlockTests.swift
SwiftCompile normal arm64 Compiling\ PredicateTests.swift,\ ActionsNodeTests.swift,\ ActionsResolvingNodeTests.swift,\ AnyActionTests.swift /Users/admin/builder/spi-builder-workspace/Tests/SwiftFSMTests/Matching/PredicateTests.swift /Users/admin/builder/spi-builder-workspace/Tests/SwiftFSMTests/Nodes/ActionsNodeTests.swift /Users/admin/builder/spi-builder-workspace/Tests/SwiftFSMTests/Nodes/ActionsResolvingNodeTests.swift /Users/admin/builder/spi-builder-workspace/Tests/SwiftFSMTests/Nodes/AnyActionTests.swift (in target 'SwiftFSMTests-product' from project 'swift-fsm')
SwiftCompile normal arm64 /Users/admin/builder/spi-builder-workspace/Tests/SwiftFSMTests/Matching/PredicateTests.swift (in target 'SwiftFSMTests-product' from project 'swift-fsm')
    cd /Users/admin/builder/spi-builder-workspace/.swiftpm/xcode
    builtin-SwiftPerFileCompile PredicateTests.swift
SwiftCompile normal arm64 /Users/admin/builder/spi-builder-workspace/Tests/SwiftFSMTests/Nodes/ActionsNodeTests.swift (in target 'SwiftFSMTests-product' from project 'swift-fsm')
    cd /Users/admin/builder/spi-builder-workspace/.swiftpm/xcode
    builtin-SwiftPerFileCompile ActionsNodeTests.swift
SwiftCompile normal arm64 /Users/admin/builder/spi-builder-workspace/Tests/SwiftFSMTests/Nodes/ActionsResolvingNodeTests.swift (in target 'SwiftFSMTests-product' from project 'swift-fsm')
    cd /Users/admin/builder/spi-builder-workspace/.swiftpm/xcode
    builtin-SwiftPerFileCompile ActionsResolvingNodeTests.swift
SwiftCompile normal arm64 /Users/admin/builder/spi-builder-workspace/Tests/SwiftFSMTests/Nodes/AnyActionTests.swift (in target 'SwiftFSMTests-product' from project 'swift-fsm')
    cd /Users/admin/builder/spi-builder-workspace/.swiftpm/xcode
    builtin-SwiftPerFileCompile AnyActionTests.swift
SwiftCompile normal arm64 Compiling\ SemanticValidationNodeTests.swift,\ StringableNodeTests.swift,\ SyntaxNodeTests.swift,\ ThenNodeTests.swift /Users/admin/builder/spi-builder-workspace/Tests/SwiftFSMTests/Nodes/SemanticValidationNodeTests.swift /Users/admin/builder/spi-builder-workspace/Tests/SwiftFSMTests/Nodes/StringableNodeTests.swift /Users/admin/builder/spi-builder-workspace/Tests/SwiftFSMTests/Nodes/SyntaxNodeTests.swift /Users/admin/builder/spi-builder-workspace/Tests/SwiftFSMTests/Nodes/ThenNodeTests.swift (in target 'SwiftFSMTests-product' from project 'swift-fsm')
SwiftCompile normal arm64 /Users/admin/builder/spi-builder-workspace/Tests/SwiftFSMTests/Nodes/SemanticValidationNodeTests.swift (in target 'SwiftFSMTests-product' from project 'swift-fsm')
    cd /Users/admin/builder/spi-builder-workspace/.swiftpm/xcode
    builtin-SwiftPerFileCompile SemanticValidationNodeTests.swift
SwiftCompile normal arm64 /Users/admin/builder/spi-builder-workspace/Tests/SwiftFSMTests/Nodes/StringableNodeTests.swift (in target 'SwiftFSMTests-product' from project 'swift-fsm')
    cd /Users/admin/builder/spi-builder-workspace/.swiftpm/xcode
    builtin-SwiftPerFileCompile StringableNodeTests.swift
SwiftCompile normal arm64 /Users/admin/builder/spi-builder-workspace/Tests/SwiftFSMTests/Nodes/SyntaxNodeTests.swift (in target 'SwiftFSMTests-product' from project 'swift-fsm')
    cd /Users/admin/builder/spi-builder-workspace/.swiftpm/xcode
    builtin-SwiftPerFileCompile SyntaxNodeTests.swift
SwiftCompile normal arm64 /Users/admin/builder/spi-builder-workspace/Tests/SwiftFSMTests/Nodes/ThenNodeTests.swift (in target 'SwiftFSMTests-product' from project 'swift-fsm')
    cd /Users/admin/builder/spi-builder-workspace/.swiftpm/xcode
    builtin-SwiftPerFileCompile ThenNodeTests.swift
SwiftCompile normal arm64 Compiling\ LazyMRNTests.swift,\ MRNTestBase.swift,\ MatchingNodeTests.swift,\ NodeTests.swift /Users/admin/builder/spi-builder-workspace/Tests/SwiftFSMTests/Nodes/MatchResolvingNode/LazyMRNTests.swift /Users/admin/builder/spi-builder-workspace/Tests/SwiftFSMTests/Nodes/MatchResolvingNode/MRNTestBase.swift /Users/admin/builder/spi-builder-workspace/Tests/SwiftFSMTests/Nodes/MatchingNodeTests.swift /Users/admin/builder/spi-builder-workspace/Tests/SwiftFSMTests/Nodes/NodeTests.swift (in target 'SwiftFSMTests-product' from project 'swift-fsm')
SwiftCompile normal arm64 /Users/admin/builder/spi-builder-workspace/Tests/SwiftFSMTests/Nodes/MatchResolvingNode/LazyMRNTests.swift (in target 'SwiftFSMTests-product' from project 'swift-fsm')
    cd /Users/admin/builder/spi-builder-workspace/.swiftpm/xcode
    builtin-SwiftPerFileCompile LazyMRNTests.swift
SwiftCompile normal arm64 /Users/admin/builder/spi-builder-workspace/Tests/SwiftFSMTests/Nodes/MatchResolvingNode/MRNTestBase.swift (in target 'SwiftFSMTests-product' from project 'swift-fsm')
    cd /Users/admin/builder/spi-builder-workspace/.swiftpm/xcode
    builtin-SwiftPerFileCompile MRNTestBase.swift
SwiftCompile normal arm64 /Users/admin/builder/spi-builder-workspace/Tests/SwiftFSMTests/Nodes/MatchingNodeTests.swift (in target 'SwiftFSMTests-product' from project 'swift-fsm')
    cd /Users/admin/builder/spi-builder-workspace/.swiftpm/xcode
    builtin-SwiftPerFileCompile MatchingNodeTests.swift
SwiftCompile normal arm64 /Users/admin/builder/spi-builder-workspace/Tests/SwiftFSMTests/Nodes/NodeTests.swift (in target 'SwiftFSMTests-product' from project 'swift-fsm')
    cd /Users/admin/builder/spi-builder-workspace/.swiftpm/xcode
    builtin-SwiftPerFileCompile NodeTests.swift
SwiftCompile normal arm64 Compiling\ IntegrationTests.swift,\ ManualTests.swift,\ CombinationsTests.swift,\ MatchDescriptorChainTests.swift /Users/admin/builder/spi-builder-workspace/Tests/SwiftFSMTests/IntegrationTests.swift /Users/admin/builder/spi-builder-workspace/Tests/SwiftFSMTests/ManualTests.swift /Users/admin/builder/spi-builder-workspace/Tests/SwiftFSMTests/Matching/CombinationsTests.swift /Users/admin/builder/spi-builder-workspace/Tests/SwiftFSMTests/Matching/MatchDescriptorChainTests.swift (in target 'SwiftFSMTests-product' from project 'swift-fsm')
SwiftCompile normal arm64 /Users/admin/builder/spi-builder-workspace/Tests/SwiftFSMTests/IntegrationTests.swift (in target 'SwiftFSMTests-product' from project 'swift-fsm')
    cd /Users/admin/builder/spi-builder-workspace/.swiftpm/xcode
    builtin-SwiftPerFileCompile IntegrationTests.swift
SwiftCompile normal arm64 /Users/admin/builder/spi-builder-workspace/Tests/SwiftFSMTests/ManualTests.swift (in target 'SwiftFSMTests-product' from project 'swift-fsm')
    cd /Users/admin/builder/spi-builder-workspace/.swiftpm/xcode
    builtin-SwiftPerFileCompile ManualTests.swift
SwiftCompile normal arm64 /Users/admin/builder/spi-builder-workspace/Tests/SwiftFSMTests/Matching/CombinationsTests.swift (in target 'SwiftFSMTests-product' from project 'swift-fsm')
    cd /Users/admin/builder/spi-builder-workspace/.swiftpm/xcode
    builtin-SwiftPerFileCompile CombinationsTests.swift
SwiftCompile normal arm64 /Users/admin/builder/spi-builder-workspace/Tests/SwiftFSMTests/Matching/MatchDescriptorChainTests.swift (in target 'SwiftFSMTests-product' from project 'swift-fsm')
    cd /Users/admin/builder/spi-builder-workspace/.swiftpm/xcode
    builtin-SwiftPerFileCompile MatchDescriptorChainTests.swift
SwiftCompile normal arm64 Compiling\ BlockTestsBase.swift,\ BuilderTests.swift,\ ConditionBlockTests.swift,\ DefineTests.swift /Users/admin/builder/spi-builder-workspace/Tests/SwiftFSMTests/Syntax/CompoundBlockSyntax/BlockTestsBase.swift /Users/admin/builder/spi-builder-workspace/Tests/SwiftFSMTests/Syntax/CompoundBlockSyntax/BuilderTests.swift /Users/admin/builder/spi-builder-workspace/Tests/SwiftFSMTests/Syntax/CompoundBlockSyntax/ConditionBlockTests.swift /Users/admin/builder/spi-builder-workspace/Tests/SwiftFSMTests/Syntax/CompoundBlockSyntax/DefineTests.swift (in target 'SwiftFSMTests-product' from project 'swift-fsm')
/Users/admin/builder/spi-builder-workspace/Tests/SwiftFSMTests/Syntax/CompoundBlockSyntax/BlockTestsBase.swift:52:21: error: ambiguous use of operator '=='
 50 |         xctLine xl: UInt = #line
 51 |     ) async {
 52 |         let sf = sf == nil ? #file : sf!
    |                     `- error: ambiguous use of operator '=='
 53 |
 54 |         for i in stride(from: 0, to: result.count, by: 2) {
Swift.Equatable.==:2:13: note: found this candidate in module 'Swift'
1 | protocol Equatable {
2 | static func == (lhs: borrowing Self, rhs: borrowing Self) -> Bool}
  |             `- note: found this candidate in module 'Swift'
3 |
Swift.Optional.==:2:20: note: found this candidate in module 'Swift'
1 | generic enum Optional {
2 | public static func == (lhs: Wrapped?, rhs: Wrapped?) -> Bool}
  |                    `- note: found this candidate in module 'Swift'
3 |
SwiftFSM.FSMValue.==:2:20: note: found this candidate in module 'SwiftFSM'
1 | generic enum FSMValue {
2 | public static func == (lhs: T, rhs: SwiftFSM.FSMValue<T>) -> Bool}
  |                    `- note: found this candidate in module 'SwiftFSM'
3 |
/Users/admin/builder/spi-builder-workspace/Tests/SwiftFSMTests/Syntax/CompoundBlockSyntax/BlockTestsBase.swift:87:21: error: ambiguous use of operator '=='
 85 |         xctLine xl: UInt = #line
 86 |     ) async {
 87 |         let sf = sf == nil ? #file : sf!
    |                     `- error: ambiguous use of operator '=='
 88 |
 89 |         for i in stride(from: 0, to: result.count, by: 2) {
Swift.Equatable.==:2:13: note: found this candidate in module 'Swift'
1 | protocol Equatable {
2 | static func == (lhs: borrowing Self, rhs: borrowing Self) -> Bool}
  |             `- note: found this candidate in module 'Swift'
3 |
Swift.Optional.==:2:20: note: found this candidate in module 'Swift'
1 | generic enum Optional {
2 | public static func == (lhs: Wrapped?, rhs: Wrapped?) -> Bool}
  |                    `- note: found this candidate in module 'Swift'
3 |
SwiftFSM.FSMValue.==:2:20: note: found this candidate in module 'SwiftFSM'
1 | generic enum FSMValue {
2 | public static func == (lhs: T, rhs: SwiftFSM.FSMValue<T>) -> Bool}
  |                    `- note: found this candidate in module 'SwiftFSM'
3 |
/Users/admin/builder/spi-builder-workspace/Tests/SwiftFSMTests/Syntax/CompoundBlockSyntax/BlockTestsBase.swift:120:21: error: ambiguous use of operator '=='
118 |         xctLine xl: UInt = #line
119 |     ) async {
120 |         let sf = sf == nil ? #file : sf!
    |                     `- error: ambiguous use of operator '=='
121 |
122 |         for i in stride(from: 0, to: result.count, by: 2) {
Swift.Equatable.==:2:13: note: found this candidate in module 'Swift'
1 | protocol Equatable {
2 | static func == (lhs: borrowing Self, rhs: borrowing Self) -> Bool}
  |             `- note: found this candidate in module 'Swift'
3 |
Swift.Optional.==:2:20: note: found this candidate in module 'Swift'
1 | generic enum Optional {
2 | public static func == (lhs: Wrapped?, rhs: Wrapped?) -> Bool}
  |                    `- note: found this candidate in module 'Swift'
3 |
SwiftFSM.FSMValue.==:2:20: note: found this candidate in module 'SwiftFSM'
1 | generic enum FSMValue {
2 | public static func == (lhs: T, rhs: SwiftFSM.FSMValue<T>) -> Bool}
  |                    `- note: found this candidate in module 'SwiftFSM'
3 |
Failed frontend command:
/Applications/Xcode-27.0.0-Release.Candidate.app/Contents/Developer/Toolchains/XcodeDefault.xctoolchain/usr/bin/swift-frontend -frontend -c /Users/admin/builder/spi-builder-workspace/Tests/SwiftFSMTests/ErrorTests.swift /Users/admin/builder/spi-builder-workspace/Tests/SwiftFSMTests/FSM/FSMTests.swift /Users/admin/builder/spi-builder-workspace/Tests/SwiftFSMTests/FSM/FSMValueTests.swift /Users/admin/builder/spi-builder-workspace/Tests/SwiftFSMTests/FSM/LoggingTests.swift /Users/admin/builder/spi-builder-workspace/Tests/SwiftFSMTests/FSM/PublicFSMTests.swift /Users/admin/builder/spi-builder-workspace/Tests/SwiftFSMTests/IntegrationTests.swift /Users/admin/builder/spi-builder-workspace/Tests/SwiftFSMTests/ManualTests.swift /Users/admin/builder/spi-builder-workspace/Tests/SwiftFSMTests/Matching/CombinationsTests.swift /Users/admin/builder/spi-builder-workspace/Tests/SwiftFSMTests/Matching/MatchDescriptorChainTests.swift /Users/admin/builder/spi-builder-workspace/Tests/SwiftFSMTests/Matching/PredicateTests.swift /Users/admin/builder/spi-builder-workspace/Tests/SwiftFSMTests/Nodes/ActionsNodeTests.swift /Users/admin/builder/spi-builder-workspace/Tests/SwiftFSMTests/Nodes/ActionsResolvingNodeTests.swift /Users/admin/builder/spi-builder-workspace/Tests/SwiftFSMTests/Nodes/AnyActionTests.swift /Users/admin/builder/spi-builder-workspace/Tests/SwiftFSMTests/Nodes/AnyTraceableTests.swift /Users/admin/builder/spi-builder-workspace/Tests/SwiftFSMTests/Nodes/DefineNodeTests.swift /Users/admin/builder/spi-builder-workspace/Tests/SwiftFSMTests/Nodes/GivenNodeTests.swift /Users/admin/builder/spi-builder-workspace/Tests/SwiftFSMTests/Nodes/MatchResolvingNode/EagerMRNTests.swift /Users/admin/builder/spi-builder-workspace/Tests/SwiftFSMTests/Nodes/MatchResolvingNode/LazyMRNTests.swift /Users/admin/builder/spi-builder-workspace/Tests/SwiftFSMTests/Nodes/MatchResolvingNode/MRNTestBase.swift /Users/admin/builder/spi-builder-workspace/Tests/SwiftFSMTests/Nodes/MatchingNodeTests.swift /Users/admin/builder/spi-builder-workspace/Tests/SwiftFSMTests/Nodes/NodeTests.swift /Users/admin/builder/spi-builder-workspace/Tests/SwiftFSMTests/Nodes/SemanticValidationNodeTests.swift /Users/admin/builder/spi-builder-workspace/Tests/SwiftFSMTests/Nodes/StringableNodeTests.swift /Users/admin/builder/spi-builder-workspace/Tests/SwiftFSMTests/Nodes/SyntaxNodeTests.swift /Users/admin/builder/spi-builder-workspace/Tests/SwiftFSMTests/Nodes/ThenNodeTests.swift /Users/admin/builder/spi-builder-workspace/Tests/SwiftFSMTests/Nodes/WhenNodeTests.swift /Users/admin/builder/spi-builder-workspace/Tests/SwiftFSMTests/PublicAPITests.swift /Users/admin/builder/spi-builder-workspace/Tests/SwiftFSMTests/Syntax/AnyActionSyntaxTests.swift /Users/admin/builder/spi-builder-workspace/Tests/SwiftFSMTests/Syntax/CompoundBlockSyntax/ActionsBlockTests.swift -primary-file /Users/admin/builder/spi-builder-workspace/Tests/SwiftFSMTests/Syntax/CompoundBlockSyntax/BlockTestsBase.swift -primary-file /Users/admin/builder/spi-builder-workspace/Tests/SwiftFSMTests/Syntax/CompoundBlockSyntax/BuilderTests.swift -primary-file /Users/admin/builder/spi-builder-workspace/Tests/SwiftFSMTests/Syntax/CompoundBlockSyntax/ConditionBlockTests.swift -primary-file /Users/admin/builder/spi-builder-workspace/Tests/SwiftFSMTests/Syntax/CompoundBlockSyntax/DefineTests.swift /Users/admin/builder/spi-builder-workspace/Tests/SwiftFSMTests/Syntax/CompoundBlockSyntax/MatchingBlockTests.swift /Users/admin/builder/spi-builder-workspace/Tests/SwiftFSMTests/Syntax/CompoundBlockSyntax/OverrideBlockTests.swift /Users/admin/builder/spi-builder-workspace/Tests/SwiftFSMTests/Syntax/CompoundBlockSyntax/SuperStateTests.swift /Users/admin/builder/spi-builder-workspace/Tests/SwiftFSMTests/Syntax/CompoundBlockSyntax/ThenBlockTests.swift /Users/admin/builder/spi-builder-workspace/Tests/SwiftFSMTests/Syntax/CompoundBlockSyntax/WhenBlockTests.swift /Users/admin/builder/spi-builder-workspace/Tests/SwiftFSMTests/Syntax/CompoundSyntaxTests.swift /Users/admin/builder/spi-builder-workspace/Tests/SwiftFSMTests/Syntax/ResultBuilderTests.swift /Users/admin/builder/spi-builder-workspace/Tests/SwiftFSMTests/Syntax/SyntaxTestsBase.swift -supplementary-output-file-map /Users/admin/builder/spi-builder-workspace/.derivedData/Build/Intermediates.noindex/swift-fsm.build/Debug-watchos/SwiftFSMTests-p.build/Objects-normal/arm64/supplementaryOutputs-14 -target arm64-apple-watchos11.0 -disable-cross-import-overlay-search -load-resolved-plugin /Applications/Xcode-27.0.0-Release.Candidate.app/Contents/Developer/Platforms/WatchOS.platform/Developer/usr/lib/swift/host/plugins/libFoundationMacros.dylib\#/Applications/Xcode-27.0.0-Release.Candidate.app/Contents/Developer/Platforms/WatchOS.platform/Developer/usr/bin/swift-plugin-server\#FoundationMacros -load-resolved-plugin /Applications/Xcode-27.0.0-Release.Candidate.app/Contents/Developer/Platforms/WatchOS.platform/Developer/usr/lib/swift/host/plugins/libObservationMacros.dylib\#/Applications/Xcode-27.0.0-Release.Candidate.app/Contents/Developer/Platforms/WatchOS.platform/Developer/usr/bin/swift-plugin-server\#ObservationMacros -load-resolved-plugin /Applications/Xcode-27.0.0-Release.Candidate.app/Contents/Developer/Platforms/WatchOS.platform/Developer/usr/lib/swift/host/plugins/libSwiftMacros.dylib\#/Applications/Xcode-27.0.0-Release.Candidate.app/Contents/Developer/Platforms/WatchOS.platform/Developer/usr/bin/swift-plugin-server\#SwiftMacros -load-resolved-plugin /Applications/Xcode-27.0.0-Release.Candidate.app/Contents/Developer/Platforms/WatchOS.platform/Developer/usr/lib/swift/host/plugins/libSwiftUIMacros.dylib\#/Applications/Xcode-27.0.0-Release.Candidate.app/Contents/Developer/Platforms/WatchOS.platform/Developer/usr/bin/swift-plugin-server\#SwiftUIMacros -disable-implicit-swift-modules -Xcc -fno-implicit-modules -Xcc -fno-implicit-module-maps -explicit-swift-module-map-file /Users/admin/builder/spi-builder-workspace/.derivedData/Build/Intermediates.noindex/swift-fsm.build/Debug-watchos/SwiftFSMTests-p.build/Objects-normal/arm64/SwiftFSMTests-dependencies-2.json -Xllvm -aarch64-use-tbi -enable-objc-interop -stack-check -sdk /Applications/Xcode-27.0.0-Release.Candidate.app/Contents/Developer/Platforms/WatchOS.platform/Developer/SDKs/WatchOS27.0.sdk -I /Users/admin/builder/spi-builder-workspace/.derivedData/Build/Products/Debug-watchos -Isystem /Applications/Xcode-27.0.0-Release.Candidate.app/Contents/Developer/Platforms/WatchOS.platform/Developer/usr/lib -F /Users/admin/builder/spi-builder-workspace/.derivedData/Build/Products/Debug-watchos/PackageFrameworks -F /Users/admin/builder/spi-builder-workspace/.derivedData/Build/Products/Debug-watchos -F /Applications/Xcode-27.0.0-Release.Candidate.app/Contents/Developer/Platforms/WatchOS.platform/Developer/Library/Frameworks -F /Applications/Xcode-27.0.0-Release.Candidate.app/Contents/Developer/Platforms/WatchOS.platform/Developer/SDKs/WatchOS27.0.sdk/Developer/Library/Frameworks -module-cache-path /Users/admin/builder/spi-builder-workspace/.derivedData/Build/Intermediates.noindex/SwiftExplicitPrecompiledModules -no-color-diagnostics -Xcc -fno-color-diagnostics -enable-testing -g -debug-info-format\=dwarf -dwarf-version\=5 -profile-generate -profile-coverage-mapping -swift-version 6 -Onone -D SWIFT_PACKAGE -D DEBUG -D Xcode -serialize-debugging-options -enable-experimental-feature DebugDescriptionMacro -empty-abi-descriptor -validate-clang-modules-once -clang-build-session-file /Users/admin/builder/spi-builder-workspace/.derivedData/ModuleCache.noindex/Session.modulevalidation -Xcc -working-directory -Xcc /Users/admin/builder/spi-builder-workspace/.swiftpm/xcode -enable-anonymous-context-mangled-names -file-compilation-dir /Users/admin/builder/spi-builder-workspace/.swiftpm/xcode -Xcc -fmodule-map-file\=/Users/admin/builder/spi-builder-workspace/.dependencies/checkouts/swift-numerics/Sources/_NumericsShims/include/module.modulemap -Xcc -D_LIBCPP_HARDENING_MODE\=_LIBCPP_HARDENING_MODE_DEBUG -Xcc -ivfsstatcache -Xcc /Users/admin/builder/spi-builder-workspace/.derivedData/SDKStatCaches.noindex/watchos27.0-24R360-e829b21a6f8c9b70876ba0858053c04477534ef55a1706bf4c1112bbb242f0a2.sdkstatcache -Xcc -fmodules-prune-interval\=86400 -Xcc -fmodules-prune-after\=345600 -Xcc -I/Users/admin/builder/spi-builder-workspace/.dependencies/checkouts/swift-numerics/Sources/_NumericsShims/include -Xcc -I/Users/admin/builder/spi-builder-workspace/.derivedData/Build/Products/Debug-watchos/include -Xcc -I/Users/admin/builder/spi-builder-workspace/.derivedData/Build/Intermediates.noindex/swift-fsm.build/Debug-watchos/SwiftFSMTests-p.build/DerivedSources-normal/arm64 -Xcc -I/Users/admin/builder/spi-builder-workspace/.derivedData/Build/Intermediates.noindex/swift-fsm.build/Debug-watchos/SwiftFSMTests-p.build/DerivedSources/arm64 -Xcc -I/Users/admin/builder/spi-builder-workspace/.derivedData/Build/Intermediates.noindex/swift-fsm.build/Debug-watchos/SwiftFSMTests-p.build/DerivedSources -Xcc -DSWIFT_PACKAGE -Xcc -DDEBUG\=1 -no-auto-bridging-header-chaining -module-name SwiftFSMTests -package-name spi_builder_workspace -const-gather-protocols-file /Users/admin/builder/spi-builder-workspace/.derivedData/Build/Intermediates.noindex/swift-fsm.build/Debug-watchos/SwiftFSMTests-p.build/Objects-normal/arm64/SwiftFSMTests_const_extract_protocols.json -disable-clang-spi -clang-target arm64-apple-watchos27.0 -target-sdk-version 27.0 -target-sdk-name watchos27.0 -in-process-plugin-server-path /Applications/Xcode-27.0.0-Release.Candidate.app/Contents/Developer/Toolchains/XcodeDefault.xctoolchain/usr/lib/swift/host/libSwiftInProcPluginServer.dylib -parse-as-library -o /Users/admin/builder/spi-builder-workspace/.derivedData/Build/Intermediates.noindex/swift-fsm.build/Debug-watchos/SwiftFSMTests-p.build/Objects-normal/arm64/BlockTestsBase.o -o /Users/admin/builder/spi-builder-workspace/.derivedData/Build/Intermediates.noindex/swift-fsm.build/Debug-watchos/SwiftFSMTests-p.build/Objects-normal/arm64/BuilderTests.o -o /Users/admin/builder/spi-builder-workspace/.derivedData/Build/Intermediates.noindex/swift-fsm.build/Debug-watchos/SwiftFSMTests-p.build/Objects-normal/arm64/ConditionBlockTests.o -o /Users/admin/builder/spi-builder-workspace/.derivedData/Build/Intermediates.noindex/swift-fsm.build/Debug-watchos/SwiftFSMTests-p.build/Objects-normal/arm64/DefineTests.o -debug-module-path /Users/admin/builder/spi-builder-workspace/.derivedData/Build/Intermediates.noindex/swift-fsm.build/Debug-watchos/SwiftFSMTests-p.build/Objects-normal/arm64/SwiftFSMTests.swiftmodule -index-unit-output-path /swift-fsm.build/Debug-watchos/SwiftFSMTests-p.build/Objects-normal/arm64/BlockTestsBase.o -index-unit-output-path /swift-fsm.build/Debug-watchos/SwiftFSMTests-p.build/Objects-normal/arm64/BuilderTests.o -index-unit-output-path /swift-fsm.build/Debug-watchos/SwiftFSMTests-p.build/Objects-normal/arm64/ConditionBlockTests.o -index-unit-output-path /swift-fsm.build/Debug-watchos/SwiftFSMTests-p.build/Objects-normal/arm64/DefineTests.o -index-store-path /Users/admin/builder/spi-builder-workspace/.derivedData/Index.noindex/DataStore -index-system-modules
SwiftCompile normal arm64 /Users/admin/builder/spi-builder-workspace/Tests/SwiftFSMTests/Syntax/CompoundBlockSyntax/BlockTestsBase.swift (in target 'SwiftFSMTests-product' from project 'swift-fsm')
    cd /Users/admin/builder/spi-builder-workspace/.swiftpm/xcode
    builtin-SwiftPerFileCompile BlockTestsBase.swift
SwiftCompile normal arm64 /Users/admin/builder/spi-builder-workspace/Tests/SwiftFSMTests/Syntax/CompoundBlockSyntax/BuilderTests.swift (in target 'SwiftFSMTests-product' from project 'swift-fsm')
    cd /Users/admin/builder/spi-builder-workspace/.swiftpm/xcode
    builtin-SwiftPerFileCompile BuilderTests.swift
SwiftCompile normal arm64 /Users/admin/builder/spi-builder-workspace/Tests/SwiftFSMTests/Syntax/CompoundBlockSyntax/ConditionBlockTests.swift (in target 'SwiftFSMTests-product' from project 'swift-fsm')
    cd /Users/admin/builder/spi-builder-workspace/.swiftpm/xcode
    builtin-SwiftPerFileCompile ConditionBlockTests.swift
SwiftCompile normal arm64 /Users/admin/builder/spi-builder-workspace/Tests/SwiftFSMTests/Syntax/CompoundBlockSyntax/DefineTests.swift (in target 'SwiftFSMTests-product' from project 'swift-fsm')
    cd /Users/admin/builder/spi-builder-workspace/.swiftpm/xcode
    builtin-SwiftPerFileCompile DefineTests.swift
SwiftEmitModule normal arm64 Emitting\ module\ for\ SwiftFSMTests (in target 'SwiftFSMTests-product' from project 'swift-fsm')
SwiftCompile normal arm64 (in target 'SwiftFSMTests-product' from project 'swift-fsm')
    cd /Users/admin/builder/spi-builder-workspace/.swiftpm/xcode

SwiftEmitModule normal arm64_32 Emitting\ module\ for\ SwiftFSMTests (in target 'SwiftFSMTests-product' from project 'swift-fsm')
SwiftCompile normal arm64_32 (in target 'SwiftFSMTests-product' from project 'swift-fsm')
    cd /Users/admin/builder/spi-builder-workspace/.swiftpm/xcode

SwiftCompile normal arm64_32 Compiling\ MatchingBlockTests.swift,\ OverrideBlockTests.swift,\ SuperStateTests.swift,\ ThenBlockTests.swift /Users/admin/builder/spi-builder-workspace/Tests/SwiftFSMTests/Syntax/CompoundBlockSyntax/MatchingBlockTests.swift /Users/admin/builder/spi-builder-workspace/Tests/SwiftFSMTests/Syntax/CompoundBlockSyntax/OverrideBlockTests.swift /Users/admin/builder/spi-builder-workspace/Tests/SwiftFSMTests/Syntax/CompoundBlockSyntax/SuperStateTests.swift /Users/admin/builder/spi-builder-workspace/Tests/SwiftFSMTests/Syntax/CompoundBlockSyntax/ThenBlockTests.swift (in target 'SwiftFSMTests-product' from project 'swift-fsm')
SwiftCompile normal arm64_32 /Users/admin/builder/spi-builder-workspace/Tests/SwiftFSMTests/Syntax/CompoundBlockSyntax/MatchingBlockTests.swift (in target 'SwiftFSMTests-product' from project 'swift-fsm')
    cd /Users/admin/builder/spi-builder-workspace/.swiftpm/xcode
    builtin-SwiftPerFileCompile MatchingBlockTests.swift
SwiftCompile normal arm64_32 /Users/admin/builder/spi-builder-workspace/Tests/SwiftFSMTests/Syntax/CompoundBlockSyntax/OverrideBlockTests.swift (in target 'SwiftFSMTests-product' from project 'swift-fsm')
    cd /Users/admin/builder/spi-builder-workspace/.swiftpm/xcode
    builtin-SwiftPerFileCompile OverrideBlockTests.swift
SwiftCompile normal arm64_32 /Users/admin/builder/spi-builder-workspace/Tests/SwiftFSMTests/Syntax/CompoundBlockSyntax/SuperStateTests.swift (in target 'SwiftFSMTests-product' from project 'swift-fsm')
    cd /Users/admin/builder/spi-builder-workspace/.swiftpm/xcode
    builtin-SwiftPerFileCompile SuperStateTests.swift
SwiftCompile normal arm64_32 /Users/admin/builder/spi-builder-workspace/Tests/SwiftFSMTests/Syntax/CompoundBlockSyntax/ThenBlockTests.swift (in target 'SwiftFSMTests-product' from project 'swift-fsm')
    cd /Users/admin/builder/spi-builder-workspace/.swiftpm/xcode
    builtin-SwiftPerFileCompile ThenBlockTests.swift
SwiftDriverJobDiscovery normal arm64 Emitting module for SwiftFSMTests (in target 'SwiftFSMTests-product' from project 'swift-fsm')
SwiftDriver\ Compilation\ Requirements SwiftFSMTests normal arm64 com.apple.xcode.tools.swift.compiler (in target 'SwiftFSMTests-product' from project 'swift-fsm')
    cd /Users/admin/builder/spi-builder-workspace/.swiftpm/xcode
    builtin-Swift-Compilation-Requirements -- /Applications/Xcode-27.0.0-Release.Candidate.app/Contents/Developer/Toolchains/XcodeDefault.xctoolchain/usr/bin/swiftc -parse-as-library -module-name SwiftFSMTests -Onone @/Users/admin/builder/spi-builder-workspace/.derivedData/Build/Intermediates.noindex/swift-fsm.build/Debug-watchos/SwiftFSMTests-p.build/Objects-normal/arm64/SwiftFSMTests.SwiftFileList -DSWIFT_PACKAGE -DDEBUG -Xcc -fmodule-map-file\=/Users/admin/builder/spi-builder-workspace/.dependencies/checkouts/swift-numerics/Sources/_NumericsShims/include/module.modulemap -DXcode -plugin-path /Applications/Xcode-27.0.0-Release.Candidate.app/Contents/Developer/Toolchains/XcodeDefault.xctoolchain/usr/lib/swift/host/plugins/testing -enable-experimental-feature DebugDescriptionMacro -sdk /Applications/Xcode-27.0.0-Release.Candidate.app/Contents/Developer/Platforms/WatchOS.platform/Developer/SDKs/WatchOS27.0.sdk -target arm64-apple-watchos11.0 -g -module-cache-path /Users/admin/builder/spi-builder-workspace/.derivedData/ModuleCache.noindex -Xfrontend -serialize-debugging-options -profile-coverage-mapping -profile-generate -enable-testing -index-store-path /Users/admin/builder/spi-builder-workspace/.derivedData/Index.noindex/DataStore -Xcc -D_LIBCPP_HARDENING_MODE\=_LIBCPP_HARDENING_MODE_DEBUG -swift-version 6 -I /Users/admin/builder/spi-builder-workspace/.derivedData/Build/Products/Debug-watchos -Isystem /Applications/Xcode-27.0.0-Release.Candidate.app/Contents/Developer/Platforms/WatchOS.platform/Developer/usr/lib -F /Users/admin/builder/spi-builder-workspace/.derivedData/Build/Products/Debug-watchos/PackageFrameworks -F /Users/admin/builder/spi-builder-workspace/.derivedData/Build/Products/Debug-watchos -F /Applications/Xcode-27.0.0-Release.Candidate.app/Contents/Developer/Platforms/WatchOS.platform/Developer/Library/Frameworks -F /Applications/Xcode-27.0.0-Release.Candidate.app/Contents/Developer/Platforms/WatchOS.platform/Developer/SDKs/WatchOS27.0.sdk/Developer/Library/Frameworks -c -j10 -enable-batch-mode -incremental -Xcc -ivfsstatcache -Xcc /Users/admin/builder/spi-builder-workspace/.derivedData/SDKStatCaches.noindex/watchos27.0-24R360-e829b21a6f8c9b70876ba0858053c04477534ef55a1706bf4c1112bbb242f0a2.sdkstatcache -output-file-map /Users/admin/builder/spi-builder-workspace/.derivedData/Build/Intermediates.noindex/swift-fsm.build/Debug-watchos/SwiftFSMTests-p.build/Objects-normal/arm64/SwiftFSMTests-OutputFileMap.json -save-temps -no-color-diagnostics -explicit-module-build -module-cache-path /Users/admin/builder/spi-builder-workspace/.derivedData/Build/Intermediates.noindex/SwiftExplicitPrecompiledModules -clang-scanner-module-cache-path /Users/admin/builder/spi-builder-workspace/.derivedData/ModuleCache.noindex -sdk-module-cache-path /Users/admin/builder/spi-builder-workspace/.derivedData/SDKExplicitPrecompiledModules -emit-dependencies -emit-module -emit-module-path /Users/admin/builder/spi-builder-workspace/.derivedData/Build/Intermediates.noindex/swift-fsm.build/Debug-watchos/SwiftFSMTests-p.build/Objects-normal/arm64/SwiftFSMTests.swiftmodule -serialize-diagnostics -dependency-scan-serialize-diagnostics-path /Users/admin/builder/spi-builder-workspace/.derivedData/Build/Intermediates.noindex/swift-fsm.build/Debug-watchos/SwiftFSMTests-p.build/Objects-normal/arm64/SwiftFSMTests-dependency-scan.dia -validate-clang-modules-once -clang-build-session-file /Users/admin/builder/spi-builder-workspace/.derivedData/ModuleCache.noindex/Session.modulevalidation -Xcc -fmodules-prune-interval\=86400 -Xcc -fmodules-prune-after\=345600 -package-name spi_builder_workspace -emit-const-values -const-gather-protocols-list /Users/admin/builder/spi-builder-workspace/.derivedData/Build/Intermediates.noindex/swift-fsm.build/Debug-watchos/SwiftFSMTests-p.build/Objects-normal/arm64/SwiftFSMTests_const_extract_protocols.json -Xcc -I/Users/admin/builder/spi-builder-workspace/.dependencies/checkouts/swift-numerics/Sources/_NumericsShims/include -Xcc -I/Users/admin/builder/spi-builder-workspace/.derivedData/Build/Products/Debug-watchos/include -Xcc -I/Users/admin/builder/spi-builder-workspace/.derivedData/Build/Intermediates.noindex/swift-fsm.build/Debug-watchos/SwiftFSMTests-p.build/DerivedSources-normal/arm64 -Xcc -I/Users/admin/builder/spi-builder-workspace/.derivedData/Build/Intermediates.noindex/swift-fsm.build/Debug-watchos/SwiftFSMTests-p.build/DerivedSources/arm64 -Xcc -I/Users/admin/builder/spi-builder-workspace/.derivedData/Build/Intermediates.noindex/swift-fsm.build/Debug-watchos/SwiftFSMTests-p.build/DerivedSources -Xcc -DSWIFT_PACKAGE -Xcc -DDEBUG\=1 -working-directory /Users/admin/builder/spi-builder-workspace/.swiftpm/xcode -experimental-emit-module-separately -disable-cmo
SwiftDriverJobDiscovery normal arm64_32 Emitting module for SwiftFSMTests (in target 'SwiftFSMTests-product' from project 'swift-fsm')
SwiftDriver\ Compilation\ Requirements SwiftFSMTests normal arm64_32 com.apple.xcode.tools.swift.compiler (in target 'SwiftFSMTests-product' from project 'swift-fsm')
    cd /Users/admin/builder/spi-builder-workspace/.swiftpm/xcode
    builtin-Swift-Compilation-Requirements -- /Applications/Xcode-27.0.0-Release.Candidate.app/Contents/Developer/Toolchains/XcodeDefault.xctoolchain/usr/bin/swiftc -parse-as-library -module-name SwiftFSMTests -Onone @/Users/admin/builder/spi-builder-workspace/.derivedData/Build/Intermediates.noindex/swift-fsm.build/Debug-watchos/SwiftFSMTests-p.build/Objects-normal/arm64_32/SwiftFSMTests.SwiftFileList -DSWIFT_PACKAGE -DDEBUG -Xcc -fmodule-map-file\=/Users/admin/builder/spi-builder-workspace/.dependencies/checkouts/swift-numerics/Sources/_NumericsShims/include/module.modulemap -DXcode -plugin-path /Applications/Xcode-27.0.0-Release.Candidate.app/Contents/Developer/Toolchains/XcodeDefault.xctoolchain/usr/lib/swift/host/plugins/testing -enable-experimental-feature DebugDescriptionMacro -sdk /Applications/Xcode-27.0.0-Release.Candidate.app/Contents/Developer/Platforms/WatchOS.platform/Developer/SDKs/WatchOS27.0.sdk -target arm64_32-apple-watchos11.0 -g -module-cache-path /Users/admin/builder/spi-builder-workspace/.derivedData/ModuleCache.noindex -Xfrontend -serialize-debugging-options -profile-coverage-mapping -profile-generate -enable-testing -index-store-path /Users/admin/builder/spi-builder-workspace/.derivedData/Index.noindex/DataStore -Xcc -D_LIBCPP_HARDENING_MODE\=_LIBCPP_HARDENING_MODE_DEBUG -swift-version 6 -I /Users/admin/builder/spi-builder-workspace/.derivedData/Build/Products/Debug-watchos -Isystem /Applications/Xcode-27.0.0-Release.Candidate.app/Contents/Developer/Platforms/WatchOS.platform/Developer/usr/lib -F /Users/admin/builder/spi-builder-workspace/.derivedData/Build/Products/Debug-watchos/PackageFrameworks -F /Users/admin/builder/spi-builder-workspace/.derivedData/Build/Products/Debug-watchos -F /Applications/Xcode-27.0.0-Release.Candidate.app/Contents/Developer/Platforms/WatchOS.platform/Developer/Library/Frameworks -F /Applications/Xcode-27.0.0-Release.Candidate.app/Contents/Developer/Platforms/WatchOS.platform/Developer/SDKs/WatchOS27.0.sdk/Developer/Library/Frameworks -c -j10 -enable-batch-mode -incremental -Xcc -ivfsstatcache -Xcc /Users/admin/builder/spi-builder-workspace/.derivedData/SDKStatCaches.noindex/watchos27.0-24R360-e829b21a6f8c9b70876ba0858053c04477534ef55a1706bf4c1112bbb242f0a2.sdkstatcache -output-file-map /Users/admin/builder/spi-builder-workspace/.derivedData/Build/Intermediates.noindex/swift-fsm.build/Debug-watchos/SwiftFSMTests-p.build/Objects-normal/arm64_32/SwiftFSMTests-OutputFileMap.json -save-temps -no-color-diagnostics -explicit-module-build -module-cache-path /Users/admin/builder/spi-builder-workspace/.derivedData/Build/Intermediates.noindex/SwiftExplicitPrecompiledModules -clang-scanner-module-cache-path /Users/admin/builder/spi-builder-workspace/.derivedData/ModuleCache.noindex -sdk-module-cache-path /Users/admin/builder/spi-builder-workspace/.derivedData/SDKExplicitPrecompiledModules -emit-dependencies -emit-module -emit-module-path /Users/admin/builder/spi-builder-workspace/.derivedData/Build/Intermediates.noindex/swift-fsm.build/Debug-watchos/SwiftFSMTests-p.build/Objects-normal/arm64_32/SwiftFSMTests.swiftmodule -serialize-diagnostics -dependency-scan-serialize-diagnostics-path /Users/admin/builder/spi-builder-workspace/.derivedData/Build/Intermediates.noindex/swift-fsm.build/Debug-watchos/SwiftFSMTests-p.build/Objects-normal/arm64_32/SwiftFSMTests-dependency-scan.dia -validate-clang-modules-once -clang-build-session-file /Users/admin/builder/spi-builder-workspace/.derivedData/ModuleCache.noindex/Session.modulevalidation -Xcc -fmodules-prune-interval\=86400 -Xcc -fmodules-prune-after\=345600 -package-name spi_builder_workspace -emit-const-values -const-gather-protocols-list /Users/admin/builder/spi-builder-workspace/.derivedData/Build/Intermediates.noindex/swift-fsm.build/Debug-watchos/SwiftFSMTests-p.build/Objects-normal/arm64_32/SwiftFSMTests_const_extract_protocols.json -Xcc -I/Users/admin/builder/spi-builder-workspace/.dependencies/checkouts/swift-numerics/Sources/_NumericsShims/include -Xcc -I/Users/admin/builder/spi-builder-workspace/.derivedData/Build/Products/Debug-watchos/include -Xcc -I/Users/admin/builder/spi-builder-workspace/.derivedData/Build/Intermediates.noindex/swift-fsm.build/Debug-watchos/SwiftFSMTests-p.build/DerivedSources-normal/arm64_32 -Xcc -I/Users/admin/builder/spi-builder-workspace/.derivedData/Build/Intermediates.noindex/swift-fsm.build/Debug-watchos/SwiftFSMTests-p.build/DerivedSources/arm64_32 -Xcc -I/Users/admin/builder/spi-builder-workspace/.derivedData/Build/Intermediates.noindex/swift-fsm.build/Debug-watchos/SwiftFSMTests-p.build/DerivedSources -Xcc -DSWIFT_PACKAGE -Xcc -DDEBUG\=1 -working-directory /Users/admin/builder/spi-builder-workspace/.swiftpm/xcode -experimental-emit-module-separately -disable-cmo
SwiftCompile normal arm64_32 Compiling\ ErrorTests.swift,\ FSMTests.swift,\ FSMValueTests.swift,\ LoggingTests.swift,\ PublicFSMTests.swift /Users/admin/builder/spi-builder-workspace/Tests/SwiftFSMTests/ErrorTests.swift /Users/admin/builder/spi-builder-workspace/Tests/SwiftFSMTests/FSM/FSMTests.swift /Users/admin/builder/spi-builder-workspace/Tests/SwiftFSMTests/FSM/FSMValueTests.swift /Users/admin/builder/spi-builder-workspace/Tests/SwiftFSMTests/FSM/LoggingTests.swift /Users/admin/builder/spi-builder-workspace/Tests/SwiftFSMTests/FSM/PublicFSMTests.swift (in target 'SwiftFSMTests-product' from project 'swift-fsm')
SwiftCompile normal arm64_32 /Users/admin/builder/spi-builder-workspace/Tests/SwiftFSMTests/ErrorTests.swift (in target 'SwiftFSMTests-product' from project 'swift-fsm')
    cd /Users/admin/builder/spi-builder-workspace/.swiftpm/xcode
    builtin-SwiftPerFileCompile ErrorTests.swift
SwiftCompile normal arm64_32 /Users/admin/builder/spi-builder-workspace/Tests/SwiftFSMTests/FSM/FSMTests.swift (in target 'SwiftFSMTests-product' from project 'swift-fsm')
    cd /Users/admin/builder/spi-builder-workspace/.swiftpm/xcode
    builtin-SwiftPerFileCompile FSMTests.swift
SwiftCompile normal arm64_32 /Users/admin/builder/spi-builder-workspace/Tests/SwiftFSMTests/FSM/FSMValueTests.swift (in target 'SwiftFSMTests-product' from project 'swift-fsm')
    cd /Users/admin/builder/spi-builder-workspace/.swiftpm/xcode
    builtin-SwiftPerFileCompile FSMValueTests.swift
SwiftCompile normal arm64_32 /Users/admin/builder/spi-builder-workspace/Tests/SwiftFSMTests/FSM/LoggingTests.swift (in target 'SwiftFSMTests-product' from project 'swift-fsm')
    cd /Users/admin/builder/spi-builder-workspace/.swiftpm/xcode
    builtin-SwiftPerFileCompile LoggingTests.swift
SwiftCompile normal arm64_32 /Users/admin/builder/spi-builder-workspace/Tests/SwiftFSMTests/FSM/PublicFSMTests.swift (in target 'SwiftFSMTests-product' from project 'swift-fsm')
    cd /Users/admin/builder/spi-builder-workspace/.swiftpm/xcode
    builtin-SwiftPerFileCompile PublicFSMTests.swift
Copy /Users/admin/builder/spi-builder-workspace/.derivedData/Build/Products/Debug-watchos/SwiftFSMTests.swiftmodule/arm64_32-apple-watchos.swiftmodule /Users/admin/builder/spi-builder-workspace/.derivedData/Build/Intermediates.noindex/swift-fsm.build/Debug-watchos/SwiftFSMTests-p.build/Objects-normal/arm64_32/SwiftFSMTests.swiftmodule (in target 'SwiftFSMTests-product' from project 'swift-fsm')
    cd /Users/admin/builder/spi-builder-workspace
    builtin-copy -exclude .DS_Store -exclude CVS -exclude .svn -exclude .git -exclude .hg -resolve-src-symlinks -rename /Users/admin/builder/spi-builder-workspace/.derivedData/Build/Intermediates.noindex/swift-fsm.build/Debug-watchos/SwiftFSMTests-p.build/Objects-normal/arm64_32/SwiftFSMTests.swiftmodule /Users/admin/builder/spi-builder-workspace/.derivedData/Build/Products/Debug-watchos/SwiftFSMTests.swiftmodule/arm64_32-apple-watchos.swiftmodule
PruneExplicitPrecompiledModules /Users/admin/builder/spi-builder-workspace/.derivedData/Build/Intermediates.noindex/ExplicitPrecompiledModules
PruneExplicitPrecompiledModules /Users/admin/builder/spi-builder-workspace/.derivedData/Build/Intermediates.noindex/SwiftExplicitPrecompiledModules
PruneExplicitPrecompiledModules /Users/admin/builder/spi-builder-workspace/.derivedData/SDKExplicitPrecompiledModules
2026-09-21 16:55:08.807 xcodebuild[986:5680] [MT] IDERunDestination: Supported platforms for the buildables in the current scheme is empty.
2026-09-21 16:55:08.918 xcodebuild[986:5680] [MT] IDERunDestination: Supported platforms for the buildables in the current scheme is empty.
** BUILD FAILED **
The following build commands failed:
	SwiftCompile normal arm64 Compiling\ BlockTestsBase.swift,\ BuilderTests.swift,\ ConditionBlockTests.swift,\ DefineTests.swift /Users/admin/builder/spi-builder-workspace/Tests/SwiftFSMTests/Syntax/CompoundBlockSyntax/BlockTestsBase.swift /Users/admin/builder/spi-builder-workspace/Tests/SwiftFSMTests/Syntax/CompoundBlockSyntax/BuilderTests.swift /Users/admin/builder/spi-builder-workspace/Tests/SwiftFSMTests/Syntax/CompoundBlockSyntax/ConditionBlockTests.swift /Users/admin/builder/spi-builder-workspace/Tests/SwiftFSMTests/Syntax/CompoundBlockSyntax/DefineTests.swift (in target 'SwiftFSMTests-product' from project 'swift-fsm')
	SwiftCompile normal arm64 /Users/admin/builder/spi-builder-workspace/Tests/SwiftFSMTests/Syntax/CompoundBlockSyntax/BlockTestsBase.swift (in target 'SwiftFSMTests-product' from project 'swift-fsm')
	Building workspace swift-fsm with scheme swift-fsm
(3 failures)
BUILD FAILURE 6.4 watchOS