The Swift Package Index logo.Swift Package Index

Build Information

Failed to build Observable, reference master (60aad1), with Swift 6.4 for iOS using Xcode 27.0 on 21 Sep 2026 18:10:41 UTC.

Build Command

No build command. This typically means the build failed at an early stage where we determine the build command.

Build Log

========================================
RunAll
========================================
Builder version: 5.1.0
Interrupt handler set up.
========================================
Checkout
========================================
Clone URL: https://github.com/roberthein/Observable.git
Reference: master
Initialized empty Git repository in /Users/admin/builder/spi-builder-workspace/.git/
From https://github.com/roberthein/Observable
 * branch            master     -> FETCH_HEAD
 * [new branch]      master     -> origin/master
HEAD is now at 60aad1e Update min target
Cloned https://github.com/roberthein/Observable.git
Revision (git rev-parse @):
60aad1ecc56ae0b54e68bfb48aa89cb026488fc5
SUCCESS checkout https://github.com/roberthein/Observable.git at master
========================================
Build
========================================
Selected platform:         iOS
Swift version:             6.4
Building package at path:  $PWD
https://github.com/roberthein/Observable.git
Command line invocation:
    /Applications/Xcode-27.0.0-Release.Candidate.app/Contents/Developer/usr/bin/xcodebuild -IDEClonedSourcePackagesDirPathOverride=/Users/admin/builder/spi-builder-workspace/.dependencies -resolvePackageDependencies
2026-09-21 14:10:39.969 xcodebuild[529:3024] Writing error result bundle to /var/folders/xq/y_g06wb113726d38xsyx71_h0000gn/T/ResultBundle_2026-21-09_14-10-0039.xcresult
xcodebuild: error: '_Pods.xcodeproj' does not exist.
Command line invocation:
    /Applications/Xcode-27.0.0-Release.Candidate.app/Contents/Developer/usr/bin/xcodebuild -IDEClonedSourcePackagesDirPathOverride=/Users/admin/builder/spi-builder-workspace/.dependencies -resolvePackageDependencies
2026-09-21 14:10:41.017 xcodebuild[538:3117] Writing error result bundle to /var/folders/xq/y_g06wb113726d38xsyx71_h0000gn/T/ResultBundle_2026-21-09_14-10-0041.xcresult
xcodebuild: error: '_Pods.xcodeproj' does not exist.
BUILD FAILURE 6.4 iOS