Build Information
Failed to build ElegantTabs, reference 1.1.0 (88275a), with Swift 6.4 for visionOS using Xcode 27.0 on 25 Sep 2026 19:20:16 UTC.
Build Command
env DEVELOPER_DIR=/Applications/Xcode-27.0.0-Release.Candidate.app xcrun xcodebuild -IDEClonedSourcePackagesDirPathOverride=$PWD/.dependencies -skipMacroValidation -skipPackagePluginValidation -derivedDataPath $PWD/.derivedData build -scheme ElegantTabs -destination generic/platform=xrOSBuild Log
========================================
RunAll
========================================
Builder version: 5.1.0
Interrupt handler set up.
========================================
Checkout
========================================
Clone URL: https://github.com/Krusty84/ElegantTabs.git
Reference: 1.1.0
Initialized empty Git repository in /Users/admin/builder/spi-builder-workspace/.git/
From https://github.com/Krusty84/ElegantTabs
* tag 1.1.0 -> FETCH_HEAD
HEAD is now at 88275a8 Merge remote-tracking branch 'refs/remotes/origin/main'
Cloned https://github.com/Krusty84/ElegantTabs.git
Revision (git rev-parse @):
88275a8e68873ac121624061a1730af1edaca292
SUCCESS checkout https://github.com/Krusty84/ElegantTabs.git at 1.1.0
========================================
Build
========================================
Selected platform: visionOS
Swift version: 6.4
Building package at path: $PWD
https://github.com/Krusty84/ElegantTabs.git
Command line invocation:
/Applications/Xcode-27.0.0-Release.Candidate.app/Contents/Developer/usr/bin/xcodebuild -IDEClonedSourcePackagesDirPathOverride=/Users/admin/builder/spi-builder-workspace/.dependencies -resolvePackageDependencies
Resolve Package Graph
Resolve Package Graph
Resolved source packages:
ElegantTabs: /Users/admin/builder/spi-builder-workspace
resolved source packages: ElegantTabs
2026-09-25 15:19:22.392 xcodebuild[529:3014] [MT] IDERunDestination: Supported platforms for the buildables in the current scheme is empty.
{
"dependencies" : [
],
"manifest_display_name" : "ElegantTabs",
"name" : "ElegantTabs",
"path" : "/Users/admin/builder/spi-builder-workspace",
"platforms" : [
{
"name" : "macos",
"version" : "12.0"
}
],
"products" : [
{
"name" : "ElegantTabs",
"targets" : [
"ElegantTabs"
],
"type" : {
"library" : [
"automatic"
]
}
}
],
"targets" : [
{
"c99name" : "ElegantTabsTests",
"module_type" : "SwiftTarget",
"name" : "ElegantTabsTests",
"path" : "Tests/ElegantTabsTests",
"sources" : [
"ElegantTabsTests.swift"
],
"target_dependencies" : [
"ElegantTabs"
],
"type" : "test"
},
{
"c99name" : "ElegantTabs",
"module_type" : "SwiftTarget",
"name" : "ElegantTabs",
"path" : "Sources/ElegantTabs",
"product_memberships" : [
"ElegantTabs"
],
"sources" : [
"ElegantTabs.swift"
],
"type" : "library"
}
],
"tools_version" : "5.7"
}
{
"workspace" : {
"name" : "ElegantTabs",
"schemes" : [
"ElegantTabs"
]
}
}
2026-09-25 15:20:03.816 xcodebuild[647:4125] [MT] IDERunDestination: Supported platforms for the buildables in the current scheme is empty.
Running build ...
env DEVELOPER_DIR=/Applications/Xcode-27.0.0-Release.Candidate.app xcrun xcodebuild -IDEClonedSourcePackagesDirPathOverride=$PWD/.dependencies -skipMacroValidation -skipPackagePluginValidation -derivedDataPath $PWD/.derivedData build -scheme ElegantTabs -destination generic/platform=xrOS
Command line invocation:
/Applications/Xcode-27.0.0-Release.Candidate.app/Contents/Developer/usr/bin/xcodebuild -IDEClonedSourcePackagesDirPathOverride=/Users/admin/builder/spi-builder-workspace/.dependencies -skipMacroValidation -skipPackagePluginValidation -derivedDataPath /Users/admin/builder/spi-builder-workspace/.derivedData build -scheme ElegantTabs -destination generic/platform=xrOS
Resolve Package Graph
Resolved source packages:
ElegantTabs: /Users/admin/builder/spi-builder-workspace
ComputePackagePrebuildTargetDependencyGraph
Prepare packages
CreateBuildRequest
SendProjectDescription
CreateBuildOperation
ComputeTargetDependencyGraph
note: Building targets in dependency order
note: Target dependency graph (2 targets)
Target 'ElegantTabs-product' in project 'ElegantTabs'
➜ Explicit dependency on target 'ElegantTabs' in project 'ElegantTabs'
Target 'ElegantTabs' in project 'ElegantTabs' (no dependencies)
GatherProvisioningInputs
CreateBuildDescription
ExecuteExternalTool /Applications/Xcode-27.0.0-Release.Candidate.app/Contents/Developer/Toolchains/XcodeDefault.xctoolchain/usr/bin/clang -v -E -dM -isysroot /Applications/Xcode-27.0.0-Release.Candidate.app/Contents/Developer/Platforms/XROS.platform/Developer/SDKs/XROS27.0.sdk -x c -c /dev/null
ExecuteExternalTool /Applications/Xcode-27.0.0-Release.Candidate.app/Contents/Developer/Toolchains/XcodeDefault.xctoolchain/usr/bin/swiftc --version
ExecuteExternalTool /Applications/Xcode-27.0.0-Release.Candidate.app/Contents/Developer/Toolchains/XcodeDefault.xctoolchain/usr/bin/ld -version_details
Build description signature: c7dd75eb10dfcc6589367247b17c6a8a
Build description path: /Users/admin/builder/spi-builder-workspace/.derivedData/Build/Intermediates.noindex/XCBuildData/c7dd75eb10dfcc6589367247b17c6a8a.xcbuilddata
CreateBuildDirectory /Users/admin/builder/spi-builder-workspace/.derivedData/SDKExplicitPrecompiledModules
cd /Users/admin/builder/spi-builder-workspace/.swiftpm/xcode
builtin-create-build-directory /Users/admin/builder/spi-builder-workspace/.derivedData/SDKExplicitPrecompiledModules
CreateBuildDirectory /Users/admin/builder/spi-builder-workspace/.derivedData/ModuleCache.noindex
cd /Users/admin/builder/spi-builder-workspace/.swiftpm/xcode
builtin-create-build-directory /Users/admin/builder/spi-builder-workspace/.derivedData/ModuleCache.noindex
CreateBuildDirectory /Users/admin/builder/spi-builder-workspace/.derivedData/CompilationCache.noindex
cd /Users/admin/builder/spi-builder-workspace/.swiftpm/xcode
builtin-create-build-directory /Users/admin/builder/spi-builder-workspace/.derivedData/CompilationCache.noindex
CreateBuildDirectory /Users/admin/builder/spi-builder-workspace/.derivedData/Build/Intermediates.noindex
cd /Users/admin/builder/spi-builder-workspace/.swiftpm/xcode
builtin-create-build-directory /Users/admin/builder/spi-builder-workspace/.derivedData/Build/Intermediates.noindex
CreateBuildDirectory /Users/admin/builder/spi-builder-workspace/.derivedData/Build/Products
cd /Users/admin/builder/spi-builder-workspace/.swiftpm/xcode
builtin-create-build-directory /Users/admin/builder/spi-builder-workspace/.derivedData/Build/Products
ClangStatCache /Applications/Xcode-27.0.0-Release.Candidate.app/Contents/Developer/Toolchains/XcodeDefault.xctoolchain/usr/bin/clang-stat-cache /Applications/Xcode-27.0.0-Release.Candidate.app/Contents/Developer/Platforms/XROS.platform/Developer/SDKs/XROS27.0.sdk /Users/admin/builder/spi-builder-workspace/.derivedData/SDKStatCaches.noindex/xros27.0-24M361-e829b21a6f8c9b70876ba0858053c044735bd543db762f57723cac368afd1ce4.sdkstatcache
cd /Users/admin/builder/spi-builder-workspace/.swiftpm/xcode
/Applications/Xcode-27.0.0-Release.Candidate.app/Contents/Developer/Toolchains/XcodeDefault.xctoolchain/usr/bin/clang-stat-cache /Applications/Xcode-27.0.0-Release.Candidate.app/Contents/Developer/Platforms/XROS.platform/Developer/SDKs/XROS27.0.sdk -o /Users/admin/builder/spi-builder-workspace/.derivedData/SDKStatCaches.noindex/xros27.0-24M361-e829b21a6f8c9b70876ba0858053c044735bd543db762f57723cac368afd1ce4.sdkstatcache
CreateBuildDirectory /Users/admin/builder/spi-builder-workspace/.derivedData/Build/Intermediates.noindex/SwiftExplicitPrecompiledModules
cd /Users/admin/builder/spi-builder-workspace/.swiftpm/xcode
builtin-create-build-directory /Users/admin/builder/spi-builder-workspace/.derivedData/Build/Intermediates.noindex/SwiftExplicitPrecompiledModules
CreateBuildDirectory /Users/admin/builder/spi-builder-workspace/.derivedData/Build/Intermediates.noindex/PrecompiledHeaders
cd /Users/admin/builder/spi-builder-workspace/.swiftpm/xcode
builtin-create-build-directory /Users/admin/builder/spi-builder-workspace/.derivedData/Build/Intermediates.noindex/PrecompiledHeaders
CreateBuildDirectory /Users/admin/builder/spi-builder-workspace/.derivedData/Build/Intermediates.noindex/ExplicitPrecompiledModules
cd /Users/admin/builder/spi-builder-workspace/.swiftpm/xcode
builtin-create-build-directory /Users/admin/builder/spi-builder-workspace/.derivedData/Build/Intermediates.noindex/ExplicitPrecompiledModules
CreateBuildDirectory /Users/admin/builder/spi-builder-workspace/.derivedData/Build/Products/Debug-xros
cd /Users/admin/builder/spi-builder-workspace/.swiftpm/xcode
builtin-create-build-directory /Users/admin/builder/spi-builder-workspace/.derivedData/Build/Products/Debug-xros
CreateBuildDirectory /Users/admin/builder/spi-builder-workspace/.derivedData/Build/Intermediates.noindex/EagerLinkingTBDs/Debug-xros
cd /Users/admin/builder/spi-builder-workspace/.swiftpm/xcode
builtin-create-build-directory /Users/admin/builder/spi-builder-workspace/.derivedData/Build/Intermediates.noindex/EagerLinkingTBDs/Debug-xros
CreateBuildDirectory /Users/admin/builder/spi-builder-workspace/.derivedData/Build/Products/Debug-xros/PackageFrameworks
cd /Users/admin/builder/spi-builder-workspace/.swiftpm/xcode
builtin-create-build-directory /Users/admin/builder/spi-builder-workspace/.derivedData/Build/Products/Debug-xros/PackageFrameworks
WriteAuxiliaryFile /Users/admin/builder/spi-builder-workspace/.derivedData/Build/Intermediates.noindex/ElegantTabs.build/Debug-xros/ElegantTabs-t.build/ElegantTabs.modulemap (in target 'ElegantTabs' from project 'ElegantTabs')
cd /Users/admin/builder/spi-builder-workspace
write-file /Users/admin/builder/spi-builder-workspace/.derivedData/Build/Intermediates.noindex/ElegantTabs.build/Debug-xros/ElegantTabs-t.build/ElegantTabs.modulemap
WriteAuxiliaryFile /Users/admin/builder/spi-builder-workspace/.derivedData/Build/Intermediates.noindex/ElegantTabs.build/Debug-xros/ElegantTabs-t.build/ElegantTabs.DependencyMetadataFileList (in target 'ElegantTabs' from project 'ElegantTabs')
cd /Users/admin/builder/spi-builder-workspace
write-file /Users/admin/builder/spi-builder-workspace/.derivedData/Build/Intermediates.noindex/ElegantTabs.build/Debug-xros/ElegantTabs-t.build/ElegantTabs.DependencyMetadataFileList
WriteAuxiliaryFile /Users/admin/builder/spi-builder-workspace/.derivedData/Build/Intermediates.noindex/ElegantTabs.build/Debug-xros/ElegantTabs-t.build/ElegantTabs.DependencyStaticMetadataFileList (in target 'ElegantTabs' from project 'ElegantTabs')
cd /Users/admin/builder/spi-builder-workspace
write-file /Users/admin/builder/spi-builder-workspace/.derivedData/Build/Intermediates.noindex/ElegantTabs.build/Debug-xros/ElegantTabs-t.build/ElegantTabs.DependencyStaticMetadataFileList
WriteAuxiliaryFile /Users/admin/builder/spi-builder-workspace/.derivedData/Build/Intermediates.noindex/ElegantTabs.build/Debug-xros/ElegantTabs-t.build/Objects-normal/arm64/ElegantTabs_const_extract_protocols.json (in target 'ElegantTabs' from project 'ElegantTabs')
cd /Users/admin/builder/spi-builder-workspace
write-file /Users/admin/builder/spi-builder-workspace/.derivedData/Build/Intermediates.noindex/ElegantTabs.build/Debug-xros/ElegantTabs-t.build/Objects-normal/arm64/ElegantTabs_const_extract_protocols.json
WriteAuxiliaryFile /Users/admin/builder/spi-builder-workspace/.derivedData/Build/Intermediates.noindex/ElegantTabs.build/Debug-xros/ElegantTabs-t.build/Objects-normal/arm64/ElegantTabs.SwiftConstValuesFileList (in target 'ElegantTabs' from project 'ElegantTabs')
cd /Users/admin/builder/spi-builder-workspace
write-file /Users/admin/builder/spi-builder-workspace/.derivedData/Build/Intermediates.noindex/ElegantTabs.build/Debug-xros/ElegantTabs-t.build/Objects-normal/arm64/ElegantTabs.SwiftConstValuesFileList
WriteAuxiliaryFile /Users/admin/builder/spi-builder-workspace/.derivedData/Build/Intermediates.noindex/ElegantTabs.build/Debug-xros/ElegantTabs-t.build/Objects-normal/arm64/ElegantTabs.LinkFileList (in target 'ElegantTabs' from project 'ElegantTabs')
cd /Users/admin/builder/spi-builder-workspace
write-file /Users/admin/builder/spi-builder-workspace/.derivedData/Build/Intermediates.noindex/ElegantTabs.build/Debug-xros/ElegantTabs-t.build/Objects-normal/arm64/ElegantTabs.LinkFileList
WriteAuxiliaryFile /Users/admin/builder/spi-builder-workspace/.derivedData/Build/Intermediates.noindex/ElegantTabs.build/Debug-xros/ElegantTabs-t.build/Objects-normal/arm64/ElegantTabs.SwiftFileList (in target 'ElegantTabs' from project 'ElegantTabs')
cd /Users/admin/builder/spi-builder-workspace
write-file /Users/admin/builder/spi-builder-workspace/.derivedData/Build/Intermediates.noindex/ElegantTabs.build/Debug-xros/ElegantTabs-t.build/Objects-normal/arm64/ElegantTabs.SwiftFileList
WriteAuxiliaryFile /Users/admin/builder/spi-builder-workspace/.derivedData/Build/Intermediates.noindex/ElegantTabs.build/Debug-xros/ElegantTabs-t.build/Objects-normal/arm64/ElegantTabs-OutputFileMap.json (in target 'ElegantTabs' from project 'ElegantTabs')
cd /Users/admin/builder/spi-builder-workspace
write-file /Users/admin/builder/spi-builder-workspace/.derivedData/Build/Intermediates.noindex/ElegantTabs.build/Debug-xros/ElegantTabs-t.build/Objects-normal/arm64/ElegantTabs-OutputFileMap.json
Copy /Users/admin/builder/spi-builder-workspace/.derivedData/Build/Intermediates.noindex/GeneratedModuleMaps-xros/ElegantTabs.modulemap /Users/admin/builder/spi-builder-workspace/.derivedData/Build/Intermediates.noindex/ElegantTabs.build/Debug-xros/ElegantTabs-t.build/ElegantTabs.modulemap (in target 'ElegantTabs' from project 'ElegantTabs')
cd /Users/admin/builder/spi-builder-workspace
builtin-copy -exclude .DS_Store -exclude CVS -exclude .svn -exclude .git -exclude .hg -resolve-src-symlinks /Users/admin/builder/spi-builder-workspace/.derivedData/Build/Intermediates.noindex/ElegantTabs.build/Debug-xros/ElegantTabs-t.build/ElegantTabs.modulemap /Users/admin/builder/spi-builder-workspace/.derivedData/Build/Intermediates.noindex/GeneratedModuleMaps-xros
SwiftDriver ElegantTabs normal arm64 com.apple.xcode.tools.swift.compiler (in target 'ElegantTabs' from project 'ElegantTabs')
cd /Users/admin/builder/spi-builder-workspace/.swiftpm/xcode
builtin-SwiftDriver -- /Applications/Xcode-27.0.0-Release.Candidate.app/Contents/Developer/Toolchains/XcodeDefault.xctoolchain/usr/bin/swiftc -parse-as-library -module-name ElegantTabs -Onone @/Users/admin/builder/spi-builder-workspace/.derivedData/Build/Intermediates.noindex/ElegantTabs.build/Debug-xros/ElegantTabs-t.build/Objects-normal/arm64/ElegantTabs.SwiftFileList -DSWIFT_PACKAGE -DDEBUG -DSWIFT_MODULE_RESOURCE_BUNDLE_UNAVAILABLE -DXcode -plugin-path /Applications/Xcode-27.0.0-Release.Candidate.app/Contents/Developer/Toolchains/XcodeDefault.xctoolchain/usr/lib/swift/host/plugins/testing -enable-experimental-feature DebugDescriptionMacro -sdk /Applications/Xcode-27.0.0-Release.Candidate.app/Contents/Developer/Platforms/XROS.platform/Developer/SDKs/XROS27.0.sdk -target arm64-apple-xros1.0 -g -module-cache-path /Users/admin/builder/spi-builder-workspace/.derivedData/ModuleCache.noindex -Xfrontend -serialize-debugging-options -profile-coverage-mapping -profile-generate -enable-testing -index-store-path /Users/admin/builder/spi-builder-workspace/.derivedData/Index.noindex/DataStore -Xcc -D_LIBCPP_HARDENING_MODE\=_LIBCPP_HARDENING_MODE_DEBUG -swift-version 5 -I /Users/admin/builder/spi-builder-workspace/.derivedData/Build/Products/Debug-xros -Isystem /Applications/Xcode-27.0.0-Release.Candidate.app/Contents/Developer/Platforms/XROS.platform/Developer/usr/lib -F /Users/admin/builder/spi-builder-workspace/.derivedData/Build/Products/Debug-xros -F /Applications/Xcode-27.0.0-Release.Candidate.app/Contents/Developer/Platforms/XROS.platform/Developer/Library/Frameworks -F /Applications/Xcode-27.0.0-Release.Candidate.app/Contents/Developer/Platforms/XROS.platform/Developer/SDKs/XROS27.0.sdk/Developer/Library/Frameworks -c -j10 -enable-batch-mode -incremental -Xcc -ivfsstatcache -Xcc /Users/admin/builder/spi-builder-workspace/.derivedData/SDKStatCaches.noindex/xros27.0-24M361-e829b21a6f8c9b70876ba0858053c044735bd543db762f57723cac368afd1ce4.sdkstatcache -output-file-map /Users/admin/builder/spi-builder-workspace/.derivedData/Build/Intermediates.noindex/ElegantTabs.build/Debug-xros/ElegantTabs-t.build/Objects-normal/arm64/ElegantTabs-OutputFileMap.json -save-temps -no-color-diagnostics -explicit-module-build -module-cache-path /Users/admin/builder/spi-builder-workspace/.derivedData/Build/Intermediates.noindex/SwiftExplicitPrecompiledModules -clang-scanner-module-cache-path /Users/admin/builder/spi-builder-workspace/.derivedData/ModuleCache.noindex -sdk-module-cache-path /Users/admin/builder/spi-builder-workspace/.derivedData/SDKExplicitPrecompiledModules -emit-dependencies -emit-module -emit-module-path /Users/admin/builder/spi-builder-workspace/.derivedData/Build/Intermediates.noindex/ElegantTabs.build/Debug-xros/ElegantTabs-t.build/Objects-normal/arm64/ElegantTabs.swiftmodule -serialize-diagnostics -dependency-scan-serialize-diagnostics-path /Users/admin/builder/spi-builder-workspace/.derivedData/Build/Intermediates.noindex/ElegantTabs.build/Debug-xros/ElegantTabs-t.build/Objects-normal/arm64/ElegantTabs-dependency-scan.dia -validate-clang-modules-once -clang-build-session-file /Users/admin/builder/spi-builder-workspace/.derivedData/ModuleCache.noindex/Session.modulevalidation -Xcc -fmodules-prune-interval\=86400 -Xcc -fmodules-prune-after\=345600 -emit-const-values -const-gather-protocols-list /Users/admin/builder/spi-builder-workspace/.derivedData/Build/Intermediates.noindex/ElegantTabs.build/Debug-xros/ElegantTabs-t.build/Objects-normal/arm64/ElegantTabs_const_extract_protocols.json -Xcc -I/Users/admin/builder/spi-builder-workspace/.derivedData/Build/Products/Debug-xros/include -Xcc -I/Users/admin/builder/spi-builder-workspace/.derivedData/Build/Intermediates.noindex/ElegantTabs.build/Debug-xros/ElegantTabs-t.build/DerivedSources-normal/arm64 -Xcc -I/Users/admin/builder/spi-builder-workspace/.derivedData/Build/Intermediates.noindex/ElegantTabs.build/Debug-xros/ElegantTabs-t.build/DerivedSources/arm64 -Xcc -I/Users/admin/builder/spi-builder-workspace/.derivedData/Build/Intermediates.noindex/ElegantTabs.build/Debug-xros/ElegantTabs-t.build/DerivedSources -Xcc -DSWIFT_PACKAGE -Xcc -DDEBUG\=1 -emit-objc-header -emit-objc-header-path /Users/admin/builder/spi-builder-workspace/.derivedData/Build/Intermediates.noindex/ElegantTabs.build/Debug-xros/ElegantTabs-t.build/Objects-normal/arm64/ElegantTabs-Swift.h -working-directory /Users/admin/builder/spi-builder-workspace/.swiftpm/xcode -experimental-emit-module-separately -disable-cmo
SwiftExplicitDependencyGeneratePcm arm64 /Users/admin/builder/spi-builder-workspace/.derivedData/SDKExplicitPrecompiledModules/_Builtin_stdbool-5BU2ADS7JXQMYENKQHW9X8XOU.pcm
SwiftExplicitDependencyGeneratePcm arm64 /Users/admin/builder/spi-builder-workspace/.derivedData/SDKExplicitPrecompiledModules/_Builtin_float-6WKHNW5S40U2QGHXXGETUDIRA.pcm
SwiftExplicitDependencyGeneratePcm arm64 /Users/admin/builder/spi-builder-workspace/.derivedData/SDKExplicitPrecompiledModules/_Builtin_stdarg-CDA349K2K4US766844K8E0PVA.pcm
SwiftExplicitDependencyGeneratePcm arm64 /Users/admin/builder/spi-builder-workspace/.derivedData/SDKExplicitPrecompiledModules/DeveloperToolsSupport-46GOQP8J1QTHLYQSJW81T8UZ3.pcm
SwiftExplicitDependencyGeneratePcm arm64 /Users/admin/builder/spi-builder-workspace/.derivedData/SDKExplicitPrecompiledModules/_AvailabilityInternal-1Q8IQP6M38UWSGZ95UCEY2M44.pcm
SwiftExplicitDependencyGeneratePcm arm64 /Users/admin/builder/spi-builder-workspace/.derivedData/SDKExplicitPrecompiledModules/SwiftShims-CI4H5RO9IYFFWQ2COB512Q2S9.pcm
SwiftExplicitDependencyGeneratePcm arm64 /Users/admin/builder/spi-builder-workspace/.derivedData/SDKExplicitPrecompiledModules/_SwiftConcurrencyShims-C8XHKSHX96D5YYALNM4W70Z0O.pcm
SwiftExplicitDependencyGeneratePcm arm64 /Users/admin/builder/spi-builder-workspace/.derivedData/SDKExplicitPrecompiledModules/ptrcheck-BXA97MNLI4BB0HF5I8MJE403D.pcm
SwiftExplicitDependencyGeneratePcm arm64 /Users/admin/builder/spi-builder-workspace/.derivedData/SDKExplicitPrecompiledModules/_Builtin_stddef-5NQ9Z1GV07GBSRQGAQCGXGVRI.pcm
SwiftExplicitDependencyGeneratePcm arm64 /Users/admin/builder/spi-builder-workspace/.derivedData/SDKExplicitPrecompiledModules/ShaderGraph-AW1O397P711WTY8KSK8LZX9YA.pcm
SwiftExplicitDependencyGeneratePcm arm64 /Users/admin/builder/spi-builder-workspace/.derivedData/SDKExplicitPrecompiledModules/ptrauth-1WBA714DZSVUL5JQDJ08CLKZ.pcm
SwiftExplicitDependencyGeneratePcm arm64 /Users/admin/builder/spi-builder-workspace/.derivedData/SDKExplicitPrecompiledModules/_DarwinFoundation1-5RGRVV2TZ6WC4WZW5IXF8NQ04.pcm
SwiftExplicitDependencyGeneratePcm arm64 /Users/admin/builder/spi-builder-workspace/.derivedData/SDKExplicitPrecompiledModules/_Builtin_limits-425JDMN5HPM3D0UEI8LEHP6NM.pcm
SwiftExplicitDependencyGeneratePcm arm64 /Users/admin/builder/spi-builder-workspace/.derivedData/SDKExplicitPrecompiledModules/_DarwinFoundation2-ENTECK156YEWITZRRBTOCE4KR.pcm
SwiftExplicitDependencyGeneratePcm arm64 /Users/admin/builder/spi-builder-workspace/.derivedData/SDKExplicitPrecompiledModules/sys_types-AYM0BHR77VKMWZCO2T0XGV2HF.pcm
SwiftExplicitDependencyGeneratePcm arm64 /Users/admin/builder/spi-builder-workspace/.derivedData/SDKExplicitPrecompiledModules/_Builtin_tgmath-BPYSMHWI520EQRL2HW519ZY7Z.pcm
SwiftExplicitDependencyGeneratePcm arm64 /Users/admin/builder/spi-builder-workspace/.derivedData/SDKExplicitPrecompiledModules/_Builtin_stdint-8OR6T47OOYJA90ZBO3N1USDE.pcm
SwiftExplicitDependencyGeneratePcm arm64 /Users/admin/builder/spi-builder-workspace/.derivedData/SDKExplicitPrecompiledModules/string_h-2GT67HHHHK5CF1V1S31LH0PU2.pcm
SwiftExplicitDependencyGeneratePcm arm64 /Users/admin/builder/spi-builder-workspace/.derivedData/SDKExplicitPrecompiledModules/_Builtin_intrinsics-BC5IJI3YI34RQ61ZNVDRDZ6RN.pcm
SwiftExplicitDependencyGeneratePcm arm64 /Users/admin/builder/spi-builder-workspace/.derivedData/SDKExplicitPrecompiledModules/_DarwinFoundation3-9ZHN6JKBS40BBA81RQMV8H0IC.pcm
SwiftExplicitDependencyGeneratePcm arm64 /Users/admin/builder/spi-builder-workspace/.derivedData/SDKExplicitPrecompiledModules/_Builtin_stdatomic-1VUZPM79PNCAHXVBERD53WRSF.pcm
SwiftExplicitDependencyGeneratePcm arm64 /Users/admin/builder/spi-builder-workspace/.derivedData/SDKExplicitPrecompiledModules/_Builtin_inttypes-11B64KJD36B3YOHBR1BBXBJY8.pcm
SwiftExplicitDependencyGeneratePcm arm64 /Users/admin/builder/spi-builder-workspace/.derivedData/SDKExplicitPrecompiledModules/Darwin-60P5LVNQO3ESRRM5DCJ05PFNK.pcm
SwiftExplicitDependencyGeneratePcm arm64 /Users/admin/builder/spi-builder-workspace/.derivedData/SDKExplicitPrecompiledModules/simd-9XXAB17Y6E4BBPQADD61NZ23.pcm
SwiftExplicitDependencyGeneratePcm arm64 /Users/admin/builder/spi-builder-workspace/.derivedData/SDKExplicitPrecompiledModules/ObjectiveC-26TIBFYCEJZVP216ZZAU1X8KN.pcm
SwiftExplicitDependencyGeneratePcm arm64 /Users/admin/builder/spi-builder-workspace/.derivedData/SDKExplicitPrecompiledModules/MachO-3XTHY7HWV6RF3KXKYQVHUBUXK.pcm
SwiftExplicitDependencyGeneratePcm arm64 /Users/admin/builder/spi-builder-workspace/.derivedData/SDKExplicitPrecompiledModules/os_object-692CJ8BG6RE5H04487EJJOVXW.pcm
SwiftExplicitDependencyGeneratePcm arm64 /Users/admin/builder/spi-builder-workspace/.derivedData/SDKExplicitPrecompiledModules/os_workgroup-4U1VXMWIZD80E7PRUQF2G7P9X.pcm
SwiftExplicitDependencyGeneratePcm arm64 /Users/admin/builder/spi-builder-workspace/.derivedData/SDKExplicitPrecompiledModules/Spatial-5E0I2846LO3ZE24CSVR2O57TI.pcm
SwiftExplicitDependencyGeneratePcm arm64 /Users/admin/builder/spi-builder-workspace/.derivedData/SDKExplicitPrecompiledModules/Dispatch-CLT3466HKC22GCKAWSCNG0H7T.pcm
SwiftExplicitDependencyGeneratePcm arm64 /Users/admin/builder/spi-builder-workspace/.derivedData/SDKExplicitPrecompiledModules/dnssd-CCUV1M8EULNEQJUXO7L0PJAL4.pcm
SwiftExplicitDependencyGeneratePcm arm64 /Users/admin/builder/spi-builder-workspace/.derivedData/SDKExplicitPrecompiledModules/CoreFoundation-AVLTZVCXBU2TO75JCN4AGU8XJ.pcm
SwiftExplicitDependencyGeneratePcm arm64 /Users/admin/builder/spi-builder-workspace/.derivedData/SDKExplicitPrecompiledModules/XPC-EP5EU7FNGP4VOA3EDM18P1KHO.pcm
SwiftExplicitDependencyGeneratePcm arm64 /Users/admin/builder/spi-builder-workspace/.derivedData/SDKExplicitPrecompiledModules/os-1004XEJ3IXOOAU0KL58SM3D0K.pcm
SwiftExplicitDependencyGeneratePcm arm64 /Users/admin/builder/spi-builder-workspace/.derivedData/SDKExplicitPrecompiledModules/Security-8TH2M8WJIQMET4SADWX0N8372.pcm
SwiftExplicitDependencyGeneratePcm arm64 /Users/admin/builder/spi-builder-workspace/.derivedData/SDKExplicitPrecompiledModules/CFNetwork-5MI70N1VLDQSWTX4COWLMSIRO.pcm
SwiftExplicitDependencyGeneratePcm arm64 /Users/admin/builder/spi-builder-workspace/.derivedData/SDKExplicitPrecompiledModules/CoreGraphics-BFUJ177R223UT2ZI327ZTZY91.pcm
SwiftExplicitDependencyGeneratePcm arm64 /Users/admin/builder/spi-builder-workspace/.derivedData/SDKExplicitPrecompiledModules/CoreAudioTypes-45UXYEQRN95KG6BF2CW0QIYK9.pcm
SwiftExplicitDependencyGeneratePcm arm64 /Users/admin/builder/spi-builder-workspace/.derivedData/SDKExplicitPrecompiledModules/CoreAudio-CXS3C78T5TQDGLEGXIBJ04WJ4.pcm
SwiftExplicitDependencyGeneratePcm arm64 /Users/admin/builder/spi-builder-workspace/.derivedData/SDKExplicitPrecompiledModules/Foundation-8GON1KVEKRN3NOQI8RETBRWJP.pcm
SwiftExplicitDependencyGeneratePcm arm64 /Users/admin/builder/spi-builder-workspace/.derivedData/SDKExplicitPrecompiledModules/CoreText-6F9TY5TEPCCZ1K2KYM4GMEGHD.pcm
SwiftExplicitDependencyGeneratePcm arm64 /Users/admin/builder/spi-builder-workspace/.derivedData/SDKExplicitPrecompiledModules/ImageIO-5CC6COR9KJYI1UBL7CSHLU2OG.pcm
SwiftExplicitDependencyGeneratePcm arm64 /Users/admin/builder/spi-builder-workspace/.derivedData/SDKExplicitPrecompiledModules/UIUtilities-AOVGLUWEAN6CG2UZFNESGSP6C.pcm
SwiftExplicitDependencyGeneratePcm arm64 /Users/admin/builder/spi-builder-workspace/.derivedData/SDKExplicitPrecompiledModules/FileProvider-C9I28SI56F2SEVH1BCWTKGODO.pcm
SwiftExplicitDependencyGeneratePcm arm64 /Users/admin/builder/spi-builder-workspace/.derivedData/SDKExplicitPrecompiledModules/LocalAuthentication-9MSPUJ85OBXBTOD7NJCT1GZ0O.pcm
SwiftExplicitDependencyGeneratePcm arm64 /Users/admin/builder/spi-builder-workspace/.derivedData/SDKExplicitPrecompiledModules/DataDetection-BANTQ3WXXGKZJYC0LLB3MD9K0.pcm
SwiftExplicitDependencyGeneratePcm arm64 /Users/admin/builder/spi-builder-workspace/.derivedData/SDKExplicitPrecompiledModules/UniformTypeIdentifiers-E5KMWDZEKS4QW9RO1KBRDEXV6.pcm
SwiftExplicitDependencyGeneratePcm arm64 /Users/admin/builder/spi-builder-workspace/.derivedData/SDKExplicitPrecompiledModules/CoreTransferable-8TBYAKHCX6UC8QQSS7BD8GQK5.pcm
SwiftExplicitDependencyGeneratePcm arm64 /Users/admin/builder/spi-builder-workspace/.derivedData/SDKExplicitPrecompiledModules/UserNotifications-8IIV1V1FPNAPA4LY1Y23LOM2N.pcm
SwiftExplicitDependencyGeneratePcm arm64 /Users/admin/builder/spi-builder-workspace/.derivedData/SDKExplicitPrecompiledModules/CoreMIDI-7L19IC4ZH9BPYLVTD8IIFWN9R.pcm
SwiftExplicitDependencyGeneratePcm arm64 /Users/admin/builder/spi-builder-workspace/.derivedData/SDKExplicitPrecompiledModules/IOSurface-5FE9U89GVFF9A7X7AGO2R8ENI.pcm
SwiftExplicitDependencyGeneratePcm arm64 /Users/admin/builder/spi-builder-workspace/.derivedData/SDKExplicitPrecompiledModules/OSLog-BNGT87TS0GMBFF7TY70HHB69.pcm
SwiftExplicitDependencyGeneratePcm arm64 /Users/admin/builder/spi-builder-workspace/.derivedData/SDKExplicitPrecompiledModules/_LocationEssentials-8GQGFVARUE99D8VJX3TINY0VP.pcm
SwiftExplicitDependencyGeneratePcm arm64 /Users/admin/builder/spi-builder-workspace/.derivedData/SDKExplicitPrecompiledModules/Symbols-8G2XC01RPQ5HYIZE6JNUT864I.pcm
SwiftExplicitDependencyGeneratePcm arm64 /Users/admin/builder/spi-builder-workspace/.derivedData/SDKExplicitPrecompiledModules/Accessibility-1DR4J4YDVDGAYQTZ0FKZ1PU09.pcm
SwiftExplicitDependencyGeneratePcm arm64 /Users/admin/builder/spi-builder-workspace/.derivedData/SDKExplicitPrecompiledModules/CoreData-73N6Z547OZUEZ8ADGEC6XRHWN.pcm
SwiftExplicitDependencyGeneratePcm arm64 /Users/admin/builder/spi-builder-workspace/.derivedData/SDKExplicitPrecompiledModules/Network-EQPZZF3W6BWG89K0PY9NZO3T0.pcm
SwiftExplicitDependencyGeneratePcm arm64 /Users/admin/builder/spi-builder-workspace/.derivedData/SDKExplicitPrecompiledModules/Metal-EKNUM9P3PRIBHZK1ZBD6BA2T7.pcm
SwiftExplicitDependencyGeneratePcm arm64 /Users/admin/builder/spi-builder-workspace/.derivedData/SDKExplicitPrecompiledModules/OpenGLES-56BKSYXNVAP91BYZRWAKQZKGI.pcm
SwiftExplicitDependencyGeneratePcm arm64 /Users/admin/builder/spi-builder-workspace/.derivedData/SDKExplicitPrecompiledModules/AudioToolbox-2K3S8EA590EB3GMH6D6784BWZ.pcm
SwiftExplicitDependencyGeneratePcm arm64 /Users/admin/builder/spi-builder-workspace/.derivedData/SDKExplicitPrecompiledModules/CoreLocation-1SN37095DAPVJ068LLP9TBDQX.pcm
SwiftExplicitDependencyGeneratePcm arm64 /Users/admin/builder/spi-builder-workspace/.derivedData/SDKExplicitPrecompiledModules/AVRouting-55P8FRNK50AFZOMMB2LBBOX33.pcm
SwiftExplicitDependencyGeneratePcm arm64 /Users/admin/builder/spi-builder-workspace/.derivedData/SDKExplicitPrecompiledModules/CoreMotion-10LV922UPGE28QX2SOIO7ALIZ.pcm
SwiftExplicitDependencyGeneratePcm arm64 /Users/admin/builder/spi-builder-workspace/.derivedData/SDKExplicitPrecompiledModules/CoreVideo-E12HJSJSLO0YKWYBES11UKJ02.pcm
SwiftExplicitDependencyCompileModuleFromInterface arm64 /Users/admin/builder/spi-builder-workspace/.derivedData/SDKExplicitPrecompiledModules/ShaderGraph-URHKVVOFZL5Z.swiftmodule
SwiftExplicitDependencyGeneratePcm arm64 /Users/admin/builder/spi-builder-workspace/.derivedData/SDKExplicitPrecompiledModules/ARKitFoundation-3N77COW7DLP77CM0PWZXSR9BD.pcm
SwiftExplicitDependencyGeneratePcm arm64 /Users/admin/builder/spi-builder-workspace/.derivedData/SDKExplicitPrecompiledModules/CoreImage-8WF1P230U10QM666EQMNV7OF1.pcm
SwiftExplicitDependencyGeneratePcm arm64 /Users/admin/builder/spi-builder-workspace/.derivedData/SDKExplicitPrecompiledModules/CoreML-37QYERWC0RQN4IY4377UD0TY1.pcm
SwiftExplicitDependencyGeneratePcm arm64 /Users/admin/builder/spi-builder-workspace/.derivedData/SDKExplicitPrecompiledModules/QuartzCore-12T8WVKUNCL1N7VXH87MM4YOB.pcm
SwiftExplicitDependencyGeneratePcm arm64 /Users/admin/builder/spi-builder-workspace/.derivedData/SDKExplicitPrecompiledModules/CoreMedia-D1IBHC28BRHWLNUG1Q75G5YN0.pcm
SwiftExplicitDependencyGeneratePcm arm64 /Users/admin/builder/spi-builder-workspace/.derivedData/SDKExplicitPrecompiledModules/SwiftUICore-6OBBMA39VFD4CB6SG2PE41FAP.pcm
SwiftExplicitDependencyGeneratePcm arm64 /Users/admin/builder/spi-builder-workspace/.derivedData/SDKExplicitPrecompiledModules/VideoToolbox-7I4MDYIPJ4IWU1ZSL4JE3I7M6.pcm
SwiftExplicitDependencyGeneratePcm arm64 /Users/admin/builder/spi-builder-workspace/.derivedData/SDKExplicitPrecompiledModules/MediaToolbox-1J5U29ERBPNPI1HKEJHXOP8EV.pcm
SwiftExplicitDependencyGeneratePcm arm64 /Users/admin/builder/spi-builder-workspace/.derivedData/SDKExplicitPrecompiledModules/UIKit-2D2PMAAE45TMO6S28UCGCO5BR.pcm
SwiftExplicitDependencyGeneratePcm arm64 /Users/admin/builder/spi-builder-workspace/.derivedData/SDKExplicitPrecompiledModules/AVFAudio-E8GATWFYYBEBB41O9N0LRRGYC.pcm
SwiftExplicitDependencyGeneratePcm arm64 /Users/admin/builder/spi-builder-workspace/.derivedData/SDKExplicitPrecompiledModules/Vision-DVVG9MQGC3IMTVPTC1691MQ6Z.pcm
SwiftExplicitDependencyGeneratePcm arm64 /Users/admin/builder/spi-builder-workspace/.derivedData/SDKExplicitPrecompiledModules/AVFoundation-DFCX8GQJWVA3CZBITWEHAZEFX.pcm
SwiftExplicitDependencyGeneratePcm arm64 /Users/admin/builder/spi-builder-workspace/.derivedData/SDKExplicitPrecompiledModules/ARKitCore-307YVPJLQNB66BTBIONHZNP86.pcm
SwiftExplicitDependencyGeneratePcm arm64 /Users/admin/builder/spi-builder-workspace/.derivedData/SDKExplicitPrecompiledModules/SwiftUI-77PUPXISY3V3TUF5FJEHUQC86.pcm
SwiftExplicitDependencyGeneratePcm arm64 /Users/admin/builder/spi-builder-workspace/.derivedData/SDKExplicitPrecompiledModules/GameController-7QL0VMQHE24OWQFUR0UFT89DW.pcm
SwiftExplicitDependencyGeneratePcm arm64 /Users/admin/builder/spi-builder-workspace/.derivedData/SDKExplicitPrecompiledModules/ARKit-27VDPOZ50FG2MJG7OFV6IFQYQ.pcm
SwiftEmitModule normal arm64 Emitting\ module\ for\ ElegantTabs (in target 'ElegantTabs' from project 'ElegantTabs')
/Users/admin/builder/spi-builder-workspace/Sources/ElegantTabs/ElegantTabs.swift:69:41: error: no exact matches in call to initializer
67 | public var hoverBackground: Color = Color.gray.opacity(0.3)
68 | public var selectedBackground: Color = Color.gray.opacity(0.3)
69 | public var backgroundColor: Color = Color(nsColor: .windowBackgroundColor)
| `- error: no exact matches in call to initializer
70 | public var iconSize: CGFloat = 24
71 | public var font: Font = .caption
SwiftUI.Color.init:3:10: note: incorrect labels for candidate (have: '(nsColor:)', expected: '(_:)')
1 | struct Color {
2 | @available(iOS 17.0, macOS 14.0, tvOS 17.0, watchOS 10.0, *)
3 | public init<T>(_ color: T) where T : Hashable, T : ShapeStyle, T.Resolved == Color.Resolved}
| `- note: incorrect labels for candidate (have: '(nsColor:)', expected: '(_:)')
4 |
SwiftUI.Color.init:2:8: note: incorrect labels for candidate (have: '(nsColor:)', expected: '(_:)')
1 | struct Color {
2 | public init(_ resolved: Color.Resolved)}
| `- note: incorrect labels for candidate (have: '(nsColor:)', expected: '(_:)')
3 |
SwiftUI.Color.init:2:8: note: incorrect labels for candidate (have: '(nsColor:)', expected: '(_:)')
1 | struct Color {
2 | public init(_ cgColor: CGColor)}
| `- note: incorrect labels for candidate (have: '(nsColor:)', expected: '(_:)')
3 |
SwiftUI.Color.init:2:8: note: incorrect labels for candidate (have: '(nsColor:)', expected: '(_:)')
1 | struct Color {
2 | public init(_ name: String, bundle: Bundle? = nil)}
| `- note: incorrect labels for candidate (have: '(nsColor:)', expected: '(_:)')
3 |
SwiftUI.Color.init:2:8: note: incorrect labels for candidate (have: '(nsColor:)', expected: '(_:)')
1 | struct Color {
2 | public init(_ resource: ColorResource)}
| `- note: incorrect labels for candidate (have: '(nsColor:)', expected: '(_:)')
3 |
/Users/admin/builder/spi-builder-workspace/Sources/ElegantTabs/ElegantTabs.swift:69:57: error: reference to member 'windowBackgroundColor' cannot be resolved without a contextual type
67 | public var hoverBackground: Color = Color.gray.opacity(0.3)
68 | public var selectedBackground: Color = Color.gray.opacity(0.3)
69 | public var backgroundColor: Color = Color(nsColor: .windowBackgroundColor)
| `- error: reference to member 'windowBackgroundColor' cannot be resolved without a contextual type
70 | public var iconSize: CGFloat = 24
71 | public var font: Font = .caption
/Users/admin/builder/spi-builder-workspace/Sources/ElegantTabs/ElegantTabs.swift:84:34: error: no exact matches in call to initializer
82 | hoverBackground: Color = Color.gray.opacity(0.3),
83 | selectedBackground: Color = Color.gray.opacity(0.3),
84 | backgroundColor: Color = Color(nsColor: .windowBackgroundColor),
| `- error: no exact matches in call to initializer
85 | iconSize: CGFloat = 24,
86 | font: Font = .caption,
SwiftUI.Color.init:3:10: note: incorrect labels for candidate (have: '(nsColor:)', expected: '(_:)')
1 | struct Color {
2 | @available(iOS 17.0, macOS 14.0, tvOS 17.0, watchOS 10.0, *)
3 | public init<T>(_ color: T) where T : Hashable, T : ShapeStyle, T.Resolved == Color.Resolved}
| `- note: incorrect labels for candidate (have: '(nsColor:)', expected: '(_:)')
4 |
SwiftUI.Color.init:2:8: note: incorrect labels for candidate (have: '(nsColor:)', expected: '(_:)')
1 | struct Color {
2 | public init(_ resolved: Color.Resolved)}
| `- note: incorrect labels for candidate (have: '(nsColor:)', expected: '(_:)')
3 |
SwiftUI.Color.init:2:8: note: incorrect labels for candidate (have: '(nsColor:)', expected: '(_:)')
1 | struct Color {
2 | public init(_ cgColor: CGColor)}
| `- note: incorrect labels for candidate (have: '(nsColor:)', expected: '(_:)')
3 |
SwiftUI.Color.init:2:8: note: incorrect labels for candidate (have: '(nsColor:)', expected: '(_:)')
1 | struct Color {
2 | public init(_ name: String, bundle: Bundle? = nil)}
| `- note: incorrect labels for candidate (have: '(nsColor:)', expected: '(_:)')
3 |
SwiftUI.Color.init:2:8: note: incorrect labels for candidate (have: '(nsColor:)', expected: '(_:)')
1 | struct Color {
2 | public init(_ resource: ColorResource)}
| `- note: incorrect labels for candidate (have: '(nsColor:)', expected: '(_:)')
3 |
/Users/admin/builder/spi-builder-workspace/Sources/ElegantTabs/ElegantTabs.swift:84:50: error: reference to member 'windowBackgroundColor' cannot be resolved without a contextual type
82 | hoverBackground: Color = Color.gray.opacity(0.3),
83 | selectedBackground: Color = Color.gray.opacity(0.3),
84 | backgroundColor: Color = Color(nsColor: .windowBackgroundColor),
| `- error: reference to member 'windowBackgroundColor' cannot be resolved without a contextual type
85 | iconSize: CGFloat = 24,
86 | font: Font = .caption,
/Users/admin/builder/spi-builder-workspace/Sources/ElegantTabs/ElegantTabs.swift:220:34: error: no exact matches in call to initializer
218 | hoverBackground: Color.blue.opacity(0.2),
219 | selectedBackground: Color.blue.opacity(0.3),
220 | backgroundColor: Color(nsColor: .windowBackgroundColor),
| `- error: no exact matches in call to initializer
221 | iconSize: 30,
222 | font: .headline,
SwiftUI.Color.init:3:10: note: incorrect labels for candidate (have: '(nsColor:)', expected: '(_:)')
1 | struct Color {
2 | @available(iOS 17.0, macOS 14.0, tvOS 17.0, watchOS 10.0, *)
3 | public init<T>(_ color: T) where T : Hashable, T : ShapeStyle, T.Resolved == Color.Resolved}
| `- note: incorrect labels for candidate (have: '(nsColor:)', expected: '(_:)')
4 |
SwiftUI.Color.init:2:8: note: incorrect labels for candidate (have: '(nsColor:)', expected: '(_:)')
1 | struct Color {
2 | public init(_ resolved: Color.Resolved)}
| `- note: incorrect labels for candidate (have: '(nsColor:)', expected: '(_:)')
3 |
SwiftUI.Color.init:2:8: note: incorrect labels for candidate (have: '(nsColor:)', expected: '(_:)')
1 | struct Color {
2 | public init(_ cgColor: CGColor)}
| `- note: incorrect labels for candidate (have: '(nsColor:)', expected: '(_:)')
3 |
SwiftUI.Color.init:2:8: note: incorrect labels for candidate (have: '(nsColor:)', expected: '(_:)')
1 | struct Color {
2 | public init(_ name: String, bundle: Bundle? = nil)}
| `- note: incorrect labels for candidate (have: '(nsColor:)', expected: '(_:)')
3 |
SwiftUI.Color.init:2:8: note: incorrect labels for candidate (have: '(nsColor:)', expected: '(_:)')
1 | struct Color {
2 | public init(_ resource: ColorResource)}
| `- note: incorrect labels for candidate (have: '(nsColor:)', expected: '(_:)')
3 |
/Users/admin/builder/spi-builder-workspace/Sources/ElegantTabs/ElegantTabs.swift:220:50: error: reference to member 'windowBackgroundColor' cannot be resolved without a contextual type
218 | hoverBackground: Color.blue.opacity(0.2),
219 | selectedBackground: Color.blue.opacity(0.3),
220 | backgroundColor: Color(nsColor: .windowBackgroundColor),
| `- error: reference to member 'windowBackgroundColor' cannot be resolved without a contextual type
221 | iconSize: 30,
222 | font: .headline,
Failed frontend command:
SwiftCompile normal arm64 (in target 'ElegantTabs' from project 'ElegantTabs')
cd /Users/admin/builder/spi-builder-workspace/.swiftpm/xcode
/Applications/Xcode-27.0.0-Release.Candidate.app/Contents/Developer/Toolchains/XcodeDefault.xctoolchain/usr/bin/swift-frontend -frontend -emit-module -experimental-skip-non-inlinable-function-bodies-without-types /Users/admin/builder/spi-builder-workspace/Sources/ElegantTabs/ElegantTabs.swift -target arm64-apple-xros1.0 -disable-cross-import-overlay-search -load-resolved-plugin /Applications/Xcode-27.0.0-Release.Candidate.app/Contents/Developer/Platforms/XROS.platform/Developer/usr/lib/swift/host/plugins/libFoundationMacros.dylib\#/Applications/Xcode-27.0.0-Release.Candidate.app/Contents/Developer/Platforms/XROS.platform/Developer/usr/bin/swift-plugin-server\#FoundationMacros -load-resolved-plugin /Applications/Xcode-27.0.0-Release.Candidate.app/Contents/Developer/Platforms/XROS.platform/Developer/usr/lib/swift/host/plugins/libObservationMacros.dylib\#/Applications/Xcode-27.0.0-Release.Candidate.app/Contents/Developer/Platforms/XROS.platform/Developer/usr/bin/swift-plugin-server\#ObservationMacros -load-resolved-plugin /Applications/Xcode-27.0.0-Release.Candidate.app/Contents/Developer/Platforms/XROS.platform/Developer/usr/lib/swift/host/plugins/libPreviewsMacros.dylib\#/Applications/Xcode-27.0.0-Release.Candidate.app/Contents/Developer/Platforms/XROS.platform/Developer/usr/bin/swift-plugin-server\#PreviewsMacros -load-resolved-plugin /Applications/Xcode-27.0.0-Release.Candidate.app/Contents/Developer/Platforms/XROS.platform/Developer/usr/lib/swift/host/plugins/libSwiftMacros.dylib\#/Applications/Xcode-27.0.0-Release.Candidate.app/Contents/Developer/Platforms/XROS.platform/Developer/usr/bin/swift-plugin-server\#SwiftMacros -load-resolved-plugin /Applications/Xcode-27.0.0-Release.Candidate.app/Contents/Developer/Platforms/XROS.platform/Developer/usr/lib/swift/host/plugins/libSwiftUIMacros.dylib\#/Applications/Xcode-27.0.0-Release.Candidate.app/Contents/Developer/Platforms/XROS.platform/Developer/usr/bin/swift-plugin-server\#SwiftUIMacros -disable-implicit-swift-modules -Xcc -fno-implicit-modules -Xcc -fno-implicit-module-maps -explicit-swift-module-map-file /Users/admin/builder/spi-builder-workspace/.derivedData/Build/Intermediates.noindex/ElegantTabs.build/Debug-xros/ElegantTabs-t.build/Objects-normal/arm64/ElegantTabs-dependencies-1.json -Xllvm -aarch64-use-tbi -enable-objc-interop -stack-check -sdk /Applications/Xcode-27.0.0-Release.Candidate.app/Contents/Developer/Platforms/XROS.platform/Developer/SDKs/XROS27.0.sdk -I /Users/admin/builder/spi-builder-workspace/.derivedData/Build/Products/Debug-xros -Isystem /Applications/Xcode-27.0.0-Release.Candidate.app/Contents/Developer/Platforms/XROS.platform/Developer/usr/lib -F /Users/admin/builder/spi-builder-workspace/.derivedData/Build/Products/Debug-xros -F /Applications/Xcode-27.0.0-Release.Candidate.app/Contents/Developer/Platforms/XROS.platform/Developer/Library/Frameworks -F /Applications/Xcode-27.0.0-Release.Candidate.app/Contents/Developer/Platforms/XROS.platform/Developer/SDKs/XROS27.0.sdk/Developer/Library/Frameworks -module-cache-path /Users/admin/builder/spi-builder-workspace/.derivedData/Build/Intermediates.noindex/SwiftExplicitPrecompiledModules -no-color-diagnostics -Xcc -fno-color-diagnostics -enable-testing -g -debug-info-format\=dwarf -dwarf-version\=4 -profile-generate -profile-coverage-mapping -swift-version 5 -Onone -D SWIFT_PACKAGE -D DEBUG -D SWIFT_MODULE_RESOURCE_BUNDLE_UNAVAILABLE -D Xcode -serialize-debugging-options -enable-experimental-feature DebugDescriptionMacro -empty-abi-descriptor -validate-clang-modules-once -clang-build-session-file /Users/admin/builder/spi-builder-workspace/.derivedData/ModuleCache.noindex/Session.modulevalidation -Xcc -working-directory -Xcc /Users/admin/builder/spi-builder-workspace/.swiftpm/xcode -enable-anonymous-context-mangled-names -file-compilation-dir /Users/admin/builder/spi-builder-workspace/.swiftpm/xcode -Xcc -D_LIBCPP_HARDENING_MODE\=_LIBCPP_HARDENING_MODE_DEBUG -Xcc -ivfsstatcache -Xcc /Users/admin/builder/spi-builder-workspace/.derivedData/SDKStatCaches.noindex/xros27.0-24M361-e829b21a6f8c9b70876ba0858053c044735bd543db762f57723cac368afd1ce4.sdkstatcache -Xcc -fmodules-prune-interval\=86400 -Xcc -fmodules-prune-after\=345600 -Xcc -I/Users/admin/builder/spi-builder-workspace/.derivedData/Build/Products/Debug-xros/include -Xcc -I/Users/admin/builder/spi-builder-workspace/.derivedData/Build/Intermediates.noindex/ElegantTabs.build/Debug-xros/ElegantTabs-t.build/DerivedSources-normal/arm64 -Xcc -I/Users/admin/builder/spi-builder-workspace/.derivedData/Build/Intermediates.noindex/ElegantTabs.build/Debug-xros/ElegantTabs-t.build/DerivedSources/arm64 -Xcc -I/Users/admin/builder/spi-builder-workspace/.derivedData/Build/Intermediates.noindex/ElegantTabs.build/Debug-xros/ElegantTabs-t.build/DerivedSources -Xcc -DSWIFT_PACKAGE -Xcc -DDEBUG\=1 -no-auto-bridging-header-chaining -module-name ElegantTabs -const-gather-protocols-file /Users/admin/builder/spi-builder-workspace/.derivedData/Build/Intermediates.noindex/ElegantTabs.build/Debug-xros/ElegantTabs-t.build/Objects-normal/arm64/ElegantTabs_const_extract_protocols.json -disable-clang-spi -clang-target arm64-apple-xros27.0 -target-sdk-version 27.0 -target-sdk-name xros27.0 -in-process-plugin-server-path /Applications/Xcode-27.0.0-Release.Candidate.app/Contents/Developer/Toolchains/XcodeDefault.xctoolchain/usr/lib/swift/host/libSwiftInProcPluginServer.dylib -emit-module-doc-path /Users/admin/builder/spi-builder-workspace/.derivedData/Build/Intermediates.noindex/ElegantTabs.build/Debug-xros/ElegantTabs-t.build/Objects-normal/arm64/ElegantTabs.swiftdoc -emit-module-source-info-path /Users/admin/builder/spi-builder-workspace/.derivedData/Build/Intermediates.noindex/ElegantTabs.build/Debug-xros/ElegantTabs-t.build/Objects-normal/arm64/ElegantTabs.swiftsourceinfo -emit-objc-header-path /Users/admin/builder/spi-builder-workspace/.derivedData/Build/Intermediates.noindex/ElegantTabs.build/Debug-xros/ElegantTabs-t.build/Objects-normal/arm64/ElegantTabs-Swift.h -serialize-diagnostics-path /Users/admin/builder/spi-builder-workspace/.derivedData/Build/Intermediates.noindex/ElegantTabs.build/Debug-xros/ElegantTabs-t.build/Objects-normal/arm64/ElegantTabs-primary-emit-module.dia -emit-dependencies-path /Users/admin/builder/spi-builder-workspace/.derivedData/Build/Intermediates.noindex/ElegantTabs.build/Debug-xros/ElegantTabs-t.build/Objects-normal/arm64/ElegantTabs-primary-emit-module.d -parse-as-library -o /Users/admin/builder/spi-builder-workspace/.derivedData/Build/Intermediates.noindex/ElegantTabs.build/Debug-xros/ElegantTabs-t.build/Objects-normal/arm64/ElegantTabs.swiftmodule -emit-abi-descriptor-path /Users/admin/builder/spi-builder-workspace/.derivedData/Build/Intermediates.noindex/ElegantTabs.build/Debug-xros/ElegantTabs-t.build/Objects-normal/arm64/ElegantTabs.abi.json
SwiftCompile normal arm64 Compiling\ ElegantTabs.swift /Users/admin/builder/spi-builder-workspace/Sources/ElegantTabs/ElegantTabs.swift (in target 'ElegantTabs' from project 'ElegantTabs')
SwiftCompile normal arm64 /Users/admin/builder/spi-builder-workspace/Sources/ElegantTabs/ElegantTabs.swift (in target 'ElegantTabs' from project 'ElegantTabs')
cd /Users/admin/builder/spi-builder-workspace/.swiftpm/xcode
builtin-SwiftPerFileCompile ElegantTabs.swift
/Users/admin/builder/spi-builder-workspace/Sources/ElegantTabs/ElegantTabs.swift:69:41: error: no exact matches in call to initializer
67 | public var hoverBackground: Color = Color.gray.opacity(0.3)
68 | public var selectedBackground: Color = Color.gray.opacity(0.3)
69 | public var backgroundColor: Color = Color(nsColor: .windowBackgroundColor)
| `- error: no exact matches in call to initializer
70 | public var iconSize: CGFloat = 24
71 | public var font: Font = .caption
SwiftUI.Color.init:3:10: note: incorrect labels for candidate (have: '(nsColor:)', expected: '(_:)')
1 | struct Color {
2 | @available(iOS 17.0, macOS 14.0, tvOS 17.0, watchOS 10.0, *)
3 | public init<T>(_ color: T) where T : Hashable, T : ShapeStyle, T.Resolved == Color.Resolved}
| `- note: incorrect labels for candidate (have: '(nsColor:)', expected: '(_:)')
4 |
SwiftUI.Color.init:2:8: note: incorrect labels for candidate (have: '(nsColor:)', expected: '(_:)')
1 | struct Color {
2 | public init(_ resolved: Color.Resolved)}
| `- note: incorrect labels for candidate (have: '(nsColor:)', expected: '(_:)')
3 |
SwiftUI.Color.init:2:8: note: incorrect labels for candidate (have: '(nsColor:)', expected: '(_:)')
1 | struct Color {
2 | public init(_ cgColor: CGColor)}
| `- note: incorrect labels for candidate (have: '(nsColor:)', expected: '(_:)')
3 |
SwiftUI.Color.init:2:8: note: incorrect labels for candidate (have: '(nsColor:)', expected: '(_:)')
1 | struct Color {
2 | public init(_ name: String, bundle: Bundle? = nil)}
| `- note: incorrect labels for candidate (have: '(nsColor:)', expected: '(_:)')
3 |
SwiftUI.Color.init:2:8: note: incorrect labels for candidate (have: '(nsColor:)', expected: '(_:)')
1 | struct Color {
2 | public init(_ resource: ColorResource)}
| `- note: incorrect labels for candidate (have: '(nsColor:)', expected: '(_:)')
3 |
/Users/admin/builder/spi-builder-workspace/Sources/ElegantTabs/ElegantTabs.swift:69:57: error: reference to member 'windowBackgroundColor' cannot be resolved without a contextual type
67 | public var hoverBackground: Color = Color.gray.opacity(0.3)
68 | public var selectedBackground: Color = Color.gray.opacity(0.3)
69 | public var backgroundColor: Color = Color(nsColor: .windowBackgroundColor)
| `- error: reference to member 'windowBackgroundColor' cannot be resolved without a contextual type
70 | public var iconSize: CGFloat = 24
71 | public var font: Font = .caption
/Users/admin/builder/spi-builder-workspace/Sources/ElegantTabs/ElegantTabs.swift:84:34: error: no exact matches in call to initializer
82 | hoverBackground: Color = Color.gray.opacity(0.3),
83 | selectedBackground: Color = Color.gray.opacity(0.3),
84 | backgroundColor: Color = Color(nsColor: .windowBackgroundColor),
| `- error: no exact matches in call to initializer
85 | iconSize: CGFloat = 24,
86 | font: Font = .caption,
SwiftUI.Color.init:3:10: note: incorrect labels for candidate (have: '(nsColor:)', expected: '(_:)')
1 | struct Color {
2 | @available(iOS 17.0, macOS 14.0, tvOS 17.0, watchOS 10.0, *)
3 | public init<T>(_ color: T) where T : Hashable, T : ShapeStyle, T.Resolved == Color.Resolved}
| `- note: incorrect labels for candidate (have: '(nsColor:)', expected: '(_:)')
4 |
SwiftUI.Color.init:2:8: note: incorrect labels for candidate (have: '(nsColor:)', expected: '(_:)')
1 | struct Color {
2 | public init(_ resolved: Color.Resolved)}
| `- note: incorrect labels for candidate (have: '(nsColor:)', expected: '(_:)')
3 |
SwiftUI.Color.init:2:8: note: incorrect labels for candidate (have: '(nsColor:)', expected: '(_:)')
1 | struct Color {
2 | public init(_ cgColor: CGColor)}
| `- note: incorrect labels for candidate (have: '(nsColor:)', expected: '(_:)')
3 |
SwiftUI.Color.init:2:8: note: incorrect labels for candidate (have: '(nsColor:)', expected: '(_:)')
1 | struct Color {
2 | public init(_ name: String, bundle: Bundle? = nil)}
| `- note: incorrect labels for candidate (have: '(nsColor:)', expected: '(_:)')
3 |
SwiftUI.Color.init:2:8: note: incorrect labels for candidate (have: '(nsColor:)', expected: '(_:)')
1 | struct Color {
2 | public init(_ resource: ColorResource)}
| `- note: incorrect labels for candidate (have: '(nsColor:)', expected: '(_:)')
3 |
/Users/admin/builder/spi-builder-workspace/Sources/ElegantTabs/ElegantTabs.swift:84:50: error: reference to member 'windowBackgroundColor' cannot be resolved without a contextual type
82 | hoverBackground: Color = Color.gray.opacity(0.3),
83 | selectedBackground: Color = Color.gray.opacity(0.3),
84 | backgroundColor: Color = Color(nsColor: .windowBackgroundColor),
| `- error: reference to member 'windowBackgroundColor' cannot be resolved without a contextual type
85 | iconSize: CGFloat = 24,
86 | font: Font = .caption,
/Users/admin/builder/spi-builder-workspace/Sources/ElegantTabs/ElegantTabs.swift:220:34: error: no exact matches in call to initializer
218 | hoverBackground: Color.blue.opacity(0.2),
219 | selectedBackground: Color.blue.opacity(0.3),
220 | backgroundColor: Color(nsColor: .windowBackgroundColor),
| `- error: no exact matches in call to initializer
221 | iconSize: 30,
222 | font: .headline,
SwiftUI.Color.init:3:10: note: incorrect labels for candidate (have: '(nsColor:)', expected: '(_:)')
1 | struct Color {
2 | @available(iOS 17.0, macOS 14.0, tvOS 17.0, watchOS 10.0, *)
3 | public init<T>(_ color: T) where T : Hashable, T : ShapeStyle, T.Resolved == Color.Resolved}
| `- note: incorrect labels for candidate (have: '(nsColor:)', expected: '(_:)')
4 |
SwiftUI.Color.init:2:8: note: incorrect labels for candidate (have: '(nsColor:)', expected: '(_:)')
1 | struct Color {
2 | public init(_ resolved: Color.Resolved)}
| `- note: incorrect labels for candidate (have: '(nsColor:)', expected: '(_:)')
3 |
SwiftUI.Color.init:2:8: note: incorrect labels for candidate (have: '(nsColor:)', expected: '(_:)')
1 | struct Color {
2 | public init(_ cgColor: CGColor)}
| `- note: incorrect labels for candidate (have: '(nsColor:)', expected: '(_:)')
3 |
SwiftUI.Color.init:2:8: note: incorrect labels for candidate (have: '(nsColor:)', expected: '(_:)')
1 | struct Color {
2 | public init(_ name: String, bundle: Bundle? = nil)}
| `- note: incorrect labels for candidate (have: '(nsColor:)', expected: '(_:)')
3 |
SwiftUI.Color.init:2:8: note: incorrect labels for candidate (have: '(nsColor:)', expected: '(_:)')
1 | struct Color {
2 | public init(_ resource: ColorResource)}
| `- note: incorrect labels for candidate (have: '(nsColor:)', expected: '(_:)')
3 |
PruneExplicitPrecompiledModules /Users/admin/builder/spi-builder-workspace/.derivedData/SDKExplicitPrecompiledModules
PruneExplicitPrecompiledModules /Users/admin/builder/spi-builder-workspace/.derivedData/Build/Intermediates.noindex/SwiftExplicitPrecompiledModules
PruneExplicitPrecompiledModules /Users/admin/builder/spi-builder-workspace/.derivedData/Build/Intermediates.noindex/ExplicitPrecompiledModules
2026-09-25 15:20:05.385 xcodebuild[648:4168] [MT] IDERunDestination: Supported platforms for the buildables in the current scheme is empty.
** BUILD FAILED **
The following build commands failed:
SwiftCompile normal arm64 (in target 'ElegantTabs' from project 'ElegantTabs')
SwiftEmitModule normal arm64 Emitting\ module\ for\ ElegantTabs (in target 'ElegantTabs' from project 'ElegantTabs')
Building workspace ElegantTabs with scheme ElegantTabs
(3 failures)
Command line invocation:
/Applications/Xcode-27.0.0-Release.Candidate.app/Contents/Developer/usr/bin/xcodebuild -IDEClonedSourcePackagesDirPathOverride=/Users/admin/builder/spi-builder-workspace/.dependencies -resolvePackageDependencies
Resolve Package Graph
Resolved source packages:
ElegantTabs: /Users/admin/builder/spi-builder-workspace
resolved source packages: ElegantTabs
2026-09-25 15:20:13.102 xcodebuild[757:4601] [MT] IDERunDestination: Supported platforms for the buildables in the current scheme is empty.
{
"dependencies" : [
],
"manifest_display_name" : "ElegantTabs",
"name" : "ElegantTabs",
"path" : "/Users/admin/builder/spi-builder-workspace",
"platforms" : [
{
"name" : "macos",
"version" : "12.0"
}
],
"products" : [
{
"name" : "ElegantTabs",
"targets" : [
"ElegantTabs"
],
"type" : {
"library" : [
"automatic"
]
}
}
],
"targets" : [
{
"c99name" : "ElegantTabsTests",
"module_type" : "SwiftTarget",
"name" : "ElegantTabsTests",
"path" : "Tests/ElegantTabsTests",
"sources" : [
"ElegantTabsTests.swift"
],
"target_dependencies" : [
"ElegantTabs"
],
"type" : "test"
},
{
"c99name" : "ElegantTabs",
"module_type" : "SwiftTarget",
"name" : "ElegantTabs",
"path" : "Sources/ElegantTabs",
"product_memberships" : [
"ElegantTabs"
],
"sources" : [
"ElegantTabs.swift"
],
"type" : "library"
}
],
"tools_version" : "5.7"
}
{
"workspace" : {
"name" : "ElegantTabs",
"schemes" : [
"ElegantTabs"
]
}
}
2026-09-25 15:20:14.351 xcodebuild[765:4673] [MT] IDERunDestination: Supported platforms for the buildables in the current scheme is empty.
Running build ...
env DEVELOPER_DIR=/Applications/Xcode-27.0.0-Release.Candidate.app xcrun xcodebuild -IDEClonedSourcePackagesDirPathOverride=$PWD/.dependencies -skipMacroValidation -skipPackagePluginValidation -derivedDataPath $PWD/.derivedData build -scheme ElegantTabs -destination generic/platform=xrOS
Command line invocation:
/Applications/Xcode-27.0.0-Release.Candidate.app/Contents/Developer/usr/bin/xcodebuild -IDEClonedSourcePackagesDirPathOverride=/Users/admin/builder/spi-builder-workspace/.dependencies -skipMacroValidation -skipPackagePluginValidation -derivedDataPath /Users/admin/builder/spi-builder-workspace/.derivedData build -scheme ElegantTabs -destination generic/platform=xrOS
Resolve Package Graph
Resolved source packages:
ElegantTabs: /Users/admin/builder/spi-builder-workspace
ComputePackagePrebuildTargetDependencyGraph
Prepare packages
CreateBuildRequest
SendProjectDescription
CreateBuildOperation
ComputeTargetDependencyGraph
note: Building targets in dependency order
note: Target dependency graph (2 targets)
Target 'ElegantTabs-product' in project 'ElegantTabs'
➜ Explicit dependency on target 'ElegantTabs' in project 'ElegantTabs'
Target 'ElegantTabs' in project 'ElegantTabs' (no dependencies)
GatherProvisioningInputs
CreateBuildDescription
ClangStatCache /Applications/Xcode-27.0.0-Release.Candidate.app/Contents/Developer/Toolchains/XcodeDefault.xctoolchain/usr/bin/clang-stat-cache /Applications/Xcode-27.0.0-Release.Candidate.app/Contents/Developer/Platforms/XROS.platform/Developer/SDKs/XROS27.0.sdk /Users/admin/builder/spi-builder-workspace/.derivedData/SDKStatCaches.noindex/xros27.0-24M361-e829b21a6f8c9b70876ba0858053c044735bd543db762f57723cac368afd1ce4.sdkstatcache
cd /Users/admin/builder/spi-builder-workspace/.swiftpm/xcode
/Applications/Xcode-27.0.0-Release.Candidate.app/Contents/Developer/Toolchains/XcodeDefault.xctoolchain/usr/bin/clang-stat-cache /Applications/Xcode-27.0.0-Release.Candidate.app/Contents/Developer/Platforms/XROS.platform/Developer/SDKs/XROS27.0.sdk -o /Users/admin/builder/spi-builder-workspace/.derivedData/SDKStatCaches.noindex/xros27.0-24M361-e829b21a6f8c9b70876ba0858053c044735bd543db762f57723cac368afd1ce4.sdkstatcache
SwiftDriver ElegantTabs normal arm64 com.apple.xcode.tools.swift.compiler (in target 'ElegantTabs' from project 'ElegantTabs')
cd /Users/admin/builder/spi-builder-workspace/.swiftpm/xcode
builtin-SwiftDriver -- /Applications/Xcode-27.0.0-Release.Candidate.app/Contents/Developer/Toolchains/XcodeDefault.xctoolchain/usr/bin/swiftc -parse-as-library -module-name ElegantTabs -Onone @/Users/admin/builder/spi-builder-workspace/.derivedData/Build/Intermediates.noindex/ElegantTabs.build/Debug-xros/ElegantTabs-t.build/Objects-normal/arm64/ElegantTabs.SwiftFileList -DSWIFT_PACKAGE -DDEBUG -DSWIFT_MODULE_RESOURCE_BUNDLE_UNAVAILABLE -DXcode -plugin-path /Applications/Xcode-27.0.0-Release.Candidate.app/Contents/Developer/Toolchains/XcodeDefault.xctoolchain/usr/lib/swift/host/plugins/testing -enable-experimental-feature DebugDescriptionMacro -sdk /Applications/Xcode-27.0.0-Release.Candidate.app/Contents/Developer/Platforms/XROS.platform/Developer/SDKs/XROS27.0.sdk -target arm64-apple-xros1.0 -g -module-cache-path /Users/admin/builder/spi-builder-workspace/.derivedData/ModuleCache.noindex -Xfrontend -serialize-debugging-options -profile-coverage-mapping -profile-generate -enable-testing -index-store-path /Users/admin/builder/spi-builder-workspace/.derivedData/Index.noindex/DataStore -Xcc -D_LIBCPP_HARDENING_MODE\=_LIBCPP_HARDENING_MODE_DEBUG -swift-version 5 -I /Users/admin/builder/spi-builder-workspace/.derivedData/Build/Products/Debug-xros -Isystem /Applications/Xcode-27.0.0-Release.Candidate.app/Contents/Developer/Platforms/XROS.platform/Developer/usr/lib -F /Users/admin/builder/spi-builder-workspace/.derivedData/Build/Products/Debug-xros -F /Applications/Xcode-27.0.0-Release.Candidate.app/Contents/Developer/Platforms/XROS.platform/Developer/Library/Frameworks -F /Applications/Xcode-27.0.0-Release.Candidate.app/Contents/Developer/Platforms/XROS.platform/Developer/SDKs/XROS27.0.sdk/Developer/Library/Frameworks -c -j10 -enable-batch-mode -incremental -Xcc -ivfsstatcache -Xcc /Users/admin/builder/spi-builder-workspace/.derivedData/SDKStatCaches.noindex/xros27.0-24M361-e829b21a6f8c9b70876ba0858053c044735bd543db762f57723cac368afd1ce4.sdkstatcache -output-file-map /Users/admin/builder/spi-builder-workspace/.derivedData/Build/Intermediates.noindex/ElegantTabs.build/Debug-xros/ElegantTabs-t.build/Objects-normal/arm64/ElegantTabs-OutputFileMap.json -save-temps -no-color-diagnostics -explicit-module-build -module-cache-path /Users/admin/builder/spi-builder-workspace/.derivedData/Build/Intermediates.noindex/SwiftExplicitPrecompiledModules -clang-scanner-module-cache-path /Users/admin/builder/spi-builder-workspace/.derivedData/ModuleCache.noindex -sdk-module-cache-path /Users/admin/builder/spi-builder-workspace/.derivedData/SDKExplicitPrecompiledModules -emit-dependencies -emit-module -emit-module-path /Users/admin/builder/spi-builder-workspace/.derivedData/Build/Intermediates.noindex/ElegantTabs.build/Debug-xros/ElegantTabs-t.build/Objects-normal/arm64/ElegantTabs.swiftmodule -serialize-diagnostics -dependency-scan-serialize-diagnostics-path /Users/admin/builder/spi-builder-workspace/.derivedData/Build/Intermediates.noindex/ElegantTabs.build/Debug-xros/ElegantTabs-t.build/Objects-normal/arm64/ElegantTabs-dependency-scan.dia -validate-clang-modules-once -clang-build-session-file /Users/admin/builder/spi-builder-workspace/.derivedData/ModuleCache.noindex/Session.modulevalidation -Xcc -fmodules-prune-interval\=86400 -Xcc -fmodules-prune-after\=345600 -emit-const-values -const-gather-protocols-list /Users/admin/builder/spi-builder-workspace/.derivedData/Build/Intermediates.noindex/ElegantTabs.build/Debug-xros/ElegantTabs-t.build/Objects-normal/arm64/ElegantTabs_const_extract_protocols.json -Xcc -I/Users/admin/builder/spi-builder-workspace/.derivedData/Build/Products/Debug-xros/include -Xcc -I/Users/admin/builder/spi-builder-workspace/.derivedData/Build/Intermediates.noindex/ElegantTabs.build/Debug-xros/ElegantTabs-t.build/DerivedSources-normal/arm64 -Xcc -I/Users/admin/builder/spi-builder-workspace/.derivedData/Build/Intermediates.noindex/ElegantTabs.build/Debug-xros/ElegantTabs-t.build/DerivedSources/arm64 -Xcc -I/Users/admin/builder/spi-builder-workspace/.derivedData/Build/Intermediates.noindex/ElegantTabs.build/Debug-xros/ElegantTabs-t.build/DerivedSources -Xcc -DSWIFT_PACKAGE -Xcc -DDEBUG\=1 -emit-objc-header -emit-objc-header-path /Users/admin/builder/spi-builder-workspace/.derivedData/Build/Intermediates.noindex/ElegantTabs.build/Debug-xros/ElegantTabs-t.build/Objects-normal/arm64/ElegantTabs-Swift.h -working-directory /Users/admin/builder/spi-builder-workspace/.swiftpm/xcode -experimental-emit-module-separately -disable-cmo
SwiftEmitModule normal arm64 Emitting\ module\ for\ ElegantTabs (in target 'ElegantTabs' from project 'ElegantTabs')
/Users/admin/builder/spi-builder-workspace/Sources/ElegantTabs/ElegantTabs.swift:69:41: error: no exact matches in call to initializer
67 | public var hoverBackground: Color = Color.gray.opacity(0.3)
68 | public var selectedBackground: Color = Color.gray.opacity(0.3)
69 | public var backgroundColor: Color = Color(nsColor: .windowBackgroundColor)
| `- error: no exact matches in call to initializer
70 | public var iconSize: CGFloat = 24
71 | public var font: Font = .caption
SwiftUI.Color.init:3:10: note: incorrect labels for candidate (have: '(nsColor:)', expected: '(_:)')
1 | struct Color {
2 | @available(iOS 17.0, macOS 14.0, tvOS 17.0, watchOS 10.0, *)
3 | public init<T>(_ color: T) where T : Hashable, T : ShapeStyle, T.Resolved == Color.Resolved}
| `- note: incorrect labels for candidate (have: '(nsColor:)', expected: '(_:)')
4 |
SwiftUI.Color.init:2:8: note: incorrect labels for candidate (have: '(nsColor:)', expected: '(_:)')
1 | struct Color {
2 | public init(_ resolved: Color.Resolved)}
| `- note: incorrect labels for candidate (have: '(nsColor:)', expected: '(_:)')
3 |
SwiftUI.Color.init:2:8: note: incorrect labels for candidate (have: '(nsColor:)', expected: '(_:)')
1 | struct Color {
2 | public init(_ cgColor: CGColor)}
| `- note: incorrect labels for candidate (have: '(nsColor:)', expected: '(_:)')
3 |
SwiftUI.Color.init:2:8: note: incorrect labels for candidate (have: '(nsColor:)', expected: '(_:)')
1 | struct Color {
2 | public init(_ name: String, bundle: Bundle? = nil)}
| `- note: incorrect labels for candidate (have: '(nsColor:)', expected: '(_:)')
3 |
SwiftUI.Color.init:2:8: note: incorrect labels for candidate (have: '(nsColor:)', expected: '(_:)')
1 | struct Color {
2 | public init(_ resource: ColorResource)}
| `- note: incorrect labels for candidate (have: '(nsColor:)', expected: '(_:)')
3 |
/Users/admin/builder/spi-builder-workspace/Sources/ElegantTabs/ElegantTabs.swift:69:57: error: reference to member 'windowBackgroundColor' cannot be resolved without a contextual type
67 | public var hoverBackground: Color = Color.gray.opacity(0.3)
68 | public var selectedBackground: Color = Color.gray.opacity(0.3)
69 | public var backgroundColor: Color = Color(nsColor: .windowBackgroundColor)
| `- error: reference to member 'windowBackgroundColor' cannot be resolved without a contextual type
70 | public var iconSize: CGFloat = 24
71 | public var font: Font = .caption
/Users/admin/builder/spi-builder-workspace/Sources/ElegantTabs/ElegantTabs.swift:84:34: error: no exact matches in call to initializer
82 | hoverBackground: Color = Color.gray.opacity(0.3),
83 | selectedBackground: Color = Color.gray.opacity(0.3),
84 | backgroundColor: Color = Color(nsColor: .windowBackgroundColor),
| `- error: no exact matches in call to initializer
85 | iconSize: CGFloat = 24,
86 | font: Font = .caption,
SwiftUI.Color.init:3:10: note: incorrect labels for candidate (have: '(nsColor:)', expected: '(_:)')
1 | struct Color {
2 | @available(iOS 17.0, macOS 14.0, tvOS 17.0, watchOS 10.0, *)
3 | public init<T>(_ color: T) where T : Hashable, T : ShapeStyle, T.Resolved == Color.Resolved}
| `- note: incorrect labels for candidate (have: '(nsColor:)', expected: '(_:)')
4 |
SwiftUI.Color.init:2:8: note: incorrect labels for candidate (have: '(nsColor:)', expected: '(_:)')
1 | struct Color {
2 | public init(_ resolved: Color.Resolved)}
| `- note: incorrect labels for candidate (have: '(nsColor:)', expected: '(_:)')
3 |
SwiftUI.Color.init:2:8: note: incorrect labels for candidate (have: '(nsColor:)', expected: '(_:)')
1 | struct Color {
2 | public init(_ cgColor: CGColor)}
| `- note: incorrect labels for candidate (have: '(nsColor:)', expected: '(_:)')
3 |
SwiftUI.Color.init:2:8: note: incorrect labels for candidate (have: '(nsColor:)', expected: '(_:)')
1 | struct Color {
2 | public init(_ name: String, bundle: Bundle? = nil)}
| `- note: incorrect labels for candidate (have: '(nsColor:)', expected: '(_:)')
3 |
SwiftUI.Color.init:2:8: note: incorrect labels for candidate (have: '(nsColor:)', expected: '(_:)')
1 | struct Color {
2 | public init(_ resource: ColorResource)}
| `- note: incorrect labels for candidate (have: '(nsColor:)', expected: '(_:)')
3 |
/Users/admin/builder/spi-builder-workspace/Sources/ElegantTabs/ElegantTabs.swift:84:50: error: reference to member 'windowBackgroundColor' cannot be resolved without a contextual type
82 | hoverBackground: Color = Color.gray.opacity(0.3),
83 | selectedBackground: Color = Color.gray.opacity(0.3),
84 | backgroundColor: Color = Color(nsColor: .windowBackgroundColor),
| `- error: reference to member 'windowBackgroundColor' cannot be resolved without a contextual type
85 | iconSize: CGFloat = 24,
86 | font: Font = .caption,
/Users/admin/builder/spi-builder-workspace/Sources/ElegantTabs/ElegantTabs.swift:220:34: error: no exact matches in call to initializer
218 | hoverBackground: Color.blue.opacity(0.2),
219 | selectedBackground: Color.blue.opacity(0.3),
220 | backgroundColor: Color(nsColor: .windowBackgroundColor),
| `- error: no exact matches in call to initializer
221 | iconSize: 30,
222 | font: .headline,
SwiftUI.Color.init:3:10: note: incorrect labels for candidate (have: '(nsColor:)', expected: '(_:)')
1 | struct Color {
2 | @available(iOS 17.0, macOS 14.0, tvOS 17.0, watchOS 10.0, *)
3 | public init<T>(_ color: T) where T : Hashable, T : ShapeStyle, T.Resolved == Color.Resolved}
| `- note: incorrect labels for candidate (have: '(nsColor:)', expected: '(_:)')
4 |
SwiftUI.Color.init:2:8: note: incorrect labels for candidate (have: '(nsColor:)', expected: '(_:)')
1 | struct Color {
2 | public init(_ resolved: Color.Resolved)}
| `- note: incorrect labels for candidate (have: '(nsColor:)', expected: '(_:)')
3 |
SwiftUI.Color.init:2:8: note: incorrect labels for candidate (have: '(nsColor:)', expected: '(_:)')
1 | struct Color {
2 | public init(_ cgColor: CGColor)}
| `- note: incorrect labels for candidate (have: '(nsColor:)', expected: '(_:)')
3 |
SwiftUI.Color.init:2:8: note: incorrect labels for candidate (have: '(nsColor:)', expected: '(_:)')
1 | struct Color {
2 | public init(_ name: String, bundle: Bundle? = nil)}
| `- note: incorrect labels for candidate (have: '(nsColor:)', expected: '(_:)')
3 |
SwiftUI.Color.init:2:8: note: incorrect labels for candidate (have: '(nsColor:)', expected: '(_:)')
1 | struct Color {
2 | public init(_ resource: ColorResource)}
| `- note: incorrect labels for candidate (have: '(nsColor:)', expected: '(_:)')
3 |
/Users/admin/builder/spi-builder-workspace/Sources/ElegantTabs/ElegantTabs.swift:220:50: error: reference to member 'windowBackgroundColor' cannot be resolved without a contextual type
218 | hoverBackground: Color.blue.opacity(0.2),
219 | selectedBackground: Color.blue.opacity(0.3),
220 | backgroundColor: Color(nsColor: .windowBackgroundColor),
| `- error: reference to member 'windowBackgroundColor' cannot be resolved without a contextual type
221 | iconSize: 30,
222 | font: .headline,
Failed frontend command:
SwiftCompile normal arm64 (in target 'ElegantTabs' from project 'ElegantTabs')
cd /Users/admin/builder/spi-builder-workspace/.swiftpm/xcode
/Applications/Xcode-27.0.0-Release.Candidate.app/Contents/Developer/Toolchains/XcodeDefault.xctoolchain/usr/bin/swift-frontend -frontend -emit-module -experimental-skip-non-inlinable-function-bodies-without-types /Users/admin/builder/spi-builder-workspace/Sources/ElegantTabs/ElegantTabs.swift -target arm64-apple-xros1.0 -disable-cross-import-overlay-search -load-resolved-plugin /Applications/Xcode-27.0.0-Release.Candidate.app/Contents/Developer/Platforms/XROS.platform/Developer/usr/lib/swift/host/plugins/libFoundationMacros.dylib\#/Applications/Xcode-27.0.0-Release.Candidate.app/Contents/Developer/Platforms/XROS.platform/Developer/usr/bin/swift-plugin-server\#FoundationMacros -load-resolved-plugin /Applications/Xcode-27.0.0-Release.Candidate.app/Contents/Developer/Platforms/XROS.platform/Developer/usr/lib/swift/host/plugins/libObservationMacros.dylib\#/Applications/Xcode-27.0.0-Release.Candidate.app/Contents/Developer/Platforms/XROS.platform/Developer/usr/bin/swift-plugin-server\#ObservationMacros -load-resolved-plugin /Applications/Xcode-27.0.0-Release.Candidate.app/Contents/Developer/Platforms/XROS.platform/Developer/usr/lib/swift/host/plugins/libPreviewsMacros.dylib\#/Applications/Xcode-27.0.0-Release.Candidate.app/Contents/Developer/Platforms/XROS.platform/Developer/usr/bin/swift-plugin-server\#PreviewsMacros -load-resolved-plugin /Applications/Xcode-27.0.0-Release.Candidate.app/Contents/Developer/Platforms/XROS.platform/Developer/usr/lib/swift/host/plugins/libSwiftMacros.dylib\#/Applications/Xcode-27.0.0-Release.Candidate.app/Contents/Developer/Platforms/XROS.platform/Developer/usr/bin/swift-plugin-server\#SwiftMacros -load-resolved-plugin /Applications/Xcode-27.0.0-Release.Candidate.app/Contents/Developer/Platforms/XROS.platform/Developer/usr/lib/swift/host/plugins/libSwiftUIMacros.dylib\#/Applications/Xcode-27.0.0-Release.Candidate.app/Contents/Developer/Platforms/XROS.platform/Developer/usr/bin/swift-plugin-server\#SwiftUIMacros -disable-implicit-swift-modules -Xcc -fno-implicit-modules -Xcc -fno-implicit-module-maps -explicit-swift-module-map-file /Users/admin/builder/spi-builder-workspace/.derivedData/Build/Intermediates.noindex/ElegantTabs.build/Debug-xros/ElegantTabs-t.build/Objects-normal/arm64/ElegantTabs-dependencies-1.json -Xllvm -aarch64-use-tbi -enable-objc-interop -stack-check -sdk /Applications/Xcode-27.0.0-Release.Candidate.app/Contents/Developer/Platforms/XROS.platform/Developer/SDKs/XROS27.0.sdk -I /Users/admin/builder/spi-builder-workspace/.derivedData/Build/Products/Debug-xros -Isystem /Applications/Xcode-27.0.0-Release.Candidate.app/Contents/Developer/Platforms/XROS.platform/Developer/usr/lib -F /Users/admin/builder/spi-builder-workspace/.derivedData/Build/Products/Debug-xros -F /Applications/Xcode-27.0.0-Release.Candidate.app/Contents/Developer/Platforms/XROS.platform/Developer/Library/Frameworks -F /Applications/Xcode-27.0.0-Release.Candidate.app/Contents/Developer/Platforms/XROS.platform/Developer/SDKs/XROS27.0.sdk/Developer/Library/Frameworks -module-cache-path /Users/admin/builder/spi-builder-workspace/.derivedData/Build/Intermediates.noindex/SwiftExplicitPrecompiledModules -no-color-diagnostics -Xcc -fno-color-diagnostics -enable-testing -g -debug-info-format\=dwarf -dwarf-version\=4 -profile-generate -profile-coverage-mapping -swift-version 5 -Onone -D SWIFT_PACKAGE -D DEBUG -D SWIFT_MODULE_RESOURCE_BUNDLE_UNAVAILABLE -D Xcode -serialize-debugging-options -enable-experimental-feature DebugDescriptionMacro -empty-abi-descriptor -validate-clang-modules-once -clang-build-session-file /Users/admin/builder/spi-builder-workspace/.derivedData/ModuleCache.noindex/Session.modulevalidation -Xcc -working-directory -Xcc /Users/admin/builder/spi-builder-workspace/.swiftpm/xcode -enable-anonymous-context-mangled-names -file-compilation-dir /Users/admin/builder/spi-builder-workspace/.swiftpm/xcode -Xcc -D_LIBCPP_HARDENING_MODE\=_LIBCPP_HARDENING_MODE_DEBUG -Xcc -ivfsstatcache -Xcc /Users/admin/builder/spi-builder-workspace/.derivedData/SDKStatCaches.noindex/xros27.0-24M361-e829b21a6f8c9b70876ba0858053c044735bd543db762f57723cac368afd1ce4.sdkstatcache -Xcc -fmodules-prune-interval\=86400 -Xcc -fmodules-prune-after\=345600 -Xcc -I/Users/admin/builder/spi-builder-workspace/.derivedData/Build/Products/Debug-xros/include -Xcc -I/Users/admin/builder/spi-builder-workspace/.derivedData/Build/Intermediates.noindex/ElegantTabs.build/Debug-xros/ElegantTabs-t.build/DerivedSources-normal/arm64 -Xcc -I/Users/admin/builder/spi-builder-workspace/.derivedData/Build/Intermediates.noindex/ElegantTabs.build/Debug-xros/ElegantTabs-t.build/DerivedSources/arm64 -Xcc -I/Users/admin/builder/spi-builder-workspace/.derivedData/Build/Intermediates.noindex/ElegantTabs.build/Debug-xros/ElegantTabs-t.build/DerivedSources -Xcc -DSWIFT_PACKAGE -Xcc -DDEBUG\=1 -no-auto-bridging-header-chaining -module-name ElegantTabs -const-gather-protocols-file /Users/admin/builder/spi-builder-workspace/.derivedData/Build/Intermediates.noindex/ElegantTabs.build/Debug-xros/ElegantTabs-t.build/Objects-normal/arm64/ElegantTabs_const_extract_protocols.json -disable-clang-spi -clang-target arm64-apple-xros27.0 -target-sdk-version 27.0 -target-sdk-name xros27.0 -in-process-plugin-server-path /Applications/Xcode-27.0.0-Release.Candidate.app/Contents/Developer/Toolchains/XcodeDefault.xctoolchain/usr/lib/swift/host/libSwiftInProcPluginServer.dylib -emit-module-doc-path /Users/admin/builder/spi-builder-workspace/.derivedData/Build/Intermediates.noindex/ElegantTabs.build/Debug-xros/ElegantTabs-t.build/Objects-normal/arm64/ElegantTabs.swiftdoc -emit-module-source-info-path /Users/admin/builder/spi-builder-workspace/.derivedData/Build/Intermediates.noindex/ElegantTabs.build/Debug-xros/ElegantTabs-t.build/Objects-normal/arm64/ElegantTabs.swiftsourceinfo -emit-objc-header-path /Users/admin/builder/spi-builder-workspace/.derivedData/Build/Intermediates.noindex/ElegantTabs.build/Debug-xros/ElegantTabs-t.build/Objects-normal/arm64/ElegantTabs-Swift.h -serialize-diagnostics-path /Users/admin/builder/spi-builder-workspace/.derivedData/Build/Intermediates.noindex/ElegantTabs.build/Debug-xros/ElegantTabs-t.build/Objects-normal/arm64/ElegantTabs-primary-emit-module.dia -emit-dependencies-path /Users/admin/builder/spi-builder-workspace/.derivedData/Build/Intermediates.noindex/ElegantTabs.build/Debug-xros/ElegantTabs-t.build/Objects-normal/arm64/ElegantTabs-primary-emit-module.d -parse-as-library -o /Users/admin/builder/spi-builder-workspace/.derivedData/Build/Intermediates.noindex/ElegantTabs.build/Debug-xros/ElegantTabs-t.build/Objects-normal/arm64/ElegantTabs.swiftmodule -emit-abi-descriptor-path /Users/admin/builder/spi-builder-workspace/.derivedData/Build/Intermediates.noindex/ElegantTabs.build/Debug-xros/ElegantTabs-t.build/Objects-normal/arm64/ElegantTabs.abi.json
SwiftCompile normal arm64 Compiling\ ElegantTabs.swift /Users/admin/builder/spi-builder-workspace/Sources/ElegantTabs/ElegantTabs.swift (in target 'ElegantTabs' from project 'ElegantTabs')
SwiftCompile normal arm64 /Users/admin/builder/spi-builder-workspace/Sources/ElegantTabs/ElegantTabs.swift (in target 'ElegantTabs' from project 'ElegantTabs')
cd /Users/admin/builder/spi-builder-workspace/.swiftpm/xcode
builtin-SwiftPerFileCompile ElegantTabs.swift
/Users/admin/builder/spi-builder-workspace/Sources/ElegantTabs/ElegantTabs.swift:69:41: error: no exact matches in call to initializer
67 | public var hoverBackground: Color = Color.gray.opacity(0.3)
68 | public var selectedBackground: Color = Color.gray.opacity(0.3)
69 | public var backgroundColor: Color = Color(nsColor: .windowBackgroundColor)
| `- error: no exact matches in call to initializer
70 | public var iconSize: CGFloat = 24
71 | public var font: Font = .caption
SwiftUI.Color.init:3:10: note: incorrect labels for candidate (have: '(nsColor:)', expected: '(_:)')
1 | struct Color {
2 | @available(iOS 17.0, macOS 14.0, tvOS 17.0, watchOS 10.0, *)
3 | public init<T>(_ color: T) where T : Hashable, T : ShapeStyle, T.Resolved == Color.Resolved}
| `- note: incorrect labels for candidate (have: '(nsColor:)', expected: '(_:)')
4 |
SwiftUI.Color.init:2:8: note: incorrect labels for candidate (have: '(nsColor:)', expected: '(_:)')
1 | struct Color {
2 | public init(_ resolved: Color.Resolved)}
| `- note: incorrect labels for candidate (have: '(nsColor:)', expected: '(_:)')
3 |
SwiftUI.Color.init:2:8: note: incorrect labels for candidate (have: '(nsColor:)', expected: '(_:)')
1 | struct Color {
2 | public init(_ cgColor: CGColor)}
| `- note: incorrect labels for candidate (have: '(nsColor:)', expected: '(_:)')
3 |
SwiftUI.Color.init:2:8: note: incorrect labels for candidate (have: '(nsColor:)', expected: '(_:)')
1 | struct Color {
2 | public init(_ name: String, bundle: Bundle? = nil)}
| `- note: incorrect labels for candidate (have: '(nsColor:)', expected: '(_:)')
3 |
SwiftUI.Color.init:2:8: note: incorrect labels for candidate (have: '(nsColor:)', expected: '(_:)')
1 | struct Color {
2 | public init(_ resource: ColorResource)}
| `- note: incorrect labels for candidate (have: '(nsColor:)', expected: '(_:)')
3 |
/Users/admin/builder/spi-builder-workspace/Sources/ElegantTabs/ElegantTabs.swift:69:57: error: reference to member 'windowBackgroundColor' cannot be resolved without a contextual type
67 | public var hoverBackground: Color = Color.gray.opacity(0.3)
68 | public var selectedBackground: Color = Color.gray.opacity(0.3)
69 | public var backgroundColor: Color = Color(nsColor: .windowBackgroundColor)
| `- error: reference to member 'windowBackgroundColor' cannot be resolved without a contextual type
70 | public var iconSize: CGFloat = 24
71 | public var font: Font = .caption
/Users/admin/builder/spi-builder-workspace/Sources/ElegantTabs/ElegantTabs.swift:84:34: error: no exact matches in call to initializer
82 | hoverBackground: Color = Color.gray.opacity(0.3),
83 | selectedBackground: Color = Color.gray.opacity(0.3),
84 | backgroundColor: Color = Color(nsColor: .windowBackgroundColor),
| `- error: no exact matches in call to initializer
85 | iconSize: CGFloat = 24,
86 | font: Font = .caption,
SwiftUI.Color.init:3:10: note: incorrect labels for candidate (have: '(nsColor:)', expected: '(_:)')
1 | struct Color {
2 | @available(iOS 17.0, macOS 14.0, tvOS 17.0, watchOS 10.0, *)
3 | public init<T>(_ color: T) where T : Hashable, T : ShapeStyle, T.Resolved == Color.Resolved}
| `- note: incorrect labels for candidate (have: '(nsColor:)', expected: '(_:)')
4 |
SwiftUI.Color.init:2:8: note: incorrect labels for candidate (have: '(nsColor:)', expected: '(_:)')
1 | struct Color {
2 | public init(_ resolved: Color.Resolved)}
| `- note: incorrect labels for candidate (have: '(nsColor:)', expected: '(_:)')
3 |
SwiftUI.Color.init:2:8: note: incorrect labels for candidate (have: '(nsColor:)', expected: '(_:)')
1 | struct Color {
2 | public init(_ cgColor: CGColor)}
| `- note: incorrect labels for candidate (have: '(nsColor:)', expected: '(_:)')
3 |
SwiftUI.Color.init:2:8: note: incorrect labels for candidate (have: '(nsColor:)', expected: '(_:)')
1 | struct Color {
2 | public init(_ name: String, bundle: Bundle? = nil)}
| `- note: incorrect labels for candidate (have: '(nsColor:)', expected: '(_:)')
3 |
SwiftUI.Color.init:2:8: note: incorrect labels for candidate (have: '(nsColor:)', expected: '(_:)')
1 | struct Color {
2 | public init(_ resource: ColorResource)}
| `- note: incorrect labels for candidate (have: '(nsColor:)', expected: '(_:)')
3 |
/Users/admin/builder/spi-builder-workspace/Sources/ElegantTabs/ElegantTabs.swift:84:50: error: reference to member 'windowBackgroundColor' cannot be resolved without a contextual type
82 | hoverBackground: Color = Color.gray.opacity(0.3),
83 | selectedBackground: Color = Color.gray.opacity(0.3),
84 | backgroundColor: Color = Color(nsColor: .windowBackgroundColor),
| `- error: reference to member 'windowBackgroundColor' cannot be resolved without a contextual type
85 | iconSize: CGFloat = 24,
86 | font: Font = .caption,
/Users/admin/builder/spi-builder-workspace/Sources/ElegantTabs/ElegantTabs.swift:220:34: error: no exact matches in call to initializer
218 | hoverBackground: Color.blue.opacity(0.2),
219 | selectedBackground: Color.blue.opacity(0.3),
220 | backgroundColor: Color(nsColor: .windowBackgroundColor),
| `- error: no exact matches in call to initializer
221 | iconSize: 30,
222 | font: .headline,
SwiftUI.Color.init:3:10: note: incorrect labels for candidate (have: '(nsColor:)', expected: '(_:)')
1 | struct Color {
2 | @available(iOS 17.0, macOS 14.0, tvOS 17.0, watchOS 10.0, *)
3 | public init<T>(_ color: T) where T : Hashable, T : ShapeStyle, T.Resolved == Color.Resolved}
| `- note: incorrect labels for candidate (have: '(nsColor:)', expected: '(_:)')
4 |
SwiftUI.Color.init:2:8: note: incorrect labels for candidate (have: '(nsColor:)', expected: '(_:)')
1 | struct Color {
2 | public init(_ resolved: Color.Resolved)}
| `- note: incorrect labels for candidate (have: '(nsColor:)', expected: '(_:)')
3 |
SwiftUI.Color.init:2:8: note: incorrect labels for candidate (have: '(nsColor:)', expected: '(_:)')
1 | struct Color {
2 | public init(_ cgColor: CGColor)}
| `- note: incorrect labels for candidate (have: '(nsColor:)', expected: '(_:)')
3 |
SwiftUI.Color.init:2:8: note: incorrect labels for candidate (have: '(nsColor:)', expected: '(_:)')
1 | struct Color {
2 | public init(_ name: String, bundle: Bundle? = nil)}
| `- note: incorrect labels for candidate (have: '(nsColor:)', expected: '(_:)')
3 |
SwiftUI.Color.init:2:8: note: incorrect labels for candidate (have: '(nsColor:)', expected: '(_:)')
1 | struct Color {
2 | public init(_ resource: ColorResource)}
| `- note: incorrect labels for candidate (have: '(nsColor:)', expected: '(_:)')
3 |
PruneExplicitPrecompiledModules /Users/admin/builder/spi-builder-workspace/.derivedData/Build/Intermediates.noindex/SwiftExplicitPrecompiledModules
PruneExplicitPrecompiledModules /Users/admin/builder/spi-builder-workspace/.derivedData/SDKExplicitPrecompiledModules
PruneExplicitPrecompiledModules /Users/admin/builder/spi-builder-workspace/.derivedData/Build/Intermediates.noindex/ExplicitPrecompiledModules
2026-09-25 15:20:15.303 xcodebuild[766:4699] [MT] IDERunDestination: Supported platforms for the buildables in the current scheme is empty.
** BUILD FAILED **
The following build commands failed:
SwiftCompile normal arm64 (in target 'ElegantTabs' from project 'ElegantTabs')
SwiftEmitModule normal arm64 Emitting\ module\ for\ ElegantTabs (in target 'ElegantTabs' from project 'ElegantTabs')
Building workspace ElegantTabs with scheme ElegantTabs
(3 failures)
BUILD FAILURE 6.4 visionOS