The Swift Package Index logo.Swift Package Index

Build Information

Failed to build GoogleCloudTalentV4, reference main (c9711d), with Swift 6.2 for Android on 11 Oct 2026 23:48:24 UTC.

Build Command

bash -c docker run --pull=always --rm -v "checkouts-54344843-2":/host -w "$PWD" -e JAVA_HOME="/root/.sdkman/candidates/java/current" -e SPI_BUILD="1" -e SPI_PROCESSING="1" registry.gitlab.com/saguaro1/spi-images:android-6.2-latest swift build --swift-sdk aarch64-unknown-linux-android28 2>&1

Build Log

========================================
RunAll
========================================
Builder version: 5.1.1
Interrupt handler set up.
========================================
Checkout
========================================
Clone URL: https://github.com/googleapis/swift-google-cloud-talent-v4.git
Reference: main
Initialized empty Git repository in /host/spi-builder-workspace/.git/
hint: Using 'master' as the name for the initial branch. This default branch name
hint: is subject to change. To configure the initial branch name to use in all
hint: of your new repositories, which will suppress this warning, call:
hint:
hint: 	git config --global init.defaultBranch <name>
hint:
hint: Names commonly chosen instead of 'master' are 'main', 'trunk' and
hint: 'development'. The just-created branch can be renamed via this command:
hint:
hint: 	git branch -m <name>
From https://github.com/googleapis/swift-google-cloud-talent-v4
 * branch            main       -> FETCH_HEAD
 * [new branch]      main       -> origin/main
HEAD is now at c9711dc chore: release circa 2026-10-07 (#1382)
Cloned https://github.com/googleapis/swift-google-cloud-talent-v4.git
Revision (git rev-parse @):
c9711dce6ee1a91abf083f2a0ea6b23ae691c164
SPI manifest file found: $PWD/.spi.yml
SUCCESS checkout https://github.com/googleapis/swift-google-cloud-talent-v4.git at main
========================================
Build
========================================
Selected platform:         android
Swift version:             6.2
Building package at path:  $PWD
https://github.com/googleapis/swift-google-cloud-talent-v4.git
Running build ...
bash -c docker run --pull=always --rm -v "checkouts-54344843-2":/host -w "$PWD" -e JAVA_HOME="/root/.sdkman/candidates/java/current" -e SPI_BUILD="1" -e SPI_PROCESSING="1" registry.gitlab.com/saguaro1/spi-images:android-6.2-latest swift build --swift-sdk aarch64-unknown-linux-android28 2>&1
android-6.2-latest: Pulling from saguaro1/spi-images
Digest: sha256:a839c9ce201f1dacc8eb056626ec7ab0a1c6d53d7b77c83feda395f4507c51be
Status: Image is up to date for registry.gitlab.com/saguaro1/spi-images:android-6.2-latest
Fetching https://github.com/apple/swift-log
Fetching https://github.com/googleapis/swift-google-rpc
Fetching https://github.com/googleapis/swift-google-gax
Fetching https://github.com/googleapis/swift-google-type
Fetching https://github.com/googleapis/swift-google-wkt
Fetching https://github.com/googleapis/swift-google-longrunning
[1/619] Fetching swift-google-longrunning
[447/1056] Fetching swift-google-longrunning, swift-google-type
[712/9313] Fetching swift-google-longrunning, swift-google-type, swift-log
Fetched https://github.com/googleapis/swift-google-longrunning from cache (0.40s)
Fetching https://github.com/googleapis/swift-google-auth
[94/9717] Fetching swift-google-type, swift-log, swift-google-wkt
[156/11465] Fetching swift-google-type, swift-log, swift-google-wkt, swift-google-gax
Fetched https://github.com/googleapis/swift-google-wkt from cache (0.47s)
[1955/10442] Fetching swift-google-type, swift-log, swift-google-gax
[2043/10864] Fetching swift-google-type, swift-log, swift-google-gax, swift-google-rpc
Fetched https://github.com/googleapis/swift-google-gax from cache (0.51s)
[647/9116] Fetching swift-google-type, swift-log, swift-google-rpc
[9117/10139] Fetching swift-google-type, swift-log, swift-google-rpc, swift-google-auth
Fetched https://github.com/googleapis/swift-google-auth from cache (0.43s)
Fetched https://github.com/googleapis/swift-google-rpc from cache (0.85s)
Fetched https://github.com/googleapis/swift-google-type from cache (0.85s)
Fetched https://github.com/apple/swift-log from cache (0.86s)
Computing version for https://github.com/googleapis/swift-google-wkt
Computed https://github.com/googleapis/swift-google-wkt at 0.5.0 (1.03s)
Fetching https://github.com/swift-extras/swift-extras-base64
[1/954] Fetching swift-extras-base64
Fetched https://github.com/swift-extras/swift-extras-base64 from cache (0.41s)
Computing version for https://github.com/googleapis/swift-google-type
Computed https://github.com/googleapis/swift-google-type at 0.5.0 (0.59s)
Computing version for https://github.com/googleapis/swift-google-rpc
Computed https://github.com/googleapis/swift-google-rpc at 0.5.0 (0.16s)
Computing version for https://github.com/googleapis/swift-google-longrunning
Computed https://github.com/googleapis/swift-google-longrunning at 0.5.0 (0.16s)
Computing version for https://github.com/googleapis/swift-google-gax
Computed https://github.com/googleapis/swift-google-gax at 0.5.0 (0.20s)
Fetching https://github.com/apple/swift-nio
Fetching https://github.com/swift-server/async-http-client.git
[1/16464] Fetching async-http-client
[2/102838] Fetching async-http-client, swift-nio
Fetched https://github.com/swift-server/async-http-client.git from cache (3.68s)
Fetched https://github.com/apple/swift-nio from cache (3.73s)
Computing version for https://github.com/googleapis/swift-google-auth
Computed https://github.com/googleapis/swift-google-auth at 0.5.0 (3.94s)
Fetching https://github.com/apple/swift-system.git
Fetching https://github.com/vapor/jwt-kit.git
[1/7241] Fetching swift-system
[3115/17495] Fetching swift-system, jwt-kit
Fetched https://github.com/apple/swift-system.git from cache (1.06s)
Fetched https://github.com/vapor/jwt-kit.git from cache (1.06s)
Computing version for https://github.com/swift-extras/swift-extras-base64
Computed https://github.com/swift-extras/swift-extras-base64 at 1.2.0 (1.26s)
Computing version for https://github.com/swift-server/async-http-client.git
Computed https://github.com/swift-server/async-http-client.git at 1.36.2 (0.19s)
Fetching https://github.com/apple/swift-algorithms.git
Fetching https://github.com/apple/swift-atomics.git
Fetching https://github.com/apple/swift-nio-transport-services.git
Fetching https://github.com/apple/swift-configuration.git
Fetching https://github.com/apple/swift-distributed-tracing.git
Fetching https://github.com/apple/swift-service-context.git
[1/1889] Fetching swift-atomics
[115/8053] Fetching swift-atomics, swift-algorithms
[2113/11981] Fetching swift-atomics, swift-algorithms, swift-configuration
[2274/18532] Fetching swift-atomics, swift-algorithms, swift-configuration, swift-distributed-tracing
[8112/21399] Fetching swift-atomics, swift-algorithms, swift-configuration, swift-distributed-tracing, swift-nio-transport-services
[14042/22900] Fetching swift-atomics, swift-algorithms, swift-configuration, swift-distributed-tracing, swift-nio-transport-services, swift-service-context
Fetched https://github.com/apple/swift-configuration.git from cache (0.62s)
[13158/18972] Fetching swift-atomics, swift-algorithms, swift-distributed-tracing, swift-nio-transport-services, swift-service-context
Fetching https://github.com/apple/swift-nio-extras.git
Fetched https://github.com/apple/swift-algorithms.git from cache (0.65s)
[8631/12808] Fetching swift-atomics, swift-distributed-tracing, swift-nio-transport-services, swift-service-context
Fetching https://github.com/apple/swift-nio-http2.git
Fetched https://github.com/apple/swift-atomics.git from cache (0.65s)
[7150/10919] Fetching swift-distributed-tracing, swift-nio-transport-services, swift-service-context
Fetched https://github.com/apple/swift-distributed-tracing.git from cache (0.75s)
[1805/4368] Fetching swift-nio-transport-services, swift-service-context
Fetched https://github.com/apple/swift-service-context.git from cache (0.82s)
[2237/2867] Fetching swift-nio-transport-services
Fetched https://github.com/apple/swift-nio-transport-services.git from cache (0.91s)
[1/6703] Fetching swift-nio-extras
[2/18997] Fetching swift-nio-extras, swift-nio-http2
Fetched https://github.com/apple/swift-nio-extras.git from cache (1.12s)
Fetching https://github.com/apple/swift-nio-ssl.git
Fetched https://github.com/apple/swift-nio-http2.git from cache (1.17s)
[1/16880] Fetching swift-nio-ssl
Fetched https://github.com/apple/swift-nio-ssl.git from cache (1.50s)
Computing version for https://github.com/apple/swift-service-context.git
Computed https://github.com/apple/swift-service-context.git at 1.3.0 (3.51s)
Computing version for https://github.com/apple/swift-algorithms.git
Computed https://github.com/apple/swift-algorithms.git at 1.2.1 (1.01s)
Fetching https://github.com/apple/swift-numerics.git
[1/6742] Fetching swift-numerics
Fetched https://github.com/apple/swift-numerics.git from cache (0.84s)
Computing version for https://github.com/apple/swift-log
Computed https://github.com/apple/swift-log at 1.16.1 (1.03s)
Computing version for https://github.com/apple/swift-distributed-tracing.git
Computed https://github.com/apple/swift-distributed-tracing.git at 1.5.0 (0.17s)
Computing version for https://github.com/apple/swift-atomics.git
Computed https://github.com/apple/swift-atomics.git at 1.3.1 (0.16s)
Computing version for https://github.com/apple/swift-numerics.git
Computed https://github.com/apple/swift-numerics.git at 1.1.1 (0.15s)
Computing version for https://github.com/apple/swift-nio
Computed https://github.com/apple/swift-nio at 2.104.0 (0.36s)
Fetching https://github.com/apple/swift-collections.git
[1/28703] Fetching swift-collections
Fetched https://github.com/apple/swift-collections.git from cache (1.26s)
Computing version for https://github.com/apple/swift-configuration.git
Computed https://github.com/apple/swift-configuration.git at 1.2.2 (2.34s)
Fetching https://github.com/swift-server/swift-service-lifecycle
[1/2867] Fetching swift-service-lifecycle
Fetched https://github.com/swift-server/swift-service-lifecycle from cache (0.43s)
Computing version for https://github.com/apple/swift-nio-transport-services.git
Computed https://github.com/apple/swift-nio-transport-services.git at 1.28.0 (0.66s)
Computing version for https://github.com/swift-server/swift-service-lifecycle
Computed https://github.com/swift-server/swift-service-lifecycle at 2.12.1 (0.20s)
Fetching https://github.com/apple/swift-async-algorithms.git
[1/6820] Fetching swift-async-algorithms
Fetched https://github.com/apple/swift-async-algorithms.git from cache (0.57s)
Computing version for https://github.com/apple/swift-async-algorithms.git
Computed https://github.com/apple/swift-async-algorithms.git at 1.1.7 (0.85s)
Computing version for https://github.com/apple/swift-collections.git
Computed https://github.com/apple/swift-collections.git at 1.7.2 (0.26s)
Computing version for https://github.com/apple/swift-nio-http2.git
Computed https://github.com/apple/swift-nio-http2.git at 1.46.0 (0.17s)
Computing version for https://github.com/vapor/jwt-kit.git
Computed https://github.com/vapor/jwt-kit.git at 5.7.1 (0.16s)
Fetching https://github.com/apple/swift-certificates.git
Fetching https://github.com/apple/swift-crypto.git
[1/7613] Fetching swift-certificates
[2/26242] Fetching swift-certificates, swift-crypto
Fetched https://github.com/apple/swift-certificates.git from cache (0.58s)
[2050/18629] Fetching swift-crypto
Fetched https://github.com/apple/swift-crypto.git from cache (1.44s)
Computing version for https://github.com/apple/swift-crypto.git
Computed https://github.com/apple/swift-crypto.git at 4.5.2 (2.09s)
Fetching https://github.com/apple/swift-asn1.git
[1/2009] Fetching swift-asn1
Fetched https://github.com/apple/swift-asn1.git from cache (0.45s)
Computing version for https://github.com/apple/swift-asn1.git
Computed https://github.com/apple/swift-asn1.git at 1.7.3 (0.70s)
Computing version for https://github.com/apple/swift-certificates.git
Computed https://github.com/apple/swift-certificates.git at 1.21.0 (0.28s)
Computing version for https://github.com/apple/swift-nio-ssl.git
Computed https://github.com/apple/swift-nio-ssl.git at 2.37.5 (0.21s)
Computing version for https://github.com/apple/swift-system.git
Computed https://github.com/apple/swift-system.git at 1.8.1 (0.19s)
Computing version for https://github.com/apple/swift-nio-extras.git
Computed https://github.com/apple/swift-nio-extras.git at 1.35.1 (0.30s)
Fetching https://github.com/apple/swift-http-structured-headers.git
Fetching https://github.com/apple/swift-http-types.git
[1/1939] Fetching swift-http-types
[98/3192] Fetching swift-http-types, swift-http-structured-headers
Fetched https://github.com/apple/swift-http-types.git from cache (0.38s)
[251/1253] Fetching swift-http-structured-headers
Fetched https://github.com/apple/swift-http-structured-headers.git from cache (0.46s)
Computing version for https://github.com/apple/swift-http-structured-headers.git
Computed https://github.com/apple/swift-http-structured-headers.git at 1.7.0 (0.63s)
Computing version for https://github.com/apple/swift-http-types.git
Computed https://github.com/apple/swift-http-types.git at 1.8.0 (0.20s)
Creating working copy for https://github.com/apple/swift-nio-extras.git
Working copy of https://github.com/apple/swift-nio-extras.git resolved at 1.35.1
Creating working copy for https://github.com/apple/swift-http-types.git
Working copy of https://github.com/apple/swift-http-types.git resolved at 1.8.0
Creating working copy for https://github.com/vapor/jwt-kit.git
Working copy of https://github.com/vapor/jwt-kit.git resolved at 5.7.1
Creating working copy for https://github.com/swift-server/swift-service-lifecycle
Working copy of https://github.com/swift-server/swift-service-lifecycle resolved at 2.12.1
Creating working copy for https://github.com/apple/swift-collections.git
Working copy of https://github.com/apple/swift-collections.git resolved at 1.7.2
Creating working copy for https://github.com/apple/swift-nio-transport-services.git
Working copy of https://github.com/apple/swift-nio-transport-services.git resolved at 1.28.0
Creating working copy for https://github.com/apple/swift-nio
Working copy of https://github.com/apple/swift-nio resolved at 2.104.0
Creating working copy for https://github.com/apple/swift-async-algorithms.git
Working copy of https://github.com/apple/swift-async-algorithms.git resolved at 1.1.7
Creating working copy for https://github.com/googleapis/swift-google-type
Working copy of https://github.com/googleapis/swift-google-type resolved at 0.5.0
Creating working copy for https://github.com/googleapis/swift-google-auth
Working copy of https://github.com/googleapis/swift-google-auth resolved at 0.5.0
Creating working copy for https://github.com/swift-server/async-http-client.git
Working copy of https://github.com/swift-server/async-http-client.git resolved at 1.36.2
Creating working copy for https://github.com/apple/swift-numerics.git
Working copy of https://github.com/apple/swift-numerics.git resolved at 1.1.1
Creating working copy for https://github.com/apple/swift-configuration.git
Working copy of https://github.com/apple/swift-configuration.git resolved at 1.2.2
Creating working copy for https://github.com/apple/swift-system.git
Working copy of https://github.com/apple/swift-system.git resolved at 1.8.1
Creating working copy for https://github.com/apple/swift-atomics.git
Working copy of https://github.com/apple/swift-atomics.git resolved at 1.3.1
Creating working copy for https://github.com/apple/swift-log
Working copy of https://github.com/apple/swift-log resolved at 1.16.1
Creating working copy for https://github.com/googleapis/swift-google-rpc
Working copy of https://github.com/googleapis/swift-google-rpc resolved at 0.5.0
Creating working copy for https://github.com/apple/swift-distributed-tracing.git
Working copy of https://github.com/apple/swift-distributed-tracing.git resolved at 1.5.0
Creating working copy for https://github.com/googleapis/swift-google-wkt
Working copy of https://github.com/googleapis/swift-google-wkt resolved at 0.5.0
Creating working copy for https://github.com/apple/swift-nio-ssl.git
Working copy of https://github.com/apple/swift-nio-ssl.git resolved at 2.37.5
Creating working copy for https://github.com/apple/swift-service-context.git
Working copy of https://github.com/apple/swift-service-context.git resolved at 1.3.0
Creating working copy for https://github.com/googleapis/swift-google-longrunning
Working copy of https://github.com/googleapis/swift-google-longrunning resolved at 0.5.0
Creating working copy for https://github.com/swift-extras/swift-extras-base64
Working copy of https://github.com/swift-extras/swift-extras-base64 resolved at 1.2.0
Creating working copy for https://github.com/apple/swift-algorithms.git
Working copy of https://github.com/apple/swift-algorithms.git resolved at 1.2.1
Creating working copy for https://github.com/apple/swift-asn1.git
Working copy of https://github.com/apple/swift-asn1.git resolved at 1.7.3
Creating working copy for https://github.com/apple/swift-http-structured-headers.git
Working copy of https://github.com/apple/swift-http-structured-headers.git resolved at 1.7.0
Creating working copy for https://github.com/apple/swift-certificates.git
Working copy of https://github.com/apple/swift-certificates.git resolved at 1.21.0
Creating working copy for https://github.com/apple/swift-nio-http2.git
Working copy of https://github.com/apple/swift-nio-http2.git resolved at 1.46.0
Creating working copy for https://github.com/googleapis/swift-google-gax
Working copy of https://github.com/googleapis/swift-google-gax resolved at 0.5.0
Creating working copy for https://github.com/apple/swift-crypto.git
Working copy of https://github.com/apple/swift-crypto.git resolved at 4.5.2
Building for debugging...
[0/998] Write sources
[69/998] Compiling _AtomicsShims.c
[70/998] Compiling KeccakSponge.c
[71/998] Compiling CXKCPShims shims.c
[72/998] Compiling KeccakHash.c
[73/998] Compiling SimpleFIPS202.c
[74/998] Compiling CNIOWindows WSAStartup.c
[75/998] Compiling CAsyncHTTPClient CAsyncHTTPClient.c
[76/998] Compiling CSystem shims.c
[77/998] Compiling CNIOWASI CNIOWASI.c
[77/998] Compiling CNIOWindows shim.c
[79/998] Compiling CNIOPosix event_loop_id.c
[79/998] Compiling CNIOOpenBSD shim.c
[81/998] Compiling CNIOLinux liburing_shims.c
[82/998] Compiling _NumericsShims _NumericsShims.c
[83/998] Write swift-version--11D90AFD9DD3AB2.txt
[84/998] Compiling CNIOLinux shim.c
[85/998] Compiling CNIOFreeBSD shim.c
[86/1000] Compiling CNIOLLHTTP c_nio_http.c
[87/1002] Compiling CNIOLLHTTP c_nio_api.c
[88/1060] Compiling KeccakP-1600-opt64.c
[90/1063] Emitting module ServiceContextModule
[90/1063] Compiling CNIOLLHTTP c_nio_llhttp.c
[91/1063] Compiling aes.cc
[93/1085] Emitting module Logging
[94/1086] Emitting module SystemPackage
[95/1091] Compiling SystemPackage IOCompletion.swift
[96/1091] Compiling SystemPackage IORequest.swift
[97/1091] Compiling SystemPackage IORing+Util.swift
[98/1091] Compiling SystemPackage IORing.swift
[99/1091] Compiling SystemPackage RawIORequest.swift
[100/1091] Compiling ServiceContextModule ServiceContextKey.swift
[101/1091] Compiling SystemPackage SystemString.swift
[102/1091] Compiling SystemPackage Util+StringArray.swift
[103/1091] Compiling SystemPackage Util.swift
[104/1091] Compiling SystemPackage UtilConsumers.swift
[105/1091] Compiling SystemPackage WinSDK+Overlay.swift
[106/1091] Compiling RealModule Float80+Real.swift
[107/1091] Compiling ServiceContextModule ServiceContext.swift
[108/1092] Compiling RealModule Real.swift
[109/1093] Compiling Logging LoggingSystem.swift
[111/1093] Compiling RealModule RealFunctions.swift
[112/1093] Emitting module _NIODataStructures
[113/1093] Compiling Logging LogEvent.swift
[114/1093] Compiling Logging LogHandler.swift
[115/1093] Compiling Logging SwiftLogNoOpLogHandler.swift
[121/1095] Compiling Logging Locks.swift
[122/1095] Compiling Logging MultiplexLogHandler.swift
[123/1095] Compiling Logging StreamLogHandler.swift
[124/1095] Compiling RealModule RelaxedArithmetic.swift
[125/1095] Emitting module _CertificateInternals
[126/1095] Compiling SystemPackage FilePathTempWindows.swift
[127/1095] Compiling SystemPackage FilePathWindows.swift
[128/1095] Compiling _CertificateInternals _TinyArray.swift
[131/1096] Compiling Logging Logger+Attributes.swift
[132/1096] Compiling Logging Logger+With.swift
[133/1096] Compiling Logging Logger.swift
[134/1096] Emitting module RealModule
[137/1096] Compiling RealModule Float16+Real.swift
[140/1096] Compiling SystemPackage FilePathTemp.swift
[141/1096] Compiling SystemPackage FilePathTempPosix.swift
[145/1097] Compiling _NIODataStructures Heap.swift
[148/1125] Compiling _NIOBase64 Base64.swift
[149/1125] Emitting module _NIOBase64
[151/1132] Compiling InternalCollectionsUtilities Iterable+CopyContents.swift
[152/1132] Compiling InternalCollectionsUtilities Iterable+Equality.swift
[153/1132] Compiling InternalCollectionsUtilities LifetimeOverride.swift
[154/1132] Compiling InternalCollectionsUtilities MutableRef.swift
[155/1132] Compiling _NIODataStructures PriorityQueue.swift
[156/1132] Compiling _NIODataStructures _TinyArray.swift
[157/1136] Compiling Instrumentation NoOpInstrument.swift
[158/1136] Compiling Instrumentation MultiplexInstrument.swift
[159/1141] Wrapping AST for _CertificateInternals for debugging
[161/1141] Compiling InternalCollectionsUtilities UnsafeMutablePointer+Extras.swift
[162/1141] Compiling InternalCollectionsUtilities UnsafeMutableRawBufferPointer+Extras.swift
[163/1141] Compiling InternalCollectionsUtilities UnsafePointer+Extras.swift
[164/1141] Emitting module Instrumentation
[165/1141] Compiling InternalCollectionsUtilities UnsafeRawBufferPointer+Extras.swift
[166/1141] Compiling InternalCollectionsUtilities _SortedCollection.swift
[167/1141] Compiling InternalCollectionsUtilities _UniqueCollection.swift
[167/1141] Wrapping AST for ServiceContextModule for debugging
[168/1141] Wrapping AST for _NIOBase64 for debugging
[169/1141] Wrapping AST for _NIODataStructures for debugging
[170/1141] Compiling CNIOExtrasZlib zutil.c
[171/1141] Wrapping AST for RealModule for debugging
[172/1141] Compiling CNIOExtrasZlib trees.c
[173/1141] Compiling CNIOExtrasZlib inftrees.c
[174/1141] Compiling CNIOExtrasZlib inffast.c
[175/1141] Compiling CNIOExtrasZlib inflate.c
[177/1141] Compiling InternalCollectionsUtilities FixedWidthInteger+roundUpToPowerOfTwo.swift
[178/1141] Compiling InternalCollectionsUtilities Integer rank.swift
[179/1141] Compiling InternalCollectionsUtilities UInt+first and last set bit.swift
[180/1141] Compiling InternalCollectionsUtilities UInt+reversed.swift
[181/1141] Compiling InternalCollectionsUtilities BorrowingIteratorProtocol+Equality.swift
[182/1141] Compiling InternalCollectionsUtilities BorrowingIteratorProtocol+Extras.swift
[183/1141] Compiling InternalCollectionsUtilities Debugging.swift
[184/1141] Compiling InternalCollectionsUtilities Descriptions.swift
[184/1141] Compiling CNIOExtrasZlib deflate.c
[186/1141] Compiling ExtrasBase64 Base64+Span.swift
[186/1141] Compiling CNIOExtrasZlib adler32.c
[188/1141] Emitting module InternalCollectionsUtilities
[188/1141] Compiling CNIODarwin shim.c
[189/1141] Compiling CNIOExtrasZlib crc32.c
[190/1141] Compiling fiat_p256_adx_sqr.S
[191/1141] Compiling fiat_p256_adx_mul.S
[193/1141] Compiling InternalCollectionsUtilities MutableSpan+Extras.swift
[194/1141] Compiling InternalCollectionsUtilities OutputSpan+Extras.swift
[195/1141] Compiling InternalCollectionsUtilities RandomAccessCollection+Offsets.swift
[196/1141] Compiling InternalCollectionsUtilities Span+Extras.swift
[196/1141] Compiling fiat_curve25519_adx_square.S
[198/1141] Emitting module SwiftASN1
[198/1141] Compiling fiat_curve25519_adx_mul.S
[200/1141] Compiling ExtrasBase64 Base32.swift
[201/1141] Compiling ExtrasBase64 Base32+Span.swift
[201/1141] Compiling CNIOBoringSSLShims shims.c
[203/1141] Compiling InternalCollectionsUtilities Strideable+LimitHelpers.swift
[204/1141] Compiling InternalCollectionsUtilities String+Padding.swift
[209/1141] Compiling SystemPackage RawBuffer.swift
[210/1141] Compiling SystemPackage Syscalls.swift
[211/1141] Compiling SystemPackage WindowsSyscallAdapters.swift
[212/1141] Compiling SystemPackage MachPort.swift
[213/1141] Compiling SystemPackage PlatformString.swift
[218/1141] Compiling SystemPackage Mocking.swift
[219/1141] Compiling Logging MetadataProvider.swift
[220/1141] Compiling InternalCollectionsUtilities _UnsafeBitSet+_Word.swift
[221/1141] Compiling InternalCollectionsUtilities _UnsafeBitSet.swift
[222/1141] Compiling InternalCollectionsUtilities UnsafeBufferPointer+Extras.swift
[223/1141] Compiling InternalCollectionsUtilities UnsafeMutableBufferPointer+Extras.swift
[226/1141] Compiling InternalCollectionsUtilities TemporaryAllocation.swift
[227/1141] Compiling InternalCollectionsUtilities _UnsafeBitSet+Index.swift
[228/1141] Compiling Instrumentation Instrument.swift
[229/1141] Compiling Instrumentation InstrumentationSystem.swift
[230/1141] Compiling Instrumentation Locks.swift
[255/1146] Wrapping AST for Logging for debugging
[257/1157] Wrapping AST for SwiftASN1 for debugging
[258/1158] Wrapping AST for InternalCollectionsUtilities for debugging
[259/1158] Wrapping AST for Instrumentation for debugging
[261/1158] Emitting module SpanPreview
[262/1158] Compiling SpanPreview MutableSpan+InputSpanHelpers.swift
[263/1158] Compiling SpanPreview InputSpan.swift
[264/1158] Compiling SpanPreview OutputSpan+InputSpanHelpers.swift
[265/1159] Wrapping AST for SystemPackage for debugging
[267/1159] Compiling Tracing TracingTime.swift
[268/1160] Compiling Tracing TracerProtocol.swift
[269/1160] Compiling Tracing TracerProtocol+Legacy.swift
[270/1160] Emitting module Tracing
[270/1160] Compiling tls_method.cc
[272/1160] Compiling Tracing Tracer.swift
[273/1160] Compiling Tracing WithTracer.swift
[274/1195] Compiling Tracing NoOpTracer.swift
[275/1195] Compiling Tracing SpanProtocol.swift
[276/1197] Compiling Tracing InstrumentationSystem+Tracing.swift
[277/1203] Wrapping AST for SpanPreview for debugging
[278/1203] Compiling tls_record.cc
[279/1203] Wrapping AST for Tracing for debugging
[281/1203] Compiling DequeModule UniqueDeque+Consumption.swift
[282/1203] Compiling DequeModule UniqueDeque+ContainerOperations.swift
[283/1203] Compiling DequeModule UniqueDeque+Deprecations.swift
[284/1203] Compiling DequeModule UniqueDeque+Descriptions.swift
[285/1203] Compiling DequeModule UniqueDeque+Equatable.swift
[286/1203] Compiling DequeModule UniqueDeque+Hashable.swift
[287/1208] Compiling DequeModule Deque+Codable.swift
[288/1208] Compiling DequeModule Deque+Collection.swift
[289/1208] Compiling DequeModule Deque+CustomReflectable.swift
[290/1208] Compiling DequeModule Deque+Descriptions.swift
[291/1208] Compiling DequeModule Deque+Equatable.swift
[292/1208] Compiling DequeModule Deque+ExpressibleByArrayLiteral.swift
[293/1208] Compiling DequeModule UniqueDeque+Initializers.swift
[294/1208] Compiling DequeModule UniqueDeque+Insertions.swift
[295/1208] Compiling DequeModule UniqueDeque+Iterable.swift
[296/1208] Compiling DequeModule UniqueDeque+Prepend.swift
[297/1208] Compiling DequeModule UniqueDeque+Removals.swift
[297/1208] Compiling tls13_enc.cc
[299/1208] Compiling DequeModule _DequeBuffer.swift
[300/1208] Compiling DequeModule _DequeBufferHeader.swift
[301/1208] Compiling DequeModule RigidDeque+Append.swift
[302/1208] Compiling DequeModule RigidDeque+Consumption.swift
[303/1208] Compiling DequeModule RigidDeque+ContainerOperations.swift
[304/1208] Compiling DequeModule RigidDeque+Deprecations.swift
[304/1208] Compiling tls13_client.cc
[306/1208] Compiling DequeModule RigidDeque+Descriptions.swift
[307/1208] Compiling DequeModule RigidDeque+Equatable.swift
[308/1208] Compiling DequeModule RigidDeque+Hashable.swift
[309/1208] Compiling DequeModule RigidDeque+Initializers.swift
[310/1208] Compiling DequeModule RigidDeque+Insertions.swift
[311/1208] Compiling DequeModule RigidDeque+Iterable.swift
[312/1208] Compiling DequeModule RigidDeque+Prepend.swift
[313/1208] Compiling DequeModule RigidDeque+Removals.swift
[314/1208] Compiling DequeModule RigidDeque+Replacements.swift
[315/1208] Compiling DequeModule RigidDeque+Testing.swift
[316/1208] Compiling DequeModule RigidDeque.swift
[317/1208] Compiling DequeModule UniqueDeque+Append.swift
[317/1208] Compiling ssl_transcript.cc
[318/1208] Compiling tls13_server.cc
[320/1208] Compiling DequeModule Deque+Extras.swift
[321/1208] Compiling DequeModule Deque+Hashable.swift
[322/1208] Compiling DequeModule Deque+Testing.swift
[323/1208] Compiling DequeModule Deque._Storage.swift
[324/1208] Compiling DequeModule Deque._UnsafeHandle.swift
[325/1208] Compiling DequeModule Deque.swift
[325/1208] Compiling tls13_both.cc
[326/1208] Compiling ssl_stat.cc
[327/1208] Compiling t1_enc.cc
[328/1208] Compiling ssl_versions.cc
[329/1208] Compiling ssl_x509.cc
[331/1208] Emitting module ExtrasBase64
[331/1208] Compiling ssl_key_share.cc
[332/1208] Compiling ssl_session.cc
[334/1208] Compiling DequeModule UniqueDeque+Replacements.swift
[335/1208] Compiling DequeModule UniqueDeque.swift
[336/1208] Compiling DequeModule _DequeSlot.swift
[337/1208] Compiling DequeModule _UnsafeDequeHandle.swift
[338/1208] Compiling DequeModule _UnsafeDequeSegments.swift
[339/1208] Compiling ExtrasBase64 Base64.swift
[340/1220] Compiling ssl_privkey.cc
[341/1240] Wrapping AST for ExtrasBase64 for debugging
[342/1240] Compiling ssl_file.cc
[344/1240] Emitting module DequeModule
[345/1241] Compiling ssl_lib.cc
[346/1241] Compiling ssl_credential.cc
[347/1284] Compiling ssl_buffer.cc
[349/1284] Compiling Configuration AccessReporter.swift
[349/1284] Wrapping AST for DequeModule for debugging
[351/1284] Compiling Configuration AccessLogger.swift
[352/1284] Compiling Configuration FileAccessLogger.swift
[353/1284] Compiling Configuration ConfigContext.swift
[354/1284] Compiling Configuration ConfigKey.swift
[355/1288] Compiling Configuration JSONSnapshot.swift
[356/1288] Compiling Configuration PropertyListSnapshot.swift
[357/1288] Compiling Configuration ReloadingFileProvider.swift
[358/1288] Compiling Configuration ReloadingFileProviderMetrics.swift
[359/1288] Compiling Configuration YAMLSnapshot.swift
[360/1288] Compiling Configuration InMemoryProvider.swift
[361/1293] Compiling GoogleWKT WKTSourceContext.swift
[362/1293] Compiling GoogleWKT WKTSyntax.swift
[363/1293] Compiling GoogleWKT WKTType.swift
[364/1293] Compiling GoogleWKT PackageVersion.swift
[364/1293] Compiling ssl_cipher.cc
[366/1293] Compiling Configuration ConfigSnapshotReader+methods.swift
[367/1293] Compiling Configuration ConfigSnapshotReader.swift
[368/1293] Compiling Configuration SeparatorKeyEncoder.swift
[369/1293] Compiling Configuration MultiProvider.swift
[370/1293] Compiling Configuration EnvironmentKeyEncoder.swift
[371/1293] Compiling Configuration EnvironmentVariablesProvider.swift
[372/1293] Compiling Configuration CommonProviderFileSystem.swift
[373/1293] Compiling Configuration DirectoryFilesProvider.swift
[374/1293] Compiling Configuration CLIArgumentParser.swift
[375/1293] Compiling Configuration CLISnapshot.swift
[376/1293] Compiling Configuration CommandLineArgumentsProvider.swift
[377/1293] Compiling Configuration EnvironmentFileParser.swift
[382/1293] Compiling Configuration FileProvider.swift
[383/1293] Compiling Configuration FileProviderSnapshot.swift
[391/1293] Compiling ssl_cert.cc
[392/1293] Compiling s3_pkt.cc
[393/1293] Compiling ssl_asn1.cc
[394/1293] Compiling ssl_aead_ctx.cc
[396/1293] Emitting module GoogleWKT
[397/1293] Compiling Configuration ConfigProvider.swift
[398/1293] Compiling Configuration ConfigProviderHelpers.swift
[399/1293] Compiling Configuration ConfigReader+internalHelpers.swift
[400/1293] Compiling Configuration ConfigReader+methods.swift
[401/1293] Compiling Configuration ConfigReader.swift
[402/1312] Compiling s3_lib.cc
[404/1312] Compiling GoogleType PackageVersion.swift
[405/1312] Compiling GoogleType PhoneNumber.swift
[406/1329] Compiling GoogleType TimeOfDay.swift
[407/1329] Compiling GoogleType TimeZone.swift
[408/1329] Compiling GoogleRpc LocalizedMessage.swift
[409/1329] Compiling GoogleRpc PackageVersion.swift
[410/1331] Emitting module GoogleType
[411/1331] Compiling GoogleRpc Status.swift
[412/1331] Compiling GoogleType Quaternion.swift
[412/1331] Compiling s3_both.cc
[413/1331] Wrapping AST for GoogleWKT for debugging
[415/1331] Compiling GoogleRpc BadRequest.swift
[416/1331] Compiling GoogleRpc Code.swift
[417/1331] Compiling GoogleRpc HttpRequest.swift
[418/1331] Compiling GoogleRpc RetryInfo.swift
[420/1331] Compiling GoogleRpc Help.swift
[421/1331] Compiling GoogleRpc HttpHeader.swift
[422/1331] Compiling GoogleRpc PreconditionFailure.swift
[423/1331] Compiling GoogleRpc QuotaFailure.swift
[424/1331] Compiling GoogleRpc RequestInfo.swift
[425/1331] Compiling GoogleRpc HttpResponse.swift
[426/1331] Compiling GoogleRpc DebugInfo.swift
[427/1331] Compiling GoogleRpc ErrorInfo.swift
[432/1332] Compiling GoogleRpc ResourceInfo.swift
[433/1332] Emitting module GoogleRpc
[433/1332] Compiling handshake_client.cc
[434/1332] Wrapping AST for GoogleType for debugging
[446/1333] Compiling handshake_server.cc
[447/1333] Wrapping AST for GoogleRpc for debugging
[448/1333] Compiling handshake.cc
[449/1333] Compiling handoff.cc
[451/1333] Compiling Configuration CombineLatestManyStorage.swift
[452/1333] Compiling Configuration AsyncSequences.swift
[453/1333] Compiling Configuration FoundationExtensions.swift
[454/1333] Compiling Configuration Span.swift
[455/1333] Compiling Configuration ConfigBytesFromStringDecoder.swift
[456/1333] Compiling Configuration MutableInMemoryProvider.swift
[457/1333] Compiling Configuration ConfigProvider+Operators.swift
[458/1333] Compiling Configuration KeyMappingProvider.swift
[459/1333] Compiling Configuration SecretsSpecifier.swift
[460/1333] Compiling Configuration AsyncCombineLatestManySequence.swift
[461/1333] Compiling Configuration CombineLatestManyStateMachine.swift
[461/1333] Compiling extensions.cc
[467/1333] Compiling Configuration ConfigKeyEncoder.swift
[468/1333] Compiling Configuration DotSeparatorKeyDecoder.swift
[480/1333] Compiling encrypted_client_hello.cc
[481/1333] Compiling dtls_record.cc
[482/1333] Compiling md5-x86_64-linux.S
[483/1333] Compiling md5-x86_64-apple.S
[484/1333] Compiling md5-586-linux.S
[485/1333] Compiling md5-586-apple.S
[486/1333] Compiling bio_ssl.cc
[487/1333] Compiling chacha20_poly1305_x86_64-linux.S
[488/1333] Compiling chacha20_poly1305_x86_64-apple.S
[489/1333] Compiling chacha20_poly1305_armv8-win.S
[490/1333] Compiling chacha20_poly1305_armv8-linux.S
[491/1333] Compiling chacha20_poly1305_armv8-apple.S
[492/1333] Compiling chacha-x86_64-linux.S
[493/1333] Compiling chacha-x86_64-apple.S
[494/1333] Compiling chacha-x86-linux.S
[495/1333] Compiling d1_pkt.cc
[496/1333] Compiling chacha-armv8-win.S
[497/1333] Compiling chacha-x86-apple.S
[498/1333] Compiling d1_srtp.cc
[499/1333] Compiling dtls_method.cc
[500/1333] Compiling err_data.cc
[501/1333] Compiling chacha-armv8-apple.S
[502/1333] Compiling chacha-armv8-linux.S
[503/1333] Compiling chacha-armv4-linux.S
[504/1333] Compiling d1_lib.cc
[505/1333] Compiling aes128gcmsiv-x86_64-linux.S
[506/1333] Compiling aes128gcmsiv-x86_64-apple.S
[507/1333] Compiling x86_64-mont5-linux.S
[508/1333] Compiling x86_64-mont5-apple.S
[509/1333] Compiling x86_64-mont-linux.S
[510/1333] Compiling x86-mont-linux.S
[511/1333] Compiling x86_64-mont-apple.S
[512/1333] Compiling x86-mont-apple.S
[513/1333] Compiling vpaes-x86_64-linux.S
[514/1333] Compiling vpaes-x86_64-apple.S
[515/1333] Compiling vpaes-x86-linux.S
[516/1333] Compiling vpaes-armv8-win.S
[517/1333] Compiling vpaes-armv8-apple.S
[518/1333] Compiling vpaes-armv8-linux.S
[519/1333] Compiling vpaes-x86-apple.S
[520/1333] Compiling sha512-armv8-win.S
[521/1333] Compiling vpaes-armv7-linux.S
[522/1333] Compiling sha512-x86_64-linux.S
[523/1333] Compiling sha512-586-apple.S
[524/1333] Compiling sha512-armv8-linux.S
[525/1333] Compiling sha512-armv8-apple.S
[526/1333] Compiling sha512-x86_64-apple.S
[527/1333] Compiling sha256-x86_64-linux.S
[528/1333] Compiling sha512-armv4-linux.S
[529/1333] Compiling sha256-armv8-apple.S
[530/1333] Compiling sha512-586-linux.S
[531/1333] Compiling sha256-armv4-linux.S
[532/1333] Compiling sha256-armv8-win.S
[533/1333] Compiling sha256-x86_64-apple.S
[534/1333] Compiling sha1-x86_64-apple.S
[535/1333] Compiling sha256-586-linux.S
[536/1333] Compiling sha1-x86_64-linux.S
[537/1333] Compiling sha256-586-apple.S
[538/1333] Compiling sha1-armv8-apple.S
[539/1333] Compiling sha256-armv8-linux.S
[540/1333] Compiling sha1-armv4-large-linux.S
[541/1333] Compiling sha1-586-apple.S
[542/1333] Compiling rsaz-avx2-apple.S
[543/1333] Compiling sha1-armv8-linux.S
[544/1333] Compiling sha1-586-linux.S
[545/1333] Compiling sha1-armv8-win.S
[546/1333] Compiling rdrand-x86_64-linux.S
[547/1333] Compiling rsaz-avx2-linux.S
[548/1333] Compiling p256_beeu-x86_64-asm-apple.S
[548/1333] Compiling p256_beeu-x86_64-asm-linux.S
[550/1333] Compiling rdrand-x86_64-apple.S
[551/1333] Compiling p256_beeu-armv8-asm-win.S
[552/1333] Compiling p256-x86_64-asm-apple.S
[553/1333] Compiling p256-x86_64-asm-linux.S
[554/1333] Compiling p256-armv8-asm-win.S
[555/1333] Compiling p256-armv8-asm-apple.S
[556/1333] Compiling ghashv8-armv8-win.S
[557/1333] Compiling p256-armv8-asm-linux.S
[558/1333] Compiling p256_beeu-armv8-asm-apple.S
[559/1333] Compiling ghashv8-armv7-linux.S
[560/1333] Compiling p256_beeu-armv8-asm-linux.S
[561/1333] Compiling ghash-x86_64-linux.S
[562/1333] Compiling ghashv8-armv8-linux.S
[563/1333] Compiling ghash-x86_64-apple.S
[564/1333] Compiling ghashv8-armv8-apple.S
[565/1333] Compiling ghash-x86-linux.S
[566/1333] Compiling d1_both.cc
[567/1333] Compiling ghash-ssse3-x86-linux.S
[568/1333] Compiling ghash-ssse3-x86_64-linux.S
[569/1333] Compiling ghash-x86-apple.S
[570/1333] Compiling ghash-ssse3-x86_64-apple.S
[571/1333] Compiling ghash-neon-armv8-win.S
[572/1333] Compiling ghash-neon-armv8-linux.S
[573/1333] Compiling ghash-ssse3-x86-apple.S
[574/1333] Compiling co-586-linux.S
[575/1333] Compiling co-586-apple.S
[576/1333] Compiling ghash-armv4-linux.S
[577/1333] Compiling ghash-neon-armv8-apple.S
[578/1333] Compiling bsaes-armv7-linux.S
[579/1333] Compiling bn-armv8-linux.S
[580/1333] Compiling bn-armv8-apple.S
[581/1333] Compiling bn-586-apple.S
[582/1333] Compiling bn-armv8-win.S
[583/1333] Compiling armv8-mont-win.S
[584/1333] Compiling bn-586-linux.S
[585/1333] Compiling armv8-mont-linux.S
[586/1333] Compiling armv8-mont-apple.S
[587/1333] Compiling aesv8-gcm-armv8-win.S
[588/1333] Compiling armv4-mont-linux.S
[589/1333] Compiling aesv8-gcm-armv8-apple.S
[590/1333] Compiling aesv8-armv8-win.S
[591/1333] Compiling aesv8-armv8-linux.S
[592/1333] Compiling aesv8-gcm-armv8-linux.S
[600/1333] Emitting module Configuration
[600/1334] Compiling aesv8-armv7-linux.S
[601/1334] Compiling aesni-x86_64-linux.S
[602/1334] Compiling aesv8-armv8-apple.S
[603/1334] Compiling aesni-x86-apple.S
[604/1334] Compiling aesni-x86-linux.S
[605/1334] Compiling aesni-x86_64-apple.S
[606/1334] Compiling aesni-gcm-x86_64-linux.S
[608/1334] Compiling aes-gcm-avx2-x86_64-apple.S
[609/1334] Compiling aes-gcm-avx10-x86_64-linux.S
[610/1334] Compiling aesni-gcm-x86_64-apple.S
[611/1334] Compiling aes-gcm-avx2-x86_64-linux.S
[612/1334] Compiling aes-gcm-avx10-x86_64-apple.S
[613/1334] Compiling x_x509a.cc
[614/1334] Wrapping AST for Configuration for debugging
[615/1334] Compiling x_x509.cc
[616/1334] Compiling x_sig.cc
[617/1334] Compiling x_name.cc
[618/1334] Compiling x_pubkey.cc
[619/1334] Compiling x_spki.cc
[620/1334] Compiling x_val.cc
[621/1334] Compiling x_req.cc
[622/1334] Compiling x_attrib.cc
[623/1334] Compiling x_exten.cc
[624/1334] Compiling x_crl.cc
[625/1334] Compiling x509spki.cc
[626/1334] Compiling x_all.cc
[627/1334] Compiling x509name.cc
[628/1334] Compiling x_algor.cc
[629/1334] Compiling x509rset.cc
[630/1334] Compiling x509cset.cc
[631/1334] Compiling x509_v3.cc
[632/1334] Compiling x509_txt.cc
[633/1334] Compiling x509_vpm.cc
[634/1334] Compiling x509_trs.cc
[635/1334] Compiling x509_req.cc
[636/1334] Compiling x509_vfy.cc
[637/1334] Compiling x509_def.cc
[638/1334] Compiling x509_set.cc
[639/1334] Compiling x509_obj.cc
[640/1334] Compiling x509_lu.cc
[641/1334] Compiling x509_d2.cc
[642/1334] Compiling v3_purp.cc
[643/1334] Compiling x509_ext.cc
[644/1334] Compiling x509.cc
[645/1334] Compiling x509_cmp.cc
[646/1334] Compiling x509_att.cc
[647/1334] Compiling v3_skey.cc
[648/1334] Compiling v3_utl.cc
[649/1334] Compiling v3_pmaps.cc
[650/1334] Compiling v3_prn.cc
[651/1334] Compiling v3_ncons.cc
[652/1334] Compiling v3_info.cc
[653/1334] Compiling v3_pcons.cc
[654/1334] Compiling v3_int.cc
[655/1334] Compiling v3_ocsp.cc
[656/1334] Compiling v3_lib.cc
[657/1334] Compiling v3_enum.cc
[658/1334] Compiling v3_ia5.cc
[659/1334] Compiling v3_crld.cc
[660/1334] Compiling v3_genn.cc
[661/1334] Compiling v3_extku.cc
[662/1334] Compiling v3_cpols.cc
[663/1334] Compiling v3_conf.cc
[664/1334] Compiling v3_bitst.cc
[665/1334] Compiling v3_bcons.cc
[666/1334] Compiling v3_alt.cc
[667/1334] Compiling v3_akeya.cc
[668/1334] Compiling v3_akey.cc
[669/1334] Compiling t_x509a.cc
[670/1334] Compiling t_x509.cc
[671/1334] Compiling t_req.cc
[672/1334] Compiling t_crl.cc
[673/1334] Compiling i2d_pr.cc
[674/1334] Compiling rsa_pss.cc
[675/1334] Compiling algorithm.cc
[676/1334] Compiling name_print.cc
[677/1334] Compiling policy.cc
[678/1334] Compiling by_file.cc
[679/1334] Compiling by_dir.cc
[680/1334] Compiling a_digest.cc
[681/1334] Compiling thread_pthread.cc
[682/1334] Compiling asn1_gen.cc
[683/1334] Compiling a_verify.cc
[684/1334] Compiling thread_none.cc
[685/1334] Compiling a_sign.cc
[686/1334] Compiling thread_win.cc
[687/1334] Compiling stack.cc
[688/1334] Compiling trust_token.cc
[689/1334] Compiling voprf.cc
[690/1334] Compiling thread.cc
[691/1334] Compiling sha512.cc
[692/1334] Compiling siphash.cc
[693/1334] Compiling pmbtoken.cc
[694/1334] Compiling sha256.cc
[695/1334] Compiling refcount.cc
[696/1334] Compiling rsa_asn1.cc
[697/1334] Compiling sha1.cc
[698/1334] Compiling spake2plus.cc
[699/1334] Compiling slhdsa.cc
[700/1334] Compiling rsa_print.cc
[701/1334] Compiling rc4.cc
[702/1334] Compiling windows.cc
[703/1334] Compiling rsa_extra.cc
[704/1334] Compiling rsa_crypt.cc
[705/1334] Compiling getentropy.cc
[706/1334] Compiling deterministic.cc
[707/1334] Compiling urandom.cc
[708/1334] Compiling trusty.cc
[709/1334] Compiling poly1305_arm_asm.S
[710/1334] Compiling rand.cc
[711/1334] Compiling ios.cc
[712/1334] Compiling forkunsafe.cc
[713/1334] Compiling passive.cc
[714/1334] Compiling poly1305_arm.cc
[715/1334] Compiling fork_detect.cc
[716/1334] Compiling poly1305_vec.cc
[717/1334] Compiling pool.cc
[718/1334] Compiling poly1305.cc
[719/1334] Compiling pkcs7_x509.cc
[720/1334] Compiling pem_xaux.cc
[721/1334] Compiling pem_pk8.cc
[722/1334] Compiling pkcs7.cc
[723/1334] Compiling pkcs8_x509.cc
[724/1334] Compiling pkcs8.cc
[725/1334] Compiling p5_pbev2.cc
[726/1334] Compiling pem_x509.cc
[727/1334] Compiling obj_xref.cc
[728/1334] Compiling pem_all.cc
[729/1334] Compiling mldsa.cc
[730/1334] Compiling pem_pkey.cc
[731/1334] Compiling md5.cc
[732/1334] Compiling md4.cc
[733/1334] Compiling mlkem.cc
[734/1334] Compiling pem_oth.cc
[735/1334] Compiling pem_info.cc
[736/1334] Compiling mem.cc
[737/1334] Compiling poly_rq_mul.S
[738/1334] Compiling obj.cc
[739/1334] Compiling fips_shared_support.cc
[740/1334] Compiling pem_lib.cc
[741/1334] Compiling kyber.cc
[742/1334] Compiling lhash.cc
[743/1334] Compiling hpke.cc
[744/1334] Compiling sign.cc
[745/1334] Compiling ex_data.cc
[746/1334] Compiling scrypt.cc
[747/1334] Compiling pbkdf.cc
[748/1334] Compiling hrss.cc
[749/1334] Compiling print.cc
[750/1334] Compiling p_rsa_asn1.cc
[751/1334] Compiling p_hkdf.cc
[752/1334] Compiling p_x25519_asn1.cc
[753/1334] Compiling p_x25519.cc
[754/1334] Compiling p_ec.cc
[755/1334] Compiling p_ec_asn1.cc
[756/1334] Compiling p_ed25519.cc
[757/1334] Compiling evp_ctx.cc
[758/1334] Compiling bcm.cc
[759/1334] Compiling p_ed25519_asn1.cc
[760/1334] Compiling p_rsa.cc
[761/1334] Compiling err.cc
[762/1334] Compiling evp.cc
[763/1334] Compiling p_dh.cc
[764/1334] Compiling p_dh_asn1.cc
[765/1334] Compiling hash_to_curve.cc
[766/1334] Compiling p_dsa_asn1.cc
[767/1334] Compiling ecdh.cc
[768/1334] Compiling engine.cc
[769/1334] Compiling evp_asn1.cc
[770/1334] Compiling dsa_asn1.cc
[771/1334] Compiling ec_derive.cc
[772/1334] Compiling ecdsa_asn1.cc
[773/1334] Compiling digest_extra.cc
[774/1334] Compiling dsa.cc
[775/1334] Compiling x25519-asm-arm.S
[776/1334] Compiling ec_asn1.cc
[777/1334] Compiling crypto.cc
[778/1334] Compiling params.cc
[779/1334] Compiling cpu_arm_linux.cc
[780/1334] Compiling dh_asn1.cc
[781/1334] Compiling curve25519_64_adx.cc
[782/1334] Compiling des.cc
[783/1334] Compiling cpu_aarch64_win.cc
[784/1334] Compiling cpu_intel.cc
[785/1334] Compiling spake25519.cc
[786/1334] Compiling curve25519.cc
[787/1334] Compiling cpu_arm_freebsd.cc
[788/1334] Compiling cpu_aarch64_fuchsia.cc
[789/1334] Compiling cpu_aarch64_openbsd.cc
[790/1334] Compiling cpu_aarch64_apple.cc
[791/1334] Compiling cpu_aarch64_sysreg.cc
[792/1334] Compiling get_cipher.cc
[793/1334] Compiling conf.cc
[794/1334] Compiling cpu_aarch64_linux.cc
[795/1334] Compiling e_null.cc
[796/1334] Compiling e_rc2.cc
[797/1334] Compiling tls_cbc.cc
[798/1334] Compiling e_tls.cc
[799/1334] Compiling derive_key.cc
[800/1334] Compiling e_rc4.cc
[801/1334] Compiling e_des.cc
[802/1334] Compiling e_chacha20poly1305.cc
[803/1334] Compiling e_aesgcmsiv.cc
[804/1334] Compiling cbs.cc
[805/1334] Compiling e_aesctrhmac.cc
[806/1334] Compiling chacha.cc
[807/1334] Compiling buf.cc
[808/1334] Compiling unicode.cc
[809/1334] Compiling cbb.cc
[810/1334] Compiling ber.cc
[811/1334] Compiling socket_helper.cc
[812/1334] Compiling asn1_compat.cc
[813/1334] Compiling blake2.cc
[814/1334] Compiling hexdump.cc
[815/1334] Compiling convert.cc
[816/1334] Compiling bn_asn1.cc
[817/1334] Compiling socket.cc
[818/1334] Compiling errno.cc
[819/1334] Compiling printf.cc
[820/1334] Compiling pair.cc
[821/1334] Compiling base64.cc
[822/1334] Compiling file.cc
[823/1334] Compiling fd.cc
[824/1334] Compiling connect.cc
[825/1334] Compiling bio_mem.cc
[826/1334] Compiling bio.cc
[827/1334] Compiling tasn_new.cc
[828/1334] Compiling f_int.cc
[829/1334] Compiling tasn_typ.cc
[830/1334] Compiling tasn_fre.cc
[831/1334] Compiling tasn_enc.cc
[832/1334] Compiling tasn_utl.cc
[833/1334] Compiling asn_pack.cc
[834/1334] Compiling posix_time.cc
[835/1334] Compiling f_string.cc
[836/1334] Compiling tasn_dec.cc
[837/1334] Compiling a_time.cc
[838/1334] Compiling asn1_par.cc
[839/1334] Compiling a_object.cc
[840/1334] Compiling asn1_lib.cc
[841/1334] Compiling a_strnid.cc
[842/1334] Compiling a_utctm.cc
[843/1334] Compiling a_type.cc
[844/1334] Compiling a_octet.cc
[845/1334] Compiling a_strex.cc
[846/1334] Compiling a_int.cc
[847/1334] Compiling a_d2i_fp.cc
[848/1334] Compiling a_mbstr.cc
[849/1334] Compiling CGoogleGaxCRC32C CGoogleGaxCRC32C.c
[850/1334] Compiling CCryptoBoringSSLShims shims.c
[851/1334] Compiling a_i2d_fp.cc
[852/1334] Compiling fiat_p256_adx_sqr.S
[853/1334] Compiling fiat_p256_adx_mul.S
[854/1334] Compiling fiat_curve25519_adx_square.S
[855/1334] Compiling fiat_curve25519_adx_mul.S
[856/1334] Compiling md5-x86_64-apple.S
[857/1334] Compiling md5-x86_64-linux.S
[858/1334] Compiling a_dup.cc
[859/1334] Compiling md5-586-linux.S
[860/1334] Compiling md5-586-apple.S
[861/1334] Compiling chacha20_poly1305_x86_64-apple.S
[862/1334] Compiling chacha20_poly1305_armv8-win.S
[863/1334] Compiling chacha20_poly1305_x86_64-linux.S
[864/1334] Compiling chacha20_poly1305_armv8-linux.S
[865/1334] Compiling chacha20_poly1305_armv8-apple.S
[866/1334] Compiling chacha-x86_64-linux.S
[867/1334] Compiling chacha-x86_64-apple.S
[868/1334] Compiling chacha-x86-linux.S
[869/1334] Compiling chacha-x86-apple.S
[870/1334] Compiling chacha-armv8-win.S
[871/1334] Compiling a_gentm.cc
[871/1334] Compiling a_bitstr.cc
[873/1334] Compiling chacha-armv8-apple.S
[874/1334] Compiling aes128gcmsiv-x86_64-linux.S
[875/1334] Compiling chacha-armv4-linux.S
[876/1334] Compiling chacha-armv8-linux.S
[877/1334] Compiling aes128gcmsiv-x86_64-apple.S
[878/1334] Compiling x86_64-mont5-linux.S
[879/1334] Compiling x86_64-mont5-apple.S
[880/1334] Compiling x86_64-mont-linux.S
[881/1334] Compiling x86_64-mont-apple.S
[882/1334] Compiling x86-mont-linux.S
[883/1334] Compiling vpaes-x86-linux.S
[884/1334] Compiling x86-mont-apple.S
[885/1334] Compiling vpaes-x86_64-linux.S
[886/1334] Compiling vpaes-x86_64-apple.S
[887/1334] Compiling a_bool.cc
[888/1334] Compiling vpaes-armv8-win.S
[889/1334] Compiling vpaes-armv7-linux.S
[890/1334] Compiling vpaes-armv8-apple.S
[890/1334] Compiling vpaes-x86-apple.S
[892/1334] Compiling vpaes-armv8-linux.S
[893/1334] Compiling sha512-x86_64-apple.S
[894/1334] Compiling sha512-armv8-apple.S
[895/1334] Compiling sha512-armv8-win.S
[896/1334] Compiling sha512-armv8-linux.S
[897/1334] Compiling sha512-x86_64-linux.S
[898/1334] Compiling sha512-586-linux.S
[899/1334] Compiling sha512-armv4-linux.S
[900/1334] Compiling sha256-armv8-win.S
[901/1334] Compiling sha512-586-apple.S
[902/1334] Compiling sha256-x86_64-linux.S
[903/1334] Compiling sha256-armv8-apple.S
[904/1334] Compiling sha256-x86_64-apple.S
[905/1334] Compiling sha256-armv8-linux.S
[906/1334] Compiling sha256-armv4-linux.S
[907/1334] Compiling sha1-x86_64-apple.S
[908/1334] Compiling sha256-586-apple.S
[909/1334] Compiling sha1-armv8-win.S
[910/1334] Compiling sha1-armv8-apple.S
[911/1334] Compiling sha256-586-linux.S
[912/1334] Compiling sha1-armv8-linux.S
[913/1334] Compiling sha1-armv4-large-linux.S
[914/1334] Compiling sha1-x86_64-linux.S
[915/1334] Compiling rsaz-avx2-apple.S
[916/1334] Compiling sha1-586-linux.S
[917/1334] Compiling sha1-586-apple.S
[918/1334] Compiling rdrand-x86_64-apple.S
[919/1334] Compiling rdrand-x86_64-linux.S
[920/1334] Compiling p256_beeu-x86_64-asm-apple.S
[921/1334] Compiling rsaz-avx2-linux.S
[922/1334] Compiling p256_beeu-x86_64-asm-linux.S
[923/1334] Compiling p256-x86_64-asm-linux.S
[924/1334] Compiling p256_beeu-armv8-asm-win.S
[925/1334] Compiling p256_beeu-armv8-asm-linux.S
[926/1334] Compiling p256-x86_64-asm-apple.S
[927/1334] Compiling ghashv8-armv8-win.S
[928/1334] Compiling p256_beeu-armv8-asm-apple.S
[929/1334] Compiling p256-armv8-asm-linux.S
[930/1334] Compiling p256-armv8-asm-win.S
[931/1334] Compiling ghashv8-armv8-linux.S
[932/1334] Compiling p256-armv8-asm-apple.S
[933/1334] Compiling err_data.cc
[934/1334] Compiling ghash-x86-linux.S
[935/1334] Compiling ghashv8-armv7-linux.S
[936/1334] Compiling ghashv8-armv8-apple.S
[937/1334] Compiling ghash-x86_64-linux.S
[938/1334] Compiling ghash-x86-apple.S
[939/1334] Compiling ghash-ssse3-x86_64-linux.S
[940/1334] Compiling ghash-ssse3-x86_64-apple.S
[941/1334] Compiling ghash-x86_64-apple.S
[942/1334] Compiling ghash-ssse3-x86-apple.S
[943/1334] Compiling ghash-neon-armv8-linux.S
[944/1334] Compiling ghash-neon-armv8-win.S
[945/1334] Compiling ghash-ssse3-x86-linux.S
[946/1334] Compiling ghash-neon-armv8-apple.S
[947/1334] Compiling co-586-linux.S
[948/1334] Compiling bsaes-armv7-linux.S
[948/1334] Compiling ghash-armv4-linux.S
[950/1334] Compiling co-586-apple.S
[951/1334] Compiling bn-armv8-apple.S
[952/1334] Compiling bn-armv8-linux.S
[953/1334] Compiling bn-586-linux.S
[954/1334] Compiling armv8-mont-win.S
[955/1334] Compiling armv4-mont-linux.S
[956/1334] Compiling bn-armv8-win.S
[957/1334] Compiling bn-586-apple.S
[958/1334] Compiling armv8-mont-apple.S
[959/1334] Compiling aesv8-gcm-armv8-apple.S
[960/1334] Compiling aesv8-gcm-armv8-win.S
[961/1334] Compiling aesv8-armv8-linux.S
[962/1334] Compiling armv8-mont-linux.S
[963/1334] Compiling aesv8-armv8-win.S
[964/1334] Compiling aesni-x86_64-linux.S
[965/1334] Compiling aesv8-armv8-apple.S
[966/1334] Compiling aesv8-gcm-armv8-linux.S
[967/1334] Compiling aesni-x86-apple.S
[968/1334] Compiling aesv8-armv7-linux.S
[969/1334] Compiling aesni-x86_64-apple.S
[970/1334] Compiling aes-gcm-avx512-x86_64-linux.S
[970/1334] Compiling aesni-gcm-x86_64-linux.S
[972/1334] Compiling aesni-x86-linux.S
[973/1334] Compiling aesni-gcm-x86_64-apple.S
[974/1334] Compiling aes-gcm-avx512-x86_64-apple.S
[975/1334] Compiling aes-gcm-avx2-x86_64-apple.S
[976/1334] Compiling aes-gcm-avx2-x86_64-linux.S
[977/1334] Compiling x_x509.cc
[978/1334] Compiling x_pubkey.cc
[979/1334] Compiling xwing.cc
[980/1334] Compiling x_x509a.cc
[980/1334] Compiling x_sig.cc
[982/1334] Compiling x_spki.cc
[983/1334] Compiling x_req.cc
[984/1334] Compiling x_name.cc
[985/1334] Compiling c-atomics.c
[986/1334] Compiling x_exten.cc
[987/1334] Compiling x_attrib.cc
[988/1334] Compiling c-nioatomics.c
[989/1334] Compiling x_crl.cc
[990/1334] Compiling x509spki.cc
[991/1341] Compiling x_all.cc
[992/1341] Compiling x_algor.cc
[993/1341] Compiling x509rset.cc
[994/1341] Compiling x509_vfy.cc
[996/1341] Compiling NIOConcurrencyHelpers lock.swift
[997/1341] Compiling NIOConcurrencyHelpers NIOLock.swift
[998/1341] Compiling NIOConcurrencyHelpers atomics.swift
[999/1341] Compiling NIOConcurrencyHelpers NIOThreadPoolWorkAvailable.swift
[1000/1341] Compiling NIOConcurrencyHelpers NIOLockedValueBox.swift
[1000/1341] Compiling x509name.cc
[1002/1341] Emitting module NIOConcurrencyHelpers
[1003/1341] Compiling NIOConcurrencyHelpers NIOAtomic.swift
[1004/1342] Compiling x509_txt.cc
[1005/1342] Wrapping AST for NIOConcurrencyHelpers for debugging
[1006/1342] Compiling x509cset.cc
[1007/1342] Compiling x509_vpm.cc
[1008/1342] Compiling x509_set.cc
[1009/1342] Compiling x509_v3.cc
[1010/1342] Compiling x509_lu.cc
[1011/1342] Compiling x509_def.cc
[1012/1342] Compiling x509_trs.cc
[1013/1342] Compiling x509_obj.cc
[1014/1342] Compiling x509_req.cc
[1015/1342] Compiling x509_att.cc
[1016/1342] Compiling x509.cc
[1017/1342] Compiling x509_d2.cc
[1018/1342] Compiling v3_prn.cc
[1019/1342] Compiling v3_skey.cc
[1020/1342] Compiling x509_ext.cc
[1021/1342] Compiling x509_cmp.cc
[1022/1342] Compiling v3_pmaps.cc
[1023/1342] Compiling v3_ocsp.cc
[1024/1342] Compiling v3_info.cc
[1025/1342] Compiling v3_utl.cc
[1026/1342] Compiling v3_purp.cc
[1027/1342] Compiling v3_pcons.cc
[1028/1342] Compiling v3_int.cc
[1029/1342] Compiling v3_lib.cc
[1030/1342] Compiling v3_ncons.cc
[1031/1342] Compiling v3_ia5.cc
[1032/1342] Compiling v3_extku.cc
[1033/1342] Compiling v3_genn.cc
[1034/1342] Compiling v3_bitst.cc
[1035/1342] Compiling v3_enum.cc
[1036/1342] Compiling v3_crld.cc
[1037/1342] Compiling v3_akey.cc
[1038/1342] Compiling v3_cpols.cc
[1039/1342] Compiling v3_conf.cc
[1040/1342] Compiling v3_bcons.cc
[1041/1342] Compiling v3_akeya.cc
[1042/1342] Compiling v3_alt.cc
[1043/1342] Compiling rsa_pss.cc
[1044/1342] Compiling t_x509a.cc
[1045/1342] Compiling t_x509.cc
[1046/1342] Compiling policy.cc
[1047/1342] Compiling t_req.cc
[1048/1342] Compiling t_crl.cc
[1049/1342] Compiling i2d_pr.cc
[1050/1342] Compiling algorithm.cc
[1051/1342] Compiling name_print.cc
[1052/1342] Compiling a_verify.cc
[1053/1342] Compiling a_sign.cc
[1054/1342] Compiling by_file.cc
[1055/1342] Compiling thread_win.cc
[1056/1342] Compiling by_dir.cc
[1057/1342] Compiling thread_pthread.cc
[1057/1342] Compiling voprf.cc
[1059/1342] Compiling pmbtoken.cc
[1060/1342] Compiling thread_none.cc
[1061/1342] Compiling asn1_gen.cc
[1062/1342] Compiling stack.cc
[1063/1342] Compiling siphash.cc
[1064/1342] Compiling slhdsa.cc
[1065/1342] Compiling sha256.cc
[1066/1342] Compiling a_digest.cc
[1067/1342] Compiling spake2plus.cc
[1068/1342] Compiling thread.cc
[1069/1342] Compiling trust_token.cc
[1070/1342] Compiling sha1.cc
[1071/1342] Compiling rsa_extra.cc
[1072/1342] Compiling rsa_print.cc
[1073/1342] Compiling trusty.cc
[1074/1342] Compiling sha512.cc
[1075/1342] Compiling rand.cc
[1076/1342] Compiling rsa_crypt.cc
[1077/1342] Compiling rc4.cc
[1078/1342] Compiling windows.cc
[1079/1342] Compiling urandom.cc
[1080/1342] Compiling refcount.cc
[1081/1342] Compiling ios.cc
[1082/1342] Compiling passive.cc
[1083/1342] Compiling poly1305_arm_asm.S
[1084/1342] Compiling poly1305_vec.cc
[1085/1342] Compiling rsa_asn1.cc
[1085/1342] Compiling getentropy.cc
[1087/1342] Compiling poly1305.cc
[1088/1342] Compiling deterministic.cc
[1088/1342] Compiling fork_detect.cc
[1090/1342] Compiling forkunsafe.cc
[1091/1342] Compiling poly1305_arm.cc
[1092/1342] Compiling pool.cc
[1093/1342] Compiling pkcs7.cc
[1094/1342] Compiling pkcs8.cc
[1095/1342] Compiling p5_pbev2.cc
[1096/1342] Compiling pem_xaux.cc
[1097/1342] Compiling pkcs8_x509.cc
[1098/1342] Compiling pkcs7_x509.cc
[1099/1342] Compiling pem_x509.cc
[1100/1342] Compiling pem_pkey.cc
[1101/1342] Compiling pem_oth.cc
[1102/1342] Compiling mldsa.cc
[1103/1342] Compiling obj_xref.cc
[1104/1342] Compiling mlkem.cc
[1105/1342] Compiling pem_pk8.cc
[1106/1342] Compiling mem.cc
[1107/1342] Compiling pem_info.cc
[1108/1342] Compiling pem_all.cc
[1109/1342] Compiling poly_rq_mul.S
[1110/1342] Compiling pem_lib.cc
[1111/1342] Compiling obj.cc
[1112/1342] Compiling fips_shared_support.cc
[1113/1342] Compiling kyber.cc
[1114/1342] Compiling hpke.cc
[1115/1342] Compiling ex_data.cc
[1116/1342] Compiling md4.cc
[1117/1342] Compiling lhash.cc
[1118/1342] Compiling md5.cc
[1119/1342] Compiling scrypt.cc
[1120/1342] Compiling fuzzer_mode.cc
[1121/1342] Compiling sign.cc
[1122/1342] Compiling p_x25519.cc
[1123/1342] Compiling hrss.cc
[1124/1342] Compiling p_rsa.cc
[1125/1342] Compiling print.cc
[1126/1342] Compiling pbkdf.cc
[1127/1342] Compiling p_hkdf.cc
[1128/1342] Compiling p_x25519_asn1.cc
[1129/1342] Compiling p_dsa_asn1.cc
[1130/1342] Compiling p_rsa_asn1.cc
[1131/1342] Compiling p_ed25519_asn1.cc
[1132/1342] Compiling p_ec.cc
[1133/1342] Compiling p_ed25519.cc
[1134/1342] Compiling p_ec_asn1.cc
[1135/1342] Compiling p_dh.cc
[1136/1342] Compiling evp.cc
[1137/1342] Compiling p_dh_asn1.cc
[1138/1342] Compiling evp_ctx.cc
[1139/1342] Compiling ecdsa_asn1.cc
[1140/1342] Compiling err.cc
[1141/1342] Compiling engine.cc
[1142/1342] Compiling ecdsa_p1363.cc
[1143/1342] Compiling ecdh.cc
[1144/1342] Compiling ec_derive.cc
[1145/1342] Compiling evp_asn1.cc
[1146/1342] Compiling params.cc
[1147/1342] Compiling hash_to_curve.cc
[1148/1342] Compiling des.cc
[1149/1342] Compiling dsa.cc
[1150/1342] Compiling dh_asn1.cc
[1151/1342] Compiling x25519-asm-arm.S
[1152/1342] Compiling spake25519.cc
[1153/1342] Compiling curve25519_64_adx.cc
[1154/1342] Compiling dsa_asn1.cc
[1155/1342] Compiling ec_asn1.cc
[1156/1342] Compiling digest_extra.cc
[1157/1342] Compiling cpu_intel.cc
[1158/1342] Compiling cpu_arm_linux.cc
[1159/1342] Compiling cpu_arm_freebsd.cc
[1160/1342] Compiling crypto.cc
[1161/1342] Compiling cpu_aarch64_linux.cc
[1162/1342] Compiling cpu_aarch64_fuchsia.cc
[1163/1342] Compiling cpu_aarch64_win.cc
[1164/1342] Compiling curve25519.cc
[1165/1342] Compiling cpu_aarch64_sysreg.cc
[1166/1342] Compiling cpu_aarch64_openbsd.cc
[1167/1342] Compiling cpu_aarch64_apple.cc
[1168/1342] Compiling tls_cbc.cc
[1169/1342] Compiling cms.cc
[1170/1342] Compiling e_des.cc
[1171/1342] Compiling conf.cc
[1172/1342] Compiling get_cipher.cc
[1173/1342] Compiling e_rc4.cc
[1174/1342] Compiling e_tls.cc
[1175/1342] Compiling e_chacha20poly1305.cc
[1176/1342] Compiling e_null.cc
[1177/1342] Compiling e_rc2.cc
[1178/1342] Compiling chacha.cc
[1179/1342] Compiling e_aesctrhmac.cc
[1180/1342] Compiling e_aesgcmsiv.cc
[1181/1342] Compiling e_aeseax.cc
[1182/1342] Compiling derive_key.cc
[1183/1342] Compiling unicode.cc
[1184/1342] Compiling exponentiation.cc
[1185/1342] Compiling cbb.cc
[1186/1342] Compiling sqrt.cc
[1187/1342] Compiling cbs.cc
[1188/1342] Compiling buf.cc
[1189/1342] Compiling asn1_compat.cc
[1190/1342] Compiling div.cc
[1191/1342] Compiling convert.cc
[1192/1342] Compiling ber.cc
[1193/1342] Compiling blake2.cc
[1194/1342] Compiling printf.cc
[1195/1342] Compiling hexdump.cc
[1196/1342] Compiling pair.cc
[1197/1342] Compiling bio.cc
[1198/1342] Compiling bn_asn1.cc
[1199/1342] Compiling file.cc
[1200/1342] Compiling fd.cc
[1201/1342] Compiling bio_mem.cc
[1202/1342] Compiling errno.cc
[1203/1342] Compiling tasn_enc.cc
[1204/1342] Compiling tasn_utl.cc
[1205/1342] Compiling base64.cc
[1206/1342] Compiling posix_time.cc
[1207/1342] Compiling tasn_fre.cc
[1208/1342] Compiling tasn_typ.cc
[1209/1342] Compiling asn_pack.cc
[1210/1342] Compiling tasn_new.cc
[1211/1342] Compiling asn1_par.cc
[1211/1342] Compiling f_string.cc
[1213/1342] Compiling tasn_dec.cc
[1214/1342] Compiling f_int.cc
[1215/1342] Compiling a_utctm.cc
[1216/1342] Compiling asn1_lib.cc
[1217/1342] Compiling a_octet.cc
[1218/1342] Compiling a_object.cc
[1219/1342] Compiling a_strex.cc
[1220/1342] Compiling a_type.cc
[1221/1342] Compiling a_time.cc
[1222/1342] Compiling a_i2d_fp.cc
[1223/1342] Compiling a_strnid.cc
[1224/1342] Compiling a_int.cc
[1224/1342] Write sources
[1228/1343] Compiling a_d2i_fp.cc
[1229/1360] Compiling a_mbstr.cc
[1230/1360] Compiling a_bool.cc
[1231/1385] Compiling a_gentm.cc
[1232/1385] Compiling bcm.cc
[1233/1385] Compiling a_dup.cc
[1235/1385] Compiling Algorithms Chain.swift
[1236/1385] Compiling Algorithms Chunked.swift
[1237/1387] Compiling Algorithms Grouped.swift
[1238/1387] Compiling Algorithms Indexed.swift
[1239/1387] Compiling Algorithms Combinations.swift
[1240/1387] Compiling Algorithms FlattenCollection.swift
[1241/1387] Compiling Algorithms MinMax.swift
[1242/1387] Compiling Algorithms AdjacentPairs.swift
[1243/1387] Compiling Atomics IntegerOperations.swift
[1244/1387] Compiling Atomics Unmanaged extensions.swift
[1244/1387] Compiling a_bitstr.cc
[1246/1395] Compiling Algorithms Joined.swift
[1247/1395] Compiling Algorithms Keyed.swift
[1249/1398] Compiling Algorithms Intersperse.swift
[1250/1398] Compiling Algorithms Split.swift
[1251/1398] Compiling Algorithms Stride.swift
[1253/1398] Compiling Algorithms Reductions.swift
[1254/1398] Compiling Algorithms Rotate.swift
[1258/1398] Compiling Algorithms Trim.swift
[1259/1398] Compiling Algorithms Unique.swift
[1260/1398] Compiling Algorithms Windows.swift
[1261/1398] Compiling Algorithms Partition.swift
[1262/1398] Compiling Algorithms Permutations.swift
[1263/1398] Compiling Algorithms Product.swift
[1264/1398] Compiling CryptoBoringWrapper RandomBytes.swift
[1269/1398] Compiling Algorithms Compacted.swift
[1270/1398] Compiling Algorithms Cycle.swift
[1271/1398] Compiling Algorithms EitherSequence.swift
[1272/1398] Compiling Algorithms FirstNonNil.swift
[1273/1398] Compiling CryptoBoringWrapper CryptoKitErrors_boring.swift
[1274/1398] Compiling CryptoBoringWrapper EllipticCurve.swift
[1275/1398] Compiling CryptoBoringWrapper FiniteFieldArithmeticContext.swift
[1276/1398] Emitting module CryptoBoringWrapper
[1277/1398] Compiling CryptoBoringWrapper BoringSSLAEAD.swift
[1278/1398] Emitting module Atomics
[1283/1398] Compiling CryptoBoringWrapper EllipticCurvePoint.swift
[1284/1398] Compiling CryptoBoringWrapper ArbitraryPrecisionInteger.swift
[1285/1399] Wrapping AST for CryptoBoringWrapper for debugging
[1287/1483] Compiling Crypto ArraySliceBigint.swift
[1288/1483] Compiling Crypto GeneralizedTime.swift
[1289/1483] Compiling Crypto ObjectIdentifier.swift
[1290/1483] Compiling Crypto ASN1Null.swift
[1291/1483] Compiling Crypto ASN1OctetString.swift
[1292/1483] Compiling Crypto ASN1Strings.swift
[1293/1484] Wrapping AST for Atomics for debugging
[1295/1484] Emitting module Algorithms
[1296/1549] Wrapping AST for Algorithms for debugging
[1298/1549] Compiling NIOCore NIOCoreSendableMetatype.swift
[1299/1549] Compiling NIOCore NIODecodedAsyncSequence.swift
[1300/1549] Compiling NIOCore NIOLoopBound.swift
[1301/1549] Compiling NIOCore NIOPooledRecvBufferAllocator.swift
[1302/1549] Compiling NIOCore NIOScheduledCallback.swift
[1303/1549] Compiling NIOCore NIOSendable.swift
[1304/1549] Compiling NIOCore NIOSplitLinesMessageDecoder.swift
[1305/1549] Compiling NIOCore NIOTransportAccessibleChannelCore.swift
[1306/1549] Compiling NIOCore RecvByteBufferAllocator.swift
[1307/1557] Compiling NIOCore IPProtocol.swift
[1308/1557] Compiling NIOCore IntegerBitPacking.swift
[1309/1557] Compiling NIOCore IntegerTypes.swift
[1310/1557] Compiling NIOCore Interfaces.swift
[1311/1557] Compiling NIOCore Linux.swift
[1312/1557] Compiling NIOCore MarkedCircularBuffer.swift
[1313/1557] Compiling NIOCore MulticastChannel.swift
[1314/1557] Compiling NIOCore NIOAny.swift
[1315/1557] Compiling NIOCore NIOCloseOnErrorHandler.swift
[1316/1557] Compiling NIOCore ByteBuffer-multi-int.swift
[1317/1557] Compiling NIOCore ByteBuffer-quicBinaryEncodingStrategy.swift
[1318/1557] Compiling NIOCore ByteBuffer-views.swift
[1319/1557] Compiling NIOCore Channel.swift
[1320/1557] Compiling NIOCore ChannelHandler.swift
[1321/1557] Compiling NIOCore ChannelHandlers.swift
[1322/1557] Compiling NIOCore ChannelInvoker.swift
[1323/1557] Compiling NIOCore ChannelOption.swift
[1324/1557] Compiling NIOCore ChannelPipeline.swift
[1325/1557] Compiling NIOCore AddressedEnvelope.swift
[1326/1557] Compiling NIOCore AsyncAwaitSupport.swift
[1327/1557] Compiling NIOCore AsyncChannel.swift
[1328/1557] Emitting module Crypto
[1329/1557] Compiling NIOCore AsyncChannelHandler.swift
[1330/1557] Compiling NIOCore AsyncChannelInboundStream.swift
[1331/1557] Compiling NIOCore AsyncChannelOutboundWriter.swift
[1332/1557] Compiling NIOCore NIOAsyncSequenceProducer.swift
[1333/1557] Compiling NIOCore NIOAsyncSequenceProducerStrategies.swift
[1334/1557] Compiling NIOCore NIOAsyncWriter.swift
[1335/1557] Compiling NIOCore NIOThrowingAsyncSequenceProducer.swift
[1336/1557] Compiling NIOCore BSDSocketAPI.swift
[1337/1557] Compiling NIOCore ByteBuffer-aux.swift
[1338/1557] Compiling NIOCore ByteBuffer-binaryEncodedLengthPrefix.swift
[1339/1557] Compiling NIOCore ByteBuffer-conversions.swift
[1340/1557] Compiling NIOCore ByteBuffer-core.swift
[1341/1568] Compiling NIOCore EventLoopFuture+Deprecated.swift
[1342/1568] Compiling NIOCore EventLoopFuture+WithEventLoop.swift
[1343/1568] Compiling NIOCore EventLoopFuture.swift
[1344/1568] Compiling NIOCore FileDescriptor.swift
[1345/1568] Compiling NIOCore FileHandle.swift
[1346/1568] Compiling NIOCore FileRegion.swift
[1347/1568] Compiling NIOCore GlobalSingletons.swift
[1348/1568] Compiling NIOCore IO.swift
[1349/1568] Compiling NIOCore IOData.swift
[1350/1568] Compiling NIOCore CircularBuffer.swift
[1351/1568] Compiling NIOCore Codec.swift
[1352/1568] Compiling NIOCore ConvenienceOptionSupport.swift
[1353/1568] Compiling NIOCore DeadChannel.swift
[1354/1568] Compiling NIOCore DispatchQueue+WithFuture.swift
[1355/1568] Compiling NIOCore EventLoop+Deprecated.swift
[1356/1568] Compiling NIOCore EventLoop+SerialExecutor.swift
[1357/1568] Compiling NIOCore EventLoop.swift
[1358/1568] Compiling NIOCore EventLoopFuture+AssumeIsolated.swift
[1362/1568] Compiling NIOCore SingleStepByteToMessageDecoder.swift
[1363/1568] Compiling NIOCore SocketAddresses.swift
[1364/1568] Compiling NIOCore SocketOptionProvider.swift
[1365/1568] Compiling NIOCore SystemCallHelpers.swift
[1366/1568] Compiling NIOCore TimeAmount+Duration.swift
[1367/1568] Compiling NIOCore TypeAssistedChannelHandler.swift
[1368/1568] Compiling NIOCore UniversalBootstrapSupport.swift
[1369/1568] Compiling NIOCore Utilities.swift
[1370/1568] Compiling Crypto HMAC.swift
[1371/1568] Compiling Crypto MACFunctions.swift
[1372/1568] Compiling Crypto MessageAuthenticationCode.swift
[1373/1568] Compiling Crypto AES.swift
[1374/1568] Compiling Crypto ECDSASignature_boring.swift
[1375/1568] Compiling Crypto ECDSA_boring.swift
[1376/1568] Compiling Crypto EdDSA_boring.swift
[1377/1568] Compiling Crypto MLDSA_boring.swift
[1378/1568] Compiling Crypto MLDSA_wrapper.swift
[1379/1568] Compiling Crypto ECDSA.swift
[1380/1568] Compiling Crypto Ed25519.swift
[1381/1568] Compiling Crypto MLDSA.swift
[1382/1568] Compiling NIOCore ByteBuffer-hex.swift
[1383/1568] Compiling NIOCore ByteBuffer-int.swift
[1384/1568] Compiling NIOCore ByteBuffer-lengthPrefix.swift
[1418/1568] Compiling Crypto Signature.swift
[1419/1568] Compiling Crypto CryptoKitErrors_boring.swift
[1420/1568] Compiling Crypto Optional+withUnsafeBytes_boring.swift
[1421/1568] Compiling Crypto RNG_boring.swift
[1422/1568] Compiling Crypto SafeCompare_boring.swift
[1423/1568] Compiling Crypto Zeroization_boring.swift
[1424/1568] Compiling Crypto _CryptoModuleAnchor.swift
[1425/1568] Compiling Crypto PrettyBytes.swift
[1426/1568] Compiling Crypto SafeCompare.swift
[1427/1568] Compiling Crypto SecureBytes.swift
[1428/1568] Compiling Crypto Zeroization.swift
[1429/1569] Wrapping AST for Crypto for debugging
[1439/1631] Emitting module CryptoExtras
[1440/1639] Compiling CryptoExtras PKCS8DERRepresentation.swift
[1441/1639] Compiling CryptoExtras PKCS8PrivateKey.swift
[1442/1639] Compiling CryptoExtras RFC8410AlgorithmIdentifier.swift
[1443/1639] Compiling CryptoExtras ECToolbox_boring.swift
[1444/1639] Compiling CryptoExtras ECToolbox.swift
[1445/1639] Compiling CryptoExtras HashToField.swift
[1446/1639] Compiling CryptoExtras KDF.swift
[1447/1639] Compiling CryptoExtras PBKDF2_boring.swift
[1448/1639] Compiling CryptoExtras PBKDF2_commoncrypto.swift
[1449/1639] Compiling CryptoExtras ThreadOps.swift
[1450/1639] Compiling CryptoExtras ThreadPosix.swift
[1451/1639] Compiling CryptoExtras ThreadSpecific.swift
[1452/1639] Compiling CryptoExtras ThreadWindows.swift
[1453/1639] Compiling CryptoExtras DLEQ.swift
[1454/1639] Compiling CryptoExtras Prover.swift
[1455/1639] Compiling CryptoExtras Verifier.swift
[1456/1639] Compiling CryptoExtras ZKPToolbox.swift
[1457/1639] Compiling CryptoExtras AES_CBC.swift
[1458/1639] Compiling CryptoExtras AES_CFB.swift
[1459/1639] Compiling CryptoExtras AES_CTR.swift
[1460/1639] Compiling CryptoExtras AES_GCM_SIV.swift
[1461/1639] Compiling CryptoExtras Block Function.swift
[1462/1639] Compiling CryptoExtras AES_CBC_boring.swift
[1463/1639] Compiling CryptoExtras AES_CFB_boring.swift
[1464/1639] Compiling CryptoExtras AES_CTR_boring.swift
[1465/1639] Compiling CryptoExtras AES_GCM_SIV_boring.swift
[1466/1639] Compiling CryptoExtras ARCServer.swift
[1467/1639] Compiling CryptoExtras ChaCha20CTR_boring.swift
[1468/1639] Compiling CryptoExtras ChaCha20CTR.swift
[1469/1639] Compiling CryptoExtras BoringSSLSHA512256Context.swift
[1470/1639] Compiling CryptoExtras BoringSSLSHA512256HashFunction.swift
[1471/1639] Compiling CryptoExtras SHA512256.swift
[1472/1639] Compiling CryptoExtras SHA512256Digest.swift
[1473/1639] Compiling CryptoExtras Curve25519+PEM.swift
[1474/1639] Compiling CryptoExtras ObjectIdentifier.swift
[1475/1639] Compiling CryptoExtras PBKDF2.swift
[1476/1639] Compiling CryptoExtras Scrypt_boring.swift
[1477/1639] Compiling CryptoExtras Scrypt.swift
[1478/1639] Compiling CryptoExtras OPRF.swift
[1479/1639] Compiling CryptoExtras OPRFClient.swift
[1480/1639] Compiling CryptoExtras OPRFServer.swift
[1481/1639] Compiling CryptoExtras VOPRF+API.swift
[1482/1639] Compiling CryptoExtras VOPRFClient.swift
[1483/1639] Compiling CryptoExtras VOPRFServer.swift
[1484/1639] Compiling CryptoExtras Data+Extensions.swift
[1485/1639] Compiling CryptoExtras DigestType.swift
[1486/1639] Compiling CryptoExtras Error.swift
[1487/1639] Compiling CryptoExtras I2OSP.swift
[1488/1639] Compiling CryptoExtras IntegerEncoding.swift
[1489/1639] Compiling CryptoExtras PEMDocument.swift
[1490/1639] Compiling CryptoExtras PrettyBytes.swift
[1491/1639] Compiling CryptoExtras SubjectPublicKeyInfo.swift
[1492/1639] Compiling CryptoExtras BoringSSLPassphraseCallbackManager.swift
[1493/1639] Compiling CryptoExtras RSA+BlindSigning.swift
[1494/1639] Compiling CryptoExtras RSA.swift
[1495/1639] Compiling CryptoExtras RSA_boring.swift
[1496/1639] Compiling CryptoExtras Reexport.swift
[1497/1639] Compiling CryptoExtras Zeroization_boring.swift
[1498/1639] Compiling CryptoExtras BoringSSLHelpers.swift
[1499/1639] Compiling CryptoExtras CryptoKitErrors_boring.swift
[1500/1639] Compiling CryptoExtras CMAC.swift
[1501/1639] Compiling CryptoExtras ARC+API.swift
[1502/1639] Compiling CryptoExtras ARC.swift
[1503/1639] Compiling CryptoExtras ARCCredential.swift
[1504/1639] Compiling CryptoExtras ARCEncoding.swift
[1505/1639] Compiling CryptoExtras ARCPrecredential.swift
[1506/1639] Compiling CryptoExtras ARCPresentation.swift
[1507/1639] Compiling CryptoExtras ARCRequest.swift
[1508/1639] Compiling CryptoExtras ARCResponse.swift
[1509/1640] Wrapping AST for CryptoExtras for debugging
[1511/1642] Compiling _CryptoExtras Exports.swift
[1512/1642] Emitting module _CryptoExtras
[1513/1643] Wrapping AST for _CryptoExtras for debugging
[1515/1738] Compiling X509 CMSIssuerAndSerialNumber.swift
[1516/1738] Compiling X509 CMSOperations.swift
[1517/1738] Compiling X509 CMSSignature.swift
[1518/1738] Compiling X509 CMSSignedData.swift
[1519/1738] Compiling X509 CMSSignerIdentifier.swift
[1520/1738] Compiling X509 CMSSignerInfo.swift
[1521/1738] Compiling X509 CMSVersion.swift
[1522/1738] Compiling X509 Curve25519+DER.swift
[1523/1738] Compiling X509 CustomPrivateKey.swift
[1524/1738] Compiling X509 OrganizationalUnitName.swift
[1525/1738] Compiling X509 StateOrProvinceName.swift
[1526/1738] Compiling X509 StreetAddress.swift
[1527/1738] Compiling X509 Error.swift
[1528/1738] Compiling X509 AuthorityInformationAccess.swift
[1529/1738] Compiling X509 AuthorityKeyIdentifier.swift
[1530/1738] Compiling X509 BasicConstraints.swift
[1531/1738] Compiling X509 ExtendedKeyUsage.swift
[1532/1738] Compiling X509 ExtensionIdentifiers.swift
[1533/1738] Compiling X509 Digests.swift
[1534/1738] Compiling X509 DistinguishedName.swift
[1535/1738] Compiling X509 CommonName.swift
[1536/1738] Compiling X509 CountryName.swift
[1537/1738] Compiling X509 DNBuilder.swift
[1538/1738] Compiling X509 DomainComponent.swift
[1539/1738] Compiling X509 EmailAddress.swift
[1540/1738] Compiling X509 LocalityName.swift
[1541/1738] Compiling X509 OrganizationName.swift
[1542/1738] Emitting module NIOCore
[1543/1792] Wrapping AST for NIOCore for debugging
[1545/1796] Compiling NIOFoundationEssentialsCompat Codable+ByteBuffer.swift
[1546/1796] Compiling NIOFoundationEssentialsCompat ByteBuffer-foundation.swift
[1547/1796] Emitting module NIOFoundationEssentialsCompat
[1549/1797] Compiling X509 PKCS8PrivateKey.swift
[1550/1797] Compiling X509 PromiseAndFuture.swift
[1551/1797] Compiling X509 RDNAttribute.swift
[1552/1797] Compiling X509 RandomNumberGenerator+bytes.swift
[1553/1797] Compiling X509 RelativeDistinguishedName.swift
[1554/1797] Compiling X509 SEC1PrivateKey.swift
[1555/1797] Compiling X509 SecKeyWrapper.swift
[1556/1797] Compiling X509 Signature.swift
[1557/1797] Compiling X509 SignatureAlgorithm.swift
[1558/1797] Compiling X509 AllOfPolicies.swift
[1559/1797] Compiling X509 AnyPolicy.swift
[1560/1797] Compiling X509 CertificateStore.swift
[1561/1797] Compiling X509 CustomCertificateStore.swift
[1561/1810] Wrapping AST for NIOFoundationEssentialsCompat for debugging
[1563/1810] Compiling NIOEmbedded Embedded.swift
[1564/1810] Compiling NIOEmbedded AsyncTestingEventLoop.swift
[1565/1810] Emitting module NIOEmbedded
[1566/1810] Compiling NIOEmbedded AsyncTestingChannel.swift
[1568/1811] Compiling NIOPosix PipeChannel.swift
[1569/1811] Compiling NIOPosix PipePair.swift
[1570/1811] Compiling NIOPosix Pool.swift
[1571/1811] Compiling NIOPosix PosixSingletons+ConcurrencyTakeOver.swift
[1572/1811] Compiling NIOPosix PosixSingletons.swift
[1573/1811] Compiling NIOPosix RawSocketBootstrap.swift
[1574/1811] Compiling NIOPosix Resolver.swift
[1575/1811] Compiling NIOPosix Selectable.swift
[1576/1811] Compiling NIOPosix SelectableChannel.swift
[1577/1811] Compiling NIOPosix SelectableEventLoop.swift
[1578/1811] Compiling NIOPosix SelectorEpoll.swift
[1579/1811] Compiling NIOPosix SelectorGeneric.swift
[1580/1811] Compiling NIOPosix SelectorKqueue.swift
[1581/1811] Compiling NIOPosix HappyEyeballs.swift
[1582/1811] Compiling NIOPosix IO.swift
[1583/1811] Compiling NIOPosix IntegerBitPacking.swift
[1584/1811] Compiling NIOPosix IntegerTypes.swift
[1585/1811] Compiling NIOPosix Linux.swift
[1586/1811] Compiling NIOPosix LinuxCPUSet.swift
[1587/1811] Compiling NIOPosix LinuxUring.swift
[1588/1811] Compiling NIOPosix MultiThreadedEventLoopGroup.swift
[1589/1811] Compiling NIOPosix NIOPosixSendableMetatype.swift
[1590/1811] Compiling NIOPosix NIORandomizedDNSResolver.swift
[1591/1811] Compiling NIOPosix NIOThreadPool.swift
[1592/1811] Compiling NIOPosix NonBlockingFileIO.swift
[1593/1811] Compiling NIOPosix PendingDatagramWritesManager.swift
[1594/1811] Compiling NIOPosix PendingWritesManager.swift
[1594/1811] Wrapping AST for NIOEmbedded for debugging
[1596/1811] Compiling X509 OCSPExtensionID.swift
[1597/1811] Compiling X509 OCSPNonce.swift
[1598/1811] Compiling X509 OCSPPolicy.swift
[1599/1811] Compiling X509 OCSPRequest.swift
[1600/1811] Compiling X509 OCSPResponse.swift
[1601/1811] Compiling X509 OCSPResponseBytes.swift
[1602/1811] Compiling X509 OCSPResponseData.swift
[1603/1811] Compiling X509 OCSPResponseStatus.swift
[1604/1811] Compiling X509 OCSPSignature.swift
[1605/1811] Compiling X509 OCSPSingleRequest.swift
[1606/1811] Compiling X509 OCSPSingleResponse.swift
[1607/1811] Compiling X509 OCSPTBSRequest.swift
[1608/1811] Compiling X509 OCSPVersion.swift
[1609/1811] Compiling X509 NameConstraints.swift
[1610/1811] Compiling X509 SubjectAlternativeName.swift
[1611/1811] Compiling X509 SubjectKeyIdentifier.swift
[1612/1811] Compiling X509 Extension.swift
[1613/1811] Compiling X509 Extensions.swift
[1614/1811] Compiling X509 ExtensionsBuilder.swift
[1615/1811] Compiling X509 GeneralName.swift
[1616/1811] Compiling X509 Lock.swift
[1617/1811] Compiling X509 LockedValueBox.swift
[1618/1811] Compiling X509 BasicOCSPResponse.swift
[1619/1811] Compiling X509 DirectoryString.swift
[1620/1811] Compiling X509 OCSPCertID.swift
[1621/1811] Compiling X509 OCSPCertStatus.swift
[1622/1811] Compiling NIOPosix BSDSocketAPICommon.swift
[1623/1811] Compiling NIOPosix BSDSocketAPIPosix.swift
[1624/1811] Compiling NIOPosix BSDSocketAPIWindows.swift
[1625/1811] Compiling NIOPosix BaseSocket.swift
[1626/1811] Compiling NIOPosix BaseSocketChannel+AccessibleTransport.swift
[1627/1811] Compiling NIOPosix BaseSocketChannel+SocketOptionProvider.swift
[1628/1811] Compiling NIOPosix BaseSocketChannel.swift
[1629/1811] Compiling NIOPosix BaseStreamSocketChannel.swift
[1630/1811] Compiling NIOPosix Bootstrap.swift
[1631/1811] Compiling NIOPosix ControlMessage.swift
[1632/1811] Compiling NIOPosix DatagramVectorReadManager.swift
[1633/1811] Compiling NIOPosix Errors+Any.swift
[1634/1811] Compiling NIOPosix FileDescriptor.swift
[1635/1811] Compiling NIOPosix GetaddrinfoResolver.swift
[1636/1811] Compiling NIOPosix SelectorUring.swift
[1637/1811] Compiling NIOPosix SelectorWSAPoll.swift
[1638/1811] Compiling NIOPosix ServerSocket.swift
[1639/1811] Compiling NIOPosix Socket.swift
[1640/1811] Compiling NIOPosix SocketChannel.swift
[1641/1811] Compiling NIOPosix SocketProtocols.swift
[1642/1811] Compiling NIOPosix StructuredConcurrencyHelpers.swift
[1643/1811] Compiling NIOPosix System.swift
[1644/1811] Compiling X509 CertificatePublicKey.swift
[1645/1811] Compiling X509 CertificateSerialNumber.swift
[1646/1811] Compiling X509 CertificateVersion.swift
[1647/1811] Compiling X509 CMSAttribute.swift
[1648/1811] Compiling X509 CMSContentInfo.swift
[1649/1811] Compiling X509 CMSEncapsulatedContentInfo.swift
[1650/1811] Emitting module NIOPosix
[1686/1818] Compiling NIOPosix Thread.swift
[1687/1818] Compiling NIOPosix ThreadPosix.swift
[1688/1818] Compiling NIOPosix ThreadWindows.swift
[1689/1818] Compiling NIOPosix Utilities.swift
[1690/1818] Compiling NIOPosix VsockAddress.swift
[1691/1818] Compiling NIOPosix VsockChannelEvents.swift
[1692/1818] Compiling NIOPosix Windows.swift
[1693/1818] Emitting module X509
[1709/1819] Compiling X509 ValidatedCertificateChain.swift
[1710/1819] Compiling X509 VerificationDiagnostic.swift
[1711/1819] Compiling X509 Verifier.swift
[1712/1819] Compiling X509 VerifierPolicy.swift
[1713/1819] Compiling X509 AlgorithmIdentifier.swift
[1714/1819] Compiling X509 ECDSASignature.swift
[1715/1819] Compiling X509 RSAPKCS1PublicKey.swift
[1716/1819] Compiling X509 SubjectPublicKeyInfo.swift
[1717/1819] Compiling X509 TBSCertificate.swift
[1718/1819] Compiling X509 Time.swift
[1719/1819] Compiling X509 TimeCalculations.swift
[1720/1819] Compiling X509 Validity.swift
[1721/1819] Compiling X509 X509SendableMetatype.swift
[1722/1822] Wrapping AST for NIOPosix for debugging
[1724/1822] Emitting module NIO
[1724/1822] Wrapping AST for X509 for debugging
[1726/1822] Compiling NIO Exports.swift
[1727/1896] Wrapping AST for NIO for debugging
[1729/1929] Compiling NIOFoundationCompat WaitSpinningRunLoop.swift
[1730/1929] Emitting module NIOFoundationCompat
[1731/1929] Compiling NIOFoundationCompat Exports.swift
[1732/1929] Compiling NIOTLS TLSEvents.swift
[1733/1929] Compiling NIOFoundationCompat JSONSerialization+ByteBuffer.swift
[1734/1929] Compiling NIOTLS ApplicationProtocolNegotiationHandler.swift
[1735/1930] Emitting module NIOTLS
[1736/1930] Compiling NIOSOCKS ClientStateMachine.swift
[1737/1930] Compiling NIOSOCKS SelectedAuthenticationMethod.swift
[1739/1931] Compiling NIOSOCKS SOCKSResponse.swift
[1739/1931] Wrapping AST for NIOFoundationCompat for debugging
[1741/1931] Compiling NIOHTTP1 HTTPTypedPipelineSetup.swift
[1742/1931] Compiling NIOHTTP1 HTTPTypes.swift
[1743/1931] Compiling NIOHTTP1 NIOHTTPClientUpgradeHandler.swift
[1744/1931] Compiling NIOHTTP1 NIOHTTPObjectAggregator.swift
[1745/1931] Compiling NIOHTTP1 NIOTypedHTTPClientUpgradeHandler.swift
[1746/1931] Compiling NIOHTTP1 NIOTypedHTTPClientUpgraderStateMachine.swift
[1747/1931] Compiling JWTKit ECDSACurveType.swift
[1748/1931] Compiling JWTKit ECDSAError.swift
[1749/1931] Compiling JWTKit ECDSAKeyTypes.swift
[1750/1931] Compiling JWTKit ECDSASigner.swift
[1751/1940] Compiling NIOHTTP1 ByteCollectionUtils.swift
[1752/1940] Compiling NIOHTTP1 HTTPDecoder.swift
[1753/1940] Compiling NIOHTTP1 HTTPEncoder.swift
[1754/1940] Compiling NIOHTTP1 HTTPHeaderValidator.swift
[1755/1940] Compiling NIOHTTP1 HTTPHeaders+Validation.swift
[1756/1940] Compiling NIOHTTP1 HTTPPipelineSetup.swift
[1757/1940] Compiling NIOHTTP1 HTTPServerPipelineHandler.swift
[1758/1940] Compiling NIOHTTP1 HTTPServerProtocolErrorHandler.swift
[1759/1940] Compiling NIOHTTP1 HTTPServerRequestMethodQueue.swift
[1760/1940] Compiling NIOHTTP1 HTTPServerUpgradeHandler.swift
[1761/1940] Emitting module JWTKit
[1762/1940] Compiling NIOTLS NIOTypedApplicationProtocolNegotiationHandler.swift
[1763/1940] Compiling NIOTLS ProtocolNegotiationHandlerStateMachine.swift
[1764/1940] Compiling NIOTLS SNIHandler.swift
[1765/1941] Compiling NIOSOCKS ServerStateMachine.swift
[1766/1941] Wrapping AST for NIOTLS for debugging
[1768/1941] Compiling JWTKit MLDSAType.swift
[1769/1941] Compiling JWTKit JWTKeyCollection+UnsecuredNone.swift
[1770/1941] Compiling JWTKit UnsecuredNoneSigner.swift
[1771/1941] Compiling JWTKit JWTKeyCollection+RSA.swift
[1772/1941] Compiling JWTKit RSA.swift
[1773/1941] Compiling JWTKit RSAError.swift
[1774/1941] Compiling JWTKit RSASigner.swift
[1775/1941] Compiling JWTKit Base64URL.swift
[1776/1941] Compiling JWTKit CryptoSigner.swift
[1777/1971] Compiling NIOSSL NIOSSLHandler+Configuration.swift
[1778/1971] Compiling NIOSSL NIOSSLHandler.swift
[1779/1971] Compiling NIOSSL PosixPort.swift
[1780/1971] Compiling NIOSSL SSLCallbacks.swift
[1781/1971] Compiling NIOSSL NIOSSLServerHandler.swift
[1782/1971] Compiling NIOSSL ObjectIdentifier.swift
[1783/1971] Compiling NIOSSL LinuxCABundle.swift
[1784/1971] Compiling NIOSSL NIOSSLClientHandler.swift
[1785/1971] Emitting module NIOSOCKS
[1786/1972] Compiling JWTKit JWTSerializer.swift
[1787/1972] Compiling JWTKit JWTSigner.swift
[1788/1972] Compiling JWTKit JWTKeyCollection+MLDSA.swift
[1789/1972] Compiling JWTKit MLDSA.swift
[1790/1972] Compiling JWTKit MLDSA65+MLDSAKey.swift
[1791/1972] Compiling JWTKit MLDSA87+MLDSAKey.swift
[1792/1972] Compiling JWTKit MLDSAError.swift
[1793/1972] Compiling JWTKit MLDSAKey.swift
[1794/1972] Compiling JWTKit MLDSASigner.swift
[1795/1972] Wrapping AST for NIOSOCKS for debugging
[1797/1972] Compiling NIOSSL CustomPrivateKey.swift
[1798/1972] Compiling NIOSSL FreeBSDCABundle.swift
[1802/1974] Compiling NIOSSL AndroidCABundle.swift
[1803/1974] Compiling NIOSSL ByteBufferBIO.swift
[1804/1974] Compiling JWTKit JWTAlgorithm.swift
[1805/1974] Compiling JWTKit JWTError.swift
[1806/1974] Compiling JWTKit JWTHeader+CommonFields.swift
[1807/1974] Compiling JWTKit JWTHeader.swift
[1808/1974] Compiling JWTKit JWTHeaderField.swift
[1809/1974] Compiling JWTKit JWTKeyCollection.swift
[1810/1974] Compiling JWTKit JWTParser+MandatoryVerificationFields.swift
[1811/1974] Compiling JWTKit JWTParser.swift
[1812/1974] Compiling JWTKit JWTPayload.swift
[1813/1974] Compiling NIOSSL SSLPKCS12Bundle.swift
[1814/1974] Compiling NIOSSL SSLPrivateKey.swift
[1815/1974] Compiling NIOSSL SSLPublicKey.swift
[1816/1974] Compiling NIOSSL SecurityFrameworkCertificateVerification.swift
[1817/1974] Compiling NIOSSL String+unsafeUninitializedCapacity.swift
[1818/1974] Compiling NIOSSL SubjectAlternativeName.swift
[1819/1974] Compiling NIOSSL NIOSSLSecureBytes.swift
[1820/1974] Compiling NIOSSL RNG.swift
[1821/1974] Compiling NIOSSL SafeCompare.swift
[1822/1974] Compiling JWTKit JWTKeyCollection+EdDSA.swift
[1823/1974] Compiling JWTKit HMAC.swift
[1824/1974] Compiling JWTKit HMACError.swift
[1825/1974] Compiling JWTKit HMACSigner.swift
[1826/1974] Compiling JWTKit JWTKeyCollection+HMAC.swift
[1827/1974] Compiling JWTKit Insecure.swift
[1828/1974] Compiling JWTKit JWK.swift
[1829/1974] Compiling JWTKit JWKIdentifier.swift
[1830/1974] Compiling JWTKit JWKS.swift
[1831/1974] Compiling JWTKit JWKSigner.swift
[1832/1974] Compiling NIOSSL SSLCertificateName.swift
[1833/1974] Compiling NIOSSL SSLConnection.swift
[1834/1974] Compiling NIOSSL SSLCertificate.swift
[1835/1974] Compiling NIOSSL SSLCertificateExtensions.swift
[1838/1974] Emitting module NIOSSL
[1839/1978] Compiling JWTKit CustomizedJSONCoders.swift
[1840/1978] Compiling JWTKit Utilities.swift
[1841/1978] Compiling JWTKit AppleIdentityToken.swift
[1842/1978] Compiling JWTKit FirebaseAuthIdentityToken.swift
[1843/1978] Compiling JWTKit GoogleIdentityToken.swift
[1844/1978] Compiling JWTKit MicrosoftIdentityToken.swift
[1845/1978] Compiling JWTKit EmptyPolicy.swift
[1846/1978] Compiling JWTKit ValidationTimePayload.swift
[1847/1978] Compiling JWTKit X5CVerifier.swift
[1849/1979] Compiling NIOHTTP1 NIOTypedHTTPServerUpgradeHandler.swift
[1850/1979] Compiling NIOHTTP1 NIOTypedHTTPServerUpgraderStateMachine.swift
[1854/1979] Emitting module NIOHTTP1
[1855/1980] Wrapping AST for JWTKit for debugging
[1860/1980] Wrapping AST for NIOHTTP1 for debugging
[1866/1997] Compiling NIOHPACK DynamicHeaderTable.swift
[1867/1997] Compiling NIOHPACK HPACKDecoder.swift
[1870/1997] Compiling NIOHPACK IntegerCoding.swift
[1871/1998] Compiling NIOHPACK HPACKEncoder.swift
[1872/1998] Compiling NIOHPACK HPACKErrors.swift
[1873/1998] Compiling NIOHPACK HuffmanTables.swift
[1874/1998] Compiling NIOHPACK StaticHeaderTable.swift
[1875/1998] Compiling NIOHPACK IndexedHeaderTable.swift
[1876/1998] Compiling NIOHTTPCompression HTTPDecompression.swift
[1877/1998] Compiling NIOHTTPCompression HTTPDecompressor.swift
[1878/1998] Compiling NIOHTTPCompression HTTPRequestCompressor.swift
[1879/1998] Compiling NIOHTTPCompression HTTPResponseCompressor.swift
[1880/1998] Compiling NIOHTTPCompression HTTPCompression.swift
[1881/1998] Emitting module NIOHTTPCompression
[1883/1999] Emitting module NIOHPACK
[1884/1999] Compiling NIOHPACK HuffmanCoding.swift
[1884/1999] Wrapping AST for NIOHTTPCompression for debugging
[1896/1999] Compiling NIOSSL SSLErrors.swift
[1897/1999] Compiling NIOSSL SSLInit.swift
[1903/1999] Compiling NIOSSL Zeroization.swift
[1904/1999] Compiling NIOSSL TLSConfiguration.swift
[1905/1999] Compiling NIOSSL UniversalBootstrapSupport.swift
[1906/1999] Compiling NIOSSL UnsafeKeyAndChainTarget.swift
[1908/2000] Compiling NIOHPACK HPACKHeader.swift
[1909/2000] Compiling NIOHPACK HeaderTables.swift
[1912/2001] Wrapping AST for NIOSSL for debugging
[1913/2001] Wrapping AST for NIOHPACK for debugging
[1915/2064] Compiling NIOHTTP2 HTTP2StreamMultiplexer.swift
[1916/2064] Compiling NIOHTTP2 HTTP2ToHTTP1Codec.swift
[1917/2064] Compiling NIOHTTP2 HTTP2UserEvents.swift
[1918/2064] Compiling NIOHTTP2 InboundEventBuffer.swift
[1919/2064] Compiling NIOHTTP2 InboundWindowManager.swift
[1920/2064] Compiling NIOHTTP2 MultiplexerAbstractChannel.swift
[1921/2064] Compiling NIOHTTP2 NIOHTTP2FrameDelegate.swift
[1922/2064] Compiling NIOHTTP2 NIOHTTP2ServerConnectionManagementHandler+StateMachine.swift
[1923/2072] Compiling NIOHTTP2 DOSHeuristics.swift
[1924/2072] Compiling NIOHTTP2 Error+Any.swift
[1925/2072] Compiling NIOHTTP2 ConcurrentStreamBuffer.swift
[1926/2072] Compiling NIOHTTP2 ControlFrameBuffer.swift
[1927/2072] Compiling NIOHTTP2 OutboundFlowControlBuffer.swift
[1928/2072] Compiling NIOHTTP2 OutboundFrameBuffer.swift
[1929/2072] Compiling NIOHTTP2 GlitchesMonitor.swift
[1930/2072] Compiling NIOHTTP2 HPACKHeaders+Validation.swift
[1931/2072] Compiling NIOHTTP2 HTTP2ChannelHandler+InboundStreamMultiplexer.swift
[1932/2072] Compiling NIOHTTP2 HasFlowControlWindows.swift
[1933/2072] Compiling NIOHTTP2 HasLocalSettings.swift
[1934/2072] Compiling NIOHTTP2 HasRemoteSettings.swift
[1935/2072] Compiling NIOHTTP2 LocallyQuiescingState.swift
[1936/2072] Compiling NIOHTTP2 QuiescingState.swift
[1937/2072] Compiling NIOHTTP2 RemotelyQuiescingState.swift
[1938/2072] Compiling NIOHTTP2 SendAndReceiveGoawayState.swift
[1939/2072] Compiling NIOHTTP2 StateMachineResult.swift
[1940/2072] Compiling NIOHTTP2 ContentLengthVerifier.swift
[1941/2072] Compiling NIOHTTP2 ConnectionStateMachine.swift
[1942/2072] Compiling NIOHTTP2 ConnectionStreamsState.swift
[1943/2072] Compiling NIOHTTP2 MayReceiveFrames.swift
[1944/2072] Compiling NIOHTTP2 ReceivingDataState.swift
[1945/2072] Compiling NIOHTTP2 ReceivingGoAwayState.swift
[1946/2072] Compiling NIOHTTP2 ReceivingHeadersState.swift
[1947/2072] Compiling NIOHTTP2 ReceivingPushPromiseState.swift
[1948/2072] Compiling NIOHTTP2 ReceivingRstStreamState.swift
[1949/2072] Compiling NIOHTTP2 ReceivingWindowUpdateState.swift
[1950/2072] Emitting module NIOHTTP2
[1951/2072] Compiling NIOHTTP2 MaySendFrames.swift
[1952/2072] Compiling NIOHTTP2 SendingDataState.swift
[1953/2072] Compiling NIOHTTP2 SendingGoawayState.swift
[1954/2072] Compiling NIOHTTP2 SendingHeadersState.swift
[1955/2072] Compiling NIOHTTP2 SendingPushPromiseState.swift
[1956/2072] Compiling NIOHTTP2 SendingRstStreamState.swift
[1957/2072] Compiling NIOHTTP2 SendingWindowUpdateState.swift
[1958/2072] Compiling NIOHTTP2 HTTP2SettingsState.swift
[1959/2072] Compiling NIOHTTP2 HasExtendedConnectSettings.swift
[1960/2072] Compiling NIOHTTP2 NIOHTTP2ServerConnectionManagementHandler.swift
[1961/2072] Compiling NIOHTTP2 StreamChannelFlowController.swift
[1962/2072] Compiling NIOHTTP2 StreamChannelList.swift
[1963/2072] Compiling NIOHTTP2 StreamMap.swift
[1964/2072] Compiling NIOHTTP2 StreamStateMachine.swift
[1965/2072] Compiling NIOHTTP2 Timer.swift
[1966/2072] Compiling NIOHTTP2 UnsafeTransfer.swift
[1967/2072] Compiling NIOHTTP2 WatermarkedFlowController.swift
[1968/2072] Compiling NIOHTTP2 HTTP2FrameParser.swift
[1969/2072] Compiling NIOHTTP2 HTTP2PingData.swift
[1970/2072] Compiling NIOHTTP2 HTTP2PipelineHelpers.swift
[1971/2072] Compiling NIOHTTP2 HTTP2Settings.swift
[1972/2072] Compiling NIOHTTP2 HTTP2Stream.swift
[1973/2072] Compiling NIOHTTP2 HTTP2StreamChannel+OutboundStreamMultiplexer.swift
[1974/2072] Compiling NIOHTTP2 HTTP2StreamChannel.swift
[1975/2072] Compiling NIOHTTP2 HTTP2StreamDelegate.swift
[1976/2072] Compiling NIOHTTP2 HTTP2StreamID.swift
[1977/2072] Compiling NIOHTTP2 HTTP2ChannelHandler+InlineStreamMultiplexer.swift
[1978/2072] Compiling NIOHTTP2 HTTP2ChannelHandler.swift
[1979/2072] Compiling NIOHTTP2 HTTP2CommonInboundStreamMultiplexer.swift
[1980/2072] Compiling NIOHTTP2 HTTP2ConnectionStateChange.swift
[1981/2072] Compiling NIOHTTP2 HTTP2Error.swift
[1982/2072] Compiling NIOHTTP2 HTTP2ErrorCode.swift
[1983/2072] Compiling NIOHTTP2 HTTP2FlowControlWindow.swift
[1984/2072] Compiling NIOHTTP2 HTTP2Frame.swift
[1985/2072] Compiling NIOHTTP2 HTTP2FrameEncoder.swift
[1986/2073] Wrapping AST for NIOHTTP2 for debugging
[1988/2137] Compiling AsyncHTTPClient AnyAsyncSequence.swift
[1989/2137] Compiling AsyncHTTPClient AnyAsyncSequenceProucerDelete.swift
[1990/2137] Compiling AsyncHTTPClient AsyncLazySequence.swift
[1991/2137] Compiling AsyncHTTPClient HTTPClient+execute.swift
[1992/2137] Compiling AsyncHTTPClient HTTPClient+shutdown.swift
[1993/2137] Compiling AsyncHTTPClient HTTPClient+tracing.swift
[1994/2137] Compiling AsyncHTTPClient HTTPClientRequest+Prepared.swift
[1995/2137] Compiling AsyncHTTPClient HTTPClientRequest+auth.swift
[1996/2137] Compiling AsyncHTTPClient HTTPClientRequest.swift
[1997/2145] Compiling AsyncHTTPClient RequestValidation.swift
[1998/2145] Compiling AsyncHTTPClient SSLContextCache.swift
[1999/2145] Compiling AsyncHTTPClient Scheme.swift
[2000/2145] Compiling AsyncHTTPClient Singleton.swift
[2001/2145] Compiling AsyncHTTPClient StringConvertibleInstances.swift
[2002/2145] Compiling AsyncHTTPClient StructuredConcurrencyHelpers.swift
[2003/2145] Compiling AsyncHTTPClient TracingSupport.swift
[2004/2145] Compiling AsyncHTTPClient Utils.swift
[2005/2145] Compiling AsyncHTTPClient LRUCache.swift
[2006/2145] Compiling AsyncHTTPClient NIOLoopBound+Execute.swift
[2007/2145] Compiling AsyncHTTPClient NWErrorHandler.swift
[2008/2145] Compiling AsyncHTTPClient NWWaitingHandler.swift
[2009/2145] Compiling AsyncHTTPClient TLSConfiguration.swift
[2010/2145] Compiling AsyncHTTPClient RedirectState.swift
[2011/2145] Compiling AsyncHTTPClient RequestBag+StateMachine.swift
[2012/2145] Compiling AsyncHTTPClient RequestBag+Tracing.swift
[2013/2145] Compiling AsyncHTTPClient RequestBag.swift
[2014/2145] Emitting module AsyncHTTPClient
[2015/2145] Compiling AsyncHTTPClient HTTPConnectionEvent.swift
[2016/2145] Compiling AsyncHTTPClient HTTPConnectionPool+Factory.swift
[2017/2145] Compiling AsyncHTTPClient HTTPConnectionPool+Manager.swift
[2018/2145] Compiling AsyncHTTPClient HTTPConnectionPool.swift
[2019/2145] Compiling AsyncHTTPClient HTTPExecutableRequest.swift
[2020/2145] Compiling AsyncHTTPClient HTTPRequestStateMachine+Demand.swift
[2021/2145] Compiling AsyncHTTPClient HTTPRequestStateMachine.swift
[2022/2145] Compiling AsyncHTTPClient RequestBodyLength.swift
[2023/2145] Compiling AsyncHTTPClient RequestFramingMetadata.swift
[2024/2145] Compiling AsyncHTTPClient RequestOptions.swift
[2025/2145] Compiling AsyncHTTPClient HTTPConnectionPool+Backoff.swift
[2026/2145] Compiling AsyncHTTPClient HTTPConnectionPool+HTTP1Connections.swift
[2027/2145] Compiling AsyncHTTPClient HTTPConnectionPool+HTTP1StateMachine.swift
[2028/2145] Compiling AsyncHTTPClient HTTPConnectionPool+HTTP2Connections.swift
[2029/2145] Compiling AsyncHTTPClient HTTPConnectionPool+HTTP2StateMachine.swift
[2030/2145] Compiling AsyncHTTPClient HTTPConnectionPool+RequestQueue.swift
[2031/2145] Compiling AsyncHTTPClient HTTPConnectionPool+StateMachine.swift
[2032/2145] Compiling AsyncHTTPClient ConnectionTarget.swift
[2033/2145] Compiling AsyncHTTPClient HTTPClientResponse.swift
[2034/2145] Compiling AsyncHTTPClient SingleIteratorPrecondition.swift
[2035/2145] Compiling AsyncHTTPClient Transaction+StateMachine.swift
[2036/2145] Compiling AsyncHTTPClient Transaction.swift
[2037/2145] Compiling AsyncHTTPClient Base64.swift
[2038/2145] Compiling AsyncHTTPClient BasicAuth.swift
[2039/2145] Compiling AsyncHTTPClient BestEffortHashableTLSConfiguration.swift
[2040/2145] Compiling AsyncHTTPClient Configuration+BrowserLike.swift
[2041/2145] Compiling AsyncHTTPClient ConnectionPool.swift
[2042/2145] Compiling AsyncHTTPClient HTTP1ProxyConnectHandler.swift
[2043/2145] Compiling AsyncHTTPClient SOCKSEventsHandler.swift
[2044/2145] Compiling AsyncHTTPClient TLSEventsHandler.swift
[2045/2145] Compiling AsyncHTTPClient HTTP1ClientChannelHandler.swift
[2046/2145] Compiling AsyncHTTPClient HTTP1Connection.swift
[2047/2145] Compiling AsyncHTTPClient HTTP1ConnectionStateMachine.swift
[2048/2145] Compiling AsyncHTTPClient HTTP2ClientRequestHandler.swift
[2049/2145] Compiling AsyncHTTPClient HTTP2Connection.swift
[2050/2145] Compiling AsyncHTTPClient HTTP2IdleHandler.swift
[2051/2145] Compiling AsyncHTTPClient DeconstructedURL.swift
[2052/2145] Compiling AsyncHTTPClient FileDownloadDelegate.swift
[2053/2145] Compiling AsyncHTTPClient FoundationExtensions.swift
[2054/2145] Compiling AsyncHTTPClient HTTPClient+HTTPCookie.swift
[2055/2145] Compiling AsyncHTTPClient HTTPClient+Proxy.swift
[2056/2145] Compiling AsyncHTTPClient HTTPClient+StructuredConcurrency.swift
[2057/2145] Compiling AsyncHTTPClient HTTPClient.swift
[2058/2145] Compiling AsyncHTTPClient HTTPClientConfiguration+SwiftConfiguration.swift
[2059/2145] Compiling AsyncHTTPClient HTTPHandler.swift
[2060/2146] Wrapping AST for AsyncHTTPClient for debugging
[2062/2169] Compiling GoogleAuth SubjectTokenProvider.swift
[2063/2169] Compiling GoogleAuth MDSAccessTokenProvider.swift
[2064/2169] Compiling GoogleAuth MDSCredentials.swift
[2065/2172] Emitting module GoogleAuth
[2066/2172] Compiling GoogleAuth ADC.swift
[2067/2172] Compiling GoogleAuth ADCPath.swift
[2068/2172] Compiling GoogleAuth ADCResolver.swift
[2069/2172] Compiling GoogleAuth AuthHeaders.swift
[2070/2172] Compiling GoogleAuth UserAccountData.swift
[2071/2172] Compiling GoogleAuth UserAccountTokenProvider.swift
[2072/2172] Compiling GoogleAuth UserCredentials.swift
[2073/2172] Compiling GoogleAuth ServiceAccountCredentials.swift
[2074/2172] Compiling GoogleAuth ServiceAccountData.swift
[2075/2172] Compiling GoogleAuth ServiceAccountTokenProvider.swift
[2076/2172] Compiling GoogleAuth AnonymousCredentials.swift
[2077/2172] Compiling GoogleAuth ApiKeyCredentials.swift
[2078/2172] Compiling GoogleAuth ExternalAccountCredentials.swift
[2079/2172] Compiling GoogleAuth AuthHTTPClient.swift
[2080/2172] Compiling GoogleAuth AuthHTTPError.swift
[2081/2172] Compiling GoogleAuth RetryEngine.swift
[2082/2172] Compiling GoogleAuth CredentialParserRegistry.swift
[2083/2172] Compiling GoogleAuth Credentials.swift
[2084/2172] Compiling GoogleAuth CredentialsError.swift
[2085/2172] Compiling GoogleAuth STSHandler.swift
[2086/2172] Compiling GoogleAuth TokenCache.swift
[2087/2172] Compiling GoogleAuth PackageVersion.swift
[2088/2173] Wrapping AST for GoogleAuth for debugging
[2090/2231] Compiling GoogleGax AIP194+PollingErrorPolicy.swift
[2091/2231] Compiling GoogleGax AIP194+RetryPolicy.swift
[2092/2231] Compiling GoogleGax AIP194.swift
[2093/2231] Compiling GoogleGax AdaptiveThrottler.swift
[2094/2231] Compiling GoogleGax AlwaysPoll.swift
[2095/2231] Compiling GoogleGax AlwaysRetry.swift
[2096/2231] Compiling GoogleGax ApiClientHeader.swift
[2097/2231] Compiling GoogleGax BackoffPolicy.swift
[2098/2231] Compiling GoogleGax BasePollingErrorPolicy.swift
[2099/2239] Emitting module GoogleGax
[2100/2239] Compiling GoogleGax RequestOptions.swift
[2101/2239] Compiling GoogleGax RetryLoop.swift
[2102/2239] Compiling GoogleGax RetryPolicy.swift
[2103/2239] Compiling GoogleGax RetryResult.swift
[2104/2239] Compiling GoogleGax RetryState.swift
[2105/2239] Compiling GoogleGax RetryThrottler.swift
[2106/2239] Compiling GoogleGax RetryThrottlerError.swift
[2107/2239] Compiling GoogleGax RoutingMatcher.swift
[2108/2239] Compiling GoogleGax HTTPClientProtocol.swift
[2109/2239] Compiling GoogleGax HTTPClientRequest.swift
[2110/2239] Compiling GoogleGax HTTPClientResponse.swift
[2111/2239] Compiling GoogleGax HTTPHeaders.swift
[2112/2239] Compiling GoogleGax HTTPResponseBody.swift
[2113/2239] Compiling GoogleGax HeaderNames.swift
[2114/2239] Compiling GoogleGax Host.swift
[2115/2239] Compiling GoogleGax InProgressResult.swift
[2116/2239] Compiling GoogleGax LimitedAttemptCount+PollingErrorPolicy.swift
[2117/2239] Compiling GoogleGax LimitedAttemptCount+RetryPolicy.swift
[2118/2239] Compiling GoogleGax LimitedAttemptCount.swift
[2119/2239] Compiling GoogleGax LimitedElapsedTime+PollingErrorPolicy.swift
[2120/2239] Compiling GoogleGax LimitedElapsedTime+RetryPolicy.swift
[2121/2239] Compiling GoogleGax LimitedElapsedTime.swift
[2122/2239] Compiling GoogleGax LongRunningOperations.swift
[2123/2239] Compiling GoogleGax NeverRetry.swift
[2124/2239] Compiling GoogleGax BaseRetryPolicy.swift
[2125/2239] Compiling GoogleGax BindingError.swift
[2126/2239] Compiling GoogleGax CRC32C.swift
[2127/2239] Compiling GoogleGax CircuitBreaker.swift
[2128/2239] Compiling GoogleGax ClientError.swift
[2129/2239] Compiling GoogleGax ClientOptions.swift
[2130/2239] Compiling GoogleGax ContinueOnIO+PollingErrorPolicy.swift
[2131/2239] Compiling GoogleGax ContinueOnIO+RetryPolicy.swift
[2132/2239] Compiling GoogleGax ContinueOnIO.swift
[2133/2239] Compiling GoogleGax CredentialsProtocol.swift
[2134/2239] Compiling GoogleGax ErrorWrapper.swift
[2135/2239] Compiling GoogleGax ExponentialBackoff+BackoffPolicy.swift
[2136/2239] Compiling GoogleGax ExponentialBackoff+PollingBackoffPolicy.swift
[2137/2239] Compiling GoogleGax ExponentialBackoff.swift
[2138/2239] Compiling GoogleGax HTTPClient.swift
[2139/2239] Compiling GoogleGax HTTPClientHolder.swift
[2140/2239] Compiling GoogleGax Pagination.swift
/host/spi-builder-workspace/.build/checkouts/swift-google-gax/Sources/GoogleGax/Pagination.swift:44:22: error: cannot convert '@Sendable (String) async throws -> (response: ResponseType, items: [Item], nextToken: String)' to 'nonisolated(nonsending) @Sendable (String) async throws -> (response: ResponseType, items: [Item], nextToken: String)' because crossing of an isolation boundary requires parameter and result types to conform to 'Sendable' protocol
 42 |   ) where ResponseType: _PaginatedResponse<Item> {
 43 |     self.initialPageToken = initialPageToken ?? ""
 44 |     self.fetchPage = { token in
    |                      |- error: cannot convert '@Sendable (String) async throws -> (response: ResponseType, items: [Item], nextToken: String)' to 'nonisolated(nonsending) @Sendable (String) async throws -> (response: ResponseType, items: [Item], nextToken: String)' because crossing of an isolation boundary requires parameter and result types to conform to 'Sendable' protocol
    |                      `- note: type 'Item' does not conform to 'Sendable' protocol
 45 |       let response = try await listRpc(token)
 46 |       return (response, response._getPaginatedItems(), response._nextPageToken())
[2141/2239] Compiling GoogleGax PollingBackoffPolicy.swift
/host/spi-builder-workspace/.build/checkouts/swift-google-gax/Sources/GoogleGax/Pagination.swift:44:22: error: cannot convert '@Sendable (String) async throws -> (response: ResponseType, items: [Item], nextToken: String)' to 'nonisolated(nonsending) @Sendable (String) async throws -> (response: ResponseType, items: [Item], nextToken: String)' because crossing of an isolation boundary requires parameter and result types to conform to 'Sendable' protocol
 42 |   ) where ResponseType: _PaginatedResponse<Item> {
 43 |     self.initialPageToken = initialPageToken ?? ""
 44 |     self.fetchPage = { token in
    |                      |- error: cannot convert '@Sendable (String) async throws -> (response: ResponseType, items: [Item], nextToken: String)' to 'nonisolated(nonsending) @Sendable (String) async throws -> (response: ResponseType, items: [Item], nextToken: String)' because crossing of an isolation boundary requires parameter and result types to conform to 'Sendable' protocol
    |                      `- note: type 'Item' does not conform to 'Sendable' protocol
 45 |       let response = try await listRpc(token)
 46 |       return (response, response._getPaginatedItems(), response._nextPageToken())
[2142/2239] Compiling GoogleGax PollingErrorPolicy.swift
/host/spi-builder-workspace/.build/checkouts/swift-google-gax/Sources/GoogleGax/Pagination.swift:44:22: error: cannot convert '@Sendable (String) async throws -> (response: ResponseType, items: [Item], nextToken: String)' to 'nonisolated(nonsending) @Sendable (String) async throws -> (response: ResponseType, items: [Item], nextToken: String)' because crossing of an isolation boundary requires parameter and result types to conform to 'Sendable' protocol
 42 |   ) where ResponseType: _PaginatedResponse<Item> {
 43 |     self.initialPageToken = initialPageToken ?? ""
 44 |     self.fetchPage = { token in
    |                      |- error: cannot convert '@Sendable (String) async throws -> (response: ResponseType, items: [Item], nextToken: String)' to 'nonisolated(nonsending) @Sendable (String) async throws -> (response: ResponseType, items: [Item], nextToken: String)' because crossing of an isolation boundary requires parameter and result types to conform to 'Sendable' protocol
    |                      `- note: type 'Item' does not conform to 'Sendable' protocol
 45 |       let response = try await listRpc(token)
 46 |       return (response, response._getPaginatedItems(), response._nextPageToken())
[2143/2239] Compiling GoogleGax PollingResult.swift
/host/spi-builder-workspace/.build/checkouts/swift-google-gax/Sources/GoogleGax/Pagination.swift:44:22: error: cannot convert '@Sendable (String) async throws -> (response: ResponseType, items: [Item], nextToken: String)' to 'nonisolated(nonsending) @Sendable (String) async throws -> (response: ResponseType, items: [Item], nextToken: String)' because crossing of an isolation boundary requires parameter and result types to conform to 'Sendable' protocol
 42 |   ) where ResponseType: _PaginatedResponse<Item> {
 43 |     self.initialPageToken = initialPageToken ?? ""
 44 |     self.fetchPage = { token in
    |                      |- error: cannot convert '@Sendable (String) async throws -> (response: ResponseType, items: [Item], nextToken: String)' to 'nonisolated(nonsending) @Sendable (String) async throws -> (response: ResponseType, items: [Item], nextToken: String)' because crossing of an isolation boundary requires parameter and result types to conform to 'Sendable' protocol
    |                      `- note: type 'Item' does not conform to 'Sendable' protocol
 45 |       let response = try await listRpc(token)
 46 |       return (response, response._getPaginatedItems(), response._nextPageToken())
[2144/2239] Compiling GoogleGax PollingState.swift
/host/spi-builder-workspace/.build/checkouts/swift-google-gax/Sources/GoogleGax/Pagination.swift:44:22: error: cannot convert '@Sendable (String) async throws -> (response: ResponseType, items: [Item], nextToken: String)' to 'nonisolated(nonsending) @Sendable (String) async throws -> (response: ResponseType, items: [Item], nextToken: String)' because crossing of an isolation boundary requires parameter and result types to conform to 'Sendable' protocol
 42 |   ) where ResponseType: _PaginatedResponse<Item> {
 43 |     self.initialPageToken = initialPageToken ?? ""
 44 |     self.fetchPage = { token in
    |                      |- error: cannot convert '@Sendable (String) async throws -> (response: ResponseType, items: [Item], nextToken: String)' to 'nonisolated(nonsending) @Sendable (String) async throws -> (response: ResponseType, items: [Item], nextToken: String)' because crossing of an isolation boundary requires parameter and result types to conform to 'Sendable' protocol
    |                      `- note: type 'Item' does not conform to 'Sendable' protocol
 45 |       let response = try await listRpc(token)
 46 |       return (response, response._getPaginatedItems(), response._nextPageToken())
[2145/2239] Compiling GoogleGax ProtobufConversionError.swift
/host/spi-builder-workspace/.build/checkouts/swift-google-gax/Sources/GoogleGax/Pagination.swift:44:22: error: cannot convert '@Sendable (String) async throws -> (response: ResponseType, items: [Item], nextToken: String)' to 'nonisolated(nonsending) @Sendable (String) async throws -> (response: ResponseType, items: [Item], nextToken: String)' because crossing of an isolation boundary requires parameter and result types to conform to 'Sendable' protocol
 42 |   ) where ResponseType: _PaginatedResponse<Item> {
 43 |     self.initialPageToken = initialPageToken ?? ""
 44 |     self.fetchPage = { token in
    |                      |- error: cannot convert '@Sendable (String) async throws -> (response: ResponseType, items: [Item], nextToken: String)' to 'nonisolated(nonsending) @Sendable (String) async throws -> (response: ResponseType, items: [Item], nextToken: String)' because crossing of an isolation boundary requires parameter and result types to conform to 'Sendable' protocol
    |                      `- note: type 'Item' does not conform to 'Sendable' protocol
 45 |       let response = try await listRpc(token)
 46 |       return (response, response._getPaginatedItems(), response._nextPageToken())
[2146/2239] Compiling GoogleGax QueryParameter.swift
/host/spi-builder-workspace/.build/checkouts/swift-google-gax/Sources/GoogleGax/Pagination.swift:44:22: error: cannot convert '@Sendable (String) async throws -> (response: ResponseType, items: [Item], nextToken: String)' to 'nonisolated(nonsending) @Sendable (String) async throws -> (response: ResponseType, items: [Item], nextToken: String)' because crossing of an isolation boundary requires parameter and result types to conform to 'Sendable' protocol
 42 |   ) where ResponseType: _PaginatedResponse<Item> {
 43 |     self.initialPageToken = initialPageToken ?? ""
 44 |     self.fetchPage = { token in
    |                      |- error: cannot convert '@Sendable (String) async throws -> (response: ResponseType, items: [Item], nextToken: String)' to 'nonisolated(nonsending) @Sendable (String) async throws -> (response: ResponseType, items: [Item], nextToken: String)' because crossing of an isolation boundary requires parameter and result types to conform to 'Sendable' protocol
    |                      `- note: type 'Item' does not conform to 'Sendable' protocol
 45 |       let response = try await listRpc(token)
 46 |       return (response, response._getPaginatedItems(), response._nextPageToken())
[2147/2239] Compiling GoogleGax RequestError.swift
/host/spi-builder-workspace/.build/checkouts/swift-google-gax/Sources/GoogleGax/Pagination.swift:44:22: error: cannot convert '@Sendable (String) async throws -> (response: ResponseType, items: [Item], nextToken: String)' to 'nonisolated(nonsending) @Sendable (String) async throws -> (response: ResponseType, items: [Item], nextToken: String)' because crossing of an isolation boundary requires parameter and result types to conform to 'Sendable' protocol
 42 |   ) where ResponseType: _PaginatedResponse<Item> {
 43 |     self.initialPageToken = initialPageToken ?? ""
 44 |     self.fetchPage = { token in
    |                      |- error: cannot convert '@Sendable (String) async throws -> (response: ResponseType, items: [Item], nextToken: String)' to 'nonisolated(nonsending) @Sendable (String) async throws -> (response: ResponseType, items: [Item], nextToken: String)' because crossing of an isolation boundary requires parameter and result types to conform to 'Sendable' protocol
    |                      `- note: type 'Item' does not conform to 'Sendable' protocol
 45 |       let response = try await listRpc(token)
 46 |       return (response, response._getPaginatedItems(), response._nextPageToken())
[2148/2239] Compiling GoogleGax ServiceError.swift
[2149/2239] Compiling GoogleGax StatusDetail.swift
[2150/2239] Compiling GoogleGax StrictIdempotency.swift
[2151/2239] Compiling GoogleGax ThrottleResult.swift
[2152/2239] Compiling GoogleGax TooManyRequests+PollingErrorPolicy.swift
[2153/2239] Compiling GoogleGax TooManyRequests+RetryPolicy.swift
[2154/2239] Compiling GoogleGax TooManyRequests.swift
[2155/2239] Compiling GoogleGax PackageVersion.swift
BUILD FAILURE 6.2 android