The Swift Package Index logo.Swift Package Index

Build Information

Failed to build NetworkInspector, reference 0.2.2 (687982), with Swift 6.1 for watchOS using Xcode 16.3 on 26 Jun 2026 16:26:30 UTC.

Build Command

env DEVELOPER_DIR=/Applications/Xcode-16.3.0.app xcrun xcodebuild -IDEClonedSourcePackagesDirPathOverride=$PWD/.dependencies -skipMacroValidation -skipPackagePluginValidation -derivedDataPath $PWD/.derivedData build -scheme NetworkInspector -destination generic/platform=watchOS

Build Log

final class JSONOutlineView: UIView {
                             ^~~~~~
/Applications/Xcode-16.3.0.app/Contents/Developer/Platforms/WatchOS.platform/Developer/SDKs/WatchOS11.4.sdk/System/Library/Frameworks/UIKit.framework/Headers/NSTextAttachment.h:23:1: note: interface 'UIView' forward declared here
@class UIView;
^
/Users/admin/builder/spi-builder-workspace/Sources/NetworkInspector/UI/LogDetail/JSONOutlineView.swift:82:29: error: cannot find 'UITableView' in scope
    private let tableView = UITableView(frame: .zero, style: .plain)
                            ^~~~~~~~~~~
/Users/admin/builder/spi-builder-workspace/Sources/NetworkInspector/UI/LogDetail/JSONOutlineView.swift:82:49: error: cannot infer contextual base in reference to member 'zero'
    private let tableView = UITableView(frame: .zero, style: .plain)
                                               ~^~~~
/Users/admin/builder/spi-builder-workspace/Sources/NetworkInspector/UI/LogDetail/JSONOutlineView.swift:82:63: error: cannot infer contextual base in reference to member 'plain'
    private let tableView = UITableView(frame: .zero, style: .plain)
                                                             ~^~~~~
/Users/admin/builder/spi-builder-workspace/Sources/NetworkInspector/UI/LogDetail/JSONOutlineView.swift:83:29: error: cannot find 'UISearchBar' in scope
    private let searchBar = UISearchBar()
                            ^~~~~~~~~~~
/Users/admin/builder/spi-builder-workspace/Sources/NetworkInspector/UI/LogDetail/JSONOutlineView.swift:84:35: error: cannot find 'UILabel' in scope
    private let matchCountLabel = UILabel()
                                  ^~~~~~~
/Users/admin/builder/spi-builder-workspace/Sources/NetworkInspector/UI/LogDetail/JSONOutlineView.swift:85:30: error: cannot find 'UIButton' in scope
    private let prevButton = UIButton(type: .system)
                             ^~~~~~~~
/Users/admin/builder/spi-builder-workspace/Sources/NetworkInspector/UI/LogDetail/JSONOutlineView.swift:85:46: error: cannot infer contextual base in reference to member 'system'
    private let prevButton = UIButton(type: .system)
                                            ~^~~~~~
/Users/admin/builder/spi-builder-workspace/Sources/NetworkInspector/UI/LogDetail/JSONOutlineView.swift:86:30: error: cannot find 'UIButton' in scope
    private let nextButton = UIButton(type: .system)
                             ^~~~~~~~
/Users/admin/builder/spi-builder-workspace/Sources/NetworkInspector/UI/LogDetail/JSONOutlineView.swift:86:46: error: cannot infer contextual base in reference to member 'system'
    private let nextButton = UIButton(type: .system)
                                            ~^~~~~~
/Users/admin/builder/spi-builder-workspace/Sources/NetworkInspector/UI/LogDetail/JSONOutlineView.swift:87:31: error: cannot find 'UIButton' in scope
    private let clearButton = UIButton(type: .system)
                              ^~~~~~~~
/Users/admin/builder/spi-builder-workspace/Sources/NetworkInspector/UI/LogDetail/JSONOutlineView.swift:87:47: error: cannot infer contextual base in reference to member 'system'
    private let clearButton = UIButton(type: .system)
                                             ~^~~~~~
/Users/admin/builder/spi-builder-workspace/Sources/NetworkInspector/UI/LogDetail/JSONOutlineView.swift:88:32: error: cannot find 'UIStackView' in scope
    private let chevronStack = UIStackView()
                               ^~~~~~~~~~~
/Users/admin/builder/spi-builder-workspace/Sources/NetworkInspector/UI/LogDetail/JSONOutlineView.swift:97:14: error: initializer does not override a designated initializer from its superclass
    override init(frame: CGRect) {
    ~~~~~~~~ ^
/Users/admin/builder/spi-builder-workspace/Sources/NetworkInspector/UI/LogDetail/JSONOutlineView.swift:243:28: error: cannot find type 'UISearchBarDelegate' in scope
extension JSONOutlineView: UISearchBarDelegate {
                           ^~~~~~~~~~~~~~~~~~~
/Users/admin/builder/spi-builder-workspace/Sources/NetworkInspector/UI/LogDetail/JSONOutlineView.swift:245:33: error: cannot find type 'UISearchBar' in scope
    func searchBar(_ searchBar: UISearchBar, textDidChange searchText: String) {
                                ^~~~~~~~~~~
/Users/admin/builder/spi-builder-workspace/Sources/NetworkInspector/UI/LogDetail/JSONOutlineView.swift:254:52: error: cannot find type 'UISearchBar' in scope
    func searchBarTextDidBeginEditing(_ searchBar: UISearchBar) {
                                                   ^~~~~~~~~~~
/Users/admin/builder/spi-builder-workspace/Sources/NetworkInspector/UI/LogDetail/JSONOutlineView.swift:258:50: error: cannot find type 'UISearchBar' in scope
    func searchBarTextDidEndEditing(_ searchBar: UISearchBar) {
                                                 ^~~~~~~~~~~
/Users/admin/builder/spi-builder-workspace/Sources/NetworkInspector/UI/LogDetail/JSONOutlineView.swift:262:52: error: cannot find type 'UISearchBar' in scope
    func searchBarSearchButtonClicked(_ searchBar: UISearchBar) {
                                                   ^~~~~~~~~~~
/Users/admin/builder/spi-builder-workspace/Sources/NetworkInspector/UI/LogDetail/JSONOutlineView.swift:464:28: error: cannot find type 'UITableViewDataSource' in scope
extension JSONOutlineView: UITableViewDataSource, UITableViewDelegate {
                           ^~~~~~~~~~~~~~~~~~~~~
/Users/admin/builder/spi-builder-workspace/Sources/NetworkInspector/UI/LogDetail/JSONOutlineView.swift:464:51: error: cannot find type 'UITableViewDelegate' in scope
extension JSONOutlineView: UITableViewDataSource, UITableViewDelegate {
                                                  ^~~~~~~~~~~~~~~~~~~
/Users/admin/builder/spi-builder-workspace/Sources/NetworkInspector/UI/LogDetail/JSONOutlineView.swift:466:33: error: cannot find type 'UITableView' in scope
    func tableView(_ tableView: UITableView, numberOfRowsInSection section: Int) -> Int {
                                ^~~~~~~~~~~
/Users/admin/builder/spi-builder-workspace/Sources/NetworkInspector/UI/LogDetail/JSONOutlineView.swift:470:84: error: cannot find type 'UITableViewCell' in scope
    func tableView(_ tableView: UITableView, cellForRowAt indexPath: IndexPath) -> UITableViewCell {
                                                                                   ^~~~~~~~~~~~~~~
/Users/admin/builder/spi-builder-workspace/Sources/NetworkInspector/UI/LogDetail/JSONOutlineView.swift:470:33: error: cannot find type 'UITableView' in scope
    func tableView(_ tableView: UITableView, cellForRowAt indexPath: IndexPath) -> UITableViewCell {
                                ^~~~~~~~~~~
/Users/admin/builder/spi-builder-workspace/Sources/NetworkInspector/UI/LogDetail/JSONOutlineView.swift:486:33: error: cannot find type 'UITableView' in scope
    func tableView(_ tableView: UITableView, didSelectRowAt indexPath: IndexPath) {
                                ^~~~~~~~~~~
/Users/admin/builder/spi-builder-workspace/Sources/NetworkInspector/UI/LogDetail/JSONOutlineView.swift:503:52: error: cannot find type 'UIScrollView' in scope
    func scrollViewWillBeginDragging(_ scrollView: UIScrollView) {
                                                   ^~~~~~~~~~~~
/Users/admin/builder/spi-builder-workspace/Sources/NetworkInspector/UI/LogDetail/JSONOutlineView.swift:514:38: error: cannot find type 'UITableViewCell' in scope
private final class JSONOutlineCell: UITableViewCell {
                                     ^~~~~~~~~~~~~~~
/Users/admin/builder/spi-builder-workspace/Sources/NetworkInspector/UI/LogDetail/JSONOutlineView.swift:518:35: error: cannot find 'UILabel' in scope
    private let disclosureLabel = UILabel()
                                  ^~~~~~~
/Users/admin/builder/spi-builder-workspace/Sources/NetworkInspector/UI/LogDetail/JSONOutlineView.swift:519:32: error: cannot find 'UILabel' in scope
    private let contentLabel = UILabel()
                               ^~~~~~~
/Users/admin/builder/spi-builder-workspace/Sources/NetworkInspector/UI/LogDetail/JSONOutlineView.swift:520:25: error: cannot find 'UIStackView' in scope
    private let stack = UIStackView()
                        ^~~~~~~~~~~
/Users/admin/builder/spi-builder-workspace/Sources/NetworkInspector/UI/LogDetail/JSONOutlineView.swift:521:36: error: cannot find type 'NSLayoutConstraint' in scope
    private var leadingConstraint: NSLayoutConstraint!
                                   ^~~~~~~~~~~~~~~~~~
/Users/admin/builder/spi-builder-workspace/Sources/NetworkInspector/UI/LogDetail/JSONOutlineView.swift:526:26: error: cannot find type 'UITableViewCell' in scope
    override init(style: UITableViewCell.CellStyle, reuseIdentifier: String?) {
                         ^~~~~~~~~~~~~~~
/Users/admin/builder/spi-builder-workspace/Sources/NetworkInspector/UI/LogDetail/JSONOutlineView.swift:744:42: error: cannot find type 'UIView' in scope
private final class SearchAccessoryView: UIView {
                                         ^~~~~~
/Applications/Xcode-16.3.0.app/Contents/Developer/Platforms/WatchOS.platform/Developer/SDKs/WatchOS11.4.sdk/System/Library/Frameworks/UIKit.framework/Headers/NSTextAttachment.h:23:1: note: interface 'UIView' forward declared here
@class UIView;
^
/Users/admin/builder/spi-builder-workspace/Sources/NetworkInspector/UI/LogDetail/JSONOutlineView.swift:747:18: error: property does not override any property from its superclass
    override var intrinsicContentSize: CGSize { Self.preferredSize }
    ~~~~~~~~     ^
/Users/admin/builder/spi-builder-workspace/Sources/NetworkInspector/UI/LogDetail/JSONOutlineView.swift:749:19: error: method does not override any method from its superclass
    override func sizeThatFits(_ size: CGSize) -> CGSize { Self.preferredSize }
    ~~~~~~~~      ^
/Users/admin/builder/spi-builder-workspace/Sources/NetworkInspector/UI/LogDetail/JSONOutlineView.swift:754:70: error: cannot find type 'UIView' in scope
    override func hitTest(_ point: CGPoint, with event: UIEvent?) -> UIView? {
                                                                     ^~~~~~
/Applications/Xcode-16.3.0.app/Contents/Developer/Platforms/WatchOS.platform/Developer/SDKs/WatchOS11.4.sdk/System/Library/Frameworks/UIKit.framework/Headers/NSTextAttachment.h:23:1: note: interface 'UIView' forward declared here
@class UIView;
^
/Users/admin/builder/spi-builder-workspace/Sources/NetworkInspector/UI/LogDetail/JSONOutlineView.swift:754:57: error: cannot find type 'UIEvent' in scope
    override func hitTest(_ point: CGPoint, with event: UIEvent?) -> UIView? {
                                                        ^~~~~~~
/Users/admin/builder/spi-builder-workspace/Sources/NetworkInspector/UI/LogDetail/LogDetailViewController.swift:16:43: error: cannot find type 'UIViewController' in scope
    private lazy var tabViewControllers: [UIViewController] = [
                                          ^~~~~~~~~~~~~~~~
/Users/admin/builder/spi-builder-workspace/Sources/NetworkInspector/UI/LogDetail/LogDetailViewController.swift:11:38: error: cannot find type 'UIViewController' in scope
final class LogDetailViewController: UIViewController {
                                     ^~~~~~~~~~~~~~~~
/Users/admin/builder/spi-builder-workspace/Sources/NetworkInspector/UI/LogDetail/LogDetailViewController.swift:14:36: error: cannot find 'UISegmentedControl' in scope
    private let segmentedControl = UISegmentedControl(items: ["Request", "Status", "Response"])
                                   ^~~~~~~~~~~~~~~~~~
/Users/admin/builder/spi-builder-workspace/Sources/NetworkInspector/UI/LogDetail/LogDetailViewController.swift:15:33: error: cannot find 'UIView' in scope
    private let containerView = UIView()
                                ^~~~~~
/Applications/Xcode-16.3.0.app/Contents/Developer/Platforms/WatchOS.platform/Developer/SDKs/WatchOS11.4.sdk/System/Library/Frameworks/UIKit.framework/Headers/NSTextAttachment.h:23:1: note: interface 'UIView' forward declared here
@class UIView;
^
/Users/admin/builder/spi-builder-workspace/Sources/NetworkInspector/UI/LogDetail/LogDetailViewController.swift:21:31: error: cannot find type 'UIViewController' in scope
    private var currentChild: UIViewController?
                              ^~~~~~~~~~~~~~~~
/Users/admin/builder/spi-builder-workspace/Sources/NetworkInspector/UI/LogDetail/LogDetailViewController.swift:33:19: error: method does not override any method from its superclass
    override func viewDidLoad() {
    ~~~~~~~~      ^
/Users/admin/builder/spi-builder-workspace/Sources/NetworkInspector/UI/LogDetail/RawResponseView.swift:8:30: error: cannot find type 'UIView' in scope
final class RawResponseView: UIView {
                             ^~~~~~
/Applications/Xcode-16.3.0.app/Contents/Developer/Platforms/WatchOS.platform/Developer/SDKs/WatchOS11.4.sdk/System/Library/Frameworks/UIKit.framework/Headers/NSTextAttachment.h:23:1: note: interface 'UIView' forward declared here
@class UIView;
^
/Users/admin/builder/spi-builder-workspace/Sources/NetworkInspector/UI/LogDetail/RawResponseView.swift:10:29: error: cannot find 'UISearchBar' in scope
    private let searchBar = UISearchBar()
                            ^~~~~~~~~~~
/Users/admin/builder/spi-builder-workspace/Sources/NetworkInspector/UI/LogDetail/RawResponseView.swift:11:35: error: cannot find 'UILabel' in scope
    private let matchCountLabel = UILabel()
                                  ^~~~~~~
/Users/admin/builder/spi-builder-workspace/Sources/NetworkInspector/UI/LogDetail/RawResponseView.swift:12:28: error: cannot find 'UITextView' in scope
    private let textView = UITextView()
                           ^~~~~~~~~~
/Users/admin/builder/spi-builder-workspace/Sources/NetworkInspector/UI/LogDetail/RawResponseView.swift:77:28: error: cannot find type 'UISearchBarDelegate' in scope
extension RawResponseView: UISearchBarDelegate {
                           ^~~~~~~~~~~~~~~~~~~
/Users/admin/builder/spi-builder-workspace/Sources/NetworkInspector/UI/LogDetail/RawResponseView.swift:79:33: error: cannot find type 'UISearchBar' in scope
    func searchBar(_ searchBar: UISearchBar, textDidChange searchText: String) {
                                ^~~~~~~~~~~
/Users/admin/builder/spi-builder-workspace/Sources/NetworkInspector/UI/LogDetail/RawResponseView.swift:86:52: error: cannot find type 'UISearchBar' in scope
    func searchBarSearchButtonClicked(_ searchBar: UISearchBar) {
                                                   ^~~~~~~~~~~
/Users/admin/builder/spi-builder-workspace/Sources/NetworkInspector/UI/LogDetail/RawResponseView.swift:90:54: error: cannot find type 'UISearchBar' in scope
    func searchBarBookmarkButtonClicked(_ searchBar: UISearchBar) {
                                                     ^~~~~~~~~~~
/Users/admin/builder/spi-builder-workspace/Sources/NetworkInspector/UI/LogDetail/RequestTabViewController.swift:11:39: error: cannot find type 'UIViewController' in scope
final class RequestTabViewController: UIViewController {
                                      ^~~~~~~~~~~~~~~~
/Users/admin/builder/spi-builder-workspace/Sources/NetworkInspector/UI/LogDetail/RequestTabViewController.swift:24:19: error: method does not override any method from its superclass
    override func viewDidLoad() {
    ~~~~~~~~      ^
/Users/admin/builder/spi-builder-workspace/Sources/NetworkInspector/UI/LogDetail/ResponseBodyTabViewController.swift:11:44: error: cannot find type 'UIViewController' in scope
final class ResponseBodyTabViewController: UIViewController {
                                           ^~~~~~~~~~~~~~~~
/Users/admin/builder/spi-builder-workspace/Sources/NetworkInspector/UI/LogDetail/ResponseBodyTabViewController.swift:24:19: error: method does not override any method from its superclass
    override func viewDidLoad() {
    ~~~~~~~~      ^
/Users/admin/builder/spi-builder-workspace/Sources/NetworkInspector/UI/LogDetail/ResponseStatusTabViewController.swift:11:46: error: cannot find type 'UIViewController' in scope
final class ResponseStatusTabViewController: UIViewController {
                                             ^~~~~~~~~~~~~~~~
/Users/admin/builder/spi-builder-workspace/Sources/NetworkInspector/UI/LogDetail/ResponseStatusTabViewController.swift:24:19: error: method does not override any method from its superclass
    override func viewDidLoad() {
    ~~~~~~~~      ^
/Users/admin/builder/spi-builder-workspace/Sources/NetworkInspector/UI/LogList/ApiListViewController.swift:12:29: error: cannot find 'UITableView' in scope
    private let tableView = UITableView()
                            ^~~~~~~~~~~
/Users/admin/builder/spi-builder-workspace/Sources/NetworkInspector/UI/LogList/ApiListViewController.swift:10:36: error: cannot find type 'UIViewController' in scope
final class ApiListViewController: UIViewController {
                                   ^~~~~~~~~~~~~~~~
/Users/admin/builder/spi-builder-workspace/Sources/NetworkInspector/UI/LogList/ApiListViewController.swift:15:19: error: method does not override any method from its superclass
    override func viewDidLoad() {
    ~~~~~~~~      ^
/Users/admin/builder/spi-builder-workspace/Sources/NetworkInspector/UI/LogList/ApiListViewController.swift:100:34: error: cannot find type 'UITableViewDataSource' in scope
extension ApiListViewController: UITableViewDataSource {
                                 ^~~~~~~~~~~~~~~~~~~~~
/Users/admin/builder/spi-builder-workspace/Sources/NetworkInspector/UI/LogList/ApiListViewController.swift:102:33: error: cannot find type 'UITableView' in scope
    func tableView(_ tableView: UITableView, numberOfRowsInSection section: Int) -> Int {
                                ^~~~~~~~~~~
/Users/admin/builder/spi-builder-workspace/Sources/NetworkInspector/UI/LogList/ApiListViewController.swift:109:10: error: cannot find type 'UITableViewCell' in scope
    ) -> UITableViewCell {
         ^~~~~~~~~~~~~~~
/Users/admin/builder/spi-builder-workspace/Sources/NetworkInspector/UI/LogList/ApiListViewController.swift:107:22: error: cannot find type 'UITableView' in scope
        _ tableView: UITableView,
                     ^~~~~~~~~~~
/Users/admin/builder/spi-builder-workspace/Sources/NetworkInspector/UI/LogList/ApiListViewController.swift:124:34: error: cannot find type 'UITableViewDelegate' in scope
extension ApiListViewController: UITableViewDelegate {
                                 ^~~~~~~~~~~~~~~~~~~
/Users/admin/builder/spi-builder-workspace/Sources/NetworkInspector/UI/LogList/ApiListViewController.swift:126:33: error: cannot find type 'UITableView' in scope
    func tableView(_ tableView: UITableView, didSelectRowAt indexPath: IndexPath) {
                                ^~~~~~~~~~~
/Users/admin/builder/spi-builder-workspace/Sources/NetworkInspector/UI/LogList/LogCell.swift:11:22: error: cannot find type 'UITableViewCell' in scope
final class LogCell: UITableViewCell {
                     ^~~~~~~~~~~~~~~
/Users/admin/builder/spi-builder-workspace/Sources/NetworkInspector/UI/LogList/LogCell.swift:15:31: error: cannot find 'UILabel' in scope
    private let methodLabel = UILabel()
                              ^~~~~~~
/Users/admin/builder/spi-builder-workspace/Sources/NetworkInspector/UI/LogList/LogCell.swift:16:33: error: cannot find 'UILabel' in scope
    private let endpointLabel = UILabel()
                                ^~~~~~~
/Users/admin/builder/spi-builder-workspace/Sources/NetworkInspector/UI/LogList/LogCell.swift:17:36: error: cannot find 'UILabel' in scope
    private let statusRightLabel = UILabel()
                                   ^~~~~~~
/Users/admin/builder/spi-builder-workspace/Sources/NetworkInspector/UI/LogList/LogCell.swift:18:29: error: cannot find 'UILabel' in scope
    private let baseLabel = UILabel()
                            ^~~~~~~
/Users/admin/builder/spi-builder-workspace/Sources/NetworkInspector/UI/LogList/LogCell.swift:20:26: error: cannot find type 'UITableViewCell' in scope
    override init(style: UITableViewCell.CellStyle, reuseIdentifier: String?) {
                         ^~~~~~~~~~~~~~~
/Users/admin/builder/spi-builder-workspace/Sources/NetworkInspector/UI/LogList/LogListViewController.swift:11:36: error: cannot find type 'UIViewController' in scope
final class LogListViewController: UIViewController {
                                   ^~~~~~~~~~~~~~~~
/Users/admin/builder/spi-builder-workspace/Sources/NetworkInspector/UI/LogList/LogListViewController.swift:13:35: error: cannot find 'UIView' in scope
    private let headerContainer = UIView()
                                  ^~~~~~
/Applications/Xcode-16.3.0.app/Contents/Developer/Platforms/WatchOS.platform/Developer/SDKs/WatchOS11.4.sdk/System/Library/Frameworks/UIKit.framework/Headers/NSTextAttachment.h:23:1: note: interface 'UIView' forward declared here
@class UIView;
^
/Users/admin/builder/spi-builder-workspace/Sources/NetworkInspector/UI/LogList/LogListViewController.swift:14:29: error: cannot find 'UITableView' in scope
    private let tableView = UITableView()
                            ^~~~~~~~~~~
/Users/admin/builder/spi-builder-workspace/Sources/NetworkInspector/UI/LogList/LogListViewController.swift:15:32: error: cannot find 'UISegmentedControl' in scope
    private let filterToggle = UISegmentedControl(items: ["All", "Selected"])
                               ^~~~~~~~~~~~~~~~~~
/Users/admin/builder/spi-builder-workspace/Sources/NetworkInspector/UI/LogList/LogListViewController.swift:16:29: error: cannot find 'UILabel' in scope
    private let baseLabel = UILabel()
                            ^~~~~~~
/Users/admin/builder/spi-builder-workspace/Sources/NetworkInspector/UI/LogList/LogListViewController.swift:17:33: error: cannot find type 'UIBarButtonItem' in scope
    private var selectBaseItem: UIBarButtonItem?
                                ^~~~~~~~~~~~~~~
/Users/admin/builder/spi-builder-workspace/Sources/NetworkInspector/UI/LogList/LogListViewController.swift:18:35: error: cannot find type 'UIView' in scope
    private var filterHeaderView: UIView?
                                  ^~~~~~
/Applications/Xcode-16.3.0.app/Contents/Developer/Platforms/WatchOS.platform/Developer/SDKs/WatchOS11.4.sdk/System/Library/Frameworks/UIKit.framework/Headers/NSTextAttachment.h:23:1: note: interface 'UIView' forward declared here
@class UIView;
^
/Users/admin/builder/spi-builder-workspace/Sources/NetworkInspector/UI/LogList/LogListViewController.swift:19:41: error: cannot find type 'NSLayoutConstraint' in scope
    private var tableViewTopConstraint: NSLayoutConstraint?
                                        ^~~~~~~~~~~~~~~~~~
/Users/admin/builder/spi-builder-workspace/Sources/NetworkInspector/UI/LogList/LogListViewController.swift:28:36: error: cannot find 'UISearchController' in scope
    private let searchController = UISearchController(searchResultsController: nil)
                                   ^~~~~~~~~~~~~~~~~~
/Users/admin/builder/spi-builder-workspace/Sources/NetworkInspector/UI/LogList/LogListViewController.swift:28:80: error: 'nil' requires a contextual type
    private let searchController = UISearchController(searchResultsController: nil)
                                                                               ^
/Users/admin/builder/spi-builder-workspace/Sources/NetworkInspector/UI/LogList/LogListViewController.swift:40:19: error: method does not override any method from its superclass
    override func viewDidLoad() {
    ~~~~~~~~      ^
/Users/admin/builder/spi-builder-workspace/Sources/NetworkInspector/UI/LogList/LogListViewController.swift:198:19: error: method does not override any method from its superclass
    override func viewDidLayoutSubviews() {
    ~~~~~~~~      ^
/Users/admin/builder/spi-builder-workspace/Sources/NetworkInspector/UI/LogList/LogListViewController.swift:208:34: error: cannot find type 'UITableViewDataSource' in scope
extension LogListViewController: UITableViewDataSource {
                                 ^~~~~~~~~~~~~~~~~~~~~
/Users/admin/builder/spi-builder-workspace/Sources/NetworkInspector/UI/LogList/LogListViewController.swift:210:41: error: cannot find type 'UITableView' in scope
    func numberOfSections(in tableView: UITableView) -> Int {
                                        ^~~~~~~~~~~
/Users/admin/builder/spi-builder-workspace/Sources/NetworkInspector/UI/LogList/LogListViewController.swift:214:33: error: cannot find type 'UITableView' in scope
    func tableView(_ tableView: UITableView, numberOfRowsInSection section: Int) -> Int {
                                ^~~~~~~~~~~
/Users/admin/builder/spi-builder-workspace/Sources/NetworkInspector/UI/LogList/LogListViewController.swift:221:10: error: cannot find type 'UITableViewCell' in scope
    ) -> UITableViewCell {
         ^~~~~~~~~~~~~~~
/Users/admin/builder/spi-builder-workspace/Sources/NetworkInspector/UI/LogList/LogListViewController.swift:219:22: error: cannot find type 'UITableView' in scope
        _ tableView: UITableView,
                     ^~~~~~~~~~~
/Users/admin/builder/spi-builder-workspace/Sources/NetworkInspector/UI/LogList/LogListViewController.swift:233:34: error: cannot find type 'UITableViewDelegate' in scope
extension LogListViewController: UITableViewDelegate {
                                 ^~~~~~~~~~~~~~~~~~~
/Users/admin/builder/spi-builder-workspace/Sources/NetworkInspector/UI/LogList/LogListViewController.swift:239:33: error: cannot find type 'UITableView' in scope
    func tableView(_ tableView: UITableView, didSelectRowAt indexPath: IndexPath) {
                                ^~~~~~~~~~~
/Users/admin/builder/spi-builder-workspace/Sources/NetworkInspector/UI/LogList/LogListViewController.swift:250:10: error: cannot find type 'UISwipeActionsConfiguration' in scope
    ) -> UISwipeActionsConfiguration? {
         ^~~~~~~~~~~~~~~~~~~~~~~~~~~
/Users/admin/builder/spi-builder-workspace/Sources/NetworkInspector/UI/LogList/LogListViewController.swift:248:22: error: cannot find type 'UITableView' in scope
        _ tableView: UITableView,
                     ^~~~~~~~~~~
/Users/admin/builder/spi-builder-workspace/Sources/NetworkInspector/UI/LogList/LogListViewController.swift:264:19: error: method does not override any method from its superclass
    override func setEditing(_ editing: Bool, animated: Bool) {
    ~~~~~~~~      ^
/Users/admin/builder/spi-builder-workspace/Sources/NetworkInspector/UI/LogList/LogListViewController.swift:270:34: error: cannot find type 'UISearchResultsUpdating' in scope
extension LogListViewController: UISearchResultsUpdating {
                                 ^~~~~~~~~~~~~~~~~~~~~~~
/Users/admin/builder/spi-builder-workspace/Sources/NetworkInspector/UI/LogList/LogListViewController.swift:272:52: error: cannot find type 'UISearchController' in scope
    func updateSearchResults(for searchController: UISearchController) {
                                                   ^~~~~~~~~~~~~~~~~~
/Users/admin/builder/spi-builder-workspace/Sources/NetworkInspector/UI/Shake/ShakeDetectingWindow.swift:11:35: error: cannot find type 'UIWindow' in scope
final class ShakeDetectingWindow: UIWindow {
                                  ^~~~~~~~
/Users/admin/builder/spi-builder-workspace/Sources/NetworkInspector/UI/Shake/ShakeDetectingWindow.swift:13:18: error: property does not override any property from its superclass
    override var canBecomeFirstResponder: Bool {
    ~~~~~~~~     ^
/Users/admin/builder/spi-builder-workspace/Sources/NetworkInspector/UI/Shake/ShakeDetectingWindow.swift:17:19: error: method does not override any method from its superclass
    override func didMoveToWindow() {
    ~~~~~~~~      ^
/Users/admin/builder/spi-builder-workspace/Sources/NetworkInspector/UI/Shake/ShakeDetectingWindow.swift:22:41: error: cannot find type 'UIEvent' in scope
    override func motionEnded(_ motion: UIEvent.EventSubtype, with event: UIEvent?) {
                                        ^~~~~~~
/Users/admin/builder/spi-builder-workspace/Sources/NetworkInspector/UI/Shake/ShakeDetectingWindow.swift:22:75: error: cannot find type 'UIEvent' in scope
    override func motionEnded(_ motion: UIEvent.EventSubtype, with event: UIEvent?) {
                                                                          ^~~~~~~
/Users/admin/builder/spi-builder-workspace/Sources/NetworkInspector/UI/Shake/ShakeWindowInstaller.swift:13:24: warning: static property 'installedWindow' is not concurrency-safe because it is nonisolated global shared mutable state; this is an error in the Swift 6 language mode
    private static var installedWindow: ShakeDetectingWindow?
                       ^
/Users/admin/builder/spi-builder-workspace/Sources/NetworkInspector/UI/Shake/ShakeWindowInstaller.swift:13:24: note: convert 'installedWindow' to a 'let' constant to make 'Sendable' shared state immutable
    private static var installedWindow: ShakeDetectingWindow?
                   ~~~ ^
                   let
/Users/admin/builder/spi-builder-workspace/Sources/NetworkInspector/UI/Shake/ShakeWindowInstaller.swift:13:24: note: add '@MainActor' to make static property 'installedWindow' part of global actor 'MainActor'
    private static var installedWindow: ShakeDetectingWindow?
                       ^
    @MainActor
/Users/admin/builder/spi-builder-workspace/Sources/NetworkInspector/UI/Shake/ShakeWindowInstaller.swift:13:24: note: disable concurrency-safety checks if accesses are protected by an external synchronization mechanism
    private static var installedWindow: ShakeDetectingWindow?
                       ^
    nonisolated(unsafe)
SwiftEmitModule normal arm64_32 Emitting\ module\ for\ NetworkInspector (in target 'NetworkInspector' from project 'NetworkInspector')
Failed frontend command:
/Applications/Xcode-16.3.0.app/Contents/Developer/Toolchains/XcodeDefault.xctoolchain/usr/bin/swift-frontend -frontend -emit-module -experimental-skip-non-inlinable-function-bodies-without-types /Users/admin/builder/spi-builder-workspace/Sources/NetworkInspector/InspectorURLProtocol.swift /Users/admin/builder/spi-builder-workspace/Sources/NetworkInspector/LeapInspector.swift /Users/admin/builder/spi-builder-workspace/Sources/NetworkInspector/NetworkInterceptor.swift /Users/admin/builder/spi-builder-workspace/Sources/NetworkInspector/NetworkLog.swift /Users/admin/builder/spi-builder-workspace/Sources/NetworkInspector/NetworkLogBuilder.swift /Users/admin/builder/spi-builder-workspace/Sources/NetworkInspector/NetworkLogStore.swift /Users/admin/builder/spi-builder-workspace/Sources/NetworkInspector/UI/FloatingButton/FloatingInspectorButton.swift /Users/admin/builder/spi-builder-workspace/Sources/NetworkInspector/UI/FloatingButton/FloatingInspectorWindow.swift /Users/admin/builder/spi-builder-workspace/Sources/NetworkInspector/UI/FloatingButton/PassThroughWindow.swift /Users/admin/builder/spi-builder-workspace/Sources/NetworkInspector/UI/InspectorUIRouter.swift /Users/admin/builder/spi-builder-workspace/Sources/NetworkInspector/UI/LogDetail/JSONOutlineView.swift /Users/admin/builder/spi-builder-workspace/Sources/NetworkInspector/UI/LogDetail/LogDetailViewController.swift /Users/admin/builder/spi-builder-workspace/Sources/NetworkInspector/UI/LogDetail/RawResponseView.swift /Users/admin/builder/spi-builder-workspace/Sources/NetworkInspector/UI/LogDetail/RequestTabViewController.swift /Users/admin/builder/spi-builder-workspace/Sources/NetworkInspector/UI/LogDetail/ResponseBodyTabViewController.swift /Users/admin/builder/spi-builder-workspace/Sources/NetworkInspector/UI/LogDetail/ResponseStatusTabViewController.swift /Users/admin/builder/spi-builder-workspace/Sources/NetworkInspector/UI/LogList/ApiListViewController.swift /Users/admin/builder/spi-builder-workspace/Sources/NetworkInspector/UI/LogList/LogCell.swift /Users/admin/builder/spi-builder-workspace/Sources/NetworkInspector/UI/LogList/LogListViewController.swift /Users/admin/builder/spi-builder-workspace/Sources/NetworkInspector/UI/Shake/ShakeDetectingWindow.swift /Users/admin/builder/spi-builder-workspace/Sources/NetworkInspector/UI/Shake/ShakeWindowInstaller.swift /Users/admin/builder/spi-builder-workspace/Sources/NetworkInspector/UI/Utils/PrettyFormatter.swift -target arm64_32-apple-watchos7.0 -enable-objc-interop -sdk /Applications/Xcode-16.3.0.app/Contents/Developer/Platforms/WatchOS.platform/Developer/SDKs/WatchOS11.4.sdk -I /Users/admin/builder/spi-builder-workspace/.derivedData/Build/Products/Debug-watchos -I /Applications/Xcode-16.3.0.app/Contents/Developer/Platforms/WatchOS.platform/Developer/usr/lib -F /Users/admin/builder/spi-builder-workspace/.derivedData/Build/Products/Debug-watchos -F /Applications/Xcode-16.3.0.app/Contents/Developer/Platforms/WatchOS.platform/Developer/Library/Frameworks -F /Applications/Xcode-16.3.0.app/Contents/Developer/Platforms/WatchOS.platform/Developer/SDKs/WatchOS11.4.sdk/Developer/Library/Frameworks -no-color-diagnostics -enable-testing -g -debug-info-format\=dwarf -dwarf-version\=4 -module-cache-path /Users/admin/builder/spi-builder-workspace/.derivedData/ModuleCache.noindex -profile-generate -profile-coverage-mapping -swift-version 5 -enforce-exclusivity\=checked -stats-output-dir /Users/admin/builder/spi-builder-workspace/.swiftpm/xcode/.stats -Onone -D SWIFT_PACKAGE -D DEBUG -serialize-debugging-options -const-gather-protocols-file /Users/admin/builder/spi-builder-workspace/.derivedData/Build/Intermediates.noindex/NetworkInspector.build/Debug-watchos/NetworkInspector.build/Objects-normal/arm64_32/NetworkInspector_const_extract_protocols.json -enable-upcoming-feature StrictConcurrency -enable-upcoming-feature DisableOutwardActorInference -enable-upcoming-feature GlobalActorIsolatedTypesUsability -enable-upcoming-feature InferSendableFromCaptures -enable-experimental-feature DebugDescriptionMacro -strict-concurrency\=complete -empty-abi-descriptor -plugin-path /Applications/Xcode-16.3.0.app/Contents/Developer/Toolchains/XcodeDefault.xctoolchain/usr/lib/swift/host/plugins/testing -validate-clang-modules-once -clang-build-session-file /Users/admin/builder/spi-builder-workspace/.derivedData/ModuleCache.noindex/Session.modulevalidation -Xcc -working-directory -Xcc /Users/admin/builder/spi-builder-workspace/.swiftpm/xcode -resource-dir /Applications/Xcode-16.3.0.app/Contents/Developer/Toolchains/XcodeDefault.xctoolchain/usr/lib/swift -enable-anonymous-context-mangled-names -file-compilation-dir /Users/admin/builder/spi-builder-workspace/.swiftpm/xcode -Xcc -ivfsstatcache -Xcc /Users/admin/builder/spi-builder-workspace/.derivedData/SDKStatCaches.noindex/watchos11.4-22T246-43efb940ff07ba2497b70ec94253f576.sdkstatcache -Xcc -I/Users/admin/builder/spi-builder-workspace/.derivedData/Build/Intermediates.noindex/NetworkInspector.build/Debug-watchos/NetworkInspector.build/swift-overrides.hmap -Xcc -I/Users/admin/builder/spi-builder-workspace/.derivedData/Build/Products/Debug-watchos/include -Xcc -I/Users/admin/builder/spi-builder-workspace/.derivedData/Build/Intermediates.noindex/NetworkInspector.build/Debug-watchos/NetworkInspector.build/DerivedSources-normal/arm64_32 -Xcc -I/Users/admin/builder/spi-builder-workspace/.derivedData/Build/Intermediates.noindex/NetworkInspector.build/Debug-watchos/NetworkInspector.build/DerivedSources/arm64_32 -Xcc -I/Users/admin/builder/spi-builder-workspace/.derivedData/Build/Intermediates.noindex/NetworkInspector.build/Debug-watchos/NetworkInspector.build/DerivedSources -Xcc -DSWIFT_PACKAGE -Xcc -DDEBUG\=1 -module-name NetworkInspector -package-name spi_builder_workspace -frontend-parseable-output -disable-clang-spi -target-sdk-version 11.4 -target-sdk-name watchos11.4 -external-plugin-path /Applications/Xcode-16.3.0.app/Contents/Developer/Platforms/WatchOS.platform/Developer/usr/lib/swift/host/plugins\#/Applications/Xcode-16.3.0.app/Contents/Developer/Platforms/WatchOS.platform/Developer/usr/bin/swift-plugin-server -external-plugin-path /Applications/Xcode-16.3.0.app/Contents/Developer/Platforms/WatchOS.platform/Developer/usr/local/lib/swift/host/plugins\#/Applications/Xcode-16.3.0.app/Contents/Developer/Platforms/WatchOS.platform/Developer/usr/bin/swift-plugin-server -in-process-plugin-server-path /Applications/Xcode-16.3.0.app/Contents/Developer/Toolchains/XcodeDefault.xctoolchain/usr/lib/swift/host/libSwiftInProcPluginServer.dylib -plugin-path /Applications/Xcode-16.3.0.app/Contents/Developer/Toolchains/XcodeDefault.xctoolchain/usr/lib/swift/host/plugins -plugin-path /Applications/Xcode-16.3.0.app/Contents/Developer/Toolchains/XcodeDefault.xctoolchain/usr/local/lib/swift/host/plugins -emit-module-doc-path /Users/admin/builder/spi-builder-workspace/.derivedData/Build/Intermediates.noindex/NetworkInspector.build/Debug-watchos/NetworkInspector.build/Objects-normal/arm64_32/NetworkInspector.swiftdoc -emit-module-source-info-path /Users/admin/builder/spi-builder-workspace/.derivedData/Build/Intermediates.noindex/NetworkInspector.build/Debug-watchos/NetworkInspector.build/Objects-normal/arm64_32/NetworkInspector.swiftsourceinfo -emit-objc-header-path /Users/admin/builder/spi-builder-workspace/.derivedData/Build/Intermediates.noindex/NetworkInspector.build/Debug-watchos/NetworkInspector.build/Objects-normal/arm64_32/NetworkInspector-Swift.h -serialize-diagnostics-path /Users/admin/builder/spi-builder-workspace/.derivedData/Build/Intermediates.noindex/NetworkInspector.build/Debug-watchos/NetworkInspector.build/Objects-normal/arm64_32/NetworkInspector-master-emit-module.dia -emit-dependencies-path /Users/admin/builder/spi-builder-workspace/.derivedData/Build/Intermediates.noindex/NetworkInspector.build/Debug-watchos/NetworkInspector.build/Objects-normal/arm64_32/NetworkInspector-master-emit-module.d -o /Users/admin/builder/spi-builder-workspace/.derivedData/Build/Intermediates.noindex/NetworkInspector.build/Debug-watchos/NetworkInspector.build/Objects-normal/arm64_32/NetworkInspector.swiftmodule -emit-abi-descriptor-path /Users/admin/builder/spi-builder-workspace/.derivedData/Build/Intermediates.noindex/NetworkInspector.build/Debug-watchos/NetworkInspector.build/Objects-normal/arm64_32/NetworkInspector.abi.json
EmitSwiftModule normal arm64_32 (in target 'NetworkInspector' from project 'NetworkInspector')
    cd /Users/admin/builder/spi-builder-workspace/.swiftpm/xcode

/Users/admin/builder/spi-builder-workspace/Sources/NetworkInspector/InspectorURLProtocol.swift:11:13: warning: 'Sendable' class 'InspectorURLProtocol' cannot inherit from another class other than 'NSObject'; this is an error in the Swift 6 language mode
final class InspectorURLProtocol: URLProtocol {
            ^
/Users/admin/builder/spi-builder-workspace/Sources/NetworkInspector/InspectorURLProtocol.swift:15:17: warning: stored property 'logBuilder' of 'Sendable'-conforming class 'InspectorURLProtocol' has non-sendable type 'NetworkLogBuilder'; this is an error in the Swift 6 language mode
    private let logBuilder = NetworkLogBuilder()
                ^
/Users/admin/builder/spi-builder-workspace/Sources/NetworkInspector/NetworkLogBuilder.swift:11:13: note: class 'NetworkLogBuilder' does not conform to the 'Sendable' protocol
final class NetworkLogBuilder {
            ^
/Users/admin/builder/spi-builder-workspace/Sources/NetworkInspector/InspectorURLProtocol.swift:17:17: warning: stored property 'dataTask' of 'Sendable'-conforming class 'InspectorURLProtocol' is mutable; this is an error in the Swift 6 language mode
    private var dataTask: URLSessionDataTask?
                ^
/Users/admin/builder/spi-builder-workspace/Sources/NetworkInspector/LeapInspector.swift:13:24: warning: static property 'isEnabled' is not concurrency-safe because it is nonisolated global shared mutable state; this is an error in the Swift 6 language mode
    private static var isEnabled = false
                       ^
/Users/admin/builder/spi-builder-workspace/Sources/NetworkInspector/LeapInspector.swift:13:24: note: convert 'isEnabled' to a 'let' constant to make 'Sendable' shared state immutable
    private static var isEnabled = false
                   ~~~ ^
                   let
/Users/admin/builder/spi-builder-workspace/Sources/NetworkInspector/LeapInspector.swift:13:24: note: add '@MainActor' to make static property 'isEnabled' part of global actor 'MainActor'
    private static var isEnabled = false
                       ^
    @MainActor
/Users/admin/builder/spi-builder-workspace/Sources/NetworkInspector/LeapInspector.swift:13:24: note: disable concurrency-safety checks if accesses are protected by an external synchronization mechanism
    private static var isEnabled = false
                       ^
    nonisolated(unsafe)
/Users/admin/builder/spi-builder-workspace/Sources/NetworkInspector/LeapInspector.swift:15:23: warning: static property 'responseViewMode' is not concurrency-safe because it is nonisolated global shared mutable state; this is an error in the Swift 6 language mode
    public static var responseViewMode: ResponseViewMode = .tree
                      ^
/Users/admin/builder/spi-builder-workspace/Sources/NetworkInspector/LeapInspector.swift:15:23: note: convert 'responseViewMode' to a 'let' constant to make 'Sendable' shared state immutable
    public static var responseViewMode: ResponseViewMode = .tree
                  ~~~ ^
                  let
/Users/admin/builder/spi-builder-workspace/Sources/NetworkInspector/LeapInspector.swift:15:23: note: add '@MainActor' to make static property 'responseViewMode' part of global actor 'MainActor'
    public static var responseViewMode: ResponseViewMode = .tree
                      ^
    @MainActor
/Users/admin/builder/spi-builder-workspace/Sources/NetworkInspector/LeapInspector.swift:15:23: note: disable concurrency-safety checks if accesses are protected by an external synchronization mechanism
    public static var responseViewMode: ResponseViewMode = .tree
                      ^
    nonisolated(unsafe)
/Users/admin/builder/spi-builder-workspace/Sources/NetworkInspector/NetworkInterceptor.swift:13:24: warning: static property 'allowedBaseURLs' is not concurrency-safe because it is nonisolated global shared mutable state; this is an error in the Swift 6 language mode
    private static var allowedBaseURLs: [String] = []
                       ^
/Users/admin/builder/spi-builder-workspace/Sources/NetworkInspector/NetworkInterceptor.swift:13:24: note: convert 'allowedBaseURLs' to a 'let' constant to make 'Sendable' shared state immutable
    private static var allowedBaseURLs: [String] = []
                   ~~~ ^
                   let
/Users/admin/builder/spi-builder-workspace/Sources/NetworkInspector/NetworkInterceptor.swift:13:24: note: add '@MainActor' to make static property 'allowedBaseURLs' part of global actor 'MainActor'
    private static var allowedBaseURLs: [String] = []
                       ^
    @MainActor
/Users/admin/builder/spi-builder-workspace/Sources/NetworkInspector/NetworkInterceptor.swift:13:24: note: disable concurrency-safety checks if accesses are protected by an external synchronization mechanism
    private static var allowedBaseURLs: [String] = []
                       ^
    nonisolated(unsafe)
/Users/admin/builder/spi-builder-workspace/Sources/NetworkInspector/NetworkLogStore.swift:12:16: warning: static property 'shared' is not concurrency-safe because non-'Sendable' type 'NetworkLogStore' may have shared mutable state; this is an error in the Swift 6 language mode
    static let shared = NetworkLogStore()
               ^
/Users/admin/builder/spi-builder-workspace/Sources/NetworkInspector/NetworkLogStore.swift:10:13: note: class 'NetworkLogStore' does not conform to the 'Sendable' protocol
final class NetworkLogStore {
            ^
/Users/admin/builder/spi-builder-workspace/Sources/NetworkInspector/NetworkLogStore.swift:12:16: note: add '@MainActor' to make static property 'shared' part of global actor 'MainActor'
    static let shared = NetworkLogStore()
               ^
    @MainActor
/Users/admin/builder/spi-builder-workspace/Sources/NetworkInspector/NetworkLogStore.swift:12:16: note: disable concurrency-safety checks if accesses are protected by an external synchronization mechanism
    static let shared = NetworkLogStore()
               ^
    nonisolated(unsafe)
/Users/admin/builder/spi-builder-workspace/Sources/NetworkInspector/UI/FloatingButton/FloatingInspectorButton.swift:11:38: error: cannot find type 'UIButton' in scope
final class FloatingInspectorButton: UIButton {
                                     ^~~~~~~~
/Users/admin/builder/spi-builder-workspace/Sources/NetworkInspector/UI/FloatingButton/FloatingInspectorButton.swift:42:41: error: cannot find type 'UIPanGestureRecognizer' in scope
    @objc private func onPan(_ gesture: UIPanGestureRecognizer) {
                                        ^~~~~~~~~~~~~~~~~~~~~~
/Users/admin/builder/spi-builder-workspace/Sources/NetworkInspector/UI/FloatingButton/FloatingInspectorButton.swift:61:50: error: cannot find type 'UIView' in scope
    private func snapToNearestEdge(in superview: UIView) {
                                                 ^~~~~~
/Applications/Xcode-16.3.0.app/Contents/Developer/Platforms/WatchOS.platform/Developer/SDKs/WatchOS11.4.sdk/System/Library/Frameworks/UIKit.framework/Headers/NSTextAttachment.h:23:1: note: interface 'UIView' forward declared here
@class UIView;
^
/Users/admin/builder/spi-builder-workspace/Sources/NetworkInspector/UI/FloatingButton/FloatingInspectorWindow.swift:15:16: warning: static property 'shared' is not concurrency-safe because non-'Sendable' type 'FloatingInspectorWindow' may have shared mutable state; this is an error in the Swift 6 language mode
    static let shared = FloatingInspectorWindow()
               ^
/Users/admin/builder/spi-builder-workspace/Sources/NetworkInspector/UI/FloatingButton/FloatingInspectorWindow.swift:13:13: note: class 'FloatingInspectorWindow' does not conform to the 'Sendable' protocol
final class FloatingInspectorWindow {
            ^
/Users/admin/builder/spi-builder-workspace/Sources/NetworkInspector/UI/FloatingButton/FloatingInspectorWindow.swift:15:16: note: add '@MainActor' to make static property 'shared' part of global actor 'MainActor'
    static let shared = FloatingInspectorWindow()
               ^
    @MainActor
/Users/admin/builder/spi-builder-workspace/Sources/NetworkInspector/UI/FloatingButton/FloatingInspectorWindow.swift:15:16: note: disable concurrency-safety checks if accesses are protected by an external synchronization mechanism
    static let shared = FloatingInspectorWindow()
               ^
    nonisolated(unsafe)
/Users/admin/builder/spi-builder-workspace/Sources/NetworkInspector/UI/FloatingButton/PassThroughWindow.swift:13:32: error: cannot find type 'UIWindow' in scope
final class PassThroughWindow: UIWindow {
                               ^~~~~~~~
/Users/admin/builder/spi-builder-workspace/Sources/NetworkInspector/UI/FloatingButton/PassThroughWindow.swift:15:70: error: cannot find type 'UIView' in scope
    override func hitTest(_ point: CGPoint, with event: UIEvent?) -> UIView? {
                                                                     ^~~~~~
/Applications/Xcode-16.3.0.app/Contents/Developer/Platforms/WatchOS.platform/Developer/SDKs/WatchOS11.4.sdk/System/Library/Frameworks/UIKit.framework/Headers/NSTextAttachment.h:23:1: note: interface 'UIView' forward declared here
@class UIView;
^
/Users/admin/builder/spi-builder-workspace/Sources/NetworkInspector/UI/FloatingButton/PassThroughWindow.swift:15:57: error: cannot find type 'UIEvent' in scope
    override func hitTest(_ point: CGPoint, with event: UIEvent?) -> UIView? {
                                                        ^~~~~~~
/Users/admin/builder/spi-builder-workspace/Sources/NetworkInspector/UI/InspectorUIRouter.swift:13:24: warning: static property 'isPresenting' is not concurrency-safe because it is nonisolated global shared mutable state; this is an error in the Swift 6 language mode
    private static var isPresenting = false
                       ^
/Users/admin/builder/spi-builder-workspace/Sources/NetworkInspector/UI/InspectorUIRouter.swift:13:24: note: convert 'isPresenting' to a 'let' constant to make 'Sendable' shared state immutable
    private static var isPresenting = false
                   ~~~ ^
                   let
/Users/admin/builder/spi-builder-workspace/Sources/NetworkInspector/UI/InspectorUIRouter.swift:13:24: note: add '@MainActor' to make static property 'isPresenting' part of global actor 'MainActor'
    private static var isPresenting = false
                       ^
    @MainActor
/Users/admin/builder/spi-builder-workspace/Sources/NetworkInspector/UI/InspectorUIRouter.swift:13:24: note: disable concurrency-safety checks if accesses are protected by an external synchronization mechanism
    private static var isPresenting = false
                       ^
    nonisolated(unsafe)
/Users/admin/builder/spi-builder-workspace/Sources/NetworkInspector/UI/InspectorUIRouter.swift:36:10: error: cannot find type 'UIViewController' in scope
    ) -> UIViewController? {
         ^~~~~~~~~~~~~~~~
/Users/admin/builder/spi-builder-workspace/Sources/NetworkInspector/UI/InspectorUIRouter.swift:30:15: error: cannot find type 'UIViewController' in scope
        base: UIViewController? = UIApplication.shared
              ^~~~~~~~~~~~~~~~
/Users/admin/builder/spi-builder-workspace/Sources/NetworkInspector/UI/LogDetail/JSONOutlineView.swift:80:30: error: cannot find type 'UIView' in scope
final class JSONOutlineView: UIView {
                             ^~~~~~
/Applications/Xcode-16.3.0.app/Contents/Developer/Platforms/WatchOS.platform/Developer/SDKs/WatchOS11.4.sdk/System/Library/Frameworks/UIKit.framework/Headers/NSTextAttachment.h:23:1: note: interface 'UIView' forward declared here
@class UIView;
^
/Users/admin/builder/spi-builder-workspace/Sources/NetworkInspector/UI/LogDetail/JSONOutlineView.swift:82:29: error: cannot find 'UITableView' in scope
    private let tableView = UITableView(frame: .zero, style: .plain)
                            ^~~~~~~~~~~
/Users/admin/builder/spi-builder-workspace/Sources/NetworkInspector/UI/LogDetail/JSONOutlineView.swift:82:49: error: cannot infer contextual base in reference to member 'zero'
    private let tableView = UITableView(frame: .zero, style: .plain)
                                               ~^~~~
/Users/admin/builder/spi-builder-workspace/Sources/NetworkInspector/UI/LogDetail/JSONOutlineView.swift:82:63: error: cannot infer contextual base in reference to member 'plain'
    private let tableView = UITableView(frame: .zero, style: .plain)
                                                             ~^~~~~
/Users/admin/builder/spi-builder-workspace/Sources/NetworkInspector/UI/LogDetail/JSONOutlineView.swift:83:29: error: cannot find 'UISearchBar' in scope
    private let searchBar = UISearchBar()
                            ^~~~~~~~~~~
/Users/admin/builder/spi-builder-workspace/Sources/NetworkInspector/UI/LogDetail/JSONOutlineView.swift:84:35: error: cannot find 'UILabel' in scope
    private let matchCountLabel = UILabel()
                                  ^~~~~~~
/Users/admin/builder/spi-builder-workspace/Sources/NetworkInspector/UI/LogDetail/JSONOutlineView.swift:85:30: error: cannot find 'UIButton' in scope
    private let prevButton = UIButton(type: .system)
                             ^~~~~~~~
/Users/admin/builder/spi-builder-workspace/Sources/NetworkInspector/UI/LogDetail/JSONOutlineView.swift:85:46: error: cannot infer contextual base in reference to member 'system'
    private let prevButton = UIButton(type: .system)
                                            ~^~~~~~
/Users/admin/builder/spi-builder-workspace/Sources/NetworkInspector/UI/LogDetail/JSONOutlineView.swift:86:30: error: cannot find 'UIButton' in scope
    private let nextButton = UIButton(type: .system)
                             ^~~~~~~~
/Users/admin/builder/spi-builder-workspace/Sources/NetworkInspector/UI/LogDetail/JSONOutlineView.swift:86:46: error: cannot infer contextual base in reference to member 'system'
    private let nextButton = UIButton(type: .system)
                                            ~^~~~~~
/Users/admin/builder/spi-builder-workspace/Sources/NetworkInspector/UI/LogDetail/JSONOutlineView.swift:87:31: error: cannot find 'UIButton' in scope
    private let clearButton = UIButton(type: .system)
                              ^~~~~~~~
/Users/admin/builder/spi-builder-workspace/Sources/NetworkInspector/UI/LogDetail/JSONOutlineView.swift:87:47: error: cannot infer contextual base in reference to member 'system'
    private let clearButton = UIButton(type: .system)
                                             ~^~~~~~
/Users/admin/builder/spi-builder-workspace/Sources/NetworkInspector/UI/LogDetail/JSONOutlineView.swift:88:32: error: cannot find 'UIStackView' in scope
    private let chevronStack = UIStackView()
                               ^~~~~~~~~~~
/Users/admin/builder/spi-builder-workspace/Sources/NetworkInspector/UI/LogDetail/JSONOutlineView.swift:97:14: error: initializer does not override a designated initializer from its superclass
    override init(frame: CGRect) {
    ~~~~~~~~ ^
/Users/admin/builder/spi-builder-workspace/Sources/NetworkInspector/UI/LogDetail/JSONOutlineView.swift:243:28: error: cannot find type 'UISearchBarDelegate' in scope
extension JSONOutlineView: UISearchBarDelegate {
                           ^~~~~~~~~~~~~~~~~~~
/Users/admin/builder/spi-builder-workspace/Sources/NetworkInspector/UI/LogDetail/JSONOutlineView.swift:245:33: error: cannot find type 'UISearchBar' in scope
    func searchBar(_ searchBar: UISearchBar, textDidChange searchText: String) {
                                ^~~~~~~~~~~
/Users/admin/builder/spi-builder-workspace/Sources/NetworkInspector/UI/LogDetail/JSONOutlineView.swift:254:52: error: cannot find type 'UISearchBar' in scope
    func searchBarTextDidBeginEditing(_ searchBar: UISearchBar) {
                                                   ^~~~~~~~~~~
/Users/admin/builder/spi-builder-workspace/Sources/NetworkInspector/UI/LogDetail/JSONOutlineView.swift:258:50: error: cannot find type 'UISearchBar' in scope
    func searchBarTextDidEndEditing(_ searchBar: UISearchBar) {
                                                 ^~~~~~~~~~~
/Users/admin/builder/spi-builder-workspace/Sources/NetworkInspector/UI/LogDetail/JSONOutlineView.swift:262:52: error: cannot find type 'UISearchBar' in scope
    func searchBarSearchButtonClicked(_ searchBar: UISearchBar) {
                                                   ^~~~~~~~~~~
/Users/admin/builder/spi-builder-workspace/Sources/NetworkInspector/UI/LogDetail/JSONOutlineView.swift:464:28: error: cannot find type 'UITableViewDataSource' in scope
extension JSONOutlineView: UITableViewDataSource, UITableViewDelegate {
                           ^~~~~~~~~~~~~~~~~~~~~
/Users/admin/builder/spi-builder-workspace/Sources/NetworkInspector/UI/LogDetail/JSONOutlineView.swift:464:51: error: cannot find type 'UITableViewDelegate' in scope
extension JSONOutlineView: UITableViewDataSource, UITableViewDelegate {
                                                  ^~~~~~~~~~~~~~~~~~~
/Users/admin/builder/spi-builder-workspace/Sources/NetworkInspector/UI/LogDetail/JSONOutlineView.swift:466:33: error: cannot find type 'UITableView' in scope
    func tableView(_ tableView: UITableView, numberOfRowsInSection section: Int) -> Int {
                                ^~~~~~~~~~~
/Users/admin/builder/spi-builder-workspace/Sources/NetworkInspector/UI/LogDetail/JSONOutlineView.swift:470:84: error: cannot find type 'UITableViewCell' in scope
    func tableView(_ tableView: UITableView, cellForRowAt indexPath: IndexPath) -> UITableViewCell {
                                                                                   ^~~~~~~~~~~~~~~
/Users/admin/builder/spi-builder-workspace/Sources/NetworkInspector/UI/LogDetail/JSONOutlineView.swift:470:33: error: cannot find type 'UITableView' in scope
    func tableView(_ tableView: UITableView, cellForRowAt indexPath: IndexPath) -> UITableViewCell {
                                ^~~~~~~~~~~
/Users/admin/builder/spi-builder-workspace/Sources/NetworkInspector/UI/LogDetail/JSONOutlineView.swift:486:33: error: cannot find type 'UITableView' in scope
    func tableView(_ tableView: UITableView, didSelectRowAt indexPath: IndexPath) {
                                ^~~~~~~~~~~
/Users/admin/builder/spi-builder-workspace/Sources/NetworkInspector/UI/LogDetail/JSONOutlineView.swift:503:52: error: cannot find type 'UIScrollView' in scope
    func scrollViewWillBeginDragging(_ scrollView: UIScrollView) {
                                                   ^~~~~~~~~~~~
/Users/admin/builder/spi-builder-workspace/Sources/NetworkInspector/UI/LogDetail/JSONOutlineView.swift:514:38: error: cannot find type 'UITableViewCell' in scope
private final class JSONOutlineCell: UITableViewCell {
                                     ^~~~~~~~~~~~~~~
/Users/admin/builder/spi-builder-workspace/Sources/NetworkInspector/UI/LogDetail/JSONOutlineView.swift:518:35: error: cannot find 'UILabel' in scope
    private let disclosureLabel = UILabel()
                                  ^~~~~~~
/Users/admin/builder/spi-builder-workspace/Sources/NetworkInspector/UI/LogDetail/JSONOutlineView.swift:519:32: error: cannot find 'UILabel' in scope
    private let contentLabel = UILabel()
                               ^~~~~~~
/Users/admin/builder/spi-builder-workspace/Sources/NetworkInspector/UI/LogDetail/JSONOutlineView.swift:520:25: error: cannot find 'UIStackView' in scope
    private let stack = UIStackView()
                        ^~~~~~~~~~~
/Users/admin/builder/spi-builder-workspace/Sources/NetworkInspector/UI/LogDetail/JSONOutlineView.swift:521:36: error: cannot find type 'NSLayoutConstraint' in scope
    private var leadingConstraint: NSLayoutConstraint!
                                   ^~~~~~~~~~~~~~~~~~
/Users/admin/builder/spi-builder-workspace/Sources/NetworkInspector/UI/LogDetail/JSONOutlineView.swift:526:26: error: cannot find type 'UITableViewCell' in scope
    override init(style: UITableViewCell.CellStyle, reuseIdentifier: String?) {
                         ^~~~~~~~~~~~~~~
/Users/admin/builder/spi-builder-workspace/Sources/NetworkInspector/UI/LogDetail/JSONOutlineView.swift:744:42: error: cannot find type 'UIView' in scope
private final class SearchAccessoryView: UIView {
                                         ^~~~~~
/Applications/Xcode-16.3.0.app/Contents/Developer/Platforms/WatchOS.platform/Developer/SDKs/WatchOS11.4.sdk/System/Library/Frameworks/UIKit.framework/Headers/NSTextAttachment.h:23:1: note: interface 'UIView' forward declared here
@class UIView;
^
/Users/admin/builder/spi-builder-workspace/Sources/NetworkInspector/UI/LogDetail/JSONOutlineView.swift:747:18: error: property does not override any property from its superclass
    override var intrinsicContentSize: CGSize { Self.preferredSize }
    ~~~~~~~~     ^
/Users/admin/builder/spi-builder-workspace/Sources/NetworkInspector/UI/LogDetail/JSONOutlineView.swift:749:19: error: method does not override any method from its superclass
    override func sizeThatFits(_ size: CGSize) -> CGSize { Self.preferredSize }
    ~~~~~~~~      ^
/Users/admin/builder/spi-builder-workspace/Sources/NetworkInspector/UI/LogDetail/JSONOutlineView.swift:754:70: error: cannot find type 'UIView' in scope
    override func hitTest(_ point: CGPoint, with event: UIEvent?) -> UIView? {
                                                                     ^~~~~~
/Applications/Xcode-16.3.0.app/Contents/Developer/Platforms/WatchOS.platform/Developer/SDKs/WatchOS11.4.sdk/System/Library/Frameworks/UIKit.framework/Headers/NSTextAttachment.h:23:1: note: interface 'UIView' forward declared here
@class UIView;
^
/Users/admin/builder/spi-builder-workspace/Sources/NetworkInspector/UI/LogDetail/JSONOutlineView.swift:754:57: error: cannot find type 'UIEvent' in scope
    override func hitTest(_ point: CGPoint, with event: UIEvent?) -> UIView? {
                                                        ^~~~~~~
/Users/admin/builder/spi-builder-workspace/Sources/NetworkInspector/UI/LogDetail/LogDetailViewController.swift:16:43: error: cannot find type 'UIViewController' in scope
    private lazy var tabViewControllers: [UIViewController] = [
                                          ^~~~~~~~~~~~~~~~
/Users/admin/builder/spi-builder-workspace/Sources/NetworkInspector/UI/LogDetail/LogDetailViewController.swift:11:38: error: cannot find type 'UIViewController' in scope
final class LogDetailViewController: UIViewController {
                                     ^~~~~~~~~~~~~~~~
/Users/admin/builder/spi-builder-workspace/Sources/NetworkInspector/UI/LogDetail/LogDetailViewController.swift:14:36: error: cannot find 'UISegmentedControl' in scope
    private let segmentedControl = UISegmentedControl(items: ["Request", "Status", "Response"])
                                   ^~~~~~~~~~~~~~~~~~
/Users/admin/builder/spi-builder-workspace/Sources/NetworkInspector/UI/LogDetail/LogDetailViewController.swift:15:33: error: cannot find 'UIView' in scope
    private let containerView = UIView()
                                ^~~~~~
/Applications/Xcode-16.3.0.app/Contents/Developer/Platforms/WatchOS.platform/Developer/SDKs/WatchOS11.4.sdk/System/Library/Frameworks/UIKit.framework/Headers/NSTextAttachment.h:23:1: note: interface 'UIView' forward declared here
@class UIView;
^
/Users/admin/builder/spi-builder-workspace/Sources/NetworkInspector/UI/LogDetail/LogDetailViewController.swift:21:31: error: cannot find type 'UIViewController' in scope
    private var currentChild: UIViewController?
                              ^~~~~~~~~~~~~~~~
/Users/admin/builder/spi-builder-workspace/Sources/NetworkInspector/UI/LogDetail/LogDetailViewController.swift:33:19: error: method does not override any method from its superclass
    override func viewDidLoad() {
    ~~~~~~~~      ^
/Users/admin/builder/spi-builder-workspace/Sources/NetworkInspector/UI/LogDetail/RawResponseView.swift:8:30: error: cannot find type 'UIView' in scope
final class RawResponseView: UIView {
                             ^~~~~~
/Applications/Xcode-16.3.0.app/Contents/Developer/Platforms/WatchOS.platform/Developer/SDKs/WatchOS11.4.sdk/System/Library/Frameworks/UIKit.framework/Headers/NSTextAttachment.h:23:1: note: interface 'UIView' forward declared here
@class UIView;
^
/Users/admin/builder/spi-builder-workspace/Sources/NetworkInspector/UI/LogDetail/RawResponseView.swift:10:29: error: cannot find 'UISearchBar' in scope
    private let searchBar = UISearchBar()
                            ^~~~~~~~~~~
/Users/admin/builder/spi-builder-workspace/Sources/NetworkInspector/UI/LogDetail/RawResponseView.swift:11:35: error: cannot find 'UILabel' in scope
    private let matchCountLabel = UILabel()
                                  ^~~~~~~
/Users/admin/builder/spi-builder-workspace/Sources/NetworkInspector/UI/LogDetail/RawResponseView.swift:12:28: error: cannot find 'UITextView' in scope
    private let textView = UITextView()
                           ^~~~~~~~~~
/Users/admin/builder/spi-builder-workspace/Sources/NetworkInspector/UI/LogDetail/RawResponseView.swift:77:28: error: cannot find type 'UISearchBarDelegate' in scope
extension RawResponseView: UISearchBarDelegate {
                           ^~~~~~~~~~~~~~~~~~~
/Users/admin/builder/spi-builder-workspace/Sources/NetworkInspector/UI/LogDetail/RawResponseView.swift:79:33: error: cannot find type 'UISearchBar' in scope
    func searchBar(_ searchBar: UISearchBar, textDidChange searchText: String) {
                                ^~~~~~~~~~~
/Users/admin/builder/spi-builder-workspace/Sources/NetworkInspector/UI/LogDetail/RawResponseView.swift:86:52: error: cannot find type 'UISearchBar' in scope
    func searchBarSearchButtonClicked(_ searchBar: UISearchBar) {
                                                   ^~~~~~~~~~~
/Users/admin/builder/spi-builder-workspace/Sources/NetworkInspector/UI/LogDetail/RawResponseView.swift:90:54: error: cannot find type 'UISearchBar' in scope
    func searchBarBookmarkButtonClicked(_ searchBar: UISearchBar) {
                                                     ^~~~~~~~~~~
/Users/admin/builder/spi-builder-workspace/Sources/NetworkInspector/UI/LogDetail/RequestTabViewController.swift:11:39: error: cannot find type 'UIViewController' in scope
final class RequestTabViewController: UIViewController {
                                      ^~~~~~~~~~~~~~~~
/Users/admin/builder/spi-builder-workspace/Sources/NetworkInspector/UI/LogDetail/RequestTabViewController.swift:24:19: error: method does not override any method from its superclass
    override func viewDidLoad() {
    ~~~~~~~~      ^
/Users/admin/builder/spi-builder-workspace/Sources/NetworkInspector/UI/LogDetail/ResponseBodyTabViewController.swift:11:44: error: cannot find type 'UIViewController' in scope
final class ResponseBodyTabViewController: UIViewController {
                                           ^~~~~~~~~~~~~~~~
/Users/admin/builder/spi-builder-workspace/Sources/NetworkInspector/UI/LogDetail/ResponseBodyTabViewController.swift:24:19: error: method does not override any method from its superclass
    override func viewDidLoad() {
    ~~~~~~~~      ^
/Users/admin/builder/spi-builder-workspace/Sources/NetworkInspector/UI/LogDetail/ResponseStatusTabViewController.swift:11:46: error: cannot find type 'UIViewController' in scope
final class ResponseStatusTabViewController: UIViewController {
                                             ^~~~~~~~~~~~~~~~
/Users/admin/builder/spi-builder-workspace/Sources/NetworkInspector/UI/LogDetail/ResponseStatusTabViewController.swift:24:19: error: method does not override any method from its superclass
    override func viewDidLoad() {
    ~~~~~~~~      ^
/Users/admin/builder/spi-builder-workspace/Sources/NetworkInspector/UI/LogList/ApiListViewController.swift:12:29: error: cannot find 'UITableView' in scope
    private let tableView = UITableView()
                            ^~~~~~~~~~~
/Users/admin/builder/spi-builder-workspace/Sources/NetworkInspector/UI/LogList/ApiListViewController.swift:10:36: error: cannot find type 'UIViewController' in scope
final class ApiListViewController: UIViewController {
                                   ^~~~~~~~~~~~~~~~
/Users/admin/builder/spi-builder-workspace/Sources/NetworkInspector/UI/LogList/ApiListViewController.swift:15:19: error: method does not override any method from its superclass
    override func viewDidLoad() {
    ~~~~~~~~      ^
/Users/admin/builder/spi-builder-workspace/Sources/NetworkInspector/UI/LogList/ApiListViewController.swift:100:34: error: cannot find type 'UITableViewDataSource' in scope
extension ApiListViewController: UITableViewDataSource {
                                 ^~~~~~~~~~~~~~~~~~~~~
/Users/admin/builder/spi-builder-workspace/Sources/NetworkInspector/UI/LogList/ApiListViewController.swift:102:33: error: cannot find type 'UITableView' in scope
    func tableView(_ tableView: UITableView, numberOfRowsInSection section: Int) -> Int {
                                ^~~~~~~~~~~
/Users/admin/builder/spi-builder-workspace/Sources/NetworkInspector/UI/LogList/ApiListViewController.swift:109:10: error: cannot find type 'UITableViewCell' in scope
    ) -> UITableViewCell {
         ^~~~~~~~~~~~~~~
/Users/admin/builder/spi-builder-workspace/Sources/NetworkInspector/UI/LogList/ApiListViewController.swift:107:22: error: cannot find type 'UITableView' in scope
        _ tableView: UITableView,
                     ^~~~~~~~~~~
/Users/admin/builder/spi-builder-workspace/Sources/NetworkInspector/UI/LogList/ApiListViewController.swift:124:34: error: cannot find type 'UITableViewDelegate' in scope
extension ApiListViewController: UITableViewDelegate {
                                 ^~~~~~~~~~~~~~~~~~~
/Users/admin/builder/spi-builder-workspace/Sources/NetworkInspector/UI/LogList/ApiListViewController.swift:126:33: error: cannot find type 'UITableView' in scope
    func tableView(_ tableView: UITableView, didSelectRowAt indexPath: IndexPath) {
                                ^~~~~~~~~~~
/Users/admin/builder/spi-builder-workspace/Sources/NetworkInspector/UI/LogList/LogCell.swift:11:22: error: cannot find type 'UITableViewCell' in scope
final class LogCell: UITableViewCell {
                     ^~~~~~~~~~~~~~~
/Users/admin/builder/spi-builder-workspace/Sources/NetworkInspector/UI/LogList/LogCell.swift:15:31: error: cannot find 'UILabel' in scope
    private let methodLabel = UILabel()
                              ^~~~~~~
/Users/admin/builder/spi-builder-workspace/Sources/NetworkInspector/UI/LogList/LogCell.swift:16:33: error: cannot find 'UILabel' in scope
    private let endpointLabel = UILabel()
                                ^~~~~~~
/Users/admin/builder/spi-builder-workspace/Sources/NetworkInspector/UI/LogList/LogCell.swift:17:36: error: cannot find 'UILabel' in scope
    private let statusRightLabel = UILabel()
                                   ^~~~~~~
/Users/admin/builder/spi-builder-workspace/Sources/NetworkInspector/UI/LogList/LogCell.swift:18:29: error: cannot find 'UILabel' in scope
    private let baseLabel = UILabel()
                            ^~~~~~~
/Users/admin/builder/spi-builder-workspace/Sources/NetworkInspector/UI/LogList/LogCell.swift:20:26: error: cannot find type 'UITableViewCell' in scope
    override init(style: UITableViewCell.CellStyle, reuseIdentifier: String?) {
                         ^~~~~~~~~~~~~~~
/Users/admin/builder/spi-builder-workspace/Sources/NetworkInspector/UI/LogList/LogListViewController.swift:11:36: error: cannot find type 'UIViewController' in scope
final class LogListViewController: UIViewController {
                                   ^~~~~~~~~~~~~~~~
/Users/admin/builder/spi-builder-workspace/Sources/NetworkInspector/UI/LogList/LogListViewController.swift:13:35: error: cannot find 'UIView' in scope
    private let headerContainer = UIView()
                                  ^~~~~~
/Applications/Xcode-16.3.0.app/Contents/Developer/Platforms/WatchOS.platform/Developer/SDKs/WatchOS11.4.sdk/System/Library/Frameworks/UIKit.framework/Headers/NSTextAttachment.h:23:1: note: interface 'UIView' forward declared here
@class UIView;
^
/Users/admin/builder/spi-builder-workspace/Sources/NetworkInspector/UI/LogList/LogListViewController.swift:14:29: error: cannot find 'UITableView' in scope
    private let tableView = UITableView()
                            ^~~~~~~~~~~
/Users/admin/builder/spi-builder-workspace/Sources/NetworkInspector/UI/LogList/LogListViewController.swift:15:32: error: cannot find 'UISegmentedControl' in scope
    private let filterToggle = UISegmentedControl(items: ["All", "Selected"])
                               ^~~~~~~~~~~~~~~~~~
/Users/admin/builder/spi-builder-workspace/Sources/NetworkInspector/UI/LogList/LogListViewController.swift:16:29: error: cannot find 'UILabel' in scope
    private let baseLabel = UILabel()
                            ^~~~~~~
/Users/admin/builder/spi-builder-workspace/Sources/NetworkInspector/UI/LogList/LogListViewController.swift:17:33: error: cannot find type 'UIBarButtonItem' in scope
    private var selectBaseItem: UIBarButtonItem?
                                ^~~~~~~~~~~~~~~
/Users/admin/builder/spi-builder-workspace/Sources/NetworkInspector/UI/LogList/LogListViewController.swift:18:35: error: cannot find type 'UIView' in scope
    private var filterHeaderView: UIView?
                                  ^~~~~~
/Applications/Xcode-16.3.0.app/Contents/Developer/Platforms/WatchOS.platform/Developer/SDKs/WatchOS11.4.sdk/System/Library/Frameworks/UIKit.framework/Headers/NSTextAttachment.h:23:1: note: interface 'UIView' forward declared here
@class UIView;
^
/Users/admin/builder/spi-builder-workspace/Sources/NetworkInspector/UI/LogList/LogListViewController.swift:19:41: error: cannot find type 'NSLayoutConstraint' in scope
    private var tableViewTopConstraint: NSLayoutConstraint?
                                        ^~~~~~~~~~~~~~~~~~
/Users/admin/builder/spi-builder-workspace/Sources/NetworkInspector/UI/LogList/LogListViewController.swift:28:36: error: cannot find 'UISearchController' in scope
    private let searchController = UISearchController(searchResultsController: nil)
                                   ^~~~~~~~~~~~~~~~~~
/Users/admin/builder/spi-builder-workspace/Sources/NetworkInspector/UI/LogList/LogListViewController.swift:28:80: error: 'nil' requires a contextual type
    private let searchController = UISearchController(searchResultsController: nil)
                                                                               ^
/Users/admin/builder/spi-builder-workspace/Sources/NetworkInspector/UI/LogList/LogListViewController.swift:40:19: error: method does not override any method from its superclass
    override func viewDidLoad() {
    ~~~~~~~~      ^
/Users/admin/builder/spi-builder-workspace/Sources/NetworkInspector/UI/LogList/LogListViewController.swift:198:19: error: method does not override any method from its superclass
    override func viewDidLayoutSubviews() {
    ~~~~~~~~      ^
/Users/admin/builder/spi-builder-workspace/Sources/NetworkInspector/UI/LogList/LogListViewController.swift:208:34: error: cannot find type 'UITableViewDataSource' in scope
extension LogListViewController: UITableViewDataSource {
                                 ^~~~~~~~~~~~~~~~~~~~~
/Users/admin/builder/spi-builder-workspace/Sources/NetworkInspector/UI/LogList/LogListViewController.swift:210:41: error: cannot find type 'UITableView' in scope
    func numberOfSections(in tableView: UITableView) -> Int {
                                        ^~~~~~~~~~~
/Users/admin/builder/spi-builder-workspace/Sources/NetworkInspector/UI/LogList/LogListViewController.swift:214:33: error: cannot find type 'UITableView' in scope
    func tableView(_ tableView: UITableView, numberOfRowsInSection section: Int) -> Int {
                                ^~~~~~~~~~~
/Users/admin/builder/spi-builder-workspace/Sources/NetworkInspector/UI/LogList/LogListViewController.swift:221:10: error: cannot find type 'UITableViewCell' in scope
    ) -> UITableViewCell {
         ^~~~~~~~~~~~~~~
/Users/admin/builder/spi-builder-workspace/Sources/NetworkInspector/UI/LogList/LogListViewController.swift:219:22: error: cannot find type 'UITableView' in scope
        _ tableView: UITableView,
                     ^~~~~~~~~~~
/Users/admin/builder/spi-builder-workspace/Sources/NetworkInspector/UI/LogList/LogListViewController.swift:233:34: error: cannot find type 'UITableViewDelegate' in scope
extension LogListViewController: UITableViewDelegate {
                                 ^~~~~~~~~~~~~~~~~~~
/Users/admin/builder/spi-builder-workspace/Sources/NetworkInspector/UI/LogList/LogListViewController.swift:239:33: error: cannot find type 'UITableView' in scope
    func tableView(_ tableView: UITableView, didSelectRowAt indexPath: IndexPath) {
                                ^~~~~~~~~~~
/Users/admin/builder/spi-builder-workspace/Sources/NetworkInspector/UI/LogList/LogListViewController.swift:250:10: error: cannot find type 'UISwipeActionsConfiguration' in scope
    ) -> UISwipeActionsConfiguration? {
         ^~~~~~~~~~~~~~~~~~~~~~~~~~~
/Users/admin/builder/spi-builder-workspace/Sources/NetworkInspector/UI/LogList/LogListViewController.swift:248:22: error: cannot find type 'UITableView' in scope
        _ tableView: UITableView,
                     ^~~~~~~~~~~
/Users/admin/builder/spi-builder-workspace/Sources/NetworkInspector/UI/LogList/LogListViewController.swift:264:19: error: method does not override any method from its superclass
    override func setEditing(_ editing: Bool, animated: Bool) {
    ~~~~~~~~      ^
/Users/admin/builder/spi-builder-workspace/Sources/NetworkInspector/UI/LogList/LogListViewController.swift:270:34: error: cannot find type 'UISearchResultsUpdating' in scope
extension LogListViewController: UISearchResultsUpdating {
                                 ^~~~~~~~~~~~~~~~~~~~~~~
/Users/admin/builder/spi-builder-workspace/Sources/NetworkInspector/UI/LogList/LogListViewController.swift:272:52: error: cannot find type 'UISearchController' in scope
    func updateSearchResults(for searchController: UISearchController) {
                                                   ^~~~~~~~~~~~~~~~~~
/Users/admin/builder/spi-builder-workspace/Sources/NetworkInspector/UI/Shake/ShakeDetectingWindow.swift:11:35: error: cannot find type 'UIWindow' in scope
final class ShakeDetectingWindow: UIWindow {
                                  ^~~~~~~~
/Users/admin/builder/spi-builder-workspace/Sources/NetworkInspector/UI/Shake/ShakeDetectingWindow.swift:13:18: error: property does not override any property from its superclass
    override var canBecomeFirstResponder: Bool {
    ~~~~~~~~     ^
/Users/admin/builder/spi-builder-workspace/Sources/NetworkInspector/UI/Shake/ShakeDetectingWindow.swift:17:19: error: method does not override any method from its superclass
    override func didMoveToWindow() {
    ~~~~~~~~      ^
/Users/admin/builder/spi-builder-workspace/Sources/NetworkInspector/UI/Shake/ShakeDetectingWindow.swift:22:41: error: cannot find type 'UIEvent' in scope
    override func motionEnded(_ motion: UIEvent.EventSubtype, with event: UIEvent?) {
                                        ^~~~~~~
/Users/admin/builder/spi-builder-workspace/Sources/NetworkInspector/UI/Shake/ShakeDetectingWindow.swift:22:75: error: cannot find type 'UIEvent' in scope
    override func motionEnded(_ motion: UIEvent.EventSubtype, with event: UIEvent?) {
                                                                          ^~~~~~~
/Users/admin/builder/spi-builder-workspace/Sources/NetworkInspector/UI/Shake/ShakeWindowInstaller.swift:13:24: warning: static property 'installedWindow' is not concurrency-safe because it is nonisolated global shared mutable state; this is an error in the Swift 6 language mode
    private static var installedWindow: ShakeDetectingWindow?
                       ^
/Users/admin/builder/spi-builder-workspace/Sources/NetworkInspector/UI/Shake/ShakeWindowInstaller.swift:13:24: note: convert 'installedWindow' to a 'let' constant to make 'Sendable' shared state immutable
    private static var installedWindow: ShakeDetectingWindow?
                   ~~~ ^
                   let
/Users/admin/builder/spi-builder-workspace/Sources/NetworkInspector/UI/Shake/ShakeWindowInstaller.swift:13:24: note: add '@MainActor' to make static property 'installedWindow' part of global actor 'MainActor'
    private static var installedWindow: ShakeDetectingWindow?
                       ^
    @MainActor
/Users/admin/builder/spi-builder-workspace/Sources/NetworkInspector/UI/Shake/ShakeWindowInstaller.swift:13:24: note: disable concurrency-safety checks if accesses are protected by an external synchronization mechanism
    private static var installedWindow: ShakeDetectingWindow?
                       ^
    nonisolated(unsafe)
SwiftCompile normal armv7k Compiling\ PassThroughWindow.swift,\ InspectorUIRouter.swift /Users/admin/builder/spi-builder-workspace/Sources/NetworkInspector/UI/FloatingButton/PassThroughWindow.swift /Users/admin/builder/spi-builder-workspace/Sources/NetworkInspector/UI/InspectorUIRouter.swift (in target 'NetworkInspector' from project 'NetworkInspector')
SwiftCompile normal armv7k /Users/admin/builder/spi-builder-workspace/Sources/NetworkInspector/UI/FloatingButton/PassThroughWindow.swift (in target 'NetworkInspector' from project 'NetworkInspector')
    cd /Users/admin/builder/spi-builder-workspace/.swiftpm/xcode

SwiftCompile normal armv7k /Users/admin/builder/spi-builder-workspace/Sources/NetworkInspector/UI/InspectorUIRouter.swift (in target 'NetworkInspector' from project 'NetworkInspector')
    cd /Users/admin/builder/spi-builder-workspace/.swiftpm/xcode

SwiftCompile normal arm64_32 Compiling\ FloatingInspectorButton.swift,\ FloatingInspectorWindow.swift /Users/admin/builder/spi-builder-workspace/Sources/NetworkInspector/UI/FloatingButton/FloatingInspectorButton.swift /Users/admin/builder/spi-builder-workspace/Sources/NetworkInspector/UI/FloatingButton/FloatingInspectorWindow.swift (in target 'NetworkInspector' from project 'NetworkInspector')
SwiftCompile normal arm64_32 /Users/admin/builder/spi-builder-workspace/Sources/NetworkInspector/UI/FloatingButton/FloatingInspectorButton.swift (in target 'NetworkInspector' from project 'NetworkInspector')
    cd /Users/admin/builder/spi-builder-workspace/.swiftpm/xcode

SwiftCompile normal arm64_32 /Users/admin/builder/spi-builder-workspace/Sources/NetworkInspector/UI/FloatingButton/FloatingInspectorWindow.swift (in target 'NetworkInspector' from project 'NetworkInspector')
    cd /Users/admin/builder/spi-builder-workspace/.swiftpm/xcode

SwiftEmitModule normal arm64 Emitting\ module\ for\ NetworkInspector (in target 'NetworkInspector' from project 'NetworkInspector')
Failed frontend command:
/Applications/Xcode-16.3.0.app/Contents/Developer/Toolchains/XcodeDefault.xctoolchain/usr/bin/swift-frontend -frontend -emit-module -experimental-skip-non-inlinable-function-bodies-without-types /Users/admin/builder/spi-builder-workspace/Sources/NetworkInspector/InspectorURLProtocol.swift /Users/admin/builder/spi-builder-workspace/Sources/NetworkInspector/LeapInspector.swift /Users/admin/builder/spi-builder-workspace/Sources/NetworkInspector/NetworkInterceptor.swift /Users/admin/builder/spi-builder-workspace/Sources/NetworkInspector/NetworkLog.swift /Users/admin/builder/spi-builder-workspace/Sources/NetworkInspector/NetworkLogBuilder.swift /Users/admin/builder/spi-builder-workspace/Sources/NetworkInspector/NetworkLogStore.swift /Users/admin/builder/spi-builder-workspace/Sources/NetworkInspector/UI/FloatingButton/FloatingInspectorButton.swift /Users/admin/builder/spi-builder-workspace/Sources/NetworkInspector/UI/FloatingButton/FloatingInspectorWindow.swift /Users/admin/builder/spi-builder-workspace/Sources/NetworkInspector/UI/FloatingButton/PassThroughWindow.swift /Users/admin/builder/spi-builder-workspace/Sources/NetworkInspector/UI/InspectorUIRouter.swift /Users/admin/builder/spi-builder-workspace/Sources/NetworkInspector/UI/LogDetail/JSONOutlineView.swift /Users/admin/builder/spi-builder-workspace/Sources/NetworkInspector/UI/LogDetail/LogDetailViewController.swift /Users/admin/builder/spi-builder-workspace/Sources/NetworkInspector/UI/LogDetail/RawResponseView.swift /Users/admin/builder/spi-builder-workspace/Sources/NetworkInspector/UI/LogDetail/RequestTabViewController.swift /Users/admin/builder/spi-builder-workspace/Sources/NetworkInspector/UI/LogDetail/ResponseBodyTabViewController.swift /Users/admin/builder/spi-builder-workspace/Sources/NetworkInspector/UI/LogDetail/ResponseStatusTabViewController.swift /Users/admin/builder/spi-builder-workspace/Sources/NetworkInspector/UI/LogList/ApiListViewController.swift /Users/admin/builder/spi-builder-workspace/Sources/NetworkInspector/UI/LogList/LogCell.swift /Users/admin/builder/spi-builder-workspace/Sources/NetworkInspector/UI/LogList/LogListViewController.swift /Users/admin/builder/spi-builder-workspace/Sources/NetworkInspector/UI/Shake/ShakeDetectingWindow.swift /Users/admin/builder/spi-builder-workspace/Sources/NetworkInspector/UI/Shake/ShakeWindowInstaller.swift /Users/admin/builder/spi-builder-workspace/Sources/NetworkInspector/UI/Utils/PrettyFormatter.swift -target arm64-apple-watchos7.0 -Xllvm -aarch64-use-tbi -enable-objc-interop -stack-check -sdk /Applications/Xcode-16.3.0.app/Contents/Developer/Platforms/WatchOS.platform/Developer/SDKs/WatchOS11.4.sdk -I /Users/admin/builder/spi-builder-workspace/.derivedData/Build/Products/Debug-watchos -I /Applications/Xcode-16.3.0.app/Contents/Developer/Platforms/WatchOS.platform/Developer/usr/lib -F /Users/admin/builder/spi-builder-workspace/.derivedData/Build/Products/Debug-watchos -F /Applications/Xcode-16.3.0.app/Contents/Developer/Platforms/WatchOS.platform/Developer/Library/Frameworks -F /Applications/Xcode-16.3.0.app/Contents/Developer/Platforms/WatchOS.platform/Developer/SDKs/WatchOS11.4.sdk/Developer/Library/Frameworks -no-color-diagnostics -enable-testing -g -debug-info-format\=dwarf -dwarf-version\=4 -module-cache-path /Users/admin/builder/spi-builder-workspace/.derivedData/ModuleCache.noindex -profile-generate -profile-coverage-mapping -swift-version 5 -enforce-exclusivity\=checked -stats-output-dir /Users/admin/builder/spi-builder-workspace/.swiftpm/xcode/.stats -Onone -D SWIFT_PACKAGE -D DEBUG -serialize-debugging-options -const-gather-protocols-file /Users/admin/builder/spi-builder-workspace/.derivedData/Build/Intermediates.noindex/NetworkInspector.build/Debug-watchos/NetworkInspector.build/Objects-normal/arm64/NetworkInspector_const_extract_protocols.json -enable-upcoming-feature StrictConcurrency -enable-upcoming-feature DisableOutwardActorInference -enable-upcoming-feature GlobalActorIsolatedTypesUsability -enable-upcoming-feature InferSendableFromCaptures -enable-experimental-feature DebugDescriptionMacro -strict-concurrency\=complete -empty-abi-descriptor -plugin-path /Applications/Xcode-16.3.0.app/Contents/Developer/Toolchains/XcodeDefault.xctoolchain/usr/lib/swift/host/plugins/testing -validate-clang-modules-once -clang-build-session-file /Users/admin/builder/spi-builder-workspace/.derivedData/ModuleCache.noindex/Session.modulevalidation -Xcc -working-directory -Xcc /Users/admin/builder/spi-builder-workspace/.swiftpm/xcode -resource-dir /Applications/Xcode-16.3.0.app/Contents/Developer/Toolchains/XcodeDefault.xctoolchain/usr/lib/swift -enable-anonymous-context-mangled-names -file-compilation-dir /Users/admin/builder/spi-builder-workspace/.swiftpm/xcode -Xcc -ivfsstatcache -Xcc /Users/admin/builder/spi-builder-workspace/.derivedData/SDKStatCaches.noindex/watchos11.4-22T246-43efb940ff07ba2497b70ec94253f576.sdkstatcache -Xcc -I/Users/admin/builder/spi-builder-workspace/.derivedData/Build/Intermediates.noindex/NetworkInspector.build/Debug-watchos/NetworkInspector.build/swift-overrides.hmap -Xcc -I/Users/admin/builder/spi-builder-workspace/.derivedData/Build/Products/Debug-watchos/include -Xcc -I/Users/admin/builder/spi-builder-workspace/.derivedData/Build/Intermediates.noindex/NetworkInspector.build/Debug-watchos/NetworkInspector.build/DerivedSources-normal/arm64 -Xcc -I/Users/admin/builder/spi-builder-workspace/.derivedData/Build/Intermediates.noindex/NetworkInspector.build/Debug-watchos/NetworkInspector.build/DerivedSources/arm64 -Xcc -I/Users/admin/builder/spi-builder-workspace/.derivedData/Build/Intermediates.noindex/NetworkInspector.build/Debug-watchos/NetworkInspector.build/DerivedSources -Xcc -DSWIFT_PACKAGE -Xcc -DDEBUG\=1 -module-name NetworkInspector -package-name spi_builder_workspace -frontend-parseable-output -disable-clang-spi -target-sdk-version 11.4 -target-sdk-name watchos11.4 -external-plugin-path /Applications/Xcode-16.3.0.app/Contents/Developer/Platforms/WatchOS.platform/Developer/usr/lib/swift/host/plugins\#/Applications/Xcode-16.3.0.app/Contents/Developer/Platforms/WatchOS.platform/Developer/usr/bin/swift-plugin-server -external-plugin-path /Applications/Xcode-16.3.0.app/Contents/Developer/Platforms/WatchOS.platform/Developer/usr/local/lib/swift/host/plugins\#/Applications/Xcode-16.3.0.app/Contents/Developer/Platforms/WatchOS.platform/Developer/usr/bin/swift-plugin-server -in-process-plugin-server-path /Applications/Xcode-16.3.0.app/Contents/Developer/Toolchains/XcodeDefault.xctoolchain/usr/lib/swift/host/libSwiftInProcPluginServer.dylib -plugin-path /Applications/Xcode-16.3.0.app/Contents/Developer/Toolchains/XcodeDefault.xctoolchain/usr/lib/swift/host/plugins -plugin-path /Applications/Xcode-16.3.0.app/Contents/Developer/Toolchains/XcodeDefault.xctoolchain/usr/local/lib/swift/host/plugins -emit-module-doc-path /Users/admin/builder/spi-builder-workspace/.derivedData/Build/Intermediates.noindex/NetworkInspector.build/Debug-watchos/NetworkInspector.build/Objects-normal/arm64/NetworkInspector.swiftdoc -emit-module-source-info-path /Users/admin/builder/spi-builder-workspace/.derivedData/Build/Intermediates.noindex/NetworkInspector.build/Debug-watchos/NetworkInspector.build/Objects-normal/arm64/NetworkInspector.swiftsourceinfo -emit-objc-header-path /Users/admin/builder/spi-builder-workspace/.derivedData/Build/Intermediates.noindex/NetworkInspector.build/Debug-watchos/NetworkInspector.build/Objects-normal/arm64/NetworkInspector-Swift.h -serialize-diagnostics-path /Users/admin/builder/spi-builder-workspace/.derivedData/Build/Intermediates.noindex/NetworkInspector.build/Debug-watchos/NetworkInspector.build/Objects-normal/arm64/NetworkInspector-master-emit-module.dia -emit-dependencies-path /Users/admin/builder/spi-builder-workspace/.derivedData/Build/Intermediates.noindex/NetworkInspector.build/Debug-watchos/NetworkInspector.build/Objects-normal/arm64/NetworkInspector-master-emit-module.d -o /Users/admin/builder/spi-builder-workspace/.derivedData/Build/Intermediates.noindex/NetworkInspector.build/Debug-watchos/NetworkInspector.build/Objects-normal/arm64/NetworkInspector.swiftmodule -emit-abi-descriptor-path /Users/admin/builder/spi-builder-workspace/.derivedData/Build/Intermediates.noindex/NetworkInspector.build/Debug-watchos/NetworkInspector.build/Objects-normal/arm64/NetworkInspector.abi.json
EmitSwiftModule normal arm64 (in target 'NetworkInspector' from project 'NetworkInspector')
    cd /Users/admin/builder/spi-builder-workspace/.swiftpm/xcode

/Users/admin/builder/spi-builder-workspace/Sources/NetworkInspector/InspectorURLProtocol.swift:11:13: warning: 'Sendable' class 'InspectorURLProtocol' cannot inherit from another class other than 'NSObject'; this is an error in the Swift 6 language mode
final class InspectorURLProtocol: URLProtocol {
            ^
/Users/admin/builder/spi-builder-workspace/Sources/NetworkInspector/InspectorURLProtocol.swift:15:17: warning: stored property 'logBuilder' of 'Sendable'-conforming class 'InspectorURLProtocol' has non-sendable type 'NetworkLogBuilder'; this is an error in the Swift 6 language mode
    private let logBuilder = NetworkLogBuilder()
                ^
/Users/admin/builder/spi-builder-workspace/Sources/NetworkInspector/NetworkLogBuilder.swift:11:13: note: class 'NetworkLogBuilder' does not conform to the 'Sendable' protocol
final class NetworkLogBuilder {
            ^
/Users/admin/builder/spi-builder-workspace/Sources/NetworkInspector/InspectorURLProtocol.swift:17:17: warning: stored property 'dataTask' of 'Sendable'-conforming class 'InspectorURLProtocol' is mutable; this is an error in the Swift 6 language mode
    private var dataTask: URLSessionDataTask?
                ^
/Users/admin/builder/spi-builder-workspace/Sources/NetworkInspector/LeapInspector.swift:13:24: warning: static property 'isEnabled' is not concurrency-safe because it is nonisolated global shared mutable state; this is an error in the Swift 6 language mode
    private static var isEnabled = false
                       ^
/Users/admin/builder/spi-builder-workspace/Sources/NetworkInspector/LeapInspector.swift:13:24: note: convert 'isEnabled' to a 'let' constant to make 'Sendable' shared state immutable
    private static var isEnabled = false
                   ~~~ ^
                   let
/Users/admin/builder/spi-builder-workspace/Sources/NetworkInspector/LeapInspector.swift:13:24: note: add '@MainActor' to make static property 'isEnabled' part of global actor 'MainActor'
    private static var isEnabled = false
                       ^
    @MainActor
/Users/admin/builder/spi-builder-workspace/Sources/NetworkInspector/LeapInspector.swift:13:24: note: disable concurrency-safety checks if accesses are protected by an external synchronization mechanism
    private static var isEnabled = false
                       ^
    nonisolated(unsafe)
/Users/admin/builder/spi-builder-workspace/Sources/NetworkInspector/LeapInspector.swift:15:23: warning: static property 'responseViewMode' is not concurrency-safe because it is nonisolated global shared mutable state; this is an error in the Swift 6 language mode
    public static var responseViewMode: ResponseViewMode = .tree
                      ^
/Users/admin/builder/spi-builder-workspace/Sources/NetworkInspector/LeapInspector.swift:15:23: note: convert 'responseViewMode' to a 'let' constant to make 'Sendable' shared state immutable
    public static var responseViewMode: ResponseViewMode = .tree
                  ~~~ ^
                  let
/Users/admin/builder/spi-builder-workspace/Sources/NetworkInspector/LeapInspector.swift:15:23: note: add '@MainActor' to make static property 'responseViewMode' part of global actor 'MainActor'
    public static var responseViewMode: ResponseViewMode = .tree
                      ^
    @MainActor
/Users/admin/builder/spi-builder-workspace/Sources/NetworkInspector/LeapInspector.swift:15:23: note: disable concurrency-safety checks if accesses are protected by an external synchronization mechanism
    public static var responseViewMode: ResponseViewMode = .tree
                      ^
    nonisolated(unsafe)
/Users/admin/builder/spi-builder-workspace/Sources/NetworkInspector/NetworkInterceptor.swift:13:24: warning: static property 'allowedBaseURLs' is not concurrency-safe because it is nonisolated global shared mutable state; this is an error in the Swift 6 language mode
    private static var allowedBaseURLs: [String] = []
                       ^
/Users/admin/builder/spi-builder-workspace/Sources/NetworkInspector/NetworkInterceptor.swift:13:24: note: convert 'allowedBaseURLs' to a 'let' constant to make 'Sendable' shared state immutable
    private static var allowedBaseURLs: [String] = []
                   ~~~ ^
                   let
/Users/admin/builder/spi-builder-workspace/Sources/NetworkInspector/NetworkInterceptor.swift:13:24: note: add '@MainActor' to make static property 'allowedBaseURLs' part of global actor 'MainActor'
    private static var allowedBaseURLs: [String] = []
                       ^
    @MainActor
/Users/admin/builder/spi-builder-workspace/Sources/NetworkInspector/NetworkInterceptor.swift:13:24: note: disable concurrency-safety checks if accesses are protected by an external synchronization mechanism
    private static var allowedBaseURLs: [String] = []
                       ^
    nonisolated(unsafe)
/Users/admin/builder/spi-builder-workspace/Sources/NetworkInspector/NetworkLogStore.swift:12:16: warning: static property 'shared' is not concurrency-safe because non-'Sendable' type 'NetworkLogStore' may have shared mutable state; this is an error in the Swift 6 language mode
    static let shared = NetworkLogStore()
               ^
/Users/admin/builder/spi-builder-workspace/Sources/NetworkInspector/NetworkLogStore.swift:10:13: note: class 'NetworkLogStore' does not conform to the 'Sendable' protocol
final class NetworkLogStore {
            ^
/Users/admin/builder/spi-builder-workspace/Sources/NetworkInspector/NetworkLogStore.swift:12:16: note: add '@MainActor' to make static property 'shared' part of global actor 'MainActor'
    static let shared = NetworkLogStore()
               ^
    @MainActor
/Users/admin/builder/spi-builder-workspace/Sources/NetworkInspector/NetworkLogStore.swift:12:16: note: disable concurrency-safety checks if accesses are protected by an external synchronization mechanism
    static let shared = NetworkLogStore()
               ^
    nonisolated(unsafe)
/Users/admin/builder/spi-builder-workspace/Sources/NetworkInspector/UI/FloatingButton/FloatingInspectorButton.swift:11:38: error: cannot find type 'UIButton' in scope
final class FloatingInspectorButton: UIButton {
                                     ^~~~~~~~
/Users/admin/builder/spi-builder-workspace/Sources/NetworkInspector/UI/FloatingButton/FloatingInspectorButton.swift:42:41: error: cannot find type 'UIPanGestureRecognizer' in scope
    @objc private func onPan(_ gesture: UIPanGestureRecognizer) {
                                        ^~~~~~~~~~~~~~~~~~~~~~
/Users/admin/builder/spi-builder-workspace/Sources/NetworkInspector/UI/FloatingButton/FloatingInspectorButton.swift:61:50: error: cannot find type 'UIView' in scope
    private func snapToNearestEdge(in superview: UIView) {
                                                 ^~~~~~
/Applications/Xcode-16.3.0.app/Contents/Developer/Platforms/WatchOS.platform/Developer/SDKs/WatchOS11.4.sdk/System/Library/Frameworks/UIKit.framework/Headers/NSTextAttachment.h:23:1: note: interface 'UIView' forward declared here
@class UIView;
^
/Users/admin/builder/spi-builder-workspace/Sources/NetworkInspector/UI/FloatingButton/FloatingInspectorWindow.swift:15:16: warning: static property 'shared' is not concurrency-safe because non-'Sendable' type 'FloatingInspectorWindow' may have shared mutable state; this is an error in the Swift 6 language mode
    static let shared = FloatingInspectorWindow()
               ^
/Users/admin/builder/spi-builder-workspace/Sources/NetworkInspector/UI/FloatingButton/FloatingInspectorWindow.swift:13:13: note: class 'FloatingInspectorWindow' does not conform to the 'Sendable' protocol
final class FloatingInspectorWindow {
            ^
/Users/admin/builder/spi-builder-workspace/Sources/NetworkInspector/UI/FloatingButton/FloatingInspectorWindow.swift:15:16: note: add '@MainActor' to make static property 'shared' part of global actor 'MainActor'
    static let shared = FloatingInspectorWindow()
               ^
    @MainActor
/Users/admin/builder/spi-builder-workspace/Sources/NetworkInspector/UI/FloatingButton/FloatingInspectorWindow.swift:15:16: note: disable concurrency-safety checks if accesses are protected by an external synchronization mechanism
    static let shared = FloatingInspectorWindow()
               ^
    nonisolated(unsafe)
/Users/admin/builder/spi-builder-workspace/Sources/NetworkInspector/UI/FloatingButton/PassThroughWindow.swift:13:32: error: cannot find type 'UIWindow' in scope
final class PassThroughWindow: UIWindow {
                               ^~~~~~~~
/Users/admin/builder/spi-builder-workspace/Sources/NetworkInspector/UI/FloatingButton/PassThroughWindow.swift:15:70: error: cannot find type 'UIView' in scope
    override func hitTest(_ point: CGPoint, with event: UIEvent?) -> UIView? {
                                                                     ^~~~~~
/Applications/Xcode-16.3.0.app/Contents/Developer/Platforms/WatchOS.platform/Developer/SDKs/WatchOS11.4.sdk/System/Library/Frameworks/UIKit.framework/Headers/NSTextAttachment.h:23:1: note: interface 'UIView' forward declared here
@class UIView;
^
/Users/admin/builder/spi-builder-workspace/Sources/NetworkInspector/UI/FloatingButton/PassThroughWindow.swift:15:57: error: cannot find type 'UIEvent' in scope
    override func hitTest(_ point: CGPoint, with event: UIEvent?) -> UIView? {
                                                        ^~~~~~~
/Users/admin/builder/spi-builder-workspace/Sources/NetworkInspector/UI/InspectorUIRouter.swift:13:24: warning: static property 'isPresenting' is not concurrency-safe because it is nonisolated global shared mutable state; this is an error in the Swift 6 language mode
    private static var isPresenting = false
                       ^
/Users/admin/builder/spi-builder-workspace/Sources/NetworkInspector/UI/InspectorUIRouter.swift:13:24: note: convert 'isPresenting' to a 'let' constant to make 'Sendable' shared state immutable
    private static var isPresenting = false
                   ~~~ ^
                   let
/Users/admin/builder/spi-builder-workspace/Sources/NetworkInspector/UI/InspectorUIRouter.swift:13:24: note: add '@MainActor' to make static property 'isPresenting' part of global actor 'MainActor'
    private static var isPresenting = false
                       ^
    @MainActor
/Users/admin/builder/spi-builder-workspace/Sources/NetworkInspector/UI/InspectorUIRouter.swift:13:24: note: disable concurrency-safety checks if accesses are protected by an external synchronization mechanism
    private static var isPresenting = false
                       ^
    nonisolated(unsafe)
/Users/admin/builder/spi-builder-workspace/Sources/NetworkInspector/UI/InspectorUIRouter.swift:36:10: error: cannot find type 'UIViewController' in scope
    ) -> UIViewController? {
         ^~~~~~~~~~~~~~~~
/Users/admin/builder/spi-builder-workspace/Sources/NetworkInspector/UI/InspectorUIRouter.swift:30:15: error: cannot find type 'UIViewController' in scope
        base: UIViewController? = UIApplication.shared
              ^~~~~~~~~~~~~~~~
/Users/admin/builder/spi-builder-workspace/Sources/NetworkInspector/UI/LogDetail/JSONOutlineView.swift:80:30: error: cannot find type 'UIView' in scope
final class JSONOutlineView: UIView {
                             ^~~~~~
/Applications/Xcode-16.3.0.app/Contents/Developer/Platforms/WatchOS.platform/Developer/SDKs/WatchOS11.4.sdk/System/Library/Frameworks/UIKit.framework/Headers/NSTextAttachment.h:23:1: note: interface 'UIView' forward declared here
@class UIView;
^
/Users/admin/builder/spi-builder-workspace/Sources/NetworkInspector/UI/LogDetail/JSONOutlineView.swift:82:29: error: cannot find 'UITableView' in scope
    private let tableView = UITableView(frame: .zero, style: .plain)
                            ^~~~~~~~~~~
/Users/admin/builder/spi-builder-workspace/Sources/NetworkInspector/UI/LogDetail/JSONOutlineView.swift:82:49: error: cannot infer contextual base in reference to member 'zero'
    private let tableView = UITableView(frame: .zero, style: .plain)
                                               ~^~~~
/Users/admin/builder/spi-builder-workspace/Sources/NetworkInspector/UI/LogDetail/JSONOutlineView.swift:82:63: error: cannot infer contextual base in reference to member 'plain'
    private let tableView = UITableView(frame: .zero, style: .plain)
                                                             ~^~~~~
/Users/admin/builder/spi-builder-workspace/Sources/NetworkInspector/UI/LogDetail/JSONOutlineView.swift:83:29: error: cannot find 'UISearchBar' in scope
    private let searchBar = UISearchBar()
                            ^~~~~~~~~~~
/Users/admin/builder/spi-builder-workspace/Sources/NetworkInspector/UI/LogDetail/JSONOutlineView.swift:84:35: error: cannot find 'UILabel' in scope
    private let matchCountLabel = UILabel()
                                  ^~~~~~~
/Users/admin/builder/spi-builder-workspace/Sources/NetworkInspector/UI/LogDetail/JSONOutlineView.swift:85:30: error: cannot find 'UIButton' in scope
    private let prevButton = UIButton(type: .system)
                             ^~~~~~~~
/Users/admin/builder/spi-builder-workspace/Sources/NetworkInspector/UI/LogDetail/JSONOutlineView.swift:85:46: error: cannot infer contextual base in reference to member 'system'
    private let prevButton = UIButton(type: .system)
                                            ~^~~~~~
/Users/admin/builder/spi-builder-workspace/Sources/NetworkInspector/UI/LogDetail/JSONOutlineView.swift:86:30: error: cannot find 'UIButton' in scope
    private let nextButton = UIButton(type: .system)
                             ^~~~~~~~
/Users/admin/builder/spi-builder-workspace/Sources/NetworkInspector/UI/LogDetail/JSONOutlineView.swift:86:46: error: cannot infer contextual base in reference to member 'system'
    private let nextButton = UIButton(type: .system)
                                            ~^~~~~~
/Users/admin/builder/spi-builder-workspace/Sources/NetworkInspector/UI/LogDetail/JSONOutlineView.swift:87:31: error: cannot find 'UIButton' in scope
    private let clearButton = UIButton(type: .system)
                              ^~~~~~~~
/Users/admin/builder/spi-builder-workspace/Sources/NetworkInspector/UI/LogDetail/JSONOutlineView.swift:87:47: error: cannot infer contextual base in reference to member 'system'
    private let clearButton = UIButton(type: .system)
                                             ~^~~~~~
/Users/admin/builder/spi-builder-workspace/Sources/NetworkInspector/UI/LogDetail/JSONOutlineView.swift:88:32: error: cannot find 'UIStackView' in scope
    private let chevronStack = UIStackView()
                               ^~~~~~~~~~~
/Users/admin/builder/spi-builder-workspace/Sources/NetworkInspector/UI/LogDetail/JSONOutlineView.swift:97:14: error: initializer does not override a designated initializer from its superclass
    override init(frame: CGRect) {
    ~~~~~~~~ ^
/Users/admin/builder/spi-builder-workspace/Sources/NetworkInspector/UI/LogDetail/JSONOutlineView.swift:243:28: error: cannot find type 'UISearchBarDelegate' in scope
extension JSONOutlineView: UISearchBarDelegate {
                           ^~~~~~~~~~~~~~~~~~~
/Users/admin/builder/spi-builder-workspace/Sources/NetworkInspector/UI/LogDetail/JSONOutlineView.swift:245:33: error: cannot find type 'UISearchBar' in scope
    func searchBar(_ searchBar: UISearchBar, textDidChange searchText: String) {
                                ^~~~~~~~~~~
/Users/admin/builder/spi-builder-workspace/Sources/NetworkInspector/UI/LogDetail/JSONOutlineView.swift:254:52: error: cannot find type 'UISearchBar' in scope
    func searchBarTextDidBeginEditing(_ searchBar: UISearchBar) {
                                                   ^~~~~~~~~~~
/Users/admin/builder/spi-builder-workspace/Sources/NetworkInspector/UI/LogDetail/JSONOutlineView.swift:258:50: error: cannot find type 'UISearchBar' in scope
    func searchBarTextDidEndEditing(_ searchBar: UISearchBar) {
                                                 ^~~~~~~~~~~
/Users/admin/builder/spi-builder-workspace/Sources/NetworkInspector/UI/LogDetail/JSONOutlineView.swift:262:52: error: cannot find type 'UISearchBar' in scope
    func searchBarSearchButtonClicked(_ searchBar: UISearchBar) {
                                                   ^~~~~~~~~~~
/Users/admin/builder/spi-builder-workspace/Sources/NetworkInspector/UI/LogDetail/JSONOutlineView.swift:464:28: error: cannot find type 'UITableViewDataSource' in scope
extension JSONOutlineView: UITableViewDataSource, UITableViewDelegate {
                           ^~~~~~~~~~~~~~~~~~~~~
/Users/admin/builder/spi-builder-workspace/Sources/NetworkInspector/UI/LogDetail/JSONOutlineView.swift:464:51: error: cannot find type 'UITableViewDelegate' in scope
extension JSONOutlineView: UITableViewDataSource, UITableViewDelegate {
                                                  ^~~~~~~~~~~~~~~~~~~
/Users/admin/builder/spi-builder-workspace/Sources/NetworkInspector/UI/LogDetail/JSONOutlineView.swift:466:33: error: cannot find type 'UITableView' in scope
    func tableView(_ tableView: UITableView, numberOfRowsInSection section: Int) -> Int {
                                ^~~~~~~~~~~
/Users/admin/builder/spi-builder-workspace/Sources/NetworkInspector/UI/LogDetail/JSONOutlineView.swift:470:84: error: cannot find type 'UITableViewCell' in scope
    func tableView(_ tableView: UITableView, cellForRowAt indexPath: IndexPath) -> UITableViewCell {
                                                                                   ^~~~~~~~~~~~~~~
/Users/admin/builder/spi-builder-workspace/Sources/NetworkInspector/UI/LogDetail/JSONOutlineView.swift:470:33: error: cannot find type 'UITableView' in scope
    func tableView(_ tableView: UITableView, cellForRowAt indexPath: IndexPath) -> UITableViewCell {
                                ^~~~~~~~~~~
/Users/admin/builder/spi-builder-workspace/Sources/NetworkInspector/UI/LogDetail/JSONOutlineView.swift:486:33: error: cannot find type 'UITableView' in scope
    func tableView(_ tableView: UITableView, didSelectRowAt indexPath: IndexPath) {
                                ^~~~~~~~~~~
/Users/admin/builder/spi-builder-workspace/Sources/NetworkInspector/UI/LogDetail/JSONOutlineView.swift:503:52: error: cannot find type 'UIScrollView' in scope
    func scrollViewWillBeginDragging(_ scrollView: UIScrollView) {
                                                   ^~~~~~~~~~~~
/Users/admin/builder/spi-builder-workspace/Sources/NetworkInspector/UI/LogDetail/JSONOutlineView.swift:514:38: error: cannot find type 'UITableViewCell' in scope
private final class JSONOutlineCell: UITableViewCell {
                                     ^~~~~~~~~~~~~~~
/Users/admin/builder/spi-builder-workspace/Sources/NetworkInspector/UI/LogDetail/JSONOutlineView.swift:518:35: error: cannot find 'UILabel' in scope
    private let disclosureLabel = UILabel()
                                  ^~~~~~~
/Users/admin/builder/spi-builder-workspace/Sources/NetworkInspector/UI/LogDetail/JSONOutlineView.swift:519:32: error: cannot find 'UILabel' in scope
    private let contentLabel = UILabel()
                               ^~~~~~~
/Users/admin/builder/spi-builder-workspace/Sources/NetworkInspector/UI/LogDetail/JSONOutlineView.swift:520:25: error: cannot find 'UIStackView' in scope
    private let stack = UIStackView()
                        ^~~~~~~~~~~
/Users/admin/builder/spi-builder-workspace/Sources/NetworkInspector/UI/LogDetail/JSONOutlineView.swift:521:36: error: cannot find type 'NSLayoutConstraint' in scope
    private var leadingConstraint: NSLayoutConstraint!
                                   ^~~~~~~~~~~~~~~~~~
/Users/admin/builder/spi-builder-workspace/Sources/NetworkInspector/UI/LogDetail/JSONOutlineView.swift:526:26: error: cannot find type 'UITableViewCell' in scope
    override init(style: UITableViewCell.CellStyle, reuseIdentifier: String?) {
                         ^~~~~~~~~~~~~~~
/Users/admin/builder/spi-builder-workspace/Sources/NetworkInspector/UI/LogDetail/JSONOutlineView.swift:744:42: error: cannot find type 'UIView' in scope
private final class SearchAccessoryView: UIView {
                                         ^~~~~~
/Applications/Xcode-16.3.0.app/Contents/Developer/Platforms/WatchOS.platform/Developer/SDKs/WatchOS11.4.sdk/System/Library/Frameworks/UIKit.framework/Headers/NSTextAttachment.h:23:1: note: interface 'UIView' forward declared here
@class UIView;
^
/Users/admin/builder/spi-builder-workspace/Sources/NetworkInspector/UI/LogDetail/JSONOutlineView.swift:747:18: error: property does not override any property from its superclass
    override var intrinsicContentSize: CGSize { Self.preferredSize }
    ~~~~~~~~     ^
/Users/admin/builder/spi-builder-workspace/Sources/NetworkInspector/UI/LogDetail/JSONOutlineView.swift:749:19: error: method does not override any method from its superclass
    override func sizeThatFits(_ size: CGSize) -> CGSize { Self.preferredSize }
    ~~~~~~~~      ^
/Users/admin/builder/spi-builder-workspace/Sources/NetworkInspector/UI/LogDetail/JSONOutlineView.swift:754:70: error: cannot find type 'UIView' in scope
    override func hitTest(_ point: CGPoint, with event: UIEvent?) -> UIView? {
                                                                     ^~~~~~
/Applications/Xcode-16.3.0.app/Contents/Developer/Platforms/WatchOS.platform/Developer/SDKs/WatchOS11.4.sdk/System/Library/Frameworks/UIKit.framework/Headers/NSTextAttachment.h:23:1: note: interface 'UIView' forward declared here
@class UIView;
^
/Users/admin/builder/spi-builder-workspace/Sources/NetworkInspector/UI/LogDetail/JSONOutlineView.swift:754:57: error: cannot find type 'UIEvent' in scope
    override func hitTest(_ point: CGPoint, with event: UIEvent?) -> UIView? {
                                                        ^~~~~~~
/Users/admin/builder/spi-builder-workspace/Sources/NetworkInspector/UI/LogDetail/LogDetailViewController.swift:16:43: error: cannot find type 'UIViewController' in scope
    private lazy var tabViewControllers: [UIViewController] = [
                                          ^~~~~~~~~~~~~~~~
/Users/admin/builder/spi-builder-workspace/Sources/NetworkInspector/UI/LogDetail/LogDetailViewController.swift:11:38: error: cannot find type 'UIViewController' in scope
final class LogDetailViewController: UIViewController {
                                     ^~~~~~~~~~~~~~~~
/Users/admin/builder/spi-builder-workspace/Sources/NetworkInspector/UI/LogDetail/LogDetailViewController.swift:14:36: error: cannot find 'UISegmentedControl' in scope
    private let segmentedControl = UISegmentedControl(items: ["Request", "Status", "Response"])
                                   ^~~~~~~~~~~~~~~~~~
/Users/admin/builder/spi-builder-workspace/Sources/NetworkInspector/UI/LogDetail/LogDetailViewController.swift:15:33: error: cannot find 'UIView' in scope
    private let containerView = UIView()
                                ^~~~~~
/Applications/Xcode-16.3.0.app/Contents/Developer/Platforms/WatchOS.platform/Developer/SDKs/WatchOS11.4.sdk/System/Library/Frameworks/UIKit.framework/Headers/NSTextAttachment.h:23:1: note: interface 'UIView' forward declared here
@class UIView;
^
/Users/admin/builder/spi-builder-workspace/Sources/NetworkInspector/UI/LogDetail/LogDetailViewController.swift:21:31: error: cannot find type 'UIViewController' in scope
    private var currentChild: UIViewController?
                              ^~~~~~~~~~~~~~~~
/Users/admin/builder/spi-builder-workspace/Sources/NetworkInspector/UI/LogDetail/LogDetailViewController.swift:33:19: error: method does not override any method from its superclass
    override func viewDidLoad() {
    ~~~~~~~~      ^
/Users/admin/builder/spi-builder-workspace/Sources/NetworkInspector/UI/LogDetail/RawResponseView.swift:8:30: error: cannot find type 'UIView' in scope
final class RawResponseView: UIView {
                             ^~~~~~
/Applications/Xcode-16.3.0.app/Contents/Developer/Platforms/WatchOS.platform/Developer/SDKs/WatchOS11.4.sdk/System/Library/Frameworks/UIKit.framework/Headers/NSTextAttachment.h:23:1: note: interface 'UIView' forward declared here
@class UIView;
^
/Users/admin/builder/spi-builder-workspace/Sources/NetworkInspector/UI/LogDetail/RawResponseView.swift:10:29: error: cannot find 'UISearchBar' in scope
    private let searchBar = UISearchBar()
                            ^~~~~~~~~~~
/Users/admin/builder/spi-builder-workspace/Sources/NetworkInspector/UI/LogDetail/RawResponseView.swift:11:35: error: cannot find 'UILabel' in scope
    private let matchCountLabel = UILabel()
                                  ^~~~~~~
/Users/admin/builder/spi-builder-workspace/Sources/NetworkInspector/UI/LogDetail/RawResponseView.swift:12:28: error: cannot find 'UITextView' in scope
    private let textView = UITextView()
                           ^~~~~~~~~~
/Users/admin/builder/spi-builder-workspace/Sources/NetworkInspector/UI/LogDetail/RawResponseView.swift:77:28: error: cannot find type 'UISearchBarDelegate' in scope
extension RawResponseView: UISearchBarDelegate {
                           ^~~~~~~~~~~~~~~~~~~
/Users/admin/builder/spi-builder-workspace/Sources/NetworkInspector/UI/LogDetail/RawResponseView.swift:79:33: error: cannot find type 'UISearchBar' in scope
    func searchBar(_ searchBar: UISearchBar, textDidChange searchText: String) {
                                ^~~~~~~~~~~
/Users/admin/builder/spi-builder-workspace/Sources/NetworkInspector/UI/LogDetail/RawResponseView.swift:86:52: error: cannot find type 'UISearchBar' in scope
    func searchBarSearchButtonClicked(_ searchBar: UISearchBar) {
                                                   ^~~~~~~~~~~
/Users/admin/builder/spi-builder-workspace/Sources/NetworkInspector/UI/LogDetail/RawResponseView.swift:90:54: error: cannot find type 'UISearchBar' in scope
    func searchBarBookmarkButtonClicked(_ searchBar: UISearchBar) {
                                                     ^~~~~~~~~~~
/Users/admin/builder/spi-builder-workspace/Sources/NetworkInspector/UI/LogDetail/RequestTabViewController.swift:11:39: error: cannot find type 'UIViewController' in scope
final class RequestTabViewController: UIViewController {
                                      ^~~~~~~~~~~~~~~~
/Users/admin/builder/spi-builder-workspace/Sources/NetworkInspector/UI/LogDetail/RequestTabViewController.swift:24:19: error: method does not override any method from its superclass
    override func viewDidLoad() {
    ~~~~~~~~      ^
/Users/admin/builder/spi-builder-workspace/Sources/NetworkInspector/UI/LogDetail/ResponseBodyTabViewController.swift:11:44: error: cannot find type 'UIViewController' in scope
final class ResponseBodyTabViewController: UIViewController {
                                           ^~~~~~~~~~~~~~~~
/Users/admin/builder/spi-builder-workspace/Sources/NetworkInspector/UI/LogDetail/ResponseBodyTabViewController.swift:24:19: error: method does not override any method from its superclass
    override func viewDidLoad() {
    ~~~~~~~~      ^
/Users/admin/builder/spi-builder-workspace/Sources/NetworkInspector/UI/LogDetail/ResponseStatusTabViewController.swift:11:46: error: cannot find type 'UIViewController' in scope
final class ResponseStatusTabViewController: UIViewController {
                                             ^~~~~~~~~~~~~~~~
/Users/admin/builder/spi-builder-workspace/Sources/NetworkInspector/UI/LogDetail/ResponseStatusTabViewController.swift:24:19: error: method does not override any method from its superclass
    override func viewDidLoad() {
    ~~~~~~~~      ^
/Users/admin/builder/spi-builder-workspace/Sources/NetworkInspector/UI/LogList/ApiListViewController.swift:12:29: error: cannot find 'UITableView' in scope
    private let tableView = UITableView()
                            ^~~~~~~~~~~
/Users/admin/builder/spi-builder-workspace/Sources/NetworkInspector/UI/LogList/ApiListViewController.swift:10:36: error: cannot find type 'UIViewController' in scope
final class ApiListViewController: UIViewController {
                                   ^~~~~~~~~~~~~~~~
/Users/admin/builder/spi-builder-workspace/Sources/NetworkInspector/UI/LogList/ApiListViewController.swift:15:19: error: method does not override any method from its superclass
    override func viewDidLoad() {
    ~~~~~~~~      ^
/Users/admin/builder/spi-builder-workspace/Sources/NetworkInspector/UI/LogList/ApiListViewController.swift:100:34: error: cannot find type 'UITableViewDataSource' in scope
extension ApiListViewController: UITableViewDataSource {
                                 ^~~~~~~~~~~~~~~~~~~~~
/Users/admin/builder/spi-builder-workspace/Sources/NetworkInspector/UI/LogList/ApiListViewController.swift:102:33: error: cannot find type 'UITableView' in scope
    func tableView(_ tableView: UITableView, numberOfRowsInSection section: Int) -> Int {
                                ^~~~~~~~~~~
/Users/admin/builder/spi-builder-workspace/Sources/NetworkInspector/UI/LogList/ApiListViewController.swift:109:10: error: cannot find type 'UITableViewCell' in scope
    ) -> UITableViewCell {
         ^~~~~~~~~~~~~~~
/Users/admin/builder/spi-builder-workspace/Sources/NetworkInspector/UI/LogList/ApiListViewController.swift:107:22: error: cannot find type 'UITableView' in scope
        _ tableView: UITableView,
                     ^~~~~~~~~~~
/Users/admin/builder/spi-builder-workspace/Sources/NetworkInspector/UI/LogList/ApiListViewController.swift:124:34: error: cannot find type 'UITableViewDelegate' in scope
extension ApiListViewController: UITableViewDelegate {
                                 ^~~~~~~~~~~~~~~~~~~
/Users/admin/builder/spi-builder-workspace/Sources/NetworkInspector/UI/LogList/ApiListViewController.swift:126:33: error: cannot find type 'UITableView' in scope
    func tableView(_ tableView: UITableView, didSelectRowAt indexPath: IndexPath) {
                                ^~~~~~~~~~~
/Users/admin/builder/spi-builder-workspace/Sources/NetworkInspector/UI/LogList/LogCell.swift:11:22: error: cannot find type 'UITableViewCell' in scope
final class LogCell: UITableViewCell {
                     ^~~~~~~~~~~~~~~
/Users/admin/builder/spi-builder-workspace/Sources/NetworkInspector/UI/LogList/LogCell.swift:15:31: error: cannot find 'UILabel' in scope
    private let methodLabel = UILabel()
                              ^~~~~~~
/Users/admin/builder/spi-builder-workspace/Sources/NetworkInspector/UI/LogList/LogCell.swift:16:33: error: cannot find 'UILabel' in scope
    private let endpointLabel = UILabel()
                                ^~~~~~~
/Users/admin/builder/spi-builder-workspace/Sources/NetworkInspector/UI/LogList/LogCell.swift:17:36: error: cannot find 'UILabel' in scope
    private let statusRightLabel = UILabel()
                                   ^~~~~~~
/Users/admin/builder/spi-builder-workspace/Sources/NetworkInspector/UI/LogList/LogCell.swift:18:29: error: cannot find 'UILabel' in scope
    private let baseLabel = UILabel()
                            ^~~~~~~
/Users/admin/builder/spi-builder-workspace/Sources/NetworkInspector/UI/LogList/LogCell.swift:20:26: error: cannot find type 'UITableViewCell' in scope
    override init(style: UITableViewCell.CellStyle, reuseIdentifier: String?) {
                         ^~~~~~~~~~~~~~~
/Users/admin/builder/spi-builder-workspace/Sources/NetworkInspector/UI/LogList/LogListViewController.swift:11:36: error: cannot find type 'UIViewController' in scope
final class LogListViewController: UIViewController {
                                   ^~~~~~~~~~~~~~~~
/Users/admin/builder/spi-builder-workspace/Sources/NetworkInspector/UI/LogList/LogListViewController.swift:13:35: error: cannot find 'UIView' in scope
    private let headerContainer = UIView()
                                  ^~~~~~
/Applications/Xcode-16.3.0.app/Contents/Developer/Platforms/WatchOS.platform/Developer/SDKs/WatchOS11.4.sdk/System/Library/Frameworks/UIKit.framework/Headers/NSTextAttachment.h:23:1: note: interface 'UIView' forward declared here
@class UIView;
^
/Users/admin/builder/spi-builder-workspace/Sources/NetworkInspector/UI/LogList/LogListViewController.swift:14:29: error: cannot find 'UITableView' in scope
    private let tableView = UITableView()
                            ^~~~~~~~~~~
/Users/admin/builder/spi-builder-workspace/Sources/NetworkInspector/UI/LogList/LogListViewController.swift:15:32: error: cannot find 'UISegmentedControl' in scope
    private let filterToggle = UISegmentedControl(items: ["All", "Selected"])
                               ^~~~~~~~~~~~~~~~~~
/Users/admin/builder/spi-builder-workspace/Sources/NetworkInspector/UI/LogList/LogListViewController.swift:16:29: error: cannot find 'UILabel' in scope
    private let baseLabel = UILabel()
                            ^~~~~~~
/Users/admin/builder/spi-builder-workspace/Sources/NetworkInspector/UI/LogList/LogListViewController.swift:17:33: error: cannot find type 'UIBarButtonItem' in scope
    private var selectBaseItem: UIBarButtonItem?
                                ^~~~~~~~~~~~~~~
/Users/admin/builder/spi-builder-workspace/Sources/NetworkInspector/UI/LogList/LogListViewController.swift:18:35: error: cannot find type 'UIView' in scope
    private var filterHeaderView: UIView?
                                  ^~~~~~
/Applications/Xcode-16.3.0.app/Contents/Developer/Platforms/WatchOS.platform/Developer/SDKs/WatchOS11.4.sdk/System/Library/Frameworks/UIKit.framework/Headers/NSTextAttachment.h:23:1: note: interface 'UIView' forward declared here
@class UIView;
^
/Users/admin/builder/spi-builder-workspace/Sources/NetworkInspector/UI/LogList/LogListViewController.swift:19:41: error: cannot find type 'NSLayoutConstraint' in scope
    private var tableViewTopConstraint: NSLayoutConstraint?
                                        ^~~~~~~~~~~~~~~~~~
/Users/admin/builder/spi-builder-workspace/Sources/NetworkInspector/UI/LogList/LogListViewController.swift:28:36: error: cannot find 'UISearchController' in scope
    private let searchController = UISearchController(searchResultsController: nil)
                                   ^~~~~~~~~~~~~~~~~~
/Users/admin/builder/spi-builder-workspace/Sources/NetworkInspector/UI/LogList/LogListViewController.swift:28:80: error: 'nil' requires a contextual type
    private let searchController = UISearchController(searchResultsController: nil)
                                                                               ^
/Users/admin/builder/spi-builder-workspace/Sources/NetworkInspector/UI/LogList/LogListViewController.swift:40:19: error: method does not override any method from its superclass
    override func viewDidLoad() {
    ~~~~~~~~      ^
/Users/admin/builder/spi-builder-workspace/Sources/NetworkInspector/UI/LogList/LogListViewController.swift:198:19: error: method does not override any method from its superclass
    override func viewDidLayoutSubviews() {
    ~~~~~~~~      ^
/Users/admin/builder/spi-builder-workspace/Sources/NetworkInspector/UI/LogList/LogListViewController.swift:208:34: error: cannot find type 'UITableViewDataSource' in scope
extension LogListViewController: UITableViewDataSource {
                                 ^~~~~~~~~~~~~~~~~~~~~
/Users/admin/builder/spi-builder-workspace/Sources/NetworkInspector/UI/LogList/LogListViewController.swift:210:41: error: cannot find type 'UITableView' in scope
    func numberOfSections(in tableView: UITableView) -> Int {
                                        ^~~~~~~~~~~
/Users/admin/builder/spi-builder-workspace/Sources/NetworkInspector/UI/LogList/LogListViewController.swift:214:33: error: cannot find type 'UITableView' in scope
    func tableView(_ tableView: UITableView, numberOfRowsInSection section: Int) -> Int {
                                ^~~~~~~~~~~
/Users/admin/builder/spi-builder-workspace/Sources/NetworkInspector/UI/LogList/LogListViewController.swift:221:10: error: cannot find type 'UITableViewCell' in scope
    ) -> UITableViewCell {
         ^~~~~~~~~~~~~~~
/Users/admin/builder/spi-builder-workspace/Sources/NetworkInspector/UI/LogList/LogListViewController.swift:219:22: error: cannot find type 'UITableView' in scope
        _ tableView: UITableView,
                     ^~~~~~~~~~~
/Users/admin/builder/spi-builder-workspace/Sources/NetworkInspector/UI/LogList/LogListViewController.swift:233:34: error: cannot find type 'UITableViewDelegate' in scope
extension LogListViewController: UITableViewDelegate {
                                 ^~~~~~~~~~~~~~~~~~~
/Users/admin/builder/spi-builder-workspace/Sources/NetworkInspector/UI/LogList/LogListViewController.swift:239:33: error: cannot find type 'UITableView' in scope
    func tableView(_ tableView: UITableView, didSelectRowAt indexPath: IndexPath) {
                                ^~~~~~~~~~~
/Users/admin/builder/spi-builder-workspace/Sources/NetworkInspector/UI/LogList/LogListViewController.swift:250:10: error: cannot find type 'UISwipeActionsConfiguration' in scope
    ) -> UISwipeActionsConfiguration? {
         ^~~~~~~~~~~~~~~~~~~~~~~~~~~
/Users/admin/builder/spi-builder-workspace/Sources/NetworkInspector/UI/LogList/LogListViewController.swift:248:22: error: cannot find type 'UITableView' in scope
        _ tableView: UITableView,
                     ^~~~~~~~~~~
/Users/admin/builder/spi-builder-workspace/Sources/NetworkInspector/UI/LogList/LogListViewController.swift:264:19: error: method does not override any method from its superclass
    override func setEditing(_ editing: Bool, animated: Bool) {
    ~~~~~~~~      ^
/Users/admin/builder/spi-builder-workspace/Sources/NetworkInspector/UI/LogList/LogListViewController.swift:270:34: error: cannot find type 'UISearchResultsUpdating' in scope
extension LogListViewController: UISearchResultsUpdating {
                                 ^~~~~~~~~~~~~~~~~~~~~~~
/Users/admin/builder/spi-builder-workspace/Sources/NetworkInspector/UI/LogList/LogListViewController.swift:272:52: error: cannot find type 'UISearchController' in scope
    func updateSearchResults(for searchController: UISearchController) {
                                                   ^~~~~~~~~~~~~~~~~~
/Users/admin/builder/spi-builder-workspace/Sources/NetworkInspector/UI/Shake/ShakeDetectingWindow.swift:11:35: error: cannot find type 'UIWindow' in scope
final class ShakeDetectingWindow: UIWindow {
                                  ^~~~~~~~
/Users/admin/builder/spi-builder-workspace/Sources/NetworkInspector/UI/Shake/ShakeDetectingWindow.swift:13:18: error: property does not override any property from its superclass
    override var canBecomeFirstResponder: Bool {
    ~~~~~~~~     ^
/Users/admin/builder/spi-builder-workspace/Sources/NetworkInspector/UI/Shake/ShakeDetectingWindow.swift:17:19: error: method does not override any method from its superclass
    override func didMoveToWindow() {
    ~~~~~~~~      ^
/Users/admin/builder/spi-builder-workspace/Sources/NetworkInspector/UI/Shake/ShakeDetectingWindow.swift:22:41: error: cannot find type 'UIEvent' in scope
    override func motionEnded(_ motion: UIEvent.EventSubtype, with event: UIEvent?) {
                                        ^~~~~~~
/Users/admin/builder/spi-builder-workspace/Sources/NetworkInspector/UI/Shake/ShakeDetectingWindow.swift:22:75: error: cannot find type 'UIEvent' in scope
    override func motionEnded(_ motion: UIEvent.EventSubtype, with event: UIEvent?) {
                                                                          ^~~~~~~
/Users/admin/builder/spi-builder-workspace/Sources/NetworkInspector/UI/Shake/ShakeWindowInstaller.swift:13:24: warning: static property 'installedWindow' is not concurrency-safe because it is nonisolated global shared mutable state; this is an error in the Swift 6 language mode
    private static var installedWindow: ShakeDetectingWindow?
                       ^
/Users/admin/builder/spi-builder-workspace/Sources/NetworkInspector/UI/Shake/ShakeWindowInstaller.swift:13:24: note: convert 'installedWindow' to a 'let' constant to make 'Sendable' shared state immutable
    private static var installedWindow: ShakeDetectingWindow?
                   ~~~ ^
                   let
/Users/admin/builder/spi-builder-workspace/Sources/NetworkInspector/UI/Shake/ShakeWindowInstaller.swift:13:24: note: add '@MainActor' to make static property 'installedWindow' part of global actor 'MainActor'
    private static var installedWindow: ShakeDetectingWindow?
                       ^
    @MainActor
/Users/admin/builder/spi-builder-workspace/Sources/NetworkInspector/UI/Shake/ShakeWindowInstaller.swift:13:24: note: disable concurrency-safety checks if accesses are protected by an external synchronization mechanism
    private static var installedWindow: ShakeDetectingWindow?
                       ^
    nonisolated(unsafe)
SwiftCompile normal arm64_32 Compiling\ PassThroughWindow.swift,\ InspectorUIRouter.swift /Users/admin/builder/spi-builder-workspace/Sources/NetworkInspector/UI/FloatingButton/PassThroughWindow.swift /Users/admin/builder/spi-builder-workspace/Sources/NetworkInspector/UI/InspectorUIRouter.swift (in target 'NetworkInspector' from project 'NetworkInspector')
SwiftCompile normal arm64_32 /Users/admin/builder/spi-builder-workspace/Sources/NetworkInspector/UI/FloatingButton/PassThroughWindow.swift (in target 'NetworkInspector' from project 'NetworkInspector')
    cd /Users/admin/builder/spi-builder-workspace/.swiftpm/xcode

SwiftCompile normal arm64_32 /Users/admin/builder/spi-builder-workspace/Sources/NetworkInspector/UI/InspectorUIRouter.swift (in target 'NetworkInspector' from project 'NetworkInspector')
    cd /Users/admin/builder/spi-builder-workspace/.swiftpm/xcode

SwiftCompile normal arm64 Compiling\ ResponseBodyTabViewController.swift,\ ResponseStatusTabViewController.swift /Users/admin/builder/spi-builder-workspace/Sources/NetworkInspector/UI/LogDetail/ResponseBodyTabViewController.swift /Users/admin/builder/spi-builder-workspace/Sources/NetworkInspector/UI/LogDetail/ResponseStatusTabViewController.swift (in target 'NetworkInspector' from project 'NetworkInspector')
Command SwiftCompile failed with a nonzero exit code
** BUILD FAILED **
The following build commands failed:
	SwiftEmitModule normal armv7k Emitting\ module\ for\ NetworkInspector (in target 'NetworkInspector' from project 'NetworkInspector')
	EmitSwiftModule normal armv7k (in target 'NetworkInspector' from project 'NetworkInspector')
	SwiftEmitModule normal arm64_32 Emitting\ module\ for\ NetworkInspector (in target 'NetworkInspector' from project 'NetworkInspector')
	EmitSwiftModule normal arm64_32 (in target 'NetworkInspector' from project 'NetworkInspector')
	SwiftEmitModule normal arm64 Emitting\ module\ for\ NetworkInspector (in target 'NetworkInspector' from project 'NetworkInspector')
	EmitSwiftModule normal arm64 (in target 'NetworkInspector' from project 'NetworkInspector')
	SwiftCompile normal arm64 Compiling\ ResponseBodyTabViewController.swift,\ ResponseStatusTabViewController.swift /Users/admin/builder/spi-builder-workspace/Sources/NetworkInspector/UI/LogDetail/ResponseBodyTabViewController.swift /Users/admin/builder/spi-builder-workspace/Sources/NetworkInspector/UI/LogDetail/ResponseStatusTabViewController.swift (in target 'NetworkInspector' from project 'NetworkInspector')
	Building workspace spi-builder-workspace with scheme NetworkInspector
(8 failures)
Command line invocation:
    /Applications/Xcode-16.3.0.app/Contents/Developer/usr/bin/xcodebuild -IDEClonedSourcePackagesDirPathOverride=/Users/admin/builder/spi-builder-workspace/.dependencies -resolvePackageDependencies
Resolve Package Graph
Resolved source packages:
  NetworkInspector: /Users/admin/builder/spi-builder-workspace
resolved source packages: NetworkInspector
{
  "dependencies" : [
  ],
  "manifest_display_name" : "NetworkInspector",
  "name" : "NetworkInspector",
  "path" : "/Users/admin/builder/spi-builder-workspace",
  "platforms" : [
    {
      "name" : "ios",
      "version" : "14.0"
    }
  ],
  "products" : [
    {
      "name" : "NetworkInspector",
      "targets" : [
        "NetworkInspector"
      ],
      "type" : {
        "library" : [
          "automatic"
        ]
      }
    }
  ],
  "targets" : [
    {
      "c99name" : "NetworkInspectorTests",
      "module_type" : "SwiftTarget",
      "name" : "NetworkInspectorTests",
      "path" : "Tests/NetworkInspectorTests",
      "sources" : [
        "NetworkInspectorTests.swift"
      ],
      "target_dependencies" : [
        "NetworkInspector"
      ],
      "type" : "test"
    },
    {
      "c99name" : "NetworkInspector",
      "module_type" : "SwiftTarget",
      "name" : "NetworkInspector",
      "path" : "Sources/NetworkInspector",
      "product_memberships" : [
        "NetworkInspector"
      ],
      "sources" : [
        "InspectorURLProtocol.swift",
        "LeapInspector.swift",
        "NetworkInterceptor.swift",
        "NetworkLog.swift",
        "NetworkLogBuilder.swift",
        "NetworkLogStore.swift",
        "UI/FloatingButton/FloatingInspectorButton.swift",
        "UI/FloatingButton/FloatingInspectorWindow.swift",
        "UI/FloatingButton/PassThroughWindow.swift",
        "UI/InspectorUIRouter.swift",
        "UI/LogDetail/JSONOutlineView.swift",
        "UI/LogDetail/LogDetailViewController.swift",
        "UI/LogDetail/RawResponseView.swift",
        "UI/LogDetail/RequestTabViewController.swift",
        "UI/LogDetail/ResponseBodyTabViewController.swift",
        "UI/LogDetail/ResponseStatusTabViewController.swift",
        "UI/LogList/ApiListViewController.swift",
        "UI/LogList/LogCell.swift",
        "UI/LogList/LogListViewController.swift",
        "UI/Shake/ShakeDetectingWindow.swift",
        "UI/Shake/ShakeWindowInstaller.swift",
        "UI/Utils/PrettyFormatter.swift"
      ],
      "type" : "library"
    }
  ],
  "tools_version" : "5.9"
}
{
  "workspace" : {
    "name" : "spi-builder-workspace",
    "schemes" : [
      "NetworkInspector"
    ]
  }
}
Running build ...
env DEVELOPER_DIR=/Applications/Xcode-16.3.0.app xcrun xcodebuild -IDEClonedSourcePackagesDirPathOverride=$PWD/.dependencies -skipMacroValidation -skipPackagePluginValidation -derivedDataPath $PWD/.derivedData build -scheme NetworkInspector -destination generic/platform=watchOS
Command line invocation:
    /Applications/Xcode-16.3.0.app/Contents/Developer/usr/bin/xcodebuild -IDEClonedSourcePackagesDirPathOverride=/Users/admin/builder/spi-builder-workspace/.dependencies -skipMacroValidation -skipPackagePluginValidation -derivedDataPath /Users/admin/builder/spi-builder-workspace/.derivedData build -scheme NetworkInspector -destination generic/platform=watchOS
Resolve Package Graph
Resolved source packages:
  NetworkInspector: /Users/admin/builder/spi-builder-workspace
ComputePackagePrebuildTargetDependencyGraph
Prepare packages
CreateBuildRequest
SendProjectDescription
CreateBuildOperation
ComputeTargetDependencyGraph
note: Building targets in dependency order
note: Target dependency graph (2 targets)
    Target 'NetworkInspector' in project 'NetworkInspector'
        ➜ Explicit dependency on target 'NetworkInspector' in project 'NetworkInspector'
    Target 'NetworkInspector' in project 'NetworkInspector' (no dependencies)
GatherProvisioningInputs
CreateBuildDescription
ExecuteExternalTool /Applications/Xcode-16.3.0.app/Contents/Developer/Toolchains/XcodeDefault.xctoolchain/usr/bin/clang -v -E -dM -isysroot /Applications/Xcode-16.3.0.app/Contents/Developer/Platforms/WatchOS.platform/Developer/SDKs/WatchOS11.4.sdk -x c -c /dev/null
ExecuteExternalTool /Applications/Xcode-16.3.0.app/Contents/Developer/Toolchains/XcodeDefault.xctoolchain/usr/bin/swiftc --version
ExecuteExternalTool /Applications/Xcode-16.3.0.app/Contents/Developer/Toolchains/XcodeDefault.xctoolchain/usr/bin/ld -version_details
Build description signature: 5d1439b029829973c4e91241a5a986c6
Build description path: /Users/admin/builder/spi-builder-workspace/.derivedData/Build/Intermediates.noindex/XCBuildData/5d1439b029829973c4e91241a5a986c6.xcbuilddata
ClangStatCache /Applications/Xcode-16.3.0.app/Contents/Developer/Toolchains/XcodeDefault.xctoolchain/usr/bin/clang-stat-cache /Applications/Xcode-16.3.0.app/Contents/Developer/Platforms/WatchOS.platform/Developer/SDKs/WatchOS11.4.sdk /Users/admin/builder/spi-builder-workspace/.derivedData/SDKStatCaches.noindex/watchos11.4-22T246-43efb940ff07ba2497b70ec94253f576.sdkstatcache
    cd /Users/admin/builder/spi-builder-workspace/.swiftpm/xcode
    /Applications/Xcode-16.3.0.app/Contents/Developer/Toolchains/XcodeDefault.xctoolchain/usr/bin/clang-stat-cache /Applications/Xcode-16.3.0.app/Contents/Developer/Platforms/WatchOS.platform/Developer/SDKs/WatchOS11.4.sdk -o /Users/admin/builder/spi-builder-workspace/.derivedData/SDKStatCaches.noindex/watchos11.4-22T246-43efb940ff07ba2497b70ec94253f576.sdkstatcache
SwiftDriver NetworkInspector normal arm64_32 com.apple.xcode.tools.swift.compiler (in target 'NetworkInspector' from project 'NetworkInspector')
    cd /Users/admin/builder/spi-builder-workspace/.swiftpm/xcode
    builtin-SwiftDriver -- /Applications/Xcode-16.3.0.app/Contents/Developer/Toolchains/XcodeDefault.xctoolchain/usr/bin/swiftc -module-name NetworkInspector -Onone -enforce-exclusivity\=checked @/Users/admin/builder/spi-builder-workspace/.derivedData/Build/Intermediates.noindex/NetworkInspector.build/Debug-watchos/NetworkInspector.build/Objects-normal/arm64_32/NetworkInspector.SwiftFileList -DSWIFT_PACKAGE -DDEBUG -DXcode -plugin-path /Applications/Xcode-16.3.0.app/Contents/Developer/Toolchains/XcodeDefault.xctoolchain/usr/lib/swift/host/plugins/testing -enable-experimental-feature DebugDescriptionMacro -sdk /Applications/Xcode-16.3.0.app/Contents/Developer/Platforms/WatchOS.platform/Developer/SDKs/WatchOS11.4.sdk -target arm64_32-apple-watchos7.0 -g -module-cache-path /Users/admin/builder/spi-builder-workspace/.derivedData/ModuleCache.noindex -Xfrontend -serialize-debugging-options -profile-coverage-mapping -profile-generate -enable-testing -index-store-path /Users/admin/builder/spi-builder-workspace/.derivedData/Index.noindex/DataStore -swift-version 5 -I /Users/admin/builder/spi-builder-workspace/.derivedData/Build/Products/Debug-watchos -I /Applications/Xcode-16.3.0.app/Contents/Developer/Platforms/WatchOS.platform/Developer/usr/lib -F /Users/admin/builder/spi-builder-workspace/.derivedData/Build/Products/Debug-watchos -F /Applications/Xcode-16.3.0.app/Contents/Developer/Platforms/WatchOS.platform/Developer/Library/Frameworks -F /Applications/Xcode-16.3.0.app/Contents/Developer/Platforms/WatchOS.platform/Developer/SDKs/WatchOS11.4.sdk/Developer/Library/Frameworks -c -j10 -enable-batch-mode -incremental -Xcc -ivfsstatcache -Xcc /Users/admin/builder/spi-builder-workspace/.derivedData/SDKStatCaches.noindex/watchos11.4-22T246-43efb940ff07ba2497b70ec94253f576.sdkstatcache -output-file-map /Users/admin/builder/spi-builder-workspace/.derivedData/Build/Intermediates.noindex/NetworkInspector.build/Debug-watchos/NetworkInspector.build/Objects-normal/arm64_32/NetworkInspector-OutputFileMap.json -use-frontend-parseable-output -save-temps -no-color-diagnostics -serialize-diagnostics -emit-dependencies -emit-module -emit-module-path /Users/admin/builder/spi-builder-workspace/.derivedData/Build/Intermediates.noindex/NetworkInspector.build/Debug-watchos/NetworkInspector.build/Objects-normal/arm64_32/NetworkInspector.swiftmodule -validate-clang-modules-once -clang-build-session-file /Users/admin/builder/spi-builder-workspace/.derivedData/ModuleCache.noindex/Session.modulevalidation -package-name spi_builder_workspace -Xcc -I/Users/admin/builder/spi-builder-workspace/.derivedData/Build/Intermediates.noindex/NetworkInspector.build/Debug-watchos/NetworkInspector.build/swift-overrides.hmap -emit-const-values -Xfrontend -const-gather-protocols-file -Xfrontend /Users/admin/builder/spi-builder-workspace/.derivedData/Build/Intermediates.noindex/NetworkInspector.build/Debug-watchos/NetworkInspector.build/Objects-normal/arm64_32/NetworkInspector_const_extract_protocols.json -Xcc -I/Users/admin/builder/spi-builder-workspace/.derivedData/Build/Products/Debug-watchos/include -Xcc -I/Users/admin/builder/spi-builder-workspace/.derivedData/Build/Intermediates.noindex/NetworkInspector.build/Debug-watchos/NetworkInspector.build/DerivedSources-normal/arm64_32 -Xcc -I/Users/admin/builder/spi-builder-workspace/.derivedData/Build/Intermediates.noindex/NetworkInspector.build/Debug-watchos/NetworkInspector.build/DerivedSources/arm64_32 -Xcc -I/Users/admin/builder/spi-builder-workspace/.derivedData/Build/Intermediates.noindex/NetworkInspector.build/Debug-watchos/NetworkInspector.build/DerivedSources -Xcc -DSWIFT_PACKAGE -Xcc -DDEBUG\=1 -emit-objc-header -emit-objc-header-path /Users/admin/builder/spi-builder-workspace/.derivedData/Build/Intermediates.noindex/NetworkInspector.build/Debug-watchos/NetworkInspector.build/Objects-normal/arm64_32/NetworkInspector-Swift.h -working-directory /Users/admin/builder/spi-builder-workspace/.swiftpm/xcode -experimental-emit-module-separately -disable-cmo
SwiftDriver NetworkInspector normal armv7k com.apple.xcode.tools.swift.compiler (in target 'NetworkInspector' from project 'NetworkInspector')
    cd /Users/admin/builder/spi-builder-workspace/.swiftpm/xcode
    builtin-SwiftDriver -- /Applications/Xcode-16.3.0.app/Contents/Developer/Toolchains/XcodeDefault.xctoolchain/usr/bin/swiftc -module-name NetworkInspector -Onone -enforce-exclusivity\=checked @/Users/admin/builder/spi-builder-workspace/.derivedData/Build/Intermediates.noindex/NetworkInspector.build/Debug-watchos/NetworkInspector.build/Objects-normal/armv7k/NetworkInspector.SwiftFileList -DSWIFT_PACKAGE -DDEBUG -DXcode -plugin-path /Applications/Xcode-16.3.0.app/Contents/Developer/Toolchains/XcodeDefault.xctoolchain/usr/lib/swift/host/plugins/testing -enable-experimental-feature DebugDescriptionMacro -sdk /Applications/Xcode-16.3.0.app/Contents/Developer/Platforms/WatchOS.platform/Developer/SDKs/WatchOS11.4.sdk -target armv7k-apple-watchos7.0 -g -module-cache-path /Users/admin/builder/spi-builder-workspace/.derivedData/ModuleCache.noindex -Xfrontend -serialize-debugging-options -profile-coverage-mapping -profile-generate -enable-testing -index-store-path /Users/admin/builder/spi-builder-workspace/.derivedData/Index.noindex/DataStore -swift-version 5 -I /Users/admin/builder/spi-builder-workspace/.derivedData/Build/Products/Debug-watchos -I /Applications/Xcode-16.3.0.app/Contents/Developer/Platforms/WatchOS.platform/Developer/usr/lib -F /Users/admin/builder/spi-builder-workspace/.derivedData/Build/Products/Debug-watchos -F /Applications/Xcode-16.3.0.app/Contents/Developer/Platforms/WatchOS.platform/Developer/Library/Frameworks -F /Applications/Xcode-16.3.0.app/Contents/Developer/Platforms/WatchOS.platform/Developer/SDKs/WatchOS11.4.sdk/Developer/Library/Frameworks -c -j10 -enable-batch-mode -incremental -Xcc -ivfsstatcache -Xcc /Users/admin/builder/spi-builder-workspace/.derivedData/SDKStatCaches.noindex/watchos11.4-22T246-43efb940ff07ba2497b70ec94253f576.sdkstatcache -output-file-map /Users/admin/builder/spi-builder-workspace/.derivedData/Build/Intermediates.noindex/NetworkInspector.build/Debug-watchos/NetworkInspector.build/Objects-normal/armv7k/NetworkInspector-OutputFileMap.json -use-frontend-parseable-output -save-temps -no-color-diagnostics -serialize-diagnostics -emit-dependencies -emit-module -emit-module-path /Users/admin/builder/spi-builder-workspace/.derivedData/Build/Intermediates.noindex/NetworkInspector.build/Debug-watchos/NetworkInspector.build/Objects-normal/armv7k/NetworkInspector.swiftmodule -validate-clang-modules-once -clang-build-session-file /Users/admin/builder/spi-builder-workspace/.derivedData/ModuleCache.noindex/Session.modulevalidation -package-name spi_builder_workspace -Xcc -I/Users/admin/builder/spi-builder-workspace/.derivedData/Build/Intermediates.noindex/NetworkInspector.build/Debug-watchos/NetworkInspector.build/swift-overrides.hmap -emit-const-values -Xfrontend -const-gather-protocols-file -Xfrontend /Users/admin/builder/spi-builder-workspace/.derivedData/Build/Intermediates.noindex/NetworkInspector.build/Debug-watchos/NetworkInspector.build/Objects-normal/armv7k/NetworkInspector_const_extract_protocols.json -Xcc -I/Users/admin/builder/spi-builder-workspace/.derivedData/Build/Products/Debug-watchos/include -Xcc -I/Users/admin/builder/spi-builder-workspace/.derivedData/Build/Intermediates.noindex/NetworkInspector.build/Debug-watchos/NetworkInspector.build/DerivedSources-normal/armv7k -Xcc -I/Users/admin/builder/spi-builder-workspace/.derivedData/Build/Intermediates.noindex/NetworkInspector.build/Debug-watchos/NetworkInspector.build/DerivedSources/armv7k -Xcc -I/Users/admin/builder/spi-builder-workspace/.derivedData/Build/Intermediates.noindex/NetworkInspector.build/Debug-watchos/NetworkInspector.build/DerivedSources -Xcc -DSWIFT_PACKAGE -Xcc -DDEBUG\=1 -emit-objc-header -emit-objc-header-path /Users/admin/builder/spi-builder-workspace/.derivedData/Build/Intermediates.noindex/NetworkInspector.build/Debug-watchos/NetworkInspector.build/Objects-normal/armv7k/NetworkInspector-Swift.h -working-directory /Users/admin/builder/spi-builder-workspace/.swiftpm/xcode -experimental-emit-module-separately -disable-cmo
SwiftDriver NetworkInspector normal arm64 com.apple.xcode.tools.swift.compiler (in target 'NetworkInspector' from project 'NetworkInspector')
    cd /Users/admin/builder/spi-builder-workspace/.swiftpm/xcode
    builtin-SwiftDriver -- /Applications/Xcode-16.3.0.app/Contents/Developer/Toolchains/XcodeDefault.xctoolchain/usr/bin/swiftc -module-name NetworkInspector -Onone -enforce-exclusivity\=checked @/Users/admin/builder/spi-builder-workspace/.derivedData/Build/Intermediates.noindex/NetworkInspector.build/Debug-watchos/NetworkInspector.build/Objects-normal/arm64/NetworkInspector.SwiftFileList -DSWIFT_PACKAGE -DDEBUG -DXcode -plugin-path /Applications/Xcode-16.3.0.app/Contents/Developer/Toolchains/XcodeDefault.xctoolchain/usr/lib/swift/host/plugins/testing -enable-experimental-feature DebugDescriptionMacro -sdk /Applications/Xcode-16.3.0.app/Contents/Developer/Platforms/WatchOS.platform/Developer/SDKs/WatchOS11.4.sdk -target arm64-apple-watchos7.0 -g -module-cache-path /Users/admin/builder/spi-builder-workspace/.derivedData/ModuleCache.noindex -Xfrontend -serialize-debugging-options -profile-coverage-mapping -profile-generate -enable-testing -index-store-path /Users/admin/builder/spi-builder-workspace/.derivedData/Index.noindex/DataStore -swift-version 5 -I /Users/admin/builder/spi-builder-workspace/.derivedData/Build/Products/Debug-watchos -I /Applications/Xcode-16.3.0.app/Contents/Developer/Platforms/WatchOS.platform/Developer/usr/lib -F /Users/admin/builder/spi-builder-workspace/.derivedData/Build/Products/Debug-watchos -F /Applications/Xcode-16.3.0.app/Contents/Developer/Platforms/WatchOS.platform/Developer/Library/Frameworks -F /Applications/Xcode-16.3.0.app/Contents/Developer/Platforms/WatchOS.platform/Developer/SDKs/WatchOS11.4.sdk/Developer/Library/Frameworks -c -j10 -enable-batch-mode -incremental -Xcc -ivfsstatcache -Xcc /Users/admin/builder/spi-builder-workspace/.derivedData/SDKStatCaches.noindex/watchos11.4-22T246-43efb940ff07ba2497b70ec94253f576.sdkstatcache -output-file-map /Users/admin/builder/spi-builder-workspace/.derivedData/Build/Intermediates.noindex/NetworkInspector.build/Debug-watchos/NetworkInspector.build/Objects-normal/arm64/NetworkInspector-OutputFileMap.json -use-frontend-parseable-output -save-temps -no-color-diagnostics -serialize-diagnostics -emit-dependencies -emit-module -emit-module-path /Users/admin/builder/spi-builder-workspace/.derivedData/Build/Intermediates.noindex/NetworkInspector.build/Debug-watchos/NetworkInspector.build/Objects-normal/arm64/NetworkInspector.swiftmodule -validate-clang-modules-once -clang-build-session-file /Users/admin/builder/spi-builder-workspace/.derivedData/ModuleCache.noindex/Session.modulevalidation -package-name spi_builder_workspace -Xcc -I/Users/admin/builder/spi-builder-workspace/.derivedData/Build/Intermediates.noindex/NetworkInspector.build/Debug-watchos/NetworkInspector.build/swift-overrides.hmap -emit-const-values -Xfrontend -const-gather-protocols-file -Xfrontend /Users/admin/builder/spi-builder-workspace/.derivedData/Build/Intermediates.noindex/NetworkInspector.build/Debug-watchos/NetworkInspector.build/Objects-normal/arm64/NetworkInspector_const_extract_protocols.json -Xcc -I/Users/admin/builder/spi-builder-workspace/.derivedData/Build/Products/Debug-watchos/include -Xcc -I/Users/admin/builder/spi-builder-workspace/.derivedData/Build/Intermediates.noindex/NetworkInspector.build/Debug-watchos/NetworkInspector.build/DerivedSources-normal/arm64 -Xcc -I/Users/admin/builder/spi-builder-workspace/.derivedData/Build/Intermediates.noindex/NetworkInspector.build/Debug-watchos/NetworkInspector.build/DerivedSources/arm64 -Xcc -I/Users/admin/builder/spi-builder-workspace/.derivedData/Build/Intermediates.noindex/NetworkInspector.build/Debug-watchos/NetworkInspector.build/DerivedSources -Xcc -DSWIFT_PACKAGE -Xcc -DDEBUG\=1 -emit-objc-header -emit-objc-header-path /Users/admin/builder/spi-builder-workspace/.derivedData/Build/Intermediates.noindex/NetworkInspector.build/Debug-watchos/NetworkInspector.build/Objects-normal/arm64/NetworkInspector-Swift.h -working-directory /Users/admin/builder/spi-builder-workspace/.swiftpm/xcode -experimental-emit-module-separately -disable-cmo
SwiftEmitModule normal arm64_32 Emitting\ module\ for\ NetworkInspector (in target 'NetworkInspector' from project 'NetworkInspector')
EmitSwiftModule normal arm64_32 (in target 'NetworkInspector' from project 'NetworkInspector')
    cd /Users/admin/builder/spi-builder-workspace/.swiftpm/xcode

/Users/admin/builder/spi-builder-workspace/Sources/NetworkInspector/UI/FloatingButton/FloatingInspectorButton.swift:11:38: error: cannot find type 'UIButton' in scope
final class FloatingInspectorButton: UIButton {
                                     ^~~~~~~~
/Users/admin/builder/spi-builder-workspace/Sources/NetworkInspector/UI/FloatingButton/FloatingInspectorButton.swift:42:41: error: cannot find type 'UIPanGestureRecognizer' in scope
    @objc private func onPan(_ gesture: UIPanGestureRecognizer) {
                                        ^~~~~~~~~~~~~~~~~~~~~~
/Users/admin/builder/spi-builder-workspace/Sources/NetworkInspector/UI/FloatingButton/FloatingInspectorButton.swift:61:50: error: cannot find type 'UIView' in scope
    private func snapToNearestEdge(in superview: UIView) {
                                                 ^~~~~~
/Applications/Xcode-16.3.0.app/Contents/Developer/Platforms/WatchOS.platform/Developer/SDKs/WatchOS11.4.sdk/System/Library/Frameworks/UIKit.framework/Headers/NSTextAttachment.h:23:1: note: interface 'UIView' forward declared here
@class UIView;
^
/Users/admin/builder/spi-builder-workspace/Sources/NetworkInspector/UI/FloatingButton/PassThroughWindow.swift:13:32: error: cannot find type 'UIWindow' in scope
final class PassThroughWindow: UIWindow {
                               ^~~~~~~~
/Users/admin/builder/spi-builder-workspace/Sources/NetworkInspector/UI/FloatingButton/PassThroughWindow.swift:15:70: error: cannot find type 'UIView' in scope
    override func hitTest(_ point: CGPoint, with event: UIEvent?) -> UIView? {
                                                                     ^~~~~~
/Applications/Xcode-16.3.0.app/Contents/Developer/Platforms/WatchOS.platform/Developer/SDKs/WatchOS11.4.sdk/System/Library/Frameworks/UIKit.framework/Headers/NSTextAttachment.h:23:1: note: interface 'UIView' forward declared here
@class UIView;
^
/Users/admin/builder/spi-builder-workspace/Sources/NetworkInspector/UI/FloatingButton/PassThroughWindow.swift:15:57: error: cannot find type 'UIEvent' in scope
    override func hitTest(_ point: CGPoint, with event: UIEvent?) -> UIView? {
                                                        ^~~~~~~
/Users/admin/builder/spi-builder-workspace/Sources/NetworkInspector/UI/InspectorUIRouter.swift:36:10: error: cannot find type 'UIViewController' in scope
    ) -> UIViewController? {
         ^~~~~~~~~~~~~~~~
/Users/admin/builder/spi-builder-workspace/Sources/NetworkInspector/UI/InspectorUIRouter.swift:30:15: error: cannot find type 'UIViewController' in scope
        base: UIViewController? = UIApplication.shared
              ^~~~~~~~~~~~~~~~
/Users/admin/builder/spi-builder-workspace/Sources/NetworkInspector/UI/LogDetail/JSONOutlineView.swift:80:30: error: cannot find type 'UIView' in scope
final class JSONOutlineView: UIView {
                             ^~~~~~
/Applications/Xcode-16.3.0.app/Contents/Developer/Platforms/WatchOS.platform/Developer/SDKs/WatchOS11.4.sdk/System/Library/Frameworks/UIKit.framework/Headers/NSTextAttachment.h:23:1: note: interface 'UIView' forward declared here
@class UIView;
^
/Users/admin/builder/spi-builder-workspace/Sources/NetworkInspector/UI/LogDetail/JSONOutlineView.swift:82:29: error: cannot find 'UITableView' in scope
    private let tableView = UITableView(frame: .zero, style: .plain)
                            ^~~~~~~~~~~
/Users/admin/builder/spi-builder-workspace/Sources/NetworkInspector/UI/LogDetail/JSONOutlineView.swift:82:49: error: cannot infer contextual base in reference to member 'zero'
    private let tableView = UITableView(frame: .zero, style: .plain)
                                               ~^~~~
/Users/admin/builder/spi-builder-workspace/Sources/NetworkInspector/UI/LogDetail/JSONOutlineView.swift:82:63: error: cannot infer contextual base in reference to member 'plain'
    private let tableView = UITableView(frame: .zero, style: .plain)
                                                             ~^~~~~
/Users/admin/builder/spi-builder-workspace/Sources/NetworkInspector/UI/LogDetail/JSONOutlineView.swift:83:29: error: cannot find 'UISearchBar' in scope
    private let searchBar = UISearchBar()
                            ^~~~~~~~~~~
/Users/admin/builder/spi-builder-workspace/Sources/NetworkInspector/UI/LogDetail/JSONOutlineView.swift:84:35: error: cannot find 'UILabel' in scope
    private let matchCountLabel = UILabel()
                                  ^~~~~~~
/Users/admin/builder/spi-builder-workspace/Sources/NetworkInspector/UI/LogDetail/JSONOutlineView.swift:85:30: error: cannot find 'UIButton' in scope
    private let prevButton = UIButton(type: .system)
                             ^~~~~~~~
/Users/admin/builder/spi-builder-workspace/Sources/NetworkInspector/UI/LogDetail/JSONOutlineView.swift:85:46: error: cannot infer contextual base in reference to member 'system'
    private let prevButton = UIButton(type: .system)
                                            ~^~~~~~
/Users/admin/builder/spi-builder-workspace/Sources/NetworkInspector/UI/LogDetail/JSONOutlineView.swift:86:30: error: cannot find 'UIButton' in scope
    private let nextButton = UIButton(type: .system)
                             ^~~~~~~~
/Users/admin/builder/spi-builder-workspace/Sources/NetworkInspector/UI/LogDetail/JSONOutlineView.swift:86:46: error: cannot infer contextual base in reference to member 'system'
    private let nextButton = UIButton(type: .system)
                                            ~^~~~~~
/Users/admin/builder/spi-builder-workspace/Sources/NetworkInspector/UI/LogDetail/JSONOutlineView.swift:87:31: error: cannot find 'UIButton' in scope
    private let clearButton = UIButton(type: .system)
                              ^~~~~~~~
/Users/admin/builder/spi-builder-workspace/Sources/NetworkInspector/UI/LogDetail/JSONOutlineView.swift:87:47: error: cannot infer contextual base in reference to member 'system'
    private let clearButton = UIButton(type: .system)
                                             ~^~~~~~
/Users/admin/builder/spi-builder-workspace/Sources/NetworkInspector/UI/LogDetail/JSONOutlineView.swift:88:32: error: cannot find 'UIStackView' in scope
    private let chevronStack = UIStackView()
                               ^~~~~~~~~~~
/Users/admin/builder/spi-builder-workspace/Sources/NetworkInspector/UI/LogDetail/JSONOutlineView.swift:97:14: error: initializer does not override a designated initializer from its superclass
    override init(frame: CGRect) {
    ~~~~~~~~ ^
/Users/admin/builder/spi-builder-workspace/Sources/NetworkInspector/UI/LogDetail/JSONOutlineView.swift:243:28: error: cannot find type 'UISearchBarDelegate' in scope
extension JSONOutlineView: UISearchBarDelegate {
                           ^~~~~~~~~~~~~~~~~~~
/Users/admin/builder/spi-builder-workspace/Sources/NetworkInspector/UI/LogDetail/JSONOutlineView.swift:245:33: error: cannot find type 'UISearchBar' in scope
    func searchBar(_ searchBar: UISearchBar, textDidChange searchText: String) {
                                ^~~~~~~~~~~
/Users/admin/builder/spi-builder-workspace/Sources/NetworkInspector/UI/LogDetail/JSONOutlineView.swift:254:52: error: cannot find type 'UISearchBar' in scope
    func searchBarTextDidBeginEditing(_ searchBar: UISearchBar) {
                                                   ^~~~~~~~~~~
/Users/admin/builder/spi-builder-workspace/Sources/NetworkInspector/UI/LogDetail/JSONOutlineView.swift:258:50: error: cannot find type 'UISearchBar' in scope
    func searchBarTextDidEndEditing(_ searchBar: UISearchBar) {
                                                 ^~~~~~~~~~~
/Users/admin/builder/spi-builder-workspace/Sources/NetworkInspector/UI/LogDetail/JSONOutlineView.swift:262:52: error: cannot find type 'UISearchBar' in scope
    func searchBarSearchButtonClicked(_ searchBar: UISearchBar) {
                                                   ^~~~~~~~~~~
/Users/admin/builder/spi-builder-workspace/Sources/NetworkInspector/UI/LogDetail/JSONOutlineView.swift:464:28: error: cannot find type 'UITableViewDataSource' in scope
extension JSONOutlineView: UITableViewDataSource, UITableViewDelegate {
                           ^~~~~~~~~~~~~~~~~~~~~
/Users/admin/builder/spi-builder-workspace/Sources/NetworkInspector/UI/LogDetail/JSONOutlineView.swift:464:51: error: cannot find type 'UITableViewDelegate' in scope
extension JSONOutlineView: UITableViewDataSource, UITableViewDelegate {
                                                  ^~~~~~~~~~~~~~~~~~~
/Users/admin/builder/spi-builder-workspace/Sources/NetworkInspector/UI/LogDetail/JSONOutlineView.swift:466:33: error: cannot find type 'UITableView' in scope
    func tableView(_ tableView: UITableView, numberOfRowsInSection section: Int) -> Int {
                                ^~~~~~~~~~~
/Users/admin/builder/spi-builder-workspace/Sources/NetworkInspector/UI/LogDetail/JSONOutlineView.swift:470:84: error: cannot find type 'UITableViewCell' in scope
    func tableView(_ tableView: UITableView, cellForRowAt indexPath: IndexPath) -> UITableViewCell {
                                                                                   ^~~~~~~~~~~~~~~
/Users/admin/builder/spi-builder-workspace/Sources/NetworkInspector/UI/LogDetail/JSONOutlineView.swift:470:33: error: cannot find type 'UITableView' in scope
    func tableView(_ tableView: UITableView, cellForRowAt indexPath: IndexPath) -> UITableViewCell {
                                ^~~~~~~~~~~
/Users/admin/builder/spi-builder-workspace/Sources/NetworkInspector/UI/LogDetail/JSONOutlineView.swift:486:33: error: cannot find type 'UITableView' in scope
    func tableView(_ tableView: UITableView, didSelectRowAt indexPath: IndexPath) {
                                ^~~~~~~~~~~
/Users/admin/builder/spi-builder-workspace/Sources/NetworkInspector/UI/LogDetail/JSONOutlineView.swift:503:52: error: cannot find type 'UIScrollView' in scope
    func scrollViewWillBeginDragging(_ scrollView: UIScrollView) {
                                                   ^~~~~~~~~~~~
/Users/admin/builder/spi-builder-workspace/Sources/NetworkInspector/UI/LogDetail/JSONOutlineView.swift:514:38: error: cannot find type 'UITableViewCell' in scope
private final class JSONOutlineCell: UITableViewCell {
                                     ^~~~~~~~~~~~~~~
/Users/admin/builder/spi-builder-workspace/Sources/NetworkInspector/UI/LogDetail/JSONOutlineView.swift:518:35: error: cannot find 'UILabel' in scope
    private let disclosureLabel = UILabel()
                                  ^~~~~~~
/Users/admin/builder/spi-builder-workspace/Sources/NetworkInspector/UI/LogDetail/JSONOutlineView.swift:519:32: error: cannot find 'UILabel' in scope
    private let contentLabel = UILabel()
                               ^~~~~~~
/Users/admin/builder/spi-builder-workspace/Sources/NetworkInspector/UI/LogDetail/JSONOutlineView.swift:520:25: error: cannot find 'UIStackView' in scope
    private let stack = UIStackView()
                        ^~~~~~~~~~~
/Users/admin/builder/spi-builder-workspace/Sources/NetworkInspector/UI/LogDetail/JSONOutlineView.swift:521:36: error: cannot find type 'NSLayoutConstraint' in scope
    private var leadingConstraint: NSLayoutConstraint!
                                   ^~~~~~~~~~~~~~~~~~
/Users/admin/builder/spi-builder-workspace/Sources/NetworkInspector/UI/LogDetail/JSONOutlineView.swift:526:26: error: cannot find type 'UITableViewCell' in scope
    override init(style: UITableViewCell.CellStyle, reuseIdentifier: String?) {
                         ^~~~~~~~~~~~~~~
/Users/admin/builder/spi-builder-workspace/Sources/NetworkInspector/UI/LogDetail/JSONOutlineView.swift:744:42: error: cannot find type 'UIView' in scope
private final class SearchAccessoryView: UIView {
                                         ^~~~~~
/Applications/Xcode-16.3.0.app/Contents/Developer/Platforms/WatchOS.platform/Developer/SDKs/WatchOS11.4.sdk/System/Library/Frameworks/UIKit.framework/Headers/NSTextAttachment.h:23:1: note: interface 'UIView' forward declared here
@class UIView;
^
/Users/admin/builder/spi-builder-workspace/Sources/NetworkInspector/UI/LogDetail/JSONOutlineView.swift:747:18: error: property does not override any property from its superclass
    override var intrinsicContentSize: CGSize { Self.preferredSize }
    ~~~~~~~~     ^
/Users/admin/builder/spi-builder-workspace/Sources/NetworkInspector/UI/LogDetail/JSONOutlineView.swift:749:19: error: method does not override any method from its superclass
    override func sizeThatFits(_ size: CGSize) -> CGSize { Self.preferredSize }
    ~~~~~~~~      ^
/Users/admin/builder/spi-builder-workspace/Sources/NetworkInspector/UI/LogDetail/JSONOutlineView.swift:754:70: error: cannot find type 'UIView' in scope
    override func hitTest(_ point: CGPoint, with event: UIEvent?) -> UIView? {
                                                                     ^~~~~~
/Applications/Xcode-16.3.0.app/Contents/Developer/Platforms/WatchOS.platform/Developer/SDKs/WatchOS11.4.sdk/System/Library/Frameworks/UIKit.framework/Headers/NSTextAttachment.h:23:1: note: interface 'UIView' forward declared here
@class UIView;
^
/Users/admin/builder/spi-builder-workspace/Sources/NetworkInspector/UI/LogDetail/JSONOutlineView.swift:754:57: error: cannot find type 'UIEvent' in scope
    override func hitTest(_ point: CGPoint, with event: UIEvent?) -> UIView? {
                                                        ^~~~~~~
/Users/admin/builder/spi-builder-workspace/Sources/NetworkInspector/UI/LogDetail/LogDetailViewController.swift:16:43: error: cannot find type 'UIViewController' in scope
    private lazy var tabViewControllers: [UIViewController] = [
                                          ^~~~~~~~~~~~~~~~
/Users/admin/builder/spi-builder-workspace/Sources/NetworkInspector/UI/LogDetail/LogDetailViewController.swift:11:38: error: cannot find type 'UIViewController' in scope
final class LogDetailViewController: UIViewController {
                                     ^~~~~~~~~~~~~~~~
/Users/admin/builder/spi-builder-workspace/Sources/NetworkInspector/UI/LogDetail/LogDetailViewController.swift:14:36: error: cannot find 'UISegmentedControl' in scope
    private let segmentedControl = UISegmentedControl(items: ["Request", "Status", "Response"])
                                   ^~~~~~~~~~~~~~~~~~
/Users/admin/builder/spi-builder-workspace/Sources/NetworkInspector/UI/LogDetail/LogDetailViewController.swift:15:33: error: cannot find 'UIView' in scope
    private let containerView = UIView()
                                ^~~~~~
/Applications/Xcode-16.3.0.app/Contents/Developer/Platforms/WatchOS.platform/Developer/SDKs/WatchOS11.4.sdk/System/Library/Frameworks/UIKit.framework/Headers/NSTextAttachment.h:23:1: note: interface 'UIView' forward declared here
@class UIView;
^
/Users/admin/builder/spi-builder-workspace/Sources/NetworkInspector/UI/LogDetail/LogDetailViewController.swift:21:31: error: cannot find type 'UIViewController' in scope
    private var currentChild: UIViewController?
                              ^~~~~~~~~~~~~~~~
/Users/admin/builder/spi-builder-workspace/Sources/NetworkInspector/UI/LogDetail/LogDetailViewController.swift:33:19: error: method does not override any method from its superclass
    override func viewDidLoad() {
    ~~~~~~~~      ^
/Users/admin/builder/spi-builder-workspace/Sources/NetworkInspector/UI/LogDetail/RawResponseView.swift:8:30: error: cannot find type 'UIView' in scope
final class RawResponseView: UIView {
                             ^~~~~~
/Applications/Xcode-16.3.0.app/Contents/Developer/Platforms/WatchOS.platform/Developer/SDKs/WatchOS11.4.sdk/System/Library/Frameworks/UIKit.framework/Headers/NSTextAttachment.h:23:1: note: interface 'UIView' forward declared here
@class UIView;
^
/Users/admin/builder/spi-builder-workspace/Sources/NetworkInspector/UI/LogDetail/RawResponseView.swift:10:29: error: cannot find 'UISearchBar' in scope
    private let searchBar = UISearchBar()
                            ^~~~~~~~~~~
/Users/admin/builder/spi-builder-workspace/Sources/NetworkInspector/UI/LogDetail/RawResponseView.swift:11:35: error: cannot find 'UILabel' in scope
    private let matchCountLabel = UILabel()
                                  ^~~~~~~
/Users/admin/builder/spi-builder-workspace/Sources/NetworkInspector/UI/LogDetail/RawResponseView.swift:12:28: error: cannot find 'UITextView' in scope
    private let textView = UITextView()
                           ^~~~~~~~~~
/Users/admin/builder/spi-builder-workspace/Sources/NetworkInspector/UI/LogDetail/RawResponseView.swift:77:28: error: cannot find type 'UISearchBarDelegate' in scope
extension RawResponseView: UISearchBarDelegate {
                           ^~~~~~~~~~~~~~~~~~~
/Users/admin/builder/spi-builder-workspace/Sources/NetworkInspector/UI/LogDetail/RawResponseView.swift:79:33: error: cannot find type 'UISearchBar' in scope
    func searchBar(_ searchBar: UISearchBar, textDidChange searchText: String) {
                                ^~~~~~~~~~~
/Users/admin/builder/spi-builder-workspace/Sources/NetworkInspector/UI/LogDetail/RawResponseView.swift:86:52: error: cannot find type 'UISearchBar' in scope
    func searchBarSearchButtonClicked(_ searchBar: UISearchBar) {
                                                   ^~~~~~~~~~~
/Users/admin/builder/spi-builder-workspace/Sources/NetworkInspector/UI/LogDetail/RawResponseView.swift:90:54: error: cannot find type 'UISearchBar' in scope
    func searchBarBookmarkButtonClicked(_ searchBar: UISearchBar) {
                                                     ^~~~~~~~~~~
/Users/admin/builder/spi-builder-workspace/Sources/NetworkInspector/UI/LogDetail/RequestTabViewController.swift:11:39: error: cannot find type 'UIViewController' in scope
final class RequestTabViewController: UIViewController {
                                      ^~~~~~~~~~~~~~~~
/Users/admin/builder/spi-builder-workspace/Sources/NetworkInspector/UI/LogDetail/RequestTabViewController.swift:24:19: error: method does not override any method from its superclass
    override func viewDidLoad() {
    ~~~~~~~~      ^
/Users/admin/builder/spi-builder-workspace/Sources/NetworkInspector/UI/LogDetail/ResponseBodyTabViewController.swift:11:44: error: cannot find type 'UIViewController' in scope
final class ResponseBodyTabViewController: UIViewController {
                                           ^~~~~~~~~~~~~~~~
/Users/admin/builder/spi-builder-workspace/Sources/NetworkInspector/UI/LogDetail/ResponseBodyTabViewController.swift:24:19: error: method does not override any method from its superclass
    override func viewDidLoad() {
    ~~~~~~~~      ^
/Users/admin/builder/spi-builder-workspace/Sources/NetworkInspector/UI/LogDetail/ResponseStatusTabViewController.swift:11:46: error: cannot find type 'UIViewController' in scope
final class ResponseStatusTabViewController: UIViewController {
                                             ^~~~~~~~~~~~~~~~
/Users/admin/builder/spi-builder-workspace/Sources/NetworkInspector/UI/LogDetail/ResponseStatusTabViewController.swift:24:19: error: method does not override any method from its superclass
    override func viewDidLoad() {
    ~~~~~~~~      ^
/Users/admin/builder/spi-builder-workspace/Sources/NetworkInspector/UI/LogList/ApiListViewController.swift:10:36: error: cannot find type 'UIViewController' in scope
final class ApiListViewController: UIViewController {
                                   ^~~~~~~~~~~~~~~~
/Users/admin/builder/spi-builder-workspace/Sources/NetworkInspector/UI/LogList/ApiListViewController.swift:12:29: error: cannot find 'UITableView' in scope
    private let tableView = UITableView()
                            ^~~~~~~~~~~
/Users/admin/builder/spi-builder-workspace/Sources/NetworkInspector/UI/LogList/ApiListViewController.swift:15:19: error: method does not override any method from its superclass
    override func viewDidLoad() {
    ~~~~~~~~      ^
/Users/admin/builder/spi-builder-workspace/Sources/NetworkInspector/UI/LogList/ApiListViewController.swift:100:34: error: cannot find type 'UITableViewDataSource' in scope
extension ApiListViewController: UITableViewDataSource {
                                 ^~~~~~~~~~~~~~~~~~~~~
/Users/admin/builder/spi-builder-workspace/Sources/NetworkInspector/UI/LogList/ApiListViewController.swift:102:33: error: cannot find type 'UITableView' in scope
    func tableView(_ tableView: UITableView, numberOfRowsInSection section: Int) -> Int {
                                ^~~~~~~~~~~
/Users/admin/builder/spi-builder-workspace/Sources/NetworkInspector/UI/LogList/ApiListViewController.swift:109:10: error: cannot find type 'UITableViewCell' in scope
    ) -> UITableViewCell {
         ^~~~~~~~~~~~~~~
/Users/admin/builder/spi-builder-workspace/Sources/NetworkInspector/UI/LogList/ApiListViewController.swift:107:22: error: cannot find type 'UITableView' in scope
        _ tableView: UITableView,
                     ^~~~~~~~~~~
/Users/admin/builder/spi-builder-workspace/Sources/NetworkInspector/UI/LogList/ApiListViewController.swift:124:34: error: cannot find type 'UITableViewDelegate' in scope
extension ApiListViewController: UITableViewDelegate {
                                 ^~~~~~~~~~~~~~~~~~~
/Users/admin/builder/spi-builder-workspace/Sources/NetworkInspector/UI/LogList/ApiListViewController.swift:126:33: error: cannot find type 'UITableView' in scope
    func tableView(_ tableView: UITableView, didSelectRowAt indexPath: IndexPath) {
                                ^~~~~~~~~~~
/Users/admin/builder/spi-builder-workspace/Sources/NetworkInspector/UI/LogList/LogCell.swift:11:22: error: cannot find type 'UITableViewCell' in scope
final class LogCell: UITableViewCell {
                     ^~~~~~~~~~~~~~~
/Users/admin/builder/spi-builder-workspace/Sources/NetworkInspector/UI/LogList/LogCell.swift:15:31: error: cannot find 'UILabel' in scope
    private let methodLabel = UILabel()
                              ^~~~~~~
/Users/admin/builder/spi-builder-workspace/Sources/NetworkInspector/UI/LogList/LogCell.swift:16:33: error: cannot find 'UILabel' in scope
    private let endpointLabel = UILabel()
                                ^~~~~~~
/Users/admin/builder/spi-builder-workspace/Sources/NetworkInspector/UI/LogList/LogCell.swift:17:36: error: cannot find 'UILabel' in scope
    private let statusRightLabel = UILabel()
                                   ^~~~~~~
/Users/admin/builder/spi-builder-workspace/Sources/NetworkInspector/UI/LogList/LogCell.swift:18:29: error: cannot find 'UILabel' in scope
    private let baseLabel = UILabel()
                            ^~~~~~~
/Users/admin/builder/spi-builder-workspace/Sources/NetworkInspector/UI/LogList/LogCell.swift:20:26: error: cannot find type 'UITableViewCell' in scope
    override init(style: UITableViewCell.CellStyle, reuseIdentifier: String?) {
                         ^~~~~~~~~~~~~~~
/Users/admin/builder/spi-builder-workspace/Sources/NetworkInspector/UI/LogList/LogListViewController.swift:11:36: error: cannot find type 'UIViewController' in scope
final class LogListViewController: UIViewController {
                                   ^~~~~~~~~~~~~~~~
/Users/admin/builder/spi-builder-workspace/Sources/NetworkInspector/UI/LogList/LogListViewController.swift:13:35: error: cannot find 'UIView' in scope
    private let headerContainer = UIView()
                                  ^~~~~~
/Applications/Xcode-16.3.0.app/Contents/Developer/Platforms/WatchOS.platform/Developer/SDKs/WatchOS11.4.sdk/System/Library/Frameworks/UIKit.framework/Headers/NSTextAttachment.h:23:1: note: interface 'UIView' forward declared here
@class UIView;
^
/Users/admin/builder/spi-builder-workspace/Sources/NetworkInspector/UI/LogList/LogListViewController.swift:14:29: error: cannot find 'UITableView' in scope
    private let tableView = UITableView()
                            ^~~~~~~~~~~
/Users/admin/builder/spi-builder-workspace/Sources/NetworkInspector/UI/LogList/LogListViewController.swift:15:32: error: cannot find 'UISegmentedControl' in scope
    private let filterToggle = UISegmentedControl(items: ["All", "Selected"])
                               ^~~~~~~~~~~~~~~~~~
/Users/admin/builder/spi-builder-workspace/Sources/NetworkInspector/UI/LogList/LogListViewController.swift:16:29: error: cannot find 'UILabel' in scope
    private let baseLabel = UILabel()
                            ^~~~~~~
/Users/admin/builder/spi-builder-workspace/Sources/NetworkInspector/UI/LogList/LogListViewController.swift:17:33: error: cannot find type 'UIBarButtonItem' in scope
    private var selectBaseItem: UIBarButtonItem?
                                ^~~~~~~~~~~~~~~
/Users/admin/builder/spi-builder-workspace/Sources/NetworkInspector/UI/LogList/LogListViewController.swift:18:35: error: cannot find type 'UIView' in scope
    private var filterHeaderView: UIView?
                                  ^~~~~~
/Applications/Xcode-16.3.0.app/Contents/Developer/Platforms/WatchOS.platform/Developer/SDKs/WatchOS11.4.sdk/System/Library/Frameworks/UIKit.framework/Headers/NSTextAttachment.h:23:1: note: interface 'UIView' forward declared here
@class UIView;
^
/Users/admin/builder/spi-builder-workspace/Sources/NetworkInspector/UI/LogList/LogListViewController.swift:19:41: error: cannot find type 'NSLayoutConstraint' in scope
    private var tableViewTopConstraint: NSLayoutConstraint?
                                        ^~~~~~~~~~~~~~~~~~
/Users/admin/builder/spi-builder-workspace/Sources/NetworkInspector/UI/LogList/LogListViewController.swift:28:36: error: cannot find 'UISearchController' in scope
    private let searchController = UISearchController(searchResultsController: nil)
                                   ^~~~~~~~~~~~~~~~~~
/Users/admin/builder/spi-builder-workspace/Sources/NetworkInspector/UI/LogList/LogListViewController.swift:28:80: error: 'nil' requires a contextual type
    private let searchController = UISearchController(searchResultsController: nil)
                                                                               ^
/Users/admin/builder/spi-builder-workspace/Sources/NetworkInspector/UI/LogList/LogListViewController.swift:40:19: error: method does not override any method from its superclass
    override func viewDidLoad() {
    ~~~~~~~~      ^
/Users/admin/builder/spi-builder-workspace/Sources/NetworkInspector/UI/LogList/LogListViewController.swift:198:19: error: method does not override any method from its superclass
    override func viewDidLayoutSubviews() {
    ~~~~~~~~      ^
/Users/admin/builder/spi-builder-workspace/Sources/NetworkInspector/UI/LogList/LogListViewController.swift:208:34: error: cannot find type 'UITableViewDataSource' in scope
extension LogListViewController: UITableViewDataSource {
                                 ^~~~~~~~~~~~~~~~~~~~~
/Users/admin/builder/spi-builder-workspace/Sources/NetworkInspector/UI/LogList/LogListViewController.swift:210:41: error: cannot find type 'UITableView' in scope
    func numberOfSections(in tableView: UITableView) -> Int {
                                        ^~~~~~~~~~~
/Users/admin/builder/spi-builder-workspace/Sources/NetworkInspector/UI/LogList/LogListViewController.swift:214:33: error: cannot find type 'UITableView' in scope
    func tableView(_ tableView: UITableView, numberOfRowsInSection section: Int) -> Int {
                                ^~~~~~~~~~~
/Users/admin/builder/spi-builder-workspace/Sources/NetworkInspector/UI/LogList/LogListViewController.swift:221:10: error: cannot find type 'UITableViewCell' in scope
    ) -> UITableViewCell {
         ^~~~~~~~~~~~~~~
/Users/admin/builder/spi-builder-workspace/Sources/NetworkInspector/UI/LogList/LogListViewController.swift:219:22: error: cannot find type 'UITableView' in scope
        _ tableView: UITableView,
                     ^~~~~~~~~~~
/Users/admin/builder/spi-builder-workspace/Sources/NetworkInspector/UI/LogList/LogListViewController.swift:233:34: error: cannot find type 'UITableViewDelegate' in scope
extension LogListViewController: UITableViewDelegate {
                                 ^~~~~~~~~~~~~~~~~~~
/Users/admin/builder/spi-builder-workspace/Sources/NetworkInspector/UI/LogList/LogListViewController.swift:239:33: error: cannot find type 'UITableView' in scope
    func tableView(_ tableView: UITableView, didSelectRowAt indexPath: IndexPath) {
                                ^~~~~~~~~~~
/Users/admin/builder/spi-builder-workspace/Sources/NetworkInspector/UI/LogList/LogListViewController.swift:250:10: error: cannot find type 'UISwipeActionsConfiguration' in scope
    ) -> UISwipeActionsConfiguration? {
         ^~~~~~~~~~~~~~~~~~~~~~~~~~~
/Users/admin/builder/spi-builder-workspace/Sources/NetworkInspector/UI/LogList/LogListViewController.swift:248:22: error: cannot find type 'UITableView' in scope
        _ tableView: UITableView,
                     ^~~~~~~~~~~
/Users/admin/builder/spi-builder-workspace/Sources/NetworkInspector/UI/LogList/LogListViewController.swift:264:19: error: method does not override any method from its superclass
    override func setEditing(_ editing: Bool, animated: Bool) {
    ~~~~~~~~      ^
/Users/admin/builder/spi-builder-workspace/Sources/NetworkInspector/UI/LogList/LogListViewController.swift:270:34: error: cannot find type 'UISearchResultsUpdating' in scope
extension LogListViewController: UISearchResultsUpdating {
                                 ^~~~~~~~~~~~~~~~~~~~~~~
/Users/admin/builder/spi-builder-workspace/Sources/NetworkInspector/UI/LogList/LogListViewController.swift:272:52: error: cannot find type 'UISearchController' in scope
    func updateSearchResults(for searchController: UISearchController) {
                                                   ^~~~~~~~~~~~~~~~~~
/Users/admin/builder/spi-builder-workspace/Sources/NetworkInspector/UI/Shake/ShakeDetectingWindow.swift:11:35: error: cannot find type 'UIWindow' in scope
final class ShakeDetectingWindow: UIWindow {
                                  ^~~~~~~~
/Users/admin/builder/spi-builder-workspace/Sources/NetworkInspector/UI/Shake/ShakeDetectingWindow.swift:13:18: error: property does not override any property from its superclass
    override var canBecomeFirstResponder: Bool {
    ~~~~~~~~     ^
/Users/admin/builder/spi-builder-workspace/Sources/NetworkInspector/UI/Shake/ShakeDetectingWindow.swift:17:19: error: method does not override any method from its superclass
    override func didMoveToWindow() {
    ~~~~~~~~      ^
/Users/admin/builder/spi-builder-workspace/Sources/NetworkInspector/UI/Shake/ShakeDetectingWindow.swift:22:41: error: cannot find type 'UIEvent' in scope
    override func motionEnded(_ motion: UIEvent.EventSubtype, with event: UIEvent?) {
                                        ^~~~~~~
/Users/admin/builder/spi-builder-workspace/Sources/NetworkInspector/UI/Shake/ShakeDetectingWindow.swift:22:75: error: cannot find type 'UIEvent' in scope
    override func motionEnded(_ motion: UIEvent.EventSubtype, with event: UIEvent?) {
                                                                          ^~~~~~~
Failed frontend command:
/Applications/Xcode-16.3.0.app/Contents/Developer/Toolchains/XcodeDefault.xctoolchain/usr/bin/swift-frontend -frontend -emit-module -experimental-skip-non-inlinable-function-bodies-without-types /Users/admin/builder/spi-builder-workspace/Sources/NetworkInspector/InspectorURLProtocol.swift /Users/admin/builder/spi-builder-workspace/Sources/NetworkInspector/LeapInspector.swift /Users/admin/builder/spi-builder-workspace/Sources/NetworkInspector/NetworkInterceptor.swift /Users/admin/builder/spi-builder-workspace/Sources/NetworkInspector/NetworkLog.swift /Users/admin/builder/spi-builder-workspace/Sources/NetworkInspector/NetworkLogBuilder.swift /Users/admin/builder/spi-builder-workspace/Sources/NetworkInspector/NetworkLogStore.swift /Users/admin/builder/spi-builder-workspace/Sources/NetworkInspector/UI/FloatingButton/FloatingInspectorButton.swift /Users/admin/builder/spi-builder-workspace/Sources/NetworkInspector/UI/FloatingButton/FloatingInspectorWindow.swift /Users/admin/builder/spi-builder-workspace/Sources/NetworkInspector/UI/FloatingButton/PassThroughWindow.swift /Users/admin/builder/spi-builder-workspace/Sources/NetworkInspector/UI/InspectorUIRouter.swift /Users/admin/builder/spi-builder-workspace/Sources/NetworkInspector/UI/LogDetail/JSONOutlineView.swift /Users/admin/builder/spi-builder-workspace/Sources/NetworkInspector/UI/LogDetail/LogDetailViewController.swift /Users/admin/builder/spi-builder-workspace/Sources/NetworkInspector/UI/LogDetail/RawResponseView.swift /Users/admin/builder/spi-builder-workspace/Sources/NetworkInspector/UI/LogDetail/RequestTabViewController.swift /Users/admin/builder/spi-builder-workspace/Sources/NetworkInspector/UI/LogDetail/ResponseBodyTabViewController.swift /Users/admin/builder/spi-builder-workspace/Sources/NetworkInspector/UI/LogDetail/ResponseStatusTabViewController.swift /Users/admin/builder/spi-builder-workspace/Sources/NetworkInspector/UI/LogList/ApiListViewController.swift /Users/admin/builder/spi-builder-workspace/Sources/NetworkInspector/UI/LogList/LogCell.swift /Users/admin/builder/spi-builder-workspace/Sources/NetworkInspector/UI/LogList/LogListViewController.swift /Users/admin/builder/spi-builder-workspace/Sources/NetworkInspector/UI/Shake/ShakeDetectingWindow.swift /Users/admin/builder/spi-builder-workspace/Sources/NetworkInspector/UI/Shake/ShakeWindowInstaller.swift /Users/admin/builder/spi-builder-workspace/Sources/NetworkInspector/UI/Utils/PrettyFormatter.swift -target arm64_32-apple-watchos7.0 -enable-objc-interop -sdk /Applications/Xcode-16.3.0.app/Contents/Developer/Platforms/WatchOS.platform/Developer/SDKs/WatchOS11.4.sdk -I /Users/admin/builder/spi-builder-workspace/.derivedData/Build/Products/Debug-watchos -I /Applications/Xcode-16.3.0.app/Contents/Developer/Platforms/WatchOS.platform/Developer/usr/lib -F /Users/admin/builder/spi-builder-workspace/.derivedData/Build/Products/Debug-watchos -F /Applications/Xcode-16.3.0.app/Contents/Developer/Platforms/WatchOS.platform/Developer/Library/Frameworks -F /Applications/Xcode-16.3.0.app/Contents/Developer/Platforms/WatchOS.platform/Developer/SDKs/WatchOS11.4.sdk/Developer/Library/Frameworks -no-color-diagnostics -enable-testing -g -debug-info-format\=dwarf -dwarf-version\=4 -module-cache-path /Users/admin/builder/spi-builder-workspace/.derivedData/ModuleCache.noindex -profile-generate -profile-coverage-mapping -swift-version 5 -enforce-exclusivity\=checked -Onone -D SWIFT_PACKAGE -D DEBUG -D Xcode -serialize-debugging-options -const-gather-protocols-file /Users/admin/builder/spi-builder-workspace/.derivedData/Build/Intermediates.noindex/NetworkInspector.build/Debug-watchos/NetworkInspector.build/Objects-normal/arm64_32/NetworkInspector_const_extract_protocols.json -enable-experimental-feature DebugDescriptionMacro -empty-abi-descriptor -plugin-path /Applications/Xcode-16.3.0.app/Contents/Developer/Toolchains/XcodeDefault.xctoolchain/usr/lib/swift/host/plugins/testing -validate-clang-modules-once -clang-build-session-file /Users/admin/builder/spi-builder-workspace/.derivedData/ModuleCache.noindex/Session.modulevalidation -Xcc -working-directory -Xcc /Users/admin/builder/spi-builder-workspace/.swiftpm/xcode -resource-dir /Applications/Xcode-16.3.0.app/Contents/Developer/Toolchains/XcodeDefault.xctoolchain/usr/lib/swift -enable-anonymous-context-mangled-names -file-compilation-dir /Users/admin/builder/spi-builder-workspace/.swiftpm/xcode -Xcc -ivfsstatcache -Xcc /Users/admin/builder/spi-builder-workspace/.derivedData/SDKStatCaches.noindex/watchos11.4-22T246-43efb940ff07ba2497b70ec94253f576.sdkstatcache -Xcc -I/Users/admin/builder/spi-builder-workspace/.derivedData/Build/Intermediates.noindex/NetworkInspector.build/Debug-watchos/NetworkInspector.build/swift-overrides.hmap -Xcc -I/Users/admin/builder/spi-builder-workspace/.derivedData/Build/Products/Debug-watchos/include -Xcc -I/Users/admin/builder/spi-builder-workspace/.derivedData/Build/Intermediates.noindex/NetworkInspector.build/Debug-watchos/NetworkInspector.build/DerivedSources-normal/arm64_32 -Xcc -I/Users/admin/builder/spi-builder-workspace/.derivedData/Build/Intermediates.noindex/NetworkInspector.build/Debug-watchos/NetworkInspector.build/DerivedSources/arm64_32 -Xcc -I/Users/admin/builder/spi-builder-workspace/.derivedData/Build/Intermediates.noindex/NetworkInspector.build/Debug-watchos/NetworkInspector.build/DerivedSources -Xcc -DSWIFT_PACKAGE -Xcc -DDEBUG\=1 -module-name NetworkInspector -package-name spi_builder_workspace -frontend-parseable-output -disable-clang-spi -target-sdk-version 11.4 -target-sdk-name watchos11.4 -external-plugin-path /Applications/Xcode-16.3.0.app/Contents/Developer/Platforms/WatchOS.platform/Developer/usr/lib/swift/host/plugins\#/Applications/Xcode-16.3.0.app/Contents/Developer/Platforms/WatchOS.platform/Developer/usr/bin/swift-plugin-server -external-plugin-path /Applications/Xcode-16.3.0.app/Contents/Developer/Platforms/WatchOS.platform/Developer/usr/local/lib/swift/host/plugins\#/Applications/Xcode-16.3.0.app/Contents/Developer/Platforms/WatchOS.platform/Developer/usr/bin/swift-plugin-server -in-process-plugin-server-path /Applications/Xcode-16.3.0.app/Contents/Developer/Toolchains/XcodeDefault.xctoolchain/usr/lib/swift/host/libSwiftInProcPluginServer.dylib -plugin-path /Applications/Xcode-16.3.0.app/Contents/Developer/Toolchains/XcodeDefault.xctoolchain/usr/lib/swift/host/plugins -plugin-path /Applications/Xcode-16.3.0.app/Contents/Developer/Toolchains/XcodeDefault.xctoolchain/usr/local/lib/swift/host/plugins -emit-module-doc-path /Users/admin/builder/spi-builder-workspace/.derivedData/Build/Intermediates.noindex/NetworkInspector.build/Debug-watchos/NetworkInspector.build/Objects-normal/arm64_32/NetworkInspector.swiftdoc -emit-module-source-info-path /Users/admin/builder/spi-builder-workspace/.derivedData/Build/Intermediates.noindex/NetworkInspector.build/Debug-watchos/NetworkInspector.build/Objects-normal/arm64_32/NetworkInspector.swiftsourceinfo -emit-objc-header-path /Users/admin/builder/spi-builder-workspace/.derivedData/Build/Intermediates.noindex/NetworkInspector.build/Debug-watchos/NetworkInspector.build/Objects-normal/arm64_32/NetworkInspector-Swift.h -serialize-diagnostics-path /Users/admin/builder/spi-builder-workspace/.derivedData/Build/Intermediates.noindex/NetworkInspector.build/Debug-watchos/NetworkInspector.build/Objects-normal/arm64_32/NetworkInspector-master-emit-module.dia -emit-dependencies-path /Users/admin/builder/spi-builder-workspace/.derivedData/Build/Intermediates.noindex/NetworkInspector.build/Debug-watchos/NetworkInspector.build/Objects-normal/arm64_32/NetworkInspector-master-emit-module.d -o /Users/admin/builder/spi-builder-workspace/.derivedData/Build/Intermediates.noindex/NetworkInspector.build/Debug-watchos/NetworkInspector.build/Objects-normal/arm64_32/NetworkInspector.swiftmodule -emit-abi-descriptor-path /Users/admin/builder/spi-builder-workspace/.derivedData/Build/Intermediates.noindex/NetworkInspector.build/Debug-watchos/NetworkInspector.build/Objects-normal/arm64_32/NetworkInspector.abi.json
SwiftCompile normal arm64_32 Compiling\ InspectorURLProtocol.swift,\ LeapInspector.swift,\ NetworkInterceptor.swift /Users/admin/builder/spi-builder-workspace/Sources/NetworkInspector/InspectorURLProtocol.swift /Users/admin/builder/spi-builder-workspace/Sources/NetworkInspector/LeapInspector.swift /Users/admin/builder/spi-builder-workspace/Sources/NetworkInspector/NetworkInterceptor.swift (in target 'NetworkInspector' from project 'NetworkInspector')
SwiftCompile normal arm64_32 /Users/admin/builder/spi-builder-workspace/Sources/NetworkInspector/InspectorURLProtocol.swift (in target 'NetworkInspector' from project 'NetworkInspector')
    cd /Users/admin/builder/spi-builder-workspace/.swiftpm/xcode

SwiftCompile normal arm64_32 /Users/admin/builder/spi-builder-workspace/Sources/NetworkInspector/LeapInspector.swift (in target 'NetworkInspector' from project 'NetworkInspector')
    cd /Users/admin/builder/spi-builder-workspace/.swiftpm/xcode

SwiftCompile normal arm64_32 /Users/admin/builder/spi-builder-workspace/Sources/NetworkInspector/NetworkInterceptor.swift (in target 'NetworkInspector' from project 'NetworkInspector')
    cd /Users/admin/builder/spi-builder-workspace/.swiftpm/xcode

SwiftCompile normal arm64_32 Compiling\ NetworkLog.swift,\ NetworkLogBuilder.swift,\ NetworkLogStore.swift /Users/admin/builder/spi-builder-workspace/Sources/NetworkInspector/NetworkLog.swift /Users/admin/builder/spi-builder-workspace/Sources/NetworkInspector/NetworkLogBuilder.swift /Users/admin/builder/spi-builder-workspace/Sources/NetworkInspector/NetworkLogStore.swift (in target 'NetworkInspector' from project 'NetworkInspector')
SwiftCompile normal arm64_32 /Users/admin/builder/spi-builder-workspace/Sources/NetworkInspector/NetworkLog.swift (in target 'NetworkInspector' from project 'NetworkInspector')
    cd /Users/admin/builder/spi-builder-workspace/.swiftpm/xcode

SwiftCompile normal arm64_32 /Users/admin/builder/spi-builder-workspace/Sources/NetworkInspector/NetworkLogBuilder.swift (in target 'NetworkInspector' from project 'NetworkInspector')
    cd /Users/admin/builder/spi-builder-workspace/.swiftpm/xcode

SwiftCompile normal arm64_32 /Users/admin/builder/spi-builder-workspace/Sources/NetworkInspector/NetworkLogStore.swift (in target 'NetworkInspector' from project 'NetworkInspector')
    cd /Users/admin/builder/spi-builder-workspace/.swiftpm/xcode

SwiftCompile normal arm64_32 Compiling\ FloatingInspectorButton.swift,\ FloatingInspectorWindow.swift /Users/admin/builder/spi-builder-workspace/Sources/NetworkInspector/UI/FloatingButton/FloatingInspectorButton.swift /Users/admin/builder/spi-builder-workspace/Sources/NetworkInspector/UI/FloatingButton/FloatingInspectorWindow.swift (in target 'NetworkInspector' from project 'NetworkInspector')
SwiftCompile normal arm64_32 /Users/admin/builder/spi-builder-workspace/Sources/NetworkInspector/UI/FloatingButton/FloatingInspectorButton.swift (in target 'NetworkInspector' from project 'NetworkInspector')
    cd /Users/admin/builder/spi-builder-workspace/.swiftpm/xcode

SwiftCompile normal arm64_32 /Users/admin/builder/spi-builder-workspace/Sources/NetworkInspector/UI/FloatingButton/FloatingInspectorWindow.swift (in target 'NetworkInspector' from project 'NetworkInspector')
    cd /Users/admin/builder/spi-builder-workspace/.swiftpm/xcode

SwiftCompile normal arm64_32 Compiling\ RawResponseView.swift,\ RequestTabViewController.swift /Users/admin/builder/spi-builder-workspace/Sources/NetworkInspector/UI/LogDetail/RawResponseView.swift /Users/admin/builder/spi-builder-workspace/Sources/NetworkInspector/UI/LogDetail/RequestTabViewController.swift (in target 'NetworkInspector' from project 'NetworkInspector')
SwiftCompile normal arm64_32 /Users/admin/builder/spi-builder-workspace/Sources/NetworkInspector/UI/LogDetail/RawResponseView.swift (in target 'NetworkInspector' from project 'NetworkInspector')
    cd /Users/admin/builder/spi-builder-workspace/.swiftpm/xcode

SwiftCompile normal arm64_32 /Users/admin/builder/spi-builder-workspace/Sources/NetworkInspector/UI/LogDetail/RequestTabViewController.swift (in target 'NetworkInspector' from project 'NetworkInspector')
    cd /Users/admin/builder/spi-builder-workspace/.swiftpm/xcode

SwiftCompile normal arm64_32 Compiling\ JSONOutlineView.swift,\ LogDetailViewController.swift /Users/admin/builder/spi-builder-workspace/Sources/NetworkInspector/UI/LogDetail/JSONOutlineView.swift /Users/admin/builder/spi-builder-workspace/Sources/NetworkInspector/UI/LogDetail/LogDetailViewController.swift (in target 'NetworkInspector' from project 'NetworkInspector')
SwiftCompile normal arm64_32 /Users/admin/builder/spi-builder-workspace/Sources/NetworkInspector/UI/LogDetail/JSONOutlineView.swift (in target 'NetworkInspector' from project 'NetworkInspector')
    cd /Users/admin/builder/spi-builder-workspace/.swiftpm/xcode

SwiftCompile normal arm64_32 /Users/admin/builder/spi-builder-workspace/Sources/NetworkInspector/UI/LogDetail/LogDetailViewController.swift (in target 'NetworkInspector' from project 'NetworkInspector')
    cd /Users/admin/builder/spi-builder-workspace/.swiftpm/xcode

SwiftCompile normal arm64_32 Compiling\ PassThroughWindow.swift,\ InspectorUIRouter.swift /Users/admin/builder/spi-builder-workspace/Sources/NetworkInspector/UI/FloatingButton/PassThroughWindow.swift /Users/admin/builder/spi-builder-workspace/Sources/NetworkInspector/UI/InspectorUIRouter.swift (in target 'NetworkInspector' from project 'NetworkInspector')
SwiftCompile normal arm64_32 /Users/admin/builder/spi-builder-workspace/Sources/NetworkInspector/UI/FloatingButton/PassThroughWindow.swift (in target 'NetworkInspector' from project 'NetworkInspector')
    cd /Users/admin/builder/spi-builder-workspace/.swiftpm/xcode

SwiftCompile normal arm64_32 /Users/admin/builder/spi-builder-workspace/Sources/NetworkInspector/UI/InspectorUIRouter.swift (in target 'NetworkInspector' from project 'NetworkInspector')
    cd /Users/admin/builder/spi-builder-workspace/.swiftpm/xcode

SwiftCompile normal arm64_32 Compiling\ ResponseBodyTabViewController.swift,\ ResponseStatusTabViewController.swift /Users/admin/builder/spi-builder-workspace/Sources/NetworkInspector/UI/LogDetail/ResponseBodyTabViewController.swift /Users/admin/builder/spi-builder-workspace/Sources/NetworkInspector/UI/LogDetail/ResponseStatusTabViewController.swift (in target 'NetworkInspector' from project 'NetworkInspector')
SwiftCompile normal arm64_32 /Users/admin/builder/spi-builder-workspace/Sources/NetworkInspector/UI/LogDetail/ResponseBodyTabViewController.swift (in target 'NetworkInspector' from project 'NetworkInspector')
    cd /Users/admin/builder/spi-builder-workspace/.swiftpm/xcode

SwiftCompile normal arm64_32 /Users/admin/builder/spi-builder-workspace/Sources/NetworkInspector/UI/LogDetail/ResponseStatusTabViewController.swift (in target 'NetworkInspector' from project 'NetworkInspector')
    cd /Users/admin/builder/spi-builder-workspace/.swiftpm/xcode

SwiftCompile normal arm64_32 Compiling\ ApiListViewController.swift,\ LogCell.swift /Users/admin/builder/spi-builder-workspace/Sources/NetworkInspector/UI/LogList/ApiListViewController.swift /Users/admin/builder/spi-builder-workspace/Sources/NetworkInspector/UI/LogList/LogCell.swift (in target 'NetworkInspector' from project 'NetworkInspector')
SwiftCompile normal arm64_32 /Users/admin/builder/spi-builder-workspace/Sources/NetworkInspector/UI/LogList/ApiListViewController.swift (in target 'NetworkInspector' from project 'NetworkInspector')
    cd /Users/admin/builder/spi-builder-workspace/.swiftpm/xcode

SwiftCompile normal arm64_32 /Users/admin/builder/spi-builder-workspace/Sources/NetworkInspector/UI/LogList/LogCell.swift (in target 'NetworkInspector' from project 'NetworkInspector')
    cd /Users/admin/builder/spi-builder-workspace/.swiftpm/xcode

SwiftCompile normal arm64_32 Compiling\ LogListViewController.swift,\ ShakeDetectingWindow.swift /Users/admin/builder/spi-builder-workspace/Sources/NetworkInspector/UI/LogList/LogListViewController.swift /Users/admin/builder/spi-builder-workspace/Sources/NetworkInspector/UI/Shake/ShakeDetectingWindow.swift (in target 'NetworkInspector' from project 'NetworkInspector')
SwiftCompile normal arm64_32 /Users/admin/builder/spi-builder-workspace/Sources/NetworkInspector/UI/LogList/LogListViewController.swift (in target 'NetworkInspector' from project 'NetworkInspector')
    cd /Users/admin/builder/spi-builder-workspace/.swiftpm/xcode

SwiftCompile normal arm64_32 /Users/admin/builder/spi-builder-workspace/Sources/NetworkInspector/UI/Shake/ShakeDetectingWindow.swift (in target 'NetworkInspector' from project 'NetworkInspector')
    cd /Users/admin/builder/spi-builder-workspace/.swiftpm/xcode

** BUILD FAILED **
The following build commands failed:
	EmitSwiftModule normal arm64_32 (in target 'NetworkInspector' from project 'NetworkInspector')
	SwiftEmitModule normal arm64_32 Emitting\ module\ for\ NetworkInspector (in target 'NetworkInspector' from project 'NetworkInspector')
	Building workspace spi-builder-workspace with scheme NetworkInspector
(3 failures)
BUILD FAILURE 6.1 watchOS