The Swift Package Index logo.Swift Package Index

Build Information

Failed to build SpeziVapor, reference 0.1.1 (701ef3), with Swift 6.4 for Android on 24 Sep 2026 11:57:16 UTC.

Build Command

bash -c docker run --pull=always --rm -v "checkouts-54344847-0":/host -w "$PWD" -e JAVA_HOME="/root/.sdkman/candidates/java/current" -e SPI_BUILD="1" -e SPI_PROCESSING="1" registry.gitlab.com/saguaro1/spi-images:android-6.4-latest swift build --swift-sdk aarch64-unknown-linux-android28 2>&1

Build Log

========================================
RunAll
========================================
Builder version: 5.1.0
Interrupt handler set up.
========================================
Checkout
========================================
Clone URL: https://github.com/StanfordSpezi/SpeziVapor.git
Reference: 0.1.1
Initialized empty Git repository in /host/spi-builder-workspace/.git/
hint: Using 'master' as the name for the initial branch. This default branch name
hint: is subject to change. To configure the initial branch name to use in all
hint: of your new repositories, which will suppress this warning, call:
hint:
hint: 	git config --global init.defaultBranch <name>
hint:
hint: Names commonly chosen instead of 'master' are 'main', 'trunk' and
hint: 'development'. The just-created branch can be renamed via this command:
hint:
hint: 	git branch -m <name>
From https://github.com/StanfordSpezi/SpeziVapor
 * tag               0.1.1      -> FETCH_HEAD
HEAD is now at 701ef30 Adopt unified Swift package CI workflow (#3)
Cloned https://github.com/StanfordSpezi/SpeziVapor.git
Revision (git rev-parse @):
701ef305c5e33b64503c4707e182850db399fc5b
SPI manifest file found: $PWD/.spi.yml
SUCCESS checkout https://github.com/StanfordSpezi/SpeziVapor.git at 0.1.1
========================================
Build
========================================
Selected platform:         android
Swift version:             6.4
Building package at path:  $PWD
https://github.com/StanfordSpezi/SpeziVapor.git
Running build ...
bash -c docker run --pull=always --rm -v "checkouts-54344847-0":/host -w "$PWD" -e JAVA_HOME="/root/.sdkman/candidates/java/current" -e SPI_BUILD="1" -e SPI_PROCESSING="1" registry.gitlab.com/saguaro1/spi-images:android-6.4-latest swift build --swift-sdk aarch64-unknown-linux-android28 2>&1
android-6.4-latest: Pulling from saguaro1/spi-images
Digest: sha256:abadcff584c273feba50641b454858d377ba30b35ea7287a94f45ebd8afd0ea0
Status: Image is up to date for registry.gitlab.com/saguaro1/spi-images:android-6.4-latest
Fetching https://github.com/vapor/vapor.git
Fetching https://github.com/StanfordSpezi/Spezi.git
[1/10350] Fetching spezi
[10351/93092] Fetching spezi, vapor
Fetched https://github.com/StanfordSpezi/Spezi.git (2.28s)
Fetched https://github.com/vapor/vapor.git (2.29s)
Computing version for https://github.com/StanfordSpezi/Spezi.git
Computed https://github.com/StanfordSpezi/Spezi.git at 1.10.2 (2.53s)
Fetching https://github.com/apple/swift-collections.git
Fetching https://github.com/StanfordSpezi/SpeziFoundation.git
Fetching https://github.com/StanfordBDHG/XCTRuntimeAssertions.git
[1/735] Fetching xctruntimeassertions
[736/3924] Fetching xctruntimeassertions, spezifoundation
[3925/31617] Fetching xctruntimeassertions, spezifoundation, swift-collections
Fetched https://github.com/StanfordBDHG/XCTRuntimeAssertions.git (1.24s)
Fetched https://github.com/StanfordSpezi/SpeziFoundation.git (1.24s)
Fetched https://github.com/apple/swift-collections.git (1.25s)
Computing version for https://github.com/StanfordBDHG/XCTRuntimeAssertions.git
Computed https://github.com/StanfordBDHG/XCTRuntimeAssertions.git at 2.2.0 (1.48s)
Computing version for https://github.com/StanfordSpezi/SpeziFoundation.git
Computed https://github.com/StanfordSpezi/SpeziFoundation.git at 2.7.7 (0.24s)
Fetching https://github.com/StanfordBDHG/zstd.git
Fetching https://github.com/apple/swift-atomics.git
Fetching https://github.com/StanfordBDHG/ThreadLocal.git
Fetching https://github.com/apple/swift-algorithms.git
Fetching https://github.com/apple/swift-log
[1/6145] Fetching swift-algorithms
[370/8026] Fetching swift-algorithms, swift-atomics
[5122/8209] Fetching swift-algorithms, swift-atomics, threadlocal
[6696/71366] Fetching swift-algorithms, swift-atomics, threadlocal, zstd
Fetched https://github.com/StanfordBDHG/ThreadLocal.git (0.49s)
[8010/79348] Fetching swift-algorithms, swift-atomics, zstd, swift-log
Fetched https://github.com/apple/swift-algorithms.git (0.53s)
[5654/73203] Fetching swift-atomics, zstd, swift-log
Fetched https://github.com/apple/swift-atomics.git (0.61s)
Fetched https://github.com/apple/swift-log (0.62s)
[12000/63157] Fetching zstd
Fetched https://github.com/StanfordBDHG/zstd.git (2.00s)
Computing version for https://github.com/apple/swift-algorithms.git
Computed https://github.com/apple/swift-algorithms.git at 1.2.1 (3.05s)
Fetching https://github.com/apple/swift-numerics.git
[1/6640] Fetching swift-numerics
Fetched https://github.com/apple/swift-numerics.git (0.59s)
Computing version for https://github.com/apple/swift-atomics.git
Computed https://github.com/apple/swift-atomics.git at 1.3.1 (0.77s)
Computing version for https://github.com/StanfordBDHG/ThreadLocal.git
Computed https://github.com/StanfordBDHG/ThreadLocal.git at 0.1.3 (0.16s)
Fetching https://github.com/swiftlang/swift-syntax.git
[1/80027] Fetching swift-syntax
Fetched https://github.com/swiftlang/swift-syntax.git (2.96s)
Computing version for https://github.com/apple/swift-numerics.git
Computed https://github.com/apple/swift-numerics.git at 1.1.1 (3.14s)
Computing version for https://github.com/swiftlang/swift-syntax.git
Computed https://github.com/swiftlang/swift-syntax.git at 603.0.2 (0.31s)
Computing version for https://github.com/apple/swift-collections.git
Computed https://github.com/apple/swift-collections.git at 1.7.0 (0.28s)
Computing version for https://github.com/vapor/vapor.git
Computed https://github.com/vapor/vapor.git at 4.122.2 (0.19s)
Fetching https://github.com/vapor/multipart-kit.git
Fetching https://github.com/apple/swift-asn1.git
Fetching https://github.com/apple/swift-certificates.git
Fetching https://github.com/apple/swift-nio.git
Fetching https://github.com/vapor/websocket-kit.git
Fetching https://github.com/apple/swift-nio-ssl.git
[1/1983] Fetching swift-asn1
[41/18048] Fetching swift-asn1, swift-nio-ssl
[1874/20729] Fetching swift-asn1, swift-nio-ssl, websocket-kit
[2858/27007] Fetching swift-asn1, swift-nio-ssl, websocket-kit, multipart-kit
[7744/34582] Fetching swift-asn1, swift-nio-ssl, websocket-kit, multipart-kit, swift-certificates
Fetched https://github.com/vapor/websocket-kit.git (0.54s)
[5224/31901] Fetching swift-asn1, swift-nio-ssl, multipart-kit, swift-certificates
Fetching https://github.com/vapor/routing-kit.git
[27257/117992] Fetching swift-asn1, swift-nio-ssl, multipart-kit, swift-certificates, swift-nio
[30701/139547] Fetching swift-asn1, swift-nio-ssl, multipart-kit, swift-certificates, swift-nio, routing-kit
Fetched https://github.com/apple/swift-nio-ssl.git (1.08s)
[39356/123482] Fetching swift-asn1, multipart-kit, swift-certificates, swift-nio, routing-kit
Fetching https://github.com/apple/swift-metrics.git
Fetched https://github.com/apple/swift-asn1.git (1.16s)
[54341/121499] Fetching multipart-kit, swift-certificates, swift-nio, routing-kit
Fetching https://github.com/vapor/console-kit.git
Fetched https://github.com/vapor/multipart-kit.git (1.18s)
[55383/115221] Fetching swift-certificates, swift-nio, routing-kit
Fetching https://github.com/apple/swift-service-context.git
Fetched https://github.com/vapor/routing-kit.git (0.77s)
Fetching https://github.com/swift-server/async-http-client.git
[60091/93666] Fetching swift-certificates, swift-nio
[66118/97182] Fetching swift-certificates, swift-nio, swift-metrics
Fetched https://github.com/apple/swift-metrics.git (0.49s)
Fetching https://github.com/apple/swift-nio-http2.git
[67839/93666] Fetching swift-certificates, swift-nio
[67840/100509] Fetching swift-certificates, swift-nio, console-kit
[70275/101885] Fetching swift-certificates, swift-nio, console-kit, swift-service-context
Fetched https://github.com/vapor/console-kit.git (0.55s)
Fetching https://github.com/apple/swift-nio-extras.git
Fetched https://github.com/apple/swift-service-context.git (0.53s)
Fetching https://github.com/apple/swift-crypto.git
[71283/93666] Fetching swift-certificates, swift-nio
[77310/109883] Fetching swift-certificates, swift-nio, async-http-client
[107677/122135] Fetching swift-certificates, swift-nio, async-http-client, swift-nio-http2
[111967/140684] Fetching swift-certificates, swift-nio, async-http-client, swift-nio-http2, swift-crypto
[113322/147374] Fetching swift-certificates, swift-nio, async-http-client, swift-nio-http2, swift-crypto, swift-nio-extras
Fetched https://github.com/swift-server/async-http-client.git (1.09s)
Fetched https://github.com/apple/swift-nio-extras.git (0.70s)
Fetching https://github.com/apple/swift-distributed-tracing.git
Fetching https://github.com/vapor/async-kit.git
[107959/124467] Fetching swift-certificates, swift-nio, swift-nio-http2, swift-crypto
Fetched https://github.com/apple/swift-nio-http2.git (1.10s)
[98304/112215] Fetching swift-certificates, swift-nio, swift-crypto
[105910/114729] Fetching swift-certificates, swift-nio, swift-crypto, async-kit
Fetched https://github.com/vapor/async-kit.git (0.51s)
[111288/112215] Fetching swift-certificates, swift-nio, swift-crypto
[112031/118560] Fetching swift-certificates, swift-nio, swift-crypto, swift-distributed-tracing
Fetched https://github.com/apple/swift-distributed-tracing.git (0.73s)
Fetched https://github.com/apple/swift-crypto.git (1.51s)
Fetched https://github.com/apple/swift-certificates.git (3.39s)
Fetched https://github.com/apple/swift-nio.git (3.43s)
Computing version for https://github.com/vapor/routing-kit.git
Computed https://github.com/vapor/routing-kit.git at 4.9.3 (3.59s)
Computing version for https://github.com/apple/swift-service-context.git
Computed https://github.com/apple/swift-service-context.git at 1.3.0 (0.17s)
Computing version for https://github.com/vapor/websocket-kit.git
Computed https://github.com/vapor/websocket-kit.git at 2.16.2 (0.15s)
Fetching https://github.com/apple/swift-nio-transport-services.git
[1/2863] Fetching swift-nio-transport-services
Fetched https://github.com/apple/swift-nio-transport-services.git (0.51s)
Computing version for https://github.com/vapor/console-kit.git
Computed https://github.com/vapor/console-kit.git at 4.16.1 (0.69s)
Computing version for https://github.com/apple/swift-log
Computed https://github.com/apple/swift-log at 1.15.1 (0.19s)
Computing version for https://github.com/vapor/async-kit.git
Computed https://github.com/vapor/async-kit.git at 1.22.0 (0.15s)
Computing version for https://github.com/apple/swift-metrics.git
Computed https://github.com/apple/swift-metrics.git at 2.11.0 (0.17s)
Computing version for https://github.com/apple/swift-nio-ssl.git
Computed https://github.com/apple/swift-nio-ssl.git at 2.37.5 (0.22s)
Computing version for https://github.com/apple/swift-nio.git
Computed https://github.com/apple/swift-nio.git at 2.103.0 (0.33s)
Fetching https://github.com/apple/swift-system.git
[1/6916] Fetching swift-system
Fetched https://github.com/apple/swift-system.git (0.73s)
Computing version for https://github.com/vapor/multipart-kit.git
Computed https://github.com/vapor/multipart-kit.git at 4.7.1 (0.90s)
Computing version for https://github.com/apple/swift-distributed-tracing.git
Computed https://github.com/apple/swift-distributed-tracing.git at 1.5.0 (0.18s)
Computing version for https://github.com/apple/swift-asn1.git
Computed https://github.com/apple/swift-asn1.git at 1.7.3 (0.21s)
Computing version for https://github.com/apple/swift-certificates.git
Computed https://github.com/apple/swift-certificates.git at 1.21.0 (0.24s)
Computing version for https://github.com/apple/swift-nio-transport-services.git
Computed https://github.com/apple/swift-nio-transport-services.git at 1.28.0 (0.20s)
Computing version for https://github.com/apple/swift-crypto.git
Computed https://github.com/apple/swift-crypto.git at 4.5.2 (0.28s)
Computing version for https://github.com/apple/swift-system.git
Computed https://github.com/apple/swift-system.git at 1.8.1 (0.21s)
Computing version for https://github.com/apple/swift-nio-extras.git
Computed https://github.com/apple/swift-nio-extras.git at 1.35.1 (0.32s)
Fetching https://github.com/swift-server/swift-service-lifecycle.git
Fetching https://github.com/apple/swift-http-structured-headers.git
Fetching https://github.com/apple/swift-async-algorithms.git
Fetching https://github.com/apple/swift-http-types.git
[1/2843] Fetching swift-service-lifecycle
[2844/4778] Fetching swift-service-lifecycle, swift-http-types
[4779/6031] Fetching swift-service-lifecycle, swift-http-types, swift-http-structured-headers
[4867/12763] Fetching swift-service-lifecycle, swift-http-types, swift-http-structured-headers, swift-async-algorithms
Fetched https://github.com/apple/swift-http-structured-headers.git (1.16s)
Fetched https://github.com/apple/swift-http-types.git (1.16s)
Fetched https://github.com/swift-server/swift-service-lifecycle.git (1.16s)
Fetched https://github.com/apple/swift-async-algorithms.git (1.16s)
Computing version for https://github.com/swift-server/swift-service-lifecycle.git
Computed https://github.com/swift-server/swift-service-lifecycle.git at 2.12.0 (1.35s)
Computing version for https://github.com/apple/swift-async-algorithms.git
Computed https://github.com/apple/swift-async-algorithms.git at 1.1.5 (0.21s)
Computing version for https://github.com/apple/swift-http-structured-headers.git
Computed https://github.com/apple/swift-http-structured-headers.git at 1.7.0 (0.18s)
Computing version for https://github.com/apple/swift-http-types.git
Computed https://github.com/apple/swift-http-types.git at 1.8.0 (0.21s)
Computing version for https://github.com/apple/swift-nio-http2.git
Computed https://github.com/apple/swift-nio-http2.git at 1.46.0 (0.19s)
Computing version for https://github.com/swift-server/async-http-client.git
Computed https://github.com/swift-server/async-http-client.git at 1.36.1 (0.21s)
Fetching https://github.com/apple/swift-configuration.git
[1/3779] Fetching swift-configuration
Fetched https://github.com/apple/swift-configuration.git (0.52s)
Computing version for https://github.com/apple/swift-configuration.git
Computed https://github.com/apple/swift-configuration.git at 1.2.1 (0.77s)
Computing version for https://github.com/StanfordBDHG/zstd.git
Computed https://github.com/StanfordBDHG/zstd.git at 1.5.8-beta.1 (0.19s)
Creating working copy for https://github.com/apple/swift-nio-http2.git
Working copy of https://github.com/apple/swift-nio-http2.git resolved at 1.46.0
Creating working copy for https://github.com/apple/swift-configuration.git
Working copy of https://github.com/apple/swift-configuration.git resolved at 1.2.1
Creating working copy for https://github.com/apple/swift-algorithms.git
Working copy of https://github.com/apple/swift-algorithms.git resolved at 1.2.1
Creating working copy for https://github.com/vapor/vapor.git
Working copy of https://github.com/vapor/vapor.git resolved at 4.122.2
Creating working copy for https://github.com/vapor/multipart-kit.git
Working copy of https://github.com/vapor/multipart-kit.git resolved at 4.7.1
Creating working copy for https://github.com/StanfordBDHG/ThreadLocal.git
Working copy of https://github.com/StanfordBDHG/ThreadLocal.git resolved at 0.1.3
Creating working copy for https://github.com/StanfordSpezi/Spezi.git
Working copy of https://github.com/StanfordSpezi/Spezi.git resolved at 1.10.2
Creating working copy for https://github.com/StanfordSpezi/SpeziFoundation.git
Working copy of https://github.com/StanfordSpezi/SpeziFoundation.git resolved at 2.7.7
Creating working copy for https://github.com/apple/swift-service-context.git
Working copy of https://github.com/apple/swift-service-context.git resolved at 1.3.0
Creating working copy for https://github.com/StanfordBDHG/XCTRuntimeAssertions.git
Working copy of https://github.com/StanfordBDHG/XCTRuntimeAssertions.git resolved at 2.2.0
Creating working copy for https://github.com/apple/swift-crypto.git
Working copy of https://github.com/apple/swift-crypto.git resolved at 4.5.2
Creating working copy for https://github.com/apple/swift-asn1.git
Working copy of https://github.com/apple/swift-asn1.git resolved at 1.7.3
Creating working copy for https://github.com/apple/swift-collections.git
Working copy of https://github.com/apple/swift-collections.git resolved at 1.7.0
Creating working copy for https://github.com/swiftlang/swift-syntax.git
Working copy of https://github.com/swiftlang/swift-syntax.git resolved at 603.0.2
Creating working copy for https://github.com/apple/swift-numerics.git
Working copy of https://github.com/apple/swift-numerics.git resolved at 1.1.1
Creating working copy for https://github.com/apple/swift-nio-transport-services.git
Working copy of https://github.com/apple/swift-nio-transport-services.git resolved at 1.28.0
Creating working copy for https://github.com/apple/swift-certificates.git
Working copy of https://github.com/apple/swift-certificates.git resolved at 1.21.0
Creating working copy for https://github.com/apple/swift-distributed-tracing.git
Working copy of https://github.com/apple/swift-distributed-tracing.git resolved at 1.5.0
Creating working copy for https://github.com/apple/swift-http-types.git
Working copy of https://github.com/apple/swift-http-types.git resolved at 1.8.0
Creating working copy for https://github.com/apple/swift-system.git
Working copy of https://github.com/apple/swift-system.git resolved at 1.8.1
Creating working copy for https://github.com/vapor/console-kit.git
Working copy of https://github.com/vapor/console-kit.git resolved at 4.16.1
Creating working copy for https://github.com/apple/swift-nio-extras.git
Working copy of https://github.com/apple/swift-nio-extras.git resolved at 1.35.1
Creating working copy for https://github.com/swift-server/async-http-client.git
Working copy of https://github.com/swift-server/async-http-client.git resolved at 1.36.1
Creating working copy for https://github.com/apple/swift-http-structured-headers.git
Working copy of https://github.com/apple/swift-http-structured-headers.git resolved at 1.7.0
Creating working copy for https://github.com/apple/swift-async-algorithms.git
Working copy of https://github.com/apple/swift-async-algorithms.git resolved at 1.1.5
Creating working copy for https://github.com/apple/swift-metrics.git
Working copy of https://github.com/apple/swift-metrics.git resolved at 2.11.0
Creating working copy for https://github.com/apple/swift-nio-ssl.git
Working copy of https://github.com/apple/swift-nio-ssl.git resolved at 2.37.5
Creating working copy for https://github.com/swift-server/swift-service-lifecycle.git
Working copy of https://github.com/swift-server/swift-service-lifecycle.git resolved at 2.12.0
Creating working copy for https://github.com/apple/swift-nio.git
Working copy of https://github.com/apple/swift-nio.git resolved at 2.103.0
Creating working copy for https://github.com/StanfordBDHG/zstd.git
Working copy of https://github.com/StanfordBDHG/zstd.git resolved at 1.5.8-beta.1
Creating working copy for https://github.com/vapor/routing-kit.git
Working copy of https://github.com/vapor/routing-kit.git resolved at 4.9.3
Creating working copy for https://github.com/vapor/websocket-kit.git
Working copy of https://github.com/vapor/websocket-kit.git resolved at 2.16.2
Creating working copy for https://github.com/vapor/async-kit.git
Working copy of https://github.com/vapor/async-kit.git resolved at 1.22.0
Creating working copy for https://github.com/apple/swift-log
Working copy of https://github.com/apple/swift-log resolved at 1.15.1
Creating working copy for https://github.com/apple/swift-atomics.git
Working copy of https://github.com/apple/swift-atomics.git resolved at 1.3.1
Building for debugging...
[Computing dependencies]
[Provisioning 1 / 164]
[Constructing description]
[Pre-planning 1 / 3388]
[Planning 1 / 3388]
[Planning 1721 / 3388]
[Planning 2668 / 3388]
[Planning 3384 / 3388]
[Planning deferred tasks]
[Constructing 1 / 8174]
[Constructing 4278 / 8174]
[Starting]
[196 / 2068] SwiftOperators
warning: no rule to process file '/host/spi-builder-workspace/.build/checkouts/SpeziFoundation/Sources/SpeziFoundation/Resources/Localizable.xcstrings' of type 'text.json.xcstrings' for architecture 'aarch64'
[615 / 2068] libzstd
[617 / 2068] libzstd
[622 / 2068] libzstd
[630 / 2068] libzstd
[633 / 2068] libzstd
[635 / 2068] libzstd
[650 / 2080] SystemPackage
[653 / 2089] _NIOBase64
[664 / 2089] _CertificateInternals
[666 / 2089] _NIODataStructures
[673 / 2089] _NIOBase64
[684 / 2090] SystemPackage-product
[688 / 2091] _NIOBase64
[694 / 2095] SwiftSyntax603
[704 / 2098] SwiftSyntax602
[711 / 2098] SystemPackage
[720 / 2104] SwiftSyntax601
[747 / 2131] RealModule
[753 / 2157] ServiceContextModule
[758 / 2166] Logging
[771 / 2176] CryptoBoringWrapper
[772 / 2183] CryptoBoringWrapper
[772 / 2183] InternalCollectionsUtilities
[785 / 2188] RuntimeAssertions
[809 / 2192] SwiftSyntax509
[820 / 2192] SwiftSyntax602
[829 / 2193] SwiftASN1
[836 / 2194] ServiceContextModule
[838 / 2194] SwiftASN1
[842 / 2195] ServiceContextModule
[845 / 2195] RuntimeAssertions-product
[848 / 2195] RealModule
[851 / 2196] SwiftASN1
[856 / 2196] RealModule
error: SwiftCompile normal aarch64 /host/spi-builder-workspace/.build/checkouts/XCTRuntimeAssertions/Sources/RuntimeAssertions/RuntimePrecondition.swift failed with a nonzero exit code. Command line:     cd /host
    builtin-SwiftPerFileCompile RuntimePrecondition.swift
/host/spi-builder-workspace/.build/checkouts/XCTRuntimeAssertions/Sources/RuntimeAssertions/RuntimePrecondition.swift:41:5: error: cannot find 'usleep' in scope
39 |     // `wait(for: [expectation], timeout: timeout)`
40 |     // here as we need to make the method independent of XCTestCase to also use it in our TestApp UITest target which fails if you import XCTest.
41 |     usleep(useconds_t(1_000_000 * timeout))
   |     `- error: cannot find 'usleep' in scope
42 |     expressionWorkItem.cancel()
43 | }
/host/spi-builder-workspace/.build/checkouts/XCTRuntimeAssertions/Sources/RuntimeAssertions/RuntimePrecondition.swift:67:5: error: cannot find 'usleep' in scope
65 |     // `wait(for: [expectation], timeout: timeout)`
66 |     // here as we need to make the method independent of XCTestCase to also use it in our TestApp UITest target which fails if you import XCTest.
67 |     usleep(useconds_t(1_000_000 * timeout))
   |     `- error: cannot find 'usleep' in scope
68 |     task.cancel()
69 | }
Failed frontend command:
/root/.local/share/swiftly/toolchains/6.4.x-snapshot-2026-09-04/usr/bin/swift-frontend -frontend -c /host/spi-builder-workspace/.build/checkouts/XCTRuntimeAssertions/Sources/RuntimeAssertions/Assert.swift /host/spi-builder-workspace/.build/checkouts/XCTRuntimeAssertions/Sources/RuntimeAssertions/Counter.swift /host/spi-builder-workspace/.build/checkouts/XCTRuntimeAssertions/Sources/RuntimeAssertions/DebugOnly.swift /host/spi-builder-workspace/.build/checkouts/XCTRuntimeAssertions/Sources/RuntimeAssertions/NeverReturn.swift /host/spi-builder-workspace/.build/checkouts/XCTRuntimeAssertions/Sources/RuntimeAssertions/Precondition.swift /host/spi-builder-workspace/.build/checkouts/XCTRuntimeAssertions/Sources/RuntimeAssertions/RuntimeAssertion.swift /host/spi-builder-workspace/.build/checkouts/XCTRuntimeAssertions/Sources/RuntimeAssertions/RuntimeAssertionInjection.swift -primary-file /host/spi-builder-workspace/.build/checkouts/XCTRuntimeAssertions/Sources/RuntimeAssertions/RuntimePrecondition.swift -emit-dependencies-path /host/spi-builder-workspace/.build/out/Intermediates.noindex/RuntimeAssertions.build/Debug-android-aarch64/RuntimeAssertions-t.build/Objects-normal/aarch64/RuntimePrecondition.d -emit-const-values-path /host/spi-builder-workspace/.build/out/Intermediates.noindex/RuntimeAssertions.build/Debug-android-aarch64/RuntimeAssertions-t.build/Objects-normal/aarch64/RuntimePrecondition.swiftconstvalues -emit-reference-dependencies-path /host/spi-builder-workspace/.build/out/Intermediates.noindex/RuntimeAssertions.build/Debug-android-aarch64/RuntimeAssertions-t.build/Objects-normal/aarch64/RuntimePrecondition.swiftdeps -serialize-diagnostics-path /host/spi-builder-workspace/.build/out/Intermediates.noindex/RuntimeAssertions.build/Debug-android-aarch64/RuntimeAssertions-t.build/Objects-normal/aarch64/RuntimePrecondition.dia -target aarch64-unknown-linux-android28 -Xllvm -aarch64-use-tbi -disable-objc-interop -sdk /android-ndk/android-ndk-r27d/toolchains/llvm/prebuilt/linux-x86_64/sysroot -sysroot /android-ndk/android-ndk-r27d/toolchains/llvm/prebuilt/linux-x86_64/sysroot -I /host/spi-builder-workspace/.build/out/Products/Debug-android-aarch64 -module-cache-path /host/spi-builder-workspace/.build/out/ModuleCache.noindex -color-diagnostics -Xcc -fcolor-diagnostics -enable-testing -g -debug-info-format\=dwarf -dwarf-version\=4 -suppress-warnings -swift-version 5 -Onone -D SWIFT_PACKAGE -D DEBUG -D SWIFT_MODULE_RESOURCE_BUNDLE_UNAVAILABLE -D Xcode -serialize-debugging-options -enable-experimental-feature DebugDescriptionMacro -empty-abi-descriptor -external-plugin-path /root/.local/share/swiftly/toolchains/6.4.x-snapshot-2026-09-04/usr/lib/swift/host/plugins/testing\#/root/.local/share/swiftly/toolchains/6.4.x-snapshot-2026-09-04/usr/bin/swift-plugin-server -user-module-version 2.2.0 -validate-clang-modules-once -clang-build-session-file /host/spi-builder-workspace/.build/out/ModuleCache.noindex/Session.modulevalidation -Xcc -working-directory -Xcc /host -resource-dir /root/.swiftpm/swift-sdks/swift-6.4.x-DEVELOPMENT-SNAPSHOT-2026-09-04-a_android.artifactbundle/swift-android/swift-resources/usr/lib/swift-aarch64 -enable-anonymous-context-mangled-names -file-compilation-dir /host -Xcc -resource-dir -Xcc /android-ndk/android-ndk-r27d/toolchains/llvm/prebuilt/linux-x86_64/lib/clang/18 -Xcc -fno-omit-frame-pointer -Xcc -D_LIBCPP_HARDENING_MODE\=_LIBCPP_HARDENING_MODE_DEBUG -Xcc -fmodules-prune-interval\=86400 -Xcc -fmodules-prune-after\=345600 -Xcc -I/host/spi-builder-workspace/.build/out/Products/Debug-android-aarch64/include -Xcc -I/host/spi-builder-workspace/.build/out/Intermediates.noindex/RuntimeAssertions.build/Debug-android-aarch64/RuntimeAssertions-t.build/DerivedSources-normal/aarch64 -Xcc -I/host/spi-builder-workspace/.build/out/Intermediates.noindex/RuntimeAssertions.build/Debug-android-aarch64/RuntimeAssertions-t.build/DerivedSources/aarch64 -Xcc -I/host/spi-builder-workspace/.build/out/Intermediates.noindex/RuntimeAssertions.build/Debug-android-aarch64/RuntimeAssertions-t.build/DerivedSources -Xcc -DSWIFT_PACKAGE -Xcc -DDEBUG\=1 -no-auto-bridging-header-chaining -module-name RuntimeAssertions -package-name xctruntimeassertions -const-gather-protocols-file /host/spi-builder-workspace/.build/out/Intermediates.noindex/RuntimeAssertions.build/Debug-android-aarch64/RuntimeAssertions-t.build/Objects-normal/aarch64/RuntimeAssertions_const_extract_protocols.json -in-process-plugin-server-path /root/.local/share/swiftly/toolchains/6.4.x-snapshot-2026-09-04/usr/lib/swift/host/libSwiftInProcPluginServer.so -plugin-path /root/.local/share/swiftly/toolchains/6.4.x-snapshot-2026-09-04/usr/lib/swift/host/plugins -plugin-path /root/.local/share/swiftly/toolchains/6.4.x-snapshot-2026-09-04/usr/local/lib/swift/host/plugins -parse-as-library -o /host/spi-builder-workspace/.build/out/Intermediates.noindex/RuntimeAssertions.build/Debug-android-aarch64/RuntimeAssertions-t.build/Objects-normal/aarch64/RuntimePrecondition.o -index-unit-output-path /RuntimeAssertions.build/Debug-android-aarch64/RuntimeAssertions-t.build/Objects-normal/aarch64/RuntimePrecondition.o -index-store-path /host/spi-builder-workspace/.build/out -index-system-modules
error: Build failed
BUILD FAILURE 6.4 android