The Swift Package Index logo.Swift Package Index

Build Information

Failed to build WandMotion, reference main (ebe444), with Swift 6.4 for watchOS using Xcode 27.0 on 22 Sep 2026 13:33:37 UTC.

Build Command

env DEVELOPER_DIR=/Applications/Xcode-27.0.0-Release.Candidate.app xcrun xcodebuild -IDEClonedSourcePackagesDirPathOverride=$PWD/.dependencies -skipMacroValidation -skipPackagePluginValidation -derivedDataPath $PWD/.derivedData build -scheme WandMotion -destination generic/platform=watchOS

Build Log

SwiftExplicitDependencyGeneratePcm arm64 /Users/admin/builder/spi-builder-workspace/.derivedData/SDKExplicitPrecompiledModules/_Builtin_stdbool-83J96QSOFE9VX04AAS6310UAE.pcm
SwiftExplicitDependencyGeneratePcm arm64 /Users/admin/builder/spi-builder-workspace/.derivedData/SDKExplicitPrecompiledModules/ptrauth-3TZ9WJCGLYD25HQPWH4968ONX.pcm
SwiftExplicitDependencyGeneratePcm arm64 /Users/admin/builder/spi-builder-workspace/.derivedData/SDKExplicitPrecompiledModules/_Builtin_float-C0CW5Q4HGBQYKE77TC42IAFB5.pcm
SwiftExplicitDependencyGeneratePcm arm64 /Users/admin/builder/spi-builder-workspace/.derivedData/SDKExplicitPrecompiledModules/ptrcheck-AIF0NDOYZ8ORBNHQAQR5NNB8M.pcm
SwiftExplicitDependencyGeneratePcm arm64 /Users/admin/builder/spi-builder-workspace/.derivedData/SDKExplicitPrecompiledModules/_Builtin_stdarg-A7UU8LE6MP85SM26YO7PBZNUQ.pcm
SwiftExplicitDependencyGeneratePcm arm64 /Users/admin/builder/spi-builder-workspace/.derivedData/SDKExplicitPrecompiledModules/SwiftShims-4MXFZPV6FEB0XBYXCGPWAMQGL.pcm
SwiftExplicitDependencyGeneratePcm arm64 /Users/admin/builder/spi-builder-workspace/.derivedData/SDKExplicitPrecompiledModules/_Builtin_stddef-1FU30Y8SWFB7OUUHMJQH5J6FM.pcm
SwiftExplicitDependencyGeneratePcm arm64 /Users/admin/builder/spi-builder-workspace/.derivedData/SDKExplicitPrecompiledModules/_SwiftConcurrencyShims-659N52XSKR5F0QSB880BH2FJR.pcm
SwiftExplicitDependencyGeneratePcm arm64 /Users/admin/builder/spi-builder-workspace/.derivedData/SDKExplicitPrecompiledModules/_AvailabilityInternal-BUNV3UXM65NT37THI4W1AM0SF.pcm
SwiftExplicitDependencyGeneratePcm arm64_32 /Users/admin/builder/spi-builder-workspace/.derivedData/SDKExplicitPrecompiledModules/_SwiftConcurrencyShims-6RTBPQ03V7BM9SPRK8SUE055H.pcm
SwiftExplicitDependencyGeneratePcm arm64_32 /Users/admin/builder/spi-builder-workspace/.derivedData/SDKExplicitPrecompiledModules/_AvailabilityInternal-244WAN3Z1QBT7PIA64EZEFY1R.pcm
SwiftExplicitDependencyGeneratePcm arm64_32 /Users/admin/builder/spi-builder-workspace/.derivedData/SDKExplicitPrecompiledModules/_Builtin_stdarg-D305JG44A2WPI6CJY37X3QJE8.pcm
SwiftExplicitDependencyGeneratePcm arm64_32 /Users/admin/builder/spi-builder-workspace/.derivedData/SDKExplicitPrecompiledModules/ptrcheck-7ELIH9BTIGVKX3UBITM9N72WD.pcm
SwiftExplicitDependencyGeneratePcm arm64_32 /Users/admin/builder/spi-builder-workspace/.derivedData/SDKExplicitPrecompiledModules/_Builtin_stdbool-A967K8W8YUYEC9SN52KJ7OO88.pcm
SwiftExplicitDependencyGeneratePcm arm64_32 /Users/admin/builder/spi-builder-workspace/.derivedData/SDKExplicitPrecompiledModules/_Builtin_stddef-H44EFHQX6XSS5MZ7QP6YJZ76.pcm
SwiftExplicitDependencyGeneratePcm arm64_32 /Users/admin/builder/spi-builder-workspace/.derivedData/SDKExplicitPrecompiledModules/_Builtin_float-6KO8O3PEWRCA4WC6PPLOYO6WJ.pcm
SwiftExplicitDependencyGeneratePcm arm64_32 /Users/admin/builder/spi-builder-workspace/.derivedData/SDKExplicitPrecompiledModules/ptrauth-BFXF358ME5AK535N5A9Z766WU.pcm
SwiftExplicitDependencyGeneratePcm arm64_32 /Users/admin/builder/spi-builder-workspace/.derivedData/SDKExplicitPrecompiledModules/SwiftShims-9CQQGWTSNTN9EB5NSHDWUJICH.pcm
SwiftExplicitDependencyGeneratePcm arm64 /Users/admin/builder/spi-builder-workspace/.derivedData/SDKExplicitPrecompiledModules/_DarwinFoundation1-7SPX3MD0HMP55E4OLNCPNDQ53.pcm
SwiftExplicitDependencyGeneratePcm arm64_32 /Users/admin/builder/spi-builder-workspace/.derivedData/SDKExplicitPrecompiledModules/_DarwinFoundation1-2GWF9RFMPLQW4PDHS3NARVI3G.pcm
SwiftExplicitDependencyGeneratePcm arm64 /Users/admin/builder/spi-builder-workspace/.derivedData/SDKExplicitPrecompiledModules/_DarwinFoundation2-D0XAPJU49S5E9XMKYOFGSTB1Q.pcm
SwiftExplicitDependencyGeneratePcm arm64 /Users/admin/builder/spi-builder-workspace/.derivedData/SDKExplicitPrecompiledModules/_Builtin_limits-9GWPA2B0H20DYUNYHYCWKABJG.pcm
SwiftExplicitDependencyGeneratePcm arm64_32 /Users/admin/builder/spi-builder-workspace/.derivedData/SDKExplicitPrecompiledModules/_DarwinFoundation2-9MY8GOSYRO0M9MKNXF6D3MBNK.pcm
SwiftExplicitDependencyGeneratePcm arm64_32 /Users/admin/builder/spi-builder-workspace/.derivedData/SDKExplicitPrecompiledModules/_Builtin_limits-3VKBU2AFTD65PAJZ5CJ3LHFM2.pcm
SwiftExplicitDependencyGeneratePcm arm64 /Users/admin/builder/spi-builder-workspace/.derivedData/SDKExplicitPrecompiledModules/sys_types-2KXQLI78OUCDP779AE68GZJ2.pcm
SwiftExplicitDependencyGeneratePcm arm64 /Users/admin/builder/spi-builder-workspace/.derivedData/SDKExplicitPrecompiledModules/string_h-E6PRXK75PHIPCZFWOFCQ3QBMK.pcm
SwiftExplicitDependencyGeneratePcm arm64 /Users/admin/builder/spi-builder-workspace/.derivedData/SDKExplicitPrecompiledModules/_Builtin_stdint-8XMILLJZEGRN2XG7XZUXZ5RLX.pcm
SwiftExplicitDependencyGeneratePcm arm64_32 /Users/admin/builder/spi-builder-workspace/.derivedData/SDKExplicitPrecompiledModules/string_h-BFVLUQUSBZWYMLCU9QI7VZALW.pcm
SwiftExplicitDependencyGeneratePcm arm64_32 /Users/admin/builder/spi-builder-workspace/.derivedData/SDKExplicitPrecompiledModules/_Builtin_stdint-1HMXWI3V0V4TXHRWZOMZGZ80Y.pcm
SwiftExplicitDependencyGeneratePcm arm64_32 /Users/admin/builder/spi-builder-workspace/.derivedData/SDKExplicitPrecompiledModules/sys_types-8TLLMW08ZJWDGIIPKOYFGHHZW.pcm
SwiftExplicitDependencyGeneratePcm arm64 /Users/admin/builder/spi-builder-workspace/.derivedData/SDKExplicitPrecompiledModules/_DarwinFoundation3-B97LRG0E9GON2NUE65TVG81HU.pcm
SwiftExplicitDependencyGeneratePcm arm64_32 /Users/admin/builder/spi-builder-workspace/.derivedData/SDKExplicitPrecompiledModules/_DarwinFoundation3-3DUTYQDQSD9HUAAVY947NMWOI.pcm
SwiftExplicitDependencyGeneratePcm arm64 /Users/admin/builder/spi-builder-workspace/.derivedData/SDKExplicitPrecompiledModules/_Builtin_inttypes-3UQSCM7WNM9EK4HZML8TY5J3D.pcm
SwiftExplicitDependencyGeneratePcm arm64_32 /Users/admin/builder/spi-builder-workspace/.derivedData/SDKExplicitPrecompiledModules/_Builtin_inttypes-D2KPCR4PEX9AQA33NGLUT5SBR.pcm
SwiftExplicitDependencyGeneratePcm arm64 /Users/admin/builder/spi-builder-workspace/.derivedData/SDKExplicitPrecompiledModules/Darwin-3984OXKFNSPE77NT743WK8SEX.pcm
SwiftExplicitDependencyGeneratePcm arm64_32 /Users/admin/builder/spi-builder-workspace/.derivedData/SDKExplicitPrecompiledModules/Darwin-3FVT1SKLN2ZQ5RVOABMTQBB34.pcm
SwiftExplicitDependencyGeneratePcm arm64 /Users/admin/builder/spi-builder-workspace/.derivedData/SDKExplicitPrecompiledModules/ObjectiveC-72IVD3VS2RS8Q28D9PIMY0KQP.pcm
SwiftExplicitDependencyGeneratePcm arm64_32 /Users/admin/builder/spi-builder-workspace/.derivedData/SDKExplicitPrecompiledModules/ObjectiveC-6IJNELR2E80E7LUKESVCP2KET.pcm
SwiftExplicitDependencyGeneratePcm arm64 /Users/admin/builder/spi-builder-workspace/.derivedData/SDKExplicitPrecompiledModules/os_object-3SDKD7F87FTZ26OON37DRYT6O.pcm
SwiftExplicitDependencyGeneratePcm arm64_32 /Users/admin/builder/spi-builder-workspace/.derivedData/SDKExplicitPrecompiledModules/os_object-5YWTC6L4756IWSTPGXS5NM0D0.pcm
SwiftExplicitDependencyGeneratePcm arm64 /Users/admin/builder/spi-builder-workspace/.derivedData/SDKExplicitPrecompiledModules/os_workgroup-89GG5G7YC2D0ZTK6AZXXQ20DH.pcm
SwiftExplicitDependencyGeneratePcm arm64_32 /Users/admin/builder/spi-builder-workspace/.derivedData/SDKExplicitPrecompiledModules/os_workgroup-5JHTPDMNBUNHLJI8LPHKQK1JK.pcm
SwiftExplicitDependencyGeneratePcm arm64 /Users/admin/builder/spi-builder-workspace/.derivedData/SDKExplicitPrecompiledModules/Dispatch-1NLJOVAK60XP0DUB05XA59EIM.pcm
SwiftExplicitDependencyGeneratePcm arm64_32 /Users/admin/builder/spi-builder-workspace/.derivedData/SDKExplicitPrecompiledModules/Dispatch-2P62F1T4XV63S4P99TUDTOK2Q.pcm
SwiftExplicitDependencyGeneratePcm arm64 /Users/admin/builder/spi-builder-workspace/.derivedData/SDKExplicitPrecompiledModules/XPC-40DR0X1DHKGCV4J1IOLFS8MOU.pcm
SwiftExplicitDependencyGeneratePcm arm64 /Users/admin/builder/spi-builder-workspace/.derivedData/SDKExplicitPrecompiledModules/CoreFoundation-8T2L24YC5NU7WO6WQJWRY7W08.pcm
SwiftExplicitDependencyGeneratePcm arm64_32 /Users/admin/builder/spi-builder-workspace/.derivedData/SDKExplicitPrecompiledModules/CoreFoundation-8E6Y4BA3EXYKUGJ24GT9LGV3N.pcm
SwiftExplicitDependencyGeneratePcm arm64_32 /Users/admin/builder/spi-builder-workspace/.derivedData/SDKExplicitPrecompiledModules/XPC-81Y45QFY96XYYFCW2GT6FY8S4.pcm
SwiftExplicitDependencyGeneratePcm arm64 /Users/admin/builder/spi-builder-workspace/.derivedData/SDKExplicitPrecompiledModules/CoreGraphics-DWNZ73GEH98SBJXZ7DEXB420K.pcm
SwiftExplicitDependencyGeneratePcm arm64 /Users/admin/builder/spi-builder-workspace/.derivedData/SDKExplicitPrecompiledModules/Security-6RZ6YBRU8WCUHRFFRVUK5WKMM.pcm
SwiftExplicitDependencyGeneratePcm arm64_32 /Users/admin/builder/spi-builder-workspace/.derivedData/SDKExplicitPrecompiledModules/CoreGraphics-9FDXYX6BKBUT6TJ2VF819E7T5.pcm
SwiftExplicitDependencyGeneratePcm arm64_32 /Users/admin/builder/spi-builder-workspace/.derivedData/SDKExplicitPrecompiledModules/Security-D7TOWF88VWF67TB9HAFP5UWB1.pcm
SwiftExplicitDependencyGeneratePcm arm64 /Users/admin/builder/spi-builder-workspace/.derivedData/SDKExplicitPrecompiledModules/Foundation-DLBKUSGXN8QHAT8W0OARR9S8A.pcm
SwiftExplicitDependencyGeneratePcm arm64_32 /Users/admin/builder/spi-builder-workspace/.derivedData/SDKExplicitPrecompiledModules/Foundation-BJ2VQGI3OGR34500MEQ1VKHPH.pcm
SwiftEmitModule normal arm64 Emitting\ module\ for\ Wand (in target 'Wand' from project 'Wand')
SwiftCompile normal arm64 (in target 'Wand' from project 'Wand')
    cd /Users/admin/builder/spi-builder-workspace/.swiftpm/xcode

SwiftCompile normal arm64 Compiling\ All.swift,\ Any.swift,\ Counting.swift,\ Retry.swift /Users/admin/builder/spi-builder-workspace/.dependencies/checkouts/Wand/Sources/Wand/|/Addons/All.swift /Users/admin/builder/spi-builder-workspace/.dependencies/checkouts/Wand/Sources/Wand/|/Addons/Any.swift /Users/admin/builder/spi-builder-workspace/.dependencies/checkouts/Wand/Sources/Wand/|/Addons/Counting.swift /Users/admin/builder/spi-builder-workspace/.dependencies/checkouts/Wand/Sources/Wand/|/Addons/Retry.swift (in target 'Wand' from project 'Wand')
SwiftCompile normal arm64 /Users/admin/builder/spi-builder-workspace/.dependencies/checkouts/Wand/Sources/Wand/|/Addons/All.swift (in target 'Wand' from project 'Wand')
    cd /Users/admin/builder/spi-builder-workspace/.swiftpm/xcode
    builtin-SwiftPerFileCompile All.swift
SwiftCompile normal arm64 /Users/admin/builder/spi-builder-workspace/.dependencies/checkouts/Wand/Sources/Wand/|/Addons/Any.swift (in target 'Wand' from project 'Wand')
    cd /Users/admin/builder/spi-builder-workspace/.swiftpm/xcode
    builtin-SwiftPerFileCompile Any.swift
SwiftCompile normal arm64 /Users/admin/builder/spi-builder-workspace/.dependencies/checkouts/Wand/Sources/Wand/|/Addons/Counting.swift (in target 'Wand' from project 'Wand')
    cd /Users/admin/builder/spi-builder-workspace/.swiftpm/xcode
    builtin-SwiftPerFileCompile Counting.swift
SwiftCompile normal arm64 /Users/admin/builder/spi-builder-workspace/.dependencies/checkouts/Wand/Sources/Wand/|/Addons/Retry.swift (in target 'Wand' from project 'Wand')
    cd /Users/admin/builder/spi-builder-workspace/.swiftpm/xcode
    builtin-SwiftPerFileCompile Retry.swift
SwiftCompile normal arm64 Compiling\ Describing.swift,\ Describing_Character.swift,\ Describing_Data.swift,\ Expecting.swift /Users/admin/builder/spi-builder-workspace/.dependencies/checkouts/Wand/Sources/Wand/|/Describing/Describing.swift /Users/admin/builder/spi-builder-workspace/.dependencies/checkouts/Wand/Sources/Wand/|/Describing/Describing_Character.swift /Users/admin/builder/spi-builder-workspace/.dependencies/checkouts/Wand/Sources/Wand/|/Describing/Describing_Data.swift /Users/admin/builder/spi-builder-workspace/.dependencies/checkouts/Wand/Sources/Wand/|/Expecting.swift (in target 'Wand' from project 'Wand')
SwiftCompile normal arm64 /Users/admin/builder/spi-builder-workspace/.dependencies/checkouts/Wand/Sources/Wand/|/Describing/Describing.swift (in target 'Wand' from project 'Wand')
    cd /Users/admin/builder/spi-builder-workspace/.swiftpm/xcode
    builtin-SwiftPerFileCompile Describing.swift
SwiftCompile normal arm64 /Users/admin/builder/spi-builder-workspace/.dependencies/checkouts/Wand/Sources/Wand/|/Describing/Describing_Character.swift (in target 'Wand' from project 'Wand')
    cd /Users/admin/builder/spi-builder-workspace/.swiftpm/xcode
    builtin-SwiftPerFileCompile Describing_Character.swift
SwiftCompile normal arm64 /Users/admin/builder/spi-builder-workspace/.dependencies/checkouts/Wand/Sources/Wand/|/Describing/Describing_Data.swift (in target 'Wand' from project 'Wand')
    cd /Users/admin/builder/spi-builder-workspace/.swiftpm/xcode
    builtin-SwiftPerFileCompile Describing_Data.swift
SwiftCompile normal arm64 /Users/admin/builder/spi-builder-workspace/.dependencies/checkouts/Wand/Sources/Wand/|/Expecting.swift (in target 'Wand' from project 'Wand')
    cd /Users/admin/builder/spi-builder-workspace/.swiftpm/xcode
    builtin-SwiftPerFileCompile Expecting.swift
SwiftCompile normal arm64 Compiling\ Memory.swift,\ o.swift,\ u.swift,\ Addons.swift /Users/admin/builder/spi-builder-workspace/.dependencies/checkouts/Wand/Sources/Wand/Core/tools/Memory.swift /Users/admin/builder/spi-builder-workspace/.dependencies/checkouts/Wand/Sources/Wand/o.swift /Users/admin/builder/spi-builder-workspace/.dependencies/checkouts/Wand/Sources/Wand/u.swift /Users/admin/builder/spi-builder-workspace/.dependencies/checkouts/Wand/Sources/Wand/|/Addons/Addons.swift (in target 'Wand' from project 'Wand')
SwiftCompile normal arm64 /Users/admin/builder/spi-builder-workspace/.dependencies/checkouts/Wand/Sources/Wand/Core/tools/Memory.swift (in target 'Wand' from project 'Wand')
    cd /Users/admin/builder/spi-builder-workspace/.swiftpm/xcode
    builtin-SwiftPerFileCompile Memory.swift
SwiftCompile normal arm64 /Users/admin/builder/spi-builder-workspace/.dependencies/checkouts/Wand/Sources/Wand/o.swift (in target 'Wand' from project 'Wand')
    cd /Users/admin/builder/spi-builder-workspace/.swiftpm/xcode
    builtin-SwiftPerFileCompile o.swift
SwiftCompile normal arm64 /Users/admin/builder/spi-builder-workspace/.dependencies/checkouts/Wand/Sources/Wand/u.swift (in target 'Wand' from project 'Wand')
    cd /Users/admin/builder/spi-builder-workspace/.swiftpm/xcode
    builtin-SwiftPerFileCompile u.swift
SwiftCompile normal arm64 /Users/admin/builder/spi-builder-workspace/.dependencies/checkouts/Wand/Sources/Wand/|/Addons/Addons.swift (in target 'Wand' from project 'Wand')
    cd /Users/admin/builder/spi-builder-workspace/.swiftpm/xcode
    builtin-SwiftPerFileCompile Addons.swift
SwiftCompile normal arm64 Compiling\ Ask.swift,\ Core.swift,\ Expressible.swift,\ ExpressibleByArray.swift /Users/admin/builder/spi-builder-workspace/.dependencies/checkouts/Wand/Sources/Wand/Ask.swift /Users/admin/builder/spi-builder-workspace/.dependencies/checkouts/Wand/Sources/Wand/Core/Core.swift /Users/admin/builder/spi-builder-workspace/.dependencies/checkouts/Wand/Sources/Wand/Core/Expressible/Expressible.swift /Users/admin/builder/spi-builder-workspace/.dependencies/checkouts/Wand/Sources/Wand/Core/Expressible/ExpressibleByArray.swift (in target 'Wand' from project 'Wand')
SwiftCompile normal arm64 /Users/admin/builder/spi-builder-workspace/.dependencies/checkouts/Wand/Sources/Wand/Ask.swift (in target 'Wand' from project 'Wand')
    cd /Users/admin/builder/spi-builder-workspace/.swiftpm/xcode
    builtin-SwiftPerFileCompile Ask.swift
SwiftCompile normal arm64 /Users/admin/builder/spi-builder-workspace/.dependencies/checkouts/Wand/Sources/Wand/Core/Core.swift (in target 'Wand' from project 'Wand')
    cd /Users/admin/builder/spi-builder-workspace/.swiftpm/xcode
    builtin-SwiftPerFileCompile Core.swift
SwiftCompile normal arm64 /Users/admin/builder/spi-builder-workspace/.dependencies/checkouts/Wand/Sources/Wand/Core/Expressible/Expressible.swift (in target 'Wand' from project 'Wand')
    cd /Users/admin/builder/spi-builder-workspace/.swiftpm/xcode
    builtin-SwiftPerFileCompile Expressible.swift
SwiftCompile normal arm64 /Users/admin/builder/spi-builder-workspace/.dependencies/checkouts/Wand/Sources/Wand/Core/Expressible/ExpressibleByArray.swift (in target 'Wand' from project 'Wand')
    cd /Users/admin/builder/spi-builder-workspace/.swiftpm/xcode
    builtin-SwiftPerFileCompile ExpressibleByArray.swift
SwiftCompile normal arm64 Compiling\ ExpressibleByDictionary.swift,\ Key.swift,\ Weak.swift,\ Log.swift /Users/admin/builder/spi-builder-workspace/.dependencies/checkouts/Wand/Sources/Wand/Core/Expressible/ExpressibleByDictionary.swift /Users/admin/builder/spi-builder-workspace/.dependencies/checkouts/Wand/Sources/Wand/Core/Key.swift /Users/admin/builder/spi-builder-workspace/.dependencies/checkouts/Wand/Sources/Wand/Core/Weak.swift /Users/admin/builder/spi-builder-workspace/.dependencies/checkouts/Wand/Sources/Wand/Core/tools/Log.swift (in target 'Wand' from project 'Wand')
SwiftCompile normal arm64 /Users/admin/builder/spi-builder-workspace/.dependencies/checkouts/Wand/Sources/Wand/Core/Expressible/ExpressibleByDictionary.swift (in target 'Wand' from project 'Wand')
    cd /Users/admin/builder/spi-builder-workspace/.swiftpm/xcode
    builtin-SwiftPerFileCompile ExpressibleByDictionary.swift
SwiftCompile normal arm64 /Users/admin/builder/spi-builder-workspace/.dependencies/checkouts/Wand/Sources/Wand/Core/Key.swift (in target 'Wand' from project 'Wand')
    cd /Users/admin/builder/spi-builder-workspace/.swiftpm/xcode
    builtin-SwiftPerFileCompile Key.swift
SwiftCompile normal arm64 /Users/admin/builder/spi-builder-workspace/.dependencies/checkouts/Wand/Sources/Wand/Core/Weak.swift (in target 'Wand' from project 'Wand')
    cd /Users/admin/builder/spi-builder-workspace/.swiftpm/xcode
    builtin-SwiftPerFileCompile Weak.swift
SwiftCompile normal arm64 /Users/admin/builder/spi-builder-workspace/.dependencies/checkouts/Wand/Sources/Wand/Core/tools/Log.swift (in target 'Wand' from project 'Wand')
    cd /Users/admin/builder/spi-builder-workspace/.swiftpm/xcode
    builtin-SwiftPerFileCompile Log.swift
SwiftCompile normal arm64 Compiling\ ?.swift,\ Error.swift,\ Error?.swift,\ Option.swift /Users/admin/builder/spi-builder-workspace/.dependencies/checkouts/Wand/Sources/Wand/?/?.swift /Users/admin/builder/spi-builder-workspace/.dependencies/checkouts/Wand/Sources/Wand/?/Error.swift /Users/admin/builder/spi-builder-workspace/.dependencies/checkouts/Wand/Sources/Wand/?/Error?.swift /Users/admin/builder/spi-builder-workspace/.dependencies/checkouts/Wand/Sources/Wand/?/Option.swift (in target 'Wand' from project 'Wand')
SwiftCompile normal arm64 /Users/admin/builder/spi-builder-workspace/.dependencies/checkouts/Wand/Sources/Wand/?/?.swift (in target 'Wand' from project 'Wand')
    cd /Users/admin/builder/spi-builder-workspace/.swiftpm/xcode
    builtin-SwiftPerFileCompile \?.swift
SwiftCompile normal arm64 /Users/admin/builder/spi-builder-workspace/.dependencies/checkouts/Wand/Sources/Wand/?/Error.swift (in target 'Wand' from project 'Wand')
    cd /Users/admin/builder/spi-builder-workspace/.swiftpm/xcode
    builtin-SwiftPerFileCompile Error.swift
SwiftCompile normal arm64 /Users/admin/builder/spi-builder-workspace/.dependencies/checkouts/Wand/Sources/Wand/?/Error?.swift (in target 'Wand' from project 'Wand')
    cd /Users/admin/builder/spi-builder-workspace/.swiftpm/xcode
    builtin-SwiftPerFileCompile Error\?.swift
SwiftCompile normal arm64 /Users/admin/builder/spi-builder-workspace/.dependencies/checkouts/Wand/Sources/Wand/?/Option.swift (in target 'Wand' from project 'Wand')
    cd /Users/admin/builder/spi-builder-workspace/.swiftpm/xcode
    builtin-SwiftPerFileCompile Option.swift
SwiftCompile normal arm64 Compiling\ Sequence.swift,\ Task.swift,\ Time.swift,\ Ask.Nil.swift /Users/admin/builder/spi-builder-workspace/.dependencies/checkouts/Wand/Sources/Wand/|/Addons/Sequence.swift /Users/admin/builder/spi-builder-workspace/.dependencies/checkouts/Wand/Sources/Wand/|/Addons/Task.swift /Users/admin/builder/spi-builder-workspace/.dependencies/checkouts/Wand/Sources/Wand/|/Addons/Time.swift /Users/admin/builder/spi-builder-workspace/.dependencies/checkouts/Wand/Sources/Wand/|/Ask.Nil.swift (in target 'Wand' from project 'Wand')
SwiftCompile normal arm64 /Users/admin/builder/spi-builder-workspace/.dependencies/checkouts/Wand/Sources/Wand/|/Addons/Sequence.swift (in target 'Wand' from project 'Wand')
    cd /Users/admin/builder/spi-builder-workspace/.swiftpm/xcode
    builtin-SwiftPerFileCompile Sequence.swift
SwiftCompile normal arm64 /Users/admin/builder/spi-builder-workspace/.dependencies/checkouts/Wand/Sources/Wand/|/Addons/Task.swift (in target 'Wand' from project 'Wand')
    cd /Users/admin/builder/spi-builder-workspace/.swiftpm/xcode
    builtin-SwiftPerFileCompile Task.swift
SwiftCompile normal arm64 /Users/admin/builder/spi-builder-workspace/.dependencies/checkouts/Wand/Sources/Wand/|/Addons/Time.swift (in target 'Wand' from project 'Wand')
    cd /Users/admin/builder/spi-builder-workspace/.swiftpm/xcode
    builtin-SwiftPerFileCompile Time.swift
SwiftCompile normal arm64 /Users/admin/builder/spi-builder-workspace/.dependencies/checkouts/Wand/Sources/Wand/|/Ask.Nil.swift (in target 'Wand' from project 'Wand')
    cd /Users/admin/builder/spi-builder-workspace/.swiftpm/xcode
    builtin-SwiftPerFileCompile Ask.Nil.swift
SwiftCompile normal arm64 Compiling\ &.swift,\ AndT.swift,\ AndU.swift,\ Operation.swift,\ +.swift /Users/admin/builder/spi-builder-workspace/.dependencies/checkouts/Wand/Sources/Wand/&/&.swift /Users/admin/builder/spi-builder-workspace/.dependencies/checkouts/Wand/Sources/Wand/&/AndT.swift /Users/admin/builder/spi-builder-workspace/.dependencies/checkouts/Wand/Sources/Wand/&/AndU.swift /Users/admin/builder/spi-builder-workspace/.dependencies/checkouts/Wand/Sources/Wand/&/Operation.swift /Users/admin/builder/spi-builder-workspace/.dependencies/checkouts/Wand/Sources/Wand/+.swift (in target 'Wand' from project 'Wand')
SwiftCompile normal arm64 /Users/admin/builder/spi-builder-workspace/.dependencies/checkouts/Wand/Sources/Wand/&/&.swift (in target 'Wand' from project 'Wand')
    cd /Users/admin/builder/spi-builder-workspace/.swiftpm/xcode
    builtin-SwiftPerFileCompile \&.swift
SwiftCompile normal arm64 /Users/admin/builder/spi-builder-workspace/.dependencies/checkouts/Wand/Sources/Wand/&/AndT.swift (in target 'Wand' from project 'Wand')
    cd /Users/admin/builder/spi-builder-workspace/.swiftpm/xcode
    builtin-SwiftPerFileCompile AndT.swift
SwiftCompile normal arm64 /Users/admin/builder/spi-builder-workspace/.dependencies/checkouts/Wand/Sources/Wand/&/AndU.swift (in target 'Wand' from project 'Wand')
    cd /Users/admin/builder/spi-builder-workspace/.swiftpm/xcode
    builtin-SwiftPerFileCompile AndU.swift
SwiftCompile normal arm64 /Users/admin/builder/spi-builder-workspace/.dependencies/checkouts/Wand/Sources/Wand/&/Operation.swift (in target 'Wand' from project 'Wand')
    cd /Users/admin/builder/spi-builder-workspace/.swiftpm/xcode
    builtin-SwiftPerFileCompile Operation.swift
SwiftCompile normal arm64 /Users/admin/builder/spi-builder-workspace/.dependencies/checkouts/Wand/Sources/Wand/+.swift (in target 'Wand' from project 'Wand')
    cd /Users/admin/builder/spi-builder-workspace/.swiftpm/xcode
    builtin-SwiftPerFileCompile +.swift
SwiftCompile normal arm64 Compiling\ Ask.T.swift,\ CoreGraphics_Convertable.swift,\ Numbers_Convertable.swift,\ String_Convertable.swift /Users/admin/builder/spi-builder-workspace/.dependencies/checkouts/Wand/Sources/Wand/|/Ask.T.swift /Users/admin/builder/spi-builder-workspace/.dependencies/checkouts/Wand/Sources/Wand/|/Convertable/CoreGraphics_Convertable.swift /Users/admin/builder/spi-builder-workspace/.dependencies/checkouts/Wand/Sources/Wand/|/Convertable/Numbers_Convertable.swift /Users/admin/builder/spi-builder-workspace/.dependencies/checkouts/Wand/Sources/Wand/|/Convertable/String_Convertable.swift (in target 'Wand' from project 'Wand')
SwiftCompile normal arm64 /Users/admin/builder/spi-builder-workspace/.dependencies/checkouts/Wand/Sources/Wand/|/Ask.T.swift (in target 'Wand' from project 'Wand')
    cd /Users/admin/builder/spi-builder-workspace/.swiftpm/xcode
    builtin-SwiftPerFileCompile Ask.T.swift
SwiftCompile normal arm64 /Users/admin/builder/spi-builder-workspace/.dependencies/checkouts/Wand/Sources/Wand/|/Convertable/CoreGraphics_Convertable.swift (in target 'Wand' from project 'Wand')
    cd /Users/admin/builder/spi-builder-workspace/.swiftpm/xcode
    builtin-SwiftPerFileCompile CoreGraphics_Convertable.swift
SwiftCompile normal arm64 /Users/admin/builder/spi-builder-workspace/.dependencies/checkouts/Wand/Sources/Wand/|/Convertable/Numbers_Convertable.swift (in target 'Wand' from project 'Wand')
    cd /Users/admin/builder/spi-builder-workspace/.swiftpm/xcode
    builtin-SwiftPerFileCompile Numbers_Convertable.swift
SwiftCompile normal arm64 /Users/admin/builder/spi-builder-workspace/.dependencies/checkouts/Wand/Sources/Wand/|/Convertable/String_Convertable.swift (in target 'Wand' from project 'Wand')
    cd /Users/admin/builder/spi-builder-workspace/.swiftpm/xcode
    builtin-SwiftPerFileCompile String_Convertable.swift
SwiftEmitModule normal arm64_32 Emitting\ module\ for\ Wand (in target 'Wand' from project 'Wand')
SwiftCompile normal arm64_32 (in target 'Wand' from project 'Wand')
    cd /Users/admin/builder/spi-builder-workspace/.swiftpm/xcode

SwiftDriverJobDiscovery normal arm64 Emitting module for Wand (in target 'Wand' from project 'Wand')
SwiftDriver\ Compilation\ Requirements Wand normal arm64 com.apple.xcode.tools.swift.compiler (in target 'Wand' from project 'Wand')
    cd /Users/admin/builder/spi-builder-workspace/.swiftpm/xcode
    builtin-Swift-Compilation-Requirements -- /Applications/Xcode-27.0.0-Release.Candidate.app/Contents/Developer/Toolchains/XcodeDefault.xctoolchain/usr/bin/swiftc -parse-as-library -module-name Wand -Onone @/Users/admin/builder/spi-builder-workspace/.derivedData/Build/Intermediates.noindex/Wand.build/Debug-watchos/Wand-t.build/Objects-normal/arm64/Wand.SwiftFileList -DSWIFT_PACKAGE -DDEBUG -DSWIFT_MODULE_RESOURCE_BUNDLE_UNAVAILABLE -DXcode -plugin-path /Applications/Xcode-27.0.0-Release.Candidate.app/Contents/Developer/Toolchains/XcodeDefault.xctoolchain/usr/lib/swift/host/plugins/testing -enable-experimental-feature DebugDescriptionMacro -sdk /Applications/Xcode-27.0.0-Release.Candidate.app/Contents/Developer/Platforms/WatchOS.platform/Developer/SDKs/WatchOS27.0.sdk -target arm64-apple-watchos9.0 -g -module-cache-path /Users/admin/builder/spi-builder-workspace/.derivedData/ModuleCache.noindex -Xfrontend -serialize-debugging-options -profile-coverage-mapping -profile-generate -enable-testing -suppress-warnings -index-store-path /Users/admin/builder/spi-builder-workspace/.derivedData/Index.noindex/DataStore -Xcc -D_LIBCPP_HARDENING_MODE\=_LIBCPP_HARDENING_MODE_DEBUG -swift-version 5 -I /Users/admin/builder/spi-builder-workspace/.derivedData/Build/Products/Debug-watchos -Isystem /Applications/Xcode-27.0.0-Release.Candidate.app/Contents/Developer/Platforms/WatchOS.platform/Developer/usr/lib -F /Users/admin/builder/spi-builder-workspace/.derivedData/Build/Products/Debug-watchos -F /Applications/Xcode-27.0.0-Release.Candidate.app/Contents/Developer/Platforms/WatchOS.platform/Developer/Library/Frameworks -F /Applications/Xcode-27.0.0-Release.Candidate.app/Contents/Developer/Platforms/WatchOS.platform/Developer/SDKs/WatchOS27.0.sdk/Developer/Library/Frameworks -c -j10 -enable-batch-mode -incremental -Xcc -ivfsstatcache -Xcc /Users/admin/builder/spi-builder-workspace/.derivedData/SDKStatCaches.noindex/watchos27.0-24R360-e829b21a6f8c9b70876ba0858053c04477534ef55a1706bf4c1112bbb242f0a2.sdkstatcache -output-file-map /Users/admin/builder/spi-builder-workspace/.derivedData/Build/Intermediates.noindex/Wand.build/Debug-watchos/Wand-t.build/Objects-normal/arm64/Wand-OutputFileMap.json -save-temps -no-color-diagnostics -explicit-module-build -module-cache-path /Users/admin/builder/spi-builder-workspace/.derivedData/Build/Intermediates.noindex/SwiftExplicitPrecompiledModules -clang-scanner-module-cache-path /Users/admin/builder/spi-builder-workspace/.derivedData/ModuleCache.noindex -sdk-module-cache-path /Users/admin/builder/spi-builder-workspace/.derivedData/SDKExplicitPrecompiledModules -emit-dependencies -emit-module -emit-module-path /Users/admin/builder/spi-builder-workspace/.derivedData/Build/Intermediates.noindex/Wand.build/Debug-watchos/Wand-t.build/Objects-normal/arm64/Wand.swiftmodule -serialize-diagnostics -dependency-scan-serialize-diagnostics-path /Users/admin/builder/spi-builder-workspace/.derivedData/Build/Intermediates.noindex/Wand.build/Debug-watchos/Wand-t.build/Objects-normal/arm64/Wand-dependency-scan.dia -validate-clang-modules-once -clang-build-session-file /Users/admin/builder/spi-builder-workspace/.derivedData/ModuleCache.noindex/Session.modulevalidation -Xcc -fmodules-prune-interval\=86400 -Xcc -fmodules-prune-after\=345600 -emit-const-values -const-gather-protocols-list /Users/admin/builder/spi-builder-workspace/.derivedData/Build/Intermediates.noindex/Wand.build/Debug-watchos/Wand-t.build/Objects-normal/arm64/Wand_const_extract_protocols.json -Xcc -I/Users/admin/builder/spi-builder-workspace/.derivedData/Build/Products/Debug-watchos/include -Xcc -I/Users/admin/builder/spi-builder-workspace/.derivedData/Build/Intermediates.noindex/Wand.build/Debug-watchos/Wand-t.build/DerivedSources-normal/arm64 -Xcc -I/Users/admin/builder/spi-builder-workspace/.derivedData/Build/Intermediates.noindex/Wand.build/Debug-watchos/Wand-t.build/DerivedSources/arm64 -Xcc -I/Users/admin/builder/spi-builder-workspace/.derivedData/Build/Intermediates.noindex/Wand.build/Debug-watchos/Wand-t.build/DerivedSources -Xcc -DSWIFT_PACKAGE -Xcc -DDEBUG\=1 -emit-objc-header -emit-objc-header-path /Users/admin/builder/spi-builder-workspace/.derivedData/Build/Intermediates.noindex/Wand.build/Debug-watchos/Wand-t.build/Objects-normal/arm64/Wand-Swift.h -working-directory /Users/admin/builder/spi-builder-workspace/.swiftpm/xcode -experimental-emit-module-separately -disable-cmo
SwiftDriverJobDiscovery normal arm64 Compiling Describing.swift, Describing_Character.swift, Describing_Data.swift, Expecting.swift (in target 'Wand' from project 'Wand')
SwiftCompile normal arm64_32 Compiling\ Sequence.swift,\ Task.swift,\ Time.swift,\ Ask.Nil.swift /Users/admin/builder/spi-builder-workspace/.dependencies/checkouts/Wand/Sources/Wand/|/Addons/Sequence.swift /Users/admin/builder/spi-builder-workspace/.dependencies/checkouts/Wand/Sources/Wand/|/Addons/Task.swift /Users/admin/builder/spi-builder-workspace/.dependencies/checkouts/Wand/Sources/Wand/|/Addons/Time.swift /Users/admin/builder/spi-builder-workspace/.dependencies/checkouts/Wand/Sources/Wand/|/Ask.Nil.swift (in target 'Wand' from project 'Wand')
SwiftCompile normal arm64_32 /Users/admin/builder/spi-builder-workspace/.dependencies/checkouts/Wand/Sources/Wand/|/Addons/Sequence.swift (in target 'Wand' from project 'Wand')
    cd /Users/admin/builder/spi-builder-workspace/.swiftpm/xcode
    builtin-SwiftPerFileCompile Sequence.swift
SwiftCompile normal arm64_32 /Users/admin/builder/spi-builder-workspace/.dependencies/checkouts/Wand/Sources/Wand/|/Addons/Task.swift (in target 'Wand' from project 'Wand')
    cd /Users/admin/builder/spi-builder-workspace/.swiftpm/xcode
    builtin-SwiftPerFileCompile Task.swift
SwiftCompile normal arm64_32 /Users/admin/builder/spi-builder-workspace/.dependencies/checkouts/Wand/Sources/Wand/|/Addons/Time.swift (in target 'Wand' from project 'Wand')
    cd /Users/admin/builder/spi-builder-workspace/.swiftpm/xcode
    builtin-SwiftPerFileCompile Time.swift
SwiftCompile normal arm64_32 /Users/admin/builder/spi-builder-workspace/.dependencies/checkouts/Wand/Sources/Wand/|/Ask.Nil.swift (in target 'Wand' from project 'Wand')
    cd /Users/admin/builder/spi-builder-workspace/.swiftpm/xcode
    builtin-SwiftPerFileCompile Ask.Nil.swift
SwiftCompile normal arm64_32 Compiling\ All.swift,\ Any.swift,\ Counting.swift,\ Retry.swift /Users/admin/builder/spi-builder-workspace/.dependencies/checkouts/Wand/Sources/Wand/|/Addons/All.swift /Users/admin/builder/spi-builder-workspace/.dependencies/checkouts/Wand/Sources/Wand/|/Addons/Any.swift /Users/admin/builder/spi-builder-workspace/.dependencies/checkouts/Wand/Sources/Wand/|/Addons/Counting.swift /Users/admin/builder/spi-builder-workspace/.dependencies/checkouts/Wand/Sources/Wand/|/Addons/Retry.swift (in target 'Wand' from project 'Wand')
SwiftCompile normal arm64_32 /Users/admin/builder/spi-builder-workspace/.dependencies/checkouts/Wand/Sources/Wand/|/Addons/All.swift (in target 'Wand' from project 'Wand')
    cd /Users/admin/builder/spi-builder-workspace/.swiftpm/xcode
    builtin-SwiftPerFileCompile All.swift
SwiftCompile normal arm64_32 /Users/admin/builder/spi-builder-workspace/.dependencies/checkouts/Wand/Sources/Wand/|/Addons/Any.swift (in target 'Wand' from project 'Wand')
    cd /Users/admin/builder/spi-builder-workspace/.swiftpm/xcode
    builtin-SwiftPerFileCompile Any.swift
SwiftCompile normal arm64_32 /Users/admin/builder/spi-builder-workspace/.dependencies/checkouts/Wand/Sources/Wand/|/Addons/Counting.swift (in target 'Wand' from project 'Wand')
    cd /Users/admin/builder/spi-builder-workspace/.swiftpm/xcode
    builtin-SwiftPerFileCompile Counting.swift
SwiftCompile normal arm64_32 /Users/admin/builder/spi-builder-workspace/.dependencies/checkouts/Wand/Sources/Wand/|/Addons/Retry.swift (in target 'Wand' from project 'Wand')
    cd /Users/admin/builder/spi-builder-workspace/.swiftpm/xcode
    builtin-SwiftPerFileCompile Retry.swift
SwiftCompile normal arm64_32 Compiling\ Describing.swift,\ Describing_Character.swift,\ Describing_Data.swift,\ Expecting.swift /Users/admin/builder/spi-builder-workspace/.dependencies/checkouts/Wand/Sources/Wand/|/Describing/Describing.swift /Users/admin/builder/spi-builder-workspace/.dependencies/checkouts/Wand/Sources/Wand/|/Describing/Describing_Character.swift /Users/admin/builder/spi-builder-workspace/.dependencies/checkouts/Wand/Sources/Wand/|/Describing/Describing_Data.swift /Users/admin/builder/spi-builder-workspace/.dependencies/checkouts/Wand/Sources/Wand/|/Expecting.swift (in target 'Wand' from project 'Wand')
SwiftCompile normal arm64_32 /Users/admin/builder/spi-builder-workspace/.dependencies/checkouts/Wand/Sources/Wand/|/Describing/Describing.swift (in target 'Wand' from project 'Wand')
    cd /Users/admin/builder/spi-builder-workspace/.swiftpm/xcode
    builtin-SwiftPerFileCompile Describing.swift
SwiftCompile normal arm64_32 /Users/admin/builder/spi-builder-workspace/.dependencies/checkouts/Wand/Sources/Wand/|/Describing/Describing_Character.swift (in target 'Wand' from project 'Wand')
    cd /Users/admin/builder/spi-builder-workspace/.swiftpm/xcode
    builtin-SwiftPerFileCompile Describing_Character.swift
SwiftCompile normal arm64_32 /Users/admin/builder/spi-builder-workspace/.dependencies/checkouts/Wand/Sources/Wand/|/Describing/Describing_Data.swift (in target 'Wand' from project 'Wand')
    cd /Users/admin/builder/spi-builder-workspace/.swiftpm/xcode
    builtin-SwiftPerFileCompile Describing_Data.swift
SwiftCompile normal arm64_32 /Users/admin/builder/spi-builder-workspace/.dependencies/checkouts/Wand/Sources/Wand/|/Expecting.swift (in target 'Wand' from project 'Wand')
    cd /Users/admin/builder/spi-builder-workspace/.swiftpm/xcode
    builtin-SwiftPerFileCompile Expecting.swift
SwiftDriverJobDiscovery normal arm64 Compiling Memory.swift, o.swift, u.swift, Addons.swift (in target 'Wand' from project 'Wand')
SwiftDriverJobDiscovery normal arm64 Compiling ?.swift, Error.swift, Error?.swift, Option.swift (in target 'Wand' from project 'Wand')
SwiftCompile normal arm64_32 Compiling\ Memory.swift,\ o.swift,\ u.swift,\ Addons.swift /Users/admin/builder/spi-builder-workspace/.dependencies/checkouts/Wand/Sources/Wand/Core/tools/Memory.swift /Users/admin/builder/spi-builder-workspace/.dependencies/checkouts/Wand/Sources/Wand/o.swift /Users/admin/builder/spi-builder-workspace/.dependencies/checkouts/Wand/Sources/Wand/u.swift /Users/admin/builder/spi-builder-workspace/.dependencies/checkouts/Wand/Sources/Wand/|/Addons/Addons.swift (in target 'Wand' from project 'Wand')
SwiftCompile normal arm64_32 /Users/admin/builder/spi-builder-workspace/.dependencies/checkouts/Wand/Sources/Wand/Core/tools/Memory.swift (in target 'Wand' from project 'Wand')
    cd /Users/admin/builder/spi-builder-workspace/.swiftpm/xcode
    builtin-SwiftPerFileCompile Memory.swift
SwiftCompile normal arm64_32 /Users/admin/builder/spi-builder-workspace/.dependencies/checkouts/Wand/Sources/Wand/o.swift (in target 'Wand' from project 'Wand')
    cd /Users/admin/builder/spi-builder-workspace/.swiftpm/xcode
    builtin-SwiftPerFileCompile o.swift
SwiftCompile normal arm64_32 /Users/admin/builder/spi-builder-workspace/.dependencies/checkouts/Wand/Sources/Wand/u.swift (in target 'Wand' from project 'Wand')
    cd /Users/admin/builder/spi-builder-workspace/.swiftpm/xcode
    builtin-SwiftPerFileCompile u.swift
SwiftCompile normal arm64_32 /Users/admin/builder/spi-builder-workspace/.dependencies/checkouts/Wand/Sources/Wand/|/Addons/Addons.swift (in target 'Wand' from project 'Wand')
    cd /Users/admin/builder/spi-builder-workspace/.swiftpm/xcode
    builtin-SwiftPerFileCompile Addons.swift
SwiftDriverJobDiscovery normal arm64 Compiling All.swift, Any.swift, Counting.swift, Retry.swift (in target 'Wand' from project 'Wand')
SwiftCompile normal arm64_32 Compiling\ Ask.T.swift,\ CoreGraphics_Convertable.swift,\ Numbers_Convertable.swift,\ String_Convertable.swift /Users/admin/builder/spi-builder-workspace/.dependencies/checkouts/Wand/Sources/Wand/|/Ask.T.swift /Users/admin/builder/spi-builder-workspace/.dependencies/checkouts/Wand/Sources/Wand/|/Convertable/CoreGraphics_Convertable.swift /Users/admin/builder/spi-builder-workspace/.dependencies/checkouts/Wand/Sources/Wand/|/Convertable/Numbers_Convertable.swift /Users/admin/builder/spi-builder-workspace/.dependencies/checkouts/Wand/Sources/Wand/|/Convertable/String_Convertable.swift (in target 'Wand' from project 'Wand')
SwiftCompile normal arm64_32 /Users/admin/builder/spi-builder-workspace/.dependencies/checkouts/Wand/Sources/Wand/|/Ask.T.swift (in target 'Wand' from project 'Wand')
    cd /Users/admin/builder/spi-builder-workspace/.swiftpm/xcode
    builtin-SwiftPerFileCompile Ask.T.swift
SwiftCompile normal arm64_32 /Users/admin/builder/spi-builder-workspace/.dependencies/checkouts/Wand/Sources/Wand/|/Convertable/CoreGraphics_Convertable.swift (in target 'Wand' from project 'Wand')
    cd /Users/admin/builder/spi-builder-workspace/.swiftpm/xcode
    builtin-SwiftPerFileCompile CoreGraphics_Convertable.swift
SwiftCompile normal arm64_32 /Users/admin/builder/spi-builder-workspace/.dependencies/checkouts/Wand/Sources/Wand/|/Convertable/Numbers_Convertable.swift (in target 'Wand' from project 'Wand')
    cd /Users/admin/builder/spi-builder-workspace/.swiftpm/xcode
    builtin-SwiftPerFileCompile Numbers_Convertable.swift
SwiftCompile normal arm64_32 /Users/admin/builder/spi-builder-workspace/.dependencies/checkouts/Wand/Sources/Wand/|/Convertable/String_Convertable.swift (in target 'Wand' from project 'Wand')
    cd /Users/admin/builder/spi-builder-workspace/.swiftpm/xcode
    builtin-SwiftPerFileCompile String_Convertable.swift
SwiftDriverJobDiscovery normal arm64 Compiling ExpressibleByDictionary.swift, Key.swift, Weak.swift, Log.swift (in target 'Wand' from project 'Wand')
SwiftCompile normal arm64_32 Compiling\ &.swift,\ AndT.swift,\ AndU.swift,\ Operation.swift,\ +.swift /Users/admin/builder/spi-builder-workspace/.dependencies/checkouts/Wand/Sources/Wand/&/&.swift /Users/admin/builder/spi-builder-workspace/.dependencies/checkouts/Wand/Sources/Wand/&/AndT.swift /Users/admin/builder/spi-builder-workspace/.dependencies/checkouts/Wand/Sources/Wand/&/AndU.swift /Users/admin/builder/spi-builder-workspace/.dependencies/checkouts/Wand/Sources/Wand/&/Operation.swift /Users/admin/builder/spi-builder-workspace/.dependencies/checkouts/Wand/Sources/Wand/+.swift (in target 'Wand' from project 'Wand')
SwiftCompile normal arm64_32 /Users/admin/builder/spi-builder-workspace/.dependencies/checkouts/Wand/Sources/Wand/&/&.swift (in target 'Wand' from project 'Wand')
    cd /Users/admin/builder/spi-builder-workspace/.swiftpm/xcode
    builtin-SwiftPerFileCompile \&.swift
SwiftCompile normal arm64_32 /Users/admin/builder/spi-builder-workspace/.dependencies/checkouts/Wand/Sources/Wand/&/AndT.swift (in target 'Wand' from project 'Wand')
    cd /Users/admin/builder/spi-builder-workspace/.swiftpm/xcode
    builtin-SwiftPerFileCompile AndT.swift
SwiftCompile normal arm64_32 /Users/admin/builder/spi-builder-workspace/.dependencies/checkouts/Wand/Sources/Wand/&/AndU.swift (in target 'Wand' from project 'Wand')
    cd /Users/admin/builder/spi-builder-workspace/.swiftpm/xcode
    builtin-SwiftPerFileCompile AndU.swift
SwiftCompile normal arm64_32 /Users/admin/builder/spi-builder-workspace/.dependencies/checkouts/Wand/Sources/Wand/&/Operation.swift (in target 'Wand' from project 'Wand')
    cd /Users/admin/builder/spi-builder-workspace/.swiftpm/xcode
    builtin-SwiftPerFileCompile Operation.swift
SwiftCompile normal arm64_32 /Users/admin/builder/spi-builder-workspace/.dependencies/checkouts/Wand/Sources/Wand/+.swift (in target 'Wand' from project 'Wand')
    cd /Users/admin/builder/spi-builder-workspace/.swiftpm/xcode
    builtin-SwiftPerFileCompile +.swift
SwiftDriverJobDiscovery normal arm64 Compiling Sequence.swift, Task.swift, Time.swift, Ask.Nil.swift (in target 'Wand' from project 'Wand')
SwiftCompile normal arm64_32 Compiling\ Ask.swift,\ Core.swift,\ Expressible.swift,\ ExpressibleByArray.swift /Users/admin/builder/spi-builder-workspace/.dependencies/checkouts/Wand/Sources/Wand/Ask.swift /Users/admin/builder/spi-builder-workspace/.dependencies/checkouts/Wand/Sources/Wand/Core/Core.swift /Users/admin/builder/spi-builder-workspace/.dependencies/checkouts/Wand/Sources/Wand/Core/Expressible/Expressible.swift /Users/admin/builder/spi-builder-workspace/.dependencies/checkouts/Wand/Sources/Wand/Core/Expressible/ExpressibleByArray.swift (in target 'Wand' from project 'Wand')
SwiftCompile normal arm64_32 /Users/admin/builder/spi-builder-workspace/.dependencies/checkouts/Wand/Sources/Wand/Ask.swift (in target 'Wand' from project 'Wand')
    cd /Users/admin/builder/spi-builder-workspace/.swiftpm/xcode
    builtin-SwiftPerFileCompile Ask.swift
SwiftCompile normal arm64_32 /Users/admin/builder/spi-builder-workspace/.dependencies/checkouts/Wand/Sources/Wand/Core/Core.swift (in target 'Wand' from project 'Wand')
    cd /Users/admin/builder/spi-builder-workspace/.swiftpm/xcode
    builtin-SwiftPerFileCompile Core.swift
SwiftCompile normal arm64_32 /Users/admin/builder/spi-builder-workspace/.dependencies/checkouts/Wand/Sources/Wand/Core/Expressible/Expressible.swift (in target 'Wand' from project 'Wand')
    cd /Users/admin/builder/spi-builder-workspace/.swiftpm/xcode
    builtin-SwiftPerFileCompile Expressible.swift
SwiftCompile normal arm64_32 /Users/admin/builder/spi-builder-workspace/.dependencies/checkouts/Wand/Sources/Wand/Core/Expressible/ExpressibleByArray.swift (in target 'Wand' from project 'Wand')
    cd /Users/admin/builder/spi-builder-workspace/.swiftpm/xcode
    builtin-SwiftPerFileCompile ExpressibleByArray.swift
SwiftDriverJobDiscovery normal arm64 Compiling &.swift, AndT.swift, AndU.swift, Operation.swift, +.swift (in target 'Wand' from project 'Wand')
Copy /Users/admin/builder/spi-builder-workspace/.derivedData/Build/Products/Debug-watchos/Wand.swiftmodule/arm64-apple-watchos.swiftmodule /Users/admin/builder/spi-builder-workspace/.derivedData/Build/Intermediates.noindex/Wand.build/Debug-watchos/Wand-t.build/Objects-normal/arm64/Wand.swiftmodule (in target 'Wand' from project 'Wand')
    cd /Users/admin/builder/spi-builder-workspace/.dependencies/checkouts/Wand
    builtin-copy -exclude .DS_Store -exclude CVS -exclude .svn -exclude .git -exclude .hg -resolve-src-symlinks -rename /Users/admin/builder/spi-builder-workspace/.derivedData/Build/Intermediates.noindex/Wand.build/Debug-watchos/Wand-t.build/Objects-normal/arm64/Wand.swiftmodule /Users/admin/builder/spi-builder-workspace/.derivedData/Build/Products/Debug-watchos/Wand.swiftmodule/arm64-apple-watchos.swiftmodule
SwiftDriverJobDiscovery normal arm64_32 Emitting module for Wand (in target 'Wand' from project 'Wand')
SwiftDriver\ Compilation\ Requirements Wand normal arm64_32 com.apple.xcode.tools.swift.compiler (in target 'Wand' from project 'Wand')
    cd /Users/admin/builder/spi-builder-workspace/.swiftpm/xcode
    builtin-Swift-Compilation-Requirements -- /Applications/Xcode-27.0.0-Release.Candidate.app/Contents/Developer/Toolchains/XcodeDefault.xctoolchain/usr/bin/swiftc -parse-as-library -module-name Wand -Onone @/Users/admin/builder/spi-builder-workspace/.derivedData/Build/Intermediates.noindex/Wand.build/Debug-watchos/Wand-t.build/Objects-normal/arm64_32/Wand.SwiftFileList -DSWIFT_PACKAGE -DDEBUG -DSWIFT_MODULE_RESOURCE_BUNDLE_UNAVAILABLE -DXcode -plugin-path /Applications/Xcode-27.0.0-Release.Candidate.app/Contents/Developer/Toolchains/XcodeDefault.xctoolchain/usr/lib/swift/host/plugins/testing -enable-experimental-feature DebugDescriptionMacro -sdk /Applications/Xcode-27.0.0-Release.Candidate.app/Contents/Developer/Platforms/WatchOS.platform/Developer/SDKs/WatchOS27.0.sdk -target arm64_32-apple-watchos9.0 -g -module-cache-path /Users/admin/builder/spi-builder-workspace/.derivedData/ModuleCache.noindex -Xfrontend -serialize-debugging-options -profile-coverage-mapping -profile-generate -enable-testing -suppress-warnings -index-store-path /Users/admin/builder/spi-builder-workspace/.derivedData/Index.noindex/DataStore -Xcc -D_LIBCPP_HARDENING_MODE\=_LIBCPP_HARDENING_MODE_DEBUG -swift-version 5 -I /Users/admin/builder/spi-builder-workspace/.derivedData/Build/Products/Debug-watchos -Isystem /Applications/Xcode-27.0.0-Release.Candidate.app/Contents/Developer/Platforms/WatchOS.platform/Developer/usr/lib -F /Users/admin/builder/spi-builder-workspace/.derivedData/Build/Products/Debug-watchos -F /Applications/Xcode-27.0.0-Release.Candidate.app/Contents/Developer/Platforms/WatchOS.platform/Developer/Library/Frameworks -F /Applications/Xcode-27.0.0-Release.Candidate.app/Contents/Developer/Platforms/WatchOS.platform/Developer/SDKs/WatchOS27.0.sdk/Developer/Library/Frameworks -c -j10 -enable-batch-mode -incremental -Xcc -ivfsstatcache -Xcc /Users/admin/builder/spi-builder-workspace/.derivedData/SDKStatCaches.noindex/watchos27.0-24R360-e829b21a6f8c9b70876ba0858053c04477534ef55a1706bf4c1112bbb242f0a2.sdkstatcache -output-file-map /Users/admin/builder/spi-builder-workspace/.derivedData/Build/Intermediates.noindex/Wand.build/Debug-watchos/Wand-t.build/Objects-normal/arm64_32/Wand-OutputFileMap.json -save-temps -no-color-diagnostics -explicit-module-build -module-cache-path /Users/admin/builder/spi-builder-workspace/.derivedData/Build/Intermediates.noindex/SwiftExplicitPrecompiledModules -clang-scanner-module-cache-path /Users/admin/builder/spi-builder-workspace/.derivedData/ModuleCache.noindex -sdk-module-cache-path /Users/admin/builder/spi-builder-workspace/.derivedData/SDKExplicitPrecompiledModules -emit-dependencies -emit-module -emit-module-path /Users/admin/builder/spi-builder-workspace/.derivedData/Build/Intermediates.noindex/Wand.build/Debug-watchos/Wand-t.build/Objects-normal/arm64_32/Wand.swiftmodule -serialize-diagnostics -dependency-scan-serialize-diagnostics-path /Users/admin/builder/spi-builder-workspace/.derivedData/Build/Intermediates.noindex/Wand.build/Debug-watchos/Wand-t.build/Objects-normal/arm64_32/Wand-dependency-scan.dia -validate-clang-modules-once -clang-build-session-file /Users/admin/builder/spi-builder-workspace/.derivedData/ModuleCache.noindex/Session.modulevalidation -Xcc -fmodules-prune-interval\=86400 -Xcc -fmodules-prune-after\=345600 -emit-const-values -const-gather-protocols-list /Users/admin/builder/spi-builder-workspace/.derivedData/Build/Intermediates.noindex/Wand.build/Debug-watchos/Wand-t.build/Objects-normal/arm64_32/Wand_const_extract_protocols.json -Xcc -I/Users/admin/builder/spi-builder-workspace/.derivedData/Build/Products/Debug-watchos/include -Xcc -I/Users/admin/builder/spi-builder-workspace/.derivedData/Build/Intermediates.noindex/Wand.build/Debug-watchos/Wand-t.build/DerivedSources-normal/arm64_32 -Xcc -I/Users/admin/builder/spi-builder-workspace/.derivedData/Build/Intermediates.noindex/Wand.build/Debug-watchos/Wand-t.build/DerivedSources/arm64_32 -Xcc -I/Users/admin/builder/spi-builder-workspace/.derivedData/Build/Intermediates.noindex/Wand.build/Debug-watchos/Wand-t.build/DerivedSources -Xcc -DSWIFT_PACKAGE -Xcc -DDEBUG\=1 -emit-objc-header -emit-objc-header-path /Users/admin/builder/spi-builder-workspace/.derivedData/Build/Intermediates.noindex/Wand.build/Debug-watchos/Wand-t.build/Objects-normal/arm64_32/Wand-Swift.h -working-directory /Users/admin/builder/spi-builder-workspace/.swiftpm/xcode -experimental-emit-module-separately -disable-cmo
Copy /Users/admin/builder/spi-builder-workspace/.derivedData/Build/Products/Debug-watchos/Wand.swiftmodule/arm64-apple-watchos.swiftdoc /Users/admin/builder/spi-builder-workspace/.derivedData/Build/Intermediates.noindex/Wand.build/Debug-watchos/Wand-t.build/Objects-normal/arm64/Wand.swiftdoc (in target 'Wand' from project 'Wand')
    cd /Users/admin/builder/spi-builder-workspace/.dependencies/checkouts/Wand
    builtin-copy -exclude .DS_Store -exclude CVS -exclude .svn -exclude .git -exclude .hg -resolve-src-symlinks -rename /Users/admin/builder/spi-builder-workspace/.derivedData/Build/Intermediates.noindex/Wand.build/Debug-watchos/Wand-t.build/Objects-normal/arm64/Wand.swiftdoc /Users/admin/builder/spi-builder-workspace/.derivedData/Build/Products/Debug-watchos/Wand.swiftmodule/arm64-apple-watchos.swiftdoc
SwiftMergeGeneratedHeaders /Users/admin/builder/spi-builder-workspace/.derivedData/Build/Intermediates.noindex/GeneratedModuleMaps-watchos/Wand-Swift.h /Users/admin/builder/spi-builder-workspace/.derivedData/Build/Intermediates.noindex/Wand.build/Debug-watchos/Wand-t.build/Objects-normal/arm64/Wand-Swift.h /Users/admin/builder/spi-builder-workspace/.derivedData/Build/Intermediates.noindex/Wand.build/Debug-watchos/Wand-t.build/Objects-normal/arm64_32/Wand-Swift.h (in target 'Wand' from project 'Wand')
    cd /Users/admin/builder/spi-builder-workspace/.dependencies/checkouts/Wand
    builtin-swiftHeaderTool -arch arm64 /Users/admin/builder/spi-builder-workspace/.derivedData/Build/Intermediates.noindex/Wand.build/Debug-watchos/Wand-t.build/Objects-normal/arm64/Wand-Swift.h -arch arm64_32 /Users/admin/builder/spi-builder-workspace/.derivedData/Build/Intermediates.noindex/Wand.build/Debug-watchos/Wand-t.build/Objects-normal/arm64_32/Wand-Swift.h -o /Users/admin/builder/spi-builder-workspace/.derivedData/Build/Intermediates.noindex/GeneratedModuleMaps-watchos/Wand-Swift.h
Copy /Users/admin/builder/spi-builder-workspace/.derivedData/Build/Products/Debug-watchos/Wand.swiftmodule/arm64_32-apple-watchos.swiftmodule /Users/admin/builder/spi-builder-workspace/.derivedData/Build/Intermediates.noindex/Wand.build/Debug-watchos/Wand-t.build/Objects-normal/arm64_32/Wand.swiftmodule (in target 'Wand' from project 'Wand')
    cd /Users/admin/builder/spi-builder-workspace/.dependencies/checkouts/Wand
    builtin-copy -exclude .DS_Store -exclude CVS -exclude .svn -exclude .git -exclude .hg -resolve-src-symlinks -rename /Users/admin/builder/spi-builder-workspace/.derivedData/Build/Intermediates.noindex/Wand.build/Debug-watchos/Wand-t.build/Objects-normal/arm64_32/Wand.swiftmodule /Users/admin/builder/spi-builder-workspace/.derivedData/Build/Products/Debug-watchos/Wand.swiftmodule/arm64_32-apple-watchos.swiftmodule
Copy /Users/admin/builder/spi-builder-workspace/.derivedData/Build/Products/Debug-watchos/Wand.swiftmodule/arm64_32-apple-watchos.swiftdoc /Users/admin/builder/spi-builder-workspace/.derivedData/Build/Intermediates.noindex/Wand.build/Debug-watchos/Wand-t.build/Objects-normal/arm64_32/Wand.swiftdoc (in target 'Wand' from project 'Wand')
    cd /Users/admin/builder/spi-builder-workspace/.dependencies/checkouts/Wand
    builtin-copy -exclude .DS_Store -exclude CVS -exclude .svn -exclude .git -exclude .hg -resolve-src-symlinks -rename /Users/admin/builder/spi-builder-workspace/.derivedData/Build/Intermediates.noindex/Wand.build/Debug-watchos/Wand-t.build/Objects-normal/arm64_32/Wand.swiftdoc /Users/admin/builder/spi-builder-workspace/.derivedData/Build/Products/Debug-watchos/Wand.swiftmodule/arm64_32-apple-watchos.swiftdoc
Copy /Users/admin/builder/spi-builder-workspace/.derivedData/Build/Products/Debug-watchos/Wand.swiftmodule/arm64_32-apple-watchos.abi.json /Users/admin/builder/spi-builder-workspace/.derivedData/Build/Intermediates.noindex/Wand.build/Debug-watchos/Wand-t.build/Objects-normal/arm64_32/Wand.abi.json (in target 'Wand' from project 'Wand')
    cd /Users/admin/builder/spi-builder-workspace/.dependencies/checkouts/Wand
    builtin-copy -exclude .DS_Store -exclude CVS -exclude .svn -exclude .git -exclude .hg -resolve-src-symlinks -rename /Users/admin/builder/spi-builder-workspace/.derivedData/Build/Intermediates.noindex/Wand.build/Debug-watchos/Wand-t.build/Objects-normal/arm64_32/Wand.abi.json /Users/admin/builder/spi-builder-workspace/.derivedData/Build/Products/Debug-watchos/Wand.swiftmodule/arm64_32-apple-watchos.abi.json
Copy /Users/admin/builder/spi-builder-workspace/.derivedData/Build/Products/Debug-watchos/Wand.swiftmodule/arm64-apple-watchos.abi.json /Users/admin/builder/spi-builder-workspace/.derivedData/Build/Intermediates.noindex/Wand.build/Debug-watchos/Wand-t.build/Objects-normal/arm64/Wand.abi.json (in target 'Wand' from project 'Wand')
    cd /Users/admin/builder/spi-builder-workspace/.dependencies/checkouts/Wand
    builtin-copy -exclude .DS_Store -exclude CVS -exclude .svn -exclude .git -exclude .hg -resolve-src-symlinks -rename /Users/admin/builder/spi-builder-workspace/.derivedData/Build/Intermediates.noindex/Wand.build/Debug-watchos/Wand-t.build/Objects-normal/arm64/Wand.abi.json /Users/admin/builder/spi-builder-workspace/.derivedData/Build/Products/Debug-watchos/Wand.swiftmodule/arm64-apple-watchos.abi.json
Copy /Users/admin/builder/spi-builder-workspace/.derivedData/Build/Products/Debug-watchos/Wand.swiftmodule/Project/arm64_32-apple-watchos.swiftsourceinfo /Users/admin/builder/spi-builder-workspace/.derivedData/Build/Intermediates.noindex/Wand.build/Debug-watchos/Wand-t.build/Objects-normal/arm64_32/Wand.swiftsourceinfo (in target 'Wand' from project 'Wand')
    cd /Users/admin/builder/spi-builder-workspace/.dependencies/checkouts/Wand
    builtin-copy -exclude .DS_Store -exclude CVS -exclude .svn -exclude .git -exclude .hg -resolve-src-symlinks -rename /Users/admin/builder/spi-builder-workspace/.derivedData/Build/Intermediates.noindex/Wand.build/Debug-watchos/Wand-t.build/Objects-normal/arm64_32/Wand.swiftsourceinfo /Users/admin/builder/spi-builder-workspace/.derivedData/Build/Products/Debug-watchos/Wand.swiftmodule/Project/arm64_32-apple-watchos.swiftsourceinfo
Copy /Users/admin/builder/spi-builder-workspace/.derivedData/Build/Products/Debug-watchos/Wand.swiftmodule/Project/arm64-apple-watchos.swiftsourceinfo /Users/admin/builder/spi-builder-workspace/.derivedData/Build/Intermediates.noindex/Wand.build/Debug-watchos/Wand-t.build/Objects-normal/arm64/Wand.swiftsourceinfo (in target 'Wand' from project 'Wand')
    cd /Users/admin/builder/spi-builder-workspace/.dependencies/checkouts/Wand
    builtin-copy -exclude .DS_Store -exclude CVS -exclude .svn -exclude .git -exclude .hg -resolve-src-symlinks -rename /Users/admin/builder/spi-builder-workspace/.derivedData/Build/Intermediates.noindex/Wand.build/Debug-watchos/Wand-t.build/Objects-normal/arm64/Wand.swiftsourceinfo /Users/admin/builder/spi-builder-workspace/.derivedData/Build/Products/Debug-watchos/Wand.swiftmodule/Project/arm64-apple-watchos.swiftsourceinfo
SwiftCompile normal arm64_32 Compiling\ ExpressibleByDictionary.swift,\ Key.swift,\ Weak.swift,\ Log.swift /Users/admin/builder/spi-builder-workspace/.dependencies/checkouts/Wand/Sources/Wand/Core/Expressible/ExpressibleByDictionary.swift /Users/admin/builder/spi-builder-workspace/.dependencies/checkouts/Wand/Sources/Wand/Core/Key.swift /Users/admin/builder/spi-builder-workspace/.dependencies/checkouts/Wand/Sources/Wand/Core/Weak.swift /Users/admin/builder/spi-builder-workspace/.dependencies/checkouts/Wand/Sources/Wand/Core/tools/Log.swift (in target 'Wand' from project 'Wand')
SwiftCompile normal arm64_32 /Users/admin/builder/spi-builder-workspace/.dependencies/checkouts/Wand/Sources/Wand/Core/Expressible/ExpressibleByDictionary.swift (in target 'Wand' from project 'Wand')
    cd /Users/admin/builder/spi-builder-workspace/.swiftpm/xcode
    builtin-SwiftPerFileCompile ExpressibleByDictionary.swift
SwiftCompile normal arm64_32 /Users/admin/builder/spi-builder-workspace/.dependencies/checkouts/Wand/Sources/Wand/Core/Key.swift (in target 'Wand' from project 'Wand')
    cd /Users/admin/builder/spi-builder-workspace/.swiftpm/xcode
    builtin-SwiftPerFileCompile Key.swift
SwiftCompile normal arm64_32 /Users/admin/builder/spi-builder-workspace/.dependencies/checkouts/Wand/Sources/Wand/Core/Weak.swift (in target 'Wand' from project 'Wand')
    cd /Users/admin/builder/spi-builder-workspace/.swiftpm/xcode
    builtin-SwiftPerFileCompile Weak.swift
SwiftCompile normal arm64_32 /Users/admin/builder/spi-builder-workspace/.dependencies/checkouts/Wand/Sources/Wand/Core/tools/Log.swift (in target 'Wand' from project 'Wand')
    cd /Users/admin/builder/spi-builder-workspace/.swiftpm/xcode
    builtin-SwiftPerFileCompile Log.swift
SwiftDriverJobDiscovery normal arm64_32 Compiling Memory.swift, o.swift, u.swift, Addons.swift (in target 'Wand' from project 'Wand')
SwiftCompile normal arm64_32 Compiling\ ?.swift,\ Error.swift,\ Error?.swift,\ Option.swift /Users/admin/builder/spi-builder-workspace/.dependencies/checkouts/Wand/Sources/Wand/?/?.swift /Users/admin/builder/spi-builder-workspace/.dependencies/checkouts/Wand/Sources/Wand/?/Error.swift /Users/admin/builder/spi-builder-workspace/.dependencies/checkouts/Wand/Sources/Wand/?/Error?.swift /Users/admin/builder/spi-builder-workspace/.dependencies/checkouts/Wand/Sources/Wand/?/Option.swift (in target 'Wand' from project 'Wand')
SwiftCompile normal arm64_32 /Users/admin/builder/spi-builder-workspace/.dependencies/checkouts/Wand/Sources/Wand/?/?.swift (in target 'Wand' from project 'Wand')
    cd /Users/admin/builder/spi-builder-workspace/.swiftpm/xcode
    builtin-SwiftPerFileCompile \?.swift
SwiftCompile normal arm64_32 /Users/admin/builder/spi-builder-workspace/.dependencies/checkouts/Wand/Sources/Wand/?/Error.swift (in target 'Wand' from project 'Wand')
    cd /Users/admin/builder/spi-builder-workspace/.swiftpm/xcode
    builtin-SwiftPerFileCompile Error.swift
SwiftCompile normal arm64_32 /Users/admin/builder/spi-builder-workspace/.dependencies/checkouts/Wand/Sources/Wand/?/Error?.swift (in target 'Wand' from project 'Wand')
    cd /Users/admin/builder/spi-builder-workspace/.swiftpm/xcode
    builtin-SwiftPerFileCompile Error\?.swift
SwiftCompile normal arm64_32 /Users/admin/builder/spi-builder-workspace/.dependencies/checkouts/Wand/Sources/Wand/?/Option.swift (in target 'Wand' from project 'Wand')
    cd /Users/admin/builder/spi-builder-workspace/.swiftpm/xcode
    builtin-SwiftPerFileCompile Option.swift
SwiftCompile normal arm64 Compiling\ Core+Wanded.swift,\ WandFramerProtocol.swift,\ Wanded.swift,\ |.swift /Users/admin/builder/spi-builder-workspace/.dependencies/checkouts/Wand/Sources/Wand/|/Wanded/Core+Wanded.swift /Users/admin/builder/spi-builder-workspace/.dependencies/checkouts/Wand/Sources/Wand/|/Wanded/WandFramerProtocol.swift /Users/admin/builder/spi-builder-workspace/.dependencies/checkouts/Wand/Sources/Wand/|/Wanded/Wanded.swift /Users/admin/builder/spi-builder-workspace/.dependencies/checkouts/Wand/Sources/Wand/|/|.swift (in target 'Wand' from project 'Wand')
SwiftCompile normal arm64 /Users/admin/builder/spi-builder-workspace/.dependencies/checkouts/Wand/Sources/Wand/|/Wanded/Core+Wanded.swift (in target 'Wand' from project 'Wand')
    cd /Users/admin/builder/spi-builder-workspace/.swiftpm/xcode
    builtin-SwiftPerFileCompile Core+Wanded.swift
SwiftCompile normal arm64 /Users/admin/builder/spi-builder-workspace/.dependencies/checkouts/Wand/Sources/Wand/|/Wanded/WandFramerProtocol.swift (in target 'Wand' from project 'Wand')
    cd /Users/admin/builder/spi-builder-workspace/.swiftpm/xcode
    builtin-SwiftPerFileCompile WandFramerProtocol.swift
SwiftCompile normal arm64 /Users/admin/builder/spi-builder-workspace/.dependencies/checkouts/Wand/Sources/Wand/|/Wanded/Wanded.swift (in target 'Wand' from project 'Wand')
    cd /Users/admin/builder/spi-builder-workspace/.swiftpm/xcode
    builtin-SwiftPerFileCompile Wanded.swift
SwiftCompile normal arm64 /Users/admin/builder/spi-builder-workspace/.dependencies/checkouts/Wand/Sources/Wand/|/|.swift (in target 'Wand' from project 'Wand')
    cd /Users/admin/builder/spi-builder-workspace/.swiftpm/xcode
    builtin-SwiftPerFileCompile \|.swift
SwiftCompile normal arm64_32 Compiling\ Core+Wanded.swift,\ WandFramerProtocol.swift,\ Wanded.swift,\ |.swift /Users/admin/builder/spi-builder-workspace/.dependencies/checkouts/Wand/Sources/Wand/|/Wanded/Core+Wanded.swift /Users/admin/builder/spi-builder-workspace/.dependencies/checkouts/Wand/Sources/Wand/|/Wanded/WandFramerProtocol.swift /Users/admin/builder/spi-builder-workspace/.dependencies/checkouts/Wand/Sources/Wand/|/Wanded/Wanded.swift /Users/admin/builder/spi-builder-workspace/.dependencies/checkouts/Wand/Sources/Wand/|/|.swift (in target 'Wand' from project 'Wand')
SwiftCompile normal arm64_32 /Users/admin/builder/spi-builder-workspace/.dependencies/checkouts/Wand/Sources/Wand/|/Wanded/Core+Wanded.swift (in target 'Wand' from project 'Wand')
    cd /Users/admin/builder/spi-builder-workspace/.swiftpm/xcode
    builtin-SwiftPerFileCompile Core+Wanded.swift
SwiftCompile normal arm64_32 /Users/admin/builder/spi-builder-workspace/.dependencies/checkouts/Wand/Sources/Wand/|/Wanded/WandFramerProtocol.swift (in target 'Wand' from project 'Wand')
    cd /Users/admin/builder/spi-builder-workspace/.swiftpm/xcode
    builtin-SwiftPerFileCompile WandFramerProtocol.swift
SwiftCompile normal arm64_32 /Users/admin/builder/spi-builder-workspace/.dependencies/checkouts/Wand/Sources/Wand/|/Wanded/Wanded.swift (in target 'Wand' from project 'Wand')
    cd /Users/admin/builder/spi-builder-workspace/.swiftpm/xcode
    builtin-SwiftPerFileCompile Wanded.swift
SwiftCompile normal arm64_32 /Users/admin/builder/spi-builder-workspace/.dependencies/checkouts/Wand/Sources/Wand/|/|.swift (in target 'Wand' from project 'Wand')
    cd /Users/admin/builder/spi-builder-workspace/.swiftpm/xcode
    builtin-SwiftPerFileCompile \|.swift
SwiftDriverJobDiscovery normal arm64_32 Compiling &.swift, AndT.swift, AndU.swift, Operation.swift, +.swift (in target 'Wand' from project 'Wand')
SwiftDriverJobDiscovery normal arm64_32 Compiling Describing.swift, Describing_Character.swift, Describing_Data.swift, Expecting.swift (in target 'Wand' from project 'Wand')
SwiftDriverJobDiscovery normal arm64_32 Compiling All.swift, Any.swift, Counting.swift, Retry.swift (in target 'Wand' from project 'Wand')
SwiftDriverJobDiscovery normal arm64_32 Compiling Sequence.swift, Task.swift, Time.swift, Ask.Nil.swift (in target 'Wand' from project 'Wand')
SwiftDriverJobDiscovery normal arm64_32 Compiling ExpressibleByDictionary.swift, Key.swift, Weak.swift, Log.swift (in target 'Wand' from project 'Wand')
SwiftDriver WandMotion normal arm64_32 com.apple.xcode.tools.swift.compiler (in target 'WandMotion' from project 'WandMotion')
    cd /Users/admin/builder/spi-builder-workspace/.swiftpm/xcode
    builtin-SwiftDriver -- /Applications/Xcode-27.0.0-Release.Candidate.app/Contents/Developer/Toolchains/XcodeDefault.xctoolchain/usr/bin/swiftc -parse-as-library -module-name WandMotion -Onone @/Users/admin/builder/spi-builder-workspace/.derivedData/Build/Intermediates.noindex/WandMotion.build/Debug-watchos/WandMotion-t.build/Objects-normal/arm64_32/WandMotion.SwiftFileList -DSWIFT_PACKAGE -DDEBUG -DSWIFT_MODULE_RESOURCE_BUNDLE_UNAVAILABLE -DXcode -plugin-path /Applications/Xcode-27.0.0-Release.Candidate.app/Contents/Developer/Toolchains/XcodeDefault.xctoolchain/usr/lib/swift/host/plugins/testing -enable-experimental-feature DebugDescriptionMacro -sdk /Applications/Xcode-27.0.0-Release.Candidate.app/Contents/Developer/Platforms/WatchOS.platform/Developer/SDKs/WatchOS27.0.sdk -target arm64_32-apple-watchos9.0 -g -module-cache-path /Users/admin/builder/spi-builder-workspace/.derivedData/ModuleCache.noindex -Xfrontend -serialize-debugging-options -profile-coverage-mapping -profile-generate -enable-testing -index-store-path /Users/admin/builder/spi-builder-workspace/.derivedData/Index.noindex/DataStore -Xcc -D_LIBCPP_HARDENING_MODE\=_LIBCPP_HARDENING_MODE_DEBUG -swift-version 5 -I /Users/admin/builder/spi-builder-workspace/.derivedData/Build/Products/Debug-watchos -Isystem /Applications/Xcode-27.0.0-Release.Candidate.app/Contents/Developer/Platforms/WatchOS.platform/Developer/usr/lib -F /Users/admin/builder/spi-builder-workspace/.derivedData/Build/Products/Debug-watchos/PackageFrameworks -F /Users/admin/builder/spi-builder-workspace/.derivedData/Build/Products/Debug-watchos -F /Applications/Xcode-27.0.0-Release.Candidate.app/Contents/Developer/Platforms/WatchOS.platform/Developer/Library/Frameworks -F /Applications/Xcode-27.0.0-Release.Candidate.app/Contents/Developer/Platforms/WatchOS.platform/Developer/SDKs/WatchOS27.0.sdk/Developer/Library/Frameworks -c -j10 -enable-batch-mode -incremental -Xcc -ivfsstatcache -Xcc /Users/admin/builder/spi-builder-workspace/.derivedData/SDKStatCaches.noindex/watchos27.0-24R360-e829b21a6f8c9b70876ba0858053c04477534ef55a1706bf4c1112bbb242f0a2.sdkstatcache -output-file-map /Users/admin/builder/spi-builder-workspace/.derivedData/Build/Intermediates.noindex/WandMotion.build/Debug-watchos/WandMotion-t.build/Objects-normal/arm64_32/WandMotion-OutputFileMap.json -save-temps -no-color-diagnostics -explicit-module-build -module-cache-path /Users/admin/builder/spi-builder-workspace/.derivedData/Build/Intermediates.noindex/SwiftExplicitPrecompiledModules -clang-scanner-module-cache-path /Users/admin/builder/spi-builder-workspace/.derivedData/ModuleCache.noindex -sdk-module-cache-path /Users/admin/builder/spi-builder-workspace/.derivedData/SDKExplicitPrecompiledModules -emit-dependencies -emit-module -emit-module-path /Users/admin/builder/spi-builder-workspace/.derivedData/Build/Intermediates.noindex/WandMotion.build/Debug-watchos/WandMotion-t.build/Objects-normal/arm64_32/WandMotion.swiftmodule -serialize-diagnostics -dependency-scan-serialize-diagnostics-path /Users/admin/builder/spi-builder-workspace/.derivedData/Build/Intermediates.noindex/WandMotion.build/Debug-watchos/WandMotion-t.build/Objects-normal/arm64_32/WandMotion-dependency-scan.dia -validate-clang-modules-once -clang-build-session-file /Users/admin/builder/spi-builder-workspace/.derivedData/ModuleCache.noindex/Session.modulevalidation -Xcc -fmodules-prune-interval\=86400 -Xcc -fmodules-prune-after\=345600 -emit-const-values -const-gather-protocols-list /Users/admin/builder/spi-builder-workspace/.derivedData/Build/Intermediates.noindex/WandMotion.build/Debug-watchos/WandMotion-t.build/Objects-normal/arm64_32/WandMotion_const_extract_protocols.json -Xcc -I/Users/admin/builder/spi-builder-workspace/.derivedData/Build/Products/Debug-watchos/include -Xcc -I/Users/admin/builder/spi-builder-workspace/.derivedData/Build/Intermediates.noindex/WandMotion.build/Debug-watchos/WandMotion-t.build/DerivedSources-normal/arm64_32 -Xcc -I/Users/admin/builder/spi-builder-workspace/.derivedData/Build/Intermediates.noindex/WandMotion.build/Debug-watchos/WandMotion-t.build/DerivedSources/arm64_32 -Xcc -I/Users/admin/builder/spi-builder-workspace/.derivedData/Build/Intermediates.noindex/WandMotion.build/Debug-watchos/WandMotion-t.build/DerivedSources -Xcc -DSWIFT_PACKAGE -Xcc -DDEBUG\=1 -emit-objc-header -emit-objc-header-path /Users/admin/builder/spi-builder-workspace/.derivedData/Build/Intermediates.noindex/WandMotion.build/Debug-watchos/WandMotion-t.build/Objects-normal/arm64_32/WandMotion-Swift.h -working-directory /Users/admin/builder/spi-builder-workspace/.swiftpm/xcode -experimental-emit-module-separately -disable-cmo
SwiftDriver WandMotion normal arm64 com.apple.xcode.tools.swift.compiler (in target 'WandMotion' from project 'WandMotion')
    cd /Users/admin/builder/spi-builder-workspace/.swiftpm/xcode
    builtin-SwiftDriver -- /Applications/Xcode-27.0.0-Release.Candidate.app/Contents/Developer/Toolchains/XcodeDefault.xctoolchain/usr/bin/swiftc -parse-as-library -module-name WandMotion -Onone @/Users/admin/builder/spi-builder-workspace/.derivedData/Build/Intermediates.noindex/WandMotion.build/Debug-watchos/WandMotion-t.build/Objects-normal/arm64/WandMotion.SwiftFileList -DSWIFT_PACKAGE -DDEBUG -DSWIFT_MODULE_RESOURCE_BUNDLE_UNAVAILABLE -DXcode -plugin-path /Applications/Xcode-27.0.0-Release.Candidate.app/Contents/Developer/Toolchains/XcodeDefault.xctoolchain/usr/lib/swift/host/plugins/testing -enable-experimental-feature DebugDescriptionMacro -sdk /Applications/Xcode-27.0.0-Release.Candidate.app/Contents/Developer/Platforms/WatchOS.platform/Developer/SDKs/WatchOS27.0.sdk -target arm64-apple-watchos9.0 -g -module-cache-path /Users/admin/builder/spi-builder-workspace/.derivedData/ModuleCache.noindex -Xfrontend -serialize-debugging-options -profile-coverage-mapping -profile-generate -enable-testing -index-store-path /Users/admin/builder/spi-builder-workspace/.derivedData/Index.noindex/DataStore -Xcc -D_LIBCPP_HARDENING_MODE\=_LIBCPP_HARDENING_MODE_DEBUG -swift-version 5 -I /Users/admin/builder/spi-builder-workspace/.derivedData/Build/Products/Debug-watchos -Isystem /Applications/Xcode-27.0.0-Release.Candidate.app/Contents/Developer/Platforms/WatchOS.platform/Developer/usr/lib -F /Users/admin/builder/spi-builder-workspace/.derivedData/Build/Products/Debug-watchos/PackageFrameworks -F /Users/admin/builder/spi-builder-workspace/.derivedData/Build/Products/Debug-watchos -F /Applications/Xcode-27.0.0-Release.Candidate.app/Contents/Developer/Platforms/WatchOS.platform/Developer/Library/Frameworks -F /Applications/Xcode-27.0.0-Release.Candidate.app/Contents/Developer/Platforms/WatchOS.platform/Developer/SDKs/WatchOS27.0.sdk/Developer/Library/Frameworks -c -j10 -enable-batch-mode -incremental -Xcc -ivfsstatcache -Xcc /Users/admin/builder/spi-builder-workspace/.derivedData/SDKStatCaches.noindex/watchos27.0-24R360-e829b21a6f8c9b70876ba0858053c04477534ef55a1706bf4c1112bbb242f0a2.sdkstatcache -output-file-map /Users/admin/builder/spi-builder-workspace/.derivedData/Build/Intermediates.noindex/WandMotion.build/Debug-watchos/WandMotion-t.build/Objects-normal/arm64/WandMotion-OutputFileMap.json -save-temps -no-color-diagnostics -explicit-module-build -module-cache-path /Users/admin/builder/spi-builder-workspace/.derivedData/Build/Intermediates.noindex/SwiftExplicitPrecompiledModules -clang-scanner-module-cache-path /Users/admin/builder/spi-builder-workspace/.derivedData/ModuleCache.noindex -sdk-module-cache-path /Users/admin/builder/spi-builder-workspace/.derivedData/SDKExplicitPrecompiledModules -emit-dependencies -emit-module -emit-module-path /Users/admin/builder/spi-builder-workspace/.derivedData/Build/Intermediates.noindex/WandMotion.build/Debug-watchos/WandMotion-t.build/Objects-normal/arm64/WandMotion.swiftmodule -serialize-diagnostics -dependency-scan-serialize-diagnostics-path /Users/admin/builder/spi-builder-workspace/.derivedData/Build/Intermediates.noindex/WandMotion.build/Debug-watchos/WandMotion-t.build/Objects-normal/arm64/WandMotion-dependency-scan.dia -validate-clang-modules-once -clang-build-session-file /Users/admin/builder/spi-builder-workspace/.derivedData/ModuleCache.noindex/Session.modulevalidation -Xcc -fmodules-prune-interval\=86400 -Xcc -fmodules-prune-after\=345600 -emit-const-values -const-gather-protocols-list /Users/admin/builder/spi-builder-workspace/.derivedData/Build/Intermediates.noindex/WandMotion.build/Debug-watchos/WandMotion-t.build/Objects-normal/arm64/WandMotion_const_extract_protocols.json -Xcc -I/Users/admin/builder/spi-builder-workspace/.derivedData/Build/Products/Debug-watchos/include -Xcc -I/Users/admin/builder/spi-builder-workspace/.derivedData/Build/Intermediates.noindex/WandMotion.build/Debug-watchos/WandMotion-t.build/DerivedSources-normal/arm64 -Xcc -I/Users/admin/builder/spi-builder-workspace/.derivedData/Build/Intermediates.noindex/WandMotion.build/Debug-watchos/WandMotion-t.build/DerivedSources/arm64 -Xcc -I/Users/admin/builder/spi-builder-workspace/.derivedData/Build/Intermediates.noindex/WandMotion.build/Debug-watchos/WandMotion-t.build/DerivedSources -Xcc -DSWIFT_PACKAGE -Xcc -DDEBUG\=1 -emit-objc-header -emit-objc-header-path /Users/admin/builder/spi-builder-workspace/.derivedData/Build/Intermediates.noindex/WandMotion.build/Debug-watchos/WandMotion-t.build/Objects-normal/arm64/WandMotion-Swift.h -working-directory /Users/admin/builder/spi-builder-workspace/.swiftpm/xcode -experimental-emit-module-separately -disable-cmo
SwiftDriverJobDiscovery normal arm64 Compiling Ask.swift, Core.swift, Expressible.swift, ExpressibleByArray.swift (in target 'Wand' from project 'Wand')
SwiftDriverJobDiscovery normal arm64 Compiling Ask.T.swift, CoreGraphics_Convertable.swift, Numbers_Convertable.swift, String_Convertable.swift (in target 'Wand' from project 'Wand')
SwiftDriverJobDiscovery normal arm64_32 Compiling Core+Wanded.swift, WandFramerProtocol.swift, Wanded.swift, |.swift (in target 'Wand' from project 'Wand')
SwiftDriverJobDiscovery normal arm64 Compiling Core+Wanded.swift, WandFramerProtocol.swift, Wanded.swift, |.swift (in target 'Wand' from project 'Wand')
SwiftDriver\ Compilation Wand normal arm64 com.apple.xcode.tools.swift.compiler (in target 'Wand' from project 'Wand')
    cd /Users/admin/builder/spi-builder-workspace/.swiftpm/xcode
    builtin-Swift-Compilation -- /Applications/Xcode-27.0.0-Release.Candidate.app/Contents/Developer/Toolchains/XcodeDefault.xctoolchain/usr/bin/swiftc -parse-as-library -module-name Wand -Onone @/Users/admin/builder/spi-builder-workspace/.derivedData/Build/Intermediates.noindex/Wand.build/Debug-watchos/Wand-t.build/Objects-normal/arm64/Wand.SwiftFileList -DSWIFT_PACKAGE -DDEBUG -DSWIFT_MODULE_RESOURCE_BUNDLE_UNAVAILABLE -DXcode -plugin-path /Applications/Xcode-27.0.0-Release.Candidate.app/Contents/Developer/Toolchains/XcodeDefault.xctoolchain/usr/lib/swift/host/plugins/testing -enable-experimental-feature DebugDescriptionMacro -sdk /Applications/Xcode-27.0.0-Release.Candidate.app/Contents/Developer/Platforms/WatchOS.platform/Developer/SDKs/WatchOS27.0.sdk -target arm64-apple-watchos9.0 -g -module-cache-path /Users/admin/builder/spi-builder-workspace/.derivedData/ModuleCache.noindex -Xfrontend -serialize-debugging-options -profile-coverage-mapping -profile-generate -enable-testing -suppress-warnings -index-store-path /Users/admin/builder/spi-builder-workspace/.derivedData/Index.noindex/DataStore -Xcc -D_LIBCPP_HARDENING_MODE\=_LIBCPP_HARDENING_MODE_DEBUG -swift-version 5 -I /Users/admin/builder/spi-builder-workspace/.derivedData/Build/Products/Debug-watchos -Isystem /Applications/Xcode-27.0.0-Release.Candidate.app/Contents/Developer/Platforms/WatchOS.platform/Developer/usr/lib -F /Users/admin/builder/spi-builder-workspace/.derivedData/Build/Products/Debug-watchos -F /Applications/Xcode-27.0.0-Release.Candidate.app/Contents/Developer/Platforms/WatchOS.platform/Developer/Library/Frameworks -F /Applications/Xcode-27.0.0-Release.Candidate.app/Contents/Developer/Platforms/WatchOS.platform/Developer/SDKs/WatchOS27.0.sdk/Developer/Library/Frameworks -c -j10 -enable-batch-mode -incremental -Xcc -ivfsstatcache -Xcc /Users/admin/builder/spi-builder-workspace/.derivedData/SDKStatCaches.noindex/watchos27.0-24R360-e829b21a6f8c9b70876ba0858053c04477534ef55a1706bf4c1112bbb242f0a2.sdkstatcache -output-file-map /Users/admin/builder/spi-builder-workspace/.derivedData/Build/Intermediates.noindex/Wand.build/Debug-watchos/Wand-t.build/Objects-normal/arm64/Wand-OutputFileMap.json -save-temps -no-color-diagnostics -explicit-module-build -module-cache-path /Users/admin/builder/spi-builder-workspace/.derivedData/Build/Intermediates.noindex/SwiftExplicitPrecompiledModules -clang-scanner-module-cache-path /Users/admin/builder/spi-builder-workspace/.derivedData/ModuleCache.noindex -sdk-module-cache-path /Users/admin/builder/spi-builder-workspace/.derivedData/SDKExplicitPrecompiledModules -emit-dependencies -emit-module -emit-module-path /Users/admin/builder/spi-builder-workspace/.derivedData/Build/Intermediates.noindex/Wand.build/Debug-watchos/Wand-t.build/Objects-normal/arm64/Wand.swiftmodule -serialize-diagnostics -dependency-scan-serialize-diagnostics-path /Users/admin/builder/spi-builder-workspace/.derivedData/Build/Intermediates.noindex/Wand.build/Debug-watchos/Wand-t.build/Objects-normal/arm64/Wand-dependency-scan.dia -validate-clang-modules-once -clang-build-session-file /Users/admin/builder/spi-builder-workspace/.derivedData/ModuleCache.noindex/Session.modulevalidation -Xcc -fmodules-prune-interval\=86400 -Xcc -fmodules-prune-after\=345600 -emit-const-values -const-gather-protocols-list /Users/admin/builder/spi-builder-workspace/.derivedData/Build/Intermediates.noindex/Wand.build/Debug-watchos/Wand-t.build/Objects-normal/arm64/Wand_const_extract_protocols.json -Xcc -I/Users/admin/builder/spi-builder-workspace/.derivedData/Build/Products/Debug-watchos/include -Xcc -I/Users/admin/builder/spi-builder-workspace/.derivedData/Build/Intermediates.noindex/Wand.build/Debug-watchos/Wand-t.build/DerivedSources-normal/arm64 -Xcc -I/Users/admin/builder/spi-builder-workspace/.derivedData/Build/Intermediates.noindex/Wand.build/Debug-watchos/Wand-t.build/DerivedSources/arm64 -Xcc -I/Users/admin/builder/spi-builder-workspace/.derivedData/Build/Intermediates.noindex/Wand.build/Debug-watchos/Wand-t.build/DerivedSources -Xcc -DSWIFT_PACKAGE -Xcc -DDEBUG\=1 -emit-objc-header -emit-objc-header-path /Users/admin/builder/spi-builder-workspace/.derivedData/Build/Intermediates.noindex/Wand.build/Debug-watchos/Wand-t.build/Objects-normal/arm64/Wand-Swift.h -working-directory /Users/admin/builder/spi-builder-workspace/.swiftpm/xcode -experimental-emit-module-separately -disable-cmo
Ld /Users/admin/builder/spi-builder-workspace/.derivedData/Build/Intermediates.noindex/Wand.build/Debug-watchos/Wand-t.build/Objects-normal/arm64/Binary/Wand.o normal arm64 (in target 'Wand' from project 'Wand')
    cd /Users/admin/builder/spi-builder-workspace/.dependencies/checkouts/Wand
    /Applications/Xcode-27.0.0-Release.Candidate.app/Contents/Developer/Toolchains/XcodeDefault.xctoolchain/usr/bin/clang -Xlinker -reproducible -target arm64-apple-watchos9.0 -r -isysroot /Applications/Xcode-27.0.0-Release.Candidate.app/Contents/Developer/Platforms/WatchOS.platform/Developer/SDKs/WatchOS27.0.sdk -O0 -w -Xlinker -no_warn_duplicate_libraries -F/Users/admin/builder/spi-builder-workspace/.derivedData/Build/Intermediates.noindex/EagerLinkingTBDs/Debug-watchos -F/Users/admin/builder/spi-builder-workspace/.derivedData/Build/Products/Debug-watchos -iframework /Applications/Xcode-27.0.0-Release.Candidate.app/Contents/Developer/Platforms/WatchOS.platform/Developer/Library/Frameworks -iframework /Applications/Xcode-27.0.0-Release.Candidate.app/Contents/Developer/Platforms/WatchOS.platform/Developer/SDKs/WatchOS27.0.sdk/Developer/Library/Frameworks -filelist /Users/admin/builder/spi-builder-workspace/.derivedData/Build/Intermediates.noindex/Wand.build/Debug-watchos/Wand-t.build/Objects-normal/arm64/Wand.LinkFileList -nostdlib -Xlinker -object_path_lto -Xlinker /Users/admin/builder/spi-builder-workspace/.derivedData/Build/Intermediates.noindex/Wand.build/Debug-watchos/Wand-t.build/Objects-normal/arm64/Wand_lto.o -Xlinker -no_deduplicate -Xlinker -debug_variant -Xlinker -dependency_info -Xlinker /Users/admin/builder/spi-builder-workspace/.derivedData/Build/Intermediates.noindex/Wand.build/Debug-watchos/Wand-t.build/Objects-normal/arm64/Wand_dependency_info.dat -fobjc-link-runtime -L/Applications/Xcode-27.0.0-Release.Candidate.app/Contents/Developer/Toolchains/XcodeDefault.xctoolchain/usr/lib/swift/watchos -L/usr/lib/swift -Xlinker -add_ast_path -Xlinker /Users/admin/builder/spi-builder-workspace/.derivedData/Build/Intermediates.noindex/Wand.build/Debug-watchos/Wand-t.build/Objects-normal/arm64/Wand.swiftmodule -o /Users/admin/builder/spi-builder-workspace/.derivedData/Build/Intermediates.noindex/Wand.build/Debug-watchos/Wand-t.build/Objects-normal/arm64/Binary/Wand.o
SwiftDriverJobDiscovery normal arm64_32 Compiling ?.swift, Error.swift, Error?.swift, Option.swift (in target 'Wand' from project 'Wand')
SwiftExplicitDependencyGeneratePcm arm64 /Users/admin/builder/spi-builder-workspace/.derivedData/SDKExplicitPrecompiledModules/_Builtin_stdatomic-7JEFA3KBJJJN6TKJWY3OG1VG5.pcm
SwiftExplicitDependencyGeneratePcm arm64 /Users/admin/builder/spi-builder-workspace/.derivedData/SDKExplicitPrecompiledModules/MachO-2U90NNSAQILBNBPS1SA4F8TYP.pcm
SwiftExplicitDependencyGeneratePcm arm64 /Users/admin/builder/spi-builder-workspace/.derivedData/SDKExplicitPrecompiledModules/_LocationEssentials-5ZZDGDXB6HLQUC72SJW7YJ7MK.pcm
SwiftExplicitDependencyGeneratePcm arm64_32 /Users/admin/builder/spi-builder-workspace/.derivedData/SDKExplicitPrecompiledModules/MachO-56838ZJ0NC1EBAJ0O6O8QMPDX.pcm
SwiftExplicitDependencyGeneratePcm arm64_32 /Users/admin/builder/spi-builder-workspace/.derivedData/SDKExplicitPrecompiledModules/_LocationEssentials-AQ1OL9QKC3LQLY5CNSRM1HB53.pcm
SwiftExplicitDependencyGeneratePcm arm64_32 /Users/admin/builder/spi-builder-workspace/.derivedData/SDKExplicitPrecompiledModules/_Builtin_stdatomic-1TY035TURL76BF2U98PZPPZRX.pcm
SwiftExplicitDependencyGeneratePcm arm64 /Users/admin/builder/spi-builder-workspace/.derivedData/SDKExplicitPrecompiledModules/CoreLocation-ACKJ9K7ABI14F97Y46Y6SRR17.pcm
SwiftExplicitDependencyGeneratePcm arm64_32 /Users/admin/builder/spi-builder-workspace/.derivedData/SDKExplicitPrecompiledModules/CoreLocation-8XU5YMYM4P11RQMYCQAG65ITK.pcm
SwiftExplicitDependencyGeneratePcm arm64 /Users/admin/builder/spi-builder-workspace/.derivedData/SDKExplicitPrecompiledModules/os-5DIL6Z9LFIGLMZAHM7X2T5435.pcm
SwiftExplicitDependencyGeneratePcm arm64_32 /Users/admin/builder/spi-builder-workspace/.derivedData/SDKExplicitPrecompiledModules/os-E5IGB442IA6SBB25TTCOLK2OC.pcm
SwiftExplicitDependencyGeneratePcm arm64_32 /Users/admin/builder/spi-builder-workspace/.derivedData/SDKExplicitPrecompiledModules/CoreMotion-1XGTVTE5PP32UHME8AC63TL6.pcm
SwiftExplicitDependencyGeneratePcm arm64 /Users/admin/builder/spi-builder-workspace/.derivedData/SDKExplicitPrecompiledModules/CoreMotion-6RD5K48QT1F4L9CATNFD2O7YB.pcm
SwiftDriverJobDiscovery normal arm64_32 Compiling Ask.T.swift, CoreGraphics_Convertable.swift, Numbers_Convertable.swift, String_Convertable.swift (in target 'Wand' from project 'Wand')
SwiftDriverJobDiscovery normal arm64_32 Compiling Ask.swift, Core.swift, Expressible.swift, ExpressibleByArray.swift (in target 'Wand' from project 'Wand')
SwiftDriver\ Compilation Wand normal arm64_32 com.apple.xcode.tools.swift.compiler (in target 'Wand' from project 'Wand')
    cd /Users/admin/builder/spi-builder-workspace/.swiftpm/xcode
    builtin-Swift-Compilation -- /Applications/Xcode-27.0.0-Release.Candidate.app/Contents/Developer/Toolchains/XcodeDefault.xctoolchain/usr/bin/swiftc -parse-as-library -module-name Wand -Onone @/Users/admin/builder/spi-builder-workspace/.derivedData/Build/Intermediates.noindex/Wand.build/Debug-watchos/Wand-t.build/Objects-normal/arm64_32/Wand.SwiftFileList -DSWIFT_PACKAGE -DDEBUG -DSWIFT_MODULE_RESOURCE_BUNDLE_UNAVAILABLE -DXcode -plugin-path /Applications/Xcode-27.0.0-Release.Candidate.app/Contents/Developer/Toolchains/XcodeDefault.xctoolchain/usr/lib/swift/host/plugins/testing -enable-experimental-feature DebugDescriptionMacro -sdk /Applications/Xcode-27.0.0-Release.Candidate.app/Contents/Developer/Platforms/WatchOS.platform/Developer/SDKs/WatchOS27.0.sdk -target arm64_32-apple-watchos9.0 -g -module-cache-path /Users/admin/builder/spi-builder-workspace/.derivedData/ModuleCache.noindex -Xfrontend -serialize-debugging-options -profile-coverage-mapping -profile-generate -enable-testing -suppress-warnings -index-store-path /Users/admin/builder/spi-builder-workspace/.derivedData/Index.noindex/DataStore -Xcc -D_LIBCPP_HARDENING_MODE\=_LIBCPP_HARDENING_MODE_DEBUG -swift-version 5 -I /Users/admin/builder/spi-builder-workspace/.derivedData/Build/Products/Debug-watchos -Isystem /Applications/Xcode-27.0.0-Release.Candidate.app/Contents/Developer/Platforms/WatchOS.platform/Developer/usr/lib -F /Users/admin/builder/spi-builder-workspace/.derivedData/Build/Products/Debug-watchos -F /Applications/Xcode-27.0.0-Release.Candidate.app/Contents/Developer/Platforms/WatchOS.platform/Developer/Library/Frameworks -F /Applications/Xcode-27.0.0-Release.Candidate.app/Contents/Developer/Platforms/WatchOS.platform/Developer/SDKs/WatchOS27.0.sdk/Developer/Library/Frameworks -c -j10 -enable-batch-mode -incremental -Xcc -ivfsstatcache -Xcc /Users/admin/builder/spi-builder-workspace/.derivedData/SDKStatCaches.noindex/watchos27.0-24R360-e829b21a6f8c9b70876ba0858053c04477534ef55a1706bf4c1112bbb242f0a2.sdkstatcache -output-file-map /Users/admin/builder/spi-builder-workspace/.derivedData/Build/Intermediates.noindex/Wand.build/Debug-watchos/Wand-t.build/Objects-normal/arm64_32/Wand-OutputFileMap.json -save-temps -no-color-diagnostics -explicit-module-build -module-cache-path /Users/admin/builder/spi-builder-workspace/.derivedData/Build/Intermediates.noindex/SwiftExplicitPrecompiledModules -clang-scanner-module-cache-path /Users/admin/builder/spi-builder-workspace/.derivedData/ModuleCache.noindex -sdk-module-cache-path /Users/admin/builder/spi-builder-workspace/.derivedData/SDKExplicitPrecompiledModules -emit-dependencies -emit-module -emit-module-path /Users/admin/builder/spi-builder-workspace/.derivedData/Build/Intermediates.noindex/Wand.build/Debug-watchos/Wand-t.build/Objects-normal/arm64_32/Wand.swiftmodule -serialize-diagnostics -dependency-scan-serialize-diagnostics-path /Users/admin/builder/spi-builder-workspace/.derivedData/Build/Intermediates.noindex/Wand.build/Debug-watchos/Wand-t.build/Objects-normal/arm64_32/Wand-dependency-scan.dia -validate-clang-modules-once -clang-build-session-file /Users/admin/builder/spi-builder-workspace/.derivedData/ModuleCache.noindex/Session.modulevalidation -Xcc -fmodules-prune-interval\=86400 -Xcc -fmodules-prune-after\=345600 -emit-const-values -const-gather-protocols-list /Users/admin/builder/spi-builder-workspace/.derivedData/Build/Intermediates.noindex/Wand.build/Debug-watchos/Wand-t.build/Objects-normal/arm64_32/Wand_const_extract_protocols.json -Xcc -I/Users/admin/builder/spi-builder-workspace/.derivedData/Build/Products/Debug-watchos/include -Xcc -I/Users/admin/builder/spi-builder-workspace/.derivedData/Build/Intermediates.noindex/Wand.build/Debug-watchos/Wand-t.build/DerivedSources-normal/arm64_32 -Xcc -I/Users/admin/builder/spi-builder-workspace/.derivedData/Build/Intermediates.noindex/Wand.build/Debug-watchos/Wand-t.build/DerivedSources/arm64_32 -Xcc -I/Users/admin/builder/spi-builder-workspace/.derivedData/Build/Intermediates.noindex/Wand.build/Debug-watchos/Wand-t.build/DerivedSources -Xcc -DSWIFT_PACKAGE -Xcc -DDEBUG\=1 -emit-objc-header -emit-objc-header-path /Users/admin/builder/spi-builder-workspace/.derivedData/Build/Intermediates.noindex/Wand.build/Debug-watchos/Wand-t.build/Objects-normal/arm64_32/Wand-Swift.h -working-directory /Users/admin/builder/spi-builder-workspace/.swiftpm/xcode -experimental-emit-module-separately -disable-cmo
Ld /Users/admin/builder/spi-builder-workspace/.derivedData/Build/Intermediates.noindex/Wand.build/Debug-watchos/Wand-t.build/Objects-normal/arm64_32/Binary/Wand.o normal arm64_32 (in target 'Wand' from project 'Wand')
    cd /Users/admin/builder/spi-builder-workspace/.dependencies/checkouts/Wand
    /Applications/Xcode-27.0.0-Release.Candidate.app/Contents/Developer/Toolchains/XcodeDefault.xctoolchain/usr/bin/clang -Xlinker -reproducible -target arm64_32-apple-watchos9.0 -r -isysroot /Applications/Xcode-27.0.0-Release.Candidate.app/Contents/Developer/Platforms/WatchOS.platform/Developer/SDKs/WatchOS27.0.sdk -O0 -w -Xlinker -no_warn_duplicate_libraries -F/Users/admin/builder/spi-builder-workspace/.derivedData/Build/Intermediates.noindex/EagerLinkingTBDs/Debug-watchos -F/Users/admin/builder/spi-builder-workspace/.derivedData/Build/Products/Debug-watchos -iframework /Applications/Xcode-27.0.0-Release.Candidate.app/Contents/Developer/Platforms/WatchOS.platform/Developer/Library/Frameworks -iframework /Applications/Xcode-27.0.0-Release.Candidate.app/Contents/Developer/Platforms/WatchOS.platform/Developer/SDKs/WatchOS27.0.sdk/Developer/Library/Frameworks -filelist /Users/admin/builder/spi-builder-workspace/.derivedData/Build/Intermediates.noindex/Wand.build/Debug-watchos/Wand-t.build/Objects-normal/arm64_32/Wand.LinkFileList -nostdlib -Xlinker -object_path_lto -Xlinker /Users/admin/builder/spi-builder-workspace/.derivedData/Build/Intermediates.noindex/Wand.build/Debug-watchos/Wand-t.build/Objects-normal/arm64_32/Wand_lto.o -Xlinker -no_deduplicate -Xlinker -debug_variant -Xlinker -dependency_info -Xlinker /Users/admin/builder/spi-builder-workspace/.derivedData/Build/Intermediates.noindex/Wand.build/Debug-watchos/Wand-t.build/Objects-normal/arm64_32/Wand_dependency_info.dat -fobjc-link-runtime -L/Applications/Xcode-27.0.0-Release.Candidate.app/Contents/Developer/Toolchains/XcodeDefault.xctoolchain/usr/lib/swift/watchos -L/usr/lib/swift -Xlinker -add_ast_path -Xlinker /Users/admin/builder/spi-builder-workspace/.derivedData/Build/Intermediates.noindex/Wand.build/Debug-watchos/Wand-t.build/Objects-normal/arm64_32/Wand.swiftmodule -o /Users/admin/builder/spi-builder-workspace/.derivedData/Build/Intermediates.noindex/Wand.build/Debug-watchos/Wand-t.build/Objects-normal/arm64_32/Binary/Wand.o
CreateUniversalBinary /Users/admin/builder/spi-builder-workspace/.derivedData/Build/Products/Debug-watchos/Wand.o normal arm64\ arm64_32 (in target 'Wand' from project 'Wand')
    cd /Users/admin/builder/spi-builder-workspace/.dependencies/checkouts/Wand
    /Applications/Xcode-27.0.0-Release.Candidate.app/Contents/Developer/Toolchains/XcodeDefault.xctoolchain/usr/bin/lipo -create /Users/admin/builder/spi-builder-workspace/.derivedData/Build/Intermediates.noindex/Wand.build/Debug-watchos/Wand-t.build/Objects-normal/arm64/Binary/Wand.o /Users/admin/builder/spi-builder-workspace/.derivedData/Build/Intermediates.noindex/Wand.build/Debug-watchos/Wand-t.build/Objects-normal/arm64_32/Binary/Wand.o -output /Users/admin/builder/spi-builder-workspace/.derivedData/Build/Products/Debug-watchos/Wand.o
SwiftCompile normal arm64_32 Compiling\ CMPedometerData_Ask.swift /Users/admin/builder/spi-builder-workspace/Sources/WandMotion/CMPedometerData_Ask.swift (in target 'WandMotion' from project 'WandMotion')
SwiftCompile normal arm64_32 /Users/admin/builder/spi-builder-workspace/Sources/WandMotion/CMPedometerData_Ask.swift (in target 'WandMotion' from project 'WandMotion')
    cd /Users/admin/builder/spi-builder-workspace/.swiftpm/xcode
    builtin-SwiftPerFileCompile CMPedometerData_Ask.swift
/Users/admin/builder/spi-builder-workspace/Sources/WandMotion/CMPedometerData_Ask.swift:30:28: error: cannot find type 'AskingNil' in scope
28 | ///
29 | @available(visionOS, unavailable)
30 | extension CMPedometerData: AskingNil, Wanded {
   |                            `- error: cannot find type 'AskingNil' in scope
31 |
32 |     @inline(__always)
/Users/admin/builder/spi-builder-workspace/Sources/WandMotion/CMPedometerData_Ask.swift:30:1: warning: extension declares a conformance of imported type 'CMPedometerData' to imported protocol 'Wanded'; this will not behave correctly if the owners of 'CoreMotion' introduce this conformance in the future
28 | ///
29 | @available(visionOS, unavailable)
30 | extension CMPedometerData: AskingNil, Wanded {
   | |- warning: extension declares a conformance of imported type 'CMPedometerData' to imported protocol 'Wanded'; this will not behave correctly if the owners of 'CoreMotion' introduce this conformance in the future
   | `- note: add '@retroactive' to silence this warning
31 |
32 |     @inline(__always)
SwiftEmitModule normal arm64_32 Emitting\ module\ for\ WandMotion (in target 'WandMotion' from project 'WandMotion')
/Users/admin/builder/spi-builder-workspace/Sources/WandMotion/CMAltimeter_Obtain.swift:29:1: warning: extension declares a conformance of imported type 'CMAltimeter' to imported protocols 'Obtainable', 'Wanded'; this will not behave correctly if the owners of 'CoreMotion' introduce this conformance in the future
27 | @available(macOS, unavailable)
28 | @available(visionOS, unavailable)
29 | extension CMAltimeter: Obtainable {
   | |- warning: extension declares a conformance of imported type 'CMAltimeter' to imported protocols 'Obtainable', 'Wanded'; this will not behave correctly if the owners of 'CoreMotion' introduce this conformance in the future
   | `- note: add '@retroactive' to silence this warning
30 |
31 |     @inline(__always)
/Users/admin/builder/spi-builder-workspace/Sources/WandMotion/CMAltitudeData_Ask.swift:31:1: warning: extension declares a conformance of imported type 'CMAltitudeData' to imported protocols 'AskNil', 'Wanded', 'AskT'; this will not behave correctly if the owners of 'CoreMotion' introduce this conformance in the future
29 | @available(macOS, unavailable)
30 | @available(visionOS, unavailable)
31 | extension CMAltitudeData: Ask.Nil, Wanded {
   | |- warning: extension declares a conformance of imported type 'CMAltitudeData' to imported protocols 'AskNil', 'Wanded', 'AskT'; this will not behave correctly if the owners of 'CoreMotion' introduce this conformance in the future
   | `- note: add '@retroactive' to silence this warning
32 |
33 |     @inline(__always)
/Users/admin/builder/spi-builder-workspace/Sources/WandMotion/CMAttitude_Ask.swift:31:23: error: cannot find type 'AskingNil' in scope
29 | @available(macOS, unavailable)
30 | @available(visionOS, unavailable)
31 | extension CMAttitude: AskingNil, Wanded {
   |                       `- error: cannot find type 'AskingNil' in scope
32 |
33 |     @inline(__always)
/Users/admin/builder/spi-builder-workspace/Sources/WandMotion/CMAttitude_Ask.swift:31:1: warning: extension declares a conformance of imported type 'CMAttitude' to imported protocol 'Wanded'; this will not behave correctly if the owners of 'CoreMotion' introduce this conformance in the future
29 | @available(macOS, unavailable)
30 | @available(visionOS, unavailable)
31 | extension CMAttitude: AskingNil, Wanded {
   | |- warning: extension declares a conformance of imported type 'CMAttitude' to imported protocol 'Wanded'; this will not behave correctly if the owners of 'CoreMotion' introduce this conformance in the future
   | `- note: add '@retroactive' to silence this warning
32 |
33 |     @inline(__always)
/Users/admin/builder/spi-builder-workspace/Sources/WandMotion/CMAttitude_Ask.swift:36:26: error: cannot find type 'Wand' in scope
34 |     public
35 |     static
36 |     func wand<T>(_ wand: Wand, asks ask: Ask<T>) {
   |                          |- error: cannot find type 'Wand' in scope
   |                          `- note: cannot use module 'Wand' as a type
37 |
38 |         //Save ask
/Users/admin/builder/spi-builder-workspace/Sources/WandMotion/CMDeviceMotion_Ask.swift:31:27: error: cannot find type 'AskingNil' in scope
29 | @available(macOS, unavailable)
30 | @available(visionOS, unavailable)
31 | extension CMDeviceMotion: AskingNil, Wanded {
   |                           `- error: cannot find type 'AskingNil' in scope
32 |
33 |     @inline(__always)
/Users/admin/builder/spi-builder-workspace/Sources/WandMotion/CMDeviceMotion_Ask.swift:31:1: warning: extension declares a conformance of imported type 'CMDeviceMotion' to imported protocol 'Wanded'; this will not behave correctly if the owners of 'CoreMotion' introduce this conformance in the future
29 | @available(macOS, unavailable)
30 | @available(visionOS, unavailable)
31 | extension CMDeviceMotion: AskingNil, Wanded {
   | |- warning: extension declares a conformance of imported type 'CMDeviceMotion' to imported protocol 'Wanded'; this will not behave correctly if the owners of 'CoreMotion' introduce this conformance in the future
   | `- note: add '@retroactive' to silence this warning
32 |
33 |     @inline(__always)
/Users/admin/builder/spi-builder-workspace/Sources/WandMotion/CMDeviceMotion_Ask.swift:36:26: error: cannot find type 'Wand' in scope
34 |     public
35 |     static
36 |     func wand<T>(_ wand: Wand, asks ask: Ask<T>) {
   |                          |- error: cannot find type 'Wand' in scope
   |                          `- note: cannot use module 'Wand' as a type
37 |
38 |         //Save ask
/Users/admin/builder/spi-builder-workspace/Sources/WandMotion/CMGyroData_Ask.swift:31:23: error: cannot find type 'AskingNil' in scope
29 | @available(macOS, unavailable)
30 | @available(visionOS, unavailable)
31 | extension CMGyroData: AskingNil, Wanded {
   |                       `- error: cannot find type 'AskingNil' in scope
32 |
33 |     @inline(__always)
/Users/admin/builder/spi-builder-workspace/Sources/WandMotion/CMGyroData_Ask.swift:31:1: warning: extension declares a conformance of imported type 'CMGyroData' to imported protocol 'Wanded'; this will not behave correctly if the owners of 'CoreMotion' introduce this conformance in the future
29 | @available(macOS, unavailable)
30 | @available(visionOS, unavailable)
31 | extension CMGyroData: AskingNil, Wanded {
   | |- warning: extension declares a conformance of imported type 'CMGyroData' to imported protocol 'Wanded'; this will not behave correctly if the owners of 'CoreMotion' introduce this conformance in the future
   | `- note: add '@retroactive' to silence this warning
32 |
33 |     @inline(__always)
/Users/admin/builder/spi-builder-workspace/Sources/WandMotion/CMGyroData_Ask.swift:36:26: error: cannot find type 'Wand' in scope
34 |     public
35 |     static
36 |     func wand<T>(_ wand: Wand, asks ask: Ask<T>) {
   |                          |- error: cannot find type 'Wand' in scope
   |                          `- note: cannot use module 'Wand' as a type
37 |
38 |         //Save ask
/Users/admin/builder/spi-builder-workspace/Sources/WandMotion/CMMagnetometerData_Ask.swift:31:31: error: cannot find type 'AskingNil' in scope
29 | @available(macOS, unavailable)
30 | @available(visionOS, unavailable)
31 | extension CMMagnetometerData: AskingNil, Wanded {
   |                               `- error: cannot find type 'AskingNil' in scope
32 |
33 |     @inline(__always)
/Users/admin/builder/spi-builder-workspace/Sources/WandMotion/CMMagnetometerData_Ask.swift:31:1: warning: extension declares a conformance of imported type 'CMMagnetometerData' to imported protocol 'Wanded'; this will not behave correctly if the owners of 'CoreMotion' introduce this conformance in the future
29 | @available(macOS, unavailable)
30 | @available(visionOS, unavailable)
31 | extension CMMagnetometerData: AskingNil, Wanded {
   | |- warning: extension declares a conformance of imported type 'CMMagnetometerData' to imported protocol 'Wanded'; this will not behave correctly if the owners of 'CoreMotion' introduce this conformance in the future
   | `- note: add '@retroactive' to silence this warning
32 |
33 |     @inline(__always)
/Users/admin/builder/spi-builder-workspace/Sources/WandMotion/CMMagnetometerData_Ask.swift:36:26: error: cannot find type 'Wand' in scope
34 |     public
35 |     static
36 |     func wand<T>(_ wand: Wand, asks ask: Ask<T>) {
   |                          |- error: cannot find type 'Wand' in scope
   |                          `- note: cannot use module 'Wand' as a type
37 |
38 |         // Save ask
/Users/admin/builder/spi-builder-workspace/Sources/WandMotion/CMMotionManager_Obtain.swift:29:28: error: cannot find type 'Obtain' in scope
27 | @available(macOS, unavailable)
28 | @available(visionOS, unavailable)
29 | extension CMMotionManager: Obtain {
   |                            `- error: cannot find type 'Obtain' in scope
30 |
31 |     @inline(__always)
/Users/admin/builder/spi-builder-workspace/Sources/WandMotion/CMMotionManager_Obtain.swift:34:26: error: cannot find type 'Wand' in scope
32 |     public
33 |     static
34 |     func obtain(by wand: Wand?) -> Self {
   |                          |- error: cannot find type 'Wand' in scope
   |                          `- note: cannot use module 'Wand' as a type
35 |         Self()
36 |     }
/Users/admin/builder/spi-builder-workspace/Sources/WandMotion/CMPedometerData_Ask.swift:30:28: error: cannot find type 'AskingNil' in scope
28 | ///
29 | @available(visionOS, unavailable)
30 | extension CMPedometerData: AskingNil, Wanded {
   |                            `- error: cannot find type 'AskingNil' in scope
31 |
32 |     @inline(__always)
/Users/admin/builder/spi-builder-workspace/Sources/WandMotion/CMPedometerData_Ask.swift:30:1: warning: extension declares a conformance of imported type 'CMPedometerData' to imported protocol 'Wanded'; this will not behave correctly if the owners of 'CoreMotion' introduce this conformance in the future
28 | ///
29 | @available(visionOS, unavailable)
30 | extension CMPedometerData: AskingNil, Wanded {
   | |- warning: extension declares a conformance of imported type 'CMPedometerData' to imported protocol 'Wanded'; this will not behave correctly if the owners of 'CoreMotion' introduce this conformance in the future
   | `- note: add '@retroactive' to silence this warning
31 |
32 |     @inline(__always)
/Users/admin/builder/spi-builder-workspace/Sources/WandMotion/CMPedometerData_Ask.swift:35:26: error: cannot find type 'Wand' in scope
33 |     public
34 |     static
35 |     func wand<T>(_ wand: Wand, asks ask: Ask<T>) {
   |                          |- error: cannot find type 'Wand' in scope
   |                          `- note: cannot use module 'Wand' as a type
36 |
37 |         //Save ask
/Users/admin/builder/spi-builder-workspace/Sources/WandMotion/CMPedometerEvent_Ask.swift:32:29: error: cannot find type 'AskingNil' in scope
30 | @available(macOS, unavailable)
31 | @available(visionOS, unavailable)
32 | extension CMPedometerEvent: AskingNil, Wanded {
   |                             `- error: cannot find type 'AskingNil' in scope
33 |
34 |     @inline(__always)
/Users/admin/builder/spi-builder-workspace/Sources/WandMotion/CMPedometerEvent_Ask.swift:32:1: warning: extension declares a conformance of imported type 'CMPedometerEvent' to imported protocol 'Wanded'; this will not behave correctly if the owners of 'CoreMotion' introduce this conformance in the future
30 | @available(macOS, unavailable)
31 | @available(visionOS, unavailable)
32 | extension CMPedometerEvent: AskingNil, Wanded {
   | |- warning: extension declares a conformance of imported type 'CMPedometerEvent' to imported protocol 'Wanded'; this will not behave correctly if the owners of 'CoreMotion' introduce this conformance in the future
   | `- note: add '@retroactive' to silence this warning
33 |
34 |     @inline(__always)
/Users/admin/builder/spi-builder-workspace/Sources/WandMotion/CMPedometerEvent_Ask.swift:37:26: error: cannot find type 'Wand' in scope
35 |     public
36 |     static
37 |     func wand<T>(_ wand: Wand, asks ask: Ask<T>) {
   |                          |- error: cannot find type 'Wand' in scope
   |                          `- note: cannot use module 'Wand' as a type
38 |
39 |         //Save ask
/Users/admin/builder/spi-builder-workspace/Sources/WandMotion/CMPedometer_Obtain.swift:28:24: error: cannot find type 'Obtain' in scope
26 | ///
27 | @available(visionOS, unavailable)
28 | extension CMPedometer: Obtain {
   |                        `- error: cannot find type 'Obtain' in scope
29 |
30 |     @inline(__always)
/Users/admin/builder/spi-builder-workspace/Sources/WandMotion/CMPedometer_Obtain.swift:33:26: error: cannot find type 'Wand' in scope
31 |     public
32 |     static
33 |     func obtain(by wand: Wand?) -> Self {
   |                          |- error: cannot find type 'Wand' in scope
   |                          `- note: cannot use module 'Wand' as a type
34 |         Self()
35 |     }
Failed frontend command:
/Applications/Xcode-27.0.0-Release.Candidate.app/Contents/Developer/Toolchains/XcodeDefault.xctoolchain/usr/bin/swift-frontend -frontend -emit-module -experimental-skip-non-inlinable-function-bodies-without-types /Users/admin/builder/spi-builder-workspace/Sources/WandMotion/CMAltimeter_Obtain.swift /Users/admin/builder/spi-builder-workspace/Sources/WandMotion/CMAltitudeData_Ask.swift /Users/admin/builder/spi-builder-workspace/Sources/WandMotion/CMAttitude_Ask.swift /Users/admin/builder/spi-builder-workspace/Sources/WandMotion/CMDeviceMotion_Ask.swift /Users/admin/builder/spi-builder-workspace/Sources/WandMotion/CMGyroData_Ask.swift /Users/admin/builder/spi-builder-workspace/Sources/WandMotion/CMMagnetometerData_Ask.swift /Users/admin/builder/spi-builder-workspace/Sources/WandMotion/CMMotionManager_Obtain.swift /Users/admin/builder/spi-builder-workspace/Sources/WandMotion/CMPedometerData_Ask.swift /Users/admin/builder/spi-builder-workspace/Sources/WandMotion/CMPedometerEvent_Ask.swift /Users/admin/builder/spi-builder-workspace/Sources/WandMotion/CMPedometer_Obtain.swift /Users/admin/builder/spi-builder-workspace/Sources/WandMotion/Motion.swift -target arm64_32-apple-watchos9.0 -module-can-import-version CoreMotion 3185.0.6.1 3185.0.6 -disable-cross-import-overlay-search -load-resolved-plugin /Applications/Xcode-27.0.0-Release.Candidate.app/Contents/Developer/Platforms/WatchOS.platform/Developer/usr/lib/swift/host/plugins/libFoundationMacros.dylib\#/Applications/Xcode-27.0.0-Release.Candidate.app/Contents/Developer/Platforms/WatchOS.platform/Developer/usr/bin/swift-plugin-server\#FoundationMacros -load-resolved-plugin /Applications/Xcode-27.0.0-Release.Candidate.app/Contents/Developer/Platforms/WatchOS.platform/Developer/usr/lib/swift/host/plugins/libObservationMacros.dylib\#/Applications/Xcode-27.0.0-Release.Candidate.app/Contents/Developer/Platforms/WatchOS.platform/Developer/usr/bin/swift-plugin-server\#ObservationMacros -load-resolved-plugin /Applications/Xcode-27.0.0-Release.Candidate.app/Contents/Developer/Platforms/WatchOS.platform/Developer/usr/lib/swift/host/plugins/libSwiftMacros.dylib\#/Applications/Xcode-27.0.0-Release.Candidate.app/Contents/Developer/Platforms/WatchOS.platform/Developer/usr/bin/swift-plugin-server\#SwiftMacros -disable-implicit-swift-modules -Xcc -fno-implicit-modules -Xcc -fno-implicit-module-maps -explicit-swift-module-map-file /Users/admin/builder/spi-builder-workspace/.derivedData/Build/Intermediates.noindex/WandMotion.build/Debug-watchos/WandMotion-t.build/Objects-normal/arm64_32/WandMotion-dependencies-1.json -enable-objc-interop -sdk /Applications/Xcode-27.0.0-Release.Candidate.app/Contents/Developer/Platforms/WatchOS.platform/Developer/SDKs/WatchOS27.0.sdk -I /Users/admin/builder/spi-builder-workspace/.derivedData/Build/Products/Debug-watchos -Isystem /Applications/Xcode-27.0.0-Release.Candidate.app/Contents/Developer/Platforms/WatchOS.platform/Developer/usr/lib -F /Users/admin/builder/spi-builder-workspace/.derivedData/Build/Products/Debug-watchos/PackageFrameworks -F /Users/admin/builder/spi-builder-workspace/.derivedData/Build/Products/Debug-watchos -F /Applications/Xcode-27.0.0-Release.Candidate.app/Contents/Developer/Platforms/WatchOS.platform/Developer/Library/Frameworks -F /Applications/Xcode-27.0.0-Release.Candidate.app/Contents/Developer/Platforms/WatchOS.platform/Developer/SDKs/WatchOS27.0.sdk/Developer/Library/Frameworks -module-cache-path /Users/admin/builder/spi-builder-workspace/.derivedData/Build/Intermediates.noindex/SwiftExplicitPrecompiledModules -no-color-diagnostics -Xcc -fno-color-diagnostics -enable-testing -g -debug-info-format\=dwarf -dwarf-version\=4 -profile-generate -profile-coverage-mapping -swift-version 5 -Onone -D SWIFT_PACKAGE -D DEBUG -D SWIFT_MODULE_RESOURCE_BUNDLE_UNAVAILABLE -D Xcode -serialize-debugging-options -enable-experimental-feature DebugDescriptionMacro -empty-abi-descriptor -validate-clang-modules-once -clang-build-session-file /Users/admin/builder/spi-builder-workspace/.derivedData/ModuleCache.noindex/Session.modulevalidation -Xcc -working-directory -Xcc /Users/admin/builder/spi-builder-workspace/.swiftpm/xcode -enable-anonymous-context-mangled-names -file-compilation-dir /Users/admin/builder/spi-builder-workspace/.swiftpm/xcode -Xcc -D_LIBCPP_HARDENING_MODE\=_LIBCPP_HARDENING_MODE_DEBUG -Xcc -ivfsstatcache -Xcc /Users/admin/builder/spi-builder-workspace/.derivedData/SDKStatCaches.noindex/watchos27.0-24R360-e829b21a6f8c9b70876ba0858053c04477534ef55a1706bf4c1112bbb242f0a2.sdkstatcache -Xcc -fmodules-prune-interval\=86400 -Xcc -fmodules-prune-after\=345600 -Xcc -I/Users/admin/builder/spi-builder-workspace/.derivedData/Build/Products/Debug-watchos/include -Xcc -I/Users/admin/builder/spi-builder-workspace/.derivedData/Build/Intermediates.noindex/WandMotion.build/Debug-watchos/WandMotion-t.build/DerivedSources-normal/arm64_32 -Xcc -I/Users/admin/builder/spi-builder-workspace/.derivedData/Build/Intermediates.noindex/WandMotion.build/Debug-watchos/WandMotion-t.build/DerivedSources/arm64_32 -Xcc -I/Users/admin/builder/spi-builder-workspace/.derivedData/Build/Intermediates.noindex/WandMotion.build/Debug-watchos/WandMotion-t.build/DerivedSources -Xcc -DSWIFT_PACKAGE -Xcc -DDEBUG\=1 -no-auto-bridging-header-chaining -module-name WandMotion -const-gather-protocols-file /Users/admin/builder/spi-builder-workspace/.derivedData/Build/Intermediates.noindex/WandMotion.build/Debug-watchos/WandMotion-t.build/Objects-normal/arm64_32/WandMotion_const_extract_protocols.json -disable-clang-spi -clang-target arm64_32-apple-watchos27.0 -target-sdk-version 27.0 -target-sdk-name watchos27.0 -in-process-plugin-server-path /Applications/Xcode-27.0.0-Release.Candidate.app/Contents/Developer/Toolchains/XcodeDefault.xctoolchain/usr/lib/swift/host/libSwiftInProcPluginServer.dylib -emit-module-doc-path /Users/admin/builder/spi-builder-workspace/.derivedData/Build/Intermediates.noindex/WandMotion.build/Debug-watchos/WandMotion-t.build/Objects-normal/arm64_32/WandMotion.swiftdoc -emit-module-source-info-path /Users/admin/builder/spi-builder-workspace/.derivedData/Build/Intermediates.noindex/WandMotion.build/Debug-watchos/WandMotion-t.build/Objects-normal/arm64_32/WandMotion.swiftsourceinfo -emit-objc-header-path /Users/admin/builder/spi-builder-workspace/.derivedData/Build/Intermediates.noindex/WandMotion.build/Debug-watchos/WandMotion-t.build/Objects-normal/arm64_32/WandMotion-Swift.h -serialize-diagnostics-path /Users/admin/builder/spi-builder-workspace/.derivedData/Build/Intermediates.noindex/WandMotion.build/Debug-watchos/WandMotion-t.build/Objects-normal/arm64_32/WandMotion-primary-emit-module.dia -emit-dependencies-path /Users/admin/builder/spi-builder-workspace/.derivedData/Build/Intermediates.noindex/WandMotion.build/Debug-watchos/WandMotion-t.build/Objects-normal/arm64_32/WandMotion-primary-emit-module.d -parse-as-library -o /Users/admin/builder/spi-builder-workspace/.derivedData/Build/Intermediates.noindex/WandMotion.build/Debug-watchos/WandMotion-t.build/Objects-normal/arm64_32/WandMotion.swiftmodule -emit-abi-descriptor-path /Users/admin/builder/spi-builder-workspace/.derivedData/Build/Intermediates.noindex/WandMotion.build/Debug-watchos/WandMotion-t.build/Objects-normal/arm64_32/WandMotion.abi.json
SwiftCompile normal arm64_32 (in target 'WandMotion' from project 'WandMotion')
    cd /Users/admin/builder/spi-builder-workspace/.swiftpm/xcode

SwiftCompile normal arm64_32 Compiling\ CMDeviceMotion_Ask.swift /Users/admin/builder/spi-builder-workspace/Sources/WandMotion/CMDeviceMotion_Ask.swift (in target 'WandMotion' from project 'WandMotion')
/Users/admin/builder/spi-builder-workspace/Sources/WandMotion/CMDeviceMotion_Ask.swift:31:27: error: cannot find type 'AskingNil' in scope
29 | @available(macOS, unavailable)
30 | @available(visionOS, unavailable)
31 | extension CMDeviceMotion: AskingNil, Wanded {
   |                           `- error: cannot find type 'AskingNil' in scope
32 |
33 |     @inline(__always)
/Users/admin/builder/spi-builder-workspace/Sources/WandMotion/CMDeviceMotion_Ask.swift:31:1: warning: extension declares a conformance of imported type 'CMDeviceMotion' to imported protocol 'Wanded'; this will not behave correctly if the owners of 'CoreMotion' introduce this conformance in the future
29 | @available(macOS, unavailable)
30 | @available(visionOS, unavailable)
31 | extension CMDeviceMotion: AskingNil, Wanded {
   | |- warning: extension declares a conformance of imported type 'CMDeviceMotion' to imported protocol 'Wanded'; this will not behave correctly if the owners of 'CoreMotion' introduce this conformance in the future
   | `- note: add '@retroactive' to silence this warning
32 |
33 |     @inline(__always)
SwiftCompile normal arm64_32 /Users/admin/builder/spi-builder-workspace/Sources/WandMotion/CMDeviceMotion_Ask.swift (in target 'WandMotion' from project 'WandMotion')
    cd /Users/admin/builder/spi-builder-workspace/.swiftpm/xcode
    builtin-SwiftPerFileCompile CMDeviceMotion_Ask.swift
SwiftCompile normal arm64_32 Compiling\ CMPedometerEvent_Ask.swift /Users/admin/builder/spi-builder-workspace/Sources/WandMotion/CMPedometerEvent_Ask.swift (in target 'WandMotion' from project 'WandMotion')
SwiftCompile normal arm64_32 /Users/admin/builder/spi-builder-workspace/Sources/WandMotion/CMPedometerEvent_Ask.swift (in target 'WandMotion' from project 'WandMotion')
    cd /Users/admin/builder/spi-builder-workspace/.swiftpm/xcode
    builtin-SwiftPerFileCompile CMPedometerEvent_Ask.swift
/Users/admin/builder/spi-builder-workspace/Sources/WandMotion/CMPedometerEvent_Ask.swift:32:29: error: cannot find type 'AskingNil' in scope
30 | @available(macOS, unavailable)
31 | @available(visionOS, unavailable)
32 | extension CMPedometerEvent: AskingNil, Wanded {
   |                             `- error: cannot find type 'AskingNil' in scope
33 |
34 |     @inline(__always)
/Users/admin/builder/spi-builder-workspace/Sources/WandMotion/CMPedometerEvent_Ask.swift:32:1: warning: extension declares a conformance of imported type 'CMPedometerEvent' to imported protocol 'Wanded'; this will not behave correctly if the owners of 'CoreMotion' introduce this conformance in the future
30 | @available(macOS, unavailable)
31 | @available(visionOS, unavailable)
32 | extension CMPedometerEvent: AskingNil, Wanded {
   | |- warning: extension declares a conformance of imported type 'CMPedometerEvent' to imported protocol 'Wanded'; this will not behave correctly if the owners of 'CoreMotion' introduce this conformance in the future
   | `- note: add '@retroactive' to silence this warning
33 |
34 |     @inline(__always)
SwiftCompile normal arm64_32 Compiling\ CMGyroData_Ask.swift /Users/admin/builder/spi-builder-workspace/Sources/WandMotion/CMGyroData_Ask.swift (in target 'WandMotion' from project 'WandMotion')
/Users/admin/builder/spi-builder-workspace/Sources/WandMotion/CMGyroData_Ask.swift:31:23: error: cannot find type 'AskingNil' in scope
29 | @available(macOS, unavailable)
30 | @available(visionOS, unavailable)
31 | extension CMGyroData: AskingNil, Wanded {
   |                       `- error: cannot find type 'AskingNil' in scope
32 |
33 |     @inline(__always)
/Users/admin/builder/spi-builder-workspace/Sources/WandMotion/CMGyroData_Ask.swift:31:1: warning: extension declares a conformance of imported type 'CMGyroData' to imported protocol 'Wanded'; this will not behave correctly if the owners of 'CoreMotion' introduce this conformance in the future
29 | @available(macOS, unavailable)
30 | @available(visionOS, unavailable)
31 | extension CMGyroData: AskingNil, Wanded {
   | |- warning: extension declares a conformance of imported type 'CMGyroData' to imported protocol 'Wanded'; this will not behave correctly if the owners of 'CoreMotion' introduce this conformance in the future
   | `- note: add '@retroactive' to silence this warning
32 |
33 |     @inline(__always)
SwiftCompile normal arm64_32 /Users/admin/builder/spi-builder-workspace/Sources/WandMotion/CMGyroData_Ask.swift (in target 'WandMotion' from project 'WandMotion')
    cd /Users/admin/builder/spi-builder-workspace/.swiftpm/xcode
    builtin-SwiftPerFileCompile CMGyroData_Ask.swift
SwiftCompile normal arm64_32 Compiling\ CMMagnetometerData_Ask.swift /Users/admin/builder/spi-builder-workspace/Sources/WandMotion/CMMagnetometerData_Ask.swift (in target 'WandMotion' from project 'WandMotion')
/Users/admin/builder/spi-builder-workspace/Sources/WandMotion/CMMagnetometerData_Ask.swift:31:31: error: cannot find type 'AskingNil' in scope
29 | @available(macOS, unavailable)
30 | @available(visionOS, unavailable)
31 | extension CMMagnetometerData: AskingNil, Wanded {
   |                               `- error: cannot find type 'AskingNil' in scope
32 |
33 |     @inline(__always)
/Users/admin/builder/spi-builder-workspace/Sources/WandMotion/CMMagnetometerData_Ask.swift:31:1: warning: extension declares a conformance of imported type 'CMMagnetometerData' to imported protocol 'Wanded'; this will not behave correctly if the owners of 'CoreMotion' introduce this conformance in the future
29 | @available(macOS, unavailable)
30 | @available(visionOS, unavailable)
31 | extension CMMagnetometerData: AskingNil, Wanded {
   | |- warning: extension declares a conformance of imported type 'CMMagnetometerData' to imported protocol 'Wanded'; this will not behave correctly if the owners of 'CoreMotion' introduce this conformance in the future
   | `- note: add '@retroactive' to silence this warning
32 |
33 |     @inline(__always)
SwiftCompile normal arm64_32 /Users/admin/builder/spi-builder-workspace/Sources/WandMotion/CMMagnetometerData_Ask.swift (in target 'WandMotion' from project 'WandMotion')
    cd /Users/admin/builder/spi-builder-workspace/.swiftpm/xcode
    builtin-SwiftPerFileCompile CMMagnetometerData_Ask.swift
SwiftCompile normal arm64_32 Compiling\ CMPedometer_Obtain.swift /Users/admin/builder/spi-builder-workspace/Sources/WandMotion/CMPedometer_Obtain.swift (in target 'WandMotion' from project 'WandMotion')
/Users/admin/builder/spi-builder-workspace/Sources/WandMotion/CMPedometer_Obtain.swift:28:24: error: cannot find type 'Obtain' in scope
26 | ///
27 | @available(visionOS, unavailable)
28 | extension CMPedometer: Obtain {
   |                        `- error: cannot find type 'Obtain' in scope
29 |
30 |     @inline(__always)
SwiftCompile normal arm64_32 /Users/admin/builder/spi-builder-workspace/Sources/WandMotion/CMPedometer_Obtain.swift (in target 'WandMotion' from project 'WandMotion')
    cd /Users/admin/builder/spi-builder-workspace/.swiftpm/xcode
    builtin-SwiftPerFileCompile CMPedometer_Obtain.swift
SwiftCompile normal arm64_32 Compiling\ CMAttitude_Ask.swift /Users/admin/builder/spi-builder-workspace/Sources/WandMotion/CMAttitude_Ask.swift (in target 'WandMotion' from project 'WandMotion')
/Users/admin/builder/spi-builder-workspace/Sources/WandMotion/CMAttitude_Ask.swift:31:23: error: cannot find type 'AskingNil' in scope
29 | @available(macOS, unavailable)
30 | @available(visionOS, unavailable)
31 | extension CMAttitude: AskingNil, Wanded {
   |                       `- error: cannot find type 'AskingNil' in scope
32 |
33 |     @inline(__always)
/Users/admin/builder/spi-builder-workspace/Sources/WandMotion/CMAttitude_Ask.swift:31:1: warning: extension declares a conformance of imported type 'CMAttitude' to imported protocol 'Wanded'; this will not behave correctly if the owners of 'CoreMotion' introduce this conformance in the future
29 | @available(macOS, unavailable)
30 | @available(visionOS, unavailable)
31 | extension CMAttitude: AskingNil, Wanded {
   | |- warning: extension declares a conformance of imported type 'CMAttitude' to imported protocol 'Wanded'; this will not behave correctly if the owners of 'CoreMotion' introduce this conformance in the future
   | `- note: add '@retroactive' to silence this warning
32 |
33 |     @inline(__always)
/Users/admin/builder/spi-builder-workspace/Sources/WandMotion/CMAttitude_Ask.swift:36:26: error: cannot find type 'Wand' in scope
34 |     public
35 |     static
36 |     func wand<T>(_ wand: Wand, asks ask: Ask<T>) {
   |                          |- error: cannot find type 'Wand' in scope
   |                          `- note: cannot use module 'Wand' as a type
37 |
38 |         //Save ask
SwiftCompile normal arm64_32 /Users/admin/builder/spi-builder-workspace/Sources/WandMotion/CMAttitude_Ask.swift (in target 'WandMotion' from project 'WandMotion')
    cd /Users/admin/builder/spi-builder-workspace/.swiftpm/xcode
    builtin-SwiftPerFileCompile CMAttitude_Ask.swift
SwiftCompile normal arm64_32 Compiling\ Motion.swift /Users/admin/builder/spi-builder-workspace/Sources/WandMotion/Motion.swift (in target 'WandMotion' from project 'WandMotion')
SwiftCompile normal arm64_32 /Users/admin/builder/spi-builder-workspace/Sources/WandMotion/Motion.swift (in target 'WandMotion' from project 'WandMotion')
    cd /Users/admin/builder/spi-builder-workspace/.swiftpm/xcode
    builtin-SwiftPerFileCompile Motion.swift
SwiftCompile normal arm64_32 Compiling\ CMAltimeter_Obtain.swift,\ CMAltitudeData_Ask.swift /Users/admin/builder/spi-builder-workspace/Sources/WandMotion/CMAltimeter_Obtain.swift /Users/admin/builder/spi-builder-workspace/Sources/WandMotion/CMAltitudeData_Ask.swift (in target 'WandMotion' from project 'WandMotion')
/Users/admin/builder/spi-builder-workspace/Sources/WandMotion/CMAltimeter_Obtain.swift:29:1: warning: extension declares a conformance of imported type 'CMAltimeter' to imported protocols 'Obtainable', 'Wanded'; this will not behave correctly if the owners of 'CoreMotion' introduce this conformance in the future
27 | @available(macOS, unavailable)
28 | @available(visionOS, unavailable)
29 | extension CMAltimeter: Obtainable {
   | |- warning: extension declares a conformance of imported type 'CMAltimeter' to imported protocols 'Obtainable', 'Wanded'; this will not behave correctly if the owners of 'CoreMotion' introduce this conformance in the future
   | `- note: add '@retroactive' to silence this warning
30 |
31 |     @inline(__always)
SwiftCompile normal arm64_32 /Users/admin/builder/spi-builder-workspace/Sources/WandMotion/CMAltimeter_Obtain.swift (in target 'WandMotion' from project 'WandMotion')
    cd /Users/admin/builder/spi-builder-workspace/.swiftpm/xcode
    builtin-SwiftPerFileCompile CMAltimeter_Obtain.swift
SwiftCompile normal arm64_32 /Users/admin/builder/spi-builder-workspace/Sources/WandMotion/CMAltitudeData_Ask.swift (in target 'WandMotion' from project 'WandMotion')
    cd /Users/admin/builder/spi-builder-workspace/.swiftpm/xcode
    builtin-SwiftPerFileCompile CMAltitudeData_Ask.swift
SwiftEmitModule normal arm64 Emitting\ module\ for\ WandMotion (in target 'WandMotion' from project 'WandMotion')
SwiftCompile normal arm64 (in target 'WandMotion' from project 'WandMotion')
    cd /Users/admin/builder/spi-builder-workspace/.swiftpm/xcode

PruneExplicitPrecompiledModules /Users/admin/builder/spi-builder-workspace/.derivedData/SDKExplicitPrecompiledModules
PruneExplicitPrecompiledModules /Users/admin/builder/spi-builder-workspace/.derivedData/Build/Intermediates.noindex/ExplicitPrecompiledModules
PruneExplicitPrecompiledModules /Users/admin/builder/spi-builder-workspace/.derivedData/Build/Intermediates.noindex/SwiftExplicitPrecompiledModules
2026-09-22 09:33:24.069 xcodebuild[779:4807] [MT] IDERunDestination: Supported platforms for the buildables in the current scheme is empty.
2026-09-22 09:33:24.320 xcodebuild[779:4807] [MT] IDERunDestination: Supported platforms for the buildables in the current scheme is empty.
** BUILD FAILED **
The following build commands failed:
	SwiftEmitModule normal arm64_32 Emitting\ module\ for\ WandMotion (in target 'WandMotion' from project 'WandMotion')
	SwiftCompile normal arm64_32 (in target 'WandMotion' from project 'WandMotion')
	Building workspace WandMotion with scheme WandMotion
(3 failures)
Command line invocation:
    /Applications/Xcode-27.0.0-Release.Candidate.app/Contents/Developer/usr/bin/xcodebuild -IDEClonedSourcePackagesDirPathOverride=/Users/admin/builder/spi-builder-workspace/.dependencies -resolvePackageDependencies
Resolve Package Graph
the target name wandTests has different case on the filesystem and the Package.swift manifest file
Resolved source packages:
  WandMotion: /Users/admin/builder/spi-builder-workspace
  Wand: https://github.com/The-Wand/Wand.git @ 3.0.12
  Any_: https://github.com/The-Wand/Any.git @ 1.0.3
resolved source packages: WandMotion, Wand, Any_
2026-09-22 09:33:33.081 xcodebuild[913:5497] [MT] IDERunDestination: Supported platforms for the buildables in the current scheme is empty.
2026-09-22 09:33:33.183 xcodebuild[913:5497] [MT] IDERunDestination: Supported platforms for the buildables in the current scheme is empty.
{
  "dependencies" : [
    {
      "identity" : "any",
      "requirement" : {
        "range" : [
          {
            "lower_bound" : "1.0.3",
            "upper_bound" : "2.0.0"
          }
        ]
      },
      "type" : "sourceControl",
      "url" : "https://github.com/The-Wand/Any.git"
    },
    {
      "identity" : "wand",
      "requirement" : {
        "range" : [
          {
            "lower_bound" : "3.0.5",
            "upper_bound" : "4.0.0"
          }
        ]
      },
      "type" : "sourceControl",
      "url" : "https://github.com/The-Wand/Wand.git"
    }
  ],
  "manifest_display_name" : "WandMotion",
  "name" : "WandMotion",
  "path" : "/Users/admin/builder/spi-builder-workspace",
  "platforms" : [
    {
      "name" : "ios",
      "version" : "14.0"
    },
    {
      "name" : "macos",
      "version" : "12.0"
    },
    {
      "name" : "tvos",
      "version" : "14.0"
    },
    {
      "name" : "watchos",
      "version" : "7.0"
    }
  ],
  "products" : [
    {
      "name" : "WandMotion",
      "targets" : [
        "WandMotion"
      ],
      "type" : {
        "library" : [
          "automatic"
        ]
      }
    }
  ],
  "targets" : [
    {
      "c99name" : "wandTests",
      "module_type" : "SwiftTarget",
      "name" : "wandTests",
      "path" : "Tests/wandTests",
      "product_dependencies" : [
        "Any_"
      ],
      "sources" : [
        "CMAltimeter_Tests.swift",
        "CMMotionManager_Tests.swift",
        "CMPedometer_Tests.swift",
        "Unit/Unit.swift",
        "Unit/XCTestCase.swift"
      ],
      "target_dependencies" : [
        "WandMotion"
      ],
      "type" : "test"
    },
    {
      "c99name" : "WandMotion",
      "module_type" : "SwiftTarget",
      "name" : "WandMotion",
      "path" : "Sources/WandMotion",
      "product_dependencies" : [
        "Wand"
      ],
      "product_memberships" : [
        "WandMotion"
      ],
      "sources" : [
        "CMAltimeter_Obtain.swift",
        "CMAltitudeData_Ask.swift",
        "CMAttitude_Ask.swift",
        "CMDeviceMotion_Ask.swift",
        "CMGyroData_Ask.swift",
        "CMMagnetometerData_Ask.swift",
        "CMMotionManager_Obtain.swift",
        "CMPedometerData_Ask.swift",
        "CMPedometerEvent_Ask.swift",
        "CMPedometer_Obtain.swift",
        "Motion.swift"
      ],
      "type" : "library"
    }
  ],
  "tools_version" : "5.6"
}
warning: 'spi-builder-workspace': the target name wandTests has different case on the filesystem and the Package.swift manifest file
{
  "workspace" : {
    "name" : "WandMotion",
    "schemes" : [
      "Any_",
      "Wand",
      "WandMotion"
    ]
  }
}
2026-09-22 09:33:34.362 xcodebuild[921:5567] [MT] IDERunDestination: Supported platforms for the buildables in the current scheme is empty.
2026-09-22 09:33:34.464 xcodebuild[921:5567] [MT] IDERunDestination: Supported platforms for the buildables in the current scheme is empty.
{
  "workspace" : {
    "name" : "WandMotion",
    "schemes" : [
      "Any_",
      "Wand",
      "WandMotion"
    ]
  }
}
2026-09-22 09:33:35.391 xcodebuild[923:5597] [MT] IDERunDestination: Supported platforms for the buildables in the current scheme is empty.
2026-09-22 09:33:35.492 xcodebuild[923:5597] [MT] IDERunDestination: Supported platforms for the buildables in the current scheme is empty.
Running build ...
env DEVELOPER_DIR=/Applications/Xcode-27.0.0-Release.Candidate.app xcrun xcodebuild -IDEClonedSourcePackagesDirPathOverride=$PWD/.dependencies -skipMacroValidation -skipPackagePluginValidation -derivedDataPath $PWD/.derivedData build -scheme WandMotion -destination generic/platform=watchOS
Command line invocation:
    /Applications/Xcode-27.0.0-Release.Candidate.app/Contents/Developer/usr/bin/xcodebuild -IDEClonedSourcePackagesDirPathOverride=/Users/admin/builder/spi-builder-workspace/.dependencies -skipMacroValidation -skipPackagePluginValidation -derivedDataPath /Users/admin/builder/spi-builder-workspace/.derivedData build -scheme WandMotion -destination generic/platform=watchOS
Resolve Package Graph
the target name wandTests has different case on the filesystem and the Package.swift manifest file
Resolved source packages:
  Wand: https://github.com/The-Wand/Wand.git @ 3.0.12
  Any_: https://github.com/The-Wand/Any.git @ 1.0.3
  WandMotion: /Users/admin/builder/spi-builder-workspace
ComputePackagePrebuildTargetDependencyGraph
Prepare packages
CreateBuildRequest
SendProjectDescription
CreateBuildOperation
ComputeTargetDependencyGraph
note: Building targets in dependency order
note: Target dependency graph (4 targets)
    Target 'WandMotion-product' in project 'WandMotion'
        ➜ Explicit dependency on target 'WandMotion' in project 'WandMotion'
        ➜ Explicit dependency on target 'Wand-product' in project 'Wand'
    Target 'WandMotion' in project 'WandMotion'
        ➜ Explicit dependency on target 'Wand-product' in project 'Wand'
    Target 'Wand-product' in project 'Wand'
        ➜ Explicit dependency on target 'Wand' in project 'Wand'
    Target 'Wand' in project 'Wand' (no dependencies)
GatherProvisioningInputs
CreateBuildDescription
ClangStatCache /Applications/Xcode-27.0.0-Release.Candidate.app/Contents/Developer/Toolchains/XcodeDefault.xctoolchain/usr/bin/clang-stat-cache /Applications/Xcode-27.0.0-Release.Candidate.app/Contents/Developer/Platforms/WatchOS.platform/Developer/SDKs/WatchOS27.0.sdk /Users/admin/builder/spi-builder-workspace/.derivedData/SDKStatCaches.noindex/watchos27.0-24R360-e829b21a6f8c9b70876ba0858053c04477534ef55a1706bf4c1112bbb242f0a2.sdkstatcache
    cd /Users/admin/builder/spi-builder-workspace/.swiftpm/xcode
    /Applications/Xcode-27.0.0-Release.Candidate.app/Contents/Developer/Toolchains/XcodeDefault.xctoolchain/usr/bin/clang-stat-cache /Applications/Xcode-27.0.0-Release.Candidate.app/Contents/Developer/Platforms/WatchOS.platform/Developer/SDKs/WatchOS27.0.sdk -o /Users/admin/builder/spi-builder-workspace/.derivedData/SDKStatCaches.noindex/watchos27.0-24R360-e829b21a6f8c9b70876ba0858053c04477534ef55a1706bf4c1112bbb242f0a2.sdkstatcache
SwiftDriver WandMotion normal arm64_32 com.apple.xcode.tools.swift.compiler (in target 'WandMotion' from project 'WandMotion')
    cd /Users/admin/builder/spi-builder-workspace/.swiftpm/xcode
    builtin-SwiftDriver -- /Applications/Xcode-27.0.0-Release.Candidate.app/Contents/Developer/Toolchains/XcodeDefault.xctoolchain/usr/bin/swiftc -parse-as-library -module-name WandMotion -Onone @/Users/admin/builder/spi-builder-workspace/.derivedData/Build/Intermediates.noindex/WandMotion.build/Debug-watchos/WandMotion-t.build/Objects-normal/arm64_32/WandMotion.SwiftFileList -DSWIFT_PACKAGE -DDEBUG -DSWIFT_MODULE_RESOURCE_BUNDLE_UNAVAILABLE -DXcode -plugin-path /Applications/Xcode-27.0.0-Release.Candidate.app/Contents/Developer/Toolchains/XcodeDefault.xctoolchain/usr/lib/swift/host/plugins/testing -enable-experimental-feature DebugDescriptionMacro -sdk /Applications/Xcode-27.0.0-Release.Candidate.app/Contents/Developer/Platforms/WatchOS.platform/Developer/SDKs/WatchOS27.0.sdk -target arm64_32-apple-watchos9.0 -g -module-cache-path /Users/admin/builder/spi-builder-workspace/.derivedData/ModuleCache.noindex -Xfrontend -serialize-debugging-options -profile-coverage-mapping -profile-generate -enable-testing -index-store-path /Users/admin/builder/spi-builder-workspace/.derivedData/Index.noindex/DataStore -Xcc -D_LIBCPP_HARDENING_MODE\=_LIBCPP_HARDENING_MODE_DEBUG -swift-version 5 -I /Users/admin/builder/spi-builder-workspace/.derivedData/Build/Products/Debug-watchos -Isystem /Applications/Xcode-27.0.0-Release.Candidate.app/Contents/Developer/Platforms/WatchOS.platform/Developer/usr/lib -F /Users/admin/builder/spi-builder-workspace/.derivedData/Build/Products/Debug-watchos/PackageFrameworks -F /Users/admin/builder/spi-builder-workspace/.derivedData/Build/Products/Debug-watchos -F /Applications/Xcode-27.0.0-Release.Candidate.app/Contents/Developer/Platforms/WatchOS.platform/Developer/Library/Frameworks -F /Applications/Xcode-27.0.0-Release.Candidate.app/Contents/Developer/Platforms/WatchOS.platform/Developer/SDKs/WatchOS27.0.sdk/Developer/Library/Frameworks -c -j10 -enable-batch-mode -incremental -Xcc -ivfsstatcache -Xcc /Users/admin/builder/spi-builder-workspace/.derivedData/SDKStatCaches.noindex/watchos27.0-24R360-e829b21a6f8c9b70876ba0858053c04477534ef55a1706bf4c1112bbb242f0a2.sdkstatcache -output-file-map /Users/admin/builder/spi-builder-workspace/.derivedData/Build/Intermediates.noindex/WandMotion.build/Debug-watchos/WandMotion-t.build/Objects-normal/arm64_32/WandMotion-OutputFileMap.json -save-temps -no-color-diagnostics -explicit-module-build -module-cache-path /Users/admin/builder/spi-builder-workspace/.derivedData/Build/Intermediates.noindex/SwiftExplicitPrecompiledModules -clang-scanner-module-cache-path /Users/admin/builder/spi-builder-workspace/.derivedData/ModuleCache.noindex -sdk-module-cache-path /Users/admin/builder/spi-builder-workspace/.derivedData/SDKExplicitPrecompiledModules -emit-dependencies -emit-module -emit-module-path /Users/admin/builder/spi-builder-workspace/.derivedData/Build/Intermediates.noindex/WandMotion.build/Debug-watchos/WandMotion-t.build/Objects-normal/arm64_32/WandMotion.swiftmodule -serialize-diagnostics -dependency-scan-serialize-diagnostics-path /Users/admin/builder/spi-builder-workspace/.derivedData/Build/Intermediates.noindex/WandMotion.build/Debug-watchos/WandMotion-t.build/Objects-normal/arm64_32/WandMotion-dependency-scan.dia -validate-clang-modules-once -clang-build-session-file /Users/admin/builder/spi-builder-workspace/.derivedData/ModuleCache.noindex/Session.modulevalidation -Xcc -fmodules-prune-interval\=86400 -Xcc -fmodules-prune-after\=345600 -emit-const-values -const-gather-protocols-list /Users/admin/builder/spi-builder-workspace/.derivedData/Build/Intermediates.noindex/WandMotion.build/Debug-watchos/WandMotion-t.build/Objects-normal/arm64_32/WandMotion_const_extract_protocols.json -Xcc -I/Users/admin/builder/spi-builder-workspace/.derivedData/Build/Products/Debug-watchos/include -Xcc -I/Users/admin/builder/spi-builder-workspace/.derivedData/Build/Intermediates.noindex/WandMotion.build/Debug-watchos/WandMotion-t.build/DerivedSources-normal/arm64_32 -Xcc -I/Users/admin/builder/spi-builder-workspace/.derivedData/Build/Intermediates.noindex/WandMotion.build/Debug-watchos/WandMotion-t.build/DerivedSources/arm64_32 -Xcc -I/Users/admin/builder/spi-builder-workspace/.derivedData/Build/Intermediates.noindex/WandMotion.build/Debug-watchos/WandMotion-t.build/DerivedSources -Xcc -DSWIFT_PACKAGE -Xcc -DDEBUG\=1 -emit-objc-header -emit-objc-header-path /Users/admin/builder/spi-builder-workspace/.derivedData/Build/Intermediates.noindex/WandMotion.build/Debug-watchos/WandMotion-t.build/Objects-normal/arm64_32/WandMotion-Swift.h -working-directory /Users/admin/builder/spi-builder-workspace/.swiftpm/xcode -experimental-emit-module-separately -disable-cmo
SwiftDriver WandMotion normal arm64 com.apple.xcode.tools.swift.compiler (in target 'WandMotion' from project 'WandMotion')
    cd /Users/admin/builder/spi-builder-workspace/.swiftpm/xcode
    builtin-SwiftDriver -- /Applications/Xcode-27.0.0-Release.Candidate.app/Contents/Developer/Toolchains/XcodeDefault.xctoolchain/usr/bin/swiftc -parse-as-library -module-name WandMotion -Onone @/Users/admin/builder/spi-builder-workspace/.derivedData/Build/Intermediates.noindex/WandMotion.build/Debug-watchos/WandMotion-t.build/Objects-normal/arm64/WandMotion.SwiftFileList -DSWIFT_PACKAGE -DDEBUG -DSWIFT_MODULE_RESOURCE_BUNDLE_UNAVAILABLE -DXcode -plugin-path /Applications/Xcode-27.0.0-Release.Candidate.app/Contents/Developer/Toolchains/XcodeDefault.xctoolchain/usr/lib/swift/host/plugins/testing -enable-experimental-feature DebugDescriptionMacro -sdk /Applications/Xcode-27.0.0-Release.Candidate.app/Contents/Developer/Platforms/WatchOS.platform/Developer/SDKs/WatchOS27.0.sdk -target arm64-apple-watchos9.0 -g -module-cache-path /Users/admin/builder/spi-builder-workspace/.derivedData/ModuleCache.noindex -Xfrontend -serialize-debugging-options -profile-coverage-mapping -profile-generate -enable-testing -index-store-path /Users/admin/builder/spi-builder-workspace/.derivedData/Index.noindex/DataStore -Xcc -D_LIBCPP_HARDENING_MODE\=_LIBCPP_HARDENING_MODE_DEBUG -swift-version 5 -I /Users/admin/builder/spi-builder-workspace/.derivedData/Build/Products/Debug-watchos -Isystem /Applications/Xcode-27.0.0-Release.Candidate.app/Contents/Developer/Platforms/WatchOS.platform/Developer/usr/lib -F /Users/admin/builder/spi-builder-workspace/.derivedData/Build/Products/Debug-watchos/PackageFrameworks -F /Users/admin/builder/spi-builder-workspace/.derivedData/Build/Products/Debug-watchos -F /Applications/Xcode-27.0.0-Release.Candidate.app/Contents/Developer/Platforms/WatchOS.platform/Developer/Library/Frameworks -F /Applications/Xcode-27.0.0-Release.Candidate.app/Contents/Developer/Platforms/WatchOS.platform/Developer/SDKs/WatchOS27.0.sdk/Developer/Library/Frameworks -c -j10 -enable-batch-mode -incremental -Xcc -ivfsstatcache -Xcc /Users/admin/builder/spi-builder-workspace/.derivedData/SDKStatCaches.noindex/watchos27.0-24R360-e829b21a6f8c9b70876ba0858053c04477534ef55a1706bf4c1112bbb242f0a2.sdkstatcache -output-file-map /Users/admin/builder/spi-builder-workspace/.derivedData/Build/Intermediates.noindex/WandMotion.build/Debug-watchos/WandMotion-t.build/Objects-normal/arm64/WandMotion-OutputFileMap.json -save-temps -no-color-diagnostics -explicit-module-build -module-cache-path /Users/admin/builder/spi-builder-workspace/.derivedData/Build/Intermediates.noindex/SwiftExplicitPrecompiledModules -clang-scanner-module-cache-path /Users/admin/builder/spi-builder-workspace/.derivedData/ModuleCache.noindex -sdk-module-cache-path /Users/admin/builder/spi-builder-workspace/.derivedData/SDKExplicitPrecompiledModules -emit-dependencies -emit-module -emit-module-path /Users/admin/builder/spi-builder-workspace/.derivedData/Build/Intermediates.noindex/WandMotion.build/Debug-watchos/WandMotion-t.build/Objects-normal/arm64/WandMotion.swiftmodule -serialize-diagnostics -dependency-scan-serialize-diagnostics-path /Users/admin/builder/spi-builder-workspace/.derivedData/Build/Intermediates.noindex/WandMotion.build/Debug-watchos/WandMotion-t.build/Objects-normal/arm64/WandMotion-dependency-scan.dia -validate-clang-modules-once -clang-build-session-file /Users/admin/builder/spi-builder-workspace/.derivedData/ModuleCache.noindex/Session.modulevalidation -Xcc -fmodules-prune-interval\=86400 -Xcc -fmodules-prune-after\=345600 -emit-const-values -const-gather-protocols-list /Users/admin/builder/spi-builder-workspace/.derivedData/Build/Intermediates.noindex/WandMotion.build/Debug-watchos/WandMotion-t.build/Objects-normal/arm64/WandMotion_const_extract_protocols.json -Xcc -I/Users/admin/builder/spi-builder-workspace/.derivedData/Build/Products/Debug-watchos/include -Xcc -I/Users/admin/builder/spi-builder-workspace/.derivedData/Build/Intermediates.noindex/WandMotion.build/Debug-watchos/WandMotion-t.build/DerivedSources-normal/arm64 -Xcc -I/Users/admin/builder/spi-builder-workspace/.derivedData/Build/Intermediates.noindex/WandMotion.build/Debug-watchos/WandMotion-t.build/DerivedSources/arm64 -Xcc -I/Users/admin/builder/spi-builder-workspace/.derivedData/Build/Intermediates.noindex/WandMotion.build/Debug-watchos/WandMotion-t.build/DerivedSources -Xcc -DSWIFT_PACKAGE -Xcc -DDEBUG\=1 -emit-objc-header -emit-objc-header-path /Users/admin/builder/spi-builder-workspace/.derivedData/Build/Intermediates.noindex/WandMotion.build/Debug-watchos/WandMotion-t.build/Objects-normal/arm64/WandMotion-Swift.h -working-directory /Users/admin/builder/spi-builder-workspace/.swiftpm/xcode -experimental-emit-module-separately -disable-cmo
ExtractAppIntentsMetadata (in target 'Wand' from project 'Wand')
    cd /Users/admin/builder/spi-builder-workspace/.dependencies/checkouts/Wand
    /Applications/Xcode-27.0.0-Release.Candidate.app/Contents/Developer/Toolchains/XcodeDefault.xctoolchain/usr/bin/appintentsmetadataprocessor --toolchain-dir /var/run/com.apple.security.cryptexd/mnt/com.apple.MobileAsset.MetalToolchain-v27.1.266.1.wz5whE/Metal.xctoolchain --module-name Wand --sdk-root /Applications/Xcode-27.0.0-Release.Candidate.app/Contents/Developer/Platforms/WatchOS.platform/Developer/SDKs/WatchOS27.0.sdk --xcode-version 27A266a --platform-family watchOS --deployment-target 9.0 --bundle-identifier wand.Wand --output /Users/admin/builder/spi-builder-workspace/.derivedData/Build/Products/Debug-watchos/Wand.appintents --target-triple arm64-apple-watchos9.0 --target-triple arm64_32-apple-watchos9.0 --binary-file /Users/admin/builder/spi-builder-workspace/.derivedData/Build/Products/Debug-watchos/Wand.o --dependency-file /Users/admin/builder/spi-builder-workspace/.derivedData/Build/Intermediates.noindex/Wand.build/Debug-watchos/Wand-t.build/Objects-normal/arm64/Wand_dependency_info.dat --dependency-file /Users/admin/builder/spi-builder-workspace/.derivedData/Build/Intermediates.noindex/Wand.build/Debug-watchos/Wand-t.build/Objects-normal/arm64_32/Wand_dependency_info.dat --stringsdata-file /Users/admin/builder/spi-builder-workspace/.derivedData/Build/Intermediates.noindex/Wand.build/Debug-watchos/Wand-t.build/Objects-normal/arm64/ExtractedAppShortcutsMetadata.stringsdata --stringsdata-file /Users/admin/builder/spi-builder-workspace/.derivedData/Build/Intermediates.noindex/Wand.build/Debug-watchos/Wand-t.build/Objects-normal/arm64_32/ExtractedAppShortcutsMetadata.stringsdata --source-file-list /Users/admin/builder/spi-builder-workspace/.derivedData/Build/Intermediates.noindex/Wand.build/Debug-watchos/Wand-t.build/Objects-normal/arm64/Wand.SwiftFileList --source-file-list /Users/admin/builder/spi-builder-workspace/.derivedData/Build/Intermediates.noindex/Wand.build/Debug-watchos/Wand-t.build/Objects-normal/arm64_32/Wand.SwiftFileList --metadata-file-list /Users/admin/builder/spi-builder-workspace/.derivedData/Build/Intermediates.noindex/Wand.build/Debug-watchos/Wand-t.build/Wand.DependencyMetadataFileList --static-metadata-file-list /Users/admin/builder/spi-builder-workspace/.derivedData/Build/Intermediates.noindex/Wand.build/Debug-watchos/Wand-t.build/Wand.DependencyStaticMetadataFileList --swift-const-vals-list /Users/admin/builder/spi-builder-workspace/.derivedData/Build/Intermediates.noindex/Wand.build/Debug-watchos/Wand-t.build/Objects-normal/arm64/Wand.SwiftConstValuesFileList --swift-const-vals-list /Users/admin/builder/spi-builder-workspace/.derivedData/Build/Intermediates.noindex/Wand.build/Debug-watchos/Wand-t.build/Objects-normal/arm64_32/Wand.SwiftConstValuesFileList --force --compile-time-extraction --deployment-aware-processing --no-app-shortcuts-localization
2026-09-22 09:33:37.332 appintentsmetadataprocessor[927:5667] Starting appintentsmetadataprocessor export
2026-09-22 09:33:37.448 appintentsmetadataprocessor[927:5667] Extracted no relevant App Intents symbols, skipping writing output
SwiftEmitModule normal arm64 Emitting\ module\ for\ WandMotion (in target 'WandMotion' from project 'WandMotion')
/Users/admin/builder/spi-builder-workspace/Sources/WandMotion/CMAltimeter_Obtain.swift:29:1: warning: extension declares a conformance of imported type 'CMAltimeter' to imported protocols 'Obtainable', 'Wanded'; this will not behave correctly if the owners of 'CoreMotion' introduce this conformance in the future
27 | @available(macOS, unavailable)
28 | @available(visionOS, unavailable)
29 | extension CMAltimeter: Obtainable {
   | |- warning: extension declares a conformance of imported type 'CMAltimeter' to imported protocols 'Obtainable', 'Wanded'; this will not behave correctly if the owners of 'CoreMotion' introduce this conformance in the future
   | `- note: add '@retroactive' to silence this warning
30 |
31 |     @inline(__always)
/Users/admin/builder/spi-builder-workspace/Sources/WandMotion/CMAltitudeData_Ask.swift:31:1: warning: extension declares a conformance of imported type 'CMAltitudeData' to imported protocols 'AskNil', 'Wanded', 'AskT'; this will not behave correctly if the owners of 'CoreMotion' introduce this conformance in the future
29 | @available(macOS, unavailable)
30 | @available(visionOS, unavailable)
31 | extension CMAltitudeData: Ask.Nil, Wanded {
   | |- warning: extension declares a conformance of imported type 'CMAltitudeData' to imported protocols 'AskNil', 'Wanded', 'AskT'; this will not behave correctly if the owners of 'CoreMotion' introduce this conformance in the future
   | `- note: add '@retroactive' to silence this warning
32 |
33 |     @inline(__always)
/Users/admin/builder/spi-builder-workspace/Sources/WandMotion/CMAttitude_Ask.swift:31:23: error: cannot find type 'AskingNil' in scope
29 | @available(macOS, unavailable)
30 | @available(visionOS, unavailable)
31 | extension CMAttitude: AskingNil, Wanded {
   |                       `- error: cannot find type 'AskingNil' in scope
32 |
33 |     @inline(__always)
/Users/admin/builder/spi-builder-workspace/Sources/WandMotion/CMAttitude_Ask.swift:31:1: warning: extension declares a conformance of imported type 'CMAttitude' to imported protocol 'Wanded'; this will not behave correctly if the owners of 'CoreMotion' introduce this conformance in the future
29 | @available(macOS, unavailable)
30 | @available(visionOS, unavailable)
31 | extension CMAttitude: AskingNil, Wanded {
   | |- warning: extension declares a conformance of imported type 'CMAttitude' to imported protocol 'Wanded'; this will not behave correctly if the owners of 'CoreMotion' introduce this conformance in the future
   | `- note: add '@retroactive' to silence this warning
32 |
33 |     @inline(__always)
/Users/admin/builder/spi-builder-workspace/Sources/WandMotion/CMAttitude_Ask.swift:36:26: error: cannot find type 'Wand' in scope
34 |     public
35 |     static
36 |     func wand<T>(_ wand: Wand, asks ask: Ask<T>) {
   |                          |- error: cannot find type 'Wand' in scope
   |                          `- note: cannot use module 'Wand' as a type
37 |
38 |         //Save ask
/Users/admin/builder/spi-builder-workspace/Sources/WandMotion/CMDeviceMotion_Ask.swift:31:27: error: cannot find type 'AskingNil' in scope
29 | @available(macOS, unavailable)
30 | @available(visionOS, unavailable)
31 | extension CMDeviceMotion: AskingNil, Wanded {
   |                           `- error: cannot find type 'AskingNil' in scope
32 |
33 |     @inline(__always)
/Users/admin/builder/spi-builder-workspace/Sources/WandMotion/CMDeviceMotion_Ask.swift:31:1: warning: extension declares a conformance of imported type 'CMDeviceMotion' to imported protocol 'Wanded'; this will not behave correctly if the owners of 'CoreMotion' introduce this conformance in the future
29 | @available(macOS, unavailable)
30 | @available(visionOS, unavailable)
31 | extension CMDeviceMotion: AskingNil, Wanded {
   | |- warning: extension declares a conformance of imported type 'CMDeviceMotion' to imported protocol 'Wanded'; this will not behave correctly if the owners of 'CoreMotion' introduce this conformance in the future
   | `- note: add '@retroactive' to silence this warning
32 |
33 |     @inline(__always)
/Users/admin/builder/spi-builder-workspace/Sources/WandMotion/CMDeviceMotion_Ask.swift:36:26: error: cannot find type 'Wand' in scope
34 |     public
35 |     static
36 |     func wand<T>(_ wand: Wand, asks ask: Ask<T>) {
   |                          |- error: cannot find type 'Wand' in scope
   |                          `- note: cannot use module 'Wand' as a type
37 |
38 |         //Save ask
/Users/admin/builder/spi-builder-workspace/Sources/WandMotion/CMGyroData_Ask.swift:31:23: error: cannot find type 'AskingNil' in scope
29 | @available(macOS, unavailable)
30 | @available(visionOS, unavailable)
31 | extension CMGyroData: AskingNil, Wanded {
   |                       `- error: cannot find type 'AskingNil' in scope
32 |
33 |     @inline(__always)
/Users/admin/builder/spi-builder-workspace/Sources/WandMotion/CMGyroData_Ask.swift:31:1: warning: extension declares a conformance of imported type 'CMGyroData' to imported protocol 'Wanded'; this will not behave correctly if the owners of 'CoreMotion' introduce this conformance in the future
29 | @available(macOS, unavailable)
30 | @available(visionOS, unavailable)
31 | extension CMGyroData: AskingNil, Wanded {
   | |- warning: extension declares a conformance of imported type 'CMGyroData' to imported protocol 'Wanded'; this will not behave correctly if the owners of 'CoreMotion' introduce this conformance in the future
   | `- note: add '@retroactive' to silence this warning
32 |
33 |     @inline(__always)
/Users/admin/builder/spi-builder-workspace/Sources/WandMotion/CMGyroData_Ask.swift:36:26: error: cannot find type 'Wand' in scope
34 |     public
35 |     static
36 |     func wand<T>(_ wand: Wand, asks ask: Ask<T>) {
   |                          |- error: cannot find type 'Wand' in scope
   |                          `- note: cannot use module 'Wand' as a type
37 |
38 |         //Save ask
/Users/admin/builder/spi-builder-workspace/Sources/WandMotion/CMMagnetometerData_Ask.swift:31:31: error: cannot find type 'AskingNil' in scope
29 | @available(macOS, unavailable)
30 | @available(visionOS, unavailable)
31 | extension CMMagnetometerData: AskingNil, Wanded {
   |                               `- error: cannot find type 'AskingNil' in scope
32 |
33 |     @inline(__always)
/Users/admin/builder/spi-builder-workspace/Sources/WandMotion/CMMagnetometerData_Ask.swift:31:1: warning: extension declares a conformance of imported type 'CMMagnetometerData' to imported protocol 'Wanded'; this will not behave correctly if the owners of 'CoreMotion' introduce this conformance in the future
29 | @available(macOS, unavailable)
30 | @available(visionOS, unavailable)
31 | extension CMMagnetometerData: AskingNil, Wanded {
   | |- warning: extension declares a conformance of imported type 'CMMagnetometerData' to imported protocol 'Wanded'; this will not behave correctly if the owners of 'CoreMotion' introduce this conformance in the future
   | `- note: add '@retroactive' to silence this warning
32 |
33 |     @inline(__always)
/Users/admin/builder/spi-builder-workspace/Sources/WandMotion/CMMagnetometerData_Ask.swift:36:26: error: cannot find type 'Wand' in scope
34 |     public
35 |     static
36 |     func wand<T>(_ wand: Wand, asks ask: Ask<T>) {
   |                          |- error: cannot find type 'Wand' in scope
   |                          `- note: cannot use module 'Wand' as a type
37 |
38 |         // Save ask
/Users/admin/builder/spi-builder-workspace/Sources/WandMotion/CMMotionManager_Obtain.swift:29:28: error: cannot find type 'Obtain' in scope
27 | @available(macOS, unavailable)
28 | @available(visionOS, unavailable)
29 | extension CMMotionManager: Obtain {
   |                            `- error: cannot find type 'Obtain' in scope
30 |
31 |     @inline(__always)
/Users/admin/builder/spi-builder-workspace/Sources/WandMotion/CMMotionManager_Obtain.swift:34:26: error: cannot find type 'Wand' in scope
32 |     public
33 |     static
34 |     func obtain(by wand: Wand?) -> Self {
   |                          |- error: cannot find type 'Wand' in scope
   |                          `- note: cannot use module 'Wand' as a type
35 |         Self()
36 |     }
/Users/admin/builder/spi-builder-workspace/Sources/WandMotion/CMPedometerData_Ask.swift:30:28: error: cannot find type 'AskingNil' in scope
28 | ///
29 | @available(visionOS, unavailable)
30 | extension CMPedometerData: AskingNil, Wanded {
   |                            `- error: cannot find type 'AskingNil' in scope
31 |
32 |     @inline(__always)
/Users/admin/builder/spi-builder-workspace/Sources/WandMotion/CMPedometerData_Ask.swift:30:1: warning: extension declares a conformance of imported type 'CMPedometerData' to imported protocol 'Wanded'; this will not behave correctly if the owners of 'CoreMotion' introduce this conformance in the future
28 | ///
29 | @available(visionOS, unavailable)
30 | extension CMPedometerData: AskingNil, Wanded {
   | |- warning: extension declares a conformance of imported type 'CMPedometerData' to imported protocol 'Wanded'; this will not behave correctly if the owners of 'CoreMotion' introduce this conformance in the future
   | `- note: add '@retroactive' to silence this warning
31 |
32 |     @inline(__always)
/Users/admin/builder/spi-builder-workspace/Sources/WandMotion/CMPedometerData_Ask.swift:35:26: error: cannot find type 'Wand' in scope
33 |     public
34 |     static
35 |     func wand<T>(_ wand: Wand, asks ask: Ask<T>) {
   |                          |- error: cannot find type 'Wand' in scope
   |                          `- note: cannot use module 'Wand' as a type
36 |
37 |         //Save ask
SwiftCompile normal arm64 (in target 'WandMotion' from project 'WandMotion')
    cd /Users/admin/builder/spi-builder-workspace/.swiftpm/xcode

/Users/admin/builder/spi-builder-workspace/Sources/WandMotion/CMPedometerEvent_Ask.swift:32:29: error: cannot find type 'AskingNil' in scope
30 | @available(macOS, unavailable)
31 | @available(visionOS, unavailable)
32 | extension CMPedometerEvent: AskingNil, Wanded {
   |                             `- error: cannot find type 'AskingNil' in scope
33 |
34 |     @inline(__always)
/Users/admin/builder/spi-builder-workspace/Sources/WandMotion/CMPedometerEvent_Ask.swift:32:1: warning: extension declares a conformance of imported type 'CMPedometerEvent' to imported protocol 'Wanded'; this will not behave correctly if the owners of 'CoreMotion' introduce this conformance in the future
30 | @available(macOS, unavailable)
31 | @available(visionOS, unavailable)
32 | extension CMPedometerEvent: AskingNil, Wanded {
   | |- warning: extension declares a conformance of imported type 'CMPedometerEvent' to imported protocol 'Wanded'; this will not behave correctly if the owners of 'CoreMotion' introduce this conformance in the future
   | `- note: add '@retroactive' to silence this warning
33 |
34 |     @inline(__always)
/Users/admin/builder/spi-builder-workspace/Sources/WandMotion/CMPedometerEvent_Ask.swift:37:26: error: cannot find type 'Wand' in scope
35 |     public
36 |     static
37 |     func wand<T>(_ wand: Wand, asks ask: Ask<T>) {
   |                          |- error: cannot find type 'Wand' in scope
   |                          `- note: cannot use module 'Wand' as a type
38 |
39 |         //Save ask
/Users/admin/builder/spi-builder-workspace/Sources/WandMotion/CMPedometer_Obtain.swift:28:24: error: cannot find type 'Obtain' in scope
26 | ///
27 | @available(visionOS, unavailable)
28 | extension CMPedometer: Obtain {
   |                        `- error: cannot find type 'Obtain' in scope
29 |
30 |     @inline(__always)
/Users/admin/builder/spi-builder-workspace/Sources/WandMotion/CMPedometer_Obtain.swift:33:26: error: cannot find type 'Wand' in scope
31 |     public
32 |     static
33 |     func obtain(by wand: Wand?) -> Self {
   |                          |- error: cannot find type 'Wand' in scope
   |                          `- note: cannot use module 'Wand' as a type
34 |         Self()
35 |     }
Failed frontend command:
/Applications/Xcode-27.0.0-Release.Candidate.app/Contents/Developer/Toolchains/XcodeDefault.xctoolchain/usr/bin/swift-frontend -frontend -emit-module -experimental-skip-non-inlinable-function-bodies-without-types /Users/admin/builder/spi-builder-workspace/Sources/WandMotion/CMAltimeter_Obtain.swift /Users/admin/builder/spi-builder-workspace/Sources/WandMotion/CMAltitudeData_Ask.swift /Users/admin/builder/spi-builder-workspace/Sources/WandMotion/CMAttitude_Ask.swift /Users/admin/builder/spi-builder-workspace/Sources/WandMotion/CMDeviceMotion_Ask.swift /Users/admin/builder/spi-builder-workspace/Sources/WandMotion/CMGyroData_Ask.swift /Users/admin/builder/spi-builder-workspace/Sources/WandMotion/CMMagnetometerData_Ask.swift /Users/admin/builder/spi-builder-workspace/Sources/WandMotion/CMMotionManager_Obtain.swift /Users/admin/builder/spi-builder-workspace/Sources/WandMotion/CMPedometerData_Ask.swift /Users/admin/builder/spi-builder-workspace/Sources/WandMotion/CMPedometerEvent_Ask.swift /Users/admin/builder/spi-builder-workspace/Sources/WandMotion/CMPedometer_Obtain.swift /Users/admin/builder/spi-builder-workspace/Sources/WandMotion/Motion.swift -target arm64-apple-watchos9.0 -module-can-import-version CoreMotion 3185.0.6.1 3185.0.6 -disable-cross-import-overlay-search -load-resolved-plugin /Applications/Xcode-27.0.0-Release.Candidate.app/Contents/Developer/Platforms/WatchOS.platform/Developer/usr/lib/swift/host/plugins/libFoundationMacros.dylib\#/Applications/Xcode-27.0.0-Release.Candidate.app/Contents/Developer/Platforms/WatchOS.platform/Developer/usr/bin/swift-plugin-server\#FoundationMacros -load-resolved-plugin /Applications/Xcode-27.0.0-Release.Candidate.app/Contents/Developer/Platforms/WatchOS.platform/Developer/usr/lib/swift/host/plugins/libObservationMacros.dylib\#/Applications/Xcode-27.0.0-Release.Candidate.app/Contents/Developer/Platforms/WatchOS.platform/Developer/usr/bin/swift-plugin-server\#ObservationMacros -load-resolved-plugin /Applications/Xcode-27.0.0-Release.Candidate.app/Contents/Developer/Platforms/WatchOS.platform/Developer/usr/lib/swift/host/plugins/libSwiftMacros.dylib\#/Applications/Xcode-27.0.0-Release.Candidate.app/Contents/Developer/Platforms/WatchOS.platform/Developer/usr/bin/swift-plugin-server\#SwiftMacros -disable-implicit-swift-modules -Xcc -fno-implicit-modules -Xcc -fno-implicit-module-maps -explicit-swift-module-map-file /Users/admin/builder/spi-builder-workspace/.derivedData/Build/Intermediates.noindex/WandMotion.build/Debug-watchos/WandMotion-t.build/Objects-normal/arm64/WandMotion-dependencies-2.json -Xllvm -aarch64-use-tbi -enable-objc-interop -stack-check -sdk /Applications/Xcode-27.0.0-Release.Candidate.app/Contents/Developer/Platforms/WatchOS.platform/Developer/SDKs/WatchOS27.0.sdk -I /Users/admin/builder/spi-builder-workspace/.derivedData/Build/Products/Debug-watchos -Isystem /Applications/Xcode-27.0.0-Release.Candidate.app/Contents/Developer/Platforms/WatchOS.platform/Developer/usr/lib -F /Users/admin/builder/spi-builder-workspace/.derivedData/Build/Products/Debug-watchos/PackageFrameworks -F /Users/admin/builder/spi-builder-workspace/.derivedData/Build/Products/Debug-watchos -F /Applications/Xcode-27.0.0-Release.Candidate.app/Contents/Developer/Platforms/WatchOS.platform/Developer/Library/Frameworks -F /Applications/Xcode-27.0.0-Release.Candidate.app/Contents/Developer/Platforms/WatchOS.platform/Developer/SDKs/WatchOS27.0.sdk/Developer/Library/Frameworks -module-cache-path /Users/admin/builder/spi-builder-workspace/.derivedData/Build/Intermediates.noindex/SwiftExplicitPrecompiledModules -no-color-diagnostics -Xcc -fno-color-diagnostics -enable-testing -g -debug-info-format\=dwarf -dwarf-version\=4 -profile-generate -profile-coverage-mapping -swift-version 5 -Onone -D SWIFT_PACKAGE -D DEBUG -D SWIFT_MODULE_RESOURCE_BUNDLE_UNAVAILABLE -D Xcode -serialize-debugging-options -enable-experimental-feature DebugDescriptionMacro -empty-abi-descriptor -validate-clang-modules-once -clang-build-session-file /Users/admin/builder/spi-builder-workspace/.derivedData/ModuleCache.noindex/Session.modulevalidation -Xcc -working-directory -Xcc /Users/admin/builder/spi-builder-workspace/.swiftpm/xcode -enable-anonymous-context-mangled-names -file-compilation-dir /Users/admin/builder/spi-builder-workspace/.swiftpm/xcode -Xcc -D_LIBCPP_HARDENING_MODE\=_LIBCPP_HARDENING_MODE_DEBUG -Xcc -ivfsstatcache -Xcc /Users/admin/builder/spi-builder-workspace/.derivedData/SDKStatCaches.noindex/watchos27.0-24R360-e829b21a6f8c9b70876ba0858053c04477534ef55a1706bf4c1112bbb242f0a2.sdkstatcache -Xcc -fmodules-prune-interval\=86400 -Xcc -fmodules-prune-after\=345600 -Xcc -I/Users/admin/builder/spi-builder-workspace/.derivedData/Build/Products/Debug-watchos/include -Xcc -I/Users/admin/builder/spi-builder-workspace/.derivedData/Build/Intermediates.noindex/WandMotion.build/Debug-watchos/WandMotion-t.build/DerivedSources-normal/arm64 -Xcc -I/Users/admin/builder/spi-builder-workspace/.derivedData/Build/Intermediates.noindex/WandMotion.build/Debug-watchos/WandMotion-t.build/DerivedSources/arm64 -Xcc -I/Users/admin/builder/spi-builder-workspace/.derivedData/Build/Intermediates.noindex/WandMotion.build/Debug-watchos/WandMotion-t.build/DerivedSources -Xcc -DSWIFT_PACKAGE -Xcc -DDEBUG\=1 -no-auto-bridging-header-chaining -module-name WandMotion -const-gather-protocols-file /Users/admin/builder/spi-builder-workspace/.derivedData/Build/Intermediates.noindex/WandMotion.build/Debug-watchos/WandMotion-t.build/Objects-normal/arm64/WandMotion_const_extract_protocols.json -disable-clang-spi -clang-target arm64-apple-watchos27.0 -target-sdk-version 27.0 -target-sdk-name watchos27.0 -in-process-plugin-server-path /Applications/Xcode-27.0.0-Release.Candidate.app/Contents/Developer/Toolchains/XcodeDefault.xctoolchain/usr/lib/swift/host/libSwiftInProcPluginServer.dylib -emit-module-doc-path /Users/admin/builder/spi-builder-workspace/.derivedData/Build/Intermediates.noindex/WandMotion.build/Debug-watchos/WandMotion-t.build/Objects-normal/arm64/WandMotion.swiftdoc -emit-module-source-info-path /Users/admin/builder/spi-builder-workspace/.derivedData/Build/Intermediates.noindex/WandMotion.build/Debug-watchos/WandMotion-t.build/Objects-normal/arm64/WandMotion.swiftsourceinfo -emit-objc-header-path /Users/admin/builder/spi-builder-workspace/.derivedData/Build/Intermediates.noindex/WandMotion.build/Debug-watchos/WandMotion-t.build/Objects-normal/arm64/WandMotion-Swift.h -serialize-diagnostics-path /Users/admin/builder/spi-builder-workspace/.derivedData/Build/Intermediates.noindex/WandMotion.build/Debug-watchos/WandMotion-t.build/Objects-normal/arm64/WandMotion-primary-emit-module.dia -emit-dependencies-path /Users/admin/builder/spi-builder-workspace/.derivedData/Build/Intermediates.noindex/WandMotion.build/Debug-watchos/WandMotion-t.build/Objects-normal/arm64/WandMotion-primary-emit-module.d -parse-as-library -o /Users/admin/builder/spi-builder-workspace/.derivedData/Build/Intermediates.noindex/WandMotion.build/Debug-watchos/WandMotion-t.build/Objects-normal/arm64/WandMotion.swiftmodule -emit-abi-descriptor-path /Users/admin/builder/spi-builder-workspace/.derivedData/Build/Intermediates.noindex/WandMotion.build/Debug-watchos/WandMotion-t.build/Objects-normal/arm64/WandMotion.abi.json
SwiftCompile normal arm64 Compiling\ CMAttitude_Ask.swift /Users/admin/builder/spi-builder-workspace/Sources/WandMotion/CMAttitude_Ask.swift (in target 'WandMotion' from project 'WandMotion')
SwiftCompile normal arm64 /Users/admin/builder/spi-builder-workspace/Sources/WandMotion/CMAttitude_Ask.swift (in target 'WandMotion' from project 'WandMotion')
    cd /Users/admin/builder/spi-builder-workspace/.swiftpm/xcode
    builtin-SwiftPerFileCompile CMAttitude_Ask.swift
/Users/admin/builder/spi-builder-workspace/Sources/WandMotion/CMAttitude_Ask.swift:31:23: error: cannot find type 'AskingNil' in scope
29 | @available(macOS, unavailable)
30 | @available(visionOS, unavailable)
31 | extension CMAttitude: AskingNil, Wanded {
   |                       `- error: cannot find type 'AskingNil' in scope
32 |
33 |     @inline(__always)
/Users/admin/builder/spi-builder-workspace/Sources/WandMotion/CMAttitude_Ask.swift:31:1: warning: extension declares a conformance of imported type 'CMAttitude' to imported protocol 'Wanded'; this will not behave correctly if the owners of 'CoreMotion' introduce this conformance in the future
29 | @available(macOS, unavailable)
30 | @available(visionOS, unavailable)
31 | extension CMAttitude: AskingNil, Wanded {
   | |- warning: extension declares a conformance of imported type 'CMAttitude' to imported protocol 'Wanded'; this will not behave correctly if the owners of 'CoreMotion' introduce this conformance in the future
   | `- note: add '@retroactive' to silence this warning
32 |
33 |     @inline(__always)
/Users/admin/builder/spi-builder-workspace/Sources/WandMotion/CMAttitude_Ask.swift:36:26: error: cannot find type 'Wand' in scope
34 |     public
35 |     static
36 |     func wand<T>(_ wand: Wand, asks ask: Ask<T>) {
   |                          |- error: cannot find type 'Wand' in scope
   |                          `- note: cannot use module 'Wand' as a type
37 |
38 |         //Save ask
SwiftEmitModule normal arm64_32 Emitting\ module\ for\ WandMotion (in target 'WandMotion' from project 'WandMotion')
/Users/admin/builder/spi-builder-workspace/Sources/WandMotion/CMAltimeter_Obtain.swift:29:1: warning: extension declares a conformance of imported type 'CMAltimeter' to imported protocols 'Obtainable', 'Wanded'; this will not behave correctly if the owners of 'CoreMotion' introduce this conformance in the future
27 | @available(macOS, unavailable)
28 | @available(visionOS, unavailable)
29 | extension CMAltimeter: Obtainable {
   | |- warning: extension declares a conformance of imported type 'CMAltimeter' to imported protocols 'Obtainable', 'Wanded'; this will not behave correctly if the owners of 'CoreMotion' introduce this conformance in the future
   | `- note: add '@retroactive' to silence this warning
30 |
31 |     @inline(__always)
/Users/admin/builder/spi-builder-workspace/Sources/WandMotion/CMAltitudeData_Ask.swift:31:1: warning: extension declares a conformance of imported type 'CMAltitudeData' to imported protocols 'AskNil', 'Wanded', 'AskT'; this will not behave correctly if the owners of 'CoreMotion' introduce this conformance in the future
29 | @available(macOS, unavailable)
30 | @available(visionOS, unavailable)
31 | extension CMAltitudeData: Ask.Nil, Wanded {
   | |- warning: extension declares a conformance of imported type 'CMAltitudeData' to imported protocols 'AskNil', 'Wanded', 'AskT'; this will not behave correctly if the owners of 'CoreMotion' introduce this conformance in the future
   | `- note: add '@retroactive' to silence this warning
32 |
33 |     @inline(__always)
/Users/admin/builder/spi-builder-workspace/Sources/WandMotion/CMAttitude_Ask.swift:31:23: error: cannot find type 'AskingNil' in scope
29 | @available(macOS, unavailable)
30 | @available(visionOS, unavailable)
31 | extension CMAttitude: AskingNil, Wanded {
   |                       `- error: cannot find type 'AskingNil' in scope
32 |
33 |     @inline(__always)
/Users/admin/builder/spi-builder-workspace/Sources/WandMotion/CMAttitude_Ask.swift:31:1: warning: extension declares a conformance of imported type 'CMAttitude' to imported protocol 'Wanded'; this will not behave correctly if the owners of 'CoreMotion' introduce this conformance in the future
29 | @available(macOS, unavailable)
30 | @available(visionOS, unavailable)
31 | extension CMAttitude: AskingNil, Wanded {
   | |- warning: extension declares a conformance of imported type 'CMAttitude' to imported protocol 'Wanded'; this will not behave correctly if the owners of 'CoreMotion' introduce this conformance in the future
   | `- note: add '@retroactive' to silence this warning
32 |
33 |     @inline(__always)
/Users/admin/builder/spi-builder-workspace/Sources/WandMotion/CMAttitude_Ask.swift:36:26: error: cannot find type 'Wand' in scope
34 |     public
35 |     static
36 |     func wand<T>(_ wand: Wand, asks ask: Ask<T>) {
   |                          |- error: cannot find type 'Wand' in scope
   |                          `- note: cannot use module 'Wand' as a type
37 |
38 |         //Save ask
/Users/admin/builder/spi-builder-workspace/Sources/WandMotion/CMDeviceMotion_Ask.swift:31:27: error: cannot find type 'AskingNil' in scope
29 | @available(macOS, unavailable)
30 | @available(visionOS, unavailable)
31 | extension CMDeviceMotion: AskingNil, Wanded {
   |                           `- error: cannot find type 'AskingNil' in scope
32 |
33 |     @inline(__always)
/Users/admin/builder/spi-builder-workspace/Sources/WandMotion/CMDeviceMotion_Ask.swift:31:1: warning: extension declares a conformance of imported type 'CMDeviceMotion' to imported protocol 'Wanded'; this will not behave correctly if the owners of 'CoreMotion' introduce this conformance in the future
29 | @available(macOS, unavailable)
30 | @available(visionOS, unavailable)
31 | extension CMDeviceMotion: AskingNil, Wanded {
   | |- warning: extension declares a conformance of imported type 'CMDeviceMotion' to imported protocol 'Wanded'; this will not behave correctly if the owners of 'CoreMotion' introduce this conformance in the future
   | `- note: add '@retroactive' to silence this warning
32 |
33 |     @inline(__always)
/Users/admin/builder/spi-builder-workspace/Sources/WandMotion/CMDeviceMotion_Ask.swift:36:26: error: cannot find type 'Wand' in scope
34 |     public
35 |     static
36 |     func wand<T>(_ wand: Wand, asks ask: Ask<T>) {
   |                          |- error: cannot find type 'Wand' in scope
   |                          `- note: cannot use module 'Wand' as a type
37 |
38 |         //Save ask
/Users/admin/builder/spi-builder-workspace/Sources/WandMotion/CMGyroData_Ask.swift:31:23: error: cannot find type 'AskingNil' in scope
29 | @available(macOS, unavailable)
30 | @available(visionOS, unavailable)
31 | extension CMGyroData: AskingNil, Wanded {
   |                       `- error: cannot find type 'AskingNil' in scope
32 |
33 |     @inline(__always)
/Users/admin/builder/spi-builder-workspace/Sources/WandMotion/CMGyroData_Ask.swift:31:1: warning: extension declares a conformance of imported type 'CMGyroData' to imported protocol 'Wanded'; this will not behave correctly if the owners of 'CoreMotion' introduce this conformance in the future
29 | @available(macOS, unavailable)
30 | @available(visionOS, unavailable)
31 | extension CMGyroData: AskingNil, Wanded {
   | |- warning: extension declares a conformance of imported type 'CMGyroData' to imported protocol 'Wanded'; this will not behave correctly if the owners of 'CoreMotion' introduce this conformance in the future
   | `- note: add '@retroactive' to silence this warning
32 |
33 |     @inline(__always)
/Users/admin/builder/spi-builder-workspace/Sources/WandMotion/CMGyroData_Ask.swift:36:26: error: cannot find type 'Wand' in scope
34 |     public
35 |     static
36 |     func wand<T>(_ wand: Wand, asks ask: Ask<T>) {
   |                          |- error: cannot find type 'Wand' in scope
   |                          `- note: cannot use module 'Wand' as a type
37 |
38 |         //Save ask
/Users/admin/builder/spi-builder-workspace/Sources/WandMotion/CMMagnetometerData_Ask.swift:31:31: error: cannot find type 'AskingNil' in scope
29 | @available(macOS, unavailable)
30 | @available(visionOS, unavailable)
31 | extension CMMagnetometerData: AskingNil, Wanded {
   |                               `- error: cannot find type 'AskingNil' in scope
32 |
33 |     @inline(__always)
/Users/admin/builder/spi-builder-workspace/Sources/WandMotion/CMMagnetometerData_Ask.swift:31:1: warning: extension declares a conformance of imported type 'CMMagnetometerData' to imported protocol 'Wanded'; this will not behave correctly if the owners of 'CoreMotion' introduce this conformance in the future
29 | @available(macOS, unavailable)
30 | @available(visionOS, unavailable)
31 | extension CMMagnetometerData: AskingNil, Wanded {
   | |- warning: extension declares a conformance of imported type 'CMMagnetometerData' to imported protocol 'Wanded'; this will not behave correctly if the owners of 'CoreMotion' introduce this conformance in the future
   | `- note: add '@retroactive' to silence this warning
32 |
33 |     @inline(__always)
/Users/admin/builder/spi-builder-workspace/Sources/WandMotion/CMMagnetometerData_Ask.swift:36:26: error: cannot find type 'Wand' in scope
34 |     public
35 |     static
36 |     func wand<T>(_ wand: Wand, asks ask: Ask<T>) {
   |                          |- error: cannot find type 'Wand' in scope
   |                          `- note: cannot use module 'Wand' as a type
37 |
38 |         // Save ask
/Users/admin/builder/spi-builder-workspace/Sources/WandMotion/CMMotionManager_Obtain.swift:29:28: error: cannot find type 'Obtain' in scope
27 | @available(macOS, unavailable)
28 | @available(visionOS, unavailable)
29 | extension CMMotionManager: Obtain {
   |                            `- error: cannot find type 'Obtain' in scope
30 |
31 |     @inline(__always)
/Users/admin/builder/spi-builder-workspace/Sources/WandMotion/CMMotionManager_Obtain.swift:34:26: error: cannot find type 'Wand' in scope
32 |     public
33 |     static
34 |     func obtain(by wand: Wand?) -> Self {
   |                          |- error: cannot find type 'Wand' in scope
   |                          `- note: cannot use module 'Wand' as a type
35 |         Self()
36 |     }
/Users/admin/builder/spi-builder-workspace/Sources/WandMotion/CMPedometerData_Ask.swift:30:28: error: cannot find type 'AskingNil' in scope
28 | ///
29 | @available(visionOS, unavailable)
30 | extension CMPedometerData: AskingNil, Wanded {
   |                            `- error: cannot find type 'AskingNil' in scope
31 |
32 |     @inline(__always)
/Users/admin/builder/spi-builder-workspace/Sources/WandMotion/CMPedometerData_Ask.swift:30:1: warning: extension declares a conformance of imported type 'CMPedometerData' to imported protocol 'Wanded'; this will not behave correctly if the owners of 'CoreMotion' introduce this conformance in the future
28 | ///
29 | @available(visionOS, unavailable)
30 | extension CMPedometerData: AskingNil, Wanded {
   | |- warning: extension declares a conformance of imported type 'CMPedometerData' to imported protocol 'Wanded'; this will not behave correctly if the owners of 'CoreMotion' introduce this conformance in the future
   | `- note: add '@retroactive' to silence this warning
31 |
32 |     @inline(__always)
/Users/admin/builder/spi-builder-workspace/Sources/WandMotion/CMPedometerData_Ask.swift:35:26: error: cannot find type 'Wand' in scope
33 |     public
34 |     static
35 |     func wand<T>(_ wand: Wand, asks ask: Ask<T>) {
   |                          |- error: cannot find type 'Wand' in scope
   |                          `- note: cannot use module 'Wand' as a type
36 |
37 |         //Save ask
/Users/admin/builder/spi-builder-workspace/Sources/WandMotion/CMPedometerEvent_Ask.swift:32:29: error: cannot find type 'AskingNil' in scope
30 | @available(macOS, unavailable)
31 | @available(visionOS, unavailable)
32 | extension CMPedometerEvent: AskingNil, Wanded {
   |                             `- error: cannot find type 'AskingNil' in scope
33 |
34 |     @inline(__always)
/Users/admin/builder/spi-builder-workspace/Sources/WandMotion/CMPedometerEvent_Ask.swift:32:1: warning: extension declares a conformance of imported type 'CMPedometerEvent' to imported protocol 'Wanded'; this will not behave correctly if the owners of 'CoreMotion' introduce this conformance in the future
30 | @available(macOS, unavailable)
31 | @available(visionOS, unavailable)
32 | extension CMPedometerEvent: AskingNil, Wanded {
   | |- warning: extension declares a conformance of imported type 'CMPedometerEvent' to imported protocol 'Wanded'; this will not behave correctly if the owners of 'CoreMotion' introduce this conformance in the future
   | `- note: add '@retroactive' to silence this warning
33 |
34 |     @inline(__always)
/Users/admin/builder/spi-builder-workspace/Sources/WandMotion/CMPedometerEvent_Ask.swift:37:26: error: cannot find type 'Wand' in scope
35 |     public
36 |     static
37 |     func wand<T>(_ wand: Wand, asks ask: Ask<T>) {
   |                          |- error: cannot find type 'Wand' in scope
   |                          `- note: cannot use module 'Wand' as a type
38 |
39 |         //Save ask
/Users/admin/builder/spi-builder-workspace/Sources/WandMotion/CMPedometer_Obtain.swift:28:24: error: cannot find type 'Obtain' in scope
26 | ///
27 | @available(visionOS, unavailable)
28 | extension CMPedometer: Obtain {
   |                        `- error: cannot find type 'Obtain' in scope
29 |
30 |     @inline(__always)
/Users/admin/builder/spi-builder-workspace/Sources/WandMotion/CMPedometer_Obtain.swift:33:26: error: cannot find type 'Wand' in scope
31 |     public
32 |     static
33 |     func obtain(by wand: Wand?) -> Self {
   |                          |- error: cannot find type 'Wand' in scope
   |                          `- note: cannot use module 'Wand' as a type
34 |         Self()
35 |     }
Failed frontend command:
/Applications/Xcode-27.0.0-Release.Candidate.app/Contents/Developer/Toolchains/XcodeDefault.xctoolchain/usr/bin/swift-frontend -frontend -emit-module -experimental-skip-non-inlinable-function-bodies-without-types /Users/admin/builder/spi-builder-workspace/Sources/WandMotion/CMAltimeter_Obtain.swift /Users/admin/builder/spi-builder-workspace/Sources/WandMotion/CMAltitudeData_Ask.swift /Users/admin/builder/spi-builder-workspace/Sources/WandMotion/CMAttitude_Ask.swift /Users/admin/builder/spi-builder-workspace/Sources/WandMotion/CMDeviceMotion_Ask.swift /Users/admin/builder/spi-builder-workspace/Sources/WandMotion/CMGyroData_Ask.swift /Users/admin/builder/spi-builder-workspace/Sources/WandMotion/CMMagnetometerData_Ask.swift /Users/admin/builder/spi-builder-workspace/Sources/WandMotion/CMMotionManager_Obtain.swift /Users/admin/builder/spi-builder-workspace/Sources/WandMotion/CMPedometerData_Ask.swift /Users/admin/builder/spi-builder-workspace/Sources/WandMotion/CMPedometerEvent_Ask.swift /Users/admin/builder/spi-builder-workspace/Sources/WandMotion/CMPedometer_Obtain.swift /Users/admin/builder/spi-builder-workspace/Sources/WandMotion/Motion.swift -target arm64_32-apple-watchos9.0 -module-can-import-version CoreMotion 3185.0.6.1 3185.0.6 -disable-cross-import-overlay-search -load-resolved-plugin /Applications/Xcode-27.0.0-Release.Candidate.app/Contents/Developer/Platforms/WatchOS.platform/Developer/usr/lib/swift/host/plugins/libFoundationMacros.dylib\#/Applications/Xcode-27.0.0-Release.Candidate.app/Contents/Developer/Platforms/WatchOS.platform/Developer/usr/bin/swift-plugin-server\#FoundationMacros -load-resolved-plugin /Applications/Xcode-27.0.0-Release.Candidate.app/Contents/Developer/Platforms/WatchOS.platform/Developer/usr/lib/swift/host/plugins/libObservationMacros.dylib\#/Applications/Xcode-27.0.0-Release.Candidate.app/Contents/Developer/Platforms/WatchOS.platform/Developer/usr/bin/swift-plugin-server\#ObservationMacros -load-resolved-plugin /Applications/Xcode-27.0.0-Release.Candidate.app/Contents/Developer/Platforms/WatchOS.platform/Developer/usr/lib/swift/host/plugins/libSwiftMacros.dylib\#/Applications/Xcode-27.0.0-Release.Candidate.app/Contents/Developer/Platforms/WatchOS.platform/Developer/usr/bin/swift-plugin-server\#SwiftMacros -disable-implicit-swift-modules -Xcc -fno-implicit-modules -Xcc -fno-implicit-module-maps -explicit-swift-module-map-file /Users/admin/builder/spi-builder-workspace/.derivedData/Build/Intermediates.noindex/WandMotion.build/Debug-watchos/WandMotion-t.build/Objects-normal/arm64_32/WandMotion-dependencies-1.json -enable-objc-interop -sdk /Applications/Xcode-27.0.0-Release.Candidate.app/Contents/Developer/Platforms/WatchOS.platform/Developer/SDKs/WatchOS27.0.sdk -I /Users/admin/builder/spi-builder-workspace/.derivedData/Build/Products/Debug-watchos -Isystem /Applications/Xcode-27.0.0-Release.Candidate.app/Contents/Developer/Platforms/WatchOS.platform/Developer/usr/lib -F /Users/admin/builder/spi-builder-workspace/.derivedData/Build/Products/Debug-watchos/PackageFrameworks -F /Users/admin/builder/spi-builder-workspace/.derivedData/Build/Products/Debug-watchos -F /Applications/Xcode-27.0.0-Release.Candidate.app/Contents/Developer/Platforms/WatchOS.platform/Developer/Library/Frameworks -F /Applications/Xcode-27.0.0-Release.Candidate.app/Contents/Developer/Platforms/WatchOS.platform/Developer/SDKs/WatchOS27.0.sdk/Developer/Library/Frameworks -module-cache-path /Users/admin/builder/spi-builder-workspace/.derivedData/Build/Intermediates.noindex/SwiftExplicitPrecompiledModules -no-color-diagnostics -Xcc -fno-color-diagnostics -enable-testing -g -debug-info-format\=dwarf -dwarf-version\=4 -profile-generate -profile-coverage-mapping -swift-version 5 -Onone -D SWIFT_PACKAGE -D DEBUG -D SWIFT_MODULE_RESOURCE_BUNDLE_UNAVAILABLE -D Xcode -serialize-debugging-options -enable-experimental-feature DebugDescriptionMacro -empty-abi-descriptor -validate-clang-modules-once -clang-build-session-file /Users/admin/builder/spi-builder-workspace/.derivedData/ModuleCache.noindex/Session.modulevalidation -Xcc -working-directory -Xcc /Users/admin/builder/spi-builder-workspace/.swiftpm/xcode -enable-anonymous-context-mangled-names -file-compilation-dir /Users/admin/builder/spi-builder-workspace/.swiftpm/xcode -Xcc -D_LIBCPP_HARDENING_MODE\=_LIBCPP_HARDENING_MODE_DEBUG -Xcc -ivfsstatcache -Xcc /Users/admin/builder/spi-builder-workspace/.derivedData/SDKStatCaches.noindex/watchos27.0-24R360-e829b21a6f8c9b70876ba0858053c04477534ef55a1706bf4c1112bbb242f0a2.sdkstatcache -Xcc -fmodules-prune-interval\=86400 -Xcc -fmodules-prune-after\=345600 -Xcc -I/Users/admin/builder/spi-builder-workspace/.derivedData/Build/Products/Debug-watchos/include -Xcc -I/Users/admin/builder/spi-builder-workspace/.derivedData/Build/Intermediates.noindex/WandMotion.build/Debug-watchos/WandMotion-t.build/DerivedSources-normal/arm64_32 -Xcc -I/Users/admin/builder/spi-builder-workspace/.derivedData/Build/Intermediates.noindex/WandMotion.build/Debug-watchos/WandMotion-t.build/DerivedSources/arm64_32 -Xcc -I/Users/admin/builder/spi-builder-workspace/.derivedData/Build/Intermediates.noindex/WandMotion.build/Debug-watchos/WandMotion-t.build/DerivedSources -Xcc -DSWIFT_PACKAGE -Xcc -DDEBUG\=1 -no-auto-bridging-header-chaining -module-name WandMotion -const-gather-protocols-file /Users/admin/builder/spi-builder-workspace/.derivedData/Build/Intermediates.noindex/WandMotion.build/Debug-watchos/WandMotion-t.build/Objects-normal/arm64_32/WandMotion_const_extract_protocols.json -disable-clang-spi -clang-target arm64_32-apple-watchos27.0 -target-sdk-version 27.0 -target-sdk-name watchos27.0 -in-process-plugin-server-path /Applications/Xcode-27.0.0-Release.Candidate.app/Contents/Developer/Toolchains/XcodeDefault.xctoolchain/usr/lib/swift/host/libSwiftInProcPluginServer.dylib -emit-module-doc-path /Users/admin/builder/spi-builder-workspace/.derivedData/Build/Intermediates.noindex/WandMotion.build/Debug-watchos/WandMotion-t.build/Objects-normal/arm64_32/WandMotion.swiftdoc -emit-module-source-info-path /Users/admin/builder/spi-builder-workspace/.derivedData/Build/Intermediates.noindex/WandMotion.build/Debug-watchos/WandMotion-t.build/Objects-normal/arm64_32/WandMotion.swiftsourceinfo -emit-objc-header-path /Users/admin/builder/spi-builder-workspace/.derivedData/Build/Intermediates.noindex/WandMotion.build/Debug-watchos/WandMotion-t.build/Objects-normal/arm64_32/WandMotion-Swift.h -serialize-diagnostics-path /Users/admin/builder/spi-builder-workspace/.derivedData/Build/Intermediates.noindex/WandMotion.build/Debug-watchos/WandMotion-t.build/Objects-normal/arm64_32/WandMotion-primary-emit-module.dia -emit-dependencies-path /Users/admin/builder/spi-builder-workspace/.derivedData/Build/Intermediates.noindex/WandMotion.build/Debug-watchos/WandMotion-t.build/Objects-normal/arm64_32/WandMotion-primary-emit-module.d -parse-as-library -o /Users/admin/builder/spi-builder-workspace/.derivedData/Build/Intermediates.noindex/WandMotion.build/Debug-watchos/WandMotion-t.build/Objects-normal/arm64_32/WandMotion.swiftmodule -emit-abi-descriptor-path /Users/admin/builder/spi-builder-workspace/.derivedData/Build/Intermediates.noindex/WandMotion.build/Debug-watchos/WandMotion-t.build/Objects-normal/arm64_32/WandMotion.abi.json
SwiftCompile normal arm64_32 (in target 'WandMotion' from project 'WandMotion')
    cd /Users/admin/builder/spi-builder-workspace/.swiftpm/xcode

SwiftCompile normal arm64_32 Compiling\ CMMagnetometerData_Ask.swift /Users/admin/builder/spi-builder-workspace/Sources/WandMotion/CMMagnetometerData_Ask.swift (in target 'WandMotion' from project 'WandMotion')
SwiftCompile normal arm64_32 /Users/admin/builder/spi-builder-workspace/Sources/WandMotion/CMMagnetometerData_Ask.swift (in target 'WandMotion' from project 'WandMotion')
    cd /Users/admin/builder/spi-builder-workspace/.swiftpm/xcode
    builtin-SwiftPerFileCompile CMMagnetometerData_Ask.swift
/Users/admin/builder/spi-builder-workspace/Sources/WandMotion/CMMagnetometerData_Ask.swift:31:31: error: cannot find type 'AskingNil' in scope
29 | @available(macOS, unavailable)
30 | @available(visionOS, unavailable)
31 | extension CMMagnetometerData: AskingNil, Wanded {
   |                               `- error: cannot find type 'AskingNil' in scope
32 |
33 |     @inline(__always)
/Users/admin/builder/spi-builder-workspace/Sources/WandMotion/CMMagnetometerData_Ask.swift:31:1: warning: extension declares a conformance of imported type 'CMMagnetometerData' to imported protocol 'Wanded'; this will not behave correctly if the owners of 'CoreMotion' introduce this conformance in the future
29 | @available(macOS, unavailable)
30 | @available(visionOS, unavailable)
31 | extension CMMagnetometerData: AskingNil, Wanded {
   | |- warning: extension declares a conformance of imported type 'CMMagnetometerData' to imported protocol 'Wanded'; this will not behave correctly if the owners of 'CoreMotion' introduce this conformance in the future
   | `- note: add '@retroactive' to silence this warning
32 |
33 |     @inline(__always)
SwiftCompile normal arm64 Compiling\ CMPedometer_Obtain.swift /Users/admin/builder/spi-builder-workspace/Sources/WandMotion/CMPedometer_Obtain.swift (in target 'WandMotion' from project 'WandMotion')
/Users/admin/builder/spi-builder-workspace/Sources/WandMotion/CMPedometer_Obtain.swift:28:24: error: cannot find type 'Obtain' in scope
26 | ///
27 | @available(visionOS, unavailable)
28 | extension CMPedometer: Obtain {
   |                        `- error: cannot find type 'Obtain' in scope
29 |
30 |     @inline(__always)
SwiftCompile normal arm64 /Users/admin/builder/spi-builder-workspace/Sources/WandMotion/CMPedometer_Obtain.swift (in target 'WandMotion' from project 'WandMotion')
    cd /Users/admin/builder/spi-builder-workspace/.swiftpm/xcode
    builtin-SwiftPerFileCompile CMPedometer_Obtain.swift
SwiftCompile normal arm64_32 Compiling\ CMPedometerEvent_Ask.swift /Users/admin/builder/spi-builder-workspace/Sources/WandMotion/CMPedometerEvent_Ask.swift (in target 'WandMotion' from project 'WandMotion')
/Users/admin/builder/spi-builder-workspace/Sources/WandMotion/CMPedometerEvent_Ask.swift:32:29: error: cannot find type 'AskingNil' in scope
30 | @available(macOS, unavailable)
31 | @available(visionOS, unavailable)
32 | extension CMPedometerEvent: AskingNil, Wanded {
   |                             `- error: cannot find type 'AskingNil' in scope
33 |
34 |     @inline(__always)
/Users/admin/builder/spi-builder-workspace/Sources/WandMotion/CMPedometerEvent_Ask.swift:32:1: warning: extension declares a conformance of imported type 'CMPedometerEvent' to imported protocol 'Wanded'; this will not behave correctly if the owners of 'CoreMotion' introduce this conformance in the future
30 | @available(macOS, unavailable)
31 | @available(visionOS, unavailable)
32 | extension CMPedometerEvent: AskingNil, Wanded {
   | |- warning: extension declares a conformance of imported type 'CMPedometerEvent' to imported protocol 'Wanded'; this will not behave correctly if the owners of 'CoreMotion' introduce this conformance in the future
   | `- note: add '@retroactive' to silence this warning
33 |
34 |     @inline(__always)
SwiftCompile normal arm64_32 /Users/admin/builder/spi-builder-workspace/Sources/WandMotion/CMPedometerEvent_Ask.swift (in target 'WandMotion' from project 'WandMotion')
    cd /Users/admin/builder/spi-builder-workspace/.swiftpm/xcode
    builtin-SwiftPerFileCompile CMPedometerEvent_Ask.swift
SwiftCompile normal arm64_32 Compiling\ CMAttitude_Ask.swift /Users/admin/builder/spi-builder-workspace/Sources/WandMotion/CMAttitude_Ask.swift (in target 'WandMotion' from project 'WandMotion')
/Users/admin/builder/spi-builder-workspace/Sources/WandMotion/CMAttitude_Ask.swift:31:23: error: cannot find type 'AskingNil' in scope
29 | @available(macOS, unavailable)
30 | @available(visionOS, unavailable)
31 | extension CMAttitude: AskingNil, Wanded {
   |                       `- error: cannot find type 'AskingNil' in scope
32 |
33 |     @inline(__always)
/Users/admin/builder/spi-builder-workspace/Sources/WandMotion/CMAttitude_Ask.swift:31:1: warning: extension declares a conformance of imported type 'CMAttitude' to imported protocol 'Wanded'; this will not behave correctly if the owners of 'CoreMotion' introduce this conformance in the future
29 | @available(macOS, unavailable)
30 | @available(visionOS, unavailable)
31 | extension CMAttitude: AskingNil, Wanded {
   | |- warning: extension declares a conformance of imported type 'CMAttitude' to imported protocol 'Wanded'; this will not behave correctly if the owners of 'CoreMotion' introduce this conformance in the future
   | `- note: add '@retroactive' to silence this warning
32 |
33 |     @inline(__always)
/Users/admin/builder/spi-builder-workspace/Sources/WandMotion/CMAttitude_Ask.swift:36:26: error: cannot find type 'Wand' in scope
34 |     public
35 |     static
36 |     func wand<T>(_ wand: Wand, asks ask: Ask<T>) {
   |                          |- error: cannot find type 'Wand' in scope
   |                          `- note: cannot use module 'Wand' as a type
37 |
38 |         //Save ask
SwiftCompile normal arm64_32 /Users/admin/builder/spi-builder-workspace/Sources/WandMotion/CMAttitude_Ask.swift (in target 'WandMotion' from project 'WandMotion')
    cd /Users/admin/builder/spi-builder-workspace/.swiftpm/xcode
    builtin-SwiftPerFileCompile CMAttitude_Ask.swift
SwiftCompile normal arm64_32 Compiling\ CMDeviceMotion_Ask.swift /Users/admin/builder/spi-builder-workspace/Sources/WandMotion/CMDeviceMotion_Ask.swift (in target 'WandMotion' from project 'WandMotion')
/Users/admin/builder/spi-builder-workspace/Sources/WandMotion/CMDeviceMotion_Ask.swift:31:27: error: cannot find type 'AskingNil' in scope
29 | @available(macOS, unavailable)
30 | @available(visionOS, unavailable)
31 | extension CMDeviceMotion: AskingNil, Wanded {
   |                           `- error: cannot find type 'AskingNil' in scope
32 |
33 |     @inline(__always)
/Users/admin/builder/spi-builder-workspace/Sources/WandMotion/CMDeviceMotion_Ask.swift:31:1: warning: extension declares a conformance of imported type 'CMDeviceMotion' to imported protocol 'Wanded'; this will not behave correctly if the owners of 'CoreMotion' introduce this conformance in the future
29 | @available(macOS, unavailable)
30 | @available(visionOS, unavailable)
31 | extension CMDeviceMotion: AskingNil, Wanded {
   | |- warning: extension declares a conformance of imported type 'CMDeviceMotion' to imported protocol 'Wanded'; this will not behave correctly if the owners of 'CoreMotion' introduce this conformance in the future
   | `- note: add '@retroactive' to silence this warning
32 |
33 |     @inline(__always)
SwiftCompile normal arm64_32 /Users/admin/builder/spi-builder-workspace/Sources/WandMotion/CMDeviceMotion_Ask.swift (in target 'WandMotion' from project 'WandMotion')
    cd /Users/admin/builder/spi-builder-workspace/.swiftpm/xcode
    builtin-SwiftPerFileCompile CMDeviceMotion_Ask.swift
SwiftCompile normal arm64_32 Compiling\ CMPedometerData_Ask.swift /Users/admin/builder/spi-builder-workspace/Sources/WandMotion/CMPedometerData_Ask.swift (in target 'WandMotion' from project 'WandMotion')
/Users/admin/builder/spi-builder-workspace/Sources/WandMotion/CMPedometerData_Ask.swift:30:28: error: cannot find type 'AskingNil' in scope
28 | ///
29 | @available(visionOS, unavailable)
30 | extension CMPedometerData: AskingNil, Wanded {
   |                            `- error: cannot find type 'AskingNil' in scope
31 |
32 |     @inline(__always)
/Users/admin/builder/spi-builder-workspace/Sources/WandMotion/CMPedometerData_Ask.swift:30:1: warning: extension declares a conformance of imported type 'CMPedometerData' to imported protocol 'Wanded'; this will not behave correctly if the owners of 'CoreMotion' introduce this conformance in the future
28 | ///
29 | @available(visionOS, unavailable)
30 | extension CMPedometerData: AskingNil, Wanded {
   | |- warning: extension declares a conformance of imported type 'CMPedometerData' to imported protocol 'Wanded'; this will not behave correctly if the owners of 'CoreMotion' introduce this conformance in the future
   | `- note: add '@retroactive' to silence this warning
31 |
32 |     @inline(__always)
SwiftCompile normal arm64_32 /Users/admin/builder/spi-builder-workspace/Sources/WandMotion/CMPedometerData_Ask.swift (in target 'WandMotion' from project 'WandMotion')
    cd /Users/admin/builder/spi-builder-workspace/.swiftpm/xcode
    builtin-SwiftPerFileCompile CMPedometerData_Ask.swift
SwiftCompile normal arm64_32 Compiling\ CMAltimeter_Obtain.swift,\ CMAltitudeData_Ask.swift /Users/admin/builder/spi-builder-workspace/Sources/WandMotion/CMAltimeter_Obtain.swift /Users/admin/builder/spi-builder-workspace/Sources/WandMotion/CMAltitudeData_Ask.swift (in target 'WandMotion' from project 'WandMotion')
/Users/admin/builder/spi-builder-workspace/Sources/WandMotion/CMAltimeter_Obtain.swift:29:1: warning: extension declares a conformance of imported type 'CMAltimeter' to imported protocols 'Obtainable', 'Wanded'; this will not behave correctly if the owners of 'CoreMotion' introduce this conformance in the future
27 | @available(macOS, unavailable)
28 | @available(visionOS, unavailable)
29 | extension CMAltimeter: Obtainable {
   | |- warning: extension declares a conformance of imported type 'CMAltimeter' to imported protocols 'Obtainable', 'Wanded'; this will not behave correctly if the owners of 'CoreMotion' introduce this conformance in the future
   | `- note: add '@retroactive' to silence this warning
30 |
31 |     @inline(__always)
SwiftCompile normal arm64_32 /Users/admin/builder/spi-builder-workspace/Sources/WandMotion/CMAltimeter_Obtain.swift (in target 'WandMotion' from project 'WandMotion')
    cd /Users/admin/builder/spi-builder-workspace/.swiftpm/xcode
    builtin-SwiftPerFileCompile CMAltimeter_Obtain.swift
SwiftCompile normal arm64_32 /Users/admin/builder/spi-builder-workspace/Sources/WandMotion/CMAltitudeData_Ask.swift (in target 'WandMotion' from project 'WandMotion')
    cd /Users/admin/builder/spi-builder-workspace/.swiftpm/xcode
    builtin-SwiftPerFileCompile CMAltitudeData_Ask.swift
SwiftCompile normal arm64_32 Compiling\ Motion.swift /Users/admin/builder/spi-builder-workspace/Sources/WandMotion/Motion.swift (in target 'WandMotion' from project 'WandMotion')
SwiftCompile normal arm64_32 /Users/admin/builder/spi-builder-workspace/Sources/WandMotion/Motion.swift (in target 'WandMotion' from project 'WandMotion')
    cd /Users/admin/builder/spi-builder-workspace/.swiftpm/xcode
    builtin-SwiftPerFileCompile Motion.swift
PruneExplicitPrecompiledModules /Users/admin/builder/spi-builder-workspace/.derivedData/Build/Intermediates.noindex/SwiftExplicitPrecompiledModules
PruneExplicitPrecompiledModules /Users/admin/builder/spi-builder-workspace/.derivedData/SDKExplicitPrecompiledModules
PruneExplicitPrecompiledModules /Users/admin/builder/spi-builder-workspace/.derivedData/Build/Intermediates.noindex/ExplicitPrecompiledModules
2026-09-22 09:33:36.368 xcodebuild[924:5621] [MT] IDERunDestination: Supported platforms for the buildables in the current scheme is empty.
2026-09-22 09:33:36.467 xcodebuild[924:5621] [MT] IDERunDestination: Supported platforms for the buildables in the current scheme is empty.
** BUILD FAILED **
The following build commands failed:
	SwiftCompile normal arm64 (in target 'WandMotion' from project 'WandMotion')
	SwiftEmitModule normal arm64 Emitting\ module\ for\ WandMotion (in target 'WandMotion' from project 'WandMotion')
	SwiftEmitModule normal arm64_32 Emitting\ module\ for\ WandMotion (in target 'WandMotion' from project 'WandMotion')
	SwiftCompile normal arm64_32 (in target 'WandMotion' from project 'WandMotion')
	Building workspace WandMotion with scheme WandMotion
(5 failures)
BUILD FAILURE 6.4 watchOS