Build Information
Failed to build cmark-gfm, reference 0.9.0 (08ddb5), with Swift 6.1 for Wasm on 26 Sep 2026 05:34:12 UTC.
Build Command
bash -c docker run --pull=always --rm -v "checkouts-54344845-0":/host -w "$PWD" -e JAVA_HOME="/root/.sdkman/candidates/java/current" -e SPI_BUILD="1" -e SPI_PROCESSING="1" registry.gitlab.com/saguaro1/spi-images:wasm-6.1-latest swift build --swift-sdk wasm32-unknown-wasi 2>&1Build Log
========================================
RunAll
========================================
Builder version: 5.1.0
Interrupt handler set up.
========================================
Checkout
========================================
Clone URL: https://github.com/swiftlang/swift-cmark.git
Reference: 0.9.0
Initialized empty Git repository in /host/spi-builder-workspace/.git/
hint: Using 'master' as the name for the initial branch. This default branch name
hint: is subject to change. To configure the initial branch name to use in all
hint: of your new repositories, which will suppress this warning, call:
hint:
hint: git config --global init.defaultBranch <name>
hint:
hint: Names commonly chosen instead of 'master' are 'main', 'trunk' and
hint: 'development'. The just-created branch can be renamed via this command:
hint:
hint: git branch -m <name>
From https://github.com/swiftlang/swift-cmark
* tag 0.9.0 -> FETCH_HEAD
HEAD is now at 08ddb52 Merge pull request #98 from speednoisemovement/cp_utf8
Cloned https://github.com/swiftlang/swift-cmark.git
Revision (git rev-parse @):
08ddb528923cc1a6527e02b7a1aee9e516ca749a
SUCCESS checkout https://github.com/swiftlang/swift-cmark.git at 0.9.0
========================================
Build
========================================
Selected platform: wasm
Swift version: 6.1
Building package at path: $PWD
https://github.com/swiftlang/swift-cmark.git
https://github.com/swiftlang/swift-cmark.git
WARNING: environment variable SUPPRESS_SWIFT_6_FLAGS is not set
Running build ...
bash -c docker run --pull=always --rm -v "checkouts-54344845-0":/host -w "$PWD" -e JAVA_HOME="/root/.sdkman/candidates/java/current" -e SPI_BUILD="1" -e SPI_PROCESSING="1" registry.gitlab.com/saguaro1/spi-images:wasm-6.1-latest swift build --swift-sdk wasm32-unknown-wasi -Xswiftc -Xfrontend -Xswiftc -stats-output-dir -Xswiftc -Xfrontend -Xswiftc .stats -Xswiftc -strict-concurrency=complete -Xswiftc -enable-upcoming-feature -Xswiftc StrictConcurrency -Xswiftc -enable-upcoming-feature -Xswiftc DisableOutwardActorInference -Xswiftc -enable-upcoming-feature -Xswiftc GlobalActorIsolatedTypesUsability -Xswiftc -enable-upcoming-feature -Xswiftc InferSendableFromCaptures 2>&1
wasm-6.1-latest: Pulling from saguaro1/spi-images
Digest: sha256:beceeede496da67681f4fa220a6b97cc098a0178841a413735f598dc6bbaf4c8
Status: Image is up to date for registry.gitlab.com/saguaro1/spi-images:wasm-6.1-latest
Building for debugging...
[0/42] Compiling cmark-gfm-extensions tasklist.c
[1/42] Compiling cmark-gfm-extensions core-extensions.c
[1/42] Compiling cmark-gfm-extensions tagfilter.c
[3/42] Compiling cmark-gfm-extensions strikethrough.c
[4/42] Compiling cmark-gfm-extensions ext_scanners.c
[5/42] Compiling cmark-gfm-bin main.c
[6/42] Compiling cmark-gfm-extensions table.c
[7/42] Compiling cmark-gfm xml.c
[8/42] Compiling cmark-gfm render.c
[9/42] Compiling cmark-gfm syntax_extension.c
[10/42] Compiling cmark-gfm plugin.c
[11/42] Compiling cmark-gfm-extensions autolink.c
[12/42] Compiling cmark-gfm registry.c
[12/42] Compiling cmark-gfm references.c
[14/42] Compiling cmark-gfm plaintext.c
[15/42] Compiling cmark-gfm linked_list.c
[16/42] Compiling cmark-gfm iterator.c
[17/42] Compiling cmark-gfm node.c
[18/42] Compiling cmark-gfm map.c
[19/42] Compiling cmark-gfm man.c
[20/42] Compiling cmark-gfm latex.c
[21/42] Compiling cmark-gfm html.c
[22/42] Compiling cmark-gfm houdini_html_e.c
[23/42] Compiling cmark-gfm inlines.c
[24/42] Compiling cmark-gfm cmark_ctype.c
[25/42] Compiling cmark-gfm footnotes.c
[26/42] Compiling cmark-gfm houdini_html_u.c
[27/42] Compiling cmark-gfm houdini_href_e.c
[28/42] Compiling cmark-gfm commonmark.c
[28/42] Compiling cmark-gfm buffer.c
[30/42] Compiling cmark-gfm arena.c
[30/42] Compiling cmark-gfm cmark.c
[32/42] Compiling api_test cplusplus.cpp
[32/42] Compiling api_test harness.c
[34/42] Compiling cmark-gfm blocks.c
[35/42] Compiling api_test main.c
[36/42] Compiling cmark-gfm scanners.c
[37/42] Compiling cmark-gfm utf8.c
[38/42] Write Objects.LinkFileList
error: link command failed with exit code 1 (use -v to see invocation)
wasm-ld: error: /root/.swiftpm/swift-sdks/swift-wasm-6.1-RELEASE-wasm32-unknown-wasi.artifactbundle/6.1-RELEASE-wasm32-unknown-wasi/wasm32-unknown-wasi/swift.xctoolchain/usr/lib/swift_static/wasi/wasm32/swiftrt.o: undefined symbol: swift_addNewDSOImage
clang: error: linker command failed with exit code 1 (use -v to see invocation)
[40/42] Linking cmark-gfm-bin.wasm
[40/42] Linking api_test.wasm
Running build ...
bash -c docker run --pull=always --rm -v "checkouts-54344845-0":/host -w "$PWD" -e JAVA_HOME="/root/.sdkman/candidates/java/current" -e SPI_BUILD="1" -e SPI_PROCESSING="1" registry.gitlab.com/saguaro1/spi-images:wasm-6.1-latest swift build --swift-sdk wasm32-unknown-wasi 2>&1
wasm-6.1-latest: Pulling from saguaro1/spi-images
Digest: sha256:beceeede496da67681f4fa220a6b97cc098a0178841a413735f598dc6bbaf4c8
Status: Image is up to date for registry.gitlab.com/saguaro1/spi-images:wasm-6.1-latest
[0/1] Planning build
Building for debugging...
error: link command failed with exit code 1 (use -v to see invocation)
wasm-ld: error: /root/.swiftpm/swift-sdks/swift-wasm-6.1-RELEASE-wasm32-unknown-wasi.artifactbundle/6.1-RELEASE-wasm32-unknown-wasi/wasm32-unknown-wasi/swift.xctoolchain/usr/lib/swift_static/wasi/wasm32/swiftrt.o: undefined symbol: swift_addNewDSOImage
clang: error: linker command failed with exit code 1 (use -v to see invocation)
[0/2] Linking cmark-gfm-bin.wasm
error: link command failed with exit code 1 (use -v to see invocation)
wasm-ld: error: /root/.swiftpm/swift-sdks/swift-wasm-6.1-RELEASE-wasm32-unknown-wasi.artifactbundle/6.1-RELEASE-wasm32-unknown-wasi/wasm32-unknown-wasi/swift.xctoolchain/usr/lib/swift_static/wasi/wasm32/swiftrt.o: undefined symbol: swift_addNewDSOImage
clang: error: linker command failed with exit code 1 (use -v to see invocation)
[0/2] Linking api_test.wasm
BUILD FAILURE 6.1 wasm