Build Information
Failed to build swift-artifact, reference main (9b08c8), with Swift 6.4 for watchOS using Xcode 27.0 on 27 Sep 2026 23:37:19 UTC.
Build Command
env DEVELOPER_DIR=/Applications/Xcode-27.0.0-Release.Candidate.app xcrun xcodebuild -IDEClonedSourcePackagesDirPathOverride=$PWD/.dependencies -skipMacroValidation -skipPackagePluginValidation -derivedDataPath $PWD/.derivedData build -scheme swift-artifact-Package -destination generic/platform=watchOSBuild Log
SwiftExplicitDependencyGeneratePcm arm64 /Users/admin/builder/spi-builder-workspace/.derivedData/SDKExplicitPrecompiledModules/SwiftUI-E6XJI4PF1Q2HPTXKL91GWARU6.pcm
SwiftDriverJobDiscovery normal arm64_32 Compiling TurtleLiterals.swift, TurtleParser.swift, TurtleTokenizer.swift (in target 'KnowledgeGraphParsers' from project 'swift-knowledge-graph')
SwiftExplicitDependencyGeneratePcm arm64_32 /Users/admin/builder/spi-builder-workspace/.derivedData/SDKExplicitPrecompiledModules/WatchKit-7IATJTA58S6OFDEYHG9JSLLDQ.pcm
SwiftEmitModule normal arm64 Emitting\ module\ for\ SwiftUIScript (in target 'SwiftUIScript' from project 'SwiftUIScript')
SwiftCompile normal arm64 (in target 'SwiftUIScript' from project 'SwiftUIScript')
cd /Users/admin/builder/spi-builder-workspace/.swiftpm/xcode
SwiftEmitModule normal arm64 Emitting\ module\ for\ MarkdownUI (in target 'MarkdownUI' from project 'SwiftMarkdownUI')
SwiftCompile normal arm64 (in target 'MarkdownUI' from project 'SwiftMarkdownUI')
cd /Users/admin/builder/spi-builder-workspace/.swiftpm/xcode
SwiftDriverJobDiscovery normal arm64 Compiling JSONLDContext.swift, JSONLDContextProcessing.swift, JSONLDExpansion.swift, JSONLDGraphPresentationExtractor.swift (in target 'KnowledgeGraphParsers' from project 'swift-knowledge-graph')
SwiftEmitModule normal arm64 Emitting\ module\ for\ ArtifactRenderer (in target 'ArtifactRenderer' from project 'swift-artifact')
SwiftCompile normal arm64 (in target 'ArtifactRenderer' from project 'swift-artifact')
cd /Users/admin/builder/spi-builder-workspace/.swiftpm/xcode
SwiftExplicitDependencyGeneratePcm arm64_32 /Users/admin/builder/spi-builder-workspace/.derivedData/SDKExplicitPrecompiledModules/WatchKit-FHF6WTKLC2APGK3LA2XJ6516.pcm
SwiftDriverJobDiscovery normal arm64 Compiling RDFXMLParser.swift, SourcePosition.swift, TriGParser.swift (in target 'KnowledgeGraphParsers' from project 'swift-knowledge-graph')
SwiftCompile normal arm64 Compiling\ RenderError.swift /Users/admin/builder/spi-builder-workspace/.dependencies/checkouts/SwiftUIScript/Sources/SwiftUIScript/RenderError.swift (in target 'SwiftUIScript' from project 'SwiftUIScript')
SwiftCompile normal arm64 /Users/admin/builder/spi-builder-workspace/.dependencies/checkouts/SwiftUIScript/Sources/SwiftUIScript/RenderError.swift (in target 'SwiftUIScript' from project 'SwiftUIScript')
cd /Users/admin/builder/spi-builder-workspace/.swiftpm/xcode
builtin-SwiftPerFileCompile RenderError.swift
SwiftDriverJobDiscovery normal arm64_32 Compiling RDFXMLParser.swift, SourcePosition.swift, TriGParser.swift (in target 'KnowledgeGraphParsers' from project 'swift-knowledge-graph')
SwiftCompile normal arm64 Compiling\ NativeValues.swift /Users/admin/builder/spi-builder-workspace/.dependencies/checkouts/SwiftUIScript/Sources/SwiftUIScript/NativeValues.swift (in target 'SwiftUIScript' from project 'SwiftUIScript')
SwiftCompile normal arm64 /Users/admin/builder/spi-builder-workspace/.dependencies/checkouts/SwiftUIScript/Sources/SwiftUIScript/NativeValues.swift (in target 'SwiftUIScript' from project 'SwiftUIScript')
cd /Users/admin/builder/spi-builder-workspace/.swiftpm/xcode
builtin-SwiftPerFileCompile NativeValues.swift
SwiftDriverJobDiscovery normal arm64_32 Compiling JSONLDIRIExpansion.swift, JSONLDKeyword.swift, JSONLDNodeMapGeneration.swift, JSONLDParser.swift (in target 'KnowledgeGraphParsers' from project 'swift-knowledge-graph')
SwiftCompile normal arm64 Compiling\ ScriptView.swift /Users/admin/builder/spi-builder-workspace/.dependencies/checkouts/SwiftUIScript/Sources/SwiftUIScript/ScriptView.swift (in target 'SwiftUIScript' from project 'SwiftUIScript')
SwiftCompile normal arm64 /Users/admin/builder/spi-builder-workspace/.dependencies/checkouts/SwiftUIScript/Sources/SwiftUIScript/ScriptView.swift (in target 'SwiftUIScript' from project 'SwiftUIScript')
cd /Users/admin/builder/spi-builder-workspace/.swiftpm/xcode
builtin-SwiftPerFileCompile ScriptView.swift
SwiftExplicitDependencyGeneratePcm arm64_32 /Users/admin/builder/spi-builder-workspace/.derivedData/SDKExplicitPrecompiledModules/SwiftUI-6DR5UJH94SD7QMITGWNAX9FBI.pcm
SwiftDriverJobDiscovery normal arm64 Compiling Token.swift, TurtleEscapes.swift, TurtleGrammar.swift (in target 'KnowledgeGraphParsers' from project 'swift-knowledge-graph')
SwiftCompile normal arm64 Compiling\ MarkdownStyleModifiers.swift /Users/admin/builder/spi-builder-workspace/.dependencies/checkouts/swift-markdown-ui/Sources/MarkdownUI/MarkdownStyleModifiers.swift (in target 'MarkdownUI' from project 'SwiftMarkdownUI')
SwiftCompile normal arm64 /Users/admin/builder/spi-builder-workspace/.dependencies/checkouts/swift-markdown-ui/Sources/MarkdownUI/MarkdownStyleModifiers.swift (in target 'MarkdownUI' from project 'SwiftMarkdownUI')
cd /Users/admin/builder/spi-builder-workspace/.swiftpm/xcode
builtin-SwiftPerFileCompile MarkdownStyleModifiers.swift
SwiftDriverJobDiscovery normal arm64_32 Compiling JSONValueDecoder.swift, KnowledgeGraphParser.swift, NQuadsParser.swift, ParserError.swift (in target 'KnowledgeGraphParsers' from project 'swift-knowledge-graph')
SwiftCompile normal arm64 Compiling\ MarkdownEditorStyle.swift /Users/admin/builder/spi-builder-workspace/.dependencies/checkouts/swift-markdown-ui/Sources/MarkdownUI/MarkdownEditorStyle.swift (in target 'MarkdownUI' from project 'SwiftMarkdownUI')
SwiftCompile normal arm64 /Users/admin/builder/spi-builder-workspace/.dependencies/checkouts/swift-markdown-ui/Sources/MarkdownUI/MarkdownEditorStyle.swift (in target 'MarkdownUI' from project 'SwiftMarkdownUI')
cd /Users/admin/builder/spi-builder-workspace/.swiftpm/xcode
builtin-SwiftPerFileCompile MarkdownEditorStyle.swift
SwiftDriverJobDiscovery normal arm64 Emitting module for SwiftUIScript (in target 'SwiftUIScript' from project 'SwiftUIScript')
SwiftDriver\ Compilation\ Requirements SwiftUIScript normal arm64 com.apple.xcode.tools.swift.compiler (in target 'SwiftUIScript' from project 'SwiftUIScript')
cd /Users/admin/builder/spi-builder-workspace/.swiftpm/xcode
builtin-Swift-Compilation-Requirements -- /Applications/Xcode-27.0.0-Release.Candidate.app/Contents/Developer/Toolchains/XcodeDefault.xctoolchain/usr/bin/swiftc -parse-as-library -module-name SwiftUIScript -Onone @/Users/admin/builder/spi-builder-workspace/.derivedData/Build/Intermediates.noindex/SwiftUIScript.build/Debug-watchos/SwiftUIScript-t.build/Objects-normal/arm64/SwiftUIScript.SwiftFileList -DSWIFT_PACKAGE -DDEBUG -DSWIFT_MODULE_RESOURCE_BUNDLE_UNAVAILABLE -DXcode -plugin-path /Applications/Xcode-27.0.0-Release.Candidate.app/Contents/Developer/Toolchains/XcodeDefault.xctoolchain/usr/lib/swift/host/plugins/testing -enable-experimental-feature DebugDescriptionMacro -sdk /Applications/Xcode-27.0.0-Release.Candidate.app/Contents/Developer/Platforms/WatchOS.platform/Developer/SDKs/WatchOS27.0.sdk -target arm64-apple-watchos26.0 -g -module-cache-path /Users/admin/builder/spi-builder-workspace/.derivedData/ModuleCache.noindex -Xfrontend -serialize-debugging-options -profile-coverage-mapping -profile-generate -enable-testing -suppress-warnings -index-store-path /Users/admin/builder/spi-builder-workspace/.derivedData/Index.noindex/DataStore -Xcc -D_LIBCPP_HARDENING_MODE\=_LIBCPP_HARDENING_MODE_DEBUG -swift-version 6 -I /Users/admin/builder/spi-builder-workspace/.derivedData/Build/Products/Debug-watchos -Isystem /Applications/Xcode-27.0.0-Release.Candidate.app/Contents/Developer/Platforms/WatchOS.platform/Developer/usr/lib -F /Users/admin/builder/spi-builder-workspace/.derivedData/Build/Products/Debug-watchos/PackageFrameworks -F /Users/admin/builder/spi-builder-workspace/.derivedData/Build/Products/Debug-watchos -F /Applications/Xcode-27.0.0-Release.Candidate.app/Contents/Developer/Platforms/WatchOS.platform/Developer/Library/Frameworks -F /Applications/Xcode-27.0.0-Release.Candidate.app/Contents/Developer/Platforms/WatchOS.platform/Developer/SDKs/WatchOS27.0.sdk/Developer/Library/Frameworks -c -j10 -enable-batch-mode -incremental -Xcc -ivfsstatcache -Xcc /Users/admin/builder/spi-builder-workspace/.derivedData/SDKStatCaches.noindex/watchos27.0-24R360-e829b21a6f8c9b70876ba0858053c04477534ef55a1706bf4c1112bbb242f0a2.sdkstatcache -output-file-map /Users/admin/builder/spi-builder-workspace/.derivedData/Build/Intermediates.noindex/SwiftUIScript.build/Debug-watchos/SwiftUIScript-t.build/Objects-normal/arm64/SwiftUIScript-OutputFileMap.json -save-temps -no-color-diagnostics -explicit-module-build -module-cache-path /Users/admin/builder/spi-builder-workspace/.derivedData/Build/Intermediates.noindex/SwiftExplicitPrecompiledModules -clang-scanner-module-cache-path /Users/admin/builder/spi-builder-workspace/.derivedData/ModuleCache.noindex -sdk-module-cache-path /Users/admin/builder/spi-builder-workspace/.derivedData/SDKExplicitPrecompiledModules -emit-dependencies -emit-module -emit-module-path /Users/admin/builder/spi-builder-workspace/.derivedData/Build/Intermediates.noindex/SwiftUIScript.build/Debug-watchos/SwiftUIScript-t.build/Objects-normal/arm64/SwiftUIScript.swiftmodule -serialize-diagnostics -dependency-scan-serialize-diagnostics-path /Users/admin/builder/spi-builder-workspace/.derivedData/Build/Intermediates.noindex/SwiftUIScript.build/Debug-watchos/SwiftUIScript-t.build/Objects-normal/arm64/SwiftUIScript-dependency-scan.dia -user-module-version 0.1.0 -validate-clang-modules-once -clang-build-session-file /Users/admin/builder/spi-builder-workspace/.derivedData/ModuleCache.noindex/Session.modulevalidation -Xcc -fmodules-prune-interval\=86400 -Xcc -fmodules-prune-after\=345600 -package-name swiftuiscript -emit-const-values -const-gather-protocols-list /Users/admin/builder/spi-builder-workspace/.derivedData/Build/Intermediates.noindex/SwiftUIScript.build/Debug-watchos/SwiftUIScript-t.build/Objects-normal/arm64/SwiftUIScript_const_extract_protocols.json -Xcc -I/Users/admin/builder/spi-builder-workspace/.derivedData/Build/Products/Debug-watchos/include -Xcc -I/Users/admin/builder/spi-builder-workspace/.derivedData/Build/Intermediates.noindex/SwiftUIScript.build/Debug-watchos/SwiftUIScript-t.build/DerivedSources-normal/arm64 -Xcc -I/Users/admin/builder/spi-builder-workspace/.derivedData/Build/Intermediates.noindex/SwiftUIScript.build/Debug-watchos/SwiftUIScript-t.build/DerivedSources/arm64 -Xcc -I/Users/admin/builder/spi-builder-workspace/.derivedData/Build/Intermediates.noindex/SwiftUIScript.build/Debug-watchos/SwiftUIScript-t.build/DerivedSources -Xcc -DSWIFT_PACKAGE -Xcc -DDEBUG\=1 -emit-objc-header -emit-objc-header-path /Users/admin/builder/spi-builder-workspace/.derivedData/Build/Intermediates.noindex/SwiftUIScript.build/Debug-watchos/SwiftUIScript-t.build/Objects-normal/arm64/SwiftUIScript-Swift.h -working-directory /Users/admin/builder/spi-builder-workspace/.swiftpm/xcode -experimental-emit-module-separately -disable-cmo
SwiftExplicitDependencyGeneratePcm arm64_32 /Users/admin/builder/spi-builder-workspace/.derivedData/SDKExplicitPrecompiledModules/SwiftUI-9AYG9OCT5VOJK7V4MX1WYR86T.pcm
SwiftDriverJobDiscovery normal arm64 Emitting module for ArtifactRenderer (in target 'ArtifactRenderer' from project 'swift-artifact')
SwiftCompile normal arm64 Compiling\ MarkdownView.swift /Users/admin/builder/spi-builder-workspace/.dependencies/checkouts/swift-markdown-ui/Sources/MarkdownUI/MarkdownView.swift (in target 'MarkdownUI' from project 'SwiftMarkdownUI')
/Users/admin/builder/spi-builder-workspace/.dependencies/checkouts/swift-markdown-ui/Sources/MarkdownUI/MarkdownView.swift:29:10: error: 'textSelection' is unavailable in watchOS
27 | }
28 | .tint(resolvedStyle.accentColor)
29 | .textSelection(.enabled)
| `- error: 'textSelection' is unavailable in watchOS
30 | }
31 |
SwiftUI.View.textSelection:2:25: note: 'textSelection' has been explicitly marked unavailable here
1 | protocol View {
2 | nonisolated public func textSelection<S>(_ selectability: S) -> some View where S : TextSelectability
| `- note: 'textSelection' has been explicitly marked unavailable here
3 | }
4 |
SwiftCompile normal arm64 /Users/admin/builder/spi-builder-workspace/.dependencies/checkouts/swift-markdown-ui/Sources/MarkdownUI/MarkdownView.swift (in target 'MarkdownUI' from project 'SwiftMarkdownUI')
cd /Users/admin/builder/spi-builder-workspace/.swiftpm/xcode
builtin-SwiftPerFileCompile MarkdownView.swift
Copy /Users/admin/builder/spi-builder-workspace/.derivedData/Build/Products/Debug-watchos/SwiftUIScript.swiftmodule/arm64-apple-watchos.swiftmodule /Users/admin/builder/spi-builder-workspace/.derivedData/Build/Intermediates.noindex/SwiftUIScript.build/Debug-watchos/SwiftUIScript-t.build/Objects-normal/arm64/SwiftUIScript.swiftmodule (in target 'SwiftUIScript' from project 'SwiftUIScript')
cd /Users/admin/builder/spi-builder-workspace/.dependencies/checkouts/SwiftUIScript
builtin-copy -exclude .DS_Store -exclude CVS -exclude .svn -exclude .git -exclude .hg -resolve-src-symlinks -rename /Users/admin/builder/spi-builder-workspace/.derivedData/Build/Intermediates.noindex/SwiftUIScript.build/Debug-watchos/SwiftUIScript-t.build/Objects-normal/arm64/SwiftUIScript.swiftmodule /Users/admin/builder/spi-builder-workspace/.derivedData/Build/Products/Debug-watchos/SwiftUIScript.swiftmodule/arm64-apple-watchos.swiftmodule
SwiftDriverJobDiscovery normal arm64 Compiling RenderError.swift (in target 'SwiftUIScript' from project 'SwiftUIScript')
Copy /Users/admin/builder/spi-builder-workspace/.derivedData/Build/Products/Debug-watchos/SwiftUIScript.swiftmodule/arm64-apple-watchos.swiftdoc /Users/admin/builder/spi-builder-workspace/.derivedData/Build/Intermediates.noindex/SwiftUIScript.build/Debug-watchos/SwiftUIScript-t.build/Objects-normal/arm64/SwiftUIScript.swiftdoc (in target 'SwiftUIScript' from project 'SwiftUIScript')
cd /Users/admin/builder/spi-builder-workspace/.dependencies/checkouts/SwiftUIScript
builtin-copy -exclude .DS_Store -exclude CVS -exclude .svn -exclude .git -exclude .hg -resolve-src-symlinks -rename /Users/admin/builder/spi-builder-workspace/.derivedData/Build/Intermediates.noindex/SwiftUIScript.build/Debug-watchos/SwiftUIScript-t.build/Objects-normal/arm64/SwiftUIScript.swiftdoc /Users/admin/builder/spi-builder-workspace/.derivedData/Build/Products/Debug-watchos/SwiftUIScript.swiftmodule/arm64-apple-watchos.swiftdoc
Copy /Users/admin/builder/spi-builder-workspace/.derivedData/Build/Products/Debug-watchos/SwiftUIScript.swiftmodule/arm64-apple-watchos.abi.json /Users/admin/builder/spi-builder-workspace/.derivedData/Build/Intermediates.noindex/SwiftUIScript.build/Debug-watchos/SwiftUIScript-t.build/Objects-normal/arm64/SwiftUIScript.abi.json (in target 'SwiftUIScript' from project 'SwiftUIScript')
cd /Users/admin/builder/spi-builder-workspace/.dependencies/checkouts/SwiftUIScript
builtin-copy -exclude .DS_Store -exclude CVS -exclude .svn -exclude .git -exclude .hg -resolve-src-symlinks -rename /Users/admin/builder/spi-builder-workspace/.derivedData/Build/Intermediates.noindex/SwiftUIScript.build/Debug-watchos/SwiftUIScript-t.build/Objects-normal/arm64/SwiftUIScript.abi.json /Users/admin/builder/spi-builder-workspace/.derivedData/Build/Products/Debug-watchos/SwiftUIScript.swiftmodule/arm64-apple-watchos.abi.json
Copy /Users/admin/builder/spi-builder-workspace/.derivedData/Build/Products/Debug-watchos/SwiftUIScript.swiftmodule/Project/arm64-apple-watchos.swiftsourceinfo /Users/admin/builder/spi-builder-workspace/.derivedData/Build/Intermediates.noindex/SwiftUIScript.build/Debug-watchos/SwiftUIScript-t.build/Objects-normal/arm64/SwiftUIScript.swiftsourceinfo (in target 'SwiftUIScript' from project 'SwiftUIScript')
cd /Users/admin/builder/spi-builder-workspace/.dependencies/checkouts/SwiftUIScript
builtin-copy -exclude .DS_Store -exclude CVS -exclude .svn -exclude .git -exclude .hg -resolve-src-symlinks -rename /Users/admin/builder/spi-builder-workspace/.derivedData/Build/Intermediates.noindex/SwiftUIScript.build/Debug-watchos/SwiftUIScript-t.build/Objects-normal/arm64/SwiftUIScript.swiftsourceinfo /Users/admin/builder/spi-builder-workspace/.derivedData/Build/Products/Debug-watchos/SwiftUIScript.swiftmodule/Project/arm64-apple-watchos.swiftsourceinfo
SwiftEmitModule normal arm64_32 Emitting\ module\ for\ SwiftUIScript (in target 'SwiftUIScript' from project 'SwiftUIScript')
SwiftCompile normal arm64_32 (in target 'SwiftUIScript' from project 'SwiftUIScript')
cd /Users/admin/builder/spi-builder-workspace/.swiftpm/xcode
SwiftEmitModule normal arm64_32 Emitting\ module\ for\ MarkdownUI (in target 'MarkdownUI' from project 'SwiftMarkdownUI')
SwiftCompile normal arm64_32 (in target 'MarkdownUI' from project 'SwiftMarkdownUI')
cd /Users/admin/builder/spi-builder-workspace/.swiftpm/xcode
SwiftDriver\ Compilation\ Requirements ArtifactRenderer normal arm64 com.apple.xcode.tools.swift.compiler (in target 'ArtifactRenderer' from project 'swift-artifact')
cd /Users/admin/builder/spi-builder-workspace/.swiftpm/xcode
builtin-Swift-Compilation-Requirements -- /Applications/Xcode-27.0.0-Release.Candidate.app/Contents/Developer/Toolchains/XcodeDefault.xctoolchain/usr/bin/swiftc -parse-as-library -module-name ArtifactRenderer -Onone @/Users/admin/builder/spi-builder-workspace/.derivedData/Build/Intermediates.noindex/swift-artifact.build/Debug-watchos/ArtifactRenderer-t.build/Objects-normal/arm64/ArtifactRenderer.SwiftFileList -DSWIFT_PACKAGE -DDEBUG -DSWIFT_MODULE_RESOURCE_BUNDLE_UNAVAILABLE -DXcode -plugin-path /Applications/Xcode-27.0.0-Release.Candidate.app/Contents/Developer/Toolchains/XcodeDefault.xctoolchain/usr/lib/swift/host/plugins/testing -enable-experimental-feature DebugDescriptionMacro -sdk /Applications/Xcode-27.0.0-Release.Candidate.app/Contents/Developer/Platforms/WatchOS.platform/Developer/SDKs/WatchOS27.0.sdk -target arm64-apple-watchos26.0 -g -module-cache-path /Users/admin/builder/spi-builder-workspace/.derivedData/ModuleCache.noindex -Xfrontend -serialize-debugging-options -profile-coverage-mapping -profile-generate -enable-testing -index-store-path /Users/admin/builder/spi-builder-workspace/.derivedData/Index.noindex/DataStore -Xcc -D_LIBCPP_HARDENING_MODE\=_LIBCPP_HARDENING_MODE_DEBUG -swift-version 6 -I /Users/admin/builder/spi-builder-workspace/.derivedData/Build/Products/Debug-watchos -Isystem /Applications/Xcode-27.0.0-Release.Candidate.app/Contents/Developer/Platforms/WatchOS.platform/Developer/usr/lib -F /Users/admin/builder/spi-builder-workspace/.derivedData/Build/Products/Debug-watchos/PackageFrameworks -F /Users/admin/builder/spi-builder-workspace/.derivedData/Build/Products/Debug-watchos -F /Applications/Xcode-27.0.0-Release.Candidate.app/Contents/Developer/Platforms/WatchOS.platform/Developer/Library/Frameworks -F /Applications/Xcode-27.0.0-Release.Candidate.app/Contents/Developer/Platforms/WatchOS.platform/Developer/SDKs/WatchOS27.0.sdk/Developer/Library/Frameworks -c -j10 -enable-batch-mode -incremental -Xcc -ivfsstatcache -Xcc /Users/admin/builder/spi-builder-workspace/.derivedData/SDKStatCaches.noindex/watchos27.0-24R360-e829b21a6f8c9b70876ba0858053c04477534ef55a1706bf4c1112bbb242f0a2.sdkstatcache -output-file-map /Users/admin/builder/spi-builder-workspace/.derivedData/Build/Intermediates.noindex/swift-artifact.build/Debug-watchos/ArtifactRenderer-t.build/Objects-normal/arm64/ArtifactRenderer-OutputFileMap.json -save-temps -no-color-diagnostics -explicit-module-build -module-cache-path /Users/admin/builder/spi-builder-workspace/.derivedData/Build/Intermediates.noindex/SwiftExplicitPrecompiledModules -clang-scanner-module-cache-path /Users/admin/builder/spi-builder-workspace/.derivedData/ModuleCache.noindex -sdk-module-cache-path /Users/admin/builder/spi-builder-workspace/.derivedData/SDKExplicitPrecompiledModules -emit-dependencies -emit-module -emit-module-path /Users/admin/builder/spi-builder-workspace/.derivedData/Build/Intermediates.noindex/swift-artifact.build/Debug-watchos/ArtifactRenderer-t.build/Objects-normal/arm64/ArtifactRenderer.swiftmodule -serialize-diagnostics -dependency-scan-serialize-diagnostics-path /Users/admin/builder/spi-builder-workspace/.derivedData/Build/Intermediates.noindex/swift-artifact.build/Debug-watchos/ArtifactRenderer-t.build/Objects-normal/arm64/ArtifactRenderer-dependency-scan.dia -validate-clang-modules-once -clang-build-session-file /Users/admin/builder/spi-builder-workspace/.derivedData/ModuleCache.noindex/Session.modulevalidation -Xcc -fmodules-prune-interval\=86400 -Xcc -fmodules-prune-after\=345600 -package-name spi_builder_workspace -emit-const-values -const-gather-protocols-list /Users/admin/builder/spi-builder-workspace/.derivedData/Build/Intermediates.noindex/swift-artifact.build/Debug-watchos/ArtifactRenderer-t.build/Objects-normal/arm64/ArtifactRenderer_const_extract_protocols.json -Xcc -I/Users/admin/builder/spi-builder-workspace/.derivedData/Build/Products/Debug-watchos/include -Xcc -I/Users/admin/builder/spi-builder-workspace/.derivedData/Build/Intermediates.noindex/swift-artifact.build/Debug-watchos/ArtifactRenderer-t.build/DerivedSources-normal/arm64 -Xcc -I/Users/admin/builder/spi-builder-workspace/.derivedData/Build/Intermediates.noindex/swift-artifact.build/Debug-watchos/ArtifactRenderer-t.build/DerivedSources/arm64 -Xcc -I/Users/admin/builder/spi-builder-workspace/.derivedData/Build/Intermediates.noindex/swift-artifact.build/Debug-watchos/ArtifactRenderer-t.build/DerivedSources -Xcc -DSWIFT_PACKAGE -Xcc -DDEBUG\=1 -emit-objc-header -emit-objc-header-path /Users/admin/builder/spi-builder-workspace/.derivedData/Build/Intermediates.noindex/swift-artifact.build/Debug-watchos/ArtifactRenderer-t.build/Objects-normal/arm64/ArtifactRenderer-Swift.h -working-directory /Users/admin/builder/spi-builder-workspace/.swiftpm/xcode -experimental-emit-module-separately -disable-cmo
SwiftEmitModule normal arm64_32 Emitting\ module\ for\ BeautifulMermaid (in target 'BeautifulMermaid' from project 'BeautifulMermaidSwift')
SwiftCompile normal arm64_32 (in target 'BeautifulMermaid' from project 'BeautifulMermaidSwift')
cd /Users/admin/builder/spi-builder-workspace/.swiftpm/xcode
Copy /Users/admin/builder/spi-builder-workspace/.derivedData/Build/Products/Debug-watchos/ArtifactRenderer.swiftmodule/arm64-apple-watchos.swiftmodule /Users/admin/builder/spi-builder-workspace/.derivedData/Build/Intermediates.noindex/swift-artifact.build/Debug-watchos/ArtifactRenderer-t.build/Objects-normal/arm64/ArtifactRenderer.swiftmodule (in target 'ArtifactRenderer' from project 'swift-artifact')
cd /Users/admin/builder/spi-builder-workspace
builtin-copy -exclude .DS_Store -exclude CVS -exclude .svn -exclude .git -exclude .hg -resolve-src-symlinks -rename /Users/admin/builder/spi-builder-workspace/.derivedData/Build/Intermediates.noindex/swift-artifact.build/Debug-watchos/ArtifactRenderer-t.build/Objects-normal/arm64/ArtifactRenderer.swiftmodule /Users/admin/builder/spi-builder-workspace/.derivedData/Build/Products/Debug-watchos/ArtifactRenderer.swiftmodule/arm64-apple-watchos.swiftmodule
SwiftDriverJobDiscovery normal arm64_32 Emitting module for SwiftUIScript (in target 'SwiftUIScript' from project 'SwiftUIScript')
SwiftDriver\ Compilation\ Requirements SwiftUIScript normal arm64_32 com.apple.xcode.tools.swift.compiler (in target 'SwiftUIScript' from project 'SwiftUIScript')
cd /Users/admin/builder/spi-builder-workspace/.swiftpm/xcode
builtin-Swift-Compilation-Requirements -- /Applications/Xcode-27.0.0-Release.Candidate.app/Contents/Developer/Toolchains/XcodeDefault.xctoolchain/usr/bin/swiftc -parse-as-library -module-name SwiftUIScript -Onone @/Users/admin/builder/spi-builder-workspace/.derivedData/Build/Intermediates.noindex/SwiftUIScript.build/Debug-watchos/SwiftUIScript-t.build/Objects-normal/arm64_32/SwiftUIScript.SwiftFileList -DSWIFT_PACKAGE -DDEBUG -DSWIFT_MODULE_RESOURCE_BUNDLE_UNAVAILABLE -DXcode -plugin-path /Applications/Xcode-27.0.0-Release.Candidate.app/Contents/Developer/Toolchains/XcodeDefault.xctoolchain/usr/lib/swift/host/plugins/testing -enable-experimental-feature DebugDescriptionMacro -sdk /Applications/Xcode-27.0.0-Release.Candidate.app/Contents/Developer/Platforms/WatchOS.platform/Developer/SDKs/WatchOS27.0.sdk -target arm64_32-apple-watchos26.0 -g -module-cache-path /Users/admin/builder/spi-builder-workspace/.derivedData/ModuleCache.noindex -Xfrontend -serialize-debugging-options -profile-coverage-mapping -profile-generate -enable-testing -suppress-warnings -index-store-path /Users/admin/builder/spi-builder-workspace/.derivedData/Index.noindex/DataStore -Xcc -D_LIBCPP_HARDENING_MODE\=_LIBCPP_HARDENING_MODE_DEBUG -swift-version 6 -I /Users/admin/builder/spi-builder-workspace/.derivedData/Build/Products/Debug-watchos -Isystem /Applications/Xcode-27.0.0-Release.Candidate.app/Contents/Developer/Platforms/WatchOS.platform/Developer/usr/lib -F /Users/admin/builder/spi-builder-workspace/.derivedData/Build/Products/Debug-watchos/PackageFrameworks -F /Users/admin/builder/spi-builder-workspace/.derivedData/Build/Products/Debug-watchos -F /Applications/Xcode-27.0.0-Release.Candidate.app/Contents/Developer/Platforms/WatchOS.platform/Developer/Library/Frameworks -F /Applications/Xcode-27.0.0-Release.Candidate.app/Contents/Developer/Platforms/WatchOS.platform/Developer/SDKs/WatchOS27.0.sdk/Developer/Library/Frameworks -c -j10 -enable-batch-mode -incremental -Xcc -ivfsstatcache -Xcc /Users/admin/builder/spi-builder-workspace/.derivedData/SDKStatCaches.noindex/watchos27.0-24R360-e829b21a6f8c9b70876ba0858053c04477534ef55a1706bf4c1112bbb242f0a2.sdkstatcache -output-file-map /Users/admin/builder/spi-builder-workspace/.derivedData/Build/Intermediates.noindex/SwiftUIScript.build/Debug-watchos/SwiftUIScript-t.build/Objects-normal/arm64_32/SwiftUIScript-OutputFileMap.json -save-temps -no-color-diagnostics -explicit-module-build -module-cache-path /Users/admin/builder/spi-builder-workspace/.derivedData/Build/Intermediates.noindex/SwiftExplicitPrecompiledModules -clang-scanner-module-cache-path /Users/admin/builder/spi-builder-workspace/.derivedData/ModuleCache.noindex -sdk-module-cache-path /Users/admin/builder/spi-builder-workspace/.derivedData/SDKExplicitPrecompiledModules -emit-dependencies -emit-module -emit-module-path /Users/admin/builder/spi-builder-workspace/.derivedData/Build/Intermediates.noindex/SwiftUIScript.build/Debug-watchos/SwiftUIScript-t.build/Objects-normal/arm64_32/SwiftUIScript.swiftmodule -serialize-diagnostics -dependency-scan-serialize-diagnostics-path /Users/admin/builder/spi-builder-workspace/.derivedData/Build/Intermediates.noindex/SwiftUIScript.build/Debug-watchos/SwiftUIScript-t.build/Objects-normal/arm64_32/SwiftUIScript-dependency-scan.dia -user-module-version 0.1.0 -validate-clang-modules-once -clang-build-session-file /Users/admin/builder/spi-builder-workspace/.derivedData/ModuleCache.noindex/Session.modulevalidation -Xcc -fmodules-prune-interval\=86400 -Xcc -fmodules-prune-after\=345600 -package-name swiftuiscript -emit-const-values -const-gather-protocols-list /Users/admin/builder/spi-builder-workspace/.derivedData/Build/Intermediates.noindex/SwiftUIScript.build/Debug-watchos/SwiftUIScript-t.build/Objects-normal/arm64_32/SwiftUIScript_const_extract_protocols.json -Xcc -I/Users/admin/builder/spi-builder-workspace/.derivedData/Build/Products/Debug-watchos/include -Xcc -I/Users/admin/builder/spi-builder-workspace/.derivedData/Build/Intermediates.noindex/SwiftUIScript.build/Debug-watchos/SwiftUIScript-t.build/DerivedSources-normal/arm64_32 -Xcc -I/Users/admin/builder/spi-builder-workspace/.derivedData/Build/Intermediates.noindex/SwiftUIScript.build/Debug-watchos/SwiftUIScript-t.build/DerivedSources/arm64_32 -Xcc -I/Users/admin/builder/spi-builder-workspace/.derivedData/Build/Intermediates.noindex/SwiftUIScript.build/Debug-watchos/SwiftUIScript-t.build/DerivedSources -Xcc -DSWIFT_PACKAGE -Xcc -DDEBUG\=1 -emit-objc-header -emit-objc-header-path /Users/admin/builder/spi-builder-workspace/.derivedData/Build/Intermediates.noindex/SwiftUIScript.build/Debug-watchos/SwiftUIScript-t.build/Objects-normal/arm64_32/SwiftUIScript-Swift.h -working-directory /Users/admin/builder/spi-builder-workspace/.swiftpm/xcode -experimental-emit-module-separately -disable-cmo
Copy /Users/admin/builder/spi-builder-workspace/.derivedData/Build/Products/Debug-watchos/ArtifactRenderer.swiftmodule/arm64-apple-watchos.swiftdoc /Users/admin/builder/spi-builder-workspace/.derivedData/Build/Intermediates.noindex/swift-artifact.build/Debug-watchos/ArtifactRenderer-t.build/Objects-normal/arm64/ArtifactRenderer.swiftdoc (in target 'ArtifactRenderer' from project 'swift-artifact')
cd /Users/admin/builder/spi-builder-workspace
builtin-copy -exclude .DS_Store -exclude CVS -exclude .svn -exclude .git -exclude .hg -resolve-src-symlinks -rename /Users/admin/builder/spi-builder-workspace/.derivedData/Build/Intermediates.noindex/swift-artifact.build/Debug-watchos/ArtifactRenderer-t.build/Objects-normal/arm64/ArtifactRenderer.swiftdoc /Users/admin/builder/spi-builder-workspace/.derivedData/Build/Products/Debug-watchos/ArtifactRenderer.swiftmodule/arm64-apple-watchos.swiftdoc
SwiftMergeGeneratedHeaders /Users/admin/builder/spi-builder-workspace/.derivedData/Build/Intermediates.noindex/GeneratedModuleMaps-watchos/SwiftUIScript-Swift.h /Users/admin/builder/spi-builder-workspace/.derivedData/Build/Intermediates.noindex/SwiftUIScript.build/Debug-watchos/SwiftUIScript-t.build/Objects-normal/arm64/SwiftUIScript-Swift.h /Users/admin/builder/spi-builder-workspace/.derivedData/Build/Intermediates.noindex/SwiftUIScript.build/Debug-watchos/SwiftUIScript-t.build/Objects-normal/arm64_32/SwiftUIScript-Swift.h (in target 'SwiftUIScript' from project 'SwiftUIScript')
cd /Users/admin/builder/spi-builder-workspace/.dependencies/checkouts/SwiftUIScript
builtin-swiftHeaderTool -arch arm64 /Users/admin/builder/spi-builder-workspace/.derivedData/Build/Intermediates.noindex/SwiftUIScript.build/Debug-watchos/SwiftUIScript-t.build/Objects-normal/arm64/SwiftUIScript-Swift.h -arch arm64_32 /Users/admin/builder/spi-builder-workspace/.derivedData/Build/Intermediates.noindex/SwiftUIScript.build/Debug-watchos/SwiftUIScript-t.build/Objects-normal/arm64_32/SwiftUIScript-Swift.h -o /Users/admin/builder/spi-builder-workspace/.derivedData/Build/Intermediates.noindex/GeneratedModuleMaps-watchos/SwiftUIScript-Swift.h
Copy /Users/admin/builder/spi-builder-workspace/.derivedData/Build/Products/Debug-watchos/SwiftUIScript.swiftmodule/arm64_32-apple-watchos.swiftmodule /Users/admin/builder/spi-builder-workspace/.derivedData/Build/Intermediates.noindex/SwiftUIScript.build/Debug-watchos/SwiftUIScript-t.build/Objects-normal/arm64_32/SwiftUIScript.swiftmodule (in target 'SwiftUIScript' from project 'SwiftUIScript')
cd /Users/admin/builder/spi-builder-workspace/.dependencies/checkouts/SwiftUIScript
builtin-copy -exclude .DS_Store -exclude CVS -exclude .svn -exclude .git -exclude .hg -resolve-src-symlinks -rename /Users/admin/builder/spi-builder-workspace/.derivedData/Build/Intermediates.noindex/SwiftUIScript.build/Debug-watchos/SwiftUIScript-t.build/Objects-normal/arm64_32/SwiftUIScript.swiftmodule /Users/admin/builder/spi-builder-workspace/.derivedData/Build/Products/Debug-watchos/SwiftUIScript.swiftmodule/arm64_32-apple-watchos.swiftmodule
Copy /Users/admin/builder/spi-builder-workspace/.derivedData/Build/Products/Debug-watchos/SwiftUIScript.swiftmodule/arm64_32-apple-watchos.swiftdoc /Users/admin/builder/spi-builder-workspace/.derivedData/Build/Intermediates.noindex/SwiftUIScript.build/Debug-watchos/SwiftUIScript-t.build/Objects-normal/arm64_32/SwiftUIScript.swiftdoc (in target 'SwiftUIScript' from project 'SwiftUIScript')
cd /Users/admin/builder/spi-builder-workspace/.dependencies/checkouts/SwiftUIScript
builtin-copy -exclude .DS_Store -exclude CVS -exclude .svn -exclude .git -exclude .hg -resolve-src-symlinks -rename /Users/admin/builder/spi-builder-workspace/.derivedData/Build/Intermediates.noindex/SwiftUIScript.build/Debug-watchos/SwiftUIScript-t.build/Objects-normal/arm64_32/SwiftUIScript.swiftdoc /Users/admin/builder/spi-builder-workspace/.derivedData/Build/Products/Debug-watchos/SwiftUIScript.swiftmodule/arm64_32-apple-watchos.swiftdoc
Copy /Users/admin/builder/spi-builder-workspace/.derivedData/Build/Products/Debug-watchos/SwiftUIScript.swiftmodule/arm64_32-apple-watchos.abi.json /Users/admin/builder/spi-builder-workspace/.derivedData/Build/Intermediates.noindex/SwiftUIScript.build/Debug-watchos/SwiftUIScript-t.build/Objects-normal/arm64_32/SwiftUIScript.abi.json (in target 'SwiftUIScript' from project 'SwiftUIScript')
cd /Users/admin/builder/spi-builder-workspace/.dependencies/checkouts/SwiftUIScript
builtin-copy -exclude .DS_Store -exclude CVS -exclude .svn -exclude .git -exclude .hg -resolve-src-symlinks -rename /Users/admin/builder/spi-builder-workspace/.derivedData/Build/Intermediates.noindex/SwiftUIScript.build/Debug-watchos/SwiftUIScript-t.build/Objects-normal/arm64_32/SwiftUIScript.abi.json /Users/admin/builder/spi-builder-workspace/.derivedData/Build/Products/Debug-watchos/SwiftUIScript.swiftmodule/arm64_32-apple-watchos.abi.json
Copy /Users/admin/builder/spi-builder-workspace/.derivedData/Build/Products/Debug-watchos/SwiftUIScript.swiftmodule/Project/arm64_32-apple-watchos.swiftsourceinfo /Users/admin/builder/spi-builder-workspace/.derivedData/Build/Intermediates.noindex/SwiftUIScript.build/Debug-watchos/SwiftUIScript-t.build/Objects-normal/arm64_32/SwiftUIScript.swiftsourceinfo (in target 'SwiftUIScript' from project 'SwiftUIScript')
cd /Users/admin/builder/spi-builder-workspace/.dependencies/checkouts/SwiftUIScript
builtin-copy -exclude .DS_Store -exclude CVS -exclude .svn -exclude .git -exclude .hg -resolve-src-symlinks -rename /Users/admin/builder/spi-builder-workspace/.derivedData/Build/Intermediates.noindex/SwiftUIScript.build/Debug-watchos/SwiftUIScript-t.build/Objects-normal/arm64_32/SwiftUIScript.swiftsourceinfo /Users/admin/builder/spi-builder-workspace/.derivedData/Build/Products/Debug-watchos/SwiftUIScript.swiftmodule/Project/arm64_32-apple-watchos.swiftsourceinfo
Copy /Users/admin/builder/spi-builder-workspace/.derivedData/Build/Products/Debug-watchos/ArtifactRenderer.swiftmodule/arm64-apple-watchos.abi.json /Users/admin/builder/spi-builder-workspace/.derivedData/Build/Intermediates.noindex/swift-artifact.build/Debug-watchos/ArtifactRenderer-t.build/Objects-normal/arm64/ArtifactRenderer.abi.json (in target 'ArtifactRenderer' from project 'swift-artifact')
cd /Users/admin/builder/spi-builder-workspace
builtin-copy -exclude .DS_Store -exclude CVS -exclude .svn -exclude .git -exclude .hg -resolve-src-symlinks -rename /Users/admin/builder/spi-builder-workspace/.derivedData/Build/Intermediates.noindex/swift-artifact.build/Debug-watchos/ArtifactRenderer-t.build/Objects-normal/arm64/ArtifactRenderer.abi.json /Users/admin/builder/spi-builder-workspace/.derivedData/Build/Products/Debug-watchos/ArtifactRenderer.swiftmodule/arm64-apple-watchos.abi.json
Copy /Users/admin/builder/spi-builder-workspace/.derivedData/Build/Products/Debug-watchos/ArtifactRenderer.swiftmodule/Project/arm64-apple-watchos.swiftsourceinfo /Users/admin/builder/spi-builder-workspace/.derivedData/Build/Intermediates.noindex/swift-artifact.build/Debug-watchos/ArtifactRenderer-t.build/Objects-normal/arm64/ArtifactRenderer.swiftsourceinfo (in target 'ArtifactRenderer' from project 'swift-artifact')
cd /Users/admin/builder/spi-builder-workspace
builtin-copy -exclude .DS_Store -exclude CVS -exclude .svn -exclude .git -exclude .hg -resolve-src-symlinks -rename /Users/admin/builder/spi-builder-workspace/.derivedData/Build/Intermediates.noindex/swift-artifact.build/Debug-watchos/ArtifactRenderer-t.build/Objects-normal/arm64/ArtifactRenderer.swiftsourceinfo /Users/admin/builder/spi-builder-workspace/.derivedData/Build/Products/Debug-watchos/ArtifactRenderer.swiftmodule/Project/arm64-apple-watchos.swiftsourceinfo
SwiftEmitModule normal arm64_32 Emitting\ module\ for\ ArtifactRenderer (in target 'ArtifactRenderer' from project 'swift-artifact')
SwiftCompile normal arm64_32 (in target 'ArtifactRenderer' from project 'swift-artifact')
cd /Users/admin/builder/spi-builder-workspace/.swiftpm/xcode
SwiftCompile normal arm64_32 Compiling\ RenderError.swift /Users/admin/builder/spi-builder-workspace/.dependencies/checkouts/SwiftUIScript/Sources/SwiftUIScript/RenderError.swift (in target 'SwiftUIScript' from project 'SwiftUIScript')
SwiftCompile normal arm64_32 /Users/admin/builder/spi-builder-workspace/.dependencies/checkouts/SwiftUIScript/Sources/SwiftUIScript/RenderError.swift (in target 'SwiftUIScript' from project 'SwiftUIScript')
cd /Users/admin/builder/spi-builder-workspace/.swiftpm/xcode
builtin-SwiftPerFileCompile RenderError.swift
SwiftDriverJobDiscovery normal arm64 Emitting module for MarkdownUI (in target 'MarkdownUI' from project 'SwiftMarkdownUI')
SwiftDriver\ Compilation\ Requirements MarkdownUI normal arm64 com.apple.xcode.tools.swift.compiler (in target 'MarkdownUI' from project 'SwiftMarkdownUI')
cd /Users/admin/builder/spi-builder-workspace/.swiftpm/xcode
builtin-Swift-Compilation-Requirements -- /Applications/Xcode-27.0.0-Release.Candidate.app/Contents/Developer/Toolchains/XcodeDefault.xctoolchain/usr/bin/swiftc -parse-as-library -module-name MarkdownUI -Onone @/Users/admin/builder/spi-builder-workspace/.derivedData/Build/Intermediates.noindex/SwiftMarkdownUI.build/Debug-watchos/MarkdownUI-t.build/Objects-normal/arm64/MarkdownUI.SwiftFileList -DSWIFT_PACKAGE -DDEBUG -DSWIFT_MODULE_RESOURCE_BUNDLE_UNAVAILABLE -Xcc -fmodule-map-file\=/Users/admin/builder/spi-builder-workspace/.dependencies/checkouts/swift-cmark/src/include/module.modulemap -Xcc -fmodule-map-file\=/Users/admin/builder/spi-builder-workspace/.dependencies/checkouts/swift-cmark/extensions/include/module.modulemap -Xcc -fmodule-map-file\=/Users/admin/builder/spi-builder-workspace/.dependencies/checkouts/swift-markdown/Sources/CAtomic/include/module.modulemap -DXcode -plugin-path /Applications/Xcode-27.0.0-Release.Candidate.app/Contents/Developer/Toolchains/XcodeDefault.xctoolchain/usr/lib/swift/host/plugins/testing -enable-experimental-feature DebugDescriptionMacro -sdk /Applications/Xcode-27.0.0-Release.Candidate.app/Contents/Developer/Platforms/WatchOS.platform/Developer/SDKs/WatchOS27.0.sdk -target arm64-apple-watchos26.0 -g -module-cache-path /Users/admin/builder/spi-builder-workspace/.derivedData/ModuleCache.noindex -Xfrontend -serialize-debugging-options -profile-coverage-mapping -profile-generate -enable-testing -suppress-warnings -index-store-path /Users/admin/builder/spi-builder-workspace/.derivedData/Index.noindex/DataStore -Xcc -D_LIBCPP_HARDENING_MODE\=_LIBCPP_HARDENING_MODE_DEBUG -swift-version 6 -I /Users/admin/builder/spi-builder-workspace/.derivedData/Build/Products/Debug-watchos -Isystem /Applications/Xcode-27.0.0-Release.Candidate.app/Contents/Developer/Platforms/WatchOS.platform/Developer/usr/lib -F /Users/admin/builder/spi-builder-workspace/.derivedData/Build/Products/Debug-watchos/PackageFrameworks -F /Users/admin/builder/spi-builder-workspace/.derivedData/Build/Products/Debug-watchos -F /Applications/Xcode-27.0.0-Release.Candidate.app/Contents/Developer/Platforms/WatchOS.platform/Developer/Library/Frameworks -F /Applications/Xcode-27.0.0-Release.Candidate.app/Contents/Developer/Platforms/WatchOS.platform/Developer/SDKs/WatchOS27.0.sdk/Developer/Library/Frameworks -c -j10 -enable-batch-mode -incremental -Xcc -ivfsstatcache -Xcc /Users/admin/builder/spi-builder-workspace/.derivedData/SDKStatCaches.noindex/watchos27.0-24R360-e829b21a6f8c9b70876ba0858053c04477534ef55a1706bf4c1112bbb242f0a2.sdkstatcache -output-file-map /Users/admin/builder/spi-builder-workspace/.derivedData/Build/Intermediates.noindex/SwiftMarkdownUI.build/Debug-watchos/MarkdownUI-t.build/Objects-normal/arm64/MarkdownUI-OutputFileMap.json -save-temps -no-color-diagnostics -explicit-module-build -module-cache-path /Users/admin/builder/spi-builder-workspace/.derivedData/Build/Intermediates.noindex/SwiftExplicitPrecompiledModules -clang-scanner-module-cache-path /Users/admin/builder/spi-builder-workspace/.derivedData/ModuleCache.noindex -sdk-module-cache-path /Users/admin/builder/spi-builder-workspace/.derivedData/SDKExplicitPrecompiledModules -emit-dependencies -emit-module -emit-module-path /Users/admin/builder/spi-builder-workspace/.derivedData/Build/Intermediates.noindex/SwiftMarkdownUI.build/Debug-watchos/MarkdownUI-t.build/Objects-normal/arm64/MarkdownUI.swiftmodule -serialize-diagnostics -dependency-scan-serialize-diagnostics-path /Users/admin/builder/spi-builder-workspace/.derivedData/Build/Intermediates.noindex/SwiftMarkdownUI.build/Debug-watchos/MarkdownUI-t.build/Objects-normal/arm64/MarkdownUI-dependency-scan.dia -user-module-version 0.2.1 -validate-clang-modules-once -clang-build-session-file /Users/admin/builder/spi-builder-workspace/.derivedData/ModuleCache.noindex/Session.modulevalidation -Xcc -fmodules-prune-interval\=86400 -Xcc -fmodules-prune-after\=345600 -package-name swift_markdown_ui -emit-const-values -const-gather-protocols-list /Users/admin/builder/spi-builder-workspace/.derivedData/Build/Intermediates.noindex/SwiftMarkdownUI.build/Debug-watchos/MarkdownUI-t.build/Objects-normal/arm64/MarkdownUI_const_extract_protocols.json -Xcc -I/Users/admin/builder/spi-builder-workspace/.dependencies/checkouts/swift-cmark/src/include -Xcc -I/Users/admin/builder/spi-builder-workspace/.dependencies/checkouts/swift-cmark/extensions/include -Xcc -I/Users/admin/builder/spi-builder-workspace/.dependencies/checkouts/swift-markdown/Sources/CAtomic/include -Xcc -I/Users/admin/builder/spi-builder-workspace/.derivedData/Build/Products/Debug-watchos/include -Xcc -I/Users/admin/builder/spi-builder-workspace/.derivedData/Build/Intermediates.noindex/SwiftMarkdownUI.build/Debug-watchos/MarkdownUI-t.build/DerivedSources-normal/arm64 -Xcc -I/Users/admin/builder/spi-builder-workspace/.derivedData/Build/Intermediates.noindex/SwiftMarkdownUI.build/Debug-watchos/MarkdownUI-t.build/DerivedSources/arm64 -Xcc -I/Users/admin/builder/spi-builder-workspace/.derivedData/Build/Intermediates.noindex/SwiftMarkdownUI.build/Debug-watchos/MarkdownUI-t.build/DerivedSources -Xcc -DSWIFT_PACKAGE -Xcc -DDEBUG\=1 -emit-objc-header -emit-objc-header-path /Users/admin/builder/spi-builder-workspace/.derivedData/Build/Intermediates.noindex/SwiftMarkdownUI.build/Debug-watchos/MarkdownUI-t.build/Objects-normal/arm64/MarkdownUI-Swift.h -working-directory /Users/admin/builder/spi-builder-workspace/.swiftpm/xcode -experimental-emit-module-separately -disable-cmo
SwiftDriverJobDiscovery normal arm64_32 Emitting module for ArtifactRenderer (in target 'ArtifactRenderer' from project 'swift-artifact')
SwiftDriver\ Compilation\ Requirements ArtifactRenderer normal arm64_32 com.apple.xcode.tools.swift.compiler (in target 'ArtifactRenderer' from project 'swift-artifact')
cd /Users/admin/builder/spi-builder-workspace/.swiftpm/xcode
builtin-Swift-Compilation-Requirements -- /Applications/Xcode-27.0.0-Release.Candidate.app/Contents/Developer/Toolchains/XcodeDefault.xctoolchain/usr/bin/swiftc -parse-as-library -module-name ArtifactRenderer -Onone @/Users/admin/builder/spi-builder-workspace/.derivedData/Build/Intermediates.noindex/swift-artifact.build/Debug-watchos/ArtifactRenderer-t.build/Objects-normal/arm64_32/ArtifactRenderer.SwiftFileList -DSWIFT_PACKAGE -DDEBUG -DSWIFT_MODULE_RESOURCE_BUNDLE_UNAVAILABLE -DXcode -plugin-path /Applications/Xcode-27.0.0-Release.Candidate.app/Contents/Developer/Toolchains/XcodeDefault.xctoolchain/usr/lib/swift/host/plugins/testing -enable-experimental-feature DebugDescriptionMacro -sdk /Applications/Xcode-27.0.0-Release.Candidate.app/Contents/Developer/Platforms/WatchOS.platform/Developer/SDKs/WatchOS27.0.sdk -target arm64_32-apple-watchos26.0 -g -module-cache-path /Users/admin/builder/spi-builder-workspace/.derivedData/ModuleCache.noindex -Xfrontend -serialize-debugging-options -profile-coverage-mapping -profile-generate -enable-testing -index-store-path /Users/admin/builder/spi-builder-workspace/.derivedData/Index.noindex/DataStore -Xcc -D_LIBCPP_HARDENING_MODE\=_LIBCPP_HARDENING_MODE_DEBUG -swift-version 6 -I /Users/admin/builder/spi-builder-workspace/.derivedData/Build/Products/Debug-watchos -Isystem /Applications/Xcode-27.0.0-Release.Candidate.app/Contents/Developer/Platforms/WatchOS.platform/Developer/usr/lib -F /Users/admin/builder/spi-builder-workspace/.derivedData/Build/Products/Debug-watchos/PackageFrameworks -F /Users/admin/builder/spi-builder-workspace/.derivedData/Build/Products/Debug-watchos -F /Applications/Xcode-27.0.0-Release.Candidate.app/Contents/Developer/Platforms/WatchOS.platform/Developer/Library/Frameworks -F /Applications/Xcode-27.0.0-Release.Candidate.app/Contents/Developer/Platforms/WatchOS.platform/Developer/SDKs/WatchOS27.0.sdk/Developer/Library/Frameworks -c -j10 -enable-batch-mode -incremental -Xcc -ivfsstatcache -Xcc /Users/admin/builder/spi-builder-workspace/.derivedData/SDKStatCaches.noindex/watchos27.0-24R360-e829b21a6f8c9b70876ba0858053c04477534ef55a1706bf4c1112bbb242f0a2.sdkstatcache -output-file-map /Users/admin/builder/spi-builder-workspace/.derivedData/Build/Intermediates.noindex/swift-artifact.build/Debug-watchos/ArtifactRenderer-t.build/Objects-normal/arm64_32/ArtifactRenderer-OutputFileMap.json -save-temps -no-color-diagnostics -explicit-module-build -module-cache-path /Users/admin/builder/spi-builder-workspace/.derivedData/Build/Intermediates.noindex/SwiftExplicitPrecompiledModules -clang-scanner-module-cache-path /Users/admin/builder/spi-builder-workspace/.derivedData/ModuleCache.noindex -sdk-module-cache-path /Users/admin/builder/spi-builder-workspace/.derivedData/SDKExplicitPrecompiledModules -emit-dependencies -emit-module -emit-module-path /Users/admin/builder/spi-builder-workspace/.derivedData/Build/Intermediates.noindex/swift-artifact.build/Debug-watchos/ArtifactRenderer-t.build/Objects-normal/arm64_32/ArtifactRenderer.swiftmodule -serialize-diagnostics -dependency-scan-serialize-diagnostics-path /Users/admin/builder/spi-builder-workspace/.derivedData/Build/Intermediates.noindex/swift-artifact.build/Debug-watchos/ArtifactRenderer-t.build/Objects-normal/arm64_32/ArtifactRenderer-dependency-scan.dia -validate-clang-modules-once -clang-build-session-file /Users/admin/builder/spi-builder-workspace/.derivedData/ModuleCache.noindex/Session.modulevalidation -Xcc -fmodules-prune-interval\=86400 -Xcc -fmodules-prune-after\=345600 -package-name spi_builder_workspace -emit-const-values -const-gather-protocols-list /Users/admin/builder/spi-builder-workspace/.derivedData/Build/Intermediates.noindex/swift-artifact.build/Debug-watchos/ArtifactRenderer-t.build/Objects-normal/arm64_32/ArtifactRenderer_const_extract_protocols.json -Xcc -I/Users/admin/builder/spi-builder-workspace/.derivedData/Build/Products/Debug-watchos/include -Xcc -I/Users/admin/builder/spi-builder-workspace/.derivedData/Build/Intermediates.noindex/swift-artifact.build/Debug-watchos/ArtifactRenderer-t.build/DerivedSources-normal/arm64_32 -Xcc -I/Users/admin/builder/spi-builder-workspace/.derivedData/Build/Intermediates.noindex/swift-artifact.build/Debug-watchos/ArtifactRenderer-t.build/DerivedSources/arm64_32 -Xcc -I/Users/admin/builder/spi-builder-workspace/.derivedData/Build/Intermediates.noindex/swift-artifact.build/Debug-watchos/ArtifactRenderer-t.build/DerivedSources -Xcc -DSWIFT_PACKAGE -Xcc -DDEBUG\=1 -emit-objc-header -emit-objc-header-path /Users/admin/builder/spi-builder-workspace/.derivedData/Build/Intermediates.noindex/swift-artifact.build/Debug-watchos/ArtifactRenderer-t.build/Objects-normal/arm64_32/ArtifactRenderer-Swift.h -working-directory /Users/admin/builder/spi-builder-workspace/.swiftpm/xcode -experimental-emit-module-separately -disable-cmo
Copy /Users/admin/builder/spi-builder-workspace/.derivedData/Build/Products/Debug-watchos/MarkdownUI.swiftmodule/arm64-apple-watchos.swiftmodule /Users/admin/builder/spi-builder-workspace/.derivedData/Build/Intermediates.noindex/SwiftMarkdownUI.build/Debug-watchos/MarkdownUI-t.build/Objects-normal/arm64/MarkdownUI.swiftmodule (in target 'MarkdownUI' from project 'SwiftMarkdownUI')
cd /Users/admin/builder/spi-builder-workspace/.dependencies/checkouts/swift-markdown-ui
builtin-copy -exclude .DS_Store -exclude CVS -exclude .svn -exclude .git -exclude .hg -resolve-src-symlinks -rename /Users/admin/builder/spi-builder-workspace/.derivedData/Build/Intermediates.noindex/SwiftMarkdownUI.build/Debug-watchos/MarkdownUI-t.build/Objects-normal/arm64/MarkdownUI.swiftmodule /Users/admin/builder/spi-builder-workspace/.derivedData/Build/Products/Debug-watchos/MarkdownUI.swiftmodule/arm64-apple-watchos.swiftmodule
Copy /Users/admin/builder/spi-builder-workspace/.derivedData/Build/Products/Debug-watchos/MarkdownUI.swiftmodule/arm64-apple-watchos.swiftdoc /Users/admin/builder/spi-builder-workspace/.derivedData/Build/Intermediates.noindex/SwiftMarkdownUI.build/Debug-watchos/MarkdownUI-t.build/Objects-normal/arm64/MarkdownUI.swiftdoc (in target 'MarkdownUI' from project 'SwiftMarkdownUI')
cd /Users/admin/builder/spi-builder-workspace/.dependencies/checkouts/swift-markdown-ui
builtin-copy -exclude .DS_Store -exclude CVS -exclude .svn -exclude .git -exclude .hg -resolve-src-symlinks -rename /Users/admin/builder/spi-builder-workspace/.derivedData/Build/Intermediates.noindex/SwiftMarkdownUI.build/Debug-watchos/MarkdownUI-t.build/Objects-normal/arm64/MarkdownUI.swiftdoc /Users/admin/builder/spi-builder-workspace/.derivedData/Build/Products/Debug-watchos/MarkdownUI.swiftmodule/arm64-apple-watchos.swiftdoc
Copy /Users/admin/builder/spi-builder-workspace/.derivedData/Build/Products/Debug-watchos/MarkdownUI.swiftmodule/arm64-apple-watchos.abi.json /Users/admin/builder/spi-builder-workspace/.derivedData/Build/Intermediates.noindex/SwiftMarkdownUI.build/Debug-watchos/MarkdownUI-t.build/Objects-normal/arm64/MarkdownUI.abi.json (in target 'MarkdownUI' from project 'SwiftMarkdownUI')
cd /Users/admin/builder/spi-builder-workspace/.dependencies/checkouts/swift-markdown-ui
builtin-copy -exclude .DS_Store -exclude CVS -exclude .svn -exclude .git -exclude .hg -resolve-src-symlinks -rename /Users/admin/builder/spi-builder-workspace/.derivedData/Build/Intermediates.noindex/SwiftMarkdownUI.build/Debug-watchos/MarkdownUI-t.build/Objects-normal/arm64/MarkdownUI.abi.json /Users/admin/builder/spi-builder-workspace/.derivedData/Build/Products/Debug-watchos/MarkdownUI.swiftmodule/arm64-apple-watchos.abi.json
Copy /Users/admin/builder/spi-builder-workspace/.derivedData/Build/Products/Debug-watchos/MarkdownUI.swiftmodule/Project/arm64-apple-watchos.swiftsourceinfo /Users/admin/builder/spi-builder-workspace/.derivedData/Build/Intermediates.noindex/SwiftMarkdownUI.build/Debug-watchos/MarkdownUI-t.build/Objects-normal/arm64/MarkdownUI.swiftsourceinfo (in target 'MarkdownUI' from project 'SwiftMarkdownUI')
cd /Users/admin/builder/spi-builder-workspace/.dependencies/checkouts/swift-markdown-ui
builtin-copy -exclude .DS_Store -exclude CVS -exclude .svn -exclude .git -exclude .hg -resolve-src-symlinks -rename /Users/admin/builder/spi-builder-workspace/.derivedData/Build/Intermediates.noindex/SwiftMarkdownUI.build/Debug-watchos/MarkdownUI-t.build/Objects-normal/arm64/MarkdownUI.swiftsourceinfo /Users/admin/builder/spi-builder-workspace/.derivedData/Build/Products/Debug-watchos/MarkdownUI.swiftmodule/Project/arm64-apple-watchos.swiftsourceinfo
SwiftMergeGeneratedHeaders /Users/admin/builder/spi-builder-workspace/.derivedData/Build/Intermediates.noindex/GeneratedModuleMaps-watchos/ArtifactRenderer-Swift.h /Users/admin/builder/spi-builder-workspace/.derivedData/Build/Intermediates.noindex/swift-artifact.build/Debug-watchos/ArtifactRenderer-t.build/Objects-normal/arm64/ArtifactRenderer-Swift.h /Users/admin/builder/spi-builder-workspace/.derivedData/Build/Intermediates.noindex/swift-artifact.build/Debug-watchos/ArtifactRenderer-t.build/Objects-normal/arm64_32/ArtifactRenderer-Swift.h (in target 'ArtifactRenderer' from project 'swift-artifact')
cd /Users/admin/builder/spi-builder-workspace
builtin-swiftHeaderTool -arch arm64 /Users/admin/builder/spi-builder-workspace/.derivedData/Build/Intermediates.noindex/swift-artifact.build/Debug-watchos/ArtifactRenderer-t.build/Objects-normal/arm64/ArtifactRenderer-Swift.h -arch arm64_32 /Users/admin/builder/spi-builder-workspace/.derivedData/Build/Intermediates.noindex/swift-artifact.build/Debug-watchos/ArtifactRenderer-t.build/Objects-normal/arm64_32/ArtifactRenderer-Swift.h -o /Users/admin/builder/spi-builder-workspace/.derivedData/Build/Intermediates.noindex/GeneratedModuleMaps-watchos/ArtifactRenderer-Swift.h
Copy /Users/admin/builder/spi-builder-workspace/.derivedData/Build/Products/Debug-watchos/ArtifactRenderer.swiftmodule/arm64_32-apple-watchos.swiftmodule /Users/admin/builder/spi-builder-workspace/.derivedData/Build/Intermediates.noindex/swift-artifact.build/Debug-watchos/ArtifactRenderer-t.build/Objects-normal/arm64_32/ArtifactRenderer.swiftmodule (in target 'ArtifactRenderer' from project 'swift-artifact')
cd /Users/admin/builder/spi-builder-workspace
builtin-copy -exclude .DS_Store -exclude CVS -exclude .svn -exclude .git -exclude .hg -resolve-src-symlinks -rename /Users/admin/builder/spi-builder-workspace/.derivedData/Build/Intermediates.noindex/swift-artifact.build/Debug-watchos/ArtifactRenderer-t.build/Objects-normal/arm64_32/ArtifactRenderer.swiftmodule /Users/admin/builder/spi-builder-workspace/.derivedData/Build/Products/Debug-watchos/ArtifactRenderer.swiftmodule/arm64_32-apple-watchos.swiftmodule
Copy /Users/admin/builder/spi-builder-workspace/.derivedData/Build/Products/Debug-watchos/ArtifactRenderer.swiftmodule/arm64_32-apple-watchos.swiftdoc /Users/admin/builder/spi-builder-workspace/.derivedData/Build/Intermediates.noindex/swift-artifact.build/Debug-watchos/ArtifactRenderer-t.build/Objects-normal/arm64_32/ArtifactRenderer.swiftdoc (in target 'ArtifactRenderer' from project 'swift-artifact')
cd /Users/admin/builder/spi-builder-workspace
builtin-copy -exclude .DS_Store -exclude CVS -exclude .svn -exclude .git -exclude .hg -resolve-src-symlinks -rename /Users/admin/builder/spi-builder-workspace/.derivedData/Build/Intermediates.noindex/swift-artifact.build/Debug-watchos/ArtifactRenderer-t.build/Objects-normal/arm64_32/ArtifactRenderer.swiftdoc /Users/admin/builder/spi-builder-workspace/.derivedData/Build/Products/Debug-watchos/ArtifactRenderer.swiftmodule/arm64_32-apple-watchos.swiftdoc
Copy /Users/admin/builder/spi-builder-workspace/.derivedData/Build/Products/Debug-watchos/ArtifactRenderer.swiftmodule/arm64_32-apple-watchos.abi.json /Users/admin/builder/spi-builder-workspace/.derivedData/Build/Intermediates.noindex/swift-artifact.build/Debug-watchos/ArtifactRenderer-t.build/Objects-normal/arm64_32/ArtifactRenderer.abi.json (in target 'ArtifactRenderer' from project 'swift-artifact')
cd /Users/admin/builder/spi-builder-workspace
builtin-copy -exclude .DS_Store -exclude CVS -exclude .svn -exclude .git -exclude .hg -resolve-src-symlinks -rename /Users/admin/builder/spi-builder-workspace/.derivedData/Build/Intermediates.noindex/swift-artifact.build/Debug-watchos/ArtifactRenderer-t.build/Objects-normal/arm64_32/ArtifactRenderer.abi.json /Users/admin/builder/spi-builder-workspace/.derivedData/Build/Products/Debug-watchos/ArtifactRenderer.swiftmodule/arm64_32-apple-watchos.abi.json
Copy /Users/admin/builder/spi-builder-workspace/.derivedData/Build/Products/Debug-watchos/ArtifactRenderer.swiftmodule/Project/arm64_32-apple-watchos.swiftsourceinfo /Users/admin/builder/spi-builder-workspace/.derivedData/Build/Intermediates.noindex/swift-artifact.build/Debug-watchos/ArtifactRenderer-t.build/Objects-normal/arm64_32/ArtifactRenderer.swiftsourceinfo (in target 'ArtifactRenderer' from project 'swift-artifact')
cd /Users/admin/builder/spi-builder-workspace
builtin-copy -exclude .DS_Store -exclude CVS -exclude .svn -exclude .git -exclude .hg -resolve-src-symlinks -rename /Users/admin/builder/spi-builder-workspace/.derivedData/Build/Intermediates.noindex/swift-artifact.build/Debug-watchos/ArtifactRenderer-t.build/Objects-normal/arm64_32/ArtifactRenderer.swiftsourceinfo /Users/admin/builder/spi-builder-workspace/.derivedData/Build/Products/Debug-watchos/ArtifactRenderer.swiftmodule/Project/arm64_32-apple-watchos.swiftsourceinfo
SwiftCompile normal arm64_32 Compiling\ ScriptView.swift /Users/admin/builder/spi-builder-workspace/.dependencies/checkouts/SwiftUIScript/Sources/SwiftUIScript/ScriptView.swift (in target 'SwiftUIScript' from project 'SwiftUIScript')
SwiftCompile normal arm64_32 /Users/admin/builder/spi-builder-workspace/.dependencies/checkouts/SwiftUIScript/Sources/SwiftUIScript/ScriptView.swift (in target 'SwiftUIScript' from project 'SwiftUIScript')
cd /Users/admin/builder/spi-builder-workspace/.swiftpm/xcode
builtin-SwiftPerFileCompile ScriptView.swift
SwiftDriverJobDiscovery normal arm64_32 Emitting module for MarkdownUI (in target 'MarkdownUI' from project 'SwiftMarkdownUI')
SwiftCompile normal arm64_32 Compiling\ NativeValues.swift /Users/admin/builder/spi-builder-workspace/.dependencies/checkouts/SwiftUIScript/Sources/SwiftUIScript/NativeValues.swift (in target 'SwiftUIScript' from project 'SwiftUIScript')
SwiftCompile normal arm64_32 /Users/admin/builder/spi-builder-workspace/.dependencies/checkouts/SwiftUIScript/Sources/SwiftUIScript/NativeValues.swift (in target 'SwiftUIScript' from project 'SwiftUIScript')
cd /Users/admin/builder/spi-builder-workspace/.swiftpm/xcode
builtin-SwiftPerFileCompile NativeValues.swift
SwiftDriver\ Compilation\ Requirements MarkdownUI normal arm64_32 com.apple.xcode.tools.swift.compiler (in target 'MarkdownUI' from project 'SwiftMarkdownUI')
cd /Users/admin/builder/spi-builder-workspace/.swiftpm/xcode
builtin-Swift-Compilation-Requirements -- /Applications/Xcode-27.0.0-Release.Candidate.app/Contents/Developer/Toolchains/XcodeDefault.xctoolchain/usr/bin/swiftc -parse-as-library -module-name MarkdownUI -Onone @/Users/admin/builder/spi-builder-workspace/.derivedData/Build/Intermediates.noindex/SwiftMarkdownUI.build/Debug-watchos/MarkdownUI-t.build/Objects-normal/arm64_32/MarkdownUI.SwiftFileList -DSWIFT_PACKAGE -DDEBUG -DSWIFT_MODULE_RESOURCE_BUNDLE_UNAVAILABLE -Xcc -fmodule-map-file\=/Users/admin/builder/spi-builder-workspace/.dependencies/checkouts/swift-cmark/src/include/module.modulemap -Xcc -fmodule-map-file\=/Users/admin/builder/spi-builder-workspace/.dependencies/checkouts/swift-cmark/extensions/include/module.modulemap -Xcc -fmodule-map-file\=/Users/admin/builder/spi-builder-workspace/.dependencies/checkouts/swift-markdown/Sources/CAtomic/include/module.modulemap -DXcode -plugin-path /Applications/Xcode-27.0.0-Release.Candidate.app/Contents/Developer/Toolchains/XcodeDefault.xctoolchain/usr/lib/swift/host/plugins/testing -enable-experimental-feature DebugDescriptionMacro -sdk /Applications/Xcode-27.0.0-Release.Candidate.app/Contents/Developer/Platforms/WatchOS.platform/Developer/SDKs/WatchOS27.0.sdk -target arm64_32-apple-watchos26.0 -g -module-cache-path /Users/admin/builder/spi-builder-workspace/.derivedData/ModuleCache.noindex -Xfrontend -serialize-debugging-options -profile-coverage-mapping -profile-generate -enable-testing -suppress-warnings -index-store-path /Users/admin/builder/spi-builder-workspace/.derivedData/Index.noindex/DataStore -Xcc -D_LIBCPP_HARDENING_MODE\=_LIBCPP_HARDENING_MODE_DEBUG -swift-version 6 -I /Users/admin/builder/spi-builder-workspace/.derivedData/Build/Products/Debug-watchos -Isystem /Applications/Xcode-27.0.0-Release.Candidate.app/Contents/Developer/Platforms/WatchOS.platform/Developer/usr/lib -F /Users/admin/builder/spi-builder-workspace/.derivedData/Build/Products/Debug-watchos/PackageFrameworks -F /Users/admin/builder/spi-builder-workspace/.derivedData/Build/Products/Debug-watchos -F /Applications/Xcode-27.0.0-Release.Candidate.app/Contents/Developer/Platforms/WatchOS.platform/Developer/Library/Frameworks -F /Applications/Xcode-27.0.0-Release.Candidate.app/Contents/Developer/Platforms/WatchOS.platform/Developer/SDKs/WatchOS27.0.sdk/Developer/Library/Frameworks -c -j10 -enable-batch-mode -incremental -Xcc -ivfsstatcache -Xcc /Users/admin/builder/spi-builder-workspace/.derivedData/SDKStatCaches.noindex/watchos27.0-24R360-e829b21a6f8c9b70876ba0858053c04477534ef55a1706bf4c1112bbb242f0a2.sdkstatcache -output-file-map /Users/admin/builder/spi-builder-workspace/.derivedData/Build/Intermediates.noindex/SwiftMarkdownUI.build/Debug-watchos/MarkdownUI-t.build/Objects-normal/arm64_32/MarkdownUI-OutputFileMap.json -save-temps -no-color-diagnostics -explicit-module-build -module-cache-path /Users/admin/builder/spi-builder-workspace/.derivedData/Build/Intermediates.noindex/SwiftExplicitPrecompiledModules -clang-scanner-module-cache-path /Users/admin/builder/spi-builder-workspace/.derivedData/ModuleCache.noindex -sdk-module-cache-path /Users/admin/builder/spi-builder-workspace/.derivedData/SDKExplicitPrecompiledModules -emit-dependencies -emit-module -emit-module-path /Users/admin/builder/spi-builder-workspace/.derivedData/Build/Intermediates.noindex/SwiftMarkdownUI.build/Debug-watchos/MarkdownUI-t.build/Objects-normal/arm64_32/MarkdownUI.swiftmodule -serialize-diagnostics -dependency-scan-serialize-diagnostics-path /Users/admin/builder/spi-builder-workspace/.derivedData/Build/Intermediates.noindex/SwiftMarkdownUI.build/Debug-watchos/MarkdownUI-t.build/Objects-normal/arm64_32/MarkdownUI-dependency-scan.dia -user-module-version 0.2.1 -validate-clang-modules-once -clang-build-session-file /Users/admin/builder/spi-builder-workspace/.derivedData/ModuleCache.noindex/Session.modulevalidation -Xcc -fmodules-prune-interval\=86400 -Xcc -fmodules-prune-after\=345600 -package-name swift_markdown_ui -emit-const-values -const-gather-protocols-list /Users/admin/builder/spi-builder-workspace/.derivedData/Build/Intermediates.noindex/SwiftMarkdownUI.build/Debug-watchos/MarkdownUI-t.build/Objects-normal/arm64_32/MarkdownUI_const_extract_protocols.json -Xcc -I/Users/admin/builder/spi-builder-workspace/.dependencies/checkouts/swift-cmark/src/include -Xcc -I/Users/admin/builder/spi-builder-workspace/.dependencies/checkouts/swift-cmark/extensions/include -Xcc -I/Users/admin/builder/spi-builder-workspace/.dependencies/checkouts/swift-markdown/Sources/CAtomic/include -Xcc -I/Users/admin/builder/spi-builder-workspace/.derivedData/Build/Products/Debug-watchos/include -Xcc -I/Users/admin/builder/spi-builder-workspace/.derivedData/Build/Intermediates.noindex/SwiftMarkdownUI.build/Debug-watchos/MarkdownUI-t.build/DerivedSources-normal/arm64_32 -Xcc -I/Users/admin/builder/spi-builder-workspace/.derivedData/Build/Intermediates.noindex/SwiftMarkdownUI.build/Debug-watchos/MarkdownUI-t.build/DerivedSources/arm64_32 -Xcc -I/Users/admin/builder/spi-builder-workspace/.derivedData/Build/Intermediates.noindex/SwiftMarkdownUI.build/Debug-watchos/MarkdownUI-t.build/DerivedSources -Xcc -DSWIFT_PACKAGE -Xcc -DDEBUG\=1 -emit-objc-header -emit-objc-header-path /Users/admin/builder/spi-builder-workspace/.derivedData/Build/Intermediates.noindex/SwiftMarkdownUI.build/Debug-watchos/MarkdownUI-t.build/Objects-normal/arm64_32/MarkdownUI-Swift.h -working-directory /Users/admin/builder/spi-builder-workspace/.swiftpm/xcode -experimental-emit-module-separately -disable-cmo
SwiftDriverJobDiscovery normal arm64_32 Compiling RenderError.swift (in target 'SwiftUIScript' from project 'SwiftUIScript')
SwiftMergeGeneratedHeaders /Users/admin/builder/spi-builder-workspace/.derivedData/Build/Intermediates.noindex/GeneratedModuleMaps-watchos/MarkdownUI-Swift.h /Users/admin/builder/spi-builder-workspace/.derivedData/Build/Intermediates.noindex/SwiftMarkdownUI.build/Debug-watchos/MarkdownUI-t.build/Objects-normal/arm64/MarkdownUI-Swift.h /Users/admin/builder/spi-builder-workspace/.derivedData/Build/Intermediates.noindex/SwiftMarkdownUI.build/Debug-watchos/MarkdownUI-t.build/Objects-normal/arm64_32/MarkdownUI-Swift.h (in target 'MarkdownUI' from project 'SwiftMarkdownUI')
cd /Users/admin/builder/spi-builder-workspace/.dependencies/checkouts/swift-markdown-ui
builtin-swiftHeaderTool -arch arm64 /Users/admin/builder/spi-builder-workspace/.derivedData/Build/Intermediates.noindex/SwiftMarkdownUI.build/Debug-watchos/MarkdownUI-t.build/Objects-normal/arm64/MarkdownUI-Swift.h -arch arm64_32 /Users/admin/builder/spi-builder-workspace/.derivedData/Build/Intermediates.noindex/SwiftMarkdownUI.build/Debug-watchos/MarkdownUI-t.build/Objects-normal/arm64_32/MarkdownUI-Swift.h -o /Users/admin/builder/spi-builder-workspace/.derivedData/Build/Intermediates.noindex/GeneratedModuleMaps-watchos/MarkdownUI-Swift.h
Copy /Users/admin/builder/spi-builder-workspace/.derivedData/Build/Products/Debug-watchos/MarkdownUI.swiftmodule/arm64_32-apple-watchos.swiftmodule /Users/admin/builder/spi-builder-workspace/.derivedData/Build/Intermediates.noindex/SwiftMarkdownUI.build/Debug-watchos/MarkdownUI-t.build/Objects-normal/arm64_32/MarkdownUI.swiftmodule (in target 'MarkdownUI' from project 'SwiftMarkdownUI')
cd /Users/admin/builder/spi-builder-workspace/.dependencies/checkouts/swift-markdown-ui
builtin-copy -exclude .DS_Store -exclude CVS -exclude .svn -exclude .git -exclude .hg -resolve-src-symlinks -rename /Users/admin/builder/spi-builder-workspace/.derivedData/Build/Intermediates.noindex/SwiftMarkdownUI.build/Debug-watchos/MarkdownUI-t.build/Objects-normal/arm64_32/MarkdownUI.swiftmodule /Users/admin/builder/spi-builder-workspace/.derivedData/Build/Products/Debug-watchos/MarkdownUI.swiftmodule/arm64_32-apple-watchos.swiftmodule
Copy /Users/admin/builder/spi-builder-workspace/.derivedData/Build/Products/Debug-watchos/MarkdownUI.swiftmodule/arm64_32-apple-watchos.swiftdoc /Users/admin/builder/spi-builder-workspace/.derivedData/Build/Intermediates.noindex/SwiftMarkdownUI.build/Debug-watchos/MarkdownUI-t.build/Objects-normal/arm64_32/MarkdownUI.swiftdoc (in target 'MarkdownUI' from project 'SwiftMarkdownUI')
cd /Users/admin/builder/spi-builder-workspace/.dependencies/checkouts/swift-markdown-ui
builtin-copy -exclude .DS_Store -exclude CVS -exclude .svn -exclude .git -exclude .hg -resolve-src-symlinks -rename /Users/admin/builder/spi-builder-workspace/.derivedData/Build/Intermediates.noindex/SwiftMarkdownUI.build/Debug-watchos/MarkdownUI-t.build/Objects-normal/arm64_32/MarkdownUI.swiftdoc /Users/admin/builder/spi-builder-workspace/.derivedData/Build/Products/Debug-watchos/MarkdownUI.swiftmodule/arm64_32-apple-watchos.swiftdoc
Copy /Users/admin/builder/spi-builder-workspace/.derivedData/Build/Products/Debug-watchos/MarkdownUI.swiftmodule/arm64_32-apple-watchos.abi.json /Users/admin/builder/spi-builder-workspace/.derivedData/Build/Intermediates.noindex/SwiftMarkdownUI.build/Debug-watchos/MarkdownUI-t.build/Objects-normal/arm64_32/MarkdownUI.abi.json (in target 'MarkdownUI' from project 'SwiftMarkdownUI')
cd /Users/admin/builder/spi-builder-workspace/.dependencies/checkouts/swift-markdown-ui
builtin-copy -exclude .DS_Store -exclude CVS -exclude .svn -exclude .git -exclude .hg -resolve-src-symlinks -rename /Users/admin/builder/spi-builder-workspace/.derivedData/Build/Intermediates.noindex/SwiftMarkdownUI.build/Debug-watchos/MarkdownUI-t.build/Objects-normal/arm64_32/MarkdownUI.abi.json /Users/admin/builder/spi-builder-workspace/.derivedData/Build/Products/Debug-watchos/MarkdownUI.swiftmodule/arm64_32-apple-watchos.abi.json
Copy /Users/admin/builder/spi-builder-workspace/.derivedData/Build/Products/Debug-watchos/MarkdownUI.swiftmodule/Project/arm64_32-apple-watchos.swiftsourceinfo /Users/admin/builder/spi-builder-workspace/.derivedData/Build/Intermediates.noindex/SwiftMarkdownUI.build/Debug-watchos/MarkdownUI-t.build/Objects-normal/arm64_32/MarkdownUI.swiftsourceinfo (in target 'MarkdownUI' from project 'SwiftMarkdownUI')
cd /Users/admin/builder/spi-builder-workspace/.dependencies/checkouts/swift-markdown-ui
builtin-copy -exclude .DS_Store -exclude CVS -exclude .svn -exclude .git -exclude .hg -resolve-src-symlinks -rename /Users/admin/builder/spi-builder-workspace/.derivedData/Build/Intermediates.noindex/SwiftMarkdownUI.build/Debug-watchos/MarkdownUI-t.build/Objects-normal/arm64_32/MarkdownUI.swiftsourceinfo /Users/admin/builder/spi-builder-workspace/.derivedData/Build/Products/Debug-watchos/MarkdownUI.swiftmodule/Project/arm64_32-apple-watchos.swiftsourceinfo
SwiftCompile normal arm64_32 Compiling\ MarkdownEditorStyle.swift /Users/admin/builder/spi-builder-workspace/.dependencies/checkouts/swift-markdown-ui/Sources/MarkdownUI/MarkdownEditorStyle.swift (in target 'MarkdownUI' from project 'SwiftMarkdownUI')
SwiftCompile normal arm64_32 /Users/admin/builder/spi-builder-workspace/.dependencies/checkouts/swift-markdown-ui/Sources/MarkdownUI/MarkdownEditorStyle.swift (in target 'MarkdownUI' from project 'SwiftMarkdownUI')
cd /Users/admin/builder/spi-builder-workspace/.swiftpm/xcode
builtin-SwiftPerFileCompile MarkdownEditorStyle.swift
SwiftCompile normal arm64_32 Compiling\ MarkdownStyle.swift /Users/admin/builder/spi-builder-workspace/.dependencies/checkouts/swift-markdown-ui/Sources/MarkdownUI/MarkdownStyle.swift (in target 'MarkdownUI' from project 'SwiftMarkdownUI')
SwiftCompile normal arm64_32 /Users/admin/builder/spi-builder-workspace/.dependencies/checkouts/swift-markdown-ui/Sources/MarkdownUI/MarkdownStyle.swift (in target 'MarkdownUI' from project 'SwiftMarkdownUI')
cd /Users/admin/builder/spi-builder-workspace/.swiftpm/xcode
builtin-SwiftPerFileCompile MarkdownStyle.swift
PruneExplicitPrecompiledModules /Users/admin/builder/spi-builder-workspace/.derivedData/Build/Intermediates.noindex/ExplicitPrecompiledModules
PruneExplicitPrecompiledModules /Users/admin/builder/spi-builder-workspace/.derivedData/Build/Intermediates.noindex/SwiftExplicitPrecompiledModules
PruneExplicitPrecompiledModules /Users/admin/builder/spi-builder-workspace/.derivedData/SDKExplicitPrecompiledModules
2026-09-27 19:36:37.850 xcodebuild[1527:8395] [MT] IDERunDestination: Supported platforms for the buildables in the current scheme is empty.
** BUILD FAILED **
The following build commands failed:
SwiftCompile normal arm64 (in target 'BeautifulMermaid' from project 'BeautifulMermaidSwift')
SwiftEmitModule normal arm64 Emitting\ module\ for\ BeautifulMermaid (in target 'BeautifulMermaid' from project 'BeautifulMermaidSwift')
Building workspace swift-artifact with scheme swift-artifact-Package
(3 failures)
Command line invocation:
/Applications/Xcode-27.0.0-Release.Candidate.app/Contents/Developer/usr/bin/xcodebuild -IDEClonedSourcePackagesDirPathOverride=/Users/admin/builder/spi-builder-workspace/.dependencies -resolvePackageDependencies
Resolve Package Graph
Resolved source packages:
BeautifulMermaidSwift: https://github.com/lukilabs/beautiful-mermaid-swift.git @ 1.0.4
swift-collections: https://github.com/apple/swift-collections.git @ 1.7.1
SwiftMarkdownUI: https://github.com/1amageek/swift-markdown-ui.git @ 0.2.1
SwiftUIScript: https://github.com/1amageek/SwiftUIScript.git @ 0.1.0
Rearrange: https://github.com/ChimeHQ/Rearrange @ 2.1.1
CodeEditSymbols: https://github.com/1amageek/CodeEditSymbols.git @ 0.3.0
swift-syntax: https://github.com/swiftlang/swift-syntax.git @ 603.0.2
swift-knowledge-graph: https://github.com/1amageek/swift-knowledge-graph.git @ 0.3.0
TextFormation: https://github.com/ChimeHQ/TextFormation @ 0.9.0
swift-markdown: https://github.com/swiftlang/swift-markdown.git @ 0.9.0
swift-artifact: /Users/admin/builder/spi-builder-workspace
SwiftLintPlugin: https://github.com/lukepistrol/SwiftLintPlugin @ 0.65.0
cmark-gfm: https://github.com/swiftlang/swift-cmark.git @ 0.9.0
ElkSwift: https://github.com/lukilabs/elk-swift @ 1.0.2
CodeEditTextView: https://github.com/1amageek/CodeEditTextView.git @ 0.13.0
TextStory: https://github.com/ChimeHQ/TextStory @ 0.9.2
CodeEditLanguages: https://github.com/1amageek/CodeEditLanguages.git @ 0.1.22
CodeEditSourceEditor: https://github.com/1amageek/CodeEditSourceEditor.git @ 0.16.1
SwiftTreeSitter: https://github.com/ChimeHQ/SwiftTreeSitter.git @ 0.25.0
TreeSitter: https://github.com/tree-sitter/tree-sitter @ 0.25.10
resolved source packages: BeautifulMermaidSwift, swift-collections, SwiftMarkdownUI, SwiftUIScript, Rearrange, CodeEditSymbols, swift-syntax, swift-knowledge-graph, TextFormation, swift-markdown, swift-artifact, SwiftLintPlugin, cmark-gfm, ElkSwift, CodeEditTextView, TextStory, CodeEditLanguages, CodeEditSourceEditor, SwiftTreeSitter, TreeSitter
2026-09-27 19:37:06.738 xcodebuild[2267:12919] [MT] IDERunDestination: Supported platforms for the buildables in the current scheme is empty.
{
"dependencies" : [
{
"identity" : "swift-markdown-ui",
"requirement" : {
"range" : [
{
"lower_bound" : "0.2.1",
"upper_bound" : "1.0.0"
}
]
},
"type" : "sourceControl",
"url" : "https://github.com/1amageek/swift-markdown-ui.git"
},
{
"identity" : "beautiful-mermaid-swift",
"requirement" : {
"range" : [
{
"lower_bound" : "1.0.4",
"upper_bound" : "2.0.0"
}
]
},
"type" : "sourceControl",
"url" : "https://github.com/lukilabs/beautiful-mermaid-swift.git"
},
{
"identity" : "swift-knowledge-graph",
"requirement" : {
"exact" : [
"0.3.0"
]
},
"type" : "sourceControl",
"url" : "https://github.com/1amageek/swift-knowledge-graph.git"
},
{
"identity" : "codeeditsourceeditor",
"requirement" : {
"range" : [
{
"lower_bound" : "0.16.1",
"upper_bound" : "1.0.0"
}
]
},
"type" : "sourceControl",
"url" : "https://github.com/1amageek/CodeEditSourceEditor.git"
},
{
"identity" : "codeeditlanguages",
"requirement" : {
"exact" : [
"0.1.22"
]
},
"type" : "sourceControl",
"url" : "https://github.com/1amageek/CodeEditLanguages.git"
},
{
"identity" : "swiftuiscript",
"requirement" : {
"exact" : [
"0.1.0"
]
},
"type" : "sourceControl",
"url" : "https://github.com/1amageek/SwiftUIScript.git"
}
],
"manifest_display_name" : "swift-artifact",
"name" : "swift-artifact",
"path" : "/Users/admin/builder/spi-builder-workspace",
"platforms" : [
{
"name" : "ios",
"version" : "26.0"
},
{
"name" : "macos",
"version" : "26.0"
},
{
"name" : "visionos",
"version" : "26.0"
},
{
"name" : "maccatalyst",
"version" : "26.0"
}
],
"products" : [
{
"name" : "SwiftArtifact",
"targets" : [
"SwiftArtifact"
],
"type" : {
"library" : [
"automatic"
]
}
},
{
"name" : "ArtifactCore",
"targets" : [
"ArtifactCore"
],
"type" : {
"library" : [
"automatic"
]
}
},
{
"name" : "ArtifactRenderer",
"targets" : [
"ArtifactRenderer"
],
"type" : {
"library" : [
"automatic"
]
}
},
{
"name" : "ArtifactView",
"targets" : [
"ArtifactView"
],
"type" : {
"library" : [
"automatic"
]
}
},
{
"name" : "ArtifactNativeRenderer",
"targets" : [
"ArtifactNativeRenderer"
],
"type" : {
"library" : [
"automatic"
]
}
},
{
"name" : "SwiftUIRenderer",
"targets" : [
"SwiftUIRenderer"
],
"type" : {
"library" : [
"automatic"
]
}
},
{
"name" : "ArtifactWebRenderer",
"targets" : [
"ArtifactWebRenderer"
],
"type" : {
"library" : [
"automatic"
]
}
}
],
"swift_languages_versions" : [
"6"
],
"targets" : [
{
"c99name" : "SwiftUIRenderer",
"module_type" : "SwiftTarget",
"name" : "SwiftUIRenderer",
"path" : "Sources/SwiftUIRenderer",
"product_dependencies" : [
"SwiftUIScriptCore",
"SwiftUIScript"
],
"product_memberships" : [
"SwiftArtifact",
"SwiftUIRenderer"
],
"sources" : [
"SwiftUIRenderer.swift"
],
"target_dependencies" : [
"ArtifactCore",
"ArtifactRenderer"
],
"type" : "library"
},
{
"c99name" : "SwiftArtifact",
"module_type" : "SwiftTarget",
"name" : "SwiftArtifact",
"path" : "Sources/SwiftArtifact",
"product_memberships" : [
"SwiftArtifact"
],
"sources" : [
"Exports.swift"
],
"target_dependencies" : [
"ArtifactCore",
"ArtifactRenderer",
"ArtifactView",
"ArtifactNativeRenderer",
"SwiftUIRenderer",
"ArtifactWebRenderer"
],
"type" : "library"
},
{
"c99name" : "ArtifactWebRenderer",
"module_type" : "SwiftTarget",
"name" : "ArtifactWebRenderer",
"path" : "Sources/ArtifactWebRenderer",
"product_memberships" : [
"SwiftArtifact",
"ArtifactWebRenderer"
],
"resources" : [
{
"path" : "/Users/admin/builder/spi-builder-workspace/Sources/ArtifactWebRenderer/Resources",
"rule" : {
"process" : {
}
}
}
],
"sources" : [
"ArtifactWebView.swift",
"HTMLWebViewRenderer.swift",
"LaTeXWebViewRenderer.swift",
"PartialHTMLScanner.swift",
"ReactWebViewRenderer.swift",
"VegaLiteWebViewRenderer.swift",
"WebRendererShells.swift",
"WebViewPool.swift"
],
"target_dependencies" : [
"ArtifactCore",
"ArtifactRenderer",
"ArtifactView"
],
"type" : "library"
},
{
"c99name" : "ArtifactView",
"module_type" : "SwiftTarget",
"name" : "ArtifactView",
"path" : "Sources/ArtifactView",
"product_memberships" : [
"SwiftArtifact",
"ArtifactView",
"ArtifactNativeRenderer",
"ArtifactWebRenderer"
],
"sources" : [
"ArtifactCanvas.swift",
"ArtifactCard.swift",
"ArtifactCardContentInsets.swift",
"ArtifactCardDisclosure.swift",
"ArtifactContentHeightLimit.swift",
"ArtifactFileArtifactLoader.swift",
"ArtifactFileResolverEnvironment.swift",
"ArtifactProgressView.swift",
"ArtifactRendererRegistry.swift",
"ArtifactView.swift",
"DefaultArtifactView.swift",
"StreamingPreviewHarness.swift"
],
"target_dependencies" : [
"ArtifactCore",
"ArtifactRenderer"
],
"type" : "library"
},
{
"c99name" : "ArtifactRendererTests",
"module_type" : "SwiftTarget",
"name" : "ArtifactRendererTests",
"path" : "Tests/ArtifactRendererTests",
"product_dependencies" : [
"SwiftUIScriptCore",
"SwiftUIScript"
],
"resources" : [
{
"path" : "/Users/admin/builder/spi-builder-workspace/Tests/ArtifactRendererTests/Fixtures",
"rule" : {
"copy" : {
}
}
}
],
"sources" : [
"ArtifactFileArtifactLoaderTests.swift",
"CSVRefinerTests.swift",
"CompoundGraphGroupTests.swift",
"GeoJSONRefinerTests.swift",
"HTMLRefinerTests.swift",
"JSONRefinerTests.swift",
"KnowledgeGraphFixtureE2ETests.swift",
"KnowledgeGraphLayoutCalibrationTests.swift",
"KnowledgeGraphLayoutCostTests.swift",
"KnowledgeGraphLayoutGroupTests.swift",
"KnowledgeGraphPresentationStyleResolverTests.swift",
"LatexRefinerTests.swift",
"MarkdownRefinerTests.swift",
"MediaRendererTestFixtures.swift",
"MediaRendererTests.swift",
"MermaidRefinerTests.swift",
"PreferredContentInsetsTests.swift",
"RenderingStateTests.swift",
"SVGRefinerTests.swift",
"SwiftChartsRendererTests.swift",
"SwiftUIRendererTests.swift",
"Tier3ExtensionTests.swift"
],
"target_dependencies" : [
"ArtifactCore",
"ArtifactRenderer",
"ArtifactView",
"ArtifactNativeRenderer",
"ArtifactWebRenderer",
"SwiftUIRenderer"
],
"type" : "test"
},
{
"c99name" : "ArtifactRenderer",
"module_type" : "SwiftTarget",
"name" : "ArtifactRenderer",
"path" : "Sources/ArtifactRenderer",
"product_memberships" : [
"SwiftArtifact",
"ArtifactRenderer",
"ArtifactView",
"ArtifactNativeRenderer",
"SwiftUIRenderer",
"ArtifactWebRenderer"
],
"sources" : [
"AnyArtifactRenderer.swift",
"ArtifactFileInput.swift",
"ArtifactRenderable.swift",
"ArtifactRendererRegistryResolution.swift",
"PreRenderableProgress.swift",
"RefinedPayload.swift"
],
"target_dependencies" : [
"ArtifactCore"
],
"type" : "library"
},
{
"c99name" : "ArtifactNativeRenderer",
"module_type" : "SwiftTarget",
"name" : "ArtifactNativeRenderer",
"path" : "Sources/ArtifactNativeRenderer",
"product_dependencies" : [
"MarkdownUI",
"BeautifulMermaid",
"KnowledgeGraph",
"KnowledgeGraphParsers",
"CodeEditSourceEditor",
"CodeEditLanguages"
],
"product_memberships" : [
"SwiftArtifact",
"ArtifactNativeRenderer"
],
"sources" : [
"Chart/SwiftChartsRenderer.swift",
"Code/CodeRenderer.swift",
"Data/CSV/CSVRenderer.swift",
"Data/CSV/CSVTableView.swift",
"Data/CSV/PartialCSVScanner.swift",
"Data/JSON/JSONRenderer.swift",
"Data/JSON/PartialJSON.swift",
"Data/JSON/PartialJSONScanner.swift",
"Graph/KnowledgeGraph/KnowledgeGraphCanvasHost.swift",
"Graph/KnowledgeGraph/KnowledgeGraphCardView.swift",
"Graph/KnowledgeGraph/KnowledgeGraphCompoundGraph.swift",
"Graph/KnowledgeGraph/KnowledgeGraphErrorView.swift",
"Graph/KnowledgeGraph/KnowledgeGraphGroup.swift",
"Graph/KnowledgeGraph/KnowledgeGraphGroupPalette.swift",
"Graph/KnowledgeGraph/KnowledgeGraphGroupStyle.swift",
"Graph/KnowledgeGraph/KnowledgeGraphGroupingStrategy.swift",
"Graph/KnowledgeGraph/KnowledgeGraphLayout.swift",
"Graph/KnowledgeGraph/KnowledgeGraphLayoutCost.swift",
"Graph/KnowledgeGraph/KnowledgeGraphLayoutPrimitives.swift",
"Graph/KnowledgeGraph/KnowledgeGraphNodeDetailPopup.swift",
"Graph/KnowledgeGraph/KnowledgeGraphPlacementCostModel.swift",
"Graph/KnowledgeGraph/KnowledgeGraphPresentationStylePreview.swift",
"Graph/KnowledgeGraph/KnowledgeGraphPresentationStyling.swift",
"Graph/KnowledgeGraph/KnowledgeGraphRendererBody.swift",
"Graph/KnowledgeGraph/KnowledgeGraphView.swift",
"Graph/KnowledgeGraph/KnowledgeGraphViewport.swift",
"Graph/KnowledgeGraph/KnowledgeGraphVisualTheme.swift",
"Graph/KnowledgeGraph/KnowledgeGraphZoomToolbar.swift",
"Graph/RDF/JSONLDRenderer.swift",
"Graph/RDF/JSONLDViewGroupExtractor.swift",
"Graph/RDF/KnowledgeGraphFormat.swift",
"Graph/RDF/NQuadsRenderer.swift",
"Graph/RDF/PartialJSONLDProcessor.swift",
"Graph/RDF/PartialRDFXMLProcessor.swift",
"Graph/RDF/RDFXMLRenderer.swift",
"Graph/RDF/TriGRenderer.swift",
"Graph/RDF/TurtleRenderer.swift",
"Markup/MarkdownRenderer.swift",
"Markup/MermaidRenderer.swift",
"Markup/PartialSVGScanner.swift",
"Markup/SVGRenderer.swift",
"Media/ArtifactBinaryDataLoader.swift",
"Media/ArtifactBinaryPayloadError.swift",
"Media/ArtifactBinaryPayloadResolver.swift",
"Media/BMPRenderer.swift",
"Media/GIFRenderer.swift",
"Media/GLTFSceneKitRenderer.swift",
"Media/GeoJSONMapKitRenderer.swift",
"Media/HEICRenderer.swift",
"Media/JPEGRenderer.swift",
"Media/MediaRendererDebugPreviewSamples.swift",
"Media/PDFRenderer.swift",
"Media/PNGRenderer.swift",
"Media/RasterImageRefiner.swift",
"Media/RasterImageRendererBody.swift",
"Media/TIFFRenderer.swift",
"Media/USDZModel3DRenderer.swift",
"Media/WebPRenderer.swift"
],
"target_dependencies" : [
"ArtifactCore",
"ArtifactRenderer",
"ArtifactView"
],
"type" : "library"
},
{
"c99name" : "ArtifactCoreTests",
"module_type" : "SwiftTarget",
"name" : "ArtifactCoreTests",
"path" : "Tests/ArtifactCoreTests",
"sources" : [
"ArtifactChartSpecTests.swift",
"ArtifactFileResolverTests.swift",
"ArtifactMessageTests.swift",
"ArtifactParserTests.swift",
"ArtifactStreamParserTests.swift",
"ArtifactTypeTests.swift"
],
"target_dependencies" : [
"ArtifactCore"
],
"type" : "test"
},
{
"c99name" : "ArtifactCore",
"module_type" : "SwiftTarget",
"name" : "ArtifactCore",
"path" : "Sources/ArtifactCore",
"product_memberships" : [
"SwiftArtifact",
"ArtifactCore",
"ArtifactRenderer",
"ArtifactView",
"ArtifactNativeRenderer",
"SwiftUIRenderer",
"ArtifactWebRenderer"
],
"sources" : [
"ChartSpec/ArtifactChartSpec.swift",
"Files/ArtifactFileDownload.swift",
"Files/ArtifactFileDownloading.swift",
"Files/ArtifactFileError.swift",
"Files/ArtifactFileLoadingPolicy.swift",
"Files/ArtifactFileRequest.swift",
"Files/ArtifactFileResolver.swift",
"Files/ArtifactFileResolving.swift",
"Files/ArtifactFileTypeDetecting.swift",
"Files/ArtifactFileTypeDetectionRequest.swift",
"Files/DefaultArtifactFileTypeDetector.swift",
"Files/ResolvedArtifactFile.swift",
"Files/URLSessionArtifactFileDownloader.swift",
"Models/AnyArtifact.swift",
"Models/ArtifactError.swift",
"Models/ArtifactIdentifier.swift",
"Models/ArtifactMessage.swift",
"Models/ArtifactType.swift",
"Models/Artifactable.swift",
"Models/RawArtifact.swift",
"Parser/ArtifactParser.swift",
"Parser/ArtifactStreamEvent.swift",
"Parser/ArtifactStreamParser.swift",
"Parser/ArtifactStreamParserCore.swift",
"Parser/AttributeScanner.swift",
"Types/KnownArtifactTypes.swift"
],
"type" : "library"
}
],
"tools_version" : "6.3"
}
{
"workspace" : {
"name" : "swift-artifact",
"schemes" : [
"ArtifactCore",
"ArtifactNativeRenderer",
"ArtifactRenderer",
"ArtifactView",
"ArtifactWebRenderer",
"CodeEditLanguages",
"swift-artifact-Package",
"SwiftArtifact",
"SwiftTreeSitter",
"SwiftUIRenderer",
"TextStory",
"TextStory-Package",
"TextStoryTesting"
]
}
}
2026-09-27 19:37:10.213 xcodebuild[2279:13017] [MT] IDERunDestination: Supported platforms for the buildables in the current scheme is empty.
Running build ...
env DEVELOPER_DIR=/Applications/Xcode-27.0.0-Release.Candidate.app xcrun xcodebuild -IDEClonedSourcePackagesDirPathOverride=$PWD/.dependencies -skipMacroValidation -skipPackagePluginValidation -derivedDataPath $PWD/.derivedData build -scheme swift-artifact-Package -destination generic/platform=watchOS
Command line invocation:
/Applications/Xcode-27.0.0-Release.Candidate.app/Contents/Developer/usr/bin/xcodebuild -IDEClonedSourcePackagesDirPathOverride=/Users/admin/builder/spi-builder-workspace/.dependencies -skipMacroValidation -skipPackagePluginValidation -derivedDataPath /Users/admin/builder/spi-builder-workspace/.derivedData build -scheme swift-artifact-Package -destination generic/platform=watchOS
Resolve Package Graph
Resolved source packages:
swift-syntax: https://github.com/swiftlang/swift-syntax.git @ 603.0.2
CodeEditTextView: https://github.com/1amageek/CodeEditTextView.git @ 0.13.0
SwiftMarkdownUI: https://github.com/1amageek/swift-markdown-ui.git @ 0.2.1
SwiftUIScript: https://github.com/1amageek/SwiftUIScript.git @ 0.1.0
SwiftLintPlugin: https://github.com/lukepistrol/SwiftLintPlugin @ 0.65.0
swift-collections: https://github.com/apple/swift-collections.git @ 1.7.1
ElkSwift: https://github.com/lukilabs/elk-swift @ 1.0.2
swift-artifact: /Users/admin/builder/spi-builder-workspace
TreeSitter: https://github.com/tree-sitter/tree-sitter @ 0.25.10
TextStory: https://github.com/ChimeHQ/TextStory @ 0.9.2
SwiftTreeSitter: https://github.com/ChimeHQ/SwiftTreeSitter.git @ 0.25.0
cmark-gfm: https://github.com/swiftlang/swift-cmark.git @ 0.9.0
CodeEditSourceEditor: https://github.com/1amageek/CodeEditSourceEditor.git @ 0.16.1
Rearrange: https://github.com/ChimeHQ/Rearrange @ 2.1.1
swift-markdown: https://github.com/swiftlang/swift-markdown.git @ 0.9.0
CodeEditSymbols: https://github.com/1amageek/CodeEditSymbols.git @ 0.3.0
swift-knowledge-graph: https://github.com/1amageek/swift-knowledge-graph.git @ 0.3.0
BeautifulMermaidSwift: https://github.com/lukilabs/beautiful-mermaid-swift.git @ 1.0.4
CodeEditLanguages: https://github.com/1amageek/CodeEditLanguages.git @ 0.1.22
TextFormation: https://github.com/ChimeHQ/TextFormation @ 0.9.0
ComputePackagePrebuildTargetDependencyGraph
Prepare packages
CreateBuildRequest
SendProjectDescription
CreateBuildOperation
ComputeTargetDependencyGraph
note: Building targets in dependency order
note: Target dependency graph (36 targets)
Target 'ArtifactWebRenderer-product' in project 'swift-artifact'
➜ Explicit dependency on target 'ArtifactWebRenderer' in project 'swift-artifact'
➜ Explicit dependency on target 'swift-artifact_ArtifactWebRenderer' in project 'swift-artifact'
➜ Explicit dependency on target 'ArtifactCore' in project 'swift-artifact'
➜ Explicit dependency on target 'ArtifactRenderer' in project 'swift-artifact'
➜ Explicit dependency on target 'ArtifactView' in project 'swift-artifact'
Target 'SwiftUIRenderer-product' in project 'swift-artifact'
➜ Explicit dependency on target 'SwiftUIRenderer' in project 'swift-artifact'
➜ Explicit dependency on target 'ArtifactCore' in project 'swift-artifact'
➜ Explicit dependency on target 'ArtifactRenderer' in project 'swift-artifact'
➜ Explicit dependency on target 'SwiftUIScriptCore-product' in project 'SwiftUIScript'
➜ Explicit dependency on target 'SwiftUIScript-product' in project 'SwiftUIScript'
Target 'ArtifactNativeRenderer-product' in project 'swift-artifact'
➜ Explicit dependency on target 'ArtifactNativeRenderer' in project 'swift-artifact'
➜ Explicit dependency on target 'ArtifactCore' in project 'swift-artifact'
➜ Explicit dependency on target 'ArtifactRenderer' in project 'swift-artifact'
➜ Explicit dependency on target 'ArtifactView' in project 'swift-artifact'
➜ Explicit dependency on target 'MarkdownUI-product' in project 'SwiftMarkdownUI'
➜ Explicit dependency on target 'BeautifulMermaid-product' in project 'BeautifulMermaidSwift'
➜ Explicit dependency on target 'KnowledgeGraph-product' in project 'swift-knowledge-graph'
➜ Explicit dependency on target 'KnowledgeGraphParsers-product' in project 'swift-knowledge-graph'
Target 'ArtifactView-product' in project 'swift-artifact'
➜ Explicit dependency on target 'ArtifactView' in project 'swift-artifact'
➜ Explicit dependency on target 'ArtifactCore' in project 'swift-artifact'
➜ Explicit dependency on target 'ArtifactRenderer' in project 'swift-artifact'
Target 'ArtifactRenderer-product' in project 'swift-artifact'
➜ Explicit dependency on target 'ArtifactRenderer' in project 'swift-artifact'
➜ Explicit dependency on target 'ArtifactCore' in project 'swift-artifact'
Target 'ArtifactCore-product' in project 'swift-artifact'
➜ Explicit dependency on target 'ArtifactCore' in project 'swift-artifact'
Target 'SwiftArtifact-product' in project 'swift-artifact'
➜ Explicit dependency on target 'SwiftArtifact' in project 'swift-artifact'
➜ Explicit dependency on target 'ArtifactCore' in project 'swift-artifact'
➜ Explicit dependency on target 'ArtifactRenderer' in project 'swift-artifact'
➜ Explicit dependency on target 'ArtifactView' in project 'swift-artifact'
➜ Explicit dependency on target 'ArtifactNativeRenderer' in project 'swift-artifact'
➜ Explicit dependency on target 'SwiftUIRenderer' in project 'swift-artifact'
➜ Explicit dependency on target 'ArtifactWebRenderer' in project 'swift-artifact'
➜ Explicit dependency on target 'MarkdownUI-product' in project 'SwiftMarkdownUI'
➜ Explicit dependency on target 'BeautifulMermaid-product' in project 'BeautifulMermaidSwift'
➜ Explicit dependency on target 'KnowledgeGraph-product' in project 'swift-knowledge-graph'
➜ Explicit dependency on target 'KnowledgeGraphParsers-product' in project 'swift-knowledge-graph'
➜ Explicit dependency on target 'SwiftUIScriptCore-product' in project 'SwiftUIScript'
➜ Explicit dependency on target 'SwiftUIScript-product' in project 'SwiftUIScript'
Target 'SwiftArtifact' in project 'swift-artifact'
➜ Explicit dependency on target 'ArtifactCore' in project 'swift-artifact'
➜ Explicit dependency on target 'ArtifactRenderer' in project 'swift-artifact'
➜ Explicit dependency on target 'ArtifactView' in project 'swift-artifact'
➜ Explicit dependency on target 'ArtifactNativeRenderer' in project 'swift-artifact'
➜ Explicit dependency on target 'SwiftUIRenderer' in project 'swift-artifact'
➜ Explicit dependency on target 'ArtifactWebRenderer' in project 'swift-artifact'
➜ Explicit dependency on target 'MarkdownUI-product' in project 'SwiftMarkdownUI'
➜ Explicit dependency on target 'BeautifulMermaid-product' in project 'BeautifulMermaidSwift'
➜ Explicit dependency on target 'KnowledgeGraph-product' in project 'swift-knowledge-graph'
➜ Explicit dependency on target 'KnowledgeGraphParsers-product' in project 'swift-knowledge-graph'
➜ Explicit dependency on target 'SwiftUIScriptCore-product' in project 'SwiftUIScript'
➜ Explicit dependency on target 'SwiftUIScript-product' in project 'SwiftUIScript'
Target 'ArtifactWebRenderer' in project 'swift-artifact'
➜ Explicit dependency on target 'swift-artifact_ArtifactWebRenderer' in project 'swift-artifact'
➜ Explicit dependency on target 'ArtifactCore' in project 'swift-artifact'
➜ Explicit dependency on target 'ArtifactRenderer' in project 'swift-artifact'
➜ Explicit dependency on target 'ArtifactView' in project 'swift-artifact'
Target 'swift-artifact_ArtifactWebRenderer' in project 'swift-artifact' (no dependencies)
Target 'SwiftUIRenderer' in project 'swift-artifact'
➜ Explicit dependency on target 'ArtifactCore' in project 'swift-artifact'
➜ Explicit dependency on target 'ArtifactRenderer' in project 'swift-artifact'
➜ Explicit dependency on target 'SwiftUIScriptCore-product' in project 'SwiftUIScript'
➜ Explicit dependency on target 'SwiftUIScript-product' in project 'SwiftUIScript'
Target 'SwiftUIScript-product' in project 'SwiftUIScript'
➜ Explicit dependency on target 'SwiftUIScript' in project 'SwiftUIScript'
➜ Explicit dependency on target 'SwiftUIScriptCore' in project 'SwiftUIScript'
Target 'SwiftUIScript' in project 'SwiftUIScript'
➜ Explicit dependency on target 'SwiftUIScriptCore' in project 'SwiftUIScript'
Target 'SwiftUIScriptCore-product' in project 'SwiftUIScript'
➜ Explicit dependency on target 'SwiftUIScriptCore' in project 'SwiftUIScript'
Target 'SwiftUIScriptCore' in project 'SwiftUIScript' (no dependencies)
Target 'ArtifactNativeRenderer' in project 'swift-artifact'
➜ Explicit dependency on target 'ArtifactCore' in project 'swift-artifact'
➜ Explicit dependency on target 'ArtifactRenderer' in project 'swift-artifact'
➜ Explicit dependency on target 'ArtifactView' in project 'swift-artifact'
➜ Explicit dependency on target 'MarkdownUI-product' in project 'SwiftMarkdownUI'
➜ Explicit dependency on target 'BeautifulMermaid-product' in project 'BeautifulMermaidSwift'
➜ Explicit dependency on target 'KnowledgeGraph-product' in project 'swift-knowledge-graph'
➜ Explicit dependency on target 'KnowledgeGraphParsers-product' in project 'swift-knowledge-graph'
Target 'KnowledgeGraphParsers-product' in project 'swift-knowledge-graph'
➜ Explicit dependency on target 'KnowledgeGraphParsers' in project 'swift-knowledge-graph'
➜ Explicit dependency on target 'KnowledgeGraph' in project 'swift-knowledge-graph'
Target 'KnowledgeGraphParsers' in project 'swift-knowledge-graph'
➜ Explicit dependency on target 'KnowledgeGraph' in project 'swift-knowledge-graph'
Target 'KnowledgeGraph-product' in project 'swift-knowledge-graph'
➜ Explicit dependency on target 'KnowledgeGraph' in project 'swift-knowledge-graph'
Target 'KnowledgeGraph' in project 'swift-knowledge-graph' (no dependencies)
Target 'BeautifulMermaid-product' in project 'BeautifulMermaidSwift'
➜ Explicit dependency on target 'BeautifulMermaid' in project 'BeautifulMermaidSwift'
➜ Explicit dependency on target 'ElkSwift-product' in project 'ElkSwift'
Target 'BeautifulMermaid' in project 'BeautifulMermaidSwift'
➜ Explicit dependency on target 'ElkSwift-product' in project 'ElkSwift'
Target 'ElkSwift-product' in project 'ElkSwift'
➜ Explicit dependency on target 'ElkSwift' in project 'ElkSwift'
Target 'ElkSwift' in project 'ElkSwift' (no dependencies)
Target 'MarkdownUI-product' in project 'SwiftMarkdownUI'
➜ Explicit dependency on target 'MarkdownUI' in project 'SwiftMarkdownUI'
➜ Explicit dependency on target 'Markdown-product' in project 'swift-markdown'
Target 'MarkdownUI' in project 'SwiftMarkdownUI'
➜ Explicit dependency on target 'Markdown-product' in project 'swift-markdown'
Target 'Markdown-product' in project 'swift-markdown'
➜ Explicit dependency on target 'Markdown' in project 'swift-markdown'
➜ Explicit dependency on target 'CAtomic' in project 'swift-markdown'
➜ Explicit dependency on target 'cmark-gfm-product' in project 'cmark-gfm'
➜ Explicit dependency on target 'cmark-gfm-extensions-product' in project 'cmark-gfm'
Target 'Markdown' in project 'swift-markdown'
➜ Explicit dependency on target 'CAtomic' in project 'swift-markdown'
➜ Explicit dependency on target 'cmark-gfm-product' in project 'cmark-gfm'
➜ Explicit dependency on target 'cmark-gfm-extensions-product' in project 'cmark-gfm'
Target 'cmark-gfm-extensions-product' in project 'cmark-gfm'
➜ Explicit dependency on target 'cmark-gfm-extensions' in project 'cmark-gfm'
➜ Explicit dependency on target 'cmark-gfm' in project 'cmark-gfm'
Target 'cmark-gfm-extensions' in project 'cmark-gfm'
➜ Explicit dependency on target 'cmark-gfm' in project 'cmark-gfm'
Target 'cmark-gfm-product' in project 'cmark-gfm'
➜ Explicit dependency on target 'cmark-gfm' in project 'cmark-gfm'
Target 'cmark-gfm' in project 'cmark-gfm' (no dependencies)
Target 'CAtomic' in project 'swift-markdown' (no dependencies)
Target 'ArtifactView' in project 'swift-artifact'
➜ Explicit dependency on target 'ArtifactCore' in project 'swift-artifact'
➜ Explicit dependency on target 'ArtifactRenderer' in project 'swift-artifact'
Target 'ArtifactRenderer' in project 'swift-artifact'
➜ Explicit dependency on target 'ArtifactCore' in project 'swift-artifact'
Target 'ArtifactCore' in project 'swift-artifact' (no dependencies)
GatherProvisioningInputs
CreateBuildDescription
ClangStatCache /Applications/Xcode-27.0.0-Release.Candidate.app/Contents/Developer/Toolchains/XcodeDefault.xctoolchain/usr/bin/clang-stat-cache /Applications/Xcode-27.0.0-Release.Candidate.app/Contents/Developer/Platforms/WatchOS.platform/Developer/SDKs/WatchOS27.0.sdk /Users/admin/builder/spi-builder-workspace/.derivedData/SDKStatCaches.noindex/watchos27.0-24R360-e829b21a6f8c9b70876ba0858053c04477534ef55a1706bf4c1112bbb242f0a2.sdkstatcache
cd /Users/admin/builder/spi-builder-workspace/.swiftpm/xcode
/Applications/Xcode-27.0.0-Release.Candidate.app/Contents/Developer/Toolchains/XcodeDefault.xctoolchain/usr/bin/clang-stat-cache /Applications/Xcode-27.0.0-Release.Candidate.app/Contents/Developer/Platforms/WatchOS.platform/Developer/SDKs/WatchOS27.0.sdk -o /Users/admin/builder/spi-builder-workspace/.derivedData/SDKStatCaches.noindex/watchos27.0-24R360-e829b21a6f8c9b70876ba0858053c04477534ef55a1706bf4c1112bbb242f0a2.sdkstatcache
SwiftDriver KnowledgeGraphParsers normal arm64_32 com.apple.xcode.tools.swift.compiler (in target 'KnowledgeGraphParsers' from project 'swift-knowledge-graph')
cd /Users/admin/builder/spi-builder-workspace/.swiftpm/xcode
builtin-SwiftDriver -- /Applications/Xcode-27.0.0-Release.Candidate.app/Contents/Developer/Toolchains/XcodeDefault.xctoolchain/usr/bin/swiftc -parse-as-library -module-name KnowledgeGraphParsers -Onone @/Users/admin/builder/spi-builder-workspace/.derivedData/Build/Intermediates.noindex/swift-knowledge-graph.build/Debug-watchos/KnowledgeGraphParsers-t.build/Objects-normal/arm64_32/KnowledgeGraphParsers.SwiftFileList -DSWIFT_PACKAGE -DDEBUG -DSWIFT_MODULE_RESOURCE_BUNDLE_UNAVAILABLE -DXcode -plugin-path /Applications/Xcode-27.0.0-Release.Candidate.app/Contents/Developer/Toolchains/XcodeDefault.xctoolchain/usr/lib/swift/host/plugins/testing -enable-experimental-feature DebugDescriptionMacro -sdk /Applications/Xcode-27.0.0-Release.Candidate.app/Contents/Developer/Platforms/WatchOS.platform/Developer/SDKs/WatchOS27.0.sdk -target arm64_32-apple-watchos26.0 -g -module-cache-path /Users/admin/builder/spi-builder-workspace/.derivedData/ModuleCache.noindex -Xfrontend -serialize-debugging-options -profile-coverage-mapping -profile-generate -enable-testing -suppress-warnings -index-store-path /Users/admin/builder/spi-builder-workspace/.derivedData/Index.noindex/DataStore -Xcc -D_LIBCPP_HARDENING_MODE\=_LIBCPP_HARDENING_MODE_DEBUG -swift-version 6 -I /Users/admin/builder/spi-builder-workspace/.derivedData/Build/Products/Debug-watchos -Isystem /Applications/Xcode-27.0.0-Release.Candidate.app/Contents/Developer/Platforms/WatchOS.platform/Developer/usr/lib -F /Users/admin/builder/spi-builder-workspace/.derivedData/Build/Products/Debug-watchos/PackageFrameworks -F /Users/admin/builder/spi-builder-workspace/.derivedData/Build/Products/Debug-watchos -F /Applications/Xcode-27.0.0-Release.Candidate.app/Contents/Developer/Platforms/WatchOS.platform/Developer/Library/Frameworks -F /Applications/Xcode-27.0.0-Release.Candidate.app/Contents/Developer/Platforms/WatchOS.platform/Developer/SDKs/WatchOS27.0.sdk/Developer/Library/Frameworks -c -j10 -enable-batch-mode -incremental -Xcc -ivfsstatcache -Xcc /Users/admin/builder/spi-builder-workspace/.derivedData/SDKStatCaches.noindex/watchos27.0-24R360-e829b21a6f8c9b70876ba0858053c04477534ef55a1706bf4c1112bbb242f0a2.sdkstatcache -output-file-map /Users/admin/builder/spi-builder-workspace/.derivedData/Build/Intermediates.noindex/swift-knowledge-graph.build/Debug-watchos/KnowledgeGraphParsers-t.build/Objects-normal/arm64_32/KnowledgeGraphParsers-OutputFileMap.json -save-temps -no-color-diagnostics -explicit-module-build -module-cache-path /Users/admin/builder/spi-builder-workspace/.derivedData/Build/Intermediates.noindex/SwiftExplicitPrecompiledModules -clang-scanner-module-cache-path /Users/admin/builder/spi-builder-workspace/.derivedData/ModuleCache.noindex -sdk-module-cache-path /Users/admin/builder/spi-builder-workspace/.derivedData/SDKExplicitPrecompiledModules -emit-dependencies -emit-module -emit-module-path /Users/admin/builder/spi-builder-workspace/.derivedData/Build/Intermediates.noindex/swift-knowledge-graph.build/Debug-watchos/KnowledgeGraphParsers-t.build/Objects-normal/arm64_32/KnowledgeGraphParsers.swiftmodule -serialize-diagnostics -dependency-scan-serialize-diagnostics-path /Users/admin/builder/spi-builder-workspace/.derivedData/Build/Intermediates.noindex/swift-knowledge-graph.build/Debug-watchos/KnowledgeGraphParsers-t.build/Objects-normal/arm64_32/KnowledgeGraphParsers-dependency-scan.dia -user-module-version 0.3.0 -validate-clang-modules-once -clang-build-session-file /Users/admin/builder/spi-builder-workspace/.derivedData/ModuleCache.noindex/Session.modulevalidation -Xcc -fmodules-prune-interval\=86400 -Xcc -fmodules-prune-after\=345600 -package-name swift_knowledge_graph -emit-const-values -const-gather-protocols-list /Users/admin/builder/spi-builder-workspace/.derivedData/Build/Intermediates.noindex/swift-knowledge-graph.build/Debug-watchos/KnowledgeGraphParsers-t.build/Objects-normal/arm64_32/KnowledgeGraphParsers_const_extract_protocols.json -Xcc -I/Users/admin/builder/spi-builder-workspace/.derivedData/Build/Products/Debug-watchos/include -Xcc -I/Users/admin/builder/spi-builder-workspace/.derivedData/Build/Intermediates.noindex/swift-knowledge-graph.build/Debug-watchos/KnowledgeGraphParsers-t.build/DerivedSources-normal/arm64_32 -Xcc -I/Users/admin/builder/spi-builder-workspace/.derivedData/Build/Intermediates.noindex/swift-knowledge-graph.build/Debug-watchos/KnowledgeGraphParsers-t.build/DerivedSources/arm64_32 -Xcc -I/Users/admin/builder/spi-builder-workspace/.derivedData/Build/Intermediates.noindex/swift-knowledge-graph.build/Debug-watchos/KnowledgeGraphParsers-t.build/DerivedSources -Xcc -DSWIFT_PACKAGE -Xcc -DDEBUG\=1 -emit-objc-header -emit-objc-header-path /Users/admin/builder/spi-builder-workspace/.derivedData/Build/Intermediates.noindex/swift-knowledge-graph.build/Debug-watchos/KnowledgeGraphParsers-t.build/Objects-normal/arm64_32/KnowledgeGraphParsers-Swift.h -working-directory /Users/admin/builder/spi-builder-workspace/.swiftpm/xcode -experimental-emit-module-separately -disable-cmo
SwiftDriver SwiftUIScript normal arm64_32 com.apple.xcode.tools.swift.compiler (in target 'SwiftUIScript' from project 'SwiftUIScript')
cd /Users/admin/builder/spi-builder-workspace/.swiftpm/xcode
builtin-SwiftDriver -- /Applications/Xcode-27.0.0-Release.Candidate.app/Contents/Developer/Toolchains/XcodeDefault.xctoolchain/usr/bin/swiftc -parse-as-library -module-name SwiftUIScript -Onone @/Users/admin/builder/spi-builder-workspace/.derivedData/Build/Intermediates.noindex/SwiftUIScript.build/Debug-watchos/SwiftUIScript-t.build/Objects-normal/arm64_32/SwiftUIScript.SwiftFileList -DSWIFT_PACKAGE -DDEBUG -DSWIFT_MODULE_RESOURCE_BUNDLE_UNAVAILABLE -DXcode -plugin-path /Applications/Xcode-27.0.0-Release.Candidate.app/Contents/Developer/Toolchains/XcodeDefault.xctoolchain/usr/lib/swift/host/plugins/testing -enable-experimental-feature DebugDescriptionMacro -sdk /Applications/Xcode-27.0.0-Release.Candidate.app/Contents/Developer/Platforms/WatchOS.platform/Developer/SDKs/WatchOS27.0.sdk -target arm64_32-apple-watchos26.0 -g -module-cache-path /Users/admin/builder/spi-builder-workspace/.derivedData/ModuleCache.noindex -Xfrontend -serialize-debugging-options -profile-coverage-mapping -profile-generate -enable-testing -suppress-warnings -index-store-path /Users/admin/builder/spi-builder-workspace/.derivedData/Index.noindex/DataStore -Xcc -D_LIBCPP_HARDENING_MODE\=_LIBCPP_HARDENING_MODE_DEBUG -swift-version 6 -I /Users/admin/builder/spi-builder-workspace/.derivedData/Build/Products/Debug-watchos -Isystem /Applications/Xcode-27.0.0-Release.Candidate.app/Contents/Developer/Platforms/WatchOS.platform/Developer/usr/lib -F /Users/admin/builder/spi-builder-workspace/.derivedData/Build/Products/Debug-watchos/PackageFrameworks -F /Users/admin/builder/spi-builder-workspace/.derivedData/Build/Products/Debug-watchos -F /Applications/Xcode-27.0.0-Release.Candidate.app/Contents/Developer/Platforms/WatchOS.platform/Developer/Library/Frameworks -F /Applications/Xcode-27.0.0-Release.Candidate.app/Contents/Developer/Platforms/WatchOS.platform/Developer/SDKs/WatchOS27.0.sdk/Developer/Library/Frameworks -c -j10 -enable-batch-mode -incremental -Xcc -ivfsstatcache -Xcc /Users/admin/builder/spi-builder-workspace/.derivedData/SDKStatCaches.noindex/watchos27.0-24R360-e829b21a6f8c9b70876ba0858053c04477534ef55a1706bf4c1112bbb242f0a2.sdkstatcache -output-file-map /Users/admin/builder/spi-builder-workspace/.derivedData/Build/Intermediates.noindex/SwiftUIScript.build/Debug-watchos/SwiftUIScript-t.build/Objects-normal/arm64_32/SwiftUIScript-OutputFileMap.json -save-temps -no-color-diagnostics -explicit-module-build -module-cache-path /Users/admin/builder/spi-builder-workspace/.derivedData/Build/Intermediates.noindex/SwiftExplicitPrecompiledModules -clang-scanner-module-cache-path /Users/admin/builder/spi-builder-workspace/.derivedData/ModuleCache.noindex -sdk-module-cache-path /Users/admin/builder/spi-builder-workspace/.derivedData/SDKExplicitPrecompiledModules -emit-dependencies -emit-module -emit-module-path /Users/admin/builder/spi-builder-workspace/.derivedData/Build/Intermediates.noindex/SwiftUIScript.build/Debug-watchos/SwiftUIScript-t.build/Objects-normal/arm64_32/SwiftUIScript.swiftmodule -serialize-diagnostics -dependency-scan-serialize-diagnostics-path /Users/admin/builder/spi-builder-workspace/.derivedData/Build/Intermediates.noindex/SwiftUIScript.build/Debug-watchos/SwiftUIScript-t.build/Objects-normal/arm64_32/SwiftUIScript-dependency-scan.dia -user-module-version 0.1.0 -validate-clang-modules-once -clang-build-session-file /Users/admin/builder/spi-builder-workspace/.derivedData/ModuleCache.noindex/Session.modulevalidation -Xcc -fmodules-prune-interval\=86400 -Xcc -fmodules-prune-after\=345600 -package-name swiftuiscript -emit-const-values -const-gather-protocols-list /Users/admin/builder/spi-builder-workspace/.derivedData/Build/Intermediates.noindex/SwiftUIScript.build/Debug-watchos/SwiftUIScript-t.build/Objects-normal/arm64_32/SwiftUIScript_const_extract_protocols.json -Xcc -I/Users/admin/builder/spi-builder-workspace/.derivedData/Build/Products/Debug-watchos/include -Xcc -I/Users/admin/builder/spi-builder-workspace/.derivedData/Build/Intermediates.noindex/SwiftUIScript.build/Debug-watchos/SwiftUIScript-t.build/DerivedSources-normal/arm64_32 -Xcc -I/Users/admin/builder/spi-builder-workspace/.derivedData/Build/Intermediates.noindex/SwiftUIScript.build/Debug-watchos/SwiftUIScript-t.build/DerivedSources/arm64_32 -Xcc -I/Users/admin/builder/spi-builder-workspace/.derivedData/Build/Intermediates.noindex/SwiftUIScript.build/Debug-watchos/SwiftUIScript-t.build/DerivedSources -Xcc -DSWIFT_PACKAGE -Xcc -DDEBUG\=1 -emit-objc-header -emit-objc-header-path /Users/admin/builder/spi-builder-workspace/.derivedData/Build/Intermediates.noindex/SwiftUIScript.build/Debug-watchos/SwiftUIScript-t.build/Objects-normal/arm64_32/SwiftUIScript-Swift.h -working-directory /Users/admin/builder/spi-builder-workspace/.swiftpm/xcode -experimental-emit-module-separately -disable-cmo
SwiftDriver MarkdownUI normal arm64_32 com.apple.xcode.tools.swift.compiler (in target 'MarkdownUI' from project 'SwiftMarkdownUI')
cd /Users/admin/builder/spi-builder-workspace/.swiftpm/xcode
builtin-SwiftDriver -- /Applications/Xcode-27.0.0-Release.Candidate.app/Contents/Developer/Toolchains/XcodeDefault.xctoolchain/usr/bin/swiftc -parse-as-library -module-name MarkdownUI -Onone @/Users/admin/builder/spi-builder-workspace/.derivedData/Build/Intermediates.noindex/SwiftMarkdownUI.build/Debug-watchos/MarkdownUI-t.build/Objects-normal/arm64_32/MarkdownUI.SwiftFileList -DSWIFT_PACKAGE -DDEBUG -DSWIFT_MODULE_RESOURCE_BUNDLE_UNAVAILABLE -Xcc -fmodule-map-file\=/Users/admin/builder/spi-builder-workspace/.dependencies/checkouts/swift-cmark/src/include/module.modulemap -Xcc -fmodule-map-file\=/Users/admin/builder/spi-builder-workspace/.dependencies/checkouts/swift-cmark/extensions/include/module.modulemap -Xcc -fmodule-map-file\=/Users/admin/builder/spi-builder-workspace/.dependencies/checkouts/swift-markdown/Sources/CAtomic/include/module.modulemap -DXcode -plugin-path /Applications/Xcode-27.0.0-Release.Candidate.app/Contents/Developer/Toolchains/XcodeDefault.xctoolchain/usr/lib/swift/host/plugins/testing -enable-experimental-feature DebugDescriptionMacro -sdk /Applications/Xcode-27.0.0-Release.Candidate.app/Contents/Developer/Platforms/WatchOS.platform/Developer/SDKs/WatchOS27.0.sdk -target arm64_32-apple-watchos26.0 -g -module-cache-path /Users/admin/builder/spi-builder-workspace/.derivedData/ModuleCache.noindex -Xfrontend -serialize-debugging-options -profile-coverage-mapping -profile-generate -enable-testing -suppress-warnings -index-store-path /Users/admin/builder/spi-builder-workspace/.derivedData/Index.noindex/DataStore -Xcc -D_LIBCPP_HARDENING_MODE\=_LIBCPP_HARDENING_MODE_DEBUG -swift-version 6 -I /Users/admin/builder/spi-builder-workspace/.derivedData/Build/Products/Debug-watchos -Isystem /Applications/Xcode-27.0.0-Release.Candidate.app/Contents/Developer/Platforms/WatchOS.platform/Developer/usr/lib -F /Users/admin/builder/spi-builder-workspace/.derivedData/Build/Products/Debug-watchos/PackageFrameworks -F /Users/admin/builder/spi-builder-workspace/.derivedData/Build/Products/Debug-watchos -F /Applications/Xcode-27.0.0-Release.Candidate.app/Contents/Developer/Platforms/WatchOS.platform/Developer/Library/Frameworks -F /Applications/Xcode-27.0.0-Release.Candidate.app/Contents/Developer/Platforms/WatchOS.platform/Developer/SDKs/WatchOS27.0.sdk/Developer/Library/Frameworks -c -j10 -enable-batch-mode -incremental -Xcc -ivfsstatcache -Xcc /Users/admin/builder/spi-builder-workspace/.derivedData/SDKStatCaches.noindex/watchos27.0-24R360-e829b21a6f8c9b70876ba0858053c04477534ef55a1706bf4c1112bbb242f0a2.sdkstatcache -output-file-map /Users/admin/builder/spi-builder-workspace/.derivedData/Build/Intermediates.noindex/SwiftMarkdownUI.build/Debug-watchos/MarkdownUI-t.build/Objects-normal/arm64_32/MarkdownUI-OutputFileMap.json -save-temps -no-color-diagnostics -explicit-module-build -module-cache-path /Users/admin/builder/spi-builder-workspace/.derivedData/Build/Intermediates.noindex/SwiftExplicitPrecompiledModules -clang-scanner-module-cache-path /Users/admin/builder/spi-builder-workspace/.derivedData/ModuleCache.noindex -sdk-module-cache-path /Users/admin/builder/spi-builder-workspace/.derivedData/SDKExplicitPrecompiledModules -emit-dependencies -emit-module -emit-module-path /Users/admin/builder/spi-builder-workspace/.derivedData/Build/Intermediates.noindex/SwiftMarkdownUI.build/Debug-watchos/MarkdownUI-t.build/Objects-normal/arm64_32/MarkdownUI.swiftmodule -serialize-diagnostics -dependency-scan-serialize-diagnostics-path /Users/admin/builder/spi-builder-workspace/.derivedData/Build/Intermediates.noindex/SwiftMarkdownUI.build/Debug-watchos/MarkdownUI-t.build/Objects-normal/arm64_32/MarkdownUI-dependency-scan.dia -user-module-version 0.2.1 -validate-clang-modules-once -clang-build-session-file /Users/admin/builder/spi-builder-workspace/.derivedData/ModuleCache.noindex/Session.modulevalidation -Xcc -fmodules-prune-interval\=86400 -Xcc -fmodules-prune-after\=345600 -package-name swift_markdown_ui -emit-const-values -const-gather-protocols-list /Users/admin/builder/spi-builder-workspace/.derivedData/Build/Intermediates.noindex/SwiftMarkdownUI.build/Debug-watchos/MarkdownUI-t.build/Objects-normal/arm64_32/MarkdownUI_const_extract_protocols.json -Xcc -I/Users/admin/builder/spi-builder-workspace/.dependencies/checkouts/swift-cmark/src/include -Xcc -I/Users/admin/builder/spi-builder-workspace/.dependencies/checkouts/swift-cmark/extensions/include -Xcc -I/Users/admin/builder/spi-builder-workspace/.dependencies/checkouts/swift-markdown/Sources/CAtomic/include -Xcc -I/Users/admin/builder/spi-builder-workspace/.derivedData/Build/Products/Debug-watchos/include -Xcc -I/Users/admin/builder/spi-builder-workspace/.derivedData/Build/Intermediates.noindex/SwiftMarkdownUI.build/Debug-watchos/MarkdownUI-t.build/DerivedSources-normal/arm64_32 -Xcc -I/Users/admin/builder/spi-builder-workspace/.derivedData/Build/Intermediates.noindex/SwiftMarkdownUI.build/Debug-watchos/MarkdownUI-t.build/DerivedSources/arm64_32 -Xcc -I/Users/admin/builder/spi-builder-workspace/.derivedData/Build/Intermediates.noindex/SwiftMarkdownUI.build/Debug-watchos/MarkdownUI-t.build/DerivedSources -Xcc -DSWIFT_PACKAGE -Xcc -DDEBUG\=1 -emit-objc-header -emit-objc-header-path /Users/admin/builder/spi-builder-workspace/.derivedData/Build/Intermediates.noindex/SwiftMarkdownUI.build/Debug-watchos/MarkdownUI-t.build/Objects-normal/arm64_32/MarkdownUI-Swift.h -working-directory /Users/admin/builder/spi-builder-workspace/.swiftpm/xcode -experimental-emit-module-separately -disable-cmo
SwiftDriver BeautifulMermaid normal arm64_32 com.apple.xcode.tools.swift.compiler (in target 'BeautifulMermaid' from project 'BeautifulMermaidSwift')
cd /Users/admin/builder/spi-builder-workspace/.swiftpm/xcode
builtin-SwiftDriver -- /Applications/Xcode-27.0.0-Release.Candidate.app/Contents/Developer/Toolchains/XcodeDefault.xctoolchain/usr/bin/swiftc -parse-as-library -module-name BeautifulMermaid -Onone @/Users/admin/builder/spi-builder-workspace/.derivedData/Build/Intermediates.noindex/BeautifulMermaidSwift.build/Debug-watchos/BeautifulMermaid-t.build/Objects-normal/arm64_32/BeautifulMermaid.SwiftFileList -DSWIFT_PACKAGE -DDEBUG -DSWIFT_MODULE_RESOURCE_BUNDLE_UNAVAILABLE -DXcode -plugin-path /Applications/Xcode-27.0.0-Release.Candidate.app/Contents/Developer/Toolchains/XcodeDefault.xctoolchain/usr/lib/swift/host/plugins/testing -enable-experimental-feature DebugDescriptionMacro -sdk /Applications/Xcode-27.0.0-Release.Candidate.app/Contents/Developer/Platforms/WatchOS.platform/Developer/SDKs/WatchOS27.0.sdk -target arm64_32-apple-watchos9.0 -g -module-cache-path /Users/admin/builder/spi-builder-workspace/.derivedData/ModuleCache.noindex -Xfrontend -serialize-debugging-options -profile-coverage-mapping -profile-generate -enable-testing -suppress-warnings -index-store-path /Users/admin/builder/spi-builder-workspace/.derivedData/Index.noindex/DataStore -Xcc -D_LIBCPP_HARDENING_MODE\=_LIBCPP_HARDENING_MODE_DEBUG -swift-version 5 -I /Users/admin/builder/spi-builder-workspace/.derivedData/Build/Products/Debug-watchos -Isystem /Applications/Xcode-27.0.0-Release.Candidate.app/Contents/Developer/Platforms/WatchOS.platform/Developer/usr/lib -F /Users/admin/builder/spi-builder-workspace/.derivedData/Build/Products/Debug-watchos/PackageFrameworks -F /Users/admin/builder/spi-builder-workspace/.derivedData/Build/Products/Debug-watchos -F /Applications/Xcode-27.0.0-Release.Candidate.app/Contents/Developer/Platforms/WatchOS.platform/Developer/Library/Frameworks -F /Applications/Xcode-27.0.0-Release.Candidate.app/Contents/Developer/Platforms/WatchOS.platform/Developer/SDKs/WatchOS27.0.sdk/Developer/Library/Frameworks -c -j10 -enable-batch-mode -incremental -Xcc -ivfsstatcache -Xcc /Users/admin/builder/spi-builder-workspace/.derivedData/SDKStatCaches.noindex/watchos27.0-24R360-e829b21a6f8c9b70876ba0858053c04477534ef55a1706bf4c1112bbb242f0a2.sdkstatcache -output-file-map /Users/admin/builder/spi-builder-workspace/.derivedData/Build/Intermediates.noindex/BeautifulMermaidSwift.build/Debug-watchos/BeautifulMermaid-t.build/Objects-normal/arm64_32/BeautifulMermaid-OutputFileMap.json -save-temps -no-color-diagnostics -explicit-module-build -module-cache-path /Users/admin/builder/spi-builder-workspace/.derivedData/Build/Intermediates.noindex/SwiftExplicitPrecompiledModules -clang-scanner-module-cache-path /Users/admin/builder/spi-builder-workspace/.derivedData/ModuleCache.noindex -sdk-module-cache-path /Users/admin/builder/spi-builder-workspace/.derivedData/SDKExplicitPrecompiledModules -emit-dependencies -emit-module -emit-module-path /Users/admin/builder/spi-builder-workspace/.derivedData/Build/Intermediates.noindex/BeautifulMermaidSwift.build/Debug-watchos/BeautifulMermaid-t.build/Objects-normal/arm64_32/BeautifulMermaid.swiftmodule -serialize-diagnostics -dependency-scan-serialize-diagnostics-path /Users/admin/builder/spi-builder-workspace/.derivedData/Build/Intermediates.noindex/BeautifulMermaidSwift.build/Debug-watchos/BeautifulMermaid-t.build/Objects-normal/arm64_32/BeautifulMermaid-dependency-scan.dia -validate-clang-modules-once -clang-build-session-file /Users/admin/builder/spi-builder-workspace/.derivedData/ModuleCache.noindex/Session.modulevalidation -Xcc -fmodules-prune-interval\=86400 -Xcc -fmodules-prune-after\=345600 -package-name beautiful_mermaid_swift -emit-const-values -const-gather-protocols-list /Users/admin/builder/spi-builder-workspace/.derivedData/Build/Intermediates.noindex/BeautifulMermaidSwift.build/Debug-watchos/BeautifulMermaid-t.build/Objects-normal/arm64_32/BeautifulMermaid_const_extract_protocols.json -Xcc -I/Users/admin/builder/spi-builder-workspace/.derivedData/Build/Products/Debug-watchos/include -Xcc -I/Users/admin/builder/spi-builder-workspace/.derivedData/Build/Intermediates.noindex/BeautifulMermaidSwift.build/Debug-watchos/BeautifulMermaid-t.build/DerivedSources-normal/arm64_32 -Xcc -I/Users/admin/builder/spi-builder-workspace/.derivedData/Build/Intermediates.noindex/BeautifulMermaidSwift.build/Debug-watchos/BeautifulMermaid-t.build/DerivedSources/arm64_32 -Xcc -I/Users/admin/builder/spi-builder-workspace/.derivedData/Build/Intermediates.noindex/BeautifulMermaidSwift.build/Debug-watchos/BeautifulMermaid-t.build/DerivedSources -Xcc -DSWIFT_PACKAGE -Xcc -DDEBUG\=1 -emit-objc-header -emit-objc-header-path /Users/admin/builder/spi-builder-workspace/.derivedData/Build/Intermediates.noindex/BeautifulMermaidSwift.build/Debug-watchos/BeautifulMermaid-t.build/Objects-normal/arm64_32/BeautifulMermaid-Swift.h -working-directory /Users/admin/builder/spi-builder-workspace/.swiftpm/xcode -experimental-emit-module-separately -disable-cmo
SwiftDriver SwiftUIScript normal arm64 com.apple.xcode.tools.swift.compiler (in target 'SwiftUIScript' from project 'SwiftUIScript')
cd /Users/admin/builder/spi-builder-workspace/.swiftpm/xcode
builtin-SwiftDriver -- /Applications/Xcode-27.0.0-Release.Candidate.app/Contents/Developer/Toolchains/XcodeDefault.xctoolchain/usr/bin/swiftc -parse-as-library -module-name SwiftUIScript -Onone @/Users/admin/builder/spi-builder-workspace/.derivedData/Build/Intermediates.noindex/SwiftUIScript.build/Debug-watchos/SwiftUIScript-t.build/Objects-normal/arm64/SwiftUIScript.SwiftFileList -DSWIFT_PACKAGE -DDEBUG -DSWIFT_MODULE_RESOURCE_BUNDLE_UNAVAILABLE -DXcode -plugin-path /Applications/Xcode-27.0.0-Release.Candidate.app/Contents/Developer/Toolchains/XcodeDefault.xctoolchain/usr/lib/swift/host/plugins/testing -enable-experimental-feature DebugDescriptionMacro -sdk /Applications/Xcode-27.0.0-Release.Candidate.app/Contents/Developer/Platforms/WatchOS.platform/Developer/SDKs/WatchOS27.0.sdk -target arm64-apple-watchos26.0 -g -module-cache-path /Users/admin/builder/spi-builder-workspace/.derivedData/ModuleCache.noindex -Xfrontend -serialize-debugging-options -profile-coverage-mapping -profile-generate -enable-testing -suppress-warnings -index-store-path /Users/admin/builder/spi-builder-workspace/.derivedData/Index.noindex/DataStore -Xcc -D_LIBCPP_HARDENING_MODE\=_LIBCPP_HARDENING_MODE_DEBUG -swift-version 6 -I /Users/admin/builder/spi-builder-workspace/.derivedData/Build/Products/Debug-watchos -Isystem /Applications/Xcode-27.0.0-Release.Candidate.app/Contents/Developer/Platforms/WatchOS.platform/Developer/usr/lib -F /Users/admin/builder/spi-builder-workspace/.derivedData/Build/Products/Debug-watchos/PackageFrameworks -F /Users/admin/builder/spi-builder-workspace/.derivedData/Build/Products/Debug-watchos -F /Applications/Xcode-27.0.0-Release.Candidate.app/Contents/Developer/Platforms/WatchOS.platform/Developer/Library/Frameworks -F /Applications/Xcode-27.0.0-Release.Candidate.app/Contents/Developer/Platforms/WatchOS.platform/Developer/SDKs/WatchOS27.0.sdk/Developer/Library/Frameworks -c -j10 -enable-batch-mode -incremental -Xcc -ivfsstatcache -Xcc /Users/admin/builder/spi-builder-workspace/.derivedData/SDKStatCaches.noindex/watchos27.0-24R360-e829b21a6f8c9b70876ba0858053c04477534ef55a1706bf4c1112bbb242f0a2.sdkstatcache -output-file-map /Users/admin/builder/spi-builder-workspace/.derivedData/Build/Intermediates.noindex/SwiftUIScript.build/Debug-watchos/SwiftUIScript-t.build/Objects-normal/arm64/SwiftUIScript-OutputFileMap.json -save-temps -no-color-diagnostics -explicit-module-build -module-cache-path /Users/admin/builder/spi-builder-workspace/.derivedData/Build/Intermediates.noindex/SwiftExplicitPrecompiledModules -clang-scanner-module-cache-path /Users/admin/builder/spi-builder-workspace/.derivedData/ModuleCache.noindex -sdk-module-cache-path /Users/admin/builder/spi-builder-workspace/.derivedData/SDKExplicitPrecompiledModules -emit-dependencies -emit-module -emit-module-path /Users/admin/builder/spi-builder-workspace/.derivedData/Build/Intermediates.noindex/SwiftUIScript.build/Debug-watchos/SwiftUIScript-t.build/Objects-normal/arm64/SwiftUIScript.swiftmodule -serialize-diagnostics -dependency-scan-serialize-diagnostics-path /Users/admin/builder/spi-builder-workspace/.derivedData/Build/Intermediates.noindex/SwiftUIScript.build/Debug-watchos/SwiftUIScript-t.build/Objects-normal/arm64/SwiftUIScript-dependency-scan.dia -user-module-version 0.1.0 -validate-clang-modules-once -clang-build-session-file /Users/admin/builder/spi-builder-workspace/.derivedData/ModuleCache.noindex/Session.modulevalidation -Xcc -fmodules-prune-interval\=86400 -Xcc -fmodules-prune-after\=345600 -package-name swiftuiscript -emit-const-values -const-gather-protocols-list /Users/admin/builder/spi-builder-workspace/.derivedData/Build/Intermediates.noindex/SwiftUIScript.build/Debug-watchos/SwiftUIScript-t.build/Objects-normal/arm64/SwiftUIScript_const_extract_protocols.json -Xcc -I/Users/admin/builder/spi-builder-workspace/.derivedData/Build/Products/Debug-watchos/include -Xcc -I/Users/admin/builder/spi-builder-workspace/.derivedData/Build/Intermediates.noindex/SwiftUIScript.build/Debug-watchos/SwiftUIScript-t.build/DerivedSources-normal/arm64 -Xcc -I/Users/admin/builder/spi-builder-workspace/.derivedData/Build/Intermediates.noindex/SwiftUIScript.build/Debug-watchos/SwiftUIScript-t.build/DerivedSources/arm64 -Xcc -I/Users/admin/builder/spi-builder-workspace/.derivedData/Build/Intermediates.noindex/SwiftUIScript.build/Debug-watchos/SwiftUIScript-t.build/DerivedSources -Xcc -DSWIFT_PACKAGE -Xcc -DDEBUG\=1 -emit-objc-header -emit-objc-header-path /Users/admin/builder/spi-builder-workspace/.derivedData/Build/Intermediates.noindex/SwiftUIScript.build/Debug-watchos/SwiftUIScript-t.build/Objects-normal/arm64/SwiftUIScript-Swift.h -working-directory /Users/admin/builder/spi-builder-workspace/.swiftpm/xcode -experimental-emit-module-separately -disable-cmo
SwiftDriver MarkdownUI normal arm64 com.apple.xcode.tools.swift.compiler (in target 'MarkdownUI' from project 'SwiftMarkdownUI')
cd /Users/admin/builder/spi-builder-workspace/.swiftpm/xcode
builtin-SwiftDriver -- /Applications/Xcode-27.0.0-Release.Candidate.app/Contents/Developer/Toolchains/XcodeDefault.xctoolchain/usr/bin/swiftc -parse-as-library -module-name MarkdownUI -Onone @/Users/admin/builder/spi-builder-workspace/.derivedData/Build/Intermediates.noindex/SwiftMarkdownUI.build/Debug-watchos/MarkdownUI-t.build/Objects-normal/arm64/MarkdownUI.SwiftFileList -DSWIFT_PACKAGE -DDEBUG -DSWIFT_MODULE_RESOURCE_BUNDLE_UNAVAILABLE -Xcc -fmodule-map-file\=/Users/admin/builder/spi-builder-workspace/.dependencies/checkouts/swift-cmark/src/include/module.modulemap -Xcc -fmodule-map-file\=/Users/admin/builder/spi-builder-workspace/.dependencies/checkouts/swift-cmark/extensions/include/module.modulemap -Xcc -fmodule-map-file\=/Users/admin/builder/spi-builder-workspace/.dependencies/checkouts/swift-markdown/Sources/CAtomic/include/module.modulemap -DXcode -plugin-path /Applications/Xcode-27.0.0-Release.Candidate.app/Contents/Developer/Toolchains/XcodeDefault.xctoolchain/usr/lib/swift/host/plugins/testing -enable-experimental-feature DebugDescriptionMacro -sdk /Applications/Xcode-27.0.0-Release.Candidate.app/Contents/Developer/Platforms/WatchOS.platform/Developer/SDKs/WatchOS27.0.sdk -target arm64-apple-watchos26.0 -g -module-cache-path /Users/admin/builder/spi-builder-workspace/.derivedData/ModuleCache.noindex -Xfrontend -serialize-debugging-options -profile-coverage-mapping -profile-generate -enable-testing -suppress-warnings -index-store-path /Users/admin/builder/spi-builder-workspace/.derivedData/Index.noindex/DataStore -Xcc -D_LIBCPP_HARDENING_MODE\=_LIBCPP_HARDENING_MODE_DEBUG -swift-version 6 -I /Users/admin/builder/spi-builder-workspace/.derivedData/Build/Products/Debug-watchos -Isystem /Applications/Xcode-27.0.0-Release.Candidate.app/Contents/Developer/Platforms/WatchOS.platform/Developer/usr/lib -F /Users/admin/builder/spi-builder-workspace/.derivedData/Build/Products/Debug-watchos/PackageFrameworks -F /Users/admin/builder/spi-builder-workspace/.derivedData/Build/Products/Debug-watchos -F /Applications/Xcode-27.0.0-Release.Candidate.app/Contents/Developer/Platforms/WatchOS.platform/Developer/Library/Frameworks -F /Applications/Xcode-27.0.0-Release.Candidate.app/Contents/Developer/Platforms/WatchOS.platform/Developer/SDKs/WatchOS27.0.sdk/Developer/Library/Frameworks -c -j10 -enable-batch-mode -incremental -Xcc -ivfsstatcache -Xcc /Users/admin/builder/spi-builder-workspace/.derivedData/SDKStatCaches.noindex/watchos27.0-24R360-e829b21a6f8c9b70876ba0858053c04477534ef55a1706bf4c1112bbb242f0a2.sdkstatcache -output-file-map /Users/admin/builder/spi-builder-workspace/.derivedData/Build/Intermediates.noindex/SwiftMarkdownUI.build/Debug-watchos/MarkdownUI-t.build/Objects-normal/arm64/MarkdownUI-OutputFileMap.json -save-temps -no-color-diagnostics -explicit-module-build -module-cache-path /Users/admin/builder/spi-builder-workspace/.derivedData/Build/Intermediates.noindex/SwiftExplicitPrecompiledModules -clang-scanner-module-cache-path /Users/admin/builder/spi-builder-workspace/.derivedData/ModuleCache.noindex -sdk-module-cache-path /Users/admin/builder/spi-builder-workspace/.derivedData/SDKExplicitPrecompiledModules -emit-dependencies -emit-module -emit-module-path /Users/admin/builder/spi-builder-workspace/.derivedData/Build/Intermediates.noindex/SwiftMarkdownUI.build/Debug-watchos/MarkdownUI-t.build/Objects-normal/arm64/MarkdownUI.swiftmodule -serialize-diagnostics -dependency-scan-serialize-diagnostics-path /Users/admin/builder/spi-builder-workspace/.derivedData/Build/Intermediates.noindex/SwiftMarkdownUI.build/Debug-watchos/MarkdownUI-t.build/Objects-normal/arm64/MarkdownUI-dependency-scan.dia -user-module-version 0.2.1 -validate-clang-modules-once -clang-build-session-file /Users/admin/builder/spi-builder-workspace/.derivedData/ModuleCache.noindex/Session.modulevalidation -Xcc -fmodules-prune-interval\=86400 -Xcc -fmodules-prune-after\=345600 -package-name swift_markdown_ui -emit-const-values -const-gather-protocols-list /Users/admin/builder/spi-builder-workspace/.derivedData/Build/Intermediates.noindex/SwiftMarkdownUI.build/Debug-watchos/MarkdownUI-t.build/Objects-normal/arm64/MarkdownUI_const_extract_protocols.json -Xcc -I/Users/admin/builder/spi-builder-workspace/.dependencies/checkouts/swift-cmark/src/include -Xcc -I/Users/admin/builder/spi-builder-workspace/.dependencies/checkouts/swift-cmark/extensions/include -Xcc -I/Users/admin/builder/spi-builder-workspace/.dependencies/checkouts/swift-markdown/Sources/CAtomic/include -Xcc -I/Users/admin/builder/spi-builder-workspace/.derivedData/Build/Products/Debug-watchos/include -Xcc -I/Users/admin/builder/spi-builder-workspace/.derivedData/Build/Intermediates.noindex/SwiftMarkdownUI.build/Debug-watchos/MarkdownUI-t.build/DerivedSources-normal/arm64 -Xcc -I/Users/admin/builder/spi-builder-workspace/.derivedData/Build/Intermediates.noindex/SwiftMarkdownUI.build/Debug-watchos/MarkdownUI-t.build/DerivedSources/arm64 -Xcc -I/Users/admin/builder/spi-builder-workspace/.derivedData/Build/Intermediates.noindex/SwiftMarkdownUI.build/Debug-watchos/MarkdownUI-t.build/DerivedSources -Xcc -DSWIFT_PACKAGE -Xcc -DDEBUG\=1 -emit-objc-header -emit-objc-header-path /Users/admin/builder/spi-builder-workspace/.derivedData/Build/Intermediates.noindex/SwiftMarkdownUI.build/Debug-watchos/MarkdownUI-t.build/Objects-normal/arm64/MarkdownUI-Swift.h -working-directory /Users/admin/builder/spi-builder-workspace/.swiftpm/xcode -experimental-emit-module-separately -disable-cmo
SwiftDriver BeautifulMermaid normal arm64 com.apple.xcode.tools.swift.compiler (in target 'BeautifulMermaid' from project 'BeautifulMermaidSwift')
cd /Users/admin/builder/spi-builder-workspace/.swiftpm/xcode
builtin-SwiftDriver -- /Applications/Xcode-27.0.0-Release.Candidate.app/Contents/Developer/Toolchains/XcodeDefault.xctoolchain/usr/bin/swiftc -parse-as-library -module-name BeautifulMermaid -Onone @/Users/admin/builder/spi-builder-workspace/.derivedData/Build/Intermediates.noindex/BeautifulMermaidSwift.build/Debug-watchos/BeautifulMermaid-t.build/Objects-normal/arm64/BeautifulMermaid.SwiftFileList -DSWIFT_PACKAGE -DDEBUG -DSWIFT_MODULE_RESOURCE_BUNDLE_UNAVAILABLE -DXcode -plugin-path /Applications/Xcode-27.0.0-Release.Candidate.app/Contents/Developer/Toolchains/XcodeDefault.xctoolchain/usr/lib/swift/host/plugins/testing -enable-experimental-feature DebugDescriptionMacro -sdk /Applications/Xcode-27.0.0-Release.Candidate.app/Contents/Developer/Platforms/WatchOS.platform/Developer/SDKs/WatchOS27.0.sdk -target arm64-apple-watchos9.0 -g -module-cache-path /Users/admin/builder/spi-builder-workspace/.derivedData/ModuleCache.noindex -Xfrontend -serialize-debugging-options -profile-coverage-mapping -profile-generate -enable-testing -suppress-warnings -index-store-path /Users/admin/builder/spi-builder-workspace/.derivedData/Index.noindex/DataStore -Xcc -D_LIBCPP_HARDENING_MODE\=_LIBCPP_HARDENING_MODE_DEBUG -swift-version 5 -I /Users/admin/builder/spi-builder-workspace/.derivedData/Build/Products/Debug-watchos -Isystem /Applications/Xcode-27.0.0-Release.Candidate.app/Contents/Developer/Platforms/WatchOS.platform/Developer/usr/lib -F /Users/admin/builder/spi-builder-workspace/.derivedData/Build/Products/Debug-watchos/PackageFrameworks -F /Users/admin/builder/spi-builder-workspace/.derivedData/Build/Products/Debug-watchos -F /Applications/Xcode-27.0.0-Release.Candidate.app/Contents/Developer/Platforms/WatchOS.platform/Developer/Library/Frameworks -F /Applications/Xcode-27.0.0-Release.Candidate.app/Contents/Developer/Platforms/WatchOS.platform/Developer/SDKs/WatchOS27.0.sdk/Developer/Library/Frameworks -c -j10 -enable-batch-mode -incremental -Xcc -ivfsstatcache -Xcc /Users/admin/builder/spi-builder-workspace/.derivedData/SDKStatCaches.noindex/watchos27.0-24R360-e829b21a6f8c9b70876ba0858053c04477534ef55a1706bf4c1112bbb242f0a2.sdkstatcache -output-file-map /Users/admin/builder/spi-builder-workspace/.derivedData/Build/Intermediates.noindex/BeautifulMermaidSwift.build/Debug-watchos/BeautifulMermaid-t.build/Objects-normal/arm64/BeautifulMermaid-OutputFileMap.json -save-temps -no-color-diagnostics -explicit-module-build -module-cache-path /Users/admin/builder/spi-builder-workspace/.derivedData/Build/Intermediates.noindex/SwiftExplicitPrecompiledModules -clang-scanner-module-cache-path /Users/admin/builder/spi-builder-workspace/.derivedData/ModuleCache.noindex -sdk-module-cache-path /Users/admin/builder/spi-builder-workspace/.derivedData/SDKExplicitPrecompiledModules -emit-dependencies -emit-module -emit-module-path /Users/admin/builder/spi-builder-workspace/.derivedData/Build/Intermediates.noindex/BeautifulMermaidSwift.build/Debug-watchos/BeautifulMermaid-t.build/Objects-normal/arm64/BeautifulMermaid.swiftmodule -serialize-diagnostics -dependency-scan-serialize-diagnostics-path /Users/admin/builder/spi-builder-workspace/.derivedData/Build/Intermediates.noindex/BeautifulMermaidSwift.build/Debug-watchos/BeautifulMermaid-t.build/Objects-normal/arm64/BeautifulMermaid-dependency-scan.dia -validate-clang-modules-once -clang-build-session-file /Users/admin/builder/spi-builder-workspace/.derivedData/ModuleCache.noindex/Session.modulevalidation -Xcc -fmodules-prune-interval\=86400 -Xcc -fmodules-prune-after\=345600 -package-name beautiful_mermaid_swift -emit-const-values -const-gather-protocols-list /Users/admin/builder/spi-builder-workspace/.derivedData/Build/Intermediates.noindex/BeautifulMermaidSwift.build/Debug-watchos/BeautifulMermaid-t.build/Objects-normal/arm64/BeautifulMermaid_const_extract_protocols.json -Xcc -I/Users/admin/builder/spi-builder-workspace/.derivedData/Build/Products/Debug-watchos/include -Xcc -I/Users/admin/builder/spi-builder-workspace/.derivedData/Build/Intermediates.noindex/BeautifulMermaidSwift.build/Debug-watchos/BeautifulMermaid-t.build/DerivedSources-normal/arm64 -Xcc -I/Users/admin/builder/spi-builder-workspace/.derivedData/Build/Intermediates.noindex/BeautifulMermaidSwift.build/Debug-watchos/BeautifulMermaid-t.build/DerivedSources/arm64 -Xcc -I/Users/admin/builder/spi-builder-workspace/.derivedData/Build/Intermediates.noindex/BeautifulMermaidSwift.build/Debug-watchos/BeautifulMermaid-t.build/DerivedSources -Xcc -DSWIFT_PACKAGE -Xcc -DDEBUG\=1 -emit-objc-header -emit-objc-header-path /Users/admin/builder/spi-builder-workspace/.derivedData/Build/Intermediates.noindex/BeautifulMermaidSwift.build/Debug-watchos/BeautifulMermaid-t.build/Objects-normal/arm64/BeautifulMermaid-Swift.h -working-directory /Users/admin/builder/spi-builder-workspace/.swiftpm/xcode -experimental-emit-module-separately -disable-cmo
SwiftDriver ArtifactRenderer normal arm64_32 com.apple.xcode.tools.swift.compiler (in target 'ArtifactRenderer' from project 'swift-artifact')
cd /Users/admin/builder/spi-builder-workspace/.swiftpm/xcode
builtin-SwiftDriver -- /Applications/Xcode-27.0.0-Release.Candidate.app/Contents/Developer/Toolchains/XcodeDefault.xctoolchain/usr/bin/swiftc -parse-as-library -module-name ArtifactRenderer -Onone @/Users/admin/builder/spi-builder-workspace/.derivedData/Build/Intermediates.noindex/swift-artifact.build/Debug-watchos/ArtifactRenderer-t.build/Objects-normal/arm64_32/ArtifactRenderer.SwiftFileList -DSWIFT_PACKAGE -DDEBUG -DSWIFT_MODULE_RESOURCE_BUNDLE_UNAVAILABLE -DXcode -plugin-path /Applications/Xcode-27.0.0-Release.Candidate.app/Contents/Developer/Toolchains/XcodeDefault.xctoolchain/usr/lib/swift/host/plugins/testing -enable-experimental-feature DebugDescriptionMacro -sdk /Applications/Xcode-27.0.0-Release.Candidate.app/Contents/Developer/Platforms/WatchOS.platform/Developer/SDKs/WatchOS27.0.sdk -target arm64_32-apple-watchos26.0 -g -module-cache-path /Users/admin/builder/spi-builder-workspace/.derivedData/ModuleCache.noindex -Xfrontend -serialize-debugging-options -profile-coverage-mapping -profile-generate -enable-testing -index-store-path /Users/admin/builder/spi-builder-workspace/.derivedData/Index.noindex/DataStore -Xcc -D_LIBCPP_HARDENING_MODE\=_LIBCPP_HARDENING_MODE_DEBUG -swift-version 6 -I /Users/admin/builder/spi-builder-workspace/.derivedData/Build/Products/Debug-watchos -Isystem /Applications/Xcode-27.0.0-Release.Candidate.app/Contents/Developer/Platforms/WatchOS.platform/Developer/usr/lib -F /Users/admin/builder/spi-builder-workspace/.derivedData/Build/Products/Debug-watchos/PackageFrameworks -F /Users/admin/builder/spi-builder-workspace/.derivedData/Build/Products/Debug-watchos -F /Applications/Xcode-27.0.0-Release.Candidate.app/Contents/Developer/Platforms/WatchOS.platform/Developer/Library/Frameworks -F /Applications/Xcode-27.0.0-Release.Candidate.app/Contents/Developer/Platforms/WatchOS.platform/Developer/SDKs/WatchOS27.0.sdk/Developer/Library/Frameworks -c -j10 -enable-batch-mode -incremental -Xcc -ivfsstatcache -Xcc /Users/admin/builder/spi-builder-workspace/.derivedData/SDKStatCaches.noindex/watchos27.0-24R360-e829b21a6f8c9b70876ba0858053c04477534ef55a1706bf4c1112bbb242f0a2.sdkstatcache -output-file-map /Users/admin/builder/spi-builder-workspace/.derivedData/Build/Intermediates.noindex/swift-artifact.build/Debug-watchos/ArtifactRenderer-t.build/Objects-normal/arm64_32/ArtifactRenderer-OutputFileMap.json -save-temps -no-color-diagnostics -explicit-module-build -module-cache-path /Users/admin/builder/spi-builder-workspace/.derivedData/Build/Intermediates.noindex/SwiftExplicitPrecompiledModules -clang-scanner-module-cache-path /Users/admin/builder/spi-builder-workspace/.derivedData/ModuleCache.noindex -sdk-module-cache-path /Users/admin/builder/spi-builder-workspace/.derivedData/SDKExplicitPrecompiledModules -emit-dependencies -emit-module -emit-module-path /Users/admin/builder/spi-builder-workspace/.derivedData/Build/Intermediates.noindex/swift-artifact.build/Debug-watchos/ArtifactRenderer-t.build/Objects-normal/arm64_32/ArtifactRenderer.swiftmodule -serialize-diagnostics -dependency-scan-serialize-diagnostics-path /Users/admin/builder/spi-builder-workspace/.derivedData/Build/Intermediates.noindex/swift-artifact.build/Debug-watchos/ArtifactRenderer-t.build/Objects-normal/arm64_32/ArtifactRenderer-dependency-scan.dia -validate-clang-modules-once -clang-build-session-file /Users/admin/builder/spi-builder-workspace/.derivedData/ModuleCache.noindex/Session.modulevalidation -Xcc -fmodules-prune-interval\=86400 -Xcc -fmodules-prune-after\=345600 -package-name spi_builder_workspace -emit-const-values -const-gather-protocols-list /Users/admin/builder/spi-builder-workspace/.derivedData/Build/Intermediates.noindex/swift-artifact.build/Debug-watchos/ArtifactRenderer-t.build/Objects-normal/arm64_32/ArtifactRenderer_const_extract_protocols.json -Xcc -I/Users/admin/builder/spi-builder-workspace/.derivedData/Build/Products/Debug-watchos/include -Xcc -I/Users/admin/builder/spi-builder-workspace/.derivedData/Build/Intermediates.noindex/swift-artifact.build/Debug-watchos/ArtifactRenderer-t.build/DerivedSources-normal/arm64_32 -Xcc -I/Users/admin/builder/spi-builder-workspace/.derivedData/Build/Intermediates.noindex/swift-artifact.build/Debug-watchos/ArtifactRenderer-t.build/DerivedSources/arm64_32 -Xcc -I/Users/admin/builder/spi-builder-workspace/.derivedData/Build/Intermediates.noindex/swift-artifact.build/Debug-watchos/ArtifactRenderer-t.build/DerivedSources -Xcc -DSWIFT_PACKAGE -Xcc -DDEBUG\=1 -emit-objc-header -emit-objc-header-path /Users/admin/builder/spi-builder-workspace/.derivedData/Build/Intermediates.noindex/swift-artifact.build/Debug-watchos/ArtifactRenderer-t.build/Objects-normal/arm64_32/ArtifactRenderer-Swift.h -working-directory /Users/admin/builder/spi-builder-workspace/.swiftpm/xcode -experimental-emit-module-separately -disable-cmo
SwiftDriver KnowledgeGraphParsers normal arm64 com.apple.xcode.tools.swift.compiler (in target 'KnowledgeGraphParsers' from project 'swift-knowledge-graph')
cd /Users/admin/builder/spi-builder-workspace/.swiftpm/xcode
builtin-SwiftDriver -- /Applications/Xcode-27.0.0-Release.Candidate.app/Contents/Developer/Toolchains/XcodeDefault.xctoolchain/usr/bin/swiftc -parse-as-library -module-name KnowledgeGraphParsers -Onone @/Users/admin/builder/spi-builder-workspace/.derivedData/Build/Intermediates.noindex/swift-knowledge-graph.build/Debug-watchos/KnowledgeGraphParsers-t.build/Objects-normal/arm64/KnowledgeGraphParsers.SwiftFileList -DSWIFT_PACKAGE -DDEBUG -DSWIFT_MODULE_RESOURCE_BUNDLE_UNAVAILABLE -DXcode -plugin-path /Applications/Xcode-27.0.0-Release.Candidate.app/Contents/Developer/Toolchains/XcodeDefault.xctoolchain/usr/lib/swift/host/plugins/testing -enable-experimental-feature DebugDescriptionMacro -sdk /Applications/Xcode-27.0.0-Release.Candidate.app/Contents/Developer/Platforms/WatchOS.platform/Developer/SDKs/WatchOS27.0.sdk -target arm64-apple-watchos26.0 -g -module-cache-path /Users/admin/builder/spi-builder-workspace/.derivedData/ModuleCache.noindex -Xfrontend -serialize-debugging-options -profile-coverage-mapping -profile-generate -enable-testing -suppress-warnings -index-store-path /Users/admin/builder/spi-builder-workspace/.derivedData/Index.noindex/DataStore -Xcc -D_LIBCPP_HARDENING_MODE\=_LIBCPP_HARDENING_MODE_DEBUG -swift-version 6 -I /Users/admin/builder/spi-builder-workspace/.derivedData/Build/Products/Debug-watchos -Isystem /Applications/Xcode-27.0.0-Release.Candidate.app/Contents/Developer/Platforms/WatchOS.platform/Developer/usr/lib -F /Users/admin/builder/spi-builder-workspace/.derivedData/Build/Products/Debug-watchos/PackageFrameworks -F /Users/admin/builder/spi-builder-workspace/.derivedData/Build/Products/Debug-watchos -F /Applications/Xcode-27.0.0-Release.Candidate.app/Contents/Developer/Platforms/WatchOS.platform/Developer/Library/Frameworks -F /Applications/Xcode-27.0.0-Release.Candidate.app/Contents/Developer/Platforms/WatchOS.platform/Developer/SDKs/WatchOS27.0.sdk/Developer/Library/Frameworks -c -j10 -enable-batch-mode -incremental -Xcc -ivfsstatcache -Xcc /Users/admin/builder/spi-builder-workspace/.derivedData/SDKStatCaches.noindex/watchos27.0-24R360-e829b21a6f8c9b70876ba0858053c04477534ef55a1706bf4c1112bbb242f0a2.sdkstatcache -output-file-map /Users/admin/builder/spi-builder-workspace/.derivedData/Build/Intermediates.noindex/swift-knowledge-graph.build/Debug-watchos/KnowledgeGraphParsers-t.build/Objects-normal/arm64/KnowledgeGraphParsers-OutputFileMap.json -save-temps -no-color-diagnostics -explicit-module-build -module-cache-path /Users/admin/builder/spi-builder-workspace/.derivedData/Build/Intermediates.noindex/SwiftExplicitPrecompiledModules -clang-scanner-module-cache-path /Users/admin/builder/spi-builder-workspace/.derivedData/ModuleCache.noindex -sdk-module-cache-path /Users/admin/builder/spi-builder-workspace/.derivedData/SDKExplicitPrecompiledModules -emit-dependencies -emit-module -emit-module-path /Users/admin/builder/spi-builder-workspace/.derivedData/Build/Intermediates.noindex/swift-knowledge-graph.build/Debug-watchos/KnowledgeGraphParsers-t.build/Objects-normal/arm64/KnowledgeGraphParsers.swiftmodule -serialize-diagnostics -dependency-scan-serialize-diagnostics-path /Users/admin/builder/spi-builder-workspace/.derivedData/Build/Intermediates.noindex/swift-knowledge-graph.build/Debug-watchos/KnowledgeGraphParsers-t.build/Objects-normal/arm64/KnowledgeGraphParsers-dependency-scan.dia -user-module-version 0.3.0 -validate-clang-modules-once -clang-build-session-file /Users/admin/builder/spi-builder-workspace/.derivedData/ModuleCache.noindex/Session.modulevalidation -Xcc -fmodules-prune-interval\=86400 -Xcc -fmodules-prune-after\=345600 -package-name swift_knowledge_graph -emit-const-values -const-gather-protocols-list /Users/admin/builder/spi-builder-workspace/.derivedData/Build/Intermediates.noindex/swift-knowledge-graph.build/Debug-watchos/KnowledgeGraphParsers-t.build/Objects-normal/arm64/KnowledgeGraphParsers_const_extract_protocols.json -Xcc -I/Users/admin/builder/spi-builder-workspace/.derivedData/Build/Products/Debug-watchos/include -Xcc -I/Users/admin/builder/spi-builder-workspace/.derivedData/Build/Intermediates.noindex/swift-knowledge-graph.build/Debug-watchos/KnowledgeGraphParsers-t.build/DerivedSources-normal/arm64 -Xcc -I/Users/admin/builder/spi-builder-workspace/.derivedData/Build/Intermediates.noindex/swift-knowledge-graph.build/Debug-watchos/KnowledgeGraphParsers-t.build/DerivedSources/arm64 -Xcc -I/Users/admin/builder/spi-builder-workspace/.derivedData/Build/Intermediates.noindex/swift-knowledge-graph.build/Debug-watchos/KnowledgeGraphParsers-t.build/DerivedSources -Xcc -DSWIFT_PACKAGE -Xcc -DDEBUG\=1 -emit-objc-header -emit-objc-header-path /Users/admin/builder/spi-builder-workspace/.derivedData/Build/Intermediates.noindex/swift-knowledge-graph.build/Debug-watchos/KnowledgeGraphParsers-t.build/Objects-normal/arm64/KnowledgeGraphParsers-Swift.h -working-directory /Users/admin/builder/spi-builder-workspace/.swiftpm/xcode -experimental-emit-module-separately -disable-cmo
SwiftDriver ArtifactRenderer normal arm64 com.apple.xcode.tools.swift.compiler (in target 'ArtifactRenderer' from project 'swift-artifact')
cd /Users/admin/builder/spi-builder-workspace/.swiftpm/xcode
builtin-SwiftDriver -- /Applications/Xcode-27.0.0-Release.Candidate.app/Contents/Developer/Toolchains/XcodeDefault.xctoolchain/usr/bin/swiftc -parse-as-library -module-name ArtifactRenderer -Onone @/Users/admin/builder/spi-builder-workspace/.derivedData/Build/Intermediates.noindex/swift-artifact.build/Debug-watchos/ArtifactRenderer-t.build/Objects-normal/arm64/ArtifactRenderer.SwiftFileList -DSWIFT_PACKAGE -DDEBUG -DSWIFT_MODULE_RESOURCE_BUNDLE_UNAVAILABLE -DXcode -plugin-path /Applications/Xcode-27.0.0-Release.Candidate.app/Contents/Developer/Toolchains/XcodeDefault.xctoolchain/usr/lib/swift/host/plugins/testing -enable-experimental-feature DebugDescriptionMacro -sdk /Applications/Xcode-27.0.0-Release.Candidate.app/Contents/Developer/Platforms/WatchOS.platform/Developer/SDKs/WatchOS27.0.sdk -target arm64-apple-watchos26.0 -g -module-cache-path /Users/admin/builder/spi-builder-workspace/.derivedData/ModuleCache.noindex -Xfrontend -serialize-debugging-options -profile-coverage-mapping -profile-generate -enable-testing -index-store-path /Users/admin/builder/spi-builder-workspace/.derivedData/Index.noindex/DataStore -Xcc -D_LIBCPP_HARDENING_MODE\=_LIBCPP_HARDENING_MODE_DEBUG -swift-version 6 -I /Users/admin/builder/spi-builder-workspace/.derivedData/Build/Products/Debug-watchos -Isystem /Applications/Xcode-27.0.0-Release.Candidate.app/Contents/Developer/Platforms/WatchOS.platform/Developer/usr/lib -F /Users/admin/builder/spi-builder-workspace/.derivedData/Build/Products/Debug-watchos/PackageFrameworks -F /Users/admin/builder/spi-builder-workspace/.derivedData/Build/Products/Debug-watchos -F /Applications/Xcode-27.0.0-Release.Candidate.app/Contents/Developer/Platforms/WatchOS.platform/Developer/Library/Frameworks -F /Applications/Xcode-27.0.0-Release.Candidate.app/Contents/Developer/Platforms/WatchOS.platform/Developer/SDKs/WatchOS27.0.sdk/Developer/Library/Frameworks -c -j10 -enable-batch-mode -incremental -Xcc -ivfsstatcache -Xcc /Users/admin/builder/spi-builder-workspace/.derivedData/SDKStatCaches.noindex/watchos27.0-24R360-e829b21a6f8c9b70876ba0858053c04477534ef55a1706bf4c1112bbb242f0a2.sdkstatcache -output-file-map /Users/admin/builder/spi-builder-workspace/.derivedData/Build/Intermediates.noindex/swift-artifact.build/Debug-watchos/ArtifactRenderer-t.build/Objects-normal/arm64/ArtifactRenderer-OutputFileMap.json -save-temps -no-color-diagnostics -explicit-module-build -module-cache-path /Users/admin/builder/spi-builder-workspace/.derivedData/Build/Intermediates.noindex/SwiftExplicitPrecompiledModules -clang-scanner-module-cache-path /Users/admin/builder/spi-builder-workspace/.derivedData/ModuleCache.noindex -sdk-module-cache-path /Users/admin/builder/spi-builder-workspace/.derivedData/SDKExplicitPrecompiledModules -emit-dependencies -emit-module -emit-module-path /Users/admin/builder/spi-builder-workspace/.derivedData/Build/Intermediates.noindex/swift-artifact.build/Debug-watchos/ArtifactRenderer-t.build/Objects-normal/arm64/ArtifactRenderer.swiftmodule -serialize-diagnostics -dependency-scan-serialize-diagnostics-path /Users/admin/builder/spi-builder-workspace/.derivedData/Build/Intermediates.noindex/swift-artifact.build/Debug-watchos/ArtifactRenderer-t.build/Objects-normal/arm64/ArtifactRenderer-dependency-scan.dia -validate-clang-modules-once -clang-build-session-file /Users/admin/builder/spi-builder-workspace/.derivedData/ModuleCache.noindex/Session.modulevalidation -Xcc -fmodules-prune-interval\=86400 -Xcc -fmodules-prune-after\=345600 -package-name spi_builder_workspace -emit-const-values -const-gather-protocols-list /Users/admin/builder/spi-builder-workspace/.derivedData/Build/Intermediates.noindex/swift-artifact.build/Debug-watchos/ArtifactRenderer-t.build/Objects-normal/arm64/ArtifactRenderer_const_extract_protocols.json -Xcc -I/Users/admin/builder/spi-builder-workspace/.derivedData/Build/Products/Debug-watchos/include -Xcc -I/Users/admin/builder/spi-builder-workspace/.derivedData/Build/Intermediates.noindex/swift-artifact.build/Debug-watchos/ArtifactRenderer-t.build/DerivedSources-normal/arm64 -Xcc -I/Users/admin/builder/spi-builder-workspace/.derivedData/Build/Intermediates.noindex/swift-artifact.build/Debug-watchos/ArtifactRenderer-t.build/DerivedSources/arm64 -Xcc -I/Users/admin/builder/spi-builder-workspace/.derivedData/Build/Intermediates.noindex/swift-artifact.build/Debug-watchos/ArtifactRenderer-t.build/DerivedSources -Xcc -DSWIFT_PACKAGE -Xcc -DDEBUG\=1 -emit-objc-header -emit-objc-header-path /Users/admin/builder/spi-builder-workspace/.derivedData/Build/Intermediates.noindex/swift-artifact.build/Debug-watchos/ArtifactRenderer-t.build/Objects-normal/arm64/ArtifactRenderer-Swift.h -working-directory /Users/admin/builder/spi-builder-workspace/.swiftpm/xcode -experimental-emit-module-separately -disable-cmo
ExtractAppIntentsMetadata (in target 'ElkSwift' from project 'ElkSwift')
cd /Users/admin/builder/spi-builder-workspace/.dependencies/checkouts/elk-swift
/Applications/Xcode-27.0.0-Release.Candidate.app/Contents/Developer/Toolchains/XcodeDefault.xctoolchain/usr/bin/appintentsmetadataprocessor --toolchain-dir /var/run/com.apple.security.cryptexd/mnt/com.apple.MobileAsset.MetalToolchain-v27.1.266.1.LkJlAH/Metal.xctoolchain --module-name ElkSwift --sdk-root /Applications/Xcode-27.0.0-Release.Candidate.app/Contents/Developer/Platforms/WatchOS.platform/Developer/SDKs/WatchOS27.0.sdk --xcode-version 27A266a --platform-family watchOS --deployment-target 9.0 --bundle-identifier elk-swift.ElkSwift --output /Users/admin/builder/spi-builder-workspace/.derivedData/Build/Products/Debug-watchos/ElkSwift.appintents --target-triple arm64-apple-watchos9.0 --target-triple arm64_32-apple-watchos9.0 --binary-file /Users/admin/builder/spi-builder-workspace/.derivedData/Build/Products/Debug-watchos/ElkSwift.o --dependency-file /Users/admin/builder/spi-builder-workspace/.derivedData/Build/Intermediates.noindex/ElkSwift.build/Debug-watchos/ElkSwift-t.build/Objects-normal/arm64/ElkSwift_dependency_info.dat --dependency-file /Users/admin/builder/spi-builder-workspace/.derivedData/Build/Intermediates.noindex/ElkSwift.build/Debug-watchos/ElkSwift-t.build/Objects-normal/arm64_32/ElkSwift_dependency_info.dat --stringsdata-file /Users/admin/builder/spi-builder-workspace/.derivedData/Build/Intermediates.noindex/ElkSwift.build/Debug-watchos/ElkSwift-t.build/Objects-normal/arm64/ExtractedAppShortcutsMetadata.stringsdata --stringsdata-file /Users/admin/builder/spi-builder-workspace/.derivedData/Build/Intermediates.noindex/ElkSwift.build/Debug-watchos/ElkSwift-t.build/Objects-normal/arm64_32/ExtractedAppShortcutsMetadata.stringsdata --source-file-list /Users/admin/builder/spi-builder-workspace/.derivedData/Build/Intermediates.noindex/ElkSwift.build/Debug-watchos/ElkSwift-t.build/Objects-normal/arm64/ElkSwift.SwiftFileList --source-file-list /Users/admin/builder/spi-builder-workspace/.derivedData/Build/Intermediates.noindex/ElkSwift.build/Debug-watchos/ElkSwift-t.build/Objects-normal/arm64_32/ElkSwift.SwiftFileList --metadata-file-list /Users/admin/builder/spi-builder-workspace/.derivedData/Build/Intermediates.noindex/ElkSwift.build/Debug-watchos/ElkSwift-t.build/ElkSwift.DependencyMetadataFileList --static-metadata-file-list /Users/admin/builder/spi-builder-workspace/.derivedData/Build/Intermediates.noindex/ElkSwift.build/Debug-watchos/ElkSwift-t.build/ElkSwift.DependencyStaticMetadataFileList --swift-const-vals-list /Users/admin/builder/spi-builder-workspace/.derivedData/Build/Intermediates.noindex/ElkSwift.build/Debug-watchos/ElkSwift-t.build/Objects-normal/arm64/ElkSwift.SwiftConstValuesFileList --swift-const-vals-list /Users/admin/builder/spi-builder-workspace/.derivedData/Build/Intermediates.noindex/ElkSwift.build/Debug-watchos/ElkSwift-t.build/Objects-normal/arm64_32/ElkSwift.SwiftConstValuesFileList --force --compile-time-extraction --deployment-aware-processing --no-app-shortcuts-localization
2026-09-27 19:37:17.544 appintentsmetadataprocessor[2291:13254] Starting appintentsmetadataprocessor export
2026-09-27 19:37:17.638 appintentsmetadataprocessor[2291:13254] Extracted no relevant App Intents symbols, skipping writing output
SwiftEmitModule normal arm64_32 Emitting\ module\ for\ ArtifactRenderer (in target 'ArtifactRenderer' from project 'swift-artifact')
SwiftCompile normal arm64_32 (in target 'ArtifactRenderer' from project 'swift-artifact')
cd /Users/admin/builder/spi-builder-workspace/.swiftpm/xcode
SwiftEmitModule normal arm64 Emitting\ module\ for\ ArtifactRenderer (in target 'ArtifactRenderer' from project 'swift-artifact')
SwiftCompile normal arm64 (in target 'ArtifactRenderer' from project 'swift-artifact')
cd /Users/admin/builder/spi-builder-workspace/.swiftpm/xcode
SwiftCompile normal arm64_32 Compiling\ ArtifactRendererRegistryResolution.swift /Users/admin/builder/spi-builder-workspace/Sources/ArtifactRenderer/ArtifactRendererRegistryResolution.swift (in target 'ArtifactRenderer' from project 'swift-artifact')
SwiftCompile normal arm64_32 /Users/admin/builder/spi-builder-workspace/Sources/ArtifactRenderer/ArtifactRendererRegistryResolution.swift (in target 'ArtifactRenderer' from project 'swift-artifact')
cd /Users/admin/builder/spi-builder-workspace/.swiftpm/xcode
builtin-SwiftPerFileCompile ArtifactRendererRegistryResolution.swift
SwiftEmitModule normal arm64 Emitting\ module\ for\ SwiftUIScript (in target 'SwiftUIScript' from project 'SwiftUIScript')
SwiftCompile normal arm64 (in target 'SwiftUIScript' from project 'SwiftUIScript')
cd /Users/admin/builder/spi-builder-workspace/.swiftpm/xcode
SwiftEmitModule normal arm64_32 Emitting\ module\ for\ SwiftUIScript (in target 'SwiftUIScript' from project 'SwiftUIScript')
SwiftCompile normal arm64_32 (in target 'SwiftUIScript' from project 'SwiftUIScript')
cd /Users/admin/builder/spi-builder-workspace/.swiftpm/xcode
SwiftCompile normal arm64 Compiling\ NativeValues.swift /Users/admin/builder/spi-builder-workspace/.dependencies/checkouts/SwiftUIScript/Sources/SwiftUIScript/NativeValues.swift (in target 'SwiftUIScript' from project 'SwiftUIScript')
SwiftCompile normal arm64 /Users/admin/builder/spi-builder-workspace/.dependencies/checkouts/SwiftUIScript/Sources/SwiftUIScript/NativeValues.swift (in target 'SwiftUIScript' from project 'SwiftUIScript')
cd /Users/admin/builder/spi-builder-workspace/.swiftpm/xcode
builtin-SwiftPerFileCompile NativeValues.swift
SwiftCompile normal arm64_32 Compiling\ NativeValues.swift /Users/admin/builder/spi-builder-workspace/.dependencies/checkouts/SwiftUIScript/Sources/SwiftUIScript/NativeValues.swift (in target 'SwiftUIScript' from project 'SwiftUIScript')
SwiftCompile normal arm64_32 /Users/admin/builder/spi-builder-workspace/.dependencies/checkouts/SwiftUIScript/Sources/SwiftUIScript/NativeValues.swift (in target 'SwiftUIScript' from project 'SwiftUIScript')
cd /Users/admin/builder/spi-builder-workspace/.swiftpm/xcode
builtin-SwiftPerFileCompile NativeValues.swift
SwiftEmitModule normal arm64 Emitting\ module\ for\ MarkdownUI (in target 'MarkdownUI' from project 'SwiftMarkdownUI')
SwiftCompile normal arm64 (in target 'MarkdownUI' from project 'SwiftMarkdownUI')
cd /Users/admin/builder/spi-builder-workspace/.swiftpm/xcode
SwiftEmitModule normal arm64_32 Emitting\ module\ for\ MarkdownUI (in target 'MarkdownUI' from project 'SwiftMarkdownUI')
SwiftCompile normal arm64_32 (in target 'MarkdownUI' from project 'SwiftMarkdownUI')
cd /Users/admin/builder/spi-builder-workspace/.swiftpm/xcode
SwiftEmitModule normal arm64 Emitting\ module\ for\ KnowledgeGraphParsers (in target 'KnowledgeGraphParsers' from project 'swift-knowledge-graph')
SwiftCompile normal arm64 (in target 'KnowledgeGraphParsers' from project 'swift-knowledge-graph')
cd /Users/admin/builder/spi-builder-workspace/.swiftpm/xcode
SwiftEmitModule normal arm64_32 Emitting\ module\ for\ KnowledgeGraphParsers (in target 'KnowledgeGraphParsers' from project 'swift-knowledge-graph')
SwiftCompile normal arm64_32 (in target 'KnowledgeGraphParsers' from project 'swift-knowledge-graph')
cd /Users/admin/builder/spi-builder-workspace/.swiftpm/xcode
SwiftEmitModule normal arm64 Emitting\ module\ for\ BeautifulMermaid (in target 'BeautifulMermaid' from project 'BeautifulMermaidSwift')
/Users/admin/builder/spi-builder-workspace/.dependencies/checkouts/beautiful-mermaid-swift/Sources/BeautifulMermaidSwift/CrossPlatform.swift:28:27: error: 'UIView' is unavailable in watchOS
26 | #elseif canImport(UIKit)
27 | import UIKit
28 | public typealias BMView = UIView
| `- error: 'UIView' is unavailable in watchOS
29 | public typealias BMColor = UIColor
30 | public typealias BMBezierPath = UIBezierPath
/Applications/Xcode-27.0.0-Release.Candidate.app/Contents/Developer/Platforms/WatchOS.platform/Developer/SDKs/WatchOS27.0.sdk/System/Library/Frameworks/UIKit.framework/Headers/UIView.h:152:12: note: 'UIView' has been explicitly marked unavailable here
150 |
151 | UIKIT_EXTERN API_AVAILABLE(ios(2.0)) API_UNAVAILABLE(watchos) NS_SWIFT_UI_ACTOR
152 | @interface UIView : UIResponder <NSCoding, UIAppearance, UIAppearanceContainer, UIDynamicItem, UITraitEnvironment, UICoordinateSpace, UIFocusItem, UIFocusItemContainer, CALayerDelegate>
| `- note: 'UIView' has been explicitly marked unavailable here
153 |
154 | @property(class, nonatomic, readonly) Class layerClass; // default is [CALayer class]. Used when creating the underlying layer for the view.
/Users/admin/builder/spi-builder-workspace/.dependencies/checkouts/beautiful-mermaid-swift/Sources/BeautifulMermaidSwift/Views/MermaidDiagramView.swift:8:35: error: cannot find type 'UIViewRepresentable' in scope
6 | /// A SwiftUI view that renders a Mermaid diagram.
7 | @available(iOS 16.0, macCatalyst 16.0, visionOS 1.0, *)
8 | public struct MermaidDiagramView: UIViewRepresentable {
| `- error: cannot find type 'UIViewRepresentable' in scope
9 | private let source: String
10 | private let theme: DiagramTheme
/Users/admin/builder/spi-builder-workspace/.dependencies/checkouts/beautiful-mermaid-swift/Sources/BeautifulMermaidSwift/Views/MermaidDiagramView.swift:29:37: error: cannot find type 'Context' in scope
27 | }
28 |
29 | public func makeUIView(context: Context) -> MermaidView {
| `- error: cannot find type 'Context' in scope
30 | let view = MermaidView()
31 | view.theme = theme
/Users/admin/builder/spi-builder-workspace/.dependencies/checkouts/beautiful-mermaid-swift/Sources/BeautifulMermaidSwift/Views/MermaidDiagramView.swift:37:60: error: cannot find type 'Context' in scope
35 | }
36 |
37 | public func updateUIView(_ view: MermaidView, context: Context) {
| `- error: cannot find type 'Context' in scope
38 | if view.theme != theme {
39 | view.theme = theme
/Users/admin/builder/spi-builder-workspace/.dependencies/checkouts/beautiful-mermaid-swift/Sources/BeautifulMermaidSwift/Views/MermaidLayer.swift:24:28: error: 'CALayer' is unavailable in watchOS
22 | /// A CALayer subclass that manages the Mermaid diagram rendering pipeline:
23 | /// parse -> layout -> draw.
24 | public class MermaidLayer: CALayer {
| `- error: 'CALayer' is unavailable in watchOS
25 |
26 | // MARK: - Public Properties
/Applications/Xcode-27.0.0-Release.Candidate.app/Contents/Developer/Platforms/WatchOS.platform/Developer/SDKs/WatchOS27.0.sdk/System/Library/Frameworks/QuartzCore.framework/Headers/CALayer.h:117:12: note: 'CALayer' has been explicitly marked unavailable here
115 |
116 | API_AVAILABLE(macos(10.5), ios(2.0), tvos(9.0)) API_UNAVAILABLE(watchos)
117 | @interface CALayer : NSObject <NSSecureCoding, CAMediaTiming>
| `- note: 'CALayer' has been explicitly marked unavailable here
118 |
119 | /** Layer creation and initialization. **/
/Users/admin/builder/spi-builder-workspace/.dependencies/checkouts/beautiful-mermaid-swift/Sources/BeautifulMermaidSwift/Views/MermaidView.swift:9:27: error: 'UIView' is unavailable in watchOS
7 |
8 | /// A UIView subclass that renders Mermaid diagrams
9 | public class MermaidView: UIView {
| `- error: 'UIView' is unavailable in watchOS
10 |
11 | public let mermaidLayer: MermaidLayer
/Applications/Xcode-27.0.0-Release.Candidate.app/Contents/Developer/Platforms/WatchOS.platform/Developer/SDKs/WatchOS27.0.sdk/System/Library/Frameworks/UIKit.framework/Headers/UIView.h:152:12: note: 'UIView' has been explicitly marked unavailable here
150 |
151 | UIKIT_EXTERN API_AVAILABLE(ios(2.0)) API_UNAVAILABLE(watchos) NS_SWIFT_UI_ACTOR
152 | @interface UIView : UIResponder <NSCoding, UIAppearance, UIAppearanceContainer, UIDynamicItem, UITraitEnvironment, UICoordinateSpace, UIFocusItem, UIFocusItemContainer, CALayerDelegate>
| `- note: 'UIView' has been explicitly marked unavailable here
153 |
154 | @property(class, nonatomic, readonly) Class layerClass; // default is [CALayer class]. Used when creating the underlying layer for the view.
Failed frontend command:
/Applications/Xcode-27.0.0-Release.Candidate.app/Contents/Developer/Toolchains/XcodeDefault.xctoolchain/usr/bin/swift-frontend -frontend -emit-module -experimental-skip-non-inlinable-function-bodies-without-types /Users/admin/builder/spi-builder-workspace/.dependencies/checkouts/beautiful-mermaid-swift/Sources/BeautifulMermaidSwift/BeautifulMermaid.swift /Users/admin/builder/spi-builder-workspace/.dependencies/checkouts/beautiful-mermaid-swift/Sources/BeautifulMermaidSwift/CrossPlatform.swift /Users/admin/builder/spi-builder-workspace/.dependencies/checkouts/beautiful-mermaid-swift/Sources/BeautifulMermaidSwift/ImageRenderer.swift /Users/admin/builder/spi-builder-workspace/.dependencies/checkouts/beautiful-mermaid-swift/Sources/BeautifulMermaidSwift/Layout.swift /Users/admin/builder/spi-builder-workspace/.dependencies/checkouts/beautiful-mermaid-swift/Sources/BeautifulMermaidSwift/Mermaid/src_ascii_ansi.swift /Users/admin/builder/spi-builder-workspace/.dependencies/checkouts/beautiful-mermaid-swift/Sources/BeautifulMermaidSwift/Mermaid/src_ascii_canvas.swift /Users/admin/builder/spi-builder-workspace/.dependencies/checkouts/beautiful-mermaid-swift/Sources/BeautifulMermaidSwift/Mermaid/src_ascii_class_diagram.swift /Users/admin/builder/spi-builder-workspace/.dependencies/checkouts/beautiful-mermaid-swift/Sources/BeautifulMermaidSwift/Mermaid/src_ascii_converter.swift /Users/admin/builder/spi-builder-workspace/.dependencies/checkouts/beautiful-mermaid-swift/Sources/BeautifulMermaidSwift/Mermaid/src_ascii_draw.swift /Users/admin/builder/spi-builder-workspace/.dependencies/checkouts/beautiful-mermaid-swift/Sources/BeautifulMermaidSwift/Mermaid/src_ascii_edge_bundling.swift /Users/admin/builder/spi-builder-workspace/.dependencies/checkouts/beautiful-mermaid-swift/Sources/BeautifulMermaidSwift/Mermaid/src_ascii_edge_routing.swift /Users/admin/builder/spi-builder-workspace/.dependencies/checkouts/beautiful-mermaid-swift/Sources/BeautifulMermaidSwift/Mermaid/src_ascii_er_diagram.swift /Users/admin/builder/spi-builder-workspace/.dependencies/checkouts/beautiful-mermaid-swift/Sources/BeautifulMermaidSwift/Mermaid/src_ascii_grid.swift /Users/admin/builder/spi-builder-workspace/.dependencies/checkouts/beautiful-mermaid-swift/Sources/BeautifulMermaidSwift/Mermaid/src_ascii_index.swift /Users/admin/builder/spi-builder-workspace/.dependencies/checkouts/beautiful-mermaid-swift/Sources/BeautifulMermaidSwift/Mermaid/src_ascii_multiline_utils.swift /Users/admin/builder/spi-builder-workspace/.dependencies/checkouts/beautiful-mermaid-swift/Sources/BeautifulMermaidSwift/Mermaid/src_ascii_pathfinder.swift /Users/admin/builder/spi-builder-workspace/.dependencies/checkouts/beautiful-mermaid-swift/Sources/BeautifulMermaidSwift/Mermaid/src_ascii_sequence.swift /Users/admin/builder/spi-builder-workspace/.dependencies/checkouts/beautiful-mermaid-swift/Sources/BeautifulMermaidSwift/Mermaid/src_ascii_shapes_circle.swift /Users/admin/builder/spi-builder-workspace/.dependencies/checkouts/beautiful-mermaid-swift/Sources/BeautifulMermaidSwift/Mermaid/src_ascii_shapes_corners.swift /Users/admin/builder/spi-builder-workspace/.dependencies/checkouts/beautiful-mermaid-swift/Sources/BeautifulMermaidSwift/Mermaid/src_ascii_shapes_diamond.swift /Users/admin/builder/spi-builder-workspace/.dependencies/checkouts/beautiful-mermaid-swift/Sources/BeautifulMermaidSwift/Mermaid/src_ascii_shapes_hexagon.swift /Users/admin/builder/spi-builder-workspace/.dependencies/checkouts/beautiful-mermaid-swift/Sources/BeautifulMermaidSwift/Mermaid/src_ascii_shapes_index.swift /Users/admin/builder/spi-builder-workspace/.dependencies/checkouts/beautiful-mermaid-swift/Sources/BeautifulMermaidSwift/Mermaid/src_ascii_shapes_rectangle.swift /Users/admin/builder/spi-builder-workspace/.dependencies/checkouts/beautiful-mermaid-swift/Sources/BeautifulMermaidSwift/Mermaid/src_ascii_shapes_rounded.swift /Users/admin/builder/spi-builder-workspace/.dependencies/checkouts/beautiful-mermaid-swift/Sources/BeautifulMermaidSwift/Mermaid/src_ascii_shapes_special.swift /Users/admin/builder/spi-builder-workspace/.dependencies/checkouts/beautiful-mermaid-swift/Sources/BeautifulMermaidSwift/Mermaid/src_ascii_shapes_stadium.swift /Users/admin/builder/spi-builder-workspace/.dependencies/checkouts/beautiful-mermaid-swift/Sources/BeautifulMermaidSwift/Mermaid/src_ascii_shapes_state.swift /Users/admin/builder/spi-builder-workspace/.dependencies/checkouts/beautiful-mermaid-swift/Sources/BeautifulMermaidSwift/Mermaid/src_ascii_shapes_types.swift /Users/admin/builder/spi-builder-workspace/.dependencies/checkouts/beautiful-mermaid-swift/Sources/BeautifulMermaidSwift/Mermaid/src_ascii_types.swift /Users/admin/builder/spi-builder-workspace/.dependencies/checkouts/beautiful-mermaid-swift/Sources/BeautifulMermaidSwift/Mermaid/src_ascii_validate.swift /Users/admin/builder/spi-builder-workspace/.dependencies/checkouts/beautiful-mermaid-swift/Sources/BeautifulMermaidSwift/Mermaid/src_ascii_xychart.swift /Users/admin/builder/spi-builder-workspace/.dependencies/checkouts/beautiful-mermaid-swift/Sources/BeautifulMermaidSwift/Mermaid/src_class_layout.swift /Users/admin/builder/spi-builder-workspace/.dependencies/checkouts/beautiful-mermaid-swift/Sources/BeautifulMermaidSwift/Mermaid/src_class_parser.swift /Users/admin/builder/spi-builder-workspace/.dependencies/checkouts/beautiful-mermaid-swift/Sources/BeautifulMermaidSwift/Mermaid/src_class_renderer.swift /Users/admin/builder/spi-builder-workspace/.dependencies/checkouts/beautiful-mermaid-swift/Sources/BeautifulMermaidSwift/Mermaid/src_class_types.swift /Users/admin/builder/spi-builder-workspace/.dependencies/checkouts/beautiful-mermaid-swift/Sources/BeautifulMermaidSwift/Mermaid/src_elk_instance.swift /Users/admin/builder/spi-builder-workspace/.dependencies/checkouts/beautiful-mermaid-swift/Sources/BeautifulMermaidSwift/Mermaid/src_er_layout.swift /Users/admin/builder/spi-builder-workspace/.dependencies/checkouts/beautiful-mermaid-swift/Sources/BeautifulMermaidSwift/Mermaid/src_er_parser.swift /Users/admin/builder/spi-builder-workspace/.dependencies/checkouts/beautiful-mermaid-swift/Sources/BeautifulMermaidSwift/Mermaid/src_er_renderer.swift /Users/admin/builder/spi-builder-workspace/.dependencies/checkouts/beautiful-mermaid-swift/Sources/BeautifulMermaidSwift/Mermaid/src_er_types.swift /Users/admin/builder/spi-builder-workspace/.dependencies/checkouts/beautiful-mermaid-swift/Sources/BeautifulMermaidSwift/Mermaid/src_index.swift /Users/admin/builder/spi-builder-workspace/.dependencies/checkouts/beautiful-mermaid-swift/Sources/BeautifulMermaidSwift/Mermaid/src_layout.swift /Users/admin/builder/spi-builder-workspace/.dependencies/checkouts/beautiful-mermaid-swift/Sources/BeautifulMermaidSwift/Mermaid/src_multiline_utils.swift /Users/admin/builder/spi-builder-workspace/.dependencies/checkouts/beautiful-mermaid-swift/Sources/BeautifulMermaidSwift/Mermaid/src_parser.swift /Users/admin/builder/spi-builder-workspace/.dependencies/checkouts/beautiful-mermaid-swift/Sources/BeautifulMermaidSwift/Mermaid/src_renderer.swift /Users/admin/builder/spi-builder-workspace/.dependencies/checkouts/beautiful-mermaid-swift/Sources/BeautifulMermaidSwift/Mermaid/src_sequence_layout.swift /Users/admin/builder/spi-builder-workspace/.dependencies/checkouts/beautiful-mermaid-swift/Sources/BeautifulMermaidSwift/Mermaid/src_sequence_parser.swift /Users/admin/builder/spi-builder-workspace/.dependencies/checkouts/beautiful-mermaid-swift/Sources/BeautifulMermaidSwift/Mermaid/src_sequence_renderer.swift /Users/admin/builder/spi-builder-workspace/.dependencies/checkouts/beautiful-mermaid-swift/Sources/BeautifulMermaidSwift/Mermaid/src_sequence_types.swift /Users/admin/builder/spi-builder-workspace/.dependencies/checkouts/beautiful-mermaid-swift/Sources/BeautifulMermaidSwift/Mermaid/src_shape_clipping.swift /Users/admin/builder/spi-builder-workspace/.dependencies/checkouts/beautiful-mermaid-swift/Sources/BeautifulMermaidSwift/Mermaid/src_styles.swift /Users/admin/builder/spi-builder-workspace/.dependencies/checkouts/beautiful-mermaid-swift/Sources/BeautifulMermaidSwift/Mermaid/src_text_metrics.swift /Users/admin/builder/spi-builder-workspace/.dependencies/checkouts/beautiful-mermaid-swift/Sources/BeautifulMermaidSwift/Mermaid/src_theme.swift /Users/admin/builder/spi-builder-workspace/.dependencies/checkouts/beautiful-mermaid-swift/Sources/BeautifulMermaidSwift/Mermaid/src_types.swift /Users/admin/builder/spi-builder-workspace/.dependencies/checkouts/beautiful-mermaid-swift/Sources/BeautifulMermaidSwift/Mermaid/src_xychart_colors.swift /Users/admin/builder/spi-builder-workspace/.dependencies/checkouts/beautiful-mermaid-swift/Sources/BeautifulMermaidSwift/Mermaid/src_xychart_layout.swift /Users/admin/builder/spi-builder-workspace/.dependencies/checkouts/beautiful-mermaid-swift/Sources/BeautifulMermaidSwift/Mermaid/src_xychart_parser.swift /Users/admin/builder/spi-builder-workspace/.dependencies/checkouts/beautiful-mermaid-swift/Sources/BeautifulMermaidSwift/Mermaid/src_xychart_renderer.swift /Users/admin/builder/spi-builder-workspace/.dependencies/checkouts/beautiful-mermaid-swift/Sources/BeautifulMermaidSwift/Mermaid/src_xychart_types.swift /Users/admin/builder/spi-builder-workspace/.dependencies/checkouts/beautiful-mermaid-swift/Sources/BeautifulMermaidSwift/Parser.swift /Users/admin/builder/spi-builder-workspace/.dependencies/checkouts/beautiful-mermaid-swift/Sources/BeautifulMermaidSwift/Render/ArrowRenderer.swift /Users/admin/builder/spi-builder-workspace/.dependencies/checkouts/beautiful-mermaid-swift/Sources/BeautifulMermaidSwift/Render/DiagramRenderer+Class.swift /Users/admin/builder/spi-builder-workspace/.dependencies/checkouts/beautiful-mermaid-swift/Sources/BeautifulMermaidSwift/Render/DiagramRenderer+ER.swift /Users/admin/builder/spi-builder-workspace/.dependencies/checkouts/beautiful-mermaid-swift/Sources/BeautifulMermaidSwift/Render/DiagramRenderer+Flow.swift /Users/admin/builder/spi-builder-workspace/.dependencies/checkouts/beautiful-mermaid-swift/Sources/BeautifulMermaidSwift/Render/DiagramRenderer+Sequence.swift /Users/admin/builder/spi-builder-workspace/.dependencies/checkouts/beautiful-mermaid-swift/Sources/BeautifulMermaidSwift/Render/DiagramRenderer+XYChart.swift /Users/admin/builder/spi-builder-workspace/.dependencies/checkouts/beautiful-mermaid-swift/Sources/BeautifulMermaidSwift/Render/DiagramRenderer.swift /Users/admin/builder/spi-builder-workspace/.dependencies/checkouts/beautiful-mermaid-swift/Sources/BeautifulMermaidSwift/Render/EdgeRenderer.swift /Users/admin/builder/spi-builder-workspace/.dependencies/checkouts/beautiful-mermaid-swift/Sources/BeautifulMermaidSwift/Render/LabelRenderer.swift /Users/admin/builder/spi-builder-workspace/.dependencies/checkouts/beautiful-mermaid-swift/Sources/BeautifulMermaidSwift/Render/RenderAdapters.swift /Users/admin/builder/spi-builder-workspace/.dependencies/checkouts/beautiful-mermaid-swift/Sources/BeautifulMermaidSwift/Render/RenderConfig.swift /Users/admin/builder/spi-builder-workspace/.dependencies/checkouts/beautiful-mermaid-swift/Sources/BeautifulMermaidSwift/Render/SVGHelpers.swift /Users/admin/builder/spi-builder-workspace/.dependencies/checkouts/beautiful-mermaid-swift/Sources/BeautifulMermaidSwift/Render/ShapeRenderer.swift /Users/admin/builder/spi-builder-workspace/.dependencies/checkouts/beautiful-mermaid-swift/Sources/BeautifulMermaidSwift/Theme.swift /Users/admin/builder/spi-builder-workspace/.dependencies/checkouts/beautiful-mermaid-swift/Sources/BeautifulMermaidSwift/Types.swift /Users/admin/builder/spi-builder-workspace/.dependencies/checkouts/beautiful-mermaid-swift/Sources/BeautifulMermaidSwift/Views/MermaidDiagram.swift /Users/admin/builder/spi-builder-workspace/.dependencies/checkouts/beautiful-mermaid-swift/Sources/BeautifulMermaidSwift/Views/MermaidDiagramView.swift /Users/admin/builder/spi-builder-workspace/.dependencies/checkouts/beautiful-mermaid-swift/Sources/BeautifulMermaidSwift/Views/MermaidLayer.swift /Users/admin/builder/spi-builder-workspace/.dependencies/checkouts/beautiful-mermaid-swift/Sources/BeautifulMermaidSwift/Views/MermaidView.swift -target arm64-apple-watchos9.0 -module-can-import-version Darwin 428.0.10 0 -module-can-import-version UIKit 9127.0.84.1 9127.0.84 -disable-cross-import-overlay-search -swift-module-cross-import Darwin /Applications/Xcode-27.0.0-Release.Candidate.app/Contents/Developer/Platforms/WatchOS.platform/Developer/SDKs/WatchOS.sdk/usr/include/Darwin.swiftcrossimport/xlocale.swiftoverlay -load-resolved-plugin /Applications/Xcode-27.0.0-Release.Candidate.app/Contents/Developer/Platforms/WatchOS.platform/Developer/usr/lib/swift/host/plugins/libFoundationMacros.dylib\#/Applications/Xcode-27.0.0-Release.Candidate.app/Contents/Developer/Platforms/WatchOS.platform/Developer/usr/bin/swift-plugin-server\#FoundationMacros -load-resolved-plugin /Applications/Xcode-27.0.0-Release.Candidate.app/Contents/Developer/Platforms/WatchOS.platform/Developer/usr/lib/swift/host/plugins/libObservationMacros.dylib\#/Applications/Xcode-27.0.0-Release.Candidate.app/Contents/Developer/Platforms/WatchOS.platform/Developer/usr/bin/swift-plugin-server\#ObservationMacros -load-resolved-plugin /Applications/Xcode-27.0.0-Release.Candidate.app/Contents/Developer/Platforms/WatchOS.platform/Developer/usr/lib/swift/host/plugins/libPreviewsMacros.dylib\#/Applications/Xcode-27.0.0-Release.Candidate.app/Contents/Developer/Platforms/WatchOS.platform/Developer/usr/bin/swift-plugin-server\#PreviewsMacros -load-resolved-plugin /Applications/Xcode-27.0.0-Release.Candidate.app/Contents/Developer/Platforms/WatchOS.platform/Developer/usr/lib/swift/host/plugins/libSwiftMacros.dylib\#/Applications/Xcode-27.0.0-Release.Candidate.app/Contents/Developer/Platforms/WatchOS.platform/Developer/usr/bin/swift-plugin-server\#SwiftMacros -load-resolved-plugin /Applications/Xcode-27.0.0-Release.Candidate.app/Contents/Developer/Platforms/WatchOS.platform/Developer/usr/lib/swift/host/plugins/libSwiftUIMacros.dylib\#/Applications/Xcode-27.0.0-Release.Candidate.app/Contents/Developer/Platforms/WatchOS.platform/Developer/usr/bin/swift-plugin-server\#SwiftUIMacros -disable-implicit-swift-modules -Xcc -fno-implicit-modules -Xcc -fno-implicit-module-maps -explicit-swift-module-map-file /Users/admin/builder/spi-builder-workspace/.derivedData/Build/Intermediates.noindex/BeautifulMermaidSwift.build/Debug-watchos/BeautifulMermaid-t.build/Objects-normal/arm64/BeautifulMermaid-dependencies-1.json -Xllvm -aarch64-use-tbi -enable-objc-interop -stack-check -sdk /Applications/Xcode-27.0.0-Release.Candidate.app/Contents/Developer/Platforms/WatchOS.platform/Developer/SDKs/WatchOS27.0.sdk -I /Users/admin/builder/spi-builder-workspace/.derivedData/Build/Products/Debug-watchos -Isystem /Applications/Xcode-27.0.0-Release.Candidate.app/Contents/Developer/Platforms/WatchOS.platform/Developer/usr/lib -F /Users/admin/builder/spi-builder-workspace/.derivedData/Build/Products/Debug-watchos/PackageFrameworks -F /Users/admin/builder/spi-builder-workspace/.derivedData/Build/Products/Debug-watchos -F /Applications/Xcode-27.0.0-Release.Candidate.app/Contents/Developer/Platforms/WatchOS.platform/Developer/Library/Frameworks -F /Applications/Xcode-27.0.0-Release.Candidate.app/Contents/Developer/Platforms/WatchOS.platform/Developer/SDKs/WatchOS27.0.sdk/Developer/Library/Frameworks -module-cache-path /Users/admin/builder/spi-builder-workspace/.derivedData/Build/Intermediates.noindex/SwiftExplicitPrecompiledModules -no-color-diagnostics -Xcc -fno-color-diagnostics -enable-testing -g -debug-info-format\=dwarf -dwarf-version\=4 -suppress-warnings -profile-generate -profile-coverage-mapping -swift-version 5 -Onone -D SWIFT_PACKAGE -D DEBUG -D SWIFT_MODULE_RESOURCE_BUNDLE_UNAVAILABLE -D Xcode -serialize-debugging-options -enable-experimental-feature DebugDescriptionMacro -empty-abi-descriptor -validate-clang-modules-once -clang-build-session-file /Users/admin/builder/spi-builder-workspace/.derivedData/ModuleCache.noindex/Session.modulevalidation -Xcc -working-directory -Xcc /Users/admin/builder/spi-builder-workspace/.swiftpm/xcode -enable-anonymous-context-mangled-names -file-compilation-dir /Users/admin/builder/spi-builder-workspace/.swiftpm/xcode -Xcc -D_LIBCPP_HARDENING_MODE\=_LIBCPP_HARDENING_MODE_DEBUG -Xcc -ivfsstatcache -Xcc /Users/admin/builder/spi-builder-workspace/.derivedData/SDKStatCaches.noindex/watchos27.0-24R360-e829b21a6f8c9b70876ba0858053c04477534ef55a1706bf4c1112bbb242f0a2.sdkstatcache -Xcc -fmodules-prune-interval\=86400 -Xcc -fmodules-prune-after\=345600 -Xcc -I/Users/admin/builder/spi-builder-workspace/.derivedData/Build/Products/Debug-watchos/include -Xcc -I/Users/admin/builder/spi-builder-workspace/.derivedData/Build/Intermediates.noindex/BeautifulMermaidSwift.build/Debug-watchos/BeautifulMermaid-t.build/DerivedSources-normal/arm64 -Xcc -I/Users/admin/builder/spi-builder-workspace/.derivedData/Build/Intermediates.noindex/BeautifulMermaidSwift.build/Debug-watchos/BeautifulMermaid-t.build/DerivedSources/arm64 -Xcc -I/Users/admin/builder/spi-builder-workspace/.derivedData/Build/Intermediates.noindex/BeautifulMermaidSwift.build/Debug-watchos/BeautifulMermaid-t.build/DerivedSources -Xcc -DSWIFT_PACKAGE -Xcc -DDEBUG\=1 -no-auto-bridging-header-chaining -module-name BeautifulMermaid -package-name beautiful_mermaid_swift -const-gather-protocols-file /Users/admin/builder/spi-builder-workspace/.derivedData/Build/Intermediates.noindex/BeautifulMermaidSwift.build/Debug-watchos/BeautifulMermaid-t.build/Objects-normal/arm64/BeautifulMermaid_const_extract_protocols.json -disable-clang-spi -clang-target arm64-apple-watchos27.0 -target-sdk-version 27.0 -target-sdk-name watchos27.0 -in-process-plugin-server-path /Applications/Xcode-27.0.0-Release.Candidate.app/Contents/Developer/Toolchains/XcodeDefault.xctoolchain/usr/lib/swift/host/libSwiftInProcPluginServer.dylib -emit-module-doc-path /Users/admin/builder/spi-builder-workspace/.derivedData/Build/Intermediates.noindex/BeautifulMermaidSwift.build/Debug-watchos/BeautifulMermaid-t.build/Objects-normal/arm64/BeautifulMermaid.swiftdoc -emit-module-source-info-path /Users/admin/builder/spi-builder-workspace/.derivedData/Build/Intermediates.noindex/BeautifulMermaidSwift.build/Debug-watchos/BeautifulMermaid-t.build/Objects-normal/arm64/BeautifulMermaid.swiftsourceinfo -emit-objc-header-path /Users/admin/builder/spi-builder-workspace/.derivedData/Build/Intermediates.noindex/BeautifulMermaidSwift.build/Debug-watchos/BeautifulMermaid-t.build/Objects-normal/arm64/BeautifulMermaid-Swift.h -serialize-diagnostics-path /Users/admin/builder/spi-builder-workspace/.derivedData/Build/Intermediates.noindex/BeautifulMermaidSwift.build/Debug-watchos/BeautifulMermaid-t.build/Objects-normal/arm64/BeautifulMermaid-primary-emit-module.dia -emit-dependencies-path /Users/admin/builder/spi-builder-workspace/.derivedData/Build/Intermediates.noindex/BeautifulMermaidSwift.build/Debug-watchos/BeautifulMermaid-t.build/Objects-normal/arm64/BeautifulMermaid-primary-emit-module.d -parse-as-library -o /Users/admin/builder/spi-builder-workspace/.derivedData/Build/Intermediates.noindex/BeautifulMermaidSwift.build/Debug-watchos/BeautifulMermaid-t.build/Objects-normal/arm64/BeautifulMermaid.swiftmodule -emit-abi-descriptor-path /Users/admin/builder/spi-builder-workspace/.derivedData/Build/Intermediates.noindex/BeautifulMermaidSwift.build/Debug-watchos/BeautifulMermaid-t.build/Objects-normal/arm64/BeautifulMermaid.abi.json
SwiftCompile normal arm64 (in target 'BeautifulMermaid' from project 'BeautifulMermaidSwift')
cd /Users/admin/builder/spi-builder-workspace/.swiftpm/xcode
SwiftEmitModule normal arm64_32 Emitting\ module\ for\ BeautifulMermaid (in target 'BeautifulMermaid' from project 'BeautifulMermaidSwift')
/Users/admin/builder/spi-builder-workspace/.dependencies/checkouts/beautiful-mermaid-swift/Sources/BeautifulMermaidSwift/CrossPlatform.swift:28:27: error: 'UIView' is unavailable in watchOS
26 | #elseif canImport(UIKit)
27 | import UIKit
28 | public typealias BMView = UIView
| `- error: 'UIView' is unavailable in watchOS
29 | public typealias BMColor = UIColor
30 | public typealias BMBezierPath = UIBezierPath
/Applications/Xcode-27.0.0-Release.Candidate.app/Contents/Developer/Platforms/WatchOS.platform/Developer/SDKs/WatchOS27.0.sdk/System/Library/Frameworks/UIKit.framework/Headers/UIView.h:152:12: note: 'UIView' has been explicitly marked unavailable here
150 |
151 | UIKIT_EXTERN API_AVAILABLE(ios(2.0)) API_UNAVAILABLE(watchos) NS_SWIFT_UI_ACTOR
152 | @interface UIView : UIResponder <NSCoding, UIAppearance, UIAppearanceContainer, UIDynamicItem, UITraitEnvironment, UICoordinateSpace, UIFocusItem, UIFocusItemContainer, CALayerDelegate>
| `- note: 'UIView' has been explicitly marked unavailable here
153 |
154 | @property(class, nonatomic, readonly) Class layerClass; // default is [CALayer class]. Used when creating the underlying layer for the view.
/Users/admin/builder/spi-builder-workspace/.dependencies/checkouts/beautiful-mermaid-swift/Sources/BeautifulMermaidSwift/Views/MermaidDiagramView.swift:8:35: error: cannot find type 'UIViewRepresentable' in scope
6 | /// A SwiftUI view that renders a Mermaid diagram.
7 | @available(iOS 16.0, macCatalyst 16.0, visionOS 1.0, *)
8 | public struct MermaidDiagramView: UIViewRepresentable {
| `- error: cannot find type 'UIViewRepresentable' in scope
9 | private let source: String
10 | private let theme: DiagramTheme
/Users/admin/builder/spi-builder-workspace/.dependencies/checkouts/beautiful-mermaid-swift/Sources/BeautifulMermaidSwift/Views/MermaidDiagramView.swift:29:37: error: cannot find type 'Context' in scope
27 | }
28 |
29 | public func makeUIView(context: Context) -> MermaidView {
| `- error: cannot find type 'Context' in scope
30 | let view = MermaidView()
31 | view.theme = theme
/Users/admin/builder/spi-builder-workspace/.dependencies/checkouts/beautiful-mermaid-swift/Sources/BeautifulMermaidSwift/Views/MermaidDiagramView.swift:37:60: error: cannot find type 'Context' in scope
35 | }
36 |
37 | public func updateUIView(_ view: MermaidView, context: Context) {
| `- error: cannot find type 'Context' in scope
38 | if view.theme != theme {
39 | view.theme = theme
SwiftCompile normal arm64_32 (in target 'BeautifulMermaid' from project 'BeautifulMermaidSwift')
cd /Users/admin/builder/spi-builder-workspace/.swiftpm/xcode
SwiftDriverJobDiscovery normal arm64_32 Compiling ArtifactRendererRegistryResolution.swift (in target 'ArtifactRenderer' from project 'swift-artifact')
SwiftCompile normal arm64 Compiling\ ScriptView.swift /Users/admin/builder/spi-builder-workspace/.dependencies/checkouts/SwiftUIScript/Sources/SwiftUIScript/ScriptView.swift (in target 'SwiftUIScript' from project 'SwiftUIScript')
SwiftCompile normal arm64 /Users/admin/builder/spi-builder-workspace/.dependencies/checkouts/SwiftUIScript/Sources/SwiftUIScript/ScriptView.swift (in target 'SwiftUIScript' from project 'SwiftUIScript')
cd /Users/admin/builder/spi-builder-workspace/.swiftpm/xcode
builtin-SwiftPerFileCompile ScriptView.swift
SwiftCompile normal arm64_32 Compiling\ ScriptView.swift /Users/admin/builder/spi-builder-workspace/.dependencies/checkouts/SwiftUIScript/Sources/SwiftUIScript/ScriptView.swift (in target 'SwiftUIScript' from project 'SwiftUIScript')
SwiftCompile normal arm64_32 /Users/admin/builder/spi-builder-workspace/.dependencies/checkouts/SwiftUIScript/Sources/SwiftUIScript/ScriptView.swift (in target 'SwiftUIScript' from project 'SwiftUIScript')
cd /Users/admin/builder/spi-builder-workspace/.swiftpm/xcode
builtin-SwiftPerFileCompile ScriptView.swift
SwiftCompile normal arm64 Compiling\ MarkdownImageView.swift /Users/admin/builder/spi-builder-workspace/.dependencies/checkouts/swift-markdown-ui/Sources/MarkdownUI/MarkdownImageView.swift (in target 'MarkdownUI' from project 'SwiftMarkdownUI')
SwiftCompile normal arm64 /Users/admin/builder/spi-builder-workspace/.dependencies/checkouts/swift-markdown-ui/Sources/MarkdownUI/MarkdownImageView.swift (in target 'MarkdownUI' from project 'SwiftMarkdownUI')
cd /Users/admin/builder/spi-builder-workspace/.swiftpm/xcode
builtin-SwiftPerFileCompile MarkdownImageView.swift
SwiftCompile normal arm64_32 Compiling\ MarkdownView.swift /Users/admin/builder/spi-builder-workspace/.dependencies/checkouts/swift-markdown-ui/Sources/MarkdownUI/MarkdownView.swift (in target 'MarkdownUI' from project 'SwiftMarkdownUI')
/Users/admin/builder/spi-builder-workspace/.dependencies/checkouts/swift-markdown-ui/Sources/MarkdownUI/MarkdownView.swift:29:10: error: 'textSelection' is unavailable in watchOS
27 | }
28 | .tint(resolvedStyle.accentColor)
29 | .textSelection(.enabled)
| `- error: 'textSelection' is unavailable in watchOS
30 | }
31 |
SwiftUI.View.textSelection:2:25: note: 'textSelection' has been explicitly marked unavailable here
1 | protocol View {
2 | nonisolated public func textSelection<S>(_ selectability: S) -> some View where S : TextSelectability
| `- note: 'textSelection' has been explicitly marked unavailable here
3 | }
4 |
SwiftCompile normal arm64_32 /Users/admin/builder/spi-builder-workspace/.dependencies/checkouts/swift-markdown-ui/Sources/MarkdownUI/MarkdownView.swift (in target 'MarkdownUI' from project 'SwiftMarkdownUI')
cd /Users/admin/builder/spi-builder-workspace/.swiftpm/xcode
builtin-SwiftPerFileCompile MarkdownView.swift
SwiftCompile normal arm64 Compiling\ MarkdownView.swift /Users/admin/builder/spi-builder-workspace/.dependencies/checkouts/swift-markdown-ui/Sources/MarkdownUI/MarkdownView.swift (in target 'MarkdownUI' from project 'SwiftMarkdownUI')
/Users/admin/builder/spi-builder-workspace/.dependencies/checkouts/swift-markdown-ui/Sources/MarkdownUI/MarkdownView.swift:29:10: error: 'textSelection' is unavailable in watchOS
27 | }
28 | .tint(resolvedStyle.accentColor)
29 | .textSelection(.enabled)
| `- error: 'textSelection' is unavailable in watchOS
30 | }
31 |
SwiftUI.View.textSelection:2:25: note: 'textSelection' has been explicitly marked unavailable here
1 | protocol View {
2 | nonisolated public func textSelection<S>(_ selectability: S) -> some View where S : TextSelectability
| `- note: 'textSelection' has been explicitly marked unavailable here
3 | }
4 |
SwiftCompile normal arm64 /Users/admin/builder/spi-builder-workspace/.dependencies/checkouts/swift-markdown-ui/Sources/MarkdownUI/MarkdownView.swift (in target 'MarkdownUI' from project 'SwiftMarkdownUI')
cd /Users/admin/builder/spi-builder-workspace/.swiftpm/xcode
builtin-SwiftPerFileCompile MarkdownView.swift
SwiftCompile normal arm64_32 Compiling\ MarkdownNativeTextEditor.swift /Users/admin/builder/spi-builder-workspace/.dependencies/checkouts/swift-markdown-ui/Sources/MarkdownUI/MarkdownNativeTextEditor.swift (in target 'MarkdownUI' from project 'SwiftMarkdownUI')
SwiftCompile normal arm64_32 /Users/admin/builder/spi-builder-workspace/.dependencies/checkouts/swift-markdown-ui/Sources/MarkdownUI/MarkdownNativeTextEditor.swift (in target 'MarkdownUI' from project 'SwiftMarkdownUI')
cd /Users/admin/builder/spi-builder-workspace/.swiftpm/xcode
builtin-SwiftPerFileCompile MarkdownNativeTextEditor.swift
SwiftCompile normal arm64 Compiling\ MarkdownBlock.swift /Users/admin/builder/spi-builder-workspace/.dependencies/checkouts/swift-markdown-ui/Sources/MarkdownUI/MarkdownBlock.swift (in target 'MarkdownUI' from project 'SwiftMarkdownUI')
SwiftCompile normal arm64 /Users/admin/builder/spi-builder-workspace/.dependencies/checkouts/swift-markdown-ui/Sources/MarkdownUI/MarkdownBlock.swift (in target 'MarkdownUI' from project 'SwiftMarkdownUI')
cd /Users/admin/builder/spi-builder-workspace/.swiftpm/xcode
builtin-SwiftPerFileCompile MarkdownBlock.swift
PruneExplicitPrecompiledModules /Users/admin/builder/spi-builder-workspace/.derivedData/Build/Intermediates.noindex/SwiftExplicitPrecompiledModules
PruneExplicitPrecompiledModules /Users/admin/builder/spi-builder-workspace/.derivedData/Build/Intermediates.noindex/ExplicitPrecompiledModules
PruneExplicitPrecompiledModules /Users/admin/builder/spi-builder-workspace/.derivedData/SDKExplicitPrecompiledModules
2026-09-27 19:37:13.502 xcodebuild[2283:13062] [MT] IDERunDestination: Supported platforms for the buildables in the current scheme is empty.
** BUILD FAILED **
The following build commands failed:
SwiftEmitModule normal arm64 Emitting\ module\ for\ BeautifulMermaid (in target 'BeautifulMermaid' from project 'BeautifulMermaidSwift')
SwiftCompile normal arm64 (in target 'BeautifulMermaid' from project 'BeautifulMermaidSwift')
Building workspace swift-artifact with scheme swift-artifact-Package
(3 failures)
BUILD FAILURE 6.4 watchOS