The Swift Package Index logo.Swift Package Index

Build Information

Failed to build SwiftPatterns, reference 4.5.1 (7223d0), with Swift 6.4 for visionOS using Xcode 27.0 on 22 Sep 2026 20:53:22 UTC.

Build Command

env DEVELOPER_DIR=/Applications/Xcode-27.0.0-Release.Candidate.app xcrun xcodebuild -IDEClonedSourcePackagesDirPathOverride=$PWD/.dependencies -skipMacroValidation -skipPackagePluginValidation -derivedDataPath $PWD/.derivedData build -scheme SwiftPatterns -destination generic/platform=xrOS

Build Log

========================================
RunAll
========================================
Builder version: 5.1.0
Interrupt handler set up.
========================================
Checkout
========================================
Clone URL: https://github.com/benspratling4/SwiftPatterns.git
Reference: 4.5.1
Initialized empty Git repository in /Users/admin/builder/spi-builder-workspace/.git/
From https://github.com/benspratling4/SwiftPatterns
 * tag               4.5.1      -> FETCH_HEAD
HEAD is now at 7223d0f Fix crash bug in replacing attributed strings.
Cloned https://github.com/benspratling4/SwiftPatterns.git
Revision (git rev-parse @):
7223d0f3908c3504d18dcdaa129664b347db318e
SUCCESS checkout https://github.com/benspratling4/SwiftPatterns.git at 4.5.1
========================================
Build
========================================
Selected platform:         visionOS
Swift version:             6.4
Building package at path:  $PWD
https://github.com/benspratling4/SwiftPatterns.git
Command line invocation:
    /Applications/Xcode-27.0.0-Release.Candidate.app/Contents/Developer/usr/bin/xcodebuild -IDEClonedSourcePackagesDirPathOverride=/Users/admin/builder/spi-builder-workspace/.dependencies -resolvePackageDependencies
Resolve Package Graph
Resolve Package Graph
Resolved source packages:
  SwiftPatterns: /Users/admin/builder/spi-builder-workspace
resolved source packages: SwiftPatterns
2026-09-22 16:52:28.029 xcodebuild[529:3014] [MT] IDERunDestination: Supported platforms for the buildables in the current scheme is empty.
{
  "dependencies" : [
  ],
  "manifest_display_name" : "SwiftPatterns",
  "name" : "SwiftPatterns",
  "path" : "/Users/admin/builder/spi-builder-workspace",
  "platforms" : [
  ],
  "products" : [
    {
      "name" : "SwiftPatterns",
      "targets" : [
        "SwiftPatterns"
      ],
      "type" : {
        "library" : [
          "dynamic"
        ]
      }
    }
  ],
  "swift_languages_versions" : [
    "5"
  ],
  "targets" : [
    {
      "c99name" : "SwiftPatternsTests",
      "module_type" : "SwiftTarget",
      "name" : "SwiftPatternsTests",
      "path" : "Tests/SwiftPatternsTests",
      "sources" : [
        "ArrayDropLastWhileTests.swift",
        "ChangeSetTests.swift",
        "JSONPrimitiveTests.swift",
        "LogSearchTests.swift",
        "SkippingDecodeErrorsTests.swift",
        "String+fixes_Tests.swift",
        "String+replaceWithPrecautionaryWhitespaceTests.swift",
        "StringCharacterSetTests.swift",
        "XMLItemTests.swift"
      ],
      "target_dependencies" : [
        "SwiftPatterns"
      ],
      "type" : "test"
    },
    {
      "c99name" : "SwiftPatterns",
      "module_type" : "SwiftTarget",
      "name" : "SwiftPatterns",
      "path" : "Sources/SwiftPatterns",
      "product_memberships" : [
        "SwiftPatterns"
      ],
      "sources" : [
        "Alert.swift",
        "Array+StableUniqueValues.swift",
        "Array+dropLastWhile.swift",
        "ChangeSet.swift",
        "Cursor.swift",
        "DataExtraction.swift",
        "DirectoryMonitor.swift",
        "DynamicCodingKeys.swift",
        "Int+Bits.swift",
        "JSONPrimitive.swift",
        "LocalFileSource.swift",
        "LogSearch.swift",
        "Math.swift",
        "MediatedAccess.swift",
        "PriorityQueue.swift",
        "QueuedVar.swift",
        "SerializedResourceWrapping.swift",
        "SkippingDecodeErrors.swift",
        "String+CharacterSet+replacements.swift",
        "String+fixes.swift",
        "String+insertWithPrecautionaryWhitespace.swift",
        "URL+ExtendedAttributes.swift",
        "URL+relativePaths.swift",
        "WeightedNode.swift",
        "XMLItem.swift"
      ],
      "type" : "library"
    }
  ],
  "tools_version" : "5.3"
}
{
  "workspace" : {
    "name" : "SwiftPatterns",
    "schemes" : [
      "SwiftPatterns"
    ]
  }
}
2026-09-22 16:53:11.126 xcodebuild[647:4144] [MT] IDERunDestination: Supported platforms for the buildables in the current scheme is empty.
Running build ...
env DEVELOPER_DIR=/Applications/Xcode-27.0.0-Release.Candidate.app xcrun xcodebuild -IDEClonedSourcePackagesDirPathOverride=$PWD/.dependencies -skipMacroValidation -skipPackagePluginValidation -derivedDataPath $PWD/.derivedData build -scheme SwiftPatterns -destination generic/platform=xrOS
Command line invocation:
    /Applications/Xcode-27.0.0-Release.Candidate.app/Contents/Developer/usr/bin/xcodebuild -IDEClonedSourcePackagesDirPathOverride=/Users/admin/builder/spi-builder-workspace/.dependencies -skipMacroValidation -skipPackagePluginValidation -derivedDataPath /Users/admin/builder/spi-builder-workspace/.derivedData build -scheme SwiftPatterns -destination generic/platform=xrOS
Resolve Package Graph
Resolved source packages:
  SwiftPatterns: /Users/admin/builder/spi-builder-workspace
ComputePackagePrebuildTargetDependencyGraph
Prepare packages
CreateBuildRequest
SendProjectDescription
CreateBuildOperation
ComputeTargetDependencyGraph
note: Building targets in dependency order
note: Target dependency graph (2 targets)
    Target 'SwiftPatterns-product' in project 'SwiftPatterns'
        ➜ Explicit dependency on target 'SwiftPatterns' in project 'SwiftPatterns'
    Target 'SwiftPatterns' in project 'SwiftPatterns' (no dependencies)
GatherProvisioningInputs
CreateBuildDescription
ExecuteExternalTool /Applications/Xcode-27.0.0-Release.Candidate.app/Contents/Developer/Toolchains/XcodeDefault.xctoolchain/usr/bin/swiftc --version
ExecuteExternalTool /Applications/Xcode-27.0.0-Release.Candidate.app/Contents/Developer/Toolchains/XcodeDefault.xctoolchain/usr/bin/clang -v -E -dM -isysroot /Applications/Xcode-27.0.0-Release.Candidate.app/Contents/Developer/Platforms/XROS.platform/Developer/SDKs/XROS27.0.sdk -x c -c /dev/null
ExecuteExternalTool /Applications/Xcode-27.0.0-Release.Candidate.app/Contents/Developer/Toolchains/XcodeDefault.xctoolchain/usr/bin/ld -version_details
Build description signature: a4230118001be846506d63df0fcba8ba
Build description path: /Users/admin/builder/spi-builder-workspace/.derivedData/Build/Intermediates.noindex/XCBuildData/a4230118001be846506d63df0fcba8ba.xcbuilddata
CreateBuildDirectory /Users/admin/builder/spi-builder-workspace/.derivedData/SDKExplicitPrecompiledModules
    cd /Users/admin/builder/spi-builder-workspace/.swiftpm/xcode
    builtin-create-build-directory /Users/admin/builder/spi-builder-workspace/.derivedData/SDKExplicitPrecompiledModules
CreateBuildDirectory /Users/admin/builder/spi-builder-workspace/.derivedData/ModuleCache.noindex
    cd /Users/admin/builder/spi-builder-workspace/.swiftpm/xcode
    builtin-create-build-directory /Users/admin/builder/spi-builder-workspace/.derivedData/ModuleCache.noindex
CreateBuildDirectory /Users/admin/builder/spi-builder-workspace/.derivedData/CompilationCache.noindex
    cd /Users/admin/builder/spi-builder-workspace/.swiftpm/xcode
    builtin-create-build-directory /Users/admin/builder/spi-builder-workspace/.derivedData/CompilationCache.noindex
CreateBuildDirectory /Users/admin/builder/spi-builder-workspace/.derivedData/Build/Intermediates.noindex
    cd /Users/admin/builder/spi-builder-workspace/.swiftpm/xcode
    builtin-create-build-directory /Users/admin/builder/spi-builder-workspace/.derivedData/Build/Intermediates.noindex
CreateBuildDirectory /Users/admin/builder/spi-builder-workspace/.derivedData/Build/Products
    cd /Users/admin/builder/spi-builder-workspace/.swiftpm/xcode
    builtin-create-build-directory /Users/admin/builder/spi-builder-workspace/.derivedData/Build/Products
ClangStatCache /Applications/Xcode-27.0.0-Release.Candidate.app/Contents/Developer/Toolchains/XcodeDefault.xctoolchain/usr/bin/clang-stat-cache /Applications/Xcode-27.0.0-Release.Candidate.app/Contents/Developer/Platforms/XROS.platform/Developer/SDKs/XROS27.0.sdk /Users/admin/builder/spi-builder-workspace/.derivedData/SDKStatCaches.noindex/xros27.0-24M361-e829b21a6f8c9b70876ba0858053c044735bd543db762f57723cac368afd1ce4.sdkstatcache
    cd /Users/admin/builder/spi-builder-workspace/.swiftpm/xcode
    /Applications/Xcode-27.0.0-Release.Candidate.app/Contents/Developer/Toolchains/XcodeDefault.xctoolchain/usr/bin/clang-stat-cache /Applications/Xcode-27.0.0-Release.Candidate.app/Contents/Developer/Platforms/XROS.platform/Developer/SDKs/XROS27.0.sdk -o /Users/admin/builder/spi-builder-workspace/.derivedData/SDKStatCaches.noindex/xros27.0-24M361-e829b21a6f8c9b70876ba0858053c044735bd543db762f57723cac368afd1ce4.sdkstatcache
CreateBuildDirectory /Users/admin/builder/spi-builder-workspace/.derivedData/Build/Intermediates.noindex/SwiftExplicitPrecompiledModules
    cd /Users/admin/builder/spi-builder-workspace/.swiftpm/xcode
    builtin-create-build-directory /Users/admin/builder/spi-builder-workspace/.derivedData/Build/Intermediates.noindex/SwiftExplicitPrecompiledModules
CreateBuildDirectory /Users/admin/builder/spi-builder-workspace/.derivedData/Build/Intermediates.noindex/ExplicitPrecompiledModules
    cd /Users/admin/builder/spi-builder-workspace/.swiftpm/xcode
    builtin-create-build-directory /Users/admin/builder/spi-builder-workspace/.derivedData/Build/Intermediates.noindex/ExplicitPrecompiledModules
CreateBuildDirectory /Users/admin/builder/spi-builder-workspace/.derivedData/Build/Intermediates.noindex/PrecompiledHeaders
    cd /Users/admin/builder/spi-builder-workspace/.swiftpm/xcode
    builtin-create-build-directory /Users/admin/builder/spi-builder-workspace/.derivedData/Build/Intermediates.noindex/PrecompiledHeaders
CreateBuildDirectory /Users/admin/builder/spi-builder-workspace/.derivedData/Build/Products/Debug-xros
    cd /Users/admin/builder/spi-builder-workspace/.swiftpm/xcode
    builtin-create-build-directory /Users/admin/builder/spi-builder-workspace/.derivedData/Build/Products/Debug-xros
CreateBuildDirectory /Users/admin/builder/spi-builder-workspace/.derivedData/Build/Intermediates.noindex/EagerLinkingTBDs/Debug-xros
    cd /Users/admin/builder/spi-builder-workspace/.swiftpm/xcode
    builtin-create-build-directory /Users/admin/builder/spi-builder-workspace/.derivedData/Build/Intermediates.noindex/EagerLinkingTBDs/Debug-xros
CreateBuildDirectory /Users/admin/builder/spi-builder-workspace/.derivedData/Build/Products/Debug-xros/PackageFrameworks
    cd /Users/admin/builder/spi-builder-workspace/.swiftpm/xcode
    builtin-create-build-directory /Users/admin/builder/spi-builder-workspace/.derivedData/Build/Products/Debug-xros/PackageFrameworks
MkDir /Users/admin/builder/spi-builder-workspace/.derivedData/Build/Products/Debug-xros/PackageFrameworks/SwiftPatterns.framework (in target 'SwiftPatterns-product' from project 'SwiftPatterns')
    cd /Users/admin/builder/spi-builder-workspace
    /bin/mkdir -p /Users/admin/builder/spi-builder-workspace/.derivedData/Build/Products/Debug-xros/PackageFrameworks/SwiftPatterns.framework
WriteAuxiliaryFile /Users/admin/builder/spi-builder-workspace/.derivedData/Build/Intermediates.noindex/SwiftPatterns.build/Debug-xros/SwiftPatterns-product-t.build/SwiftPatterns.DependencyStaticMetadataFileList (in target 'SwiftPatterns-product' from project 'SwiftPatterns')
    cd /Users/admin/builder/spi-builder-workspace
    write-file /Users/admin/builder/spi-builder-workspace/.derivedData/Build/Intermediates.noindex/SwiftPatterns.build/Debug-xros/SwiftPatterns-product-t.build/SwiftPatterns.DependencyStaticMetadataFileList
WriteAuxiliaryFile /Users/admin/builder/spi-builder-workspace/.derivedData/Build/Intermediates.noindex/SwiftPatterns.build/Debug-xros/SwiftPatterns-product-t.build/empty-SwiftPatterns.plist (in target 'SwiftPatterns-product' from project 'SwiftPatterns')
    cd /Users/admin/builder/spi-builder-workspace
    write-file /Users/admin/builder/spi-builder-workspace/.derivedData/Build/Intermediates.noindex/SwiftPatterns.build/Debug-xros/SwiftPatterns-product-t.build/empty-SwiftPatterns.plist
WriteAuxiliaryFile /Users/admin/builder/spi-builder-workspace/.derivedData/Build/Intermediates.noindex/SwiftPatterns.build/Debug-xros/SwiftPatterns-product-t.build/SwiftPatterns.DependencyMetadataFileList (in target 'SwiftPatterns-product' from project 'SwiftPatterns')
    cd /Users/admin/builder/spi-builder-workspace
    write-file /Users/admin/builder/spi-builder-workspace/.derivedData/Build/Intermediates.noindex/SwiftPatterns.build/Debug-xros/SwiftPatterns-product-t.build/SwiftPatterns.DependencyMetadataFileList
WriteAuxiliaryFile /Users/admin/builder/spi-builder-workspace/.derivedData/Build/Intermediates.noindex/SwiftPatterns.build/Debug-xros/SwiftPatterns-product-t.build/Objects-normal/arm64/SwiftPatterns.LinkFileList (in target 'SwiftPatterns-product' from project 'SwiftPatterns')
    cd /Users/admin/builder/spi-builder-workspace
    write-file /Users/admin/builder/spi-builder-workspace/.derivedData/Build/Intermediates.noindex/SwiftPatterns.build/Debug-xros/SwiftPatterns-product-t.build/Objects-normal/arm64/SwiftPatterns.LinkFileList
WriteAuxiliaryFile /Users/admin/builder/spi-builder-workspace/.derivedData/Build/Intermediates.noindex/SwiftPatterns.build/Debug-xros/SwiftPatterns-t.build/SwiftPatterns.DependencyStaticMetadataFileList (in target 'SwiftPatterns' from project 'SwiftPatterns')
    cd /Users/admin/builder/spi-builder-workspace
    write-file /Users/admin/builder/spi-builder-workspace/.derivedData/Build/Intermediates.noindex/SwiftPatterns.build/Debug-xros/SwiftPatterns-t.build/SwiftPatterns.DependencyStaticMetadataFileList
WriteAuxiliaryFile /Users/admin/builder/spi-builder-workspace/.derivedData/Build/Intermediates.noindex/SwiftPatterns.build/Debug-xros/SwiftPatterns-t.build/SwiftPatterns.modulemap (in target 'SwiftPatterns' from project 'SwiftPatterns')
    cd /Users/admin/builder/spi-builder-workspace
    write-file /Users/admin/builder/spi-builder-workspace/.derivedData/Build/Intermediates.noindex/SwiftPatterns.build/Debug-xros/SwiftPatterns-t.build/SwiftPatterns.modulemap
WriteAuxiliaryFile /Users/admin/builder/spi-builder-workspace/.derivedData/Build/Intermediates.noindex/SwiftPatterns.build/Debug-xros/SwiftPatterns-t.build/SwiftPatterns.DependencyMetadataFileList (in target 'SwiftPatterns' from project 'SwiftPatterns')
    cd /Users/admin/builder/spi-builder-workspace
    write-file /Users/admin/builder/spi-builder-workspace/.derivedData/Build/Intermediates.noindex/SwiftPatterns.build/Debug-xros/SwiftPatterns-t.build/SwiftPatterns.DependencyMetadataFileList
WriteAuxiliaryFile /Users/admin/builder/spi-builder-workspace/.derivedData/Build/Intermediates.noindex/SwiftPatterns.build/Debug-xros/SwiftPatterns-t.build/Objects-normal/arm64/SwiftPatterns_const_extract_protocols.json (in target 'SwiftPatterns' from project 'SwiftPatterns')
    cd /Users/admin/builder/spi-builder-workspace
    write-file /Users/admin/builder/spi-builder-workspace/.derivedData/Build/Intermediates.noindex/SwiftPatterns.build/Debug-xros/SwiftPatterns-t.build/Objects-normal/arm64/SwiftPatterns_const_extract_protocols.json
WriteAuxiliaryFile /Users/admin/builder/spi-builder-workspace/.derivedData/Build/Intermediates.noindex/SwiftPatterns.build/Debug-xros/SwiftPatterns-t.build/Objects-normal/arm64/SwiftPatterns.SwiftFileList (in target 'SwiftPatterns' from project 'SwiftPatterns')
    cd /Users/admin/builder/spi-builder-workspace
    write-file /Users/admin/builder/spi-builder-workspace/.derivedData/Build/Intermediates.noindex/SwiftPatterns.build/Debug-xros/SwiftPatterns-t.build/Objects-normal/arm64/SwiftPatterns.SwiftFileList
WriteAuxiliaryFile /Users/admin/builder/spi-builder-workspace/.derivedData/Build/Intermediates.noindex/SwiftPatterns.build/Debug-xros/SwiftPatterns-t.build/Objects-normal/arm64/SwiftPatterns.SwiftConstValuesFileList (in target 'SwiftPatterns' from project 'SwiftPatterns')
    cd /Users/admin/builder/spi-builder-workspace
    write-file /Users/admin/builder/spi-builder-workspace/.derivedData/Build/Intermediates.noindex/SwiftPatterns.build/Debug-xros/SwiftPatterns-t.build/Objects-normal/arm64/SwiftPatterns.SwiftConstValuesFileList
WriteAuxiliaryFile /Users/admin/builder/spi-builder-workspace/.derivedData/Build/Intermediates.noindex/SwiftPatterns.build/Debug-xros/SwiftPatterns-t.build/Objects-normal/arm64/SwiftPatterns.LinkFileList (in target 'SwiftPatterns' from project 'SwiftPatterns')
    cd /Users/admin/builder/spi-builder-workspace
    write-file /Users/admin/builder/spi-builder-workspace/.derivedData/Build/Intermediates.noindex/SwiftPatterns.build/Debug-xros/SwiftPatterns-t.build/Objects-normal/arm64/SwiftPatterns.LinkFileList
WriteAuxiliaryFile /Users/admin/builder/spi-builder-workspace/.derivedData/Build/Intermediates.noindex/SwiftPatterns.build/Debug-xros/SwiftPatterns-t.build/Objects-normal/arm64/SwiftPatterns-OutputFileMap.json (in target 'SwiftPatterns' from project 'SwiftPatterns')
    cd /Users/admin/builder/spi-builder-workspace
    write-file /Users/admin/builder/spi-builder-workspace/.derivedData/Build/Intermediates.noindex/SwiftPatterns.build/Debug-xros/SwiftPatterns-t.build/Objects-normal/arm64/SwiftPatterns-OutputFileMap.json
Copy /Users/admin/builder/spi-builder-workspace/.derivedData/Build/Intermediates.noindex/GeneratedModuleMaps-xros/SwiftPatterns.modulemap /Users/admin/builder/spi-builder-workspace/.derivedData/Build/Intermediates.noindex/SwiftPatterns.build/Debug-xros/SwiftPatterns-t.build/SwiftPatterns.modulemap (in target 'SwiftPatterns' from project 'SwiftPatterns')
    cd /Users/admin/builder/spi-builder-workspace
    builtin-copy -exclude .DS_Store -exclude CVS -exclude .svn -exclude .git -exclude .hg -resolve-src-symlinks /Users/admin/builder/spi-builder-workspace/.derivedData/Build/Intermediates.noindex/SwiftPatterns.build/Debug-xros/SwiftPatterns-t.build/SwiftPatterns.modulemap /Users/admin/builder/spi-builder-workspace/.derivedData/Build/Intermediates.noindex/GeneratedModuleMaps-xros
SwiftDriver SwiftPatterns normal arm64 com.apple.xcode.tools.swift.compiler (in target 'SwiftPatterns' from project 'SwiftPatterns')
    cd /Users/admin/builder/spi-builder-workspace/.swiftpm/xcode
    builtin-SwiftDriver -- /Applications/Xcode-27.0.0-Release.Candidate.app/Contents/Developer/Toolchains/XcodeDefault.xctoolchain/usr/bin/swiftc -parse-as-library -module-name SwiftPatterns -Onone @/Users/admin/builder/spi-builder-workspace/.derivedData/Build/Intermediates.noindex/SwiftPatterns.build/Debug-xros/SwiftPatterns-t.build/Objects-normal/arm64/SwiftPatterns.SwiftFileList -DSWIFT_PACKAGE -DDEBUG -DSWIFT_MODULE_RESOURCE_BUNDLE_UNAVAILABLE -DXcode -plugin-path /Applications/Xcode-27.0.0-Release.Candidate.app/Contents/Developer/Toolchains/XcodeDefault.xctoolchain/usr/lib/swift/host/plugins/testing -enable-experimental-feature DebugDescriptionMacro -sdk /Applications/Xcode-27.0.0-Release.Candidate.app/Contents/Developer/Platforms/XROS.platform/Developer/SDKs/XROS27.0.sdk -target arm64-apple-xros1.0 -g -module-cache-path /Users/admin/builder/spi-builder-workspace/.derivedData/ModuleCache.noindex -Xfrontend -serialize-debugging-options -profile-coverage-mapping -profile-generate -enable-testing -index-store-path /Users/admin/builder/spi-builder-workspace/.derivedData/Index.noindex/DataStore -Xcc -D_LIBCPP_HARDENING_MODE\=_LIBCPP_HARDENING_MODE_DEBUG -swift-version 5 -I /Users/admin/builder/spi-builder-workspace/.derivedData/Build/Products/Debug-xros -Isystem /Applications/Xcode-27.0.0-Release.Candidate.app/Contents/Developer/Platforms/XROS.platform/Developer/usr/lib -F /Users/admin/builder/spi-builder-workspace/.derivedData/Build/Products/Debug-xros -F /Applications/Xcode-27.0.0-Release.Candidate.app/Contents/Developer/Platforms/XROS.platform/Developer/Library/Frameworks -F /Applications/Xcode-27.0.0-Release.Candidate.app/Contents/Developer/Platforms/XROS.platform/Developer/SDKs/XROS27.0.sdk/Developer/Library/Frameworks -c -j10 -enable-batch-mode -incremental -Xcc -ivfsstatcache -Xcc /Users/admin/builder/spi-builder-workspace/.derivedData/SDKStatCaches.noindex/xros27.0-24M361-e829b21a6f8c9b70876ba0858053c044735bd543db762f57723cac368afd1ce4.sdkstatcache -output-file-map /Users/admin/builder/spi-builder-workspace/.derivedData/Build/Intermediates.noindex/SwiftPatterns.build/Debug-xros/SwiftPatterns-t.build/Objects-normal/arm64/SwiftPatterns-OutputFileMap.json -save-temps -no-color-diagnostics -explicit-module-build -module-cache-path /Users/admin/builder/spi-builder-workspace/.derivedData/Build/Intermediates.noindex/SwiftExplicitPrecompiledModules -clang-scanner-module-cache-path /Users/admin/builder/spi-builder-workspace/.derivedData/ModuleCache.noindex -sdk-module-cache-path /Users/admin/builder/spi-builder-workspace/.derivedData/SDKExplicitPrecompiledModules -emit-dependencies -emit-module -emit-module-path /Users/admin/builder/spi-builder-workspace/.derivedData/Build/Intermediates.noindex/SwiftPatterns.build/Debug-xros/SwiftPatterns-t.build/Objects-normal/arm64/SwiftPatterns.swiftmodule -serialize-diagnostics -dependency-scan-serialize-diagnostics-path /Users/admin/builder/spi-builder-workspace/.derivedData/Build/Intermediates.noindex/SwiftPatterns.build/Debug-xros/SwiftPatterns-t.build/Objects-normal/arm64/SwiftPatterns-dependency-scan.dia -validate-clang-modules-once -clang-build-session-file /Users/admin/builder/spi-builder-workspace/.derivedData/ModuleCache.noindex/Session.modulevalidation -Xcc -fmodules-prune-interval\=86400 -Xcc -fmodules-prune-after\=345600 -emit-const-values -const-gather-protocols-list /Users/admin/builder/spi-builder-workspace/.derivedData/Build/Intermediates.noindex/SwiftPatterns.build/Debug-xros/SwiftPatterns-t.build/Objects-normal/arm64/SwiftPatterns_const_extract_protocols.json -Xcc -I/Users/admin/builder/spi-builder-workspace/.derivedData/Build/Products/Debug-xros/include -Xcc -I/Users/admin/builder/spi-builder-workspace/.derivedData/Build/Intermediates.noindex/SwiftPatterns.build/Debug-xros/SwiftPatterns-t.build/DerivedSources-normal/arm64 -Xcc -I/Users/admin/builder/spi-builder-workspace/.derivedData/Build/Intermediates.noindex/SwiftPatterns.build/Debug-xros/SwiftPatterns-t.build/DerivedSources/arm64 -Xcc -I/Users/admin/builder/spi-builder-workspace/.derivedData/Build/Intermediates.noindex/SwiftPatterns.build/Debug-xros/SwiftPatterns-t.build/DerivedSources -Xcc -DSWIFT_PACKAGE -Xcc -DDEBUG\=1 -emit-objc-header -emit-objc-header-path /Users/admin/builder/spi-builder-workspace/.derivedData/Build/Intermediates.noindex/SwiftPatterns.build/Debug-xros/SwiftPatterns-t.build/Objects-normal/arm64/SwiftPatterns-Swift.h -working-directory /Users/admin/builder/spi-builder-workspace/.swiftpm/xcode -experimental-emit-module-separately -disable-cmo
SwiftExplicitDependencyGeneratePcm arm64 /Users/admin/builder/spi-builder-workspace/.derivedData/SDKExplicitPrecompiledModules/_Builtin_stdarg-CDA349K2K4US766844K8E0PVA.pcm
SwiftExplicitDependencyGeneratePcm arm64 /Users/admin/builder/spi-builder-workspace/.derivedData/SDKExplicitPrecompiledModules/_AvailabilityInternal-1Q8IQP6M38UWSGZ95UCEY2M44.pcm
SwiftExplicitDependencyGeneratePcm arm64 /Users/admin/builder/spi-builder-workspace/.derivedData/SDKExplicitPrecompiledModules/_Builtin_stddef-5NQ9Z1GV07GBSRQGAQCGXGVRI.pcm
SwiftExplicitDependencyGeneratePcm arm64 /Users/admin/builder/spi-builder-workspace/.derivedData/SDKExplicitPrecompiledModules/_Builtin_stdbool-5BU2ADS7JXQMYENKQHW9X8XOU.pcm
SwiftExplicitDependencyGeneratePcm arm64 /Users/admin/builder/spi-builder-workspace/.derivedData/SDKExplicitPrecompiledModules/ptrcheck-BXA97MNLI4BB0HF5I8MJE403D.pcm
SwiftExplicitDependencyGeneratePcm arm64 /Users/admin/builder/spi-builder-workspace/.derivedData/SDKExplicitPrecompiledModules/_Builtin_float-6WKHNW5S40U2QGHXXGETUDIRA.pcm
SwiftExplicitDependencyGeneratePcm arm64 /Users/admin/builder/spi-builder-workspace/.derivedData/SDKExplicitPrecompiledModules/SwiftShims-CI4H5RO9IYFFWQ2COB512Q2S9.pcm
SwiftExplicitDependencyGeneratePcm arm64 /Users/admin/builder/spi-builder-workspace/.derivedData/SDKExplicitPrecompiledModules/ptrauth-1WBA714DZSVUL5JQDJ08CLKZ.pcm
SwiftExplicitDependencyGeneratePcm arm64 /Users/admin/builder/spi-builder-workspace/.derivedData/SDKExplicitPrecompiledModules/_SwiftConcurrencyShims-C8XHKSHX96D5YYALNM4W70Z0O.pcm
SwiftExplicitDependencyGeneratePcm arm64 /Users/admin/builder/spi-builder-workspace/.derivedData/SDKExplicitPrecompiledModules/_DarwinFoundation1-5RGRVV2TZ6WC4WZW5IXF8NQ04.pcm
SwiftExplicitDependencyGeneratePcm arm64 /Users/admin/builder/spi-builder-workspace/.derivedData/SDKExplicitPrecompiledModules/_DarwinFoundation2-ENTECK156YEWITZRRBTOCE4KR.pcm
SwiftExplicitDependencyGeneratePcm arm64 /Users/admin/builder/spi-builder-workspace/.derivedData/SDKExplicitPrecompiledModules/_Builtin_limits-425JDMN5HPM3D0UEI8LEHP6NM.pcm
SwiftExplicitDependencyGeneratePcm arm64 /Users/admin/builder/spi-builder-workspace/.derivedData/SDKExplicitPrecompiledModules/sys_types-AYM0BHR77VKMWZCO2T0XGV2HF.pcm
SwiftExplicitDependencyGeneratePcm arm64 /Users/admin/builder/spi-builder-workspace/.derivedData/SDKExplicitPrecompiledModules/string_h-2GT67HHHHK5CF1V1S31LH0PU2.pcm
SwiftExplicitDependencyGeneratePcm arm64 /Users/admin/builder/spi-builder-workspace/.derivedData/SDKExplicitPrecompiledModules/_Builtin_stdint-8OR6T47OOYJA90ZBO3N1USDE.pcm
SwiftExplicitDependencyGeneratePcm arm64 /Users/admin/builder/spi-builder-workspace/.derivedData/SDKExplicitPrecompiledModules/_DarwinFoundation3-9ZHN6JKBS40BBA81RQMV8H0IC.pcm
SwiftExplicitDependencyGeneratePcm arm64 /Users/admin/builder/spi-builder-workspace/.derivedData/SDKExplicitPrecompiledModules/_Builtin_inttypes-11B64KJD36B3YOHBR1BBXBJY8.pcm
SwiftExplicitDependencyGeneratePcm arm64 /Users/admin/builder/spi-builder-workspace/.derivedData/SDKExplicitPrecompiledModules/Darwin-60P5LVNQO3ESRRM5DCJ05PFNK.pcm
SwiftExplicitDependencyGeneratePcm arm64 /Users/admin/builder/spi-builder-workspace/.derivedData/SDKExplicitPrecompiledModules/ObjectiveC-26TIBFYCEJZVP216ZZAU1X8KN.pcm
SwiftExplicitDependencyGeneratePcm arm64 /Users/admin/builder/spi-builder-workspace/.derivedData/SDKExplicitPrecompiledModules/os_object-692CJ8BG6RE5H04487EJJOVXW.pcm
SwiftExplicitDependencyGeneratePcm arm64 /Users/admin/builder/spi-builder-workspace/.derivedData/SDKExplicitPrecompiledModules/os_workgroup-4U1VXMWIZD80E7PRUQF2G7P9X.pcm
SwiftExplicitDependencyGeneratePcm arm64 /Users/admin/builder/spi-builder-workspace/.derivedData/SDKExplicitPrecompiledModules/Dispatch-CLT3466HKC22GCKAWSCNG0H7T.pcm
SwiftExplicitDependencyGeneratePcm arm64 /Users/admin/builder/spi-builder-workspace/.derivedData/SDKExplicitPrecompiledModules/XPC-EP5EU7FNGP4VOA3EDM18P1KHO.pcm
SwiftExplicitDependencyGeneratePcm arm64 /Users/admin/builder/spi-builder-workspace/.derivedData/SDKExplicitPrecompiledModules/CoreFoundation-AVLTZVCXBU2TO75JCN4AGU8XJ.pcm
SwiftExplicitDependencyGeneratePcm arm64 /Users/admin/builder/spi-builder-workspace/.derivedData/SDKExplicitPrecompiledModules/Security-8TH2M8WJIQMET4SADWX0N8372.pcm
SwiftExplicitDependencyGeneratePcm arm64 /Users/admin/builder/spi-builder-workspace/.derivedData/SDKExplicitPrecompiledModules/CFNetwork-5MI70N1VLDQSWTX4COWLMSIRO.pcm
SwiftExplicitDependencyGeneratePcm arm64 /Users/admin/builder/spi-builder-workspace/.derivedData/SDKExplicitPrecompiledModules/Foundation-8GON1KVEKRN3NOQI8RETBRWJP.pcm
SwiftCompile normal arm64 Compiling\ SkippingDecodeErrors.swift,\ String+CharacterSet+replacements.swift /Users/admin/builder/spi-builder-workspace/Sources/SwiftPatterns/SkippingDecodeErrors.swift /Users/admin/builder/spi-builder-workspace/Sources/SwiftPatterns/String+CharacterSet+replacements.swift (in target 'SwiftPatterns' from project 'SwiftPatterns')
SwiftCompile normal arm64 /Users/admin/builder/spi-builder-workspace/Sources/SwiftPatterns/SkippingDecodeErrors.swift (in target 'SwiftPatterns' from project 'SwiftPatterns')
    cd /Users/admin/builder/spi-builder-workspace/.swiftpm/xcode
    builtin-SwiftPerFileCompile SkippingDecodeErrors.swift
SwiftCompile normal arm64 /Users/admin/builder/spi-builder-workspace/Sources/SwiftPatterns/String+CharacterSet+replacements.swift (in target 'SwiftPatterns' from project 'SwiftPatterns')
    cd /Users/admin/builder/spi-builder-workspace/.swiftpm/xcode
    builtin-SwiftPerFileCompile String+CharacterSet+replacements.swift
SwiftCompile normal arm64 Compiling\ URL+ExtendedAttributes.swift,\ URL+relativePaths.swift /Users/admin/builder/spi-builder-workspace/Sources/SwiftPatterns/URL+ExtendedAttributes.swift /Users/admin/builder/spi-builder-workspace/Sources/SwiftPatterns/URL+relativePaths.swift (in target 'SwiftPatterns' from project 'SwiftPatterns')
SwiftCompile normal arm64 /Users/admin/builder/spi-builder-workspace/Sources/SwiftPatterns/URL+ExtendedAttributes.swift (in target 'SwiftPatterns' from project 'SwiftPatterns')
    cd /Users/admin/builder/spi-builder-workspace/.swiftpm/xcode
    builtin-SwiftPerFileCompile URL+ExtendedAttributes.swift
SwiftCompile normal arm64 /Users/admin/builder/spi-builder-workspace/Sources/SwiftPatterns/URL+relativePaths.swift (in target 'SwiftPatterns' from project 'SwiftPatterns')
    cd /Users/admin/builder/spi-builder-workspace/.swiftpm/xcode
    builtin-SwiftPerFileCompile URL+relativePaths.swift
SwiftEmitModule normal arm64 Emitting\ module\ for\ SwiftPatterns (in target 'SwiftPatterns' from project 'SwiftPatterns')
/Users/admin/builder/spi-builder-workspace/Sources/SwiftPatterns/LocalFileSource.swift:25:35: error: cannot find type 'DirectoryMonitor' in scope
23 | 	fileprivate let directoryURL:URL
24 | 	fileprivate let extensions:Set<String>
25 | 	fileprivate var directoryMonitor:DirectoryMonitor?
   |                                   `- error: cannot find type 'DirectoryMonitor' in scope
26 |
27 | 	public init?(directoryURL:URL, extensions:[String] = [], handler:@escaping (_ changes:ChangeSet)->()) {
/Users/admin/builder/spi-builder-workspace/Sources/SwiftPatterns/SerializedResourceWrapping.swift:25:39: warning: using 'class' keyword to define a class-constrained protocol is deprecated; use 'AnyObject' instead [#deprecation]
 23 |
 24 | /// like a directory
 25 | public protocol SubResourceWrapping : class, SerializedResourceWrapping {
    |                                       `- warning: using 'class' keyword to define a class-constrained protocol is deprecated; use 'AnyObject' instead [#deprecation]
 26 |
 27 | 	///access all the sub resources, usually for iteration
Failed frontend command:
/Applications/Xcode-27.0.0-Release.Candidate.app/Contents/Developer/Toolchains/XcodeDefault.xctoolchain/usr/bin/swift-frontend -frontend -emit-module -experimental-skip-non-inlinable-function-bodies-without-types /Users/admin/builder/spi-builder-workspace/Sources/SwiftPatterns/Alert.swift /Users/admin/builder/spi-builder-workspace/Sources/SwiftPatterns/Array+StableUniqueValues.swift /Users/admin/builder/spi-builder-workspace/Sources/SwiftPatterns/Array+dropLastWhile.swift /Users/admin/builder/spi-builder-workspace/Sources/SwiftPatterns/ChangeSet.swift /Users/admin/builder/spi-builder-workspace/Sources/SwiftPatterns/Cursor.swift /Users/admin/builder/spi-builder-workspace/Sources/SwiftPatterns/DataExtraction.swift /Users/admin/builder/spi-builder-workspace/Sources/SwiftPatterns/DirectoryMonitor.swift /Users/admin/builder/spi-builder-workspace/Sources/SwiftPatterns/DynamicCodingKeys.swift /Users/admin/builder/spi-builder-workspace/Sources/SwiftPatterns/Int+Bits.swift /Users/admin/builder/spi-builder-workspace/Sources/SwiftPatterns/JSONPrimitive.swift /Users/admin/builder/spi-builder-workspace/Sources/SwiftPatterns/LocalFileSource.swift /Users/admin/builder/spi-builder-workspace/Sources/SwiftPatterns/LogSearch.swift /Users/admin/builder/spi-builder-workspace/Sources/SwiftPatterns/Math.swift /Users/admin/builder/spi-builder-workspace/Sources/SwiftPatterns/MediatedAccess.swift /Users/admin/builder/spi-builder-workspace/Sources/SwiftPatterns/PriorityQueue.swift /Users/admin/builder/spi-builder-workspace/Sources/SwiftPatterns/QueuedVar.swift /Users/admin/builder/spi-builder-workspace/Sources/SwiftPatterns/SerializedResourceWrapping.swift /Users/admin/builder/spi-builder-workspace/Sources/SwiftPatterns/SkippingDecodeErrors.swift /Users/admin/builder/spi-builder-workspace/Sources/SwiftPatterns/String+CharacterSet+replacements.swift /Users/admin/builder/spi-builder-workspace/Sources/SwiftPatterns/String+fixes.swift /Users/admin/builder/spi-builder-workspace/Sources/SwiftPatterns/String+insertWithPrecautionaryWhitespace.swift /Users/admin/builder/spi-builder-workspace/Sources/SwiftPatterns/URL+ExtendedAttributes.swift /Users/admin/builder/spi-builder-workspace/Sources/SwiftPatterns/URL+relativePaths.swift /Users/admin/builder/spi-builder-workspace/Sources/SwiftPatterns/WeightedNode.swift /Users/admin/builder/spi-builder-workspace/Sources/SwiftPatterns/XMLItem.swift -target arm64-apple-xros1.0 -disable-cross-import-overlay-search -load-resolved-plugin /Applications/Xcode-27.0.0-Release.Candidate.app/Contents/Developer/Platforms/XROS.platform/Developer/usr/lib/swift/host/plugins/libFoundationMacros.dylib\#/Applications/Xcode-27.0.0-Release.Candidate.app/Contents/Developer/Platforms/XROS.platform/Developer/usr/bin/swift-plugin-server\#FoundationMacros -load-resolved-plugin /Applications/Xcode-27.0.0-Release.Candidate.app/Contents/Developer/Platforms/XROS.platform/Developer/usr/lib/swift/host/plugins/libObservationMacros.dylib\#/Applications/Xcode-27.0.0-Release.Candidate.app/Contents/Developer/Platforms/XROS.platform/Developer/usr/bin/swift-plugin-server\#ObservationMacros -load-resolved-plugin /Applications/Xcode-27.0.0-Release.Candidate.app/Contents/Developer/Platforms/XROS.platform/Developer/usr/lib/swift/host/plugins/libSwiftMacros.dylib\#/Applications/Xcode-27.0.0-Release.Candidate.app/Contents/Developer/Platforms/XROS.platform/Developer/usr/bin/swift-plugin-server\#SwiftMacros -disable-implicit-swift-modules -Xcc -fno-implicit-modules -Xcc -fno-implicit-module-maps -explicit-swift-module-map-file /Users/admin/builder/spi-builder-workspace/.derivedData/Build/Intermediates.noindex/SwiftPatterns.build/Debug-xros/SwiftPatterns-t.build/Objects-normal/arm64/SwiftPatterns-dependencies-1.json -Xllvm -aarch64-use-tbi -enable-objc-interop -stack-check -sdk /Applications/Xcode-27.0.0-Release.Candidate.app/Contents/Developer/Platforms/XROS.platform/Developer/SDKs/XROS27.0.sdk -I /Users/admin/builder/spi-builder-workspace/.derivedData/Build/Products/Debug-xros -Isystem /Applications/Xcode-27.0.0-Release.Candidate.app/Contents/Developer/Platforms/XROS.platform/Developer/usr/lib -F /Users/admin/builder/spi-builder-workspace/.derivedData/Build/Products/Debug-xros -F /Applications/Xcode-27.0.0-Release.Candidate.app/Contents/Developer/Platforms/XROS.platform/Developer/Library/Frameworks -F /Applications/Xcode-27.0.0-Release.Candidate.app/Contents/Developer/Platforms/XROS.platform/Developer/SDKs/XROS27.0.sdk/Developer/Library/Frameworks -module-cache-path /Users/admin/builder/spi-builder-workspace/.derivedData/Build/Intermediates.noindex/SwiftExplicitPrecompiledModules -no-color-diagnostics -Xcc -fno-color-diagnostics -enable-testing -g -debug-info-format\=dwarf -dwarf-version\=4 -profile-generate -profile-coverage-mapping -swift-version 5 -Onone -D SWIFT_PACKAGE -D DEBUG -D SWIFT_MODULE_RESOURCE_BUNDLE_UNAVAILABLE -D Xcode -serialize-debugging-options -enable-experimental-feature DebugDescriptionMacro -empty-abi-descriptor -validate-clang-modules-once -clang-build-session-file /Users/admin/builder/spi-builder-workspace/.derivedData/ModuleCache.noindex/Session.modulevalidation -Xcc -working-directory -Xcc /Users/admin/builder/spi-builder-workspace/.swiftpm/xcode -enable-anonymous-context-mangled-names -file-compilation-dir /Users/admin/builder/spi-builder-workspace/.swiftpm/xcode -Xcc -D_LIBCPP_HARDENING_MODE\=_LIBCPP_HARDENING_MODE_DEBUG -Xcc -ivfsstatcache -Xcc /Users/admin/builder/spi-builder-workspace/.derivedData/SDKStatCaches.noindex/xros27.0-24M361-e829b21a6f8c9b70876ba0858053c044735bd543db762f57723cac368afd1ce4.sdkstatcache -Xcc -fmodules-prune-interval\=86400 -Xcc -fmodules-prune-after\=345600 -Xcc -I/Users/admin/builder/spi-builder-workspace/.derivedData/Build/Products/Debug-xros/include -Xcc -I/Users/admin/builder/spi-builder-workspace/.derivedData/Build/Intermediates.noindex/SwiftPatterns.build/Debug-xros/SwiftPatterns-t.build/DerivedSources-normal/arm64 -Xcc -I/Users/admin/builder/spi-builder-workspace/.derivedData/Build/Intermediates.noindex/SwiftPatterns.build/Debug-xros/SwiftPatterns-t.build/DerivedSources/arm64 -Xcc -I/Users/admin/builder/spi-builder-workspace/.derivedData/Build/Intermediates.noindex/SwiftPatterns.build/Debug-xros/SwiftPatterns-t.build/DerivedSources -Xcc -DSWIFT_PACKAGE -Xcc -DDEBUG\=1 -no-auto-bridging-header-chaining -module-name SwiftPatterns -const-gather-protocols-file /Users/admin/builder/spi-builder-workspace/.derivedData/Build/Intermediates.noindex/SwiftPatterns.build/Debug-xros/SwiftPatterns-t.build/Objects-normal/arm64/SwiftPatterns_const_extract_protocols.json -disable-clang-spi -clang-target arm64-apple-xros27.0 -target-sdk-version 27.0 -target-sdk-name xros27.0 -in-process-plugin-server-path /Applications/Xcode-27.0.0-Release.Candidate.app/Contents/Developer/Toolchains/XcodeDefault.xctoolchain/usr/lib/swift/host/libSwiftInProcPluginServer.dylib -emit-module-doc-path /Users/admin/builder/spi-builder-workspace/.derivedData/Build/Intermediates.noindex/SwiftPatterns.build/Debug-xros/SwiftPatterns-t.build/Objects-normal/arm64/SwiftPatterns.swiftdoc -emit-module-source-info-path /Users/admin/builder/spi-builder-workspace/.derivedData/Build/Intermediates.noindex/SwiftPatterns.build/Debug-xros/SwiftPatterns-t.build/Objects-normal/arm64/SwiftPatterns.swiftsourceinfo -emit-objc-header-path /Users/admin/builder/spi-builder-workspace/.derivedData/Build/Intermediates.noindex/SwiftPatterns.build/Debug-xros/SwiftPatterns-t.build/Objects-normal/arm64/SwiftPatterns-Swift.h -serialize-diagnostics-path /Users/admin/builder/spi-builder-workspace/.derivedData/Build/Intermediates.noindex/SwiftPatterns.build/Debug-xros/SwiftPatterns-t.build/Objects-normal/arm64/SwiftPatterns-primary-emit-module.dia -emit-dependencies-path /Users/admin/builder/spi-builder-workspace/.derivedData/Build/Intermediates.noindex/SwiftPatterns.build/Debug-xros/SwiftPatterns-t.build/Objects-normal/arm64/SwiftPatterns-primary-emit-module.d -parse-as-library -o /Users/admin/builder/spi-builder-workspace/.derivedData/Build/Intermediates.noindex/SwiftPatterns.build/Debug-xros/SwiftPatterns-t.build/Objects-normal/arm64/SwiftPatterns.swiftmodule -emit-abi-descriptor-path /Users/admin/builder/spi-builder-workspace/.derivedData/Build/Intermediates.noindex/SwiftPatterns.build/Debug-xros/SwiftPatterns-t.build/Objects-normal/arm64/SwiftPatterns.abi.json
SwiftCompile normal arm64 (in target 'SwiftPatterns' from project 'SwiftPatterns')
    cd /Users/admin/builder/spi-builder-workspace/.swiftpm/xcode

SwiftCompile normal arm64 Compiling\ QueuedVar.swift,\ SerializedResourceWrapping.swift /Users/admin/builder/spi-builder-workspace/Sources/SwiftPatterns/QueuedVar.swift /Users/admin/builder/spi-builder-workspace/Sources/SwiftPatterns/SerializedResourceWrapping.swift (in target 'SwiftPatterns' from project 'SwiftPatterns')
SwiftCompile normal arm64 /Users/admin/builder/spi-builder-workspace/Sources/SwiftPatterns/QueuedVar.swift (in target 'SwiftPatterns' from project 'SwiftPatterns')
    cd /Users/admin/builder/spi-builder-workspace/.swiftpm/xcode
    builtin-SwiftPerFileCompile QueuedVar.swift
SwiftCompile normal arm64 /Users/admin/builder/spi-builder-workspace/Sources/SwiftPatterns/SerializedResourceWrapping.swift (in target 'SwiftPatterns' from project 'SwiftPatterns')
    cd /Users/admin/builder/spi-builder-workspace/.swiftpm/xcode
    builtin-SwiftPerFileCompile SerializedResourceWrapping.swift
/Users/admin/builder/spi-builder-workspace/Sources/SwiftPatterns/SerializedResourceWrapping.swift:25:39: warning: using 'class' keyword to define a class-constrained protocol is deprecated; use 'AnyObject' instead [#deprecation]
 23 |
 24 | /// like a directory
 25 | public protocol SubResourceWrapping : class, SerializedResourceWrapping {
    |                                       `- warning: using 'class' keyword to define a class-constrained protocol is deprecated; use 'AnyObject' instead [#deprecation]
 26 |
 27 | 	///access all the sub resources, usually for iteration
/Users/admin/builder/spi-builder-workspace/Sources/SwiftPatterns/SerializedResourceWrapping.swift:344:39: warning: setter argument 'newValue' was never used, but the property was accessed [#NoUsage]
342 | 		set {
343 | 			changedSinceRead = false
344 | 			representation = FileWrapping(data:contents, name:url.lastPathComponent)
    |                                       |- warning: setter argument 'newValue' was never used, but the property was accessed [#NoUsage]
    |                                       `- note: did you mean to use 'newValue' instead of accessing the property's current value?
345 | 		}
346 | 	}
/Users/admin/builder/spi-builder-workspace/Sources/SwiftPatterns/SerializedResourceWrapping.swift:461:7: error: cannot convert value of type 'ObjCBool' to expected condition type 'Bool'
459 | 			var isDir: ObjCBool = false
460 | 			let _ = fileManager.fileExists(atPath: file.path, isDirectory: &isDir)
461 | 			if isDir {
    |       `- error: cannot convert value of type 'ObjCBool' to expected condition type 'Bool'
462 | 				let dirWrapper = DirectoryWrapping(url: file, fileManager: fileManager)
463 | 				subWrappers[file.lastPathComponent] = dirWrapper
SwiftCompile normal arm64 Compiling\ Math.swift,\ MediatedAccess.swift,\ PriorityQueue.swift /Users/admin/builder/spi-builder-workspace/Sources/SwiftPatterns/Math.swift /Users/admin/builder/spi-builder-workspace/Sources/SwiftPatterns/MediatedAccess.swift /Users/admin/builder/spi-builder-workspace/Sources/SwiftPatterns/PriorityQueue.swift (in target 'SwiftPatterns' from project 'SwiftPatterns')
SwiftCompile normal arm64 /Users/admin/builder/spi-builder-workspace/Sources/SwiftPatterns/Math.swift (in target 'SwiftPatterns' from project 'SwiftPatterns')
    cd /Users/admin/builder/spi-builder-workspace/.swiftpm/xcode
    builtin-SwiftPerFileCompile Math.swift
SwiftCompile normal arm64 /Users/admin/builder/spi-builder-workspace/Sources/SwiftPatterns/MediatedAccess.swift (in target 'SwiftPatterns' from project 'SwiftPatterns')
    cd /Users/admin/builder/spi-builder-workspace/.swiftpm/xcode
    builtin-SwiftPerFileCompile MediatedAccess.swift
SwiftCompile normal arm64 /Users/admin/builder/spi-builder-workspace/Sources/SwiftPatterns/PriorityQueue.swift (in target 'SwiftPatterns' from project 'SwiftPatterns')
    cd /Users/admin/builder/spi-builder-workspace/.swiftpm/xcode
    builtin-SwiftPerFileCompile PriorityQueue.swift
SwiftCompile normal arm64 Compiling\ ChangeSet.swift,\ Cursor.swift,\ DataExtraction.swift /Users/admin/builder/spi-builder-workspace/Sources/SwiftPatterns/ChangeSet.swift /Users/admin/builder/spi-builder-workspace/Sources/SwiftPatterns/Cursor.swift /Users/admin/builder/spi-builder-workspace/Sources/SwiftPatterns/DataExtraction.swift (in target 'SwiftPatterns' from project 'SwiftPatterns')
/Users/admin/builder/spi-builder-workspace/Sources/SwiftPatterns/ChangeSet.swift:78:7: warning: variable 'exhaustedOld' was written to, but never read
 76 | 		var oldIndex:Int = 0
 77 | 		var newIndex:Int = 0
 78 | 		var exhaustedOld:Bool = false
    |       `- warning: variable 'exhaustedOld' was written to, but never read
 79 | 		var exhaustedNew:Bool = false
 80 |
/Users/admin/builder/spi-builder-workspace/Sources/SwiftPatterns/ChangeSet.swift:79:7: warning: variable 'exhaustedNew' was written to, but never read
 77 | 		var newIndex:Int = 0
 78 | 		var exhaustedOld:Bool = false
 79 | 		var exhaustedNew:Bool = false
    |       `- warning: variable 'exhaustedNew' was written to, but never read
 80 |
 81 | 		//keys are original index number, values are new index number
SwiftCompile normal arm64 /Users/admin/builder/spi-builder-workspace/Sources/SwiftPatterns/ChangeSet.swift (in target 'SwiftPatterns' from project 'SwiftPatterns')
    cd /Users/admin/builder/spi-builder-workspace/.swiftpm/xcode
    builtin-SwiftPerFileCompile ChangeSet.swift
SwiftCompile normal arm64 /Users/admin/builder/spi-builder-workspace/Sources/SwiftPatterns/Cursor.swift (in target 'SwiftPatterns' from project 'SwiftPatterns')
    cd /Users/admin/builder/spi-builder-workspace/.swiftpm/xcode
    builtin-SwiftPerFileCompile Cursor.swift
SwiftCompile normal arm64 /Users/admin/builder/spi-builder-workspace/Sources/SwiftPatterns/DataExtraction.swift (in target 'SwiftPatterns' from project 'SwiftPatterns')
    cd /Users/admin/builder/spi-builder-workspace/.swiftpm/xcode
    builtin-SwiftPerFileCompile DataExtraction.swift
SwiftCompile normal arm64 Compiling\ String+fixes.swift,\ String+insertWithPrecautionaryWhitespace.swift /Users/admin/builder/spi-builder-workspace/Sources/SwiftPatterns/String+fixes.swift /Users/admin/builder/spi-builder-workspace/Sources/SwiftPatterns/String+insertWithPrecautionaryWhitespace.swift (in target 'SwiftPatterns' from project 'SwiftPatterns')
SwiftCompile normal arm64 /Users/admin/builder/spi-builder-workspace/Sources/SwiftPatterns/String+fixes.swift (in target 'SwiftPatterns' from project 'SwiftPatterns')
    cd /Users/admin/builder/spi-builder-workspace/.swiftpm/xcode
    builtin-SwiftPerFileCompile String+fixes.swift
SwiftCompile normal arm64 /Users/admin/builder/spi-builder-workspace/Sources/SwiftPatterns/String+insertWithPrecautionaryWhitespace.swift (in target 'SwiftPatterns' from project 'SwiftPatterns')
    cd /Users/admin/builder/spi-builder-workspace/.swiftpm/xcode
    builtin-SwiftPerFileCompile String+insertWithPrecautionaryWhitespace.swift
SwiftCompile normal arm64 Compiling\ WeightedNode.swift,\ XMLItem.swift /Users/admin/builder/spi-builder-workspace/Sources/SwiftPatterns/WeightedNode.swift /Users/admin/builder/spi-builder-workspace/Sources/SwiftPatterns/XMLItem.swift (in target 'SwiftPatterns' from project 'SwiftPatterns')
SwiftCompile normal arm64 /Users/admin/builder/spi-builder-workspace/Sources/SwiftPatterns/WeightedNode.swift (in target 'SwiftPatterns' from project 'SwiftPatterns')
    cd /Users/admin/builder/spi-builder-workspace/.swiftpm/xcode
    builtin-SwiftPerFileCompile WeightedNode.swift
SwiftCompile normal arm64 /Users/admin/builder/spi-builder-workspace/Sources/SwiftPatterns/XMLItem.swift (in target 'SwiftPatterns' from project 'SwiftPatterns')
    cd /Users/admin/builder/spi-builder-workspace/.swiftpm/xcode
    builtin-SwiftPerFileCompile XMLItem.swift
SwiftCompile normal arm64 Compiling\ JSONPrimitive.swift,\ LocalFileSource.swift,\ LogSearch.swift /Users/admin/builder/spi-builder-workspace/Sources/SwiftPatterns/JSONPrimitive.swift /Users/admin/builder/spi-builder-workspace/Sources/SwiftPatterns/LocalFileSource.swift /Users/admin/builder/spi-builder-workspace/Sources/SwiftPatterns/LogSearch.swift (in target 'SwiftPatterns' from project 'SwiftPatterns')
/Users/admin/builder/spi-builder-workspace/Sources/SwiftPatterns/LocalFileSource.swift:25:35: error: cannot find type 'DirectoryMonitor' in scope
23 | 	fileprivate let directoryURL:URL
24 | 	fileprivate let extensions:Set<String>
25 | 	fileprivate var directoryMonitor:DirectoryMonitor?
   |                                   `- error: cannot find type 'DirectoryMonitor' in scope
26 |
27 | 	public init?(directoryURL:URL, extensions:[String] = [], handler:@escaping (_ changes:ChangeSet)->()) {
SwiftCompile normal arm64 /Users/admin/builder/spi-builder-workspace/Sources/SwiftPatterns/JSONPrimitive.swift (in target 'SwiftPatterns' from project 'SwiftPatterns')
    cd /Users/admin/builder/spi-builder-workspace/.swiftpm/xcode
    builtin-SwiftPerFileCompile JSONPrimitive.swift
SwiftCompile normal arm64 /Users/admin/builder/spi-builder-workspace/Sources/SwiftPatterns/LocalFileSource.swift (in target 'SwiftPatterns' from project 'SwiftPatterns')
    cd /Users/admin/builder/spi-builder-workspace/.swiftpm/xcode
    builtin-SwiftPerFileCompile LocalFileSource.swift
SwiftCompile normal arm64 /Users/admin/builder/spi-builder-workspace/Sources/SwiftPatterns/LogSearch.swift (in target 'SwiftPatterns' from project 'SwiftPatterns')
    cd /Users/admin/builder/spi-builder-workspace/.swiftpm/xcode
    builtin-SwiftPerFileCompile LogSearch.swift
SwiftCompile normal arm64 Compiling\ DirectoryMonitor.swift,\ DynamicCodingKeys.swift,\ Int+Bits.swift /Users/admin/builder/spi-builder-workspace/Sources/SwiftPatterns/DirectoryMonitor.swift /Users/admin/builder/spi-builder-workspace/Sources/SwiftPatterns/DynamicCodingKeys.swift /Users/admin/builder/spi-builder-workspace/Sources/SwiftPatterns/Int+Bits.swift (in target 'SwiftPatterns' from project 'SwiftPatterns')
SwiftCompile normal arm64 /Users/admin/builder/spi-builder-workspace/Sources/SwiftPatterns/DirectoryMonitor.swift (in target 'SwiftPatterns' from project 'SwiftPatterns')
    cd /Users/admin/builder/spi-builder-workspace/.swiftpm/xcode
    builtin-SwiftPerFileCompile DirectoryMonitor.swift
SwiftCompile normal arm64 /Users/admin/builder/spi-builder-workspace/Sources/SwiftPatterns/DynamicCodingKeys.swift (in target 'SwiftPatterns' from project 'SwiftPatterns')
    cd /Users/admin/builder/spi-builder-workspace/.swiftpm/xcode
    builtin-SwiftPerFileCompile DynamicCodingKeys.swift
SwiftCompile normal arm64 /Users/admin/builder/spi-builder-workspace/Sources/SwiftPatterns/Int+Bits.swift (in target 'SwiftPatterns' from project 'SwiftPatterns')
    cd /Users/admin/builder/spi-builder-workspace/.swiftpm/xcode
    builtin-SwiftPerFileCompile Int+Bits.swift
SwiftCompile normal arm64 Compiling\ Alert.swift,\ Array+StableUniqueValues.swift,\ Array+dropLastWhile.swift /Users/admin/builder/spi-builder-workspace/Sources/SwiftPatterns/Alert.swift /Users/admin/builder/spi-builder-workspace/Sources/SwiftPatterns/Array+StableUniqueValues.swift /Users/admin/builder/spi-builder-workspace/Sources/SwiftPatterns/Array+dropLastWhile.swift (in target 'SwiftPatterns' from project 'SwiftPatterns')
SwiftCompile normal arm64 /Users/admin/builder/spi-builder-workspace/Sources/SwiftPatterns/Alert.swift (in target 'SwiftPatterns' from project 'SwiftPatterns')
    cd /Users/admin/builder/spi-builder-workspace/.swiftpm/xcode
    builtin-SwiftPerFileCompile Alert.swift
SwiftCompile normal arm64 /Users/admin/builder/spi-builder-workspace/Sources/SwiftPatterns/Array+StableUniqueValues.swift (in target 'SwiftPatterns' from project 'SwiftPatterns')
    cd /Users/admin/builder/spi-builder-workspace/.swiftpm/xcode
    builtin-SwiftPerFileCompile Array+StableUniqueValues.swift
SwiftCompile normal arm64 /Users/admin/builder/spi-builder-workspace/Sources/SwiftPatterns/Array+dropLastWhile.swift (in target 'SwiftPatterns' from project 'SwiftPatterns')
    cd /Users/admin/builder/spi-builder-workspace/.swiftpm/xcode
    builtin-SwiftPerFileCompile Array+dropLastWhile.swift
PruneExplicitPrecompiledModules /Users/admin/builder/spi-builder-workspace/.derivedData/SDKExplicitPrecompiledModules
PruneExplicitPrecompiledModules /Users/admin/builder/spi-builder-workspace/.derivedData/Build/Intermediates.noindex/SwiftExplicitPrecompiledModules
PruneExplicitPrecompiledModules /Users/admin/builder/spi-builder-workspace/.derivedData/Build/Intermediates.noindex/ExplicitPrecompiledModules
2026-09-22 16:53:12.800 xcodebuild[648:4193] [MT] IDERunDestination: Supported platforms for the buildables in the current scheme is empty.
** BUILD FAILED **
The following build commands failed:
	SwiftEmitModule normal arm64 Emitting\ module\ for\ SwiftPatterns (in target 'SwiftPatterns' from project 'SwiftPatterns')
	SwiftCompile normal arm64 (in target 'SwiftPatterns' from project 'SwiftPatterns')
	Building workspace SwiftPatterns with scheme SwiftPatterns
(3 failures)
Command line invocation:
    /Applications/Xcode-27.0.0-Release.Candidate.app/Contents/Developer/usr/bin/xcodebuild -IDEClonedSourcePackagesDirPathOverride=/Users/admin/builder/spi-builder-workspace/.dependencies -resolvePackageDependencies
Resolve Package Graph
Resolved source packages:
  SwiftPatterns: /Users/admin/builder/spi-builder-workspace
resolved source packages: SwiftPatterns
2026-09-22 16:53:19.323 xcodebuild[709:4477] [MT] IDERunDestination: Supported platforms for the buildables in the current scheme is empty.
{
  "dependencies" : [
  ],
  "manifest_display_name" : "SwiftPatterns",
  "name" : "SwiftPatterns",
  "path" : "/Users/admin/builder/spi-builder-workspace",
  "platforms" : [
  ],
  "products" : [
    {
      "name" : "SwiftPatterns",
      "targets" : [
        "SwiftPatterns"
      ],
      "type" : {
        "library" : [
          "dynamic"
        ]
      }
    }
  ],
  "swift_languages_versions" : [
    "5"
  ],
  "targets" : [
    {
      "c99name" : "SwiftPatternsTests",
      "module_type" : "SwiftTarget",
      "name" : "SwiftPatternsTests",
      "path" : "Tests/SwiftPatternsTests",
      "sources" : [
        "ArrayDropLastWhileTests.swift",
        "ChangeSetTests.swift",
        "JSONPrimitiveTests.swift",
        "LogSearchTests.swift",
        "SkippingDecodeErrorsTests.swift",
        "String+fixes_Tests.swift",
        "String+replaceWithPrecautionaryWhitespaceTests.swift",
        "StringCharacterSetTests.swift",
        "XMLItemTests.swift"
      ],
      "target_dependencies" : [
        "SwiftPatterns"
      ],
      "type" : "test"
    },
    {
      "c99name" : "SwiftPatterns",
      "module_type" : "SwiftTarget",
      "name" : "SwiftPatterns",
      "path" : "Sources/SwiftPatterns",
      "product_memberships" : [
        "SwiftPatterns"
      ],
      "sources" : [
        "Alert.swift",
        "Array+StableUniqueValues.swift",
        "Array+dropLastWhile.swift",
        "ChangeSet.swift",
        "Cursor.swift",
        "DataExtraction.swift",
        "DirectoryMonitor.swift",
        "DynamicCodingKeys.swift",
        "Int+Bits.swift",
        "JSONPrimitive.swift",
        "LocalFileSource.swift",
        "LogSearch.swift",
        "Math.swift",
        "MediatedAccess.swift",
        "PriorityQueue.swift",
        "QueuedVar.swift",
        "SerializedResourceWrapping.swift",
        "SkippingDecodeErrors.swift",
        "String+CharacterSet+replacements.swift",
        "String+fixes.swift",
        "String+insertWithPrecautionaryWhitespace.swift",
        "URL+ExtendedAttributes.swift",
        "URL+relativePaths.swift",
        "WeightedNode.swift",
        "XMLItem.swift"
      ],
      "type" : "library"
    }
  ],
  "tools_version" : "5.3"
}
{
  "workspace" : {
    "name" : "SwiftPatterns",
    "schemes" : [
      "SwiftPatterns"
    ]
  }
}
2026-09-22 16:53:20.628 xcodebuild[717:4545] [MT] IDERunDestination: Supported platforms for the buildables in the current scheme is empty.
Running build ...
env DEVELOPER_DIR=/Applications/Xcode-27.0.0-Release.Candidate.app xcrun xcodebuild -IDEClonedSourcePackagesDirPathOverride=$PWD/.dependencies -skipMacroValidation -skipPackagePluginValidation -derivedDataPath $PWD/.derivedData build -scheme SwiftPatterns -destination generic/platform=xrOS
Command line invocation:
    /Applications/Xcode-27.0.0-Release.Candidate.app/Contents/Developer/usr/bin/xcodebuild -IDEClonedSourcePackagesDirPathOverride=/Users/admin/builder/spi-builder-workspace/.dependencies -skipMacroValidation -skipPackagePluginValidation -derivedDataPath /Users/admin/builder/spi-builder-workspace/.derivedData build -scheme SwiftPatterns -destination generic/platform=xrOS
Resolve Package Graph
Resolved source packages:
  SwiftPatterns: /Users/admin/builder/spi-builder-workspace
ComputePackagePrebuildTargetDependencyGraph
Prepare packages
CreateBuildRequest
SendProjectDescription
CreateBuildOperation
ComputeTargetDependencyGraph
note: Building targets in dependency order
note: Target dependency graph (2 targets)
    Target 'SwiftPatterns-product' in project 'SwiftPatterns'
        ➜ Explicit dependency on target 'SwiftPatterns' in project 'SwiftPatterns'
    Target 'SwiftPatterns' in project 'SwiftPatterns' (no dependencies)
GatherProvisioningInputs
CreateBuildDescription
ClangStatCache /Applications/Xcode-27.0.0-Release.Candidate.app/Contents/Developer/Toolchains/XcodeDefault.xctoolchain/usr/bin/clang-stat-cache /Applications/Xcode-27.0.0-Release.Candidate.app/Contents/Developer/Platforms/XROS.platform/Developer/SDKs/XROS27.0.sdk /Users/admin/builder/spi-builder-workspace/.derivedData/SDKStatCaches.noindex/xros27.0-24M361-e829b21a6f8c9b70876ba0858053c044735bd543db762f57723cac368afd1ce4.sdkstatcache
    cd /Users/admin/builder/spi-builder-workspace/.swiftpm/xcode
    /Applications/Xcode-27.0.0-Release.Candidate.app/Contents/Developer/Toolchains/XcodeDefault.xctoolchain/usr/bin/clang-stat-cache /Applications/Xcode-27.0.0-Release.Candidate.app/Contents/Developer/Platforms/XROS.platform/Developer/SDKs/XROS27.0.sdk -o /Users/admin/builder/spi-builder-workspace/.derivedData/SDKStatCaches.noindex/xros27.0-24M361-e829b21a6f8c9b70876ba0858053c044735bd543db762f57723cac368afd1ce4.sdkstatcache
SwiftDriver SwiftPatterns normal arm64 com.apple.xcode.tools.swift.compiler (in target 'SwiftPatterns' from project 'SwiftPatterns')
    cd /Users/admin/builder/spi-builder-workspace/.swiftpm/xcode
    builtin-SwiftDriver -- /Applications/Xcode-27.0.0-Release.Candidate.app/Contents/Developer/Toolchains/XcodeDefault.xctoolchain/usr/bin/swiftc -parse-as-library -module-name SwiftPatterns -Onone @/Users/admin/builder/spi-builder-workspace/.derivedData/Build/Intermediates.noindex/SwiftPatterns.build/Debug-xros/SwiftPatterns-t.build/Objects-normal/arm64/SwiftPatterns.SwiftFileList -DSWIFT_PACKAGE -DDEBUG -DSWIFT_MODULE_RESOURCE_BUNDLE_UNAVAILABLE -DXcode -plugin-path /Applications/Xcode-27.0.0-Release.Candidate.app/Contents/Developer/Toolchains/XcodeDefault.xctoolchain/usr/lib/swift/host/plugins/testing -enable-experimental-feature DebugDescriptionMacro -sdk /Applications/Xcode-27.0.0-Release.Candidate.app/Contents/Developer/Platforms/XROS.platform/Developer/SDKs/XROS27.0.sdk -target arm64-apple-xros1.0 -g -module-cache-path /Users/admin/builder/spi-builder-workspace/.derivedData/ModuleCache.noindex -Xfrontend -serialize-debugging-options -profile-coverage-mapping -profile-generate -enable-testing -index-store-path /Users/admin/builder/spi-builder-workspace/.derivedData/Index.noindex/DataStore -Xcc -D_LIBCPP_HARDENING_MODE\=_LIBCPP_HARDENING_MODE_DEBUG -swift-version 5 -I /Users/admin/builder/spi-builder-workspace/.derivedData/Build/Products/Debug-xros -Isystem /Applications/Xcode-27.0.0-Release.Candidate.app/Contents/Developer/Platforms/XROS.platform/Developer/usr/lib -F /Users/admin/builder/spi-builder-workspace/.derivedData/Build/Products/Debug-xros -F /Applications/Xcode-27.0.0-Release.Candidate.app/Contents/Developer/Platforms/XROS.platform/Developer/Library/Frameworks -F /Applications/Xcode-27.0.0-Release.Candidate.app/Contents/Developer/Platforms/XROS.platform/Developer/SDKs/XROS27.0.sdk/Developer/Library/Frameworks -c -j10 -enable-batch-mode -incremental -Xcc -ivfsstatcache -Xcc /Users/admin/builder/spi-builder-workspace/.derivedData/SDKStatCaches.noindex/xros27.0-24M361-e829b21a6f8c9b70876ba0858053c044735bd543db762f57723cac368afd1ce4.sdkstatcache -output-file-map /Users/admin/builder/spi-builder-workspace/.derivedData/Build/Intermediates.noindex/SwiftPatterns.build/Debug-xros/SwiftPatterns-t.build/Objects-normal/arm64/SwiftPatterns-OutputFileMap.json -save-temps -no-color-diagnostics -explicit-module-build -module-cache-path /Users/admin/builder/spi-builder-workspace/.derivedData/Build/Intermediates.noindex/SwiftExplicitPrecompiledModules -clang-scanner-module-cache-path /Users/admin/builder/spi-builder-workspace/.derivedData/ModuleCache.noindex -sdk-module-cache-path /Users/admin/builder/spi-builder-workspace/.derivedData/SDKExplicitPrecompiledModules -emit-dependencies -emit-module -emit-module-path /Users/admin/builder/spi-builder-workspace/.derivedData/Build/Intermediates.noindex/SwiftPatterns.build/Debug-xros/SwiftPatterns-t.build/Objects-normal/arm64/SwiftPatterns.swiftmodule -serialize-diagnostics -dependency-scan-serialize-diagnostics-path /Users/admin/builder/spi-builder-workspace/.derivedData/Build/Intermediates.noindex/SwiftPatterns.build/Debug-xros/SwiftPatterns-t.build/Objects-normal/arm64/SwiftPatterns-dependency-scan.dia -validate-clang-modules-once -clang-build-session-file /Users/admin/builder/spi-builder-workspace/.derivedData/ModuleCache.noindex/Session.modulevalidation -Xcc -fmodules-prune-interval\=86400 -Xcc -fmodules-prune-after\=345600 -emit-const-values -const-gather-protocols-list /Users/admin/builder/spi-builder-workspace/.derivedData/Build/Intermediates.noindex/SwiftPatterns.build/Debug-xros/SwiftPatterns-t.build/Objects-normal/arm64/SwiftPatterns_const_extract_protocols.json -Xcc -I/Users/admin/builder/spi-builder-workspace/.derivedData/Build/Products/Debug-xros/include -Xcc -I/Users/admin/builder/spi-builder-workspace/.derivedData/Build/Intermediates.noindex/SwiftPatterns.build/Debug-xros/SwiftPatterns-t.build/DerivedSources-normal/arm64 -Xcc -I/Users/admin/builder/spi-builder-workspace/.derivedData/Build/Intermediates.noindex/SwiftPatterns.build/Debug-xros/SwiftPatterns-t.build/DerivedSources/arm64 -Xcc -I/Users/admin/builder/spi-builder-workspace/.derivedData/Build/Intermediates.noindex/SwiftPatterns.build/Debug-xros/SwiftPatterns-t.build/DerivedSources -Xcc -DSWIFT_PACKAGE -Xcc -DDEBUG\=1 -emit-objc-header -emit-objc-header-path /Users/admin/builder/spi-builder-workspace/.derivedData/Build/Intermediates.noindex/SwiftPatterns.build/Debug-xros/SwiftPatterns-t.build/Objects-normal/arm64/SwiftPatterns-Swift.h -working-directory /Users/admin/builder/spi-builder-workspace/.swiftpm/xcode -experimental-emit-module-separately -disable-cmo
SwiftCompile normal arm64 Compiling\ DirectoryMonitor.swift,\ DynamicCodingKeys.swift,\ Int+Bits.swift /Users/admin/builder/spi-builder-workspace/Sources/SwiftPatterns/DirectoryMonitor.swift /Users/admin/builder/spi-builder-workspace/Sources/SwiftPatterns/DynamicCodingKeys.swift /Users/admin/builder/spi-builder-workspace/Sources/SwiftPatterns/Int+Bits.swift (in target 'SwiftPatterns' from project 'SwiftPatterns')
SwiftCompile normal arm64 /Users/admin/builder/spi-builder-workspace/Sources/SwiftPatterns/DirectoryMonitor.swift (in target 'SwiftPatterns' from project 'SwiftPatterns')
    cd /Users/admin/builder/spi-builder-workspace/.swiftpm/xcode
    builtin-SwiftPerFileCompile DirectoryMonitor.swift
SwiftCompile normal arm64 /Users/admin/builder/spi-builder-workspace/Sources/SwiftPatterns/DynamicCodingKeys.swift (in target 'SwiftPatterns' from project 'SwiftPatterns')
    cd /Users/admin/builder/spi-builder-workspace/.swiftpm/xcode
    builtin-SwiftPerFileCompile DynamicCodingKeys.swift
SwiftCompile normal arm64 /Users/admin/builder/spi-builder-workspace/Sources/SwiftPatterns/Int+Bits.swift (in target 'SwiftPatterns' from project 'SwiftPatterns')
    cd /Users/admin/builder/spi-builder-workspace/.swiftpm/xcode
    builtin-SwiftPerFileCompile Int+Bits.swift
SwiftCompile normal arm64 Compiling\ String+fixes.swift,\ String+insertWithPrecautionaryWhitespace.swift /Users/admin/builder/spi-builder-workspace/Sources/SwiftPatterns/String+fixes.swift /Users/admin/builder/spi-builder-workspace/Sources/SwiftPatterns/String+insertWithPrecautionaryWhitespace.swift (in target 'SwiftPatterns' from project 'SwiftPatterns')
SwiftCompile normal arm64 /Users/admin/builder/spi-builder-workspace/Sources/SwiftPatterns/String+fixes.swift (in target 'SwiftPatterns' from project 'SwiftPatterns')
    cd /Users/admin/builder/spi-builder-workspace/.swiftpm/xcode
    builtin-SwiftPerFileCompile String+fixes.swift
SwiftCompile normal arm64 /Users/admin/builder/spi-builder-workspace/Sources/SwiftPatterns/String+insertWithPrecautionaryWhitespace.swift (in target 'SwiftPatterns' from project 'SwiftPatterns')
    cd /Users/admin/builder/spi-builder-workspace/.swiftpm/xcode
    builtin-SwiftPerFileCompile String+insertWithPrecautionaryWhitespace.swift
SwiftCompile normal arm64 Compiling\ SkippingDecodeErrors.swift,\ String+CharacterSet+replacements.swift /Users/admin/builder/spi-builder-workspace/Sources/SwiftPatterns/SkippingDecodeErrors.swift /Users/admin/builder/spi-builder-workspace/Sources/SwiftPatterns/String+CharacterSet+replacements.swift (in target 'SwiftPatterns' from project 'SwiftPatterns')
SwiftCompile normal arm64 /Users/admin/builder/spi-builder-workspace/Sources/SwiftPatterns/SkippingDecodeErrors.swift (in target 'SwiftPatterns' from project 'SwiftPatterns')
    cd /Users/admin/builder/spi-builder-workspace/.swiftpm/xcode
    builtin-SwiftPerFileCompile SkippingDecodeErrors.swift
SwiftCompile normal arm64 /Users/admin/builder/spi-builder-workspace/Sources/SwiftPatterns/String+CharacterSet+replacements.swift (in target 'SwiftPatterns' from project 'SwiftPatterns')
    cd /Users/admin/builder/spi-builder-workspace/.swiftpm/xcode
    builtin-SwiftPerFileCompile String+CharacterSet+replacements.swift
SwiftCompile normal arm64 Compiling\ ChangeSet.swift,\ Cursor.swift,\ DataExtraction.swift /Users/admin/builder/spi-builder-workspace/Sources/SwiftPatterns/ChangeSet.swift /Users/admin/builder/spi-builder-workspace/Sources/SwiftPatterns/Cursor.swift /Users/admin/builder/spi-builder-workspace/Sources/SwiftPatterns/DataExtraction.swift (in target 'SwiftPatterns' from project 'SwiftPatterns')
/Users/admin/builder/spi-builder-workspace/Sources/SwiftPatterns/ChangeSet.swift:78:7: warning: variable 'exhaustedOld' was written to, but never read
 76 | 		var oldIndex:Int = 0
 77 | 		var newIndex:Int = 0
 78 | 		var exhaustedOld:Bool = false
    |       `- warning: variable 'exhaustedOld' was written to, but never read
 79 | 		var exhaustedNew:Bool = false
 80 |
/Users/admin/builder/spi-builder-workspace/Sources/SwiftPatterns/ChangeSet.swift:79:7: warning: variable 'exhaustedNew' was written to, but never read
 77 | 		var newIndex:Int = 0
 78 | 		var exhaustedOld:Bool = false
 79 | 		var exhaustedNew:Bool = false
    |       `- warning: variable 'exhaustedNew' was written to, but never read
 80 |
 81 | 		//keys are original index number, values are new index number
SwiftCompile normal arm64 /Users/admin/builder/spi-builder-workspace/Sources/SwiftPatterns/ChangeSet.swift (in target 'SwiftPatterns' from project 'SwiftPatterns')
    cd /Users/admin/builder/spi-builder-workspace/.swiftpm/xcode
    builtin-SwiftPerFileCompile ChangeSet.swift
SwiftCompile normal arm64 /Users/admin/builder/spi-builder-workspace/Sources/SwiftPatterns/Cursor.swift (in target 'SwiftPatterns' from project 'SwiftPatterns')
    cd /Users/admin/builder/spi-builder-workspace/.swiftpm/xcode
    builtin-SwiftPerFileCompile Cursor.swift
SwiftCompile normal arm64 /Users/admin/builder/spi-builder-workspace/Sources/SwiftPatterns/DataExtraction.swift (in target 'SwiftPatterns' from project 'SwiftPatterns')
    cd /Users/admin/builder/spi-builder-workspace/.swiftpm/xcode
    builtin-SwiftPerFileCompile DataExtraction.swift
SwiftCompile normal arm64 Compiling\ QueuedVar.swift,\ SerializedResourceWrapping.swift /Users/admin/builder/spi-builder-workspace/Sources/SwiftPatterns/QueuedVar.swift /Users/admin/builder/spi-builder-workspace/Sources/SwiftPatterns/SerializedResourceWrapping.swift (in target 'SwiftPatterns' from project 'SwiftPatterns')
SwiftCompile normal arm64 /Users/admin/builder/spi-builder-workspace/Sources/SwiftPatterns/QueuedVar.swift (in target 'SwiftPatterns' from project 'SwiftPatterns')
    cd /Users/admin/builder/spi-builder-workspace/.swiftpm/xcode
    builtin-SwiftPerFileCompile QueuedVar.swift
SwiftCompile normal arm64 /Users/admin/builder/spi-builder-workspace/Sources/SwiftPatterns/SerializedResourceWrapping.swift (in target 'SwiftPatterns' from project 'SwiftPatterns')
    cd /Users/admin/builder/spi-builder-workspace/.swiftpm/xcode
    builtin-SwiftPerFileCompile SerializedResourceWrapping.swift
/Users/admin/builder/spi-builder-workspace/Sources/SwiftPatterns/SerializedResourceWrapping.swift:25:39: warning: using 'class' keyword to define a class-constrained protocol is deprecated; use 'AnyObject' instead [#deprecation]
 23 |
 24 | /// like a directory
 25 | public protocol SubResourceWrapping : class, SerializedResourceWrapping {
    |                                       `- warning: using 'class' keyword to define a class-constrained protocol is deprecated; use 'AnyObject' instead [#deprecation]
 26 |
 27 | 	///access all the sub resources, usually for iteration
/Users/admin/builder/spi-builder-workspace/Sources/SwiftPatterns/SerializedResourceWrapping.swift:344:39: warning: setter argument 'newValue' was never used, but the property was accessed [#NoUsage]
342 | 		set {
343 | 			changedSinceRead = false
344 | 			representation = FileWrapping(data:contents, name:url.lastPathComponent)
    |                                       |- warning: setter argument 'newValue' was never used, but the property was accessed [#NoUsage]
    |                                       `- note: did you mean to use 'newValue' instead of accessing the property's current value?
345 | 		}
346 | 	}
/Users/admin/builder/spi-builder-workspace/Sources/SwiftPatterns/SerializedResourceWrapping.swift:461:7: error: cannot convert value of type 'ObjCBool' to expected condition type 'Bool'
459 | 			var isDir: ObjCBool = false
460 | 			let _ = fileManager.fileExists(atPath: file.path, isDirectory: &isDir)
461 | 			if isDir {
    |       `- error: cannot convert value of type 'ObjCBool' to expected condition type 'Bool'
462 | 				let dirWrapper = DirectoryWrapping(url: file, fileManager: fileManager)
463 | 				subWrappers[file.lastPathComponent] = dirWrapper
SwiftCompile normal arm64 Compiling\ JSONPrimitive.swift,\ LocalFileSource.swift,\ LogSearch.swift /Users/admin/builder/spi-builder-workspace/Sources/SwiftPatterns/JSONPrimitive.swift /Users/admin/builder/spi-builder-workspace/Sources/SwiftPatterns/LocalFileSource.swift /Users/admin/builder/spi-builder-workspace/Sources/SwiftPatterns/LogSearch.swift (in target 'SwiftPatterns' from project 'SwiftPatterns')
/Users/admin/builder/spi-builder-workspace/Sources/SwiftPatterns/LocalFileSource.swift:25:35: error: cannot find type 'DirectoryMonitor' in scope
23 | 	fileprivate let directoryURL:URL
24 | 	fileprivate let extensions:Set<String>
25 | 	fileprivate var directoryMonitor:DirectoryMonitor?
   |                                   `- error: cannot find type 'DirectoryMonitor' in scope
26 |
27 | 	public init?(directoryURL:URL, extensions:[String] = [], handler:@escaping (_ changes:ChangeSet)->()) {
SwiftCompile normal arm64 /Users/admin/builder/spi-builder-workspace/Sources/SwiftPatterns/JSONPrimitive.swift (in target 'SwiftPatterns' from project 'SwiftPatterns')
    cd /Users/admin/builder/spi-builder-workspace/.swiftpm/xcode
    builtin-SwiftPerFileCompile JSONPrimitive.swift
SwiftCompile normal arm64 /Users/admin/builder/spi-builder-workspace/Sources/SwiftPatterns/LocalFileSource.swift (in target 'SwiftPatterns' from project 'SwiftPatterns')
    cd /Users/admin/builder/spi-builder-workspace/.swiftpm/xcode
    builtin-SwiftPerFileCompile LocalFileSource.swift
SwiftCompile normal arm64 /Users/admin/builder/spi-builder-workspace/Sources/SwiftPatterns/LogSearch.swift (in target 'SwiftPatterns' from project 'SwiftPatterns')
    cd /Users/admin/builder/spi-builder-workspace/.swiftpm/xcode
    builtin-SwiftPerFileCompile LogSearch.swift
SwiftCompile normal arm64 Compiling\ Alert.swift,\ Array+StableUniqueValues.swift,\ Array+dropLastWhile.swift /Users/admin/builder/spi-builder-workspace/Sources/SwiftPatterns/Alert.swift /Users/admin/builder/spi-builder-workspace/Sources/SwiftPatterns/Array+StableUniqueValues.swift /Users/admin/builder/spi-builder-workspace/Sources/SwiftPatterns/Array+dropLastWhile.swift (in target 'SwiftPatterns' from project 'SwiftPatterns')
SwiftCompile normal arm64 /Users/admin/builder/spi-builder-workspace/Sources/SwiftPatterns/Alert.swift (in target 'SwiftPatterns' from project 'SwiftPatterns')
    cd /Users/admin/builder/spi-builder-workspace/.swiftpm/xcode
    builtin-SwiftPerFileCompile Alert.swift
SwiftCompile normal arm64 /Users/admin/builder/spi-builder-workspace/Sources/SwiftPatterns/Array+StableUniqueValues.swift (in target 'SwiftPatterns' from project 'SwiftPatterns')
    cd /Users/admin/builder/spi-builder-workspace/.swiftpm/xcode
    builtin-SwiftPerFileCompile Array+StableUniqueValues.swift
SwiftCompile normal arm64 /Users/admin/builder/spi-builder-workspace/Sources/SwiftPatterns/Array+dropLastWhile.swift (in target 'SwiftPatterns' from project 'SwiftPatterns')
    cd /Users/admin/builder/spi-builder-workspace/.swiftpm/xcode
    builtin-SwiftPerFileCompile Array+dropLastWhile.swift
SwiftCompile normal arm64 Compiling\ URL+ExtendedAttributes.swift,\ URL+relativePaths.swift /Users/admin/builder/spi-builder-workspace/Sources/SwiftPatterns/URL+ExtendedAttributes.swift /Users/admin/builder/spi-builder-workspace/Sources/SwiftPatterns/URL+relativePaths.swift (in target 'SwiftPatterns' from project 'SwiftPatterns')
SwiftCompile normal arm64 /Users/admin/builder/spi-builder-workspace/Sources/SwiftPatterns/URL+ExtendedAttributes.swift (in target 'SwiftPatterns' from project 'SwiftPatterns')
    cd /Users/admin/builder/spi-builder-workspace/.swiftpm/xcode
    builtin-SwiftPerFileCompile URL+ExtendedAttributes.swift
SwiftCompile normal arm64 /Users/admin/builder/spi-builder-workspace/Sources/SwiftPatterns/URL+relativePaths.swift (in target 'SwiftPatterns' from project 'SwiftPatterns')
    cd /Users/admin/builder/spi-builder-workspace/.swiftpm/xcode
    builtin-SwiftPerFileCompile URL+relativePaths.swift
SwiftEmitModule normal arm64 Emitting\ module\ for\ SwiftPatterns (in target 'SwiftPatterns' from project 'SwiftPatterns')
/Users/admin/builder/spi-builder-workspace/Sources/SwiftPatterns/LocalFileSource.swift:25:35: error: cannot find type 'DirectoryMonitor' in scope
23 | 	fileprivate let directoryURL:URL
24 | 	fileprivate let extensions:Set<String>
25 | 	fileprivate var directoryMonitor:DirectoryMonitor?
   |                                   `- error: cannot find type 'DirectoryMonitor' in scope
26 |
27 | 	public init?(directoryURL:URL, extensions:[String] = [], handler:@escaping (_ changes:ChangeSet)->()) {
/Users/admin/builder/spi-builder-workspace/Sources/SwiftPatterns/SerializedResourceWrapping.swift:25:39: warning: using 'class' keyword to define a class-constrained protocol is deprecated; use 'AnyObject' instead [#deprecation]
 23 |
 24 | /// like a directory
 25 | public protocol SubResourceWrapping : class, SerializedResourceWrapping {
    |                                       `- warning: using 'class' keyword to define a class-constrained protocol is deprecated; use 'AnyObject' instead [#deprecation]
 26 |
 27 | 	///access all the sub resources, usually for iteration
Failed frontend command:
/Applications/Xcode-27.0.0-Release.Candidate.app/Contents/Developer/Toolchains/XcodeDefault.xctoolchain/usr/bin/swift-frontend -frontend -emit-module -experimental-skip-non-inlinable-function-bodies-without-types /Users/admin/builder/spi-builder-workspace/Sources/SwiftPatterns/Alert.swift /Users/admin/builder/spi-builder-workspace/Sources/SwiftPatterns/Array+StableUniqueValues.swift /Users/admin/builder/spi-builder-workspace/Sources/SwiftPatterns/Array+dropLastWhile.swift /Users/admin/builder/spi-builder-workspace/Sources/SwiftPatterns/ChangeSet.swift /Users/admin/builder/spi-builder-workspace/Sources/SwiftPatterns/Cursor.swift /Users/admin/builder/spi-builder-workspace/Sources/SwiftPatterns/DataExtraction.swift /Users/admin/builder/spi-builder-workspace/Sources/SwiftPatterns/DirectoryMonitor.swift /Users/admin/builder/spi-builder-workspace/Sources/SwiftPatterns/DynamicCodingKeys.swift /Users/admin/builder/spi-builder-workspace/Sources/SwiftPatterns/Int+Bits.swift /Users/admin/builder/spi-builder-workspace/Sources/SwiftPatterns/JSONPrimitive.swift /Users/admin/builder/spi-builder-workspace/Sources/SwiftPatterns/LocalFileSource.swift /Users/admin/builder/spi-builder-workspace/Sources/SwiftPatterns/LogSearch.swift /Users/admin/builder/spi-builder-workspace/Sources/SwiftPatterns/Math.swift /Users/admin/builder/spi-builder-workspace/Sources/SwiftPatterns/MediatedAccess.swift /Users/admin/builder/spi-builder-workspace/Sources/SwiftPatterns/PriorityQueue.swift /Users/admin/builder/spi-builder-workspace/Sources/SwiftPatterns/QueuedVar.swift /Users/admin/builder/spi-builder-workspace/Sources/SwiftPatterns/SerializedResourceWrapping.swift /Users/admin/builder/spi-builder-workspace/Sources/SwiftPatterns/SkippingDecodeErrors.swift /Users/admin/builder/spi-builder-workspace/Sources/SwiftPatterns/String+CharacterSet+replacements.swift /Users/admin/builder/spi-builder-workspace/Sources/SwiftPatterns/String+fixes.swift /Users/admin/builder/spi-builder-workspace/Sources/SwiftPatterns/String+insertWithPrecautionaryWhitespace.swift /Users/admin/builder/spi-builder-workspace/Sources/SwiftPatterns/URL+ExtendedAttributes.swift /Users/admin/builder/spi-builder-workspace/Sources/SwiftPatterns/URL+relativePaths.swift /Users/admin/builder/spi-builder-workspace/Sources/SwiftPatterns/WeightedNode.swift /Users/admin/builder/spi-builder-workspace/Sources/SwiftPatterns/XMLItem.swift -target arm64-apple-xros1.0 -disable-cross-import-overlay-search -load-resolved-plugin /Applications/Xcode-27.0.0-Release.Candidate.app/Contents/Developer/Platforms/XROS.platform/Developer/usr/lib/swift/host/plugins/libFoundationMacros.dylib\#/Applications/Xcode-27.0.0-Release.Candidate.app/Contents/Developer/Platforms/XROS.platform/Developer/usr/bin/swift-plugin-server\#FoundationMacros -load-resolved-plugin /Applications/Xcode-27.0.0-Release.Candidate.app/Contents/Developer/Platforms/XROS.platform/Developer/usr/lib/swift/host/plugins/libObservationMacros.dylib\#/Applications/Xcode-27.0.0-Release.Candidate.app/Contents/Developer/Platforms/XROS.platform/Developer/usr/bin/swift-plugin-server\#ObservationMacros -load-resolved-plugin /Applications/Xcode-27.0.0-Release.Candidate.app/Contents/Developer/Platforms/XROS.platform/Developer/usr/lib/swift/host/plugins/libSwiftMacros.dylib\#/Applications/Xcode-27.0.0-Release.Candidate.app/Contents/Developer/Platforms/XROS.platform/Developer/usr/bin/swift-plugin-server\#SwiftMacros -disable-implicit-swift-modules -Xcc -fno-implicit-modules -Xcc -fno-implicit-module-maps -explicit-swift-module-map-file /Users/admin/builder/spi-builder-workspace/.derivedData/Build/Intermediates.noindex/SwiftPatterns.build/Debug-xros/SwiftPatterns-t.build/Objects-normal/arm64/SwiftPatterns-dependencies-1.json -Xllvm -aarch64-use-tbi -enable-objc-interop -stack-check -sdk /Applications/Xcode-27.0.0-Release.Candidate.app/Contents/Developer/Platforms/XROS.platform/Developer/SDKs/XROS27.0.sdk -I /Users/admin/builder/spi-builder-workspace/.derivedData/Build/Products/Debug-xros -Isystem /Applications/Xcode-27.0.0-Release.Candidate.app/Contents/Developer/Platforms/XROS.platform/Developer/usr/lib -F /Users/admin/builder/spi-builder-workspace/.derivedData/Build/Products/Debug-xros -F /Applications/Xcode-27.0.0-Release.Candidate.app/Contents/Developer/Platforms/XROS.platform/Developer/Library/Frameworks -F /Applications/Xcode-27.0.0-Release.Candidate.app/Contents/Developer/Platforms/XROS.platform/Developer/SDKs/XROS27.0.sdk/Developer/Library/Frameworks -module-cache-path /Users/admin/builder/spi-builder-workspace/.derivedData/Build/Intermediates.noindex/SwiftExplicitPrecompiledModules -no-color-diagnostics -Xcc -fno-color-diagnostics -enable-testing -g -debug-info-format\=dwarf -dwarf-version\=4 -profile-generate -profile-coverage-mapping -swift-version 5 -Onone -D SWIFT_PACKAGE -D DEBUG -D SWIFT_MODULE_RESOURCE_BUNDLE_UNAVAILABLE -D Xcode -serialize-debugging-options -enable-experimental-feature DebugDescriptionMacro -empty-abi-descriptor -validate-clang-modules-once -clang-build-session-file /Users/admin/builder/spi-builder-workspace/.derivedData/ModuleCache.noindex/Session.modulevalidation -Xcc -working-directory -Xcc /Users/admin/builder/spi-builder-workspace/.swiftpm/xcode -enable-anonymous-context-mangled-names -file-compilation-dir /Users/admin/builder/spi-builder-workspace/.swiftpm/xcode -Xcc -D_LIBCPP_HARDENING_MODE\=_LIBCPP_HARDENING_MODE_DEBUG -Xcc -ivfsstatcache -Xcc /Users/admin/builder/spi-builder-workspace/.derivedData/SDKStatCaches.noindex/xros27.0-24M361-e829b21a6f8c9b70876ba0858053c044735bd543db762f57723cac368afd1ce4.sdkstatcache -Xcc -fmodules-prune-interval\=86400 -Xcc -fmodules-prune-after\=345600 -Xcc -I/Users/admin/builder/spi-builder-workspace/.derivedData/Build/Products/Debug-xros/include -Xcc -I/Users/admin/builder/spi-builder-workspace/.derivedData/Build/Intermediates.noindex/SwiftPatterns.build/Debug-xros/SwiftPatterns-t.build/DerivedSources-normal/arm64 -Xcc -I/Users/admin/builder/spi-builder-workspace/.derivedData/Build/Intermediates.noindex/SwiftPatterns.build/Debug-xros/SwiftPatterns-t.build/DerivedSources/arm64 -Xcc -I/Users/admin/builder/spi-builder-workspace/.derivedData/Build/Intermediates.noindex/SwiftPatterns.build/Debug-xros/SwiftPatterns-t.build/DerivedSources -Xcc -DSWIFT_PACKAGE -Xcc -DDEBUG\=1 -no-auto-bridging-header-chaining -module-name SwiftPatterns -const-gather-protocols-file /Users/admin/builder/spi-builder-workspace/.derivedData/Build/Intermediates.noindex/SwiftPatterns.build/Debug-xros/SwiftPatterns-t.build/Objects-normal/arm64/SwiftPatterns_const_extract_protocols.json -disable-clang-spi -clang-target arm64-apple-xros27.0 -target-sdk-version 27.0 -target-sdk-name xros27.0 -in-process-plugin-server-path /Applications/Xcode-27.0.0-Release.Candidate.app/Contents/Developer/Toolchains/XcodeDefault.xctoolchain/usr/lib/swift/host/libSwiftInProcPluginServer.dylib -emit-module-doc-path /Users/admin/builder/spi-builder-workspace/.derivedData/Build/Intermediates.noindex/SwiftPatterns.build/Debug-xros/SwiftPatterns-t.build/Objects-normal/arm64/SwiftPatterns.swiftdoc -emit-module-source-info-path /Users/admin/builder/spi-builder-workspace/.derivedData/Build/Intermediates.noindex/SwiftPatterns.build/Debug-xros/SwiftPatterns-t.build/Objects-normal/arm64/SwiftPatterns.swiftsourceinfo -emit-objc-header-path /Users/admin/builder/spi-builder-workspace/.derivedData/Build/Intermediates.noindex/SwiftPatterns.build/Debug-xros/SwiftPatterns-t.build/Objects-normal/arm64/SwiftPatterns-Swift.h -serialize-diagnostics-path /Users/admin/builder/spi-builder-workspace/.derivedData/Build/Intermediates.noindex/SwiftPatterns.build/Debug-xros/SwiftPatterns-t.build/Objects-normal/arm64/SwiftPatterns-primary-emit-module.dia -emit-dependencies-path /Users/admin/builder/spi-builder-workspace/.derivedData/Build/Intermediates.noindex/SwiftPatterns.build/Debug-xros/SwiftPatterns-t.build/Objects-normal/arm64/SwiftPatterns-primary-emit-module.d -parse-as-library -o /Users/admin/builder/spi-builder-workspace/.derivedData/Build/Intermediates.noindex/SwiftPatterns.build/Debug-xros/SwiftPatterns-t.build/Objects-normal/arm64/SwiftPatterns.swiftmodule -emit-abi-descriptor-path /Users/admin/builder/spi-builder-workspace/.derivedData/Build/Intermediates.noindex/SwiftPatterns.build/Debug-xros/SwiftPatterns-t.build/Objects-normal/arm64/SwiftPatterns.abi.json
SwiftCompile normal arm64 (in target 'SwiftPatterns' from project 'SwiftPatterns')
    cd /Users/admin/builder/spi-builder-workspace/.swiftpm/xcode

SwiftCompile normal arm64 Compiling\ WeightedNode.swift,\ XMLItem.swift /Users/admin/builder/spi-builder-workspace/Sources/SwiftPatterns/WeightedNode.swift /Users/admin/builder/spi-builder-workspace/Sources/SwiftPatterns/XMLItem.swift (in target 'SwiftPatterns' from project 'SwiftPatterns')
SwiftCompile normal arm64 /Users/admin/builder/spi-builder-workspace/Sources/SwiftPatterns/WeightedNode.swift (in target 'SwiftPatterns' from project 'SwiftPatterns')
    cd /Users/admin/builder/spi-builder-workspace/.swiftpm/xcode
    builtin-SwiftPerFileCompile WeightedNode.swift
SwiftCompile normal arm64 /Users/admin/builder/spi-builder-workspace/Sources/SwiftPatterns/XMLItem.swift (in target 'SwiftPatterns' from project 'SwiftPatterns')
    cd /Users/admin/builder/spi-builder-workspace/.swiftpm/xcode
    builtin-SwiftPerFileCompile XMLItem.swift
SwiftCompile normal arm64 Compiling\ Math.swift,\ MediatedAccess.swift,\ PriorityQueue.swift /Users/admin/builder/spi-builder-workspace/Sources/SwiftPatterns/Math.swift /Users/admin/builder/spi-builder-workspace/Sources/SwiftPatterns/MediatedAccess.swift /Users/admin/builder/spi-builder-workspace/Sources/SwiftPatterns/PriorityQueue.swift (in target 'SwiftPatterns' from project 'SwiftPatterns')
SwiftCompile normal arm64 /Users/admin/builder/spi-builder-workspace/Sources/SwiftPatterns/Math.swift (in target 'SwiftPatterns' from project 'SwiftPatterns')
    cd /Users/admin/builder/spi-builder-workspace/.swiftpm/xcode
    builtin-SwiftPerFileCompile Math.swift
SwiftCompile normal arm64 /Users/admin/builder/spi-builder-workspace/Sources/SwiftPatterns/MediatedAccess.swift (in target 'SwiftPatterns' from project 'SwiftPatterns')
    cd /Users/admin/builder/spi-builder-workspace/.swiftpm/xcode
    builtin-SwiftPerFileCompile MediatedAccess.swift
SwiftCompile normal arm64 /Users/admin/builder/spi-builder-workspace/Sources/SwiftPatterns/PriorityQueue.swift (in target 'SwiftPatterns' from project 'SwiftPatterns')
    cd /Users/admin/builder/spi-builder-workspace/.swiftpm/xcode
    builtin-SwiftPerFileCompile PriorityQueue.swift
PruneExplicitPrecompiledModules /Users/admin/builder/spi-builder-workspace/.derivedData/Build/Intermediates.noindex/SwiftExplicitPrecompiledModules
PruneExplicitPrecompiledModules /Users/admin/builder/spi-builder-workspace/.derivedData/SDKExplicitPrecompiledModules
PruneExplicitPrecompiledModules /Users/admin/builder/spi-builder-workspace/.derivedData/Build/Intermediates.noindex/ExplicitPrecompiledModules
2026-09-22 16:53:21.604 xcodebuild[718:4569] [MT] IDERunDestination: Supported platforms for the buildables in the current scheme is empty.
** BUILD FAILED **
The following build commands failed:
	SwiftEmitModule normal arm64 Emitting\ module\ for\ SwiftPatterns (in target 'SwiftPatterns' from project 'SwiftPatterns')
	SwiftCompile normal arm64 (in target 'SwiftPatterns' from project 'SwiftPatterns')
	Building workspace SwiftPatterns with scheme SwiftPatterns
(3 failures)
BUILD FAILURE 6.4 visionOS