Build Information
Failed to build Aurora, reference main (0d1497), with Swift 6.3 for watchOS using Xcode 26.4 on 15 Aug 2026 00:20:48 UTC.
Build Command
env DEVELOPER_DIR=/Applications/Xcode-26.4.0.app xcrun xcodebuild -IDEClonedSourcePackagesDirPathOverride=$PWD/.dependencies -skipMacroValidation -skipPackagePluginValidation -derivedDataPath $PWD/.derivedData build -scheme Aurora-Package -destination generic/platform=watchOSBuild Log
========================================
RunAll
========================================
Builder version: undefined version: run 'make version' to update
Interrupt handler set up.
========================================
Checkout
========================================
Clone URL: https://github.com/marciliojrs/aurora.git
Reference: main
Initialized empty Git repository in /Users/admin/builder/spi-builder-workspace/.git/
From https://github.com/marciliojrs/aurora
* branch main -> FETCH_HEAD
* [new branch] main -> origin/main
HEAD is now at 0d1497b update readme and other files
Cloned https://github.com/marciliojrs/aurora.git
Revision (git rev-parse @):
0d1497b206ef77017760d9c819eafa191f4b00c5
SPI manifest file found: $PWD/.spi.yml
SUCCESS checkout https://github.com/marciliojrs/aurora.git at main
========================================
Build
========================================
Selected platform: watchOS
Swift version: 6.3
Building package at path: $PWD
https://github.com/marciliojrs/aurora.git
Command line invocation:
/Applications/Xcode-26.4.0.app/Contents/Developer/usr/bin/xcodebuild -IDEClonedSourcePackagesDirPathOverride=/Users/admin/builder/spi-builder-workspace/.dependencies -resolvePackageDependencies
Resolve Package Graph
Resolve Package Graph
Resolved source packages:
Aurora: /Users/admin/builder/spi-builder-workspace
resolved source packages: Aurora
2026-08-14 20:20:12.352 xcodebuild[541:3109] [MT] IDERunDestination: Supported platforms for the buildables in the current scheme is empty.
{
"dependencies" : [
],
"manifest_display_name" : "Aurora",
"name" : "Aurora",
"path" : "/Users/admin/builder/spi-builder-workspace",
"platforms" : [
{
"name" : "ios",
"version" : "17.0"
},
{
"name" : "macos",
"version" : "14.0"
},
{
"name" : "tvos",
"version" : "17.0"
},
{
"name" : "visionos",
"version" : "1.0"
}
],
"products" : [
{
"name" : "AuroraCore",
"targets" : [
"AuroraCore"
],
"type" : {
"library" : [
"automatic"
]
}
},
{
"name" : "Aurora",
"targets" : [
"Aurora"
],
"type" : {
"library" : [
"automatic"
]
}
}
],
"targets" : [
{
"c99name" : "AuroraTests",
"module_type" : "SwiftTarget",
"name" : "AuroraTests",
"path" : "Tests/AuroraTests",
"sources" : [
"RenderingTests.swift"
],
"target_dependencies" : [
"Aurora",
"AuroraCore"
],
"type" : "test"
},
{
"c99name" : "AuroraCoreTests",
"module_type" : "SwiftTarget",
"name" : "AuroraCoreTests",
"path" : "Tests/AuroraCoreTests",
"sources" : [
"MathTests.swift",
"PulseDriverTests.swift",
"SceneBuilderTests.swift",
"TuningTests.swift"
],
"target_dependencies" : [
"AuroraCore"
],
"type" : "test"
},
{
"c99name" : "AuroraCore",
"module_type" : "SwiftTarget",
"name" : "AuroraCore",
"path" : "Sources/AuroraCore",
"product_memberships" : [
"AuroraCore",
"Aurora"
],
"sources" : [
"AuroraColor.swift",
"AuroraColorMatrix.swift",
"AuroraColorVariant.swift",
"AuroraConfiguration.swift",
"AuroraGeometry.swift",
"AuroraScene.swift",
"AuroraSceneBuilder+Line.swift",
"AuroraSceneBuilder+Pulse.swift",
"AuroraSceneBuilder+Rotate.swift",
"AuroraSceneBuilder.swift",
"AuroraShape.swift",
"AuroraSize.swift",
"AuroraStyle.swift",
"AuroraTheme.swift",
"AuroraTimeline.swift",
"PulseDriver.swift",
"Tuning/Tuning+LineBloom.swift",
"Tuning/Tuning+Palettes.swift",
"Tuning/Tuning+Presets.swift",
"Tuning/Tuning+Pulse.swift",
"Tuning/Tuning+Rotate.swift",
"Tuning/Tuning.swift",
"Tuning/TuningTypes.swift"
],
"type" : "library"
},
{
"c99name" : "Aurora",
"module_type" : "SwiftTarget",
"name" : "Aurora",
"path" : "Sources/Aurora",
"product_memberships" : [
"Aurora"
],
"sources" : [
"Appearance.swift",
"Aurora.swift",
"AuroraClock.swift",
"AuroraDecoration.swift",
"AuroraEnvironment.swift",
"AuroraModifier.swift",
"AuroraView.swift",
"ColorBridging.swift",
"Exports.swift",
"Previews.swift",
"SceneRenderer.swift",
"SceneView.swift",
"UIKitPreviews.swift",
"UIView+Aurora.swift"
],
"target_dependencies" : [
"AuroraCore"
],
"type" : "library"
}
],
"tools_version" : "6.0"
}
{
"workspace" : {
"name" : "spi-builder-workspace",
"schemes" : [
"Aurora",
"Aurora-Package",
"AuroraCore"
]
}
}
2026-08-14 20:20:32.731 xcodebuild[699:4307] [MT] IDERunDestination: Supported platforms for the buildables in the current scheme is empty.
Running build ...
env DEVELOPER_DIR=/Applications/Xcode-26.4.0.app xcrun xcodebuild -IDEClonedSourcePackagesDirPathOverride=$PWD/.dependencies -skipMacroValidation -skipPackagePluginValidation -derivedDataPath $PWD/.derivedData build -scheme Aurora-Package -destination generic/platform=watchOS
Command line invocation:
/Applications/Xcode-26.4.0.app/Contents/Developer/usr/bin/xcodebuild -IDEClonedSourcePackagesDirPathOverride=/Users/admin/builder/spi-builder-workspace/.dependencies -skipMacroValidation -skipPackagePluginValidation -derivedDataPath /Users/admin/builder/spi-builder-workspace/.derivedData build -scheme Aurora-Package -destination generic/platform=watchOS
Resolve Package Graph
Resolved source packages:
Aurora: /Users/admin/builder/spi-builder-workspace
ComputePackagePrebuildTargetDependencyGraph
Prepare packages
CreateBuildRequest
SendProjectDescription
CreateBuildOperation
ComputeTargetDependencyGraph
note: Building targets in dependency order
note: Target dependency graph (4 targets)
Target 'AuroraCore' in project 'Aurora'
➜ Explicit dependency on target 'AuroraCore' in project 'Aurora'
Target 'Aurora' in project 'Aurora'
➜ Explicit dependency on target 'Aurora' in project 'Aurora'
➜ Explicit dependency on target 'AuroraCore' in project 'Aurora'
Target 'Aurora' in project 'Aurora'
➜ Explicit dependency on target 'AuroraCore' in project 'Aurora'
Target 'AuroraCore' in project 'Aurora' (no dependencies)
GatherProvisioningInputs
CreateBuildDescription
ExecuteExternalTool /Applications/Xcode-26.4.0.app/Contents/Developer/Toolchains/XcodeDefault.xctoolchain/usr/bin/clang -v -E -dM -isysroot /Applications/Xcode-26.4.0.app/Contents/Developer/Platforms/WatchOS.platform/Developer/SDKs/WatchOS26.4.sdk -x c -c /dev/null
ExecuteExternalTool /Applications/Xcode-26.4.0.app/Contents/Developer/Toolchains/XcodeDefault.xctoolchain/usr/bin/swiftc --version
ExecuteExternalTool /Applications/Xcode-26.4.0.app/Contents/Developer/Toolchains/XcodeDefault.xctoolchain/usr/bin/ld -version_details
Build description signature: 74dd593b220324836e0bb652b6b6525e
Build description path: /Users/admin/builder/spi-builder-workspace/.derivedData/Build/Intermediates.noindex/XCBuildData/74dd593b220324836e0bb652b6b6525e.xcbuilddata
ClangStatCache /Applications/Xcode-26.4.0.app/Contents/Developer/Toolchains/XcodeDefault.xctoolchain/usr/bin/clang-stat-cache /Applications/Xcode-26.4.0.app/Contents/Developer/Platforms/WatchOS.platform/Developer/SDKs/WatchOS26.4.sdk /Users/admin/builder/spi-builder-workspace/.derivedData/SDKStatCaches.noindex/watchos26.4-23T238-688ef53f1462e2c8f657fdc38a81448f9e51884a582f42380855760c9d4cc599.sdkstatcache
cd /Users/admin/builder/spi-builder-workspace/.swiftpm/xcode
/Applications/Xcode-26.4.0.app/Contents/Developer/Toolchains/XcodeDefault.xctoolchain/usr/bin/clang-stat-cache /Applications/Xcode-26.4.0.app/Contents/Developer/Platforms/WatchOS.platform/Developer/SDKs/WatchOS26.4.sdk -o /Users/admin/builder/spi-builder-workspace/.derivedData/SDKStatCaches.noindex/watchos26.4-23T238-688ef53f1462e2c8f657fdc38a81448f9e51884a582f42380855760c9d4cc599.sdkstatcache
CreateBuildDirectory /Users/admin/builder/spi-builder-workspace/.derivedData/Build/Products
cd /Users/admin/builder/spi-builder-workspace/.swiftpm/xcode
builtin-create-build-directory /Users/admin/builder/spi-builder-workspace/.derivedData/Build/Products
CreateBuildDirectory /Users/admin/builder/spi-builder-workspace/.derivedData/Build/Intermediates.noindex
cd /Users/admin/builder/spi-builder-workspace/.swiftpm/xcode
builtin-create-build-directory /Users/admin/builder/spi-builder-workspace/.derivedData/Build/Intermediates.noindex
CreateBuildDirectory /Users/admin/builder/spi-builder-workspace/.derivedData/Build/Intermediates.noindex/SwiftExplicitPrecompiledModules
cd /Users/admin/builder/spi-builder-workspace/.swiftpm/xcode
builtin-create-build-directory /Users/admin/builder/spi-builder-workspace/.derivedData/Build/Intermediates.noindex/SwiftExplicitPrecompiledModules
CreateBuildDirectory /Users/admin/builder/spi-builder-workspace/.derivedData/Build/Intermediates.noindex/ExplicitPrecompiledModules
cd /Users/admin/builder/spi-builder-workspace/.swiftpm/xcode
builtin-create-build-directory /Users/admin/builder/spi-builder-workspace/.derivedData/Build/Intermediates.noindex/ExplicitPrecompiledModules
CreateBuildDirectory /Users/admin/builder/spi-builder-workspace/.derivedData/Build/Intermediates.noindex/EagerLinkingTBDs/Debug-watchos
cd /Users/admin/builder/spi-builder-workspace/.swiftpm/xcode
builtin-create-build-directory /Users/admin/builder/spi-builder-workspace/.derivedData/Build/Intermediates.noindex/EagerLinkingTBDs/Debug-watchos
CreateBuildDirectory /Users/admin/builder/spi-builder-workspace/.derivedData/Build/Products/Debug-watchos
cd /Users/admin/builder/spi-builder-workspace/.swiftpm/xcode
builtin-create-build-directory /Users/admin/builder/spi-builder-workspace/.derivedData/Build/Products/Debug-watchos
CreateBuildDirectory /Users/admin/builder/spi-builder-workspace/.derivedData/Build/Products/Debug-watchos/PackageFrameworks
cd /Users/admin/builder/spi-builder-workspace/.swiftpm/xcode
builtin-create-build-directory /Users/admin/builder/spi-builder-workspace/.derivedData/Build/Products/Debug-watchos/PackageFrameworks
WriteAuxiliaryFile /Users/admin/builder/spi-builder-workspace/.derivedData/Build/Intermediates.noindex/Aurora.build/Debug-watchos/AuroraCore.build/AuroraCore.modulemap (in target 'AuroraCore' from project 'Aurora')
cd /Users/admin/builder/spi-builder-workspace
write-file /Users/admin/builder/spi-builder-workspace/.derivedData/Build/Intermediates.noindex/Aurora.build/Debug-watchos/AuroraCore.build/AuroraCore.modulemap
WriteAuxiliaryFile /Users/admin/builder/spi-builder-workspace/.derivedData/Build/Intermediates.noindex/Aurora.build/Debug-watchos/AuroraCore.build/Objects-normal/arm64_32/AuroraCore-OutputFileMap.json (in target 'AuroraCore' from project 'Aurora')
cd /Users/admin/builder/spi-builder-workspace
write-file /Users/admin/builder/spi-builder-workspace/.derivedData/Build/Intermediates.noindex/Aurora.build/Debug-watchos/AuroraCore.build/Objects-normal/arm64_32/AuroraCore-OutputFileMap.json
WriteAuxiliaryFile /Users/admin/builder/spi-builder-workspace/.derivedData/Build/Intermediates.noindex/Aurora.build/Debug-watchos/AuroraCore.build/Objects-normal/arm64_32/AuroraCore.LinkFileList (in target 'AuroraCore' from project 'Aurora')
cd /Users/admin/builder/spi-builder-workspace
write-file /Users/admin/builder/spi-builder-workspace/.derivedData/Build/Intermediates.noindex/Aurora.build/Debug-watchos/AuroraCore.build/Objects-normal/arm64_32/AuroraCore.LinkFileList
WriteAuxiliaryFile /Users/admin/builder/spi-builder-workspace/.derivedData/Build/Intermediates.noindex/Aurora.build/Debug-watchos/AuroraCore.build/Objects-normal/arm64_32/AuroraCore_const_extract_protocols.json (in target 'AuroraCore' from project 'Aurora')
cd /Users/admin/builder/spi-builder-workspace
write-file /Users/admin/builder/spi-builder-workspace/.derivedData/Build/Intermediates.noindex/Aurora.build/Debug-watchos/AuroraCore.build/Objects-normal/arm64_32/AuroraCore_const_extract_protocols.json
WriteAuxiliaryFile /Users/admin/builder/spi-builder-workspace/.derivedData/Build/Intermediates.noindex/Aurora.build/Debug-watchos/AuroraCore.build/Objects-normal/arm64/AuroraCore-OutputFileMap.json (in target 'AuroraCore' from project 'Aurora')
cd /Users/admin/builder/spi-builder-workspace
write-file /Users/admin/builder/spi-builder-workspace/.derivedData/Build/Intermediates.noindex/Aurora.build/Debug-watchos/AuroraCore.build/Objects-normal/arm64/AuroraCore-OutputFileMap.json
WriteAuxiliaryFile /Users/admin/builder/spi-builder-workspace/.derivedData/Build/Intermediates.noindex/Aurora.build/Debug-watchos/AuroraCore.build/Objects-normal/arm64_32/AuroraCore.SwiftFileList (in target 'AuroraCore' from project 'Aurora')
cd /Users/admin/builder/spi-builder-workspace
write-file /Users/admin/builder/spi-builder-workspace/.derivedData/Build/Intermediates.noindex/Aurora.build/Debug-watchos/AuroraCore.build/Objects-normal/arm64_32/AuroraCore.SwiftFileList
WriteAuxiliaryFile /Users/admin/builder/spi-builder-workspace/.derivedData/Build/Intermediates.noindex/Aurora.build/Debug-watchos/AuroraCore.build/Objects-normal/arm64_32/AuroraCore.SwiftConstValuesFileList (in target 'AuroraCore' from project 'Aurora')
cd /Users/admin/builder/spi-builder-workspace
write-file /Users/admin/builder/spi-builder-workspace/.derivedData/Build/Intermediates.noindex/Aurora.build/Debug-watchos/AuroraCore.build/Objects-normal/arm64_32/AuroraCore.SwiftConstValuesFileList
WriteAuxiliaryFile /Users/admin/builder/spi-builder-workspace/.derivedData/Build/Intermediates.noindex/Aurora.build/Debug-watchos/AuroraCore.build/Objects-normal/arm64/AuroraCore_const_extract_protocols.json (in target 'AuroraCore' from project 'Aurora')
cd /Users/admin/builder/spi-builder-workspace
write-file /Users/admin/builder/spi-builder-workspace/.derivedData/Build/Intermediates.noindex/Aurora.build/Debug-watchos/AuroraCore.build/Objects-normal/arm64/AuroraCore_const_extract_protocols.json
WriteAuxiliaryFile /Users/admin/builder/spi-builder-workspace/.derivedData/Build/Intermediates.noindex/Aurora.build/Debug-watchos/AuroraCore.build/Objects-normal/arm64/AuroraCore.SwiftFileList (in target 'AuroraCore' from project 'Aurora')
cd /Users/admin/builder/spi-builder-workspace
write-file /Users/admin/builder/spi-builder-workspace/.derivedData/Build/Intermediates.noindex/Aurora.build/Debug-watchos/AuroraCore.build/Objects-normal/arm64/AuroraCore.SwiftFileList
WriteAuxiliaryFile /Users/admin/builder/spi-builder-workspace/.derivedData/Build/Intermediates.noindex/Aurora.build/Debug-watchos/AuroraCore.build/Objects-normal/arm64/AuroraCore.SwiftConstValuesFileList (in target 'AuroraCore' from project 'Aurora')
cd /Users/admin/builder/spi-builder-workspace
write-file /Users/admin/builder/spi-builder-workspace/.derivedData/Build/Intermediates.noindex/Aurora.build/Debug-watchos/AuroraCore.build/Objects-normal/arm64/AuroraCore.SwiftConstValuesFileList
WriteAuxiliaryFile /Users/admin/builder/spi-builder-workspace/.derivedData/Build/Intermediates.noindex/Aurora.build/Debug-watchos/AuroraCore.build/Objects-normal/arm64/AuroraCore.LinkFileList (in target 'AuroraCore' from project 'Aurora')
cd /Users/admin/builder/spi-builder-workspace
write-file /Users/admin/builder/spi-builder-workspace/.derivedData/Build/Intermediates.noindex/Aurora.build/Debug-watchos/AuroraCore.build/Objects-normal/arm64/AuroraCore.LinkFileList
WriteAuxiliaryFile /Users/admin/builder/spi-builder-workspace/.derivedData/Build/Intermediates.noindex/Aurora.build/Debug-watchos/AuroraCore.build/AuroraCore.DependencyStaticMetadataFileList (in target 'AuroraCore' from project 'Aurora')
cd /Users/admin/builder/spi-builder-workspace
write-file /Users/admin/builder/spi-builder-workspace/.derivedData/Build/Intermediates.noindex/Aurora.build/Debug-watchos/AuroraCore.build/AuroraCore.DependencyStaticMetadataFileList
WriteAuxiliaryFile /Users/admin/builder/spi-builder-workspace/.derivedData/Build/Intermediates.noindex/Aurora.build/Debug-watchos/AuroraCore.build/AuroraCore.DependencyMetadataFileList (in target 'AuroraCore' from project 'Aurora')
cd /Users/admin/builder/spi-builder-workspace
write-file /Users/admin/builder/spi-builder-workspace/.derivedData/Build/Intermediates.noindex/Aurora.build/Debug-watchos/AuroraCore.build/AuroraCore.DependencyMetadataFileList
Copy /Users/admin/builder/spi-builder-workspace/.derivedData/Build/Intermediates.noindex/GeneratedModuleMaps-watchos/AuroraCore.modulemap /Users/admin/builder/spi-builder-workspace/.derivedData/Build/Intermediates.noindex/Aurora.build/Debug-watchos/AuroraCore.build/AuroraCore.modulemap (in target 'AuroraCore' from project 'Aurora')
cd /Users/admin/builder/spi-builder-workspace
builtin-copy -exclude .DS_Store -exclude CVS -exclude .svn -exclude .git -exclude .hg -resolve-src-symlinks /Users/admin/builder/spi-builder-workspace/.derivedData/Build/Intermediates.noindex/Aurora.build/Debug-watchos/AuroraCore.build/AuroraCore.modulemap /Users/admin/builder/spi-builder-workspace/.derivedData/Build/Intermediates.noindex/GeneratedModuleMaps-watchos
WriteAuxiliaryFile /Users/admin/builder/spi-builder-workspace/.derivedData/Build/Intermediates.noindex/Aurora.build/Debug-watchos/Aurora.build/Objects-normal/arm64_32/Aurora.SwiftFileList (in target 'Aurora' from project 'Aurora')
cd /Users/admin/builder/spi-builder-workspace
write-file /Users/admin/builder/spi-builder-workspace/.derivedData/Build/Intermediates.noindex/Aurora.build/Debug-watchos/Aurora.build/Objects-normal/arm64_32/Aurora.SwiftFileList
WriteAuxiliaryFile /Users/admin/builder/spi-builder-workspace/.derivedData/Build/Intermediates.noindex/Aurora.build/Debug-watchos/Aurora.build/Objects-normal/arm64_32/Aurora.SwiftConstValuesFileList (in target 'Aurora' from project 'Aurora')
cd /Users/admin/builder/spi-builder-workspace
write-file /Users/admin/builder/spi-builder-workspace/.derivedData/Build/Intermediates.noindex/Aurora.build/Debug-watchos/Aurora.build/Objects-normal/arm64_32/Aurora.SwiftConstValuesFileList
WriteAuxiliaryFile /Users/admin/builder/spi-builder-workspace/.derivedData/Build/Intermediates.noindex/Aurora.build/Debug-watchos/Aurora.build/Objects-normal/arm64_32/Aurora_const_extract_protocols.json (in target 'Aurora' from project 'Aurora')
cd /Users/admin/builder/spi-builder-workspace
write-file /Users/admin/builder/spi-builder-workspace/.derivedData/Build/Intermediates.noindex/Aurora.build/Debug-watchos/Aurora.build/Objects-normal/arm64_32/Aurora_const_extract_protocols.json
WriteAuxiliaryFile /Users/admin/builder/spi-builder-workspace/.derivedData/Build/Intermediates.noindex/Aurora.build/Debug-watchos/Aurora.build/Objects-normal/arm64_32/Aurora.LinkFileList (in target 'Aurora' from project 'Aurora')
cd /Users/admin/builder/spi-builder-workspace
write-file /Users/admin/builder/spi-builder-workspace/.derivedData/Build/Intermediates.noindex/Aurora.build/Debug-watchos/Aurora.build/Objects-normal/arm64_32/Aurora.LinkFileList
WriteAuxiliaryFile /Users/admin/builder/spi-builder-workspace/.derivedData/Build/Intermediates.noindex/Aurora.build/Debug-watchos/Aurora.build/Objects-normal/arm64_32/Aurora-OutputFileMap.json (in target 'Aurora' from project 'Aurora')
cd /Users/admin/builder/spi-builder-workspace
write-file /Users/admin/builder/spi-builder-workspace/.derivedData/Build/Intermediates.noindex/Aurora.build/Debug-watchos/Aurora.build/Objects-normal/arm64_32/Aurora-OutputFileMap.json
WriteAuxiliaryFile /Users/admin/builder/spi-builder-workspace/.derivedData/Build/Intermediates.noindex/Aurora.build/Debug-watchos/Aurora.build/Objects-normal/arm64/Aurora_const_extract_protocols.json (in target 'Aurora' from project 'Aurora')
cd /Users/admin/builder/spi-builder-workspace
write-file /Users/admin/builder/spi-builder-workspace/.derivedData/Build/Intermediates.noindex/Aurora.build/Debug-watchos/Aurora.build/Objects-normal/arm64/Aurora_const_extract_protocols.json
WriteAuxiliaryFile /Users/admin/builder/spi-builder-workspace/.derivedData/Build/Intermediates.noindex/Aurora.build/Debug-watchos/Aurora.build/Objects-normal/arm64/Aurora.SwiftFileList (in target 'Aurora' from project 'Aurora')
cd /Users/admin/builder/spi-builder-workspace
write-file /Users/admin/builder/spi-builder-workspace/.derivedData/Build/Intermediates.noindex/Aurora.build/Debug-watchos/Aurora.build/Objects-normal/arm64/Aurora.SwiftFileList
WriteAuxiliaryFile /Users/admin/builder/spi-builder-workspace/.derivedData/Build/Intermediates.noindex/Aurora.build/Debug-watchos/Aurora.build/Objects-normal/arm64/Aurora.SwiftConstValuesFileList (in target 'Aurora' from project 'Aurora')
cd /Users/admin/builder/spi-builder-workspace
write-file /Users/admin/builder/spi-builder-workspace/.derivedData/Build/Intermediates.noindex/Aurora.build/Debug-watchos/Aurora.build/Objects-normal/arm64/Aurora.SwiftConstValuesFileList
WriteAuxiliaryFile /Users/admin/builder/spi-builder-workspace/.derivedData/Build/Intermediates.noindex/Aurora.build/Debug-watchos/Aurora.build/Objects-normal/arm64/Aurora.LinkFileList (in target 'Aurora' from project 'Aurora')
cd /Users/admin/builder/spi-builder-workspace
write-file /Users/admin/builder/spi-builder-workspace/.derivedData/Build/Intermediates.noindex/Aurora.build/Debug-watchos/Aurora.build/Objects-normal/arm64/Aurora.LinkFileList
WriteAuxiliaryFile /Users/admin/builder/spi-builder-workspace/.derivedData/Build/Intermediates.noindex/Aurora.build/Debug-watchos/Aurora.build/Objects-normal/arm64/Aurora-OutputFileMap.json (in target 'Aurora' from project 'Aurora')
cd /Users/admin/builder/spi-builder-workspace
write-file /Users/admin/builder/spi-builder-workspace/.derivedData/Build/Intermediates.noindex/Aurora.build/Debug-watchos/Aurora.build/Objects-normal/arm64/Aurora-OutputFileMap.json
WriteAuxiliaryFile /Users/admin/builder/spi-builder-workspace/.derivedData/Build/Intermediates.noindex/Aurora.build/Debug-watchos/Aurora.build/Aurora.modulemap (in target 'Aurora' from project 'Aurora')
cd /Users/admin/builder/spi-builder-workspace
write-file /Users/admin/builder/spi-builder-workspace/.derivedData/Build/Intermediates.noindex/Aurora.build/Debug-watchos/Aurora.build/Aurora.modulemap
WriteAuxiliaryFile /Users/admin/builder/spi-builder-workspace/.derivedData/Build/Intermediates.noindex/Aurora.build/Debug-watchos/Aurora.build/Aurora.DependencyStaticMetadataFileList (in target 'Aurora' from project 'Aurora')
cd /Users/admin/builder/spi-builder-workspace
write-file /Users/admin/builder/spi-builder-workspace/.derivedData/Build/Intermediates.noindex/Aurora.build/Debug-watchos/Aurora.build/Aurora.DependencyStaticMetadataFileList
WriteAuxiliaryFile /Users/admin/builder/spi-builder-workspace/.derivedData/Build/Intermediates.noindex/Aurora.build/Debug-watchos/Aurora.build/Aurora.DependencyMetadataFileList (in target 'Aurora' from project 'Aurora')
cd /Users/admin/builder/spi-builder-workspace
write-file /Users/admin/builder/spi-builder-workspace/.derivedData/Build/Intermediates.noindex/Aurora.build/Debug-watchos/Aurora.build/Aurora.DependencyMetadataFileList
Copy /Users/admin/builder/spi-builder-workspace/.derivedData/Build/Intermediates.noindex/GeneratedModuleMaps-watchos/Aurora.modulemap /Users/admin/builder/spi-builder-workspace/.derivedData/Build/Intermediates.noindex/Aurora.build/Debug-watchos/Aurora.build/Aurora.modulemap (in target 'Aurora' from project 'Aurora')
cd /Users/admin/builder/spi-builder-workspace
builtin-copy -exclude .DS_Store -exclude CVS -exclude .svn -exclude .git -exclude .hg -resolve-src-symlinks /Users/admin/builder/spi-builder-workspace/.derivedData/Build/Intermediates.noindex/Aurora.build/Debug-watchos/Aurora.build/Aurora.modulemap /Users/admin/builder/spi-builder-workspace/.derivedData/Build/Intermediates.noindex/GeneratedModuleMaps-watchos
SwiftDriver AuroraCore normal arm64 com.apple.xcode.tools.swift.compiler (in target 'AuroraCore' from project 'Aurora')
cd /Users/admin/builder/spi-builder-workspace/.swiftpm/xcode
builtin-SwiftDriver -- /Applications/Xcode-26.4.0.app/Contents/Developer/Toolchains/XcodeDefault.xctoolchain/usr/bin/swiftc -module-name AuroraCore -Onone @/Users/admin/builder/spi-builder-workspace/.derivedData/Build/Intermediates.noindex/Aurora.build/Debug-watchos/AuroraCore.build/Objects-normal/arm64/AuroraCore.SwiftFileList -DSWIFT_PACKAGE -DDEBUG -DSWIFT_MODULE_RESOURCE_BUNDLE_UNAVAILABLE -DXcode -plugin-path /Applications/Xcode-26.4.0.app/Contents/Developer/Toolchains/XcodeDefault.xctoolchain/usr/lib/swift/host/plugins/testing -enable-experimental-feature DebugDescriptionMacro -sdk /Applications/Xcode-26.4.0.app/Contents/Developer/Platforms/WatchOS.platform/Developer/SDKs/WatchOS26.4.sdk -target arm64-apple-watchos10.0 -g -module-cache-path /Users/admin/builder/spi-builder-workspace/.derivedData/ModuleCache.noindex -Xfrontend -serialize-debugging-options -profile-coverage-mapping -profile-generate -enable-testing -index-store-path /Users/admin/builder/spi-builder-workspace/.derivedData/Index.noindex/DataStore -Xcc -D_LIBCPP_HARDENING_MODE\=_LIBCPP_HARDENING_MODE_DEBUG -swift-version 6 -I /Users/admin/builder/spi-builder-workspace/.derivedData/Build/Products/Debug-watchos -Isystem /Applications/Xcode-26.4.0.app/Contents/Developer/Platforms/WatchOS.platform/Developer/usr/lib -F /Users/admin/builder/spi-builder-workspace/.derivedData/Build/Products/Debug-watchos -F /Applications/Xcode-26.4.0.app/Contents/Developer/Platforms/WatchOS.platform/Developer/Library/Frameworks -F /Applications/Xcode-26.4.0.app/Contents/Developer/Platforms/WatchOS.platform/Developer/SDKs/WatchOS26.4.sdk/Developer/Library/Frameworks -c -j10 -enable-batch-mode -incremental -Xcc -ivfsstatcache -Xcc /Users/admin/builder/spi-builder-workspace/.derivedData/SDKStatCaches.noindex/watchos26.4-23T238-688ef53f1462e2c8f657fdc38a81448f9e51884a582f42380855760c9d4cc599.sdkstatcache -output-file-map /Users/admin/builder/spi-builder-workspace/.derivedData/Build/Intermediates.noindex/Aurora.build/Debug-watchos/AuroraCore.build/Objects-normal/arm64/AuroraCore-OutputFileMap.json -use-frontend-parseable-output -save-temps -no-color-diagnostics -explicit-module-build -module-cache-path /Users/admin/builder/spi-builder-workspace/.derivedData/Build/Intermediates.noindex/SwiftExplicitPrecompiledModules -clang-scanner-module-cache-path /Users/admin/builder/spi-builder-workspace/.derivedData/ModuleCache.noindex -sdk-module-cache-path /Users/admin/builder/spi-builder-workspace/.derivedData/ModuleCache.noindex -serialize-diagnostics -emit-dependencies -emit-module -emit-module-path /Users/admin/builder/spi-builder-workspace/.derivedData/Build/Intermediates.noindex/Aurora.build/Debug-watchos/AuroraCore.build/Objects-normal/arm64/AuroraCore.swiftmodule -validate-clang-modules-once -clang-build-session-file /Users/admin/builder/spi-builder-workspace/.derivedData/ModuleCache.noindex/Session.modulevalidation -package-name spi_builder_workspace -Xcc -I/Users/admin/builder/spi-builder-workspace/.derivedData/Build/Intermediates.noindex/Aurora.build/Debug-watchos/AuroraCore.build/swift-overrides.hmap -emit-const-values -Xfrontend -const-gather-protocols-file -Xfrontend /Users/admin/builder/spi-builder-workspace/.derivedData/Build/Intermediates.noindex/Aurora.build/Debug-watchos/AuroraCore.build/Objects-normal/arm64/AuroraCore_const_extract_protocols.json -Xcc -I/Users/admin/builder/spi-builder-workspace/.derivedData/Build/Products/Debug-watchos/include -Xcc -I/Users/admin/builder/spi-builder-workspace/.derivedData/Build/Intermediates.noindex/Aurora.build/Debug-watchos/AuroraCore.build/DerivedSources-normal/arm64 -Xcc -I/Users/admin/builder/spi-builder-workspace/.derivedData/Build/Intermediates.noindex/Aurora.build/Debug-watchos/AuroraCore.build/DerivedSources/arm64 -Xcc -I/Users/admin/builder/spi-builder-workspace/.derivedData/Build/Intermediates.noindex/Aurora.build/Debug-watchos/AuroraCore.build/DerivedSources -Xcc -DSWIFT_PACKAGE -Xcc -DDEBUG\=1 -emit-objc-header -emit-objc-header-path /Users/admin/builder/spi-builder-workspace/.derivedData/Build/Intermediates.noindex/Aurora.build/Debug-watchos/AuroraCore.build/Objects-normal/arm64/AuroraCore-Swift.h -working-directory /Users/admin/builder/spi-builder-workspace/.swiftpm/xcode -experimental-emit-module-separately -disable-cmo
SwiftDriver AuroraCore normal arm64_32 com.apple.xcode.tools.swift.compiler (in target 'AuroraCore' from project 'Aurora')
cd /Users/admin/builder/spi-builder-workspace/.swiftpm/xcode
builtin-SwiftDriver -- /Applications/Xcode-26.4.0.app/Contents/Developer/Toolchains/XcodeDefault.xctoolchain/usr/bin/swiftc -module-name AuroraCore -Onone @/Users/admin/builder/spi-builder-workspace/.derivedData/Build/Intermediates.noindex/Aurora.build/Debug-watchos/AuroraCore.build/Objects-normal/arm64_32/AuroraCore.SwiftFileList -DSWIFT_PACKAGE -DDEBUG -DSWIFT_MODULE_RESOURCE_BUNDLE_UNAVAILABLE -DXcode -plugin-path /Applications/Xcode-26.4.0.app/Contents/Developer/Toolchains/XcodeDefault.xctoolchain/usr/lib/swift/host/plugins/testing -enable-experimental-feature DebugDescriptionMacro -sdk /Applications/Xcode-26.4.0.app/Contents/Developer/Platforms/WatchOS.platform/Developer/SDKs/WatchOS26.4.sdk -target arm64_32-apple-watchos10.0 -g -module-cache-path /Users/admin/builder/spi-builder-workspace/.derivedData/ModuleCache.noindex -Xfrontend -serialize-debugging-options -profile-coverage-mapping -profile-generate -enable-testing -index-store-path /Users/admin/builder/spi-builder-workspace/.derivedData/Index.noindex/DataStore -Xcc -D_LIBCPP_HARDENING_MODE\=_LIBCPP_HARDENING_MODE_DEBUG -swift-version 6 -I /Users/admin/builder/spi-builder-workspace/.derivedData/Build/Products/Debug-watchos -Isystem /Applications/Xcode-26.4.0.app/Contents/Developer/Platforms/WatchOS.platform/Developer/usr/lib -F /Users/admin/builder/spi-builder-workspace/.derivedData/Build/Products/Debug-watchos -F /Applications/Xcode-26.4.0.app/Contents/Developer/Platforms/WatchOS.platform/Developer/Library/Frameworks -F /Applications/Xcode-26.4.0.app/Contents/Developer/Platforms/WatchOS.platform/Developer/SDKs/WatchOS26.4.sdk/Developer/Library/Frameworks -c -j10 -enable-batch-mode -incremental -Xcc -ivfsstatcache -Xcc /Users/admin/builder/spi-builder-workspace/.derivedData/SDKStatCaches.noindex/watchos26.4-23T238-688ef53f1462e2c8f657fdc38a81448f9e51884a582f42380855760c9d4cc599.sdkstatcache -output-file-map /Users/admin/builder/spi-builder-workspace/.derivedData/Build/Intermediates.noindex/Aurora.build/Debug-watchos/AuroraCore.build/Objects-normal/arm64_32/AuroraCore-OutputFileMap.json -use-frontend-parseable-output -save-temps -no-color-diagnostics -explicit-module-build -module-cache-path /Users/admin/builder/spi-builder-workspace/.derivedData/Build/Intermediates.noindex/SwiftExplicitPrecompiledModules -clang-scanner-module-cache-path /Users/admin/builder/spi-builder-workspace/.derivedData/ModuleCache.noindex -sdk-module-cache-path /Users/admin/builder/spi-builder-workspace/.derivedData/ModuleCache.noindex -serialize-diagnostics -emit-dependencies -emit-module -emit-module-path /Users/admin/builder/spi-builder-workspace/.derivedData/Build/Intermediates.noindex/Aurora.build/Debug-watchos/AuroraCore.build/Objects-normal/arm64_32/AuroraCore.swiftmodule -validate-clang-modules-once -clang-build-session-file /Users/admin/builder/spi-builder-workspace/.derivedData/ModuleCache.noindex/Session.modulevalidation -package-name spi_builder_workspace -Xcc -I/Users/admin/builder/spi-builder-workspace/.derivedData/Build/Intermediates.noindex/Aurora.build/Debug-watchos/AuroraCore.build/swift-overrides.hmap -emit-const-values -Xfrontend -const-gather-protocols-file -Xfrontend /Users/admin/builder/spi-builder-workspace/.derivedData/Build/Intermediates.noindex/Aurora.build/Debug-watchos/AuroraCore.build/Objects-normal/arm64_32/AuroraCore_const_extract_protocols.json -Xcc -I/Users/admin/builder/spi-builder-workspace/.derivedData/Build/Products/Debug-watchos/include -Xcc -I/Users/admin/builder/spi-builder-workspace/.derivedData/Build/Intermediates.noindex/Aurora.build/Debug-watchos/AuroraCore.build/DerivedSources-normal/arm64_32 -Xcc -I/Users/admin/builder/spi-builder-workspace/.derivedData/Build/Intermediates.noindex/Aurora.build/Debug-watchos/AuroraCore.build/DerivedSources/arm64_32 -Xcc -I/Users/admin/builder/spi-builder-workspace/.derivedData/Build/Intermediates.noindex/Aurora.build/Debug-watchos/AuroraCore.build/DerivedSources -Xcc -DSWIFT_PACKAGE -Xcc -DDEBUG\=1 -emit-objc-header -emit-objc-header-path /Users/admin/builder/spi-builder-workspace/.derivedData/Build/Intermediates.noindex/Aurora.build/Debug-watchos/AuroraCore.build/Objects-normal/arm64_32/AuroraCore-Swift.h -working-directory /Users/admin/builder/spi-builder-workspace/.swiftpm/xcode -experimental-emit-module-separately -disable-cmo
SwiftExplicitDependencyGeneratePcm arm64 /Users/admin/builder/spi-builder-workspace/.derivedData/ModuleCache.noindex/_Builtin_float-1SCPK6D91G9GTJ123R4QFENF6.pcm
SwiftExplicitDependencyGeneratePcm arm64 /Users/admin/builder/spi-builder-workspace/.derivedData/ModuleCache.noindex/_Builtin_stddef-23GVZO3J60TK1907VB9EHEBV9.pcm
SwiftExplicitDependencyGeneratePcm arm64 /Users/admin/builder/spi-builder-workspace/.derivedData/ModuleCache.noindex/_Builtin_stdbool-EZGCYJSMQH3DYOXQY29AVGE07.pcm
SwiftExplicitDependencyGeneratePcm arm64 /Users/admin/builder/spi-builder-workspace/.derivedData/ModuleCache.noindex/ptrauth-8NZTOI4T0VWLZ8LCHBTWOV0U.pcm
SwiftExplicitDependencyGeneratePcm arm64 /Users/admin/builder/spi-builder-workspace/.derivedData/ModuleCache.noindex/SwiftShims-3F71YKAFPIL4I12A9PF0U6XHE.pcm
SwiftExplicitDependencyGeneratePcm arm64 /Users/admin/builder/spi-builder-workspace/.derivedData/ModuleCache.noindex/_SwiftConcurrencyShims-4ZAELXTE2GG4SZFDXPWPT7O9.pcm
SwiftExplicitDependencyGeneratePcm arm64 /Users/admin/builder/spi-builder-workspace/.derivedData/ModuleCache.noindex/_AvailabilityInternal-VGXHWQD1X9HM4Q2T00E645TO.pcm
SwiftExplicitDependencyGeneratePcm arm64 /Users/admin/builder/spi-builder-workspace/.derivedData/ModuleCache.noindex/ptrcheck-D9WKCDD8BROY62AW3B8MFPIXL.pcm
SwiftExplicitDependencyGeneratePcm arm64 /Users/admin/builder/spi-builder-workspace/.derivedData/ModuleCache.noindex/_Builtin_stdarg-9C1VDMTMAA0JCC5F9EDHMU7LC.pcm
SwiftExplicitDependencyGeneratePcm arm64_32 /Users/admin/builder/spi-builder-workspace/.derivedData/ModuleCache.noindex/_Builtin_stdarg-9QJQ6YF71IBBNARH6DJ15ECUA.pcm
SwiftExplicitDependencyGeneratePcm arm64_32 /Users/admin/builder/spi-builder-workspace/.derivedData/ModuleCache.noindex/_Builtin_stdbool-32VS6E3RJ2GW9HCKVH7N8W3I1.pcm
SwiftExplicitDependencyGeneratePcm arm64_32 /Users/admin/builder/spi-builder-workspace/.derivedData/ModuleCache.noindex/_Builtin_stddef-5FZDPVDXD2HPLM78ZOM9N03SU.pcm
SwiftExplicitDependencyGeneratePcm arm64_32 /Users/admin/builder/spi-builder-workspace/.derivedData/ModuleCache.noindex/_SwiftConcurrencyShims-CS37TA6S5T8WO941F1Y6KPTPB.pcm
SwiftExplicitDependencyGeneratePcm arm64_32 /Users/admin/builder/spi-builder-workspace/.derivedData/ModuleCache.noindex/_Builtin_float-32WBVDB5Y1RJ3SQX5PTMTSJGL.pcm
SwiftExplicitDependencyGeneratePcm arm64_32 /Users/admin/builder/spi-builder-workspace/.derivedData/ModuleCache.noindex/SwiftShims-EDJTPVI58WEN65KIWCAS19P47.pcm
SwiftExplicitDependencyGeneratePcm arm64_32 /Users/admin/builder/spi-builder-workspace/.derivedData/ModuleCache.noindex/ptrcheck-266NT1P7D1LMWVI1EJLP0L9GE.pcm
SwiftExplicitDependencyGeneratePcm arm64_32 /Users/admin/builder/spi-builder-workspace/.derivedData/ModuleCache.noindex/ptrauth-86SG3KWN2416SP1TV07QXWLZJ.pcm
SwiftExplicitDependencyGeneratePcm arm64_32 /Users/admin/builder/spi-builder-workspace/.derivedData/ModuleCache.noindex/_AvailabilityInternal-3FGS91GJTSCVBQWF0AZ8RDWIB.pcm
SwiftExplicitDependencyGeneratePcm arm64 /Users/admin/builder/spi-builder-workspace/.derivedData/ModuleCache.noindex/_DarwinFoundation1-1DTQYY9UU66023I0ATSGWG7ZE.pcm
SwiftExplicitDependencyGeneratePcm arm64_32 /Users/admin/builder/spi-builder-workspace/.derivedData/ModuleCache.noindex/_DarwinFoundation1-6O6RHGGQ8I02TIQLYBL6S0W5Y.pcm
SwiftExplicitDependencyGeneratePcm arm64 /Users/admin/builder/spi-builder-workspace/.derivedData/ModuleCache.noindex/_Builtin_limits-EL9Q6E0RP2I23KV7GOAH9UASG.pcm
SwiftExplicitDependencyGeneratePcm arm64 /Users/admin/builder/spi-builder-workspace/.derivedData/ModuleCache.noindex/_DarwinFoundation2-9HF0QGHXY3KFYNL697MDX2JFV.pcm
SwiftExplicitDependencyGeneratePcm arm64_32 /Users/admin/builder/spi-builder-workspace/.derivedData/ModuleCache.noindex/_Builtin_limits-EU5DPB0SJLR7RBL14Y02NSQS1.pcm
SwiftExplicitDependencyGeneratePcm arm64_32 /Users/admin/builder/spi-builder-workspace/.derivedData/ModuleCache.noindex/_DarwinFoundation2-BWJ8WVXJZ6T37PQKKMKQAIQ22.pcm
SwiftExplicitDependencyGeneratePcm arm64 /Users/admin/builder/spi-builder-workspace/.derivedData/ModuleCache.noindex/_Builtin_stdint-7P8EAMJHII1Y13KPDIO6OPE85.pcm
SwiftExplicitDependencyGeneratePcm arm64 /Users/admin/builder/spi-builder-workspace/.derivedData/ModuleCache.noindex/sys_types-5N90L5D6IYIYT6DRYMU0H0V03.pcm
SwiftExplicitDependencyGeneratePcm arm64_32 /Users/admin/builder/spi-builder-workspace/.derivedData/ModuleCache.noindex/_Builtin_stdint-ANMRWEGXQF51I6TK574L4FTFE.pcm
SwiftExplicitDependencyGeneratePcm arm64_32 /Users/admin/builder/spi-builder-workspace/.derivedData/ModuleCache.noindex/sys_types-D49PZOP3LYQFTFQ3ZWU4CUWLY.pcm
SwiftExplicitDependencyGeneratePcm arm64 /Users/admin/builder/spi-builder-workspace/.derivedData/ModuleCache.noindex/_DarwinFoundation3-2GWRARA6K993RJ88V1Y96KEJJ.pcm
SwiftExplicitDependencyGeneratePcm arm64_32 /Users/admin/builder/spi-builder-workspace/.derivedData/ModuleCache.noindex/_DarwinFoundation3-BKK5BSQWGF92KVELOAWQ749XO.pcm
SwiftExplicitDependencyGeneratePcm arm64 /Users/admin/builder/spi-builder-workspace/.derivedData/ModuleCache.noindex/_Builtin_inttypes-9IKAGRULHBU3C82MV2Y7ETRR9.pcm
SwiftExplicitDependencyGeneratePcm arm64_32 /Users/admin/builder/spi-builder-workspace/.derivedData/ModuleCache.noindex/_Builtin_inttypes-8SQHK6BHD7C805PBQL0T3FF2V.pcm
SwiftExplicitDependencyGeneratePcm arm64 /Users/admin/builder/spi-builder-workspace/.derivedData/ModuleCache.noindex/Darwin-D1BA92JP0VXKAOKXR6B6MZJZO.pcm
SwiftExplicitDependencyGeneratePcm arm64_32 /Users/admin/builder/spi-builder-workspace/.derivedData/ModuleCache.noindex/Darwin-EXSLV4FZ23ACOHESV6HN242JF.pcm
SwiftExplicitDependencyGeneratePcm arm64 /Users/admin/builder/spi-builder-workspace/.derivedData/ModuleCache.noindex/ObjectiveC-E9GNV3GPGTFX3JG66LQF1QW75.pcm
SwiftExplicitDependencyGeneratePcm arm64_32 /Users/admin/builder/spi-builder-workspace/.derivedData/ModuleCache.noindex/ObjectiveC-7UUR49QAGO7D92C84DCGJCQ92.pcm
SwiftExplicitDependencyGeneratePcm arm64 /Users/admin/builder/spi-builder-workspace/.derivedData/ModuleCache.noindex/os_object-ABHR2RPZAPKKRPEZKN1VS3U62.pcm
SwiftExplicitDependencyGeneratePcm arm64_32 /Users/admin/builder/spi-builder-workspace/.derivedData/ModuleCache.noindex/os_object-7E7HKSKAV5AQ47IQSCMCCSI5V.pcm
SwiftExplicitDependencyGeneratePcm arm64 /Users/admin/builder/spi-builder-workspace/.derivedData/ModuleCache.noindex/os_workgroup-57SK7T5TWBSHOGKKP26ZBGOZ9.pcm
SwiftExplicitDependencyGeneratePcm arm64_32 /Users/admin/builder/spi-builder-workspace/.derivedData/ModuleCache.noindex/os_workgroup-4432WEOWGS1BJEUBC5UJRUFI3.pcm
SwiftExplicitDependencyGeneratePcm arm64 /Users/admin/builder/spi-builder-workspace/.derivedData/ModuleCache.noindex/Dispatch-B36SMAPOXYMQNNNBLHT80G2FZ.pcm
SwiftExplicitDependencyGeneratePcm arm64_32 /Users/admin/builder/spi-builder-workspace/.derivedData/ModuleCache.noindex/Dispatch-4G9M6BOQAKJFT396RD8IL8IUF.pcm
SwiftExplicitDependencyGeneratePcm arm64 /Users/admin/builder/spi-builder-workspace/.derivedData/ModuleCache.noindex/XPC-Y7I7SAWGZK3XSFY29XNYOFQY.pcm
SwiftExplicitDependencyGeneratePcm arm64 /Users/admin/builder/spi-builder-workspace/.derivedData/ModuleCache.noindex/CoreFoundation-84YPE2UAZHTV4F627ZS1DADPK.pcm
SwiftExplicitDependencyGeneratePcm arm64_32 /Users/admin/builder/spi-builder-workspace/.derivedData/ModuleCache.noindex/CoreFoundation-BJL619DGQVH96DCT9RMEYS271.pcm
SwiftExplicitDependencyGeneratePcm arm64_32 /Users/admin/builder/spi-builder-workspace/.derivedData/ModuleCache.noindex/XPC-EF0P0CB81D8MM9HSY5UO4BF4M.pcm
SwiftExplicitDependencyGeneratePcm arm64 /Users/admin/builder/spi-builder-workspace/.derivedData/ModuleCache.noindex/Security-8P4ROWVRZKZVZOL4S233P5SIA.pcm
SwiftExplicitDependencyGeneratePcm arm64 /Users/admin/builder/spi-builder-workspace/.derivedData/ModuleCache.noindex/CoreGraphics-CJF9S1GD17SUTG2N02F5NUAQM.pcm
SwiftExplicitDependencyGeneratePcm arm64_32 /Users/admin/builder/spi-builder-workspace/.derivedData/ModuleCache.noindex/Security-71DXGL209Y0POA2RI0VLBU7FT.pcm
SwiftExplicitDependencyGeneratePcm arm64_32 /Users/admin/builder/spi-builder-workspace/.derivedData/ModuleCache.noindex/CoreGraphics-7PZPGEIU06ZLG1N4R7CBZS0QH.pcm
SwiftExplicitDependencyGeneratePcm arm64 /Users/admin/builder/spi-builder-workspace/.derivedData/ModuleCache.noindex/Foundation-7BDO0EMJRHS1THDHPCHC04IUO.pcm
SwiftExplicitDependencyGeneratePcm arm64_32 /Users/admin/builder/spi-builder-workspace/.derivedData/ModuleCache.noindex/Foundation-31UN2CX7CUTVJGRDSF1GJVT2O.pcm
SwiftEmitModule normal arm64 Emitting\ module\ for\ AuroraCore (in target 'AuroraCore' from project 'Aurora')
EmitSwiftModule normal arm64 (in target 'AuroraCore' from project 'Aurora')
cd /Users/admin/builder/spi-builder-workspace/.swiftpm/xcode
SwiftCompile normal arm64 Compiling\ AuroraSceneBuilder.swift,\ AuroraShape.swift /Users/admin/builder/spi-builder-workspace/Sources/AuroraCore/AuroraSceneBuilder.swift /Users/admin/builder/spi-builder-workspace/Sources/AuroraCore/AuroraShape.swift (in target 'AuroraCore' from project 'Aurora')
SwiftCompile normal arm64 /Users/admin/builder/spi-builder-workspace/Sources/AuroraCore/AuroraSceneBuilder.swift (in target 'AuroraCore' from project 'Aurora')
cd /Users/admin/builder/spi-builder-workspace/.swiftpm/xcode
SwiftCompile normal arm64 /Users/admin/builder/spi-builder-workspace/Sources/AuroraCore/AuroraShape.swift (in target 'AuroraCore' from project 'Aurora')
cd /Users/admin/builder/spi-builder-workspace/.swiftpm/xcode
SwiftCompile normal arm64 Compiling\ Tuning+Palettes.swift,\ Tuning+Presets.swift /Users/admin/builder/spi-builder-workspace/Sources/AuroraCore/Tuning/Tuning+Palettes.swift /Users/admin/builder/spi-builder-workspace/Sources/AuroraCore/Tuning/Tuning+Presets.swift (in target 'AuroraCore' from project 'Aurora')
SwiftCompile normal arm64 /Users/admin/builder/spi-builder-workspace/Sources/AuroraCore/Tuning/Tuning+Palettes.swift (in target 'AuroraCore' from project 'Aurora')
cd /Users/admin/builder/spi-builder-workspace/.swiftpm/xcode
SwiftCompile normal arm64 /Users/admin/builder/spi-builder-workspace/Sources/AuroraCore/Tuning/Tuning+Presets.swift (in target 'AuroraCore' from project 'Aurora')
cd /Users/admin/builder/spi-builder-workspace/.swiftpm/xcode
SwiftCompile normal arm64 Compiling\ AuroraColor.swift,\ AuroraColorMatrix.swift,\ AuroraColorVariant.swift /Users/admin/builder/spi-builder-workspace/Sources/AuroraCore/AuroraColor.swift /Users/admin/builder/spi-builder-workspace/Sources/AuroraCore/AuroraColorMatrix.swift /Users/admin/builder/spi-builder-workspace/Sources/AuroraCore/AuroraColorVariant.swift (in target 'AuroraCore' from project 'Aurora')
SwiftCompile normal arm64 /Users/admin/builder/spi-builder-workspace/Sources/AuroraCore/AuroraColor.swift (in target 'AuroraCore' from project 'Aurora')
cd /Users/admin/builder/spi-builder-workspace/.swiftpm/xcode
SwiftCompile normal arm64 /Users/admin/builder/spi-builder-workspace/Sources/AuroraCore/AuroraColorMatrix.swift (in target 'AuroraCore' from project 'Aurora')
cd /Users/admin/builder/spi-builder-workspace/.swiftpm/xcode
SwiftCompile normal arm64 /Users/admin/builder/spi-builder-workspace/Sources/AuroraCore/AuroraColorVariant.swift (in target 'AuroraCore' from project 'Aurora')
cd /Users/admin/builder/spi-builder-workspace/.swiftpm/xcode
SwiftCompile normal arm64 Compiling\ AuroraConfiguration.swift,\ AuroraGeometry.swift,\ AuroraScene.swift /Users/admin/builder/spi-builder-workspace/Sources/AuroraCore/AuroraConfiguration.swift /Users/admin/builder/spi-builder-workspace/Sources/AuroraCore/AuroraGeometry.swift /Users/admin/builder/spi-builder-workspace/Sources/AuroraCore/AuroraScene.swift (in target 'AuroraCore' from project 'Aurora')
SwiftCompile normal arm64 /Users/admin/builder/spi-builder-workspace/Sources/AuroraCore/AuroraConfiguration.swift (in target 'AuroraCore' from project 'Aurora')
cd /Users/admin/builder/spi-builder-workspace/.swiftpm/xcode
SwiftCompile normal arm64 /Users/admin/builder/spi-builder-workspace/Sources/AuroraCore/AuroraGeometry.swift (in target 'AuroraCore' from project 'Aurora')
cd /Users/admin/builder/spi-builder-workspace/.swiftpm/xcode
SwiftCompile normal arm64 /Users/admin/builder/spi-builder-workspace/Sources/AuroraCore/AuroraScene.swift (in target 'AuroraCore' from project 'Aurora')
cd /Users/admin/builder/spi-builder-workspace/.swiftpm/xcode
SwiftCompile normal arm64 Compiling\ Tuning+Pulse.swift,\ Tuning+Rotate.swift /Users/admin/builder/spi-builder-workspace/Sources/AuroraCore/Tuning/Tuning+Pulse.swift /Users/admin/builder/spi-builder-workspace/Sources/AuroraCore/Tuning/Tuning+Rotate.swift (in target 'AuroraCore' from project 'Aurora')
SwiftCompile normal arm64 /Users/admin/builder/spi-builder-workspace/Sources/AuroraCore/Tuning/Tuning+Pulse.swift (in target 'AuroraCore' from project 'Aurora')
cd /Users/admin/builder/spi-builder-workspace/.swiftpm/xcode
SwiftCompile normal arm64 /Users/admin/builder/spi-builder-workspace/Sources/AuroraCore/Tuning/Tuning+Rotate.swift (in target 'AuroraCore' from project 'Aurora')
cd /Users/admin/builder/spi-builder-workspace/.swiftpm/xcode
SwiftCompile normal arm64 Compiling\ AuroraTheme.swift,\ AuroraTimeline.swift /Users/admin/builder/spi-builder-workspace/Sources/AuroraCore/AuroraTheme.swift /Users/admin/builder/spi-builder-workspace/Sources/AuroraCore/AuroraTimeline.swift (in target 'AuroraCore' from project 'Aurora')
SwiftCompile normal arm64 /Users/admin/builder/spi-builder-workspace/Sources/AuroraCore/AuroraTheme.swift (in target 'AuroraCore' from project 'Aurora')
cd /Users/admin/builder/spi-builder-workspace/.swiftpm/xcode
SwiftCompile normal arm64 /Users/admin/builder/spi-builder-workspace/Sources/AuroraCore/AuroraTimeline.swift (in target 'AuroraCore' from project 'Aurora')
cd /Users/admin/builder/spi-builder-workspace/.swiftpm/xcode
SwiftCompile normal arm64 Compiling\ AuroraSize.swift,\ AuroraStyle.swift /Users/admin/builder/spi-builder-workspace/Sources/AuroraCore/AuroraSize.swift /Users/admin/builder/spi-builder-workspace/Sources/AuroraCore/AuroraStyle.swift (in target 'AuroraCore' from project 'Aurora')
SwiftCompile normal arm64 /Users/admin/builder/spi-builder-workspace/Sources/AuroraCore/AuroraSize.swift (in target 'AuroraCore' from project 'Aurora')
cd /Users/admin/builder/spi-builder-workspace/.swiftpm/xcode
SwiftCompile normal arm64 /Users/admin/builder/spi-builder-workspace/Sources/AuroraCore/AuroraStyle.swift (in target 'AuroraCore' from project 'Aurora')
cd /Users/admin/builder/spi-builder-workspace/.swiftpm/xcode
SwiftCompile normal arm64 Compiling\ Tuning.swift,\ TuningTypes.swift /Users/admin/builder/spi-builder-workspace/Sources/AuroraCore/Tuning/Tuning.swift /Users/admin/builder/spi-builder-workspace/Sources/AuroraCore/Tuning/TuningTypes.swift (in target 'AuroraCore' from project 'Aurora')
SwiftCompile normal arm64 /Users/admin/builder/spi-builder-workspace/Sources/AuroraCore/Tuning/Tuning.swift (in target 'AuroraCore' from project 'Aurora')
cd /Users/admin/builder/spi-builder-workspace/.swiftpm/xcode
SwiftCompile normal arm64 /Users/admin/builder/spi-builder-workspace/Sources/AuroraCore/Tuning/TuningTypes.swift (in target 'AuroraCore' from project 'Aurora')
cd /Users/admin/builder/spi-builder-workspace/.swiftpm/xcode
SwiftCompile normal arm64 Compiling\ PulseDriver.swift,\ Tuning+LineBloom.swift /Users/admin/builder/spi-builder-workspace/Sources/AuroraCore/PulseDriver.swift /Users/admin/builder/spi-builder-workspace/Sources/AuroraCore/Tuning/Tuning+LineBloom.swift (in target 'AuroraCore' from project 'Aurora')
SwiftCompile normal arm64 /Users/admin/builder/spi-builder-workspace/Sources/AuroraCore/PulseDriver.swift (in target 'AuroraCore' from project 'Aurora')
cd /Users/admin/builder/spi-builder-workspace/.swiftpm/xcode
SwiftCompile normal arm64 /Users/admin/builder/spi-builder-workspace/Sources/AuroraCore/Tuning/Tuning+LineBloom.swift (in target 'AuroraCore' from project 'Aurora')
cd /Users/admin/builder/spi-builder-workspace/.swiftpm/xcode
SwiftEmitModule normal arm64_32 Emitting\ module\ for\ AuroraCore (in target 'AuroraCore' from project 'Aurora')
EmitSwiftModule normal arm64_32 (in target 'AuroraCore' from project 'Aurora')
cd /Users/admin/builder/spi-builder-workspace/.swiftpm/xcode
SwiftDriverJobDiscovery normal arm64 Compiling AuroraSize.swift, AuroraStyle.swift (in target 'AuroraCore' from project 'Aurora')
SwiftCompile normal arm64_32 Compiling\ AuroraSceneBuilder+Line.swift,\ AuroraSceneBuilder+Pulse.swift,\ AuroraSceneBuilder+Rotate.swift /Users/admin/builder/spi-builder-workspace/Sources/AuroraCore/AuroraSceneBuilder+Line.swift /Users/admin/builder/spi-builder-workspace/Sources/AuroraCore/AuroraSceneBuilder+Pulse.swift /Users/admin/builder/spi-builder-workspace/Sources/AuroraCore/AuroraSceneBuilder+Rotate.swift (in target 'AuroraCore' from project 'Aurora')
SwiftCompile normal arm64_32 /Users/admin/builder/spi-builder-workspace/Sources/AuroraCore/AuroraSceneBuilder+Line.swift (in target 'AuroraCore' from project 'Aurora')
cd /Users/admin/builder/spi-builder-workspace/.swiftpm/xcode
SwiftCompile normal arm64_32 /Users/admin/builder/spi-builder-workspace/Sources/AuroraCore/AuroraSceneBuilder+Pulse.swift (in target 'AuroraCore' from project 'Aurora')
cd /Users/admin/builder/spi-builder-workspace/.swiftpm/xcode
SwiftCompile normal arm64_32 /Users/admin/builder/spi-builder-workspace/Sources/AuroraCore/AuroraSceneBuilder+Rotate.swift (in target 'AuroraCore' from project 'Aurora')
cd /Users/admin/builder/spi-builder-workspace/.swiftpm/xcode
SwiftDriverJobDiscovery normal arm64 Emitting module for AuroraCore (in target 'AuroraCore' from project 'Aurora')
SwiftDriver\ Compilation\ Requirements AuroraCore normal arm64 com.apple.xcode.tools.swift.compiler (in target 'AuroraCore' from project 'Aurora')
cd /Users/admin/builder/spi-builder-workspace/.swiftpm/xcode
builtin-Swift-Compilation-Requirements -- /Applications/Xcode-26.4.0.app/Contents/Developer/Toolchains/XcodeDefault.xctoolchain/usr/bin/swiftc -module-name AuroraCore -Onone @/Users/admin/builder/spi-builder-workspace/.derivedData/Build/Intermediates.noindex/Aurora.build/Debug-watchos/AuroraCore.build/Objects-normal/arm64/AuroraCore.SwiftFileList -DSWIFT_PACKAGE -DDEBUG -DSWIFT_MODULE_RESOURCE_BUNDLE_UNAVAILABLE -DXcode -plugin-path /Applications/Xcode-26.4.0.app/Contents/Developer/Toolchains/XcodeDefault.xctoolchain/usr/lib/swift/host/plugins/testing -enable-experimental-feature DebugDescriptionMacro -sdk /Applications/Xcode-26.4.0.app/Contents/Developer/Platforms/WatchOS.platform/Developer/SDKs/WatchOS26.4.sdk -target arm64-apple-watchos10.0 -g -module-cache-path /Users/admin/builder/spi-builder-workspace/.derivedData/ModuleCache.noindex -Xfrontend -serialize-debugging-options -profile-coverage-mapping -profile-generate -enable-testing -index-store-path /Users/admin/builder/spi-builder-workspace/.derivedData/Index.noindex/DataStore -Xcc -D_LIBCPP_HARDENING_MODE\=_LIBCPP_HARDENING_MODE_DEBUG -swift-version 6 -I /Users/admin/builder/spi-builder-workspace/.derivedData/Build/Products/Debug-watchos -Isystem /Applications/Xcode-26.4.0.app/Contents/Developer/Platforms/WatchOS.platform/Developer/usr/lib -F /Users/admin/builder/spi-builder-workspace/.derivedData/Build/Products/Debug-watchos -F /Applications/Xcode-26.4.0.app/Contents/Developer/Platforms/WatchOS.platform/Developer/Library/Frameworks -F /Applications/Xcode-26.4.0.app/Contents/Developer/Platforms/WatchOS.platform/Developer/SDKs/WatchOS26.4.sdk/Developer/Library/Frameworks -c -j10 -enable-batch-mode -incremental -Xcc -ivfsstatcache -Xcc /Users/admin/builder/spi-builder-workspace/.derivedData/SDKStatCaches.noindex/watchos26.4-23T238-688ef53f1462e2c8f657fdc38a81448f9e51884a582f42380855760c9d4cc599.sdkstatcache -output-file-map /Users/admin/builder/spi-builder-workspace/.derivedData/Build/Intermediates.noindex/Aurora.build/Debug-watchos/AuroraCore.build/Objects-normal/arm64/AuroraCore-OutputFileMap.json -use-frontend-parseable-output -save-temps -no-color-diagnostics -explicit-module-build -module-cache-path /Users/admin/builder/spi-builder-workspace/.derivedData/Build/Intermediates.noindex/SwiftExplicitPrecompiledModules -clang-scanner-module-cache-path /Users/admin/builder/spi-builder-workspace/.derivedData/ModuleCache.noindex -sdk-module-cache-path /Users/admin/builder/spi-builder-workspace/.derivedData/ModuleCache.noindex -serialize-diagnostics -emit-dependencies -emit-module -emit-module-path /Users/admin/builder/spi-builder-workspace/.derivedData/Build/Intermediates.noindex/Aurora.build/Debug-watchos/AuroraCore.build/Objects-normal/arm64/AuroraCore.swiftmodule -validate-clang-modules-once -clang-build-session-file /Users/admin/builder/spi-builder-workspace/.derivedData/ModuleCache.noindex/Session.modulevalidation -package-name spi_builder_workspace -Xcc -I/Users/admin/builder/spi-builder-workspace/.derivedData/Build/Intermediates.noindex/Aurora.build/Debug-watchos/AuroraCore.build/swift-overrides.hmap -emit-const-values -Xfrontend -const-gather-protocols-file -Xfrontend /Users/admin/builder/spi-builder-workspace/.derivedData/Build/Intermediates.noindex/Aurora.build/Debug-watchos/AuroraCore.build/Objects-normal/arm64/AuroraCore_const_extract_protocols.json -Xcc -I/Users/admin/builder/spi-builder-workspace/.derivedData/Build/Products/Debug-watchos/include -Xcc -I/Users/admin/builder/spi-builder-workspace/.derivedData/Build/Intermediates.noindex/Aurora.build/Debug-watchos/AuroraCore.build/DerivedSources-normal/arm64 -Xcc -I/Users/admin/builder/spi-builder-workspace/.derivedData/Build/Intermediates.noindex/Aurora.build/Debug-watchos/AuroraCore.build/DerivedSources/arm64 -Xcc -I/Users/admin/builder/spi-builder-workspace/.derivedData/Build/Intermediates.noindex/Aurora.build/Debug-watchos/AuroraCore.build/DerivedSources -Xcc -DSWIFT_PACKAGE -Xcc -DDEBUG\=1 -emit-objc-header -emit-objc-header-path /Users/admin/builder/spi-builder-workspace/.derivedData/Build/Intermediates.noindex/Aurora.build/Debug-watchos/AuroraCore.build/Objects-normal/arm64/AuroraCore-Swift.h -working-directory /Users/admin/builder/spi-builder-workspace/.swiftpm/xcode -experimental-emit-module-separately -disable-cmo
SwiftDriverJobDiscovery normal arm64_32 Emitting module for AuroraCore (in target 'AuroraCore' from project 'Aurora')
SwiftDriver\ Compilation\ Requirements AuroraCore normal arm64_32 com.apple.xcode.tools.swift.compiler (in target 'AuroraCore' from project 'Aurora')
cd /Users/admin/builder/spi-builder-workspace/.swiftpm/xcode
builtin-Swift-Compilation-Requirements -- /Applications/Xcode-26.4.0.app/Contents/Developer/Toolchains/XcodeDefault.xctoolchain/usr/bin/swiftc -module-name AuroraCore -Onone @/Users/admin/builder/spi-builder-workspace/.derivedData/Build/Intermediates.noindex/Aurora.build/Debug-watchos/AuroraCore.build/Objects-normal/arm64_32/AuroraCore.SwiftFileList -DSWIFT_PACKAGE -DDEBUG -DSWIFT_MODULE_RESOURCE_BUNDLE_UNAVAILABLE -DXcode -plugin-path /Applications/Xcode-26.4.0.app/Contents/Developer/Toolchains/XcodeDefault.xctoolchain/usr/lib/swift/host/plugins/testing -enable-experimental-feature DebugDescriptionMacro -sdk /Applications/Xcode-26.4.0.app/Contents/Developer/Platforms/WatchOS.platform/Developer/SDKs/WatchOS26.4.sdk -target arm64_32-apple-watchos10.0 -g -module-cache-path /Users/admin/builder/spi-builder-workspace/.derivedData/ModuleCache.noindex -Xfrontend -serialize-debugging-options -profile-coverage-mapping -profile-generate -enable-testing -index-store-path /Users/admin/builder/spi-builder-workspace/.derivedData/Index.noindex/DataStore -Xcc -D_LIBCPP_HARDENING_MODE\=_LIBCPP_HARDENING_MODE_DEBUG -swift-version 6 -I /Users/admin/builder/spi-builder-workspace/.derivedData/Build/Products/Debug-watchos -Isystem /Applications/Xcode-26.4.0.app/Contents/Developer/Platforms/WatchOS.platform/Developer/usr/lib -F /Users/admin/builder/spi-builder-workspace/.derivedData/Build/Products/Debug-watchos -F /Applications/Xcode-26.4.0.app/Contents/Developer/Platforms/WatchOS.platform/Developer/Library/Frameworks -F /Applications/Xcode-26.4.0.app/Contents/Developer/Platforms/WatchOS.platform/Developer/SDKs/WatchOS26.4.sdk/Developer/Library/Frameworks -c -j10 -enable-batch-mode -incremental -Xcc -ivfsstatcache -Xcc /Users/admin/builder/spi-builder-workspace/.derivedData/SDKStatCaches.noindex/watchos26.4-23T238-688ef53f1462e2c8f657fdc38a81448f9e51884a582f42380855760c9d4cc599.sdkstatcache -output-file-map /Users/admin/builder/spi-builder-workspace/.derivedData/Build/Intermediates.noindex/Aurora.build/Debug-watchos/AuroraCore.build/Objects-normal/arm64_32/AuroraCore-OutputFileMap.json -use-frontend-parseable-output -save-temps -no-color-diagnostics -explicit-module-build -module-cache-path /Users/admin/builder/spi-builder-workspace/.derivedData/Build/Intermediates.noindex/SwiftExplicitPrecompiledModules -clang-scanner-module-cache-path /Users/admin/builder/spi-builder-workspace/.derivedData/ModuleCache.noindex -sdk-module-cache-path /Users/admin/builder/spi-builder-workspace/.derivedData/ModuleCache.noindex -serialize-diagnostics -emit-dependencies -emit-module -emit-module-path /Users/admin/builder/spi-builder-workspace/.derivedData/Build/Intermediates.noindex/Aurora.build/Debug-watchos/AuroraCore.build/Objects-normal/arm64_32/AuroraCore.swiftmodule -validate-clang-modules-once -clang-build-session-file /Users/admin/builder/spi-builder-workspace/.derivedData/ModuleCache.noindex/Session.modulevalidation -package-name spi_builder_workspace -Xcc -I/Users/admin/builder/spi-builder-workspace/.derivedData/Build/Intermediates.noindex/Aurora.build/Debug-watchos/AuroraCore.build/swift-overrides.hmap -emit-const-values -Xfrontend -const-gather-protocols-file -Xfrontend /Users/admin/builder/spi-builder-workspace/.derivedData/Build/Intermediates.noindex/Aurora.build/Debug-watchos/AuroraCore.build/Objects-normal/arm64_32/AuroraCore_const_extract_protocols.json -Xcc -I/Users/admin/builder/spi-builder-workspace/.derivedData/Build/Products/Debug-watchos/include -Xcc -I/Users/admin/builder/spi-builder-workspace/.derivedData/Build/Intermediates.noindex/Aurora.build/Debug-watchos/AuroraCore.build/DerivedSources-normal/arm64_32 -Xcc -I/Users/admin/builder/spi-builder-workspace/.derivedData/Build/Intermediates.noindex/Aurora.build/Debug-watchos/AuroraCore.build/DerivedSources/arm64_32 -Xcc -I/Users/admin/builder/spi-builder-workspace/.derivedData/Build/Intermediates.noindex/Aurora.build/Debug-watchos/AuroraCore.build/DerivedSources -Xcc -DSWIFT_PACKAGE -Xcc -DDEBUG\=1 -emit-objc-header -emit-objc-header-path /Users/admin/builder/spi-builder-workspace/.derivedData/Build/Intermediates.noindex/Aurora.build/Debug-watchos/AuroraCore.build/Objects-normal/arm64_32/AuroraCore-Swift.h -working-directory /Users/admin/builder/spi-builder-workspace/.swiftpm/xcode -experimental-emit-module-separately -disable-cmo
SwiftCompile normal arm64_32 Compiling\ PulseDriver.swift,\ Tuning+LineBloom.swift /Users/admin/builder/spi-builder-workspace/Sources/AuroraCore/PulseDriver.swift /Users/admin/builder/spi-builder-workspace/Sources/AuroraCore/Tuning/Tuning+LineBloom.swift (in target 'AuroraCore' from project 'Aurora')
SwiftCompile normal arm64_32 /Users/admin/builder/spi-builder-workspace/Sources/AuroraCore/PulseDriver.swift (in target 'AuroraCore' from project 'Aurora')
cd /Users/admin/builder/spi-builder-workspace/.swiftpm/xcode
SwiftCompile normal arm64_32 /Users/admin/builder/spi-builder-workspace/Sources/AuroraCore/Tuning/Tuning+LineBloom.swift (in target 'AuroraCore' from project 'Aurora')
cd /Users/admin/builder/spi-builder-workspace/.swiftpm/xcode
SwiftMergeGeneratedHeaders /Users/admin/builder/spi-builder-workspace/.derivedData/Build/Intermediates.noindex/GeneratedModuleMaps-watchos/AuroraCore-Swift.h /Users/admin/builder/spi-builder-workspace/.derivedData/Build/Intermediates.noindex/Aurora.build/Debug-watchos/AuroraCore.build/Objects-normal/arm64/AuroraCore-Swift.h /Users/admin/builder/spi-builder-workspace/.derivedData/Build/Intermediates.noindex/Aurora.build/Debug-watchos/AuroraCore.build/Objects-normal/arm64_32/AuroraCore-Swift.h (in target 'AuroraCore' from project 'Aurora')
cd /Users/admin/builder/spi-builder-workspace
builtin-swiftHeaderTool -arch arm64 /Users/admin/builder/spi-builder-workspace/.derivedData/Build/Intermediates.noindex/Aurora.build/Debug-watchos/AuroraCore.build/Objects-normal/arm64/AuroraCore-Swift.h -arch arm64_32 /Users/admin/builder/spi-builder-workspace/.derivedData/Build/Intermediates.noindex/Aurora.build/Debug-watchos/AuroraCore.build/Objects-normal/arm64_32/AuroraCore-Swift.h -o /Users/admin/builder/spi-builder-workspace/.derivedData/Build/Intermediates.noindex/GeneratedModuleMaps-watchos/AuroraCore-Swift.h
SwiftDriverJobDiscovery normal arm64 Compiling PulseDriver.swift, Tuning+LineBloom.swift (in target 'AuroraCore' from project 'Aurora')
Copy /Users/admin/builder/spi-builder-workspace/.derivedData/Build/Products/Debug-watchos/AuroraCore.swiftmodule/arm64_32-apple-watchos.swiftmodule /Users/admin/builder/spi-builder-workspace/.derivedData/Build/Intermediates.noindex/Aurora.build/Debug-watchos/AuroraCore.build/Objects-normal/arm64_32/AuroraCore.swiftmodule (in target 'AuroraCore' from project 'Aurora')
cd /Users/admin/builder/spi-builder-workspace
builtin-copy -exclude .DS_Store -exclude CVS -exclude .svn -exclude .git -exclude .hg -resolve-src-symlinks -rename /Users/admin/builder/spi-builder-workspace/.derivedData/Build/Intermediates.noindex/Aurora.build/Debug-watchos/AuroraCore.build/Objects-normal/arm64_32/AuroraCore.swiftmodule /Users/admin/builder/spi-builder-workspace/.derivedData/Build/Products/Debug-watchos/AuroraCore.swiftmodule/arm64_32-apple-watchos.swiftmodule
Copy /Users/admin/builder/spi-builder-workspace/.derivedData/Build/Products/Debug-watchos/AuroraCore.swiftmodule/arm64_32-apple-watchos.swiftdoc /Users/admin/builder/spi-builder-workspace/.derivedData/Build/Intermediates.noindex/Aurora.build/Debug-watchos/AuroraCore.build/Objects-normal/arm64_32/AuroraCore.swiftdoc (in target 'AuroraCore' from project 'Aurora')
cd /Users/admin/builder/spi-builder-workspace
builtin-copy -exclude .DS_Store -exclude CVS -exclude .svn -exclude .git -exclude .hg -resolve-src-symlinks -rename /Users/admin/builder/spi-builder-workspace/.derivedData/Build/Intermediates.noindex/Aurora.build/Debug-watchos/AuroraCore.build/Objects-normal/arm64_32/AuroraCore.swiftdoc /Users/admin/builder/spi-builder-workspace/.derivedData/Build/Products/Debug-watchos/AuroraCore.swiftmodule/arm64_32-apple-watchos.swiftdoc
SwiftDriverJobDiscovery normal arm64 Compiling AuroraTheme.swift, AuroraTimeline.swift (in target 'AuroraCore' from project 'Aurora')
Copy /Users/admin/builder/spi-builder-workspace/.derivedData/Build/Products/Debug-watchos/AuroraCore.swiftmodule/arm64_32-apple-watchos.abi.json /Users/admin/builder/spi-builder-workspace/.derivedData/Build/Intermediates.noindex/Aurora.build/Debug-watchos/AuroraCore.build/Objects-normal/arm64_32/AuroraCore.abi.json (in target 'AuroraCore' from project 'Aurora')
cd /Users/admin/builder/spi-builder-workspace
builtin-copy -exclude .DS_Store -exclude CVS -exclude .svn -exclude .git -exclude .hg -resolve-src-symlinks -rename /Users/admin/builder/spi-builder-workspace/.derivedData/Build/Intermediates.noindex/Aurora.build/Debug-watchos/AuroraCore.build/Objects-normal/arm64_32/AuroraCore.abi.json /Users/admin/builder/spi-builder-workspace/.derivedData/Build/Products/Debug-watchos/AuroraCore.swiftmodule/arm64_32-apple-watchos.abi.json
Copy /Users/admin/builder/spi-builder-workspace/.derivedData/Build/Products/Debug-watchos/AuroraCore.swiftmodule/arm64-apple-watchos.swiftmodule /Users/admin/builder/spi-builder-workspace/.derivedData/Build/Intermediates.noindex/Aurora.build/Debug-watchos/AuroraCore.build/Objects-normal/arm64/AuroraCore.swiftmodule (in target 'AuroraCore' from project 'Aurora')
cd /Users/admin/builder/spi-builder-workspace
builtin-copy -exclude .DS_Store -exclude CVS -exclude .svn -exclude .git -exclude .hg -resolve-src-symlinks -rename /Users/admin/builder/spi-builder-workspace/.derivedData/Build/Intermediates.noindex/Aurora.build/Debug-watchos/AuroraCore.build/Objects-normal/arm64/AuroraCore.swiftmodule /Users/admin/builder/spi-builder-workspace/.derivedData/Build/Products/Debug-watchos/AuroraCore.swiftmodule/arm64-apple-watchos.swiftmodule
Copy /Users/admin/builder/spi-builder-workspace/.derivedData/Build/Products/Debug-watchos/AuroraCore.swiftmodule/arm64-apple-watchos.swiftdoc /Users/admin/builder/spi-builder-workspace/.derivedData/Build/Intermediates.noindex/Aurora.build/Debug-watchos/AuroraCore.build/Objects-normal/arm64/AuroraCore.swiftdoc (in target 'AuroraCore' from project 'Aurora')
cd /Users/admin/builder/spi-builder-workspace
builtin-copy -exclude .DS_Store -exclude CVS -exclude .svn -exclude .git -exclude .hg -resolve-src-symlinks -rename /Users/admin/builder/spi-builder-workspace/.derivedData/Build/Intermediates.noindex/Aurora.build/Debug-watchos/AuroraCore.build/Objects-normal/arm64/AuroraCore.swiftdoc /Users/admin/builder/spi-builder-workspace/.derivedData/Build/Products/Debug-watchos/AuroraCore.swiftmodule/arm64-apple-watchos.swiftdoc
Copy /Users/admin/builder/spi-builder-workspace/.derivedData/Build/Products/Debug-watchos/AuroraCore.swiftmodule/arm64-apple-watchos.abi.json /Users/admin/builder/spi-builder-workspace/.derivedData/Build/Intermediates.noindex/Aurora.build/Debug-watchos/AuroraCore.build/Objects-normal/arm64/AuroraCore.abi.json (in target 'AuroraCore' from project 'Aurora')
cd /Users/admin/builder/spi-builder-workspace
builtin-copy -exclude .DS_Store -exclude CVS -exclude .svn -exclude .git -exclude .hg -resolve-src-symlinks -rename /Users/admin/builder/spi-builder-workspace/.derivedData/Build/Intermediates.noindex/Aurora.build/Debug-watchos/AuroraCore.build/Objects-normal/arm64/AuroraCore.abi.json /Users/admin/builder/spi-builder-workspace/.derivedData/Build/Products/Debug-watchos/AuroraCore.swiftmodule/arm64-apple-watchos.abi.json
Copy /Users/admin/builder/spi-builder-workspace/.derivedData/Build/Products/Debug-watchos/AuroraCore.swiftmodule/Project/arm64_32-apple-watchos.swiftsourceinfo /Users/admin/builder/spi-builder-workspace/.derivedData/Build/Intermediates.noindex/Aurora.build/Debug-watchos/AuroraCore.build/Objects-normal/arm64_32/AuroraCore.swiftsourceinfo (in target 'AuroraCore' from project 'Aurora')
cd /Users/admin/builder/spi-builder-workspace
builtin-copy -exclude .DS_Store -exclude CVS -exclude .svn -exclude .git -exclude .hg -resolve-src-symlinks -rename /Users/admin/builder/spi-builder-workspace/.derivedData/Build/Intermediates.noindex/Aurora.build/Debug-watchos/AuroraCore.build/Objects-normal/arm64_32/AuroraCore.swiftsourceinfo /Users/admin/builder/spi-builder-workspace/.derivedData/Build/Products/Debug-watchos/AuroraCore.swiftmodule/Project/arm64_32-apple-watchos.swiftsourceinfo
Copy /Users/admin/builder/spi-builder-workspace/.derivedData/Build/Products/Debug-watchos/AuroraCore.swiftmodule/Project/arm64-apple-watchos.swiftsourceinfo /Users/admin/builder/spi-builder-workspace/.derivedData/Build/Intermediates.noindex/Aurora.build/Debug-watchos/AuroraCore.build/Objects-normal/arm64/AuroraCore.swiftsourceinfo (in target 'AuroraCore' from project 'Aurora')
cd /Users/admin/builder/spi-builder-workspace
builtin-copy -exclude .DS_Store -exclude CVS -exclude .svn -exclude .git -exclude .hg -resolve-src-symlinks -rename /Users/admin/builder/spi-builder-workspace/.derivedData/Build/Intermediates.noindex/Aurora.build/Debug-watchos/AuroraCore.build/Objects-normal/arm64/AuroraCore.swiftsourceinfo /Users/admin/builder/spi-builder-workspace/.derivedData/Build/Products/Debug-watchos/AuroraCore.swiftmodule/Project/arm64-apple-watchos.swiftsourceinfo
SwiftCompile normal arm64_32 Compiling\ AuroraConfiguration.swift,\ AuroraGeometry.swift,\ AuroraScene.swift /Users/admin/builder/spi-builder-workspace/Sources/AuroraCore/AuroraConfiguration.swift /Users/admin/builder/spi-builder-workspace/Sources/AuroraCore/AuroraGeometry.swift /Users/admin/builder/spi-builder-workspace/Sources/AuroraCore/AuroraScene.swift (in target 'AuroraCore' from project 'Aurora')
SwiftCompile normal arm64_32 /Users/admin/builder/spi-builder-workspace/Sources/AuroraCore/AuroraConfiguration.swift (in target 'AuroraCore' from project 'Aurora')
cd /Users/admin/builder/spi-builder-workspace/.swiftpm/xcode
SwiftCompile normal arm64_32 /Users/admin/builder/spi-builder-workspace/Sources/AuroraCore/AuroraGeometry.swift (in target 'AuroraCore' from project 'Aurora')
cd /Users/admin/builder/spi-builder-workspace/.swiftpm/xcode
SwiftCompile normal arm64_32 /Users/admin/builder/spi-builder-workspace/Sources/AuroraCore/AuroraScene.swift (in target 'AuroraCore' from project 'Aurora')
cd /Users/admin/builder/spi-builder-workspace/.swiftpm/xcode
SwiftCompile normal arm64_32 Compiling\ Tuning.swift,\ TuningTypes.swift /Users/admin/builder/spi-builder-workspace/Sources/AuroraCore/Tuning/Tuning.swift /Users/admin/builder/spi-builder-workspace/Sources/AuroraCore/Tuning/TuningTypes.swift (in target 'AuroraCore' from project 'Aurora')
SwiftCompile normal arm64_32 /Users/admin/builder/spi-builder-workspace/Sources/AuroraCore/Tuning/Tuning.swift (in target 'AuroraCore' from project 'Aurora')
cd /Users/admin/builder/spi-builder-workspace/.swiftpm/xcode
SwiftCompile normal arm64_32 /Users/admin/builder/spi-builder-workspace/Sources/AuroraCore/Tuning/TuningTypes.swift (in target 'AuroraCore' from project 'Aurora')
cd /Users/admin/builder/spi-builder-workspace/.swiftpm/xcode
SwiftCompile normal arm64_32 Compiling\ AuroraSceneBuilder.swift,\ AuroraShape.swift /Users/admin/builder/spi-builder-workspace/Sources/AuroraCore/AuroraSceneBuilder.swift /Users/admin/builder/spi-builder-workspace/Sources/AuroraCore/AuroraShape.swift (in target 'AuroraCore' from project 'Aurora')
SwiftCompile normal arm64_32 /Users/admin/builder/spi-builder-workspace/Sources/AuroraCore/AuroraSceneBuilder.swift (in target 'AuroraCore' from project 'Aurora')
cd /Users/admin/builder/spi-builder-workspace/.swiftpm/xcode
SwiftCompile normal arm64_32 /Users/admin/builder/spi-builder-workspace/Sources/AuroraCore/AuroraShape.swift (in target 'AuroraCore' from project 'Aurora')
cd /Users/admin/builder/spi-builder-workspace/.swiftpm/xcode
SwiftDriverJobDiscovery normal arm64 Compiling AuroraConfiguration.swift, AuroraGeometry.swift, AuroraScene.swift (in target 'AuroraCore' from project 'Aurora')
SwiftDriverJobDiscovery normal arm64 Compiling AuroraSceneBuilder.swift, AuroraShape.swift (in target 'AuroraCore' from project 'Aurora')
SwiftCompile normal arm64_32 Compiling\ AuroraTheme.swift,\ AuroraTimeline.swift /Users/admin/builder/spi-builder-workspace/Sources/AuroraCore/AuroraTheme.swift /Users/admin/builder/spi-builder-workspace/Sources/AuroraCore/AuroraTimeline.swift (in target 'AuroraCore' from project 'Aurora')
SwiftCompile normal arm64_32 /Users/admin/builder/spi-builder-workspace/Sources/AuroraCore/AuroraTheme.swift (in target 'AuroraCore' from project 'Aurora')
cd /Users/admin/builder/spi-builder-workspace/.swiftpm/xcode
SwiftCompile normal arm64_32 /Users/admin/builder/spi-builder-workspace/Sources/AuroraCore/AuroraTimeline.swift (in target 'AuroraCore' from project 'Aurora')
cd /Users/admin/builder/spi-builder-workspace/.swiftpm/xcode
SwiftCompile normal arm64_32 Compiling\ AuroraColor.swift,\ AuroraColorMatrix.swift,\ AuroraColorVariant.swift /Users/admin/builder/spi-builder-workspace/Sources/AuroraCore/AuroraColor.swift /Users/admin/builder/spi-builder-workspace/Sources/AuroraCore/AuroraColorMatrix.swift /Users/admin/builder/spi-builder-workspace/Sources/AuroraCore/AuroraColorVariant.swift (in target 'AuroraCore' from project 'Aurora')
SwiftCompile normal arm64_32 /Users/admin/builder/spi-builder-workspace/Sources/AuroraCore/AuroraColor.swift (in target 'AuroraCore' from project 'Aurora')
cd /Users/admin/builder/spi-builder-workspace/.swiftpm/xcode
SwiftCompile normal arm64_32 /Users/admin/builder/spi-builder-workspace/Sources/AuroraCore/AuroraColorMatrix.swift (in target 'AuroraCore' from project 'Aurora')
cd /Users/admin/builder/spi-builder-workspace/.swiftpm/xcode
SwiftCompile normal arm64_32 /Users/admin/builder/spi-builder-workspace/Sources/AuroraCore/AuroraColorVariant.swift (in target 'AuroraCore' from project 'Aurora')
cd /Users/admin/builder/spi-builder-workspace/.swiftpm/xcode
SwiftDriverJobDiscovery normal arm64 Compiling Tuning.swift, TuningTypes.swift (in target 'AuroraCore' from project 'Aurora')
SwiftCompile normal arm64_32 Compiling\ Tuning+Pulse.swift,\ Tuning+Rotate.swift /Users/admin/builder/spi-builder-workspace/Sources/AuroraCore/Tuning/Tuning+Pulse.swift /Users/admin/builder/spi-builder-workspace/Sources/AuroraCore/Tuning/Tuning+Rotate.swift (in target 'AuroraCore' from project 'Aurora')
SwiftCompile normal arm64_32 /Users/admin/builder/spi-builder-workspace/Sources/AuroraCore/Tuning/Tuning+Pulse.swift (in target 'AuroraCore' from project 'Aurora')
cd /Users/admin/builder/spi-builder-workspace/.swiftpm/xcode
SwiftCompile normal arm64_32 /Users/admin/builder/spi-builder-workspace/Sources/AuroraCore/Tuning/Tuning+Rotate.swift (in target 'AuroraCore' from project 'Aurora')
cd /Users/admin/builder/spi-builder-workspace/.swiftpm/xcode
SwiftDriverJobDiscovery normal arm64 Compiling AuroraColor.swift, AuroraColorMatrix.swift, AuroraColorVariant.swift (in target 'AuroraCore' from project 'Aurora')
SwiftCompile normal arm64 Compiling\ AuroraSceneBuilder+Line.swift,\ AuroraSceneBuilder+Pulse.swift,\ AuroraSceneBuilder+Rotate.swift /Users/admin/builder/spi-builder-workspace/Sources/AuroraCore/AuroraSceneBuilder+Line.swift /Users/admin/builder/spi-builder-workspace/Sources/AuroraCore/AuroraSceneBuilder+Pulse.swift /Users/admin/builder/spi-builder-workspace/Sources/AuroraCore/AuroraSceneBuilder+Rotate.swift (in target 'AuroraCore' from project 'Aurora')
SwiftCompile normal arm64 /Users/admin/builder/spi-builder-workspace/Sources/AuroraCore/AuroraSceneBuilder+Line.swift (in target 'AuroraCore' from project 'Aurora')
cd /Users/admin/builder/spi-builder-workspace/.swiftpm/xcode
SwiftCompile normal arm64 /Users/admin/builder/spi-builder-workspace/Sources/AuroraCore/AuroraSceneBuilder+Pulse.swift (in target 'AuroraCore' from project 'Aurora')
cd /Users/admin/builder/spi-builder-workspace/.swiftpm/xcode
SwiftCompile normal arm64 /Users/admin/builder/spi-builder-workspace/Sources/AuroraCore/AuroraSceneBuilder+Rotate.swift (in target 'AuroraCore' from project 'Aurora')
cd /Users/admin/builder/spi-builder-workspace/.swiftpm/xcode
SwiftDriverJobDiscovery normal arm64 Compiling Tuning+Pulse.swift, Tuning+Rotate.swift (in target 'AuroraCore' from project 'Aurora')
SwiftCompile normal arm64_32 Compiling\ Tuning+Palettes.swift,\ Tuning+Presets.swift /Users/admin/builder/spi-builder-workspace/Sources/AuroraCore/Tuning/Tuning+Palettes.swift /Users/admin/builder/spi-builder-workspace/Sources/AuroraCore/Tuning/Tuning+Presets.swift (in target 'AuroraCore' from project 'Aurora')
SwiftCompile normal arm64_32 /Users/admin/builder/spi-builder-workspace/Sources/AuroraCore/Tuning/Tuning+Palettes.swift (in target 'AuroraCore' from project 'Aurora')
cd /Users/admin/builder/spi-builder-workspace/.swiftpm/xcode
SwiftCompile normal arm64_32 /Users/admin/builder/spi-builder-workspace/Sources/AuroraCore/Tuning/Tuning+Presets.swift (in target 'AuroraCore' from project 'Aurora')
cd /Users/admin/builder/spi-builder-workspace/.swiftpm/xcode
SwiftDriverJobDiscovery normal arm64 Compiling Tuning+Palettes.swift, Tuning+Presets.swift (in target 'AuroraCore' from project 'Aurora')
SwiftCompile normal arm64_32 Compiling\ AuroraSize.swift,\ AuroraStyle.swift /Users/admin/builder/spi-builder-workspace/Sources/AuroraCore/AuroraSize.swift /Users/admin/builder/spi-builder-workspace/Sources/AuroraCore/AuroraStyle.swift (in target 'AuroraCore' from project 'Aurora')
SwiftCompile normal arm64_32 /Users/admin/builder/spi-builder-workspace/Sources/AuroraCore/AuroraSize.swift (in target 'AuroraCore' from project 'Aurora')
cd /Users/admin/builder/spi-builder-workspace/.swiftpm/xcode
SwiftCompile normal arm64_32 /Users/admin/builder/spi-builder-workspace/Sources/AuroraCore/AuroraStyle.swift (in target 'AuroraCore' from project 'Aurora')
cd /Users/admin/builder/spi-builder-workspace/.swiftpm/xcode
SwiftDriverJobDiscovery normal arm64 Compiling AuroraSceneBuilder+Line.swift, AuroraSceneBuilder+Pulse.swift, AuroraSceneBuilder+Rotate.swift (in target 'AuroraCore' from project 'Aurora')
SwiftDriver\ Compilation AuroraCore normal arm64 com.apple.xcode.tools.swift.compiler (in target 'AuroraCore' from project 'Aurora')
cd /Users/admin/builder/spi-builder-workspace/.swiftpm/xcode
builtin-Swift-Compilation -- /Applications/Xcode-26.4.0.app/Contents/Developer/Toolchains/XcodeDefault.xctoolchain/usr/bin/swiftc -module-name AuroraCore -Onone @/Users/admin/builder/spi-builder-workspace/.derivedData/Build/Intermediates.noindex/Aurora.build/Debug-watchos/AuroraCore.build/Objects-normal/arm64/AuroraCore.SwiftFileList -DSWIFT_PACKAGE -DDEBUG -DSWIFT_MODULE_RESOURCE_BUNDLE_UNAVAILABLE -DXcode -plugin-path /Applications/Xcode-26.4.0.app/Contents/Developer/Toolchains/XcodeDefault.xctoolchain/usr/lib/swift/host/plugins/testing -enable-experimental-feature DebugDescriptionMacro -sdk /Applications/Xcode-26.4.0.app/Contents/Developer/Platforms/WatchOS.platform/Developer/SDKs/WatchOS26.4.sdk -target arm64-apple-watchos10.0 -g -module-cache-path /Users/admin/builder/spi-builder-workspace/.derivedData/ModuleCache.noindex -Xfrontend -serialize-debugging-options -profile-coverage-mapping -profile-generate -enable-testing -index-store-path /Users/admin/builder/spi-builder-workspace/.derivedData/Index.noindex/DataStore -Xcc -D_LIBCPP_HARDENING_MODE\=_LIBCPP_HARDENING_MODE_DEBUG -swift-version 6 -I /Users/admin/builder/spi-builder-workspace/.derivedData/Build/Products/Debug-watchos -Isystem /Applications/Xcode-26.4.0.app/Contents/Developer/Platforms/WatchOS.platform/Developer/usr/lib -F /Users/admin/builder/spi-builder-workspace/.derivedData/Build/Products/Debug-watchos -F /Applications/Xcode-26.4.0.app/Contents/Developer/Platforms/WatchOS.platform/Developer/Library/Frameworks -F /Applications/Xcode-26.4.0.app/Contents/Developer/Platforms/WatchOS.platform/Developer/SDKs/WatchOS26.4.sdk/Developer/Library/Frameworks -c -j10 -enable-batch-mode -incremental -Xcc -ivfsstatcache -Xcc /Users/admin/builder/spi-builder-workspace/.derivedData/SDKStatCaches.noindex/watchos26.4-23T238-688ef53f1462e2c8f657fdc38a81448f9e51884a582f42380855760c9d4cc599.sdkstatcache -output-file-map /Users/admin/builder/spi-builder-workspace/.derivedData/Build/Intermediates.noindex/Aurora.build/Debug-watchos/AuroraCore.build/Objects-normal/arm64/AuroraCore-OutputFileMap.json -use-frontend-parseable-output -save-temps -no-color-diagnostics -explicit-module-build -module-cache-path /Users/admin/builder/spi-builder-workspace/.derivedData/Build/Intermediates.noindex/SwiftExplicitPrecompiledModules -clang-scanner-module-cache-path /Users/admin/builder/spi-builder-workspace/.derivedData/ModuleCache.noindex -sdk-module-cache-path /Users/admin/builder/spi-builder-workspace/.derivedData/ModuleCache.noindex -serialize-diagnostics -emit-dependencies -emit-module -emit-module-path /Users/admin/builder/spi-builder-workspace/.derivedData/Build/Intermediates.noindex/Aurora.build/Debug-watchos/AuroraCore.build/Objects-normal/arm64/AuroraCore.swiftmodule -validate-clang-modules-once -clang-build-session-file /Users/admin/builder/spi-builder-workspace/.derivedData/ModuleCache.noindex/Session.modulevalidation -package-name spi_builder_workspace -Xcc -I/Users/admin/builder/spi-builder-workspace/.derivedData/Build/Intermediates.noindex/Aurora.build/Debug-watchos/AuroraCore.build/swift-overrides.hmap -emit-const-values -Xfrontend -const-gather-protocols-file -Xfrontend /Users/admin/builder/spi-builder-workspace/.derivedData/Build/Intermediates.noindex/Aurora.build/Debug-watchos/AuroraCore.build/Objects-normal/arm64/AuroraCore_const_extract_protocols.json -Xcc -I/Users/admin/builder/spi-builder-workspace/.derivedData/Build/Products/Debug-watchos/include -Xcc -I/Users/admin/builder/spi-builder-workspace/.derivedData/Build/Intermediates.noindex/Aurora.build/Debug-watchos/AuroraCore.build/DerivedSources-normal/arm64 -Xcc -I/Users/admin/builder/spi-builder-workspace/.derivedData/Build/Intermediates.noindex/Aurora.build/Debug-watchos/AuroraCore.build/DerivedSources/arm64 -Xcc -I/Users/admin/builder/spi-builder-workspace/.derivedData/Build/Intermediates.noindex/Aurora.build/Debug-watchos/AuroraCore.build/DerivedSources -Xcc -DSWIFT_PACKAGE -Xcc -DDEBUG\=1 -emit-objc-header -emit-objc-header-path /Users/admin/builder/spi-builder-workspace/.derivedData/Build/Intermediates.noindex/Aurora.build/Debug-watchos/AuroraCore.build/Objects-normal/arm64/AuroraCore-Swift.h -working-directory /Users/admin/builder/spi-builder-workspace/.swiftpm/xcode -experimental-emit-module-separately -disable-cmo
SwiftDriverJobDiscovery normal arm64_32 Compiling AuroraSize.swift, AuroraStyle.swift (in target 'AuroraCore' from project 'Aurora')
Ld /Users/admin/builder/spi-builder-workspace/.derivedData/Build/Intermediates.noindex/Aurora.build/Debug-watchos/AuroraCore.build/Objects-normal/arm64/Binary/AuroraCore.o normal arm64 (in target 'AuroraCore' from project 'Aurora')
cd /Users/admin/builder/spi-builder-workspace
/Applications/Xcode-26.4.0.app/Contents/Developer/Toolchains/XcodeDefault.xctoolchain/usr/bin/clang -Xlinker -reproducible -target arm64-apple-watchos10.0 -r -isysroot /Applications/Xcode-26.4.0.app/Contents/Developer/Platforms/WatchOS.platform/Developer/SDKs/WatchOS26.4.sdk -O0 -F/Users/admin/builder/spi-builder-workspace/.derivedData/Build/Intermediates.noindex/EagerLinkingTBDs/Debug-watchos -F/Users/admin/builder/spi-builder-workspace/.derivedData/Build/Products/Debug-watchos -iframework /Applications/Xcode-26.4.0.app/Contents/Developer/Platforms/WatchOS.platform/Developer/Library/Frameworks -iframework /Applications/Xcode-26.4.0.app/Contents/Developer/Platforms/WatchOS.platform/Developer/SDKs/WatchOS26.4.sdk/Developer/Library/Frameworks -filelist /Users/admin/builder/spi-builder-workspace/.derivedData/Build/Intermediates.noindex/Aurora.build/Debug-watchos/AuroraCore.build/Objects-normal/arm64/AuroraCore.LinkFileList -nostdlib -Xlinker -object_path_lto -Xlinker /Users/admin/builder/spi-builder-workspace/.derivedData/Build/Intermediates.noindex/Aurora.build/Debug-watchos/AuroraCore.build/Objects-normal/arm64/AuroraCore_lto.o -Xlinker -no_deduplicate -Xlinker -debug_variant -Xlinker -dependency_info -Xlinker /Users/admin/builder/spi-builder-workspace/.derivedData/Build/Intermediates.noindex/Aurora.build/Debug-watchos/AuroraCore.build/Objects-normal/arm64/AuroraCore_dependency_info.dat -fobjc-link-runtime -L/Applications/Xcode-26.4.0.app/Contents/Developer/Toolchains/XcodeDefault.xctoolchain/usr/lib/swift/watchos -L/usr/lib/swift -Xlinker -add_ast_path -Xlinker /Users/admin/builder/spi-builder-workspace/.derivedData/Build/Intermediates.noindex/Aurora.build/Debug-watchos/AuroraCore.build/Objects-normal/arm64/AuroraCore.swiftmodule @/Users/admin/builder/spi-builder-workspace/.derivedData/Build/Intermediates.noindex/Aurora.build/Debug-watchos/AuroraCore.build/Objects-normal/arm64/AuroraCore-linker-args.resp -o /Users/admin/builder/spi-builder-workspace/.derivedData/Build/Intermediates.noindex/Aurora.build/Debug-watchos/AuroraCore.build/Objects-normal/arm64/Binary/AuroraCore.o
SwiftDriverJobDiscovery normal arm64_32 Compiling AuroraTheme.swift, AuroraTimeline.swift (in target 'AuroraCore' from project 'Aurora')
SwiftDriver Aurora normal arm64 com.apple.xcode.tools.swift.compiler (in target 'Aurora' from project 'Aurora')
cd /Users/admin/builder/spi-builder-workspace/.swiftpm/xcode
builtin-SwiftDriver -- /Applications/Xcode-26.4.0.app/Contents/Developer/Toolchains/XcodeDefault.xctoolchain/usr/bin/swiftc -module-name Aurora -Onone @/Users/admin/builder/spi-builder-workspace/.derivedData/Build/Intermediates.noindex/Aurora.build/Debug-watchos/Aurora.build/Objects-normal/arm64/Aurora.SwiftFileList -DSWIFT_PACKAGE -DDEBUG -DSWIFT_MODULE_RESOURCE_BUNDLE_UNAVAILABLE -DXcode -plugin-path /Applications/Xcode-26.4.0.app/Contents/Developer/Toolchains/XcodeDefault.xctoolchain/usr/lib/swift/host/plugins/testing -enable-experimental-feature DebugDescriptionMacro -sdk /Applications/Xcode-26.4.0.app/Contents/Developer/Platforms/WatchOS.platform/Developer/SDKs/WatchOS26.4.sdk -target arm64-apple-watchos10.0 -g -module-cache-path /Users/admin/builder/spi-builder-workspace/.derivedData/ModuleCache.noindex -Xfrontend -serialize-debugging-options -profile-coverage-mapping -profile-generate -enable-testing -index-store-path /Users/admin/builder/spi-builder-workspace/.derivedData/Index.noindex/DataStore -Xcc -D_LIBCPP_HARDENING_MODE\=_LIBCPP_HARDENING_MODE_DEBUG -swift-version 6 -I /Users/admin/builder/spi-builder-workspace/.derivedData/Build/Products/Debug-watchos -Isystem /Applications/Xcode-26.4.0.app/Contents/Developer/Platforms/WatchOS.platform/Developer/usr/lib -F /Users/admin/builder/spi-builder-workspace/.derivedData/Build/Products/Debug-watchos/PackageFrameworks -F /Users/admin/builder/spi-builder-workspace/.derivedData/Build/Products/Debug-watchos -F /Applications/Xcode-26.4.0.app/Contents/Developer/Platforms/WatchOS.platform/Developer/Library/Frameworks -F /Applications/Xcode-26.4.0.app/Contents/Developer/Platforms/WatchOS.platform/Developer/SDKs/WatchOS26.4.sdk/Developer/Library/Frameworks -c -j10 -enable-batch-mode -incremental -Xcc -ivfsstatcache -Xcc /Users/admin/builder/spi-builder-workspace/.derivedData/SDKStatCaches.noindex/watchos26.4-23T238-688ef53f1462e2c8f657fdc38a81448f9e51884a582f42380855760c9d4cc599.sdkstatcache -output-file-map /Users/admin/builder/spi-builder-workspace/.derivedData/Build/Intermediates.noindex/Aurora.build/Debug-watchos/Aurora.build/Objects-normal/arm64/Aurora-OutputFileMap.json -use-frontend-parseable-output -save-temps -no-color-diagnostics -explicit-module-build -module-cache-path /Users/admin/builder/spi-builder-workspace/.derivedData/Build/Intermediates.noindex/SwiftExplicitPrecompiledModules -clang-scanner-module-cache-path /Users/admin/builder/spi-builder-workspace/.derivedData/ModuleCache.noindex -sdk-module-cache-path /Users/admin/builder/spi-builder-workspace/.derivedData/ModuleCache.noindex -serialize-diagnostics -emit-dependencies -emit-module -emit-module-path /Users/admin/builder/spi-builder-workspace/.derivedData/Build/Intermediates.noindex/Aurora.build/Debug-watchos/Aurora.build/Objects-normal/arm64/Aurora.swiftmodule -validate-clang-modules-once -clang-build-session-file /Users/admin/builder/spi-builder-workspace/.derivedData/ModuleCache.noindex/Session.modulevalidation -package-name spi_builder_workspace -Xcc -I/Users/admin/builder/spi-builder-workspace/.derivedData/Build/Intermediates.noindex/Aurora.build/Debug-watchos/Aurora.build/swift-overrides.hmap -emit-const-values -Xfrontend -const-gather-protocols-file -Xfrontend /Users/admin/builder/spi-builder-workspace/.derivedData/Build/Intermediates.noindex/Aurora.build/Debug-watchos/Aurora.build/Objects-normal/arm64/Aurora_const_extract_protocols.json -Xcc -I/Users/admin/builder/spi-builder-workspace/.derivedData/Build/Products/Debug-watchos/include -Xcc -I/Users/admin/builder/spi-builder-workspace/.derivedData/Build/Intermediates.noindex/Aurora.build/Debug-watchos/Aurora.build/DerivedSources-normal/arm64 -Xcc -I/Users/admin/builder/spi-builder-workspace/.derivedData/Build/Intermediates.noindex/Aurora.build/Debug-watchos/Aurora.build/DerivedSources/arm64 -Xcc -I/Users/admin/builder/spi-builder-workspace/.derivedData/Build/Intermediates.noindex/Aurora.build/Debug-watchos/Aurora.build/DerivedSources -Xcc -DSWIFT_PACKAGE -Xcc -DDEBUG\=1 -emit-objc-header -emit-objc-header-path /Users/admin/builder/spi-builder-workspace/.derivedData/Build/Intermediates.noindex/Aurora.build/Debug-watchos/Aurora.build/Objects-normal/arm64/Aurora-Swift.h -working-directory /Users/admin/builder/spi-builder-workspace/.swiftpm/xcode -experimental-emit-module-separately -disable-cmo
/Users/admin/builder/spi-builder-workspace/Sources/Aurora/AuroraView.swift:3:8: warning: File 'AuroraView.swift' is part of module 'Aurora'; ignoring import
import Aurora
^ (in target 'Aurora' from project 'Aurora')
SwiftDriver Aurora normal arm64_32 com.apple.xcode.tools.swift.compiler (in target 'Aurora' from project 'Aurora')
cd /Users/admin/builder/spi-builder-workspace/.swiftpm/xcode
builtin-SwiftDriver -- /Applications/Xcode-26.4.0.app/Contents/Developer/Toolchains/XcodeDefault.xctoolchain/usr/bin/swiftc -module-name Aurora -Onone @/Users/admin/builder/spi-builder-workspace/.derivedData/Build/Intermediates.noindex/Aurora.build/Debug-watchos/Aurora.build/Objects-normal/arm64_32/Aurora.SwiftFileList -DSWIFT_PACKAGE -DDEBUG -DSWIFT_MODULE_RESOURCE_BUNDLE_UNAVAILABLE -DXcode -plugin-path /Applications/Xcode-26.4.0.app/Contents/Developer/Toolchains/XcodeDefault.xctoolchain/usr/lib/swift/host/plugins/testing -enable-experimental-feature DebugDescriptionMacro -sdk /Applications/Xcode-26.4.0.app/Contents/Developer/Platforms/WatchOS.platform/Developer/SDKs/WatchOS26.4.sdk -target arm64_32-apple-watchos10.0 -g -module-cache-path /Users/admin/builder/spi-builder-workspace/.derivedData/ModuleCache.noindex -Xfrontend -serialize-debugging-options -profile-coverage-mapping -profile-generate -enable-testing -index-store-path /Users/admin/builder/spi-builder-workspace/.derivedData/Index.noindex/DataStore -Xcc -D_LIBCPP_HARDENING_MODE\=_LIBCPP_HARDENING_MODE_DEBUG -swift-version 6 -I /Users/admin/builder/spi-builder-workspace/.derivedData/Build/Products/Debug-watchos -Isystem /Applications/Xcode-26.4.0.app/Contents/Developer/Platforms/WatchOS.platform/Developer/usr/lib -F /Users/admin/builder/spi-builder-workspace/.derivedData/Build/Products/Debug-watchos/PackageFrameworks -F /Users/admin/builder/spi-builder-workspace/.derivedData/Build/Products/Debug-watchos -F /Applications/Xcode-26.4.0.app/Contents/Developer/Platforms/WatchOS.platform/Developer/Library/Frameworks -F /Applications/Xcode-26.4.0.app/Contents/Developer/Platforms/WatchOS.platform/Developer/SDKs/WatchOS26.4.sdk/Developer/Library/Frameworks -c -j10 -enable-batch-mode -incremental -Xcc -ivfsstatcache -Xcc /Users/admin/builder/spi-builder-workspace/.derivedData/SDKStatCaches.noindex/watchos26.4-23T238-688ef53f1462e2c8f657fdc38a81448f9e51884a582f42380855760c9d4cc599.sdkstatcache -output-file-map /Users/admin/builder/spi-builder-workspace/.derivedData/Build/Intermediates.noindex/Aurora.build/Debug-watchos/Aurora.build/Objects-normal/arm64_32/Aurora-OutputFileMap.json -use-frontend-parseable-output -save-temps -no-color-diagnostics -explicit-module-build -module-cache-path /Users/admin/builder/spi-builder-workspace/.derivedData/Build/Intermediates.noindex/SwiftExplicitPrecompiledModules -clang-scanner-module-cache-path /Users/admin/builder/spi-builder-workspace/.derivedData/ModuleCache.noindex -sdk-module-cache-path /Users/admin/builder/spi-builder-workspace/.derivedData/ModuleCache.noindex -serialize-diagnostics -emit-dependencies -emit-module -emit-module-path /Users/admin/builder/spi-builder-workspace/.derivedData/Build/Intermediates.noindex/Aurora.build/Debug-watchos/Aurora.build/Objects-normal/arm64_32/Aurora.swiftmodule -validate-clang-modules-once -clang-build-session-file /Users/admin/builder/spi-builder-workspace/.derivedData/ModuleCache.noindex/Session.modulevalidation -package-name spi_builder_workspace -Xcc -I/Users/admin/builder/spi-builder-workspace/.derivedData/Build/Intermediates.noindex/Aurora.build/Debug-watchos/Aurora.build/swift-overrides.hmap -emit-const-values -Xfrontend -const-gather-protocols-file -Xfrontend /Users/admin/builder/spi-builder-workspace/.derivedData/Build/Intermediates.noindex/Aurora.build/Debug-watchos/Aurora.build/Objects-normal/arm64_32/Aurora_const_extract_protocols.json -Xcc -I/Users/admin/builder/spi-builder-workspace/.derivedData/Build/Products/Debug-watchos/include -Xcc -I/Users/admin/builder/spi-builder-workspace/.derivedData/Build/Intermediates.noindex/Aurora.build/Debug-watchos/Aurora.build/DerivedSources-normal/arm64_32 -Xcc -I/Users/admin/builder/spi-builder-workspace/.derivedData/Build/Intermediates.noindex/Aurora.build/Debug-watchos/Aurora.build/DerivedSources/arm64_32 -Xcc -I/Users/admin/builder/spi-builder-workspace/.derivedData/Build/Intermediates.noindex/Aurora.build/Debug-watchos/Aurora.build/DerivedSources -Xcc -DSWIFT_PACKAGE -Xcc -DDEBUG\=1 -emit-objc-header -emit-objc-header-path /Users/admin/builder/spi-builder-workspace/.derivedData/Build/Intermediates.noindex/Aurora.build/Debug-watchos/Aurora.build/Objects-normal/arm64_32/Aurora-Swift.h -working-directory /Users/admin/builder/spi-builder-workspace/.swiftpm/xcode -experimental-emit-module-separately -disable-cmo
/Users/admin/builder/spi-builder-workspace/Sources/Aurora/AuroraView.swift:3:8: warning: File 'AuroraView.swift' is part of module 'Aurora'; ignoring import
import Aurora
^ (in target 'Aurora' from project 'Aurora')
SwiftDriverJobDiscovery normal arm64_32 Compiling PulseDriver.swift, Tuning+LineBloom.swift (in target 'AuroraCore' from project 'Aurora')
SwiftDriverJobDiscovery normal arm64_32 Compiling Tuning.swift, TuningTypes.swift (in target 'AuroraCore' from project 'Aurora')
SwiftDriverJobDiscovery normal arm64_32 Compiling AuroraSceneBuilder+Line.swift, AuroraSceneBuilder+Pulse.swift, AuroraSceneBuilder+Rotate.swift (in target 'AuroraCore' from project 'Aurora')
SwiftDriverJobDiscovery normal arm64_32 Compiling Tuning+Palettes.swift, Tuning+Presets.swift (in target 'AuroraCore' from project 'Aurora')
SwiftDriverJobDiscovery normal arm64_32 Compiling AuroraColor.swift, AuroraColorMatrix.swift, AuroraColorVariant.swift (in target 'AuroraCore' from project 'Aurora')
SwiftDriverJobDiscovery normal arm64_32 Compiling Tuning+Pulse.swift, Tuning+Rotate.swift (in target 'AuroraCore' from project 'Aurora')
SwiftDriverJobDiscovery normal arm64_32 Compiling AuroraSceneBuilder.swift, AuroraShape.swift (in target 'AuroraCore' from project 'Aurora')
SwiftDriverJobDiscovery normal arm64_32 Compiling AuroraConfiguration.swift, AuroraGeometry.swift, AuroraScene.swift (in target 'AuroraCore' from project 'Aurora')
SwiftDriver\ Compilation AuroraCore normal arm64_32 com.apple.xcode.tools.swift.compiler (in target 'AuroraCore' from project 'Aurora')
cd /Users/admin/builder/spi-builder-workspace/.swiftpm/xcode
builtin-Swift-Compilation -- /Applications/Xcode-26.4.0.app/Contents/Developer/Toolchains/XcodeDefault.xctoolchain/usr/bin/swiftc -module-name AuroraCore -Onone @/Users/admin/builder/spi-builder-workspace/.derivedData/Build/Intermediates.noindex/Aurora.build/Debug-watchos/AuroraCore.build/Objects-normal/arm64_32/AuroraCore.SwiftFileList -DSWIFT_PACKAGE -DDEBUG -DSWIFT_MODULE_RESOURCE_BUNDLE_UNAVAILABLE -DXcode -plugin-path /Applications/Xcode-26.4.0.app/Contents/Developer/Toolchains/XcodeDefault.xctoolchain/usr/lib/swift/host/plugins/testing -enable-experimental-feature DebugDescriptionMacro -sdk /Applications/Xcode-26.4.0.app/Contents/Developer/Platforms/WatchOS.platform/Developer/SDKs/WatchOS26.4.sdk -target arm64_32-apple-watchos10.0 -g -module-cache-path /Users/admin/builder/spi-builder-workspace/.derivedData/ModuleCache.noindex -Xfrontend -serialize-debugging-options -profile-coverage-mapping -profile-generate -enable-testing -index-store-path /Users/admin/builder/spi-builder-workspace/.derivedData/Index.noindex/DataStore -Xcc -D_LIBCPP_HARDENING_MODE\=_LIBCPP_HARDENING_MODE_DEBUG -swift-version 6 -I /Users/admin/builder/spi-builder-workspace/.derivedData/Build/Products/Debug-watchos -Isystem /Applications/Xcode-26.4.0.app/Contents/Developer/Platforms/WatchOS.platform/Developer/usr/lib -F /Users/admin/builder/spi-builder-workspace/.derivedData/Build/Products/Debug-watchos -F /Applications/Xcode-26.4.0.app/Contents/Developer/Platforms/WatchOS.platform/Developer/Library/Frameworks -F /Applications/Xcode-26.4.0.app/Contents/Developer/Platforms/WatchOS.platform/Developer/SDKs/WatchOS26.4.sdk/Developer/Library/Frameworks -c -j10 -enable-batch-mode -incremental -Xcc -ivfsstatcache -Xcc /Users/admin/builder/spi-builder-workspace/.derivedData/SDKStatCaches.noindex/watchos26.4-23T238-688ef53f1462e2c8f657fdc38a81448f9e51884a582f42380855760c9d4cc599.sdkstatcache -output-file-map /Users/admin/builder/spi-builder-workspace/.derivedData/Build/Intermediates.noindex/Aurora.build/Debug-watchos/AuroraCore.build/Objects-normal/arm64_32/AuroraCore-OutputFileMap.json -use-frontend-parseable-output -save-temps -no-color-diagnostics -explicit-module-build -module-cache-path /Users/admin/builder/spi-builder-workspace/.derivedData/Build/Intermediates.noindex/SwiftExplicitPrecompiledModules -clang-scanner-module-cache-path /Users/admin/builder/spi-builder-workspace/.derivedData/ModuleCache.noindex -sdk-module-cache-path /Users/admin/builder/spi-builder-workspace/.derivedData/ModuleCache.noindex -serialize-diagnostics -emit-dependencies -emit-module -emit-module-path /Users/admin/builder/spi-builder-workspace/.derivedData/Build/Intermediates.noindex/Aurora.build/Debug-watchos/AuroraCore.build/Objects-normal/arm64_32/AuroraCore.swiftmodule -validate-clang-modules-once -clang-build-session-file /Users/admin/builder/spi-builder-workspace/.derivedData/ModuleCache.noindex/Session.modulevalidation -package-name spi_builder_workspace -Xcc -I/Users/admin/builder/spi-builder-workspace/.derivedData/Build/Intermediates.noindex/Aurora.build/Debug-watchos/AuroraCore.build/swift-overrides.hmap -emit-const-values -Xfrontend -const-gather-protocols-file -Xfrontend /Users/admin/builder/spi-builder-workspace/.derivedData/Build/Intermediates.noindex/Aurora.build/Debug-watchos/AuroraCore.build/Objects-normal/arm64_32/AuroraCore_const_extract_protocols.json -Xcc -I/Users/admin/builder/spi-builder-workspace/.derivedData/Build/Products/Debug-watchos/include -Xcc -I/Users/admin/builder/spi-builder-workspace/.derivedData/Build/Intermediates.noindex/Aurora.build/Debug-watchos/AuroraCore.build/DerivedSources-normal/arm64_32 -Xcc -I/Users/admin/builder/spi-builder-workspace/.derivedData/Build/Intermediates.noindex/Aurora.build/Debug-watchos/AuroraCore.build/DerivedSources/arm64_32 -Xcc -I/Users/admin/builder/spi-builder-workspace/.derivedData/Build/Intermediates.noindex/Aurora.build/Debug-watchos/AuroraCore.build/DerivedSources -Xcc -DSWIFT_PACKAGE -Xcc -DDEBUG\=1 -emit-objc-header -emit-objc-header-path /Users/admin/builder/spi-builder-workspace/.derivedData/Build/Intermediates.noindex/Aurora.build/Debug-watchos/AuroraCore.build/Objects-normal/arm64_32/AuroraCore-Swift.h -working-directory /Users/admin/builder/spi-builder-workspace/.swiftpm/xcode -experimental-emit-module-separately -disable-cmo
Ld /Users/admin/builder/spi-builder-workspace/.derivedData/Build/Intermediates.noindex/Aurora.build/Debug-watchos/AuroraCore.build/Objects-normal/arm64_32/Binary/AuroraCore.o normal arm64_32 (in target 'AuroraCore' from project 'Aurora')
cd /Users/admin/builder/spi-builder-workspace
/Applications/Xcode-26.4.0.app/Contents/Developer/Toolchains/XcodeDefault.xctoolchain/usr/bin/clang -Xlinker -reproducible -target arm64_32-apple-watchos10.0 -r -isysroot /Applications/Xcode-26.4.0.app/Contents/Developer/Platforms/WatchOS.platform/Developer/SDKs/WatchOS26.4.sdk -O0 -F/Users/admin/builder/spi-builder-workspace/.derivedData/Build/Intermediates.noindex/EagerLinkingTBDs/Debug-watchos -F/Users/admin/builder/spi-builder-workspace/.derivedData/Build/Products/Debug-watchos -iframework /Applications/Xcode-26.4.0.app/Contents/Developer/Platforms/WatchOS.platform/Developer/Library/Frameworks -iframework /Applications/Xcode-26.4.0.app/Contents/Developer/Platforms/WatchOS.platform/Developer/SDKs/WatchOS26.4.sdk/Developer/Library/Frameworks -filelist /Users/admin/builder/spi-builder-workspace/.derivedData/Build/Intermediates.noindex/Aurora.build/Debug-watchos/AuroraCore.build/Objects-normal/arm64_32/AuroraCore.LinkFileList -nostdlib -Xlinker -object_path_lto -Xlinker /Users/admin/builder/spi-builder-workspace/.derivedData/Build/Intermediates.noindex/Aurora.build/Debug-watchos/AuroraCore.build/Objects-normal/arm64_32/AuroraCore_lto.o -Xlinker -no_deduplicate -Xlinker -debug_variant -Xlinker -dependency_info -Xlinker /Users/admin/builder/spi-builder-workspace/.derivedData/Build/Intermediates.noindex/Aurora.build/Debug-watchos/AuroraCore.build/Objects-normal/arm64_32/AuroraCore_dependency_info.dat -fobjc-link-runtime -L/Applications/Xcode-26.4.0.app/Contents/Developer/Toolchains/XcodeDefault.xctoolchain/usr/lib/swift/watchos -L/usr/lib/swift -Xlinker -add_ast_path -Xlinker /Users/admin/builder/spi-builder-workspace/.derivedData/Build/Intermediates.noindex/Aurora.build/Debug-watchos/AuroraCore.build/Objects-normal/arm64_32/AuroraCore.swiftmodule @/Users/admin/builder/spi-builder-workspace/.derivedData/Build/Intermediates.noindex/Aurora.build/Debug-watchos/AuroraCore.build/Objects-normal/arm64_32/AuroraCore-linker-args.resp -o /Users/admin/builder/spi-builder-workspace/.derivedData/Build/Intermediates.noindex/Aurora.build/Debug-watchos/AuroraCore.build/Objects-normal/arm64_32/Binary/AuroraCore.o
CreateUniversalBinary /Users/admin/builder/spi-builder-workspace/.derivedData/Build/Products/Debug-watchos/AuroraCore.o normal arm64\ arm64_32 (in target 'AuroraCore' from project 'Aurora')
cd /Users/admin/builder/spi-builder-workspace
/Applications/Xcode-26.4.0.app/Contents/Developer/Toolchains/XcodeDefault.xctoolchain/usr/bin/lipo -create /Users/admin/builder/spi-builder-workspace/.derivedData/Build/Intermediates.noindex/Aurora.build/Debug-watchos/AuroraCore.build/Objects-normal/arm64/Binary/AuroraCore.o /Users/admin/builder/spi-builder-workspace/.derivedData/Build/Intermediates.noindex/Aurora.build/Debug-watchos/AuroraCore.build/Objects-normal/arm64_32/Binary/AuroraCore.o -output /Users/admin/builder/spi-builder-workspace/.derivedData/Build/Products/Debug-watchos/AuroraCore.o
ExtractAppIntentsMetadata (in target 'AuroraCore' from project 'Aurora')
cd /Users/admin/builder/spi-builder-workspace
/Applications/Xcode-26.4.0.app/Contents/Developer/Toolchains/XcodeDefault.xctoolchain/usr/bin/appintentsmetadataprocessor --toolchain-dir /var/run/com.apple.security.cryptexd/mnt/com.apple.MobileAsset.MetalToolchain-v17.5.188.0.jXPI7P/Metal.xctoolchain --module-name AuroraCore --sdk-root /Applications/Xcode-26.4.0.app/Contents/Developer/Platforms/WatchOS.platform/Developer/SDKs/WatchOS26.4.sdk --xcode-version 17E192 --platform-family watchOS --deployment-target 10.0 --bundle-identifier spi-builder-workspace.AuroraCore --output /Users/admin/builder/spi-builder-workspace/.derivedData/Build/Products/Debug-watchos/AuroraCore.appintents --target-triple arm64-apple-watchos10.0 --target-triple arm64_32-apple-watchos10.0 --binary-file /Users/admin/builder/spi-builder-workspace/.derivedData/Build/Products/Debug-watchos/AuroraCore.o --dependency-file /Users/admin/builder/spi-builder-workspace/.derivedData/Build/Intermediates.noindex/Aurora.build/Debug-watchos/AuroraCore.build/Objects-normal/arm64/AuroraCore_dependency_info.dat --dependency-file /Users/admin/builder/spi-builder-workspace/.derivedData/Build/Intermediates.noindex/Aurora.build/Debug-watchos/AuroraCore.build/Objects-normal/arm64_32/AuroraCore_dependency_info.dat --stringsdata-file /Users/admin/builder/spi-builder-workspace/.derivedData/Build/Intermediates.noindex/Aurora.build/Debug-watchos/AuroraCore.build/Objects-normal/arm64/ExtractedAppShortcutsMetadata.stringsdata --stringsdata-file /Users/admin/builder/spi-builder-workspace/.derivedData/Build/Intermediates.noindex/Aurora.build/Debug-watchos/AuroraCore.build/Objects-normal/arm64_32/ExtractedAppShortcutsMetadata.stringsdata --source-file-list /Users/admin/builder/spi-builder-workspace/.derivedData/Build/Intermediates.noindex/Aurora.build/Debug-watchos/AuroraCore.build/Objects-normal/arm64/AuroraCore.SwiftFileList --source-file-list /Users/admin/builder/spi-builder-workspace/.derivedData/Build/Intermediates.noindex/Aurora.build/Debug-watchos/AuroraCore.build/Objects-normal/arm64_32/AuroraCore.SwiftFileList --metadata-file-list /Users/admin/builder/spi-builder-workspace/.derivedData/Build/Intermediates.noindex/Aurora.build/Debug-watchos/AuroraCore.build/AuroraCore.DependencyMetadataFileList --static-metadata-file-list /Users/admin/builder/spi-builder-workspace/.derivedData/Build/Intermediates.noindex/Aurora.build/Debug-watchos/AuroraCore.build/AuroraCore.DependencyStaticMetadataFileList --swift-const-vals-list /Users/admin/builder/spi-builder-workspace/.derivedData/Build/Intermediates.noindex/Aurora.build/Debug-watchos/AuroraCore.build/Objects-normal/arm64/AuroraCore.SwiftConstValuesFileList --swift-const-vals-list /Users/admin/builder/spi-builder-workspace/.derivedData/Build/Intermediates.noindex/Aurora.build/Debug-watchos/AuroraCore.build/Objects-normal/arm64_32/AuroraCore.SwiftConstValuesFileList --force --compile-time-extraction --deployment-aware-processing --validate-assistant-intents --no-app-shortcuts-localization
2026-08-14 20:20:42.443 appintentsmetadataprocessor[803:4927] Starting appintentsmetadataprocessor export
2026-08-14 20:20:42.473 appintentsmetadataprocessor[803:4927] Extracted no relevant App Intents symbols, skipping writing output
SwiftExplicitDependencyGeneratePcm arm64_32 /Users/admin/builder/spi-builder-workspace/.derivedData/ModuleCache.noindex/UniformTypeIdentifiers-7276IVX86B0Q4DB58ZSZV5FW8.pcm
SwiftExplicitDependencyGeneratePcm arm64_32 /Users/admin/builder/spi-builder-workspace/.derivedData/ModuleCache.noindex/UserNotifications-2T4F538BEAW3G40FNLKU7U9TS.pcm
SwiftExplicitDependencyGeneratePcm arm64_32 /Users/admin/builder/spi-builder-workspace/.derivedData/ModuleCache.noindex/_Builtin_stdatomic-2MDX0JUJBHWXYAT94YRQV837U.pcm
SwiftExplicitDependencyGeneratePcm arm64_32 /Users/admin/builder/spi-builder-workspace/.derivedData/ModuleCache.noindex/Symbols-4KZ6YENVJ92H1HOEI8W7RE2LJ.pcm
SwiftExplicitDependencyGeneratePcm arm64_32 /Users/admin/builder/spi-builder-workspace/.derivedData/ModuleCache.noindex/CoreTransferable-E6BJ3ZX6H73MQE88QOOXT43E7.pcm
SwiftExplicitDependencyGeneratePcm arm64_32 /Users/admin/builder/spi-builder-workspace/.derivedData/ModuleCache.noindex/UIUtilities-1YF394OTMURQ3MZX7A81A23BA.pcm
SwiftExplicitDependencyGeneratePcm arm64_32 /Users/admin/builder/spi-builder-workspace/.derivedData/ModuleCache.noindex/_LocationEssentials-6LU8ZHGXG44ECN8AJL1IQOQ34.pcm
SwiftExplicitDependencyGeneratePcm arm64_32 /Users/admin/builder/spi-builder-workspace/.derivedData/ModuleCache.noindex/DataDetection-89PNCSMZLKUCW3HH4HW9HB0DQ.pcm
SwiftExplicitDependencyGeneratePcm arm64_32 /Users/admin/builder/spi-builder-workspace/.derivedData/ModuleCache.noindex/MachO-7RNW0MG49KNRIDK4EABV8EZ05.pcm
SwiftExplicitDependencyGeneratePcm arm64 /Users/admin/builder/spi-builder-workspace/.derivedData/ModuleCache.noindex/UserNotifications-1XRBR8THAS82FYCG1S3NUI3VG.pcm
SwiftExplicitDependencyGeneratePcm arm64 /Users/admin/builder/spi-builder-workspace/.derivedData/ModuleCache.noindex/UniformTypeIdentifiers-9KJ5D81P3YTXBB61JCG6G3JHT.pcm
SwiftExplicitDependencyGeneratePcm arm64 /Users/admin/builder/spi-builder-workspace/.derivedData/ModuleCache.noindex/MachO-CCJUSSH0DVWV8RNFZE7C9Q3EZ.pcm
SwiftExplicitDependencyGeneratePcm arm64 /Users/admin/builder/spi-builder-workspace/.derivedData/ModuleCache.noindex/UIUtilities-5X9L0DGBNOV1O9W25YOP4Y2IA.pcm
SwiftExplicitDependencyGeneratePcm arm64 /Users/admin/builder/spi-builder-workspace/.derivedData/ModuleCache.noindex/_Builtin_tgmath-1QW94ZHIZZXOB62TJKJPRLCTE.pcm
SwiftExplicitDependencyGeneratePcm arm64 /Users/admin/builder/spi-builder-workspace/.derivedData/ModuleCache.noindex/CoreVideo-9F7Z2CN8YMUC79RM7WW75WT87.pcm
SwiftExplicitDependencyGeneratePcm arm64 /Users/admin/builder/spi-builder-workspace/.derivedData/ModuleCache.noindex/DeveloperToolsSupport-45LJQ7XZTZELPNNQ1BSJ9E0Z3.pcm
SwiftExplicitDependencyGeneratePcm arm64 /Users/admin/builder/spi-builder-workspace/.derivedData/ModuleCache.noindex/Symbols-1J0IF6PMUM2IOCC7TS6HVP4K4.pcm
SwiftExplicitDependencyGeneratePcm arm64 /Users/admin/builder/spi-builder-workspace/.derivedData/ModuleCache.noindex/CoreTransferable-EL7RFUIKC28GAWA2GIEM51F86.pcm
SwiftExplicitDependencyGeneratePcm arm64_32 /Users/admin/builder/spi-builder-workspace/.derivedData/ModuleCache.noindex/os-AXKI2YDDM3L6KB47XNG0PF9RP.pcm
SwiftExplicitDependencyGeneratePcm arm64 /Users/admin/builder/spi-builder-workspace/.derivedData/ModuleCache.noindex/DataDetection-9RQFQJAE703DUU3GQPQ5Q4E0Q.pcm
SwiftExplicitDependencyGeneratePcm arm64 /Users/admin/builder/spi-builder-workspace/.derivedData/ModuleCache.noindex/_Builtin_stdatomic-A88IAH4Z4IGJYJY9DHXOYF0PT.pcm
SwiftExplicitDependencyGeneratePcm arm64 /Users/admin/builder/spi-builder-workspace/.derivedData/ModuleCache.noindex/CoreText-DKQ1H2IQA0VI090S208DOVW22.pcm
SwiftExplicitDependencyGeneratePcm arm64_32 /Users/admin/builder/spi-builder-workspace/.derivedData/ModuleCache.noindex/CoreLocation-6EJTJYNJPW3N2EO9CEQYETTN9.pcm
SwiftExplicitDependencyGeneratePcm arm64 /Users/admin/builder/spi-builder-workspace/.derivedData/ModuleCache.noindex/CoreData-97ALW7ZZF0MZ60UC8DO74ZMJ6.pcm
SwiftExplicitDependencyGeneratePcm arm64_32 /Users/admin/builder/spi-builder-workspace/.derivedData/ModuleCache.noindex/DeveloperToolsSupport-1FSHW16ANN5PG1T6KPJTN5QKW.pcm
SwiftExplicitDependencyGeneratePcm arm64 /Users/admin/builder/spi-builder-workspace/.derivedData/ModuleCache.noindex/Accessibility-BN08FMLP1D7IKZUH3P8G7HR4G.pcm
SwiftExplicitDependencyGeneratePcm arm64_32 /Users/admin/builder/spi-builder-workspace/.derivedData/ModuleCache.noindex/CoreVideo-AW7TSDOET4XXX01XSZA02UJAR.pcm
SwiftExplicitDependencyGeneratePcm arm64 /Users/admin/builder/spi-builder-workspace/.derivedData/ModuleCache.noindex/QuartzCore-6GQM93B2IQBVUAXB2G2N2HM8Z.pcm
SwiftExplicitDependencyGeneratePcm arm64 /Users/admin/builder/spi-builder-workspace/.derivedData/ModuleCache.noindex/_Builtin_intrinsics-2WFP6MBSRG4CHG5CFVU25G0JT.pcm
SwiftExplicitDependencyGeneratePcm arm64_32 /Users/admin/builder/spi-builder-workspace/.derivedData/ModuleCache.noindex/OSLog-7MQDJ3O3IADLHVCKYCSONIC0.pcm
SwiftExplicitDependencyGeneratePcm arm64 /Users/admin/builder/spi-builder-workspace/.derivedData/ModuleCache.noindex/os-55ZJ68VT842DCPTG7CL87QDCP.pcm
SwiftExplicitDependencyGeneratePcm arm64_32 /Users/admin/builder/spi-builder-workspace/.derivedData/ModuleCache.noindex/_Builtin_intrinsics-DQXMIVMPV59MBDS8RBYO28RCI.pcm
SwiftExplicitDependencyGeneratePcm arm64_32 /Users/admin/builder/spi-builder-workspace/.derivedData/ModuleCache.noindex/_Builtin_tgmath-CB4VV3DL9JU7QK07DFPTR1S98.pcm
SwiftExplicitDependencyGeneratePcm arm64_32 /Users/admin/builder/spi-builder-workspace/.derivedData/ModuleCache.noindex/Accessibility-2WF1BI7EUEK6NSM71EANBAJMB.pcm
SwiftExplicitDependencyGeneratePcm arm64_32 /Users/admin/builder/spi-builder-workspace/.derivedData/ModuleCache.noindex/CoreData-DSXTYFXB3ATGC8I08ZBG3HYU9.pcm
SwiftExplicitDependencyGeneratePcm arm64_32 /Users/admin/builder/spi-builder-workspace/.derivedData/ModuleCache.noindex/QuartzCore-9C8ME3X3G6ATSYC10PEHCREZX.pcm
SwiftExplicitDependencyGeneratePcm arm64_32 /Users/admin/builder/spi-builder-workspace/.derivedData/ModuleCache.noindex/CoreText-CR8L5TZMBRNUVXR0FMEA1J47D.pcm
SwiftExplicitDependencyGeneratePcm arm64 /Users/admin/builder/spi-builder-workspace/.derivedData/ModuleCache.noindex/_LocationEssentials-1OLLMD341ASV33BD7CMYM659Z.pcm
SwiftExplicitDependencyGeneratePcm arm64 /Users/admin/builder/spi-builder-workspace/.derivedData/ModuleCache.noindex/OSLog-8TNC6QTAOHB3R9J131QRHTSUR.pcm
RegisterExecutionPolicyException /Users/admin/builder/spi-builder-workspace/.derivedData/Build/Products/Debug-watchos/AuroraCore.o (in target 'AuroraCore' from project 'Aurora')
cd /Users/admin/builder/spi-builder-workspace
builtin-RegisterExecutionPolicyException /Users/admin/builder/spi-builder-workspace/.derivedData/Build/Products/Debug-watchos/AuroraCore.o
SwiftExplicitDependencyGeneratePcm arm64 /Users/admin/builder/spi-builder-workspace/.derivedData/ModuleCache.noindex/SwiftUICore-5OOGX25OAJ6JALJYHHXDDUZKO.pcm
SwiftExplicitDependencyGeneratePcm arm64 /Users/admin/builder/spi-builder-workspace/.derivedData/ModuleCache.noindex/UIKit-94KS1FNJV95BHB1N4XQJIBC7R.pcm
SwiftExplicitDependencyGeneratePcm arm64 /Users/admin/builder/spi-builder-workspace/.derivedData/ModuleCache.noindex/CoreLocation-B11W686JE716ORTZ0W5Y92NR9.pcm
SwiftExplicitDependencyGeneratePcm arm64_32 /Users/admin/builder/spi-builder-workspace/.derivedData/ModuleCache.noindex/UIKit-5A1UE7V689D3DVX5WXRL1JNU5.pcm
SwiftExplicitDependencyGeneratePcm arm64_32 /Users/admin/builder/spi-builder-workspace/.derivedData/ModuleCache.noindex/SwiftUICore-3FFNAPLT00UCITTOD5WSFJ1U2.pcm
SwiftExplicitDependencyGeneratePcm arm64 /Users/admin/builder/spi-builder-workspace/.derivedData/ModuleCache.noindex/simd-XGV52KQFXMD01HFUCKCO8T5R.pcm
SwiftExplicitDependencyGeneratePcm arm64_32 /Users/admin/builder/spi-builder-workspace/.derivedData/ModuleCache.noindex/simd-5RZFWVV8YNUMXZPG68I0D6UIC.pcm
SwiftExplicitDependencyGeneratePcm arm64 /Users/admin/builder/spi-builder-workspace/.derivedData/ModuleCache.noindex/SceneKit-4EG3GAG253F1I6715CP4FFHI7.pcm
SwiftExplicitDependencyGeneratePcm arm64 /Users/admin/builder/spi-builder-workspace/.derivedData/ModuleCache.noindex/Spatial-K7MJW2JK4LWSB6YBWRF0HBBW.pcm
SwiftExplicitDependencyGeneratePcm arm64_32 /Users/admin/builder/spi-builder-workspace/.derivedData/ModuleCache.noindex/Spatial-2HQBH0G7JTCQE4R0LWGW40909.pcm
SwiftExplicitDependencyGeneratePcm arm64_32 /Users/admin/builder/spi-builder-workspace/.derivedData/ModuleCache.noindex/SceneKit-4EO8PNU3TVYUYTAY3H2VSM32K.pcm
SwiftExplicitDependencyGeneratePcm arm64 /Users/admin/builder/spi-builder-workspace/.derivedData/ModuleCache.noindex/HomeKit-E0047TOB3J81IX300229RHICP.pcm
SwiftExplicitDependencyGeneratePcm arm64 /Users/admin/builder/spi-builder-workspace/.derivedData/ModuleCache.noindex/MapKit-60KULWEA9OCLKP2QQIJ9K3IDP.pcm
SwiftExplicitDependencyGeneratePcm arm64_32 /Users/admin/builder/spi-builder-workspace/.derivedData/ModuleCache.noindex/MapKit-23AI17V4246GEDFSAYR1MCK8.pcm
SwiftExplicitDependencyGeneratePcm arm64_32 /Users/admin/builder/spi-builder-workspace/.derivedData/ModuleCache.noindex/HomeKit-7Y0PZQBIUBNAKR0H59OG5RJDU.pcm
SwiftExplicitDependencyGeneratePcm arm64 /Users/admin/builder/spi-builder-workspace/.derivedData/ModuleCache.noindex/WatchKit-5WLC0LWBKJ8XSW9GHP09682QC.pcm
SwiftExplicitDependencyGeneratePcm arm64_32 /Users/admin/builder/spi-builder-workspace/.derivedData/ModuleCache.noindex/WatchKit-E1MTFMTFBDS1EI04LQI8M4AA0.pcm
SwiftExplicitDependencyGeneratePcm arm64 /Users/admin/builder/spi-builder-workspace/.derivedData/ModuleCache.noindex/SwiftUI-C0JJA5OUZW984282DZ7ZYYMLV.pcm
SwiftExplicitDependencyGeneratePcm arm64_32 /Users/admin/builder/spi-builder-workspace/.derivedData/ModuleCache.noindex/SwiftUI-2LLE4ZFY8G39SFPLZJS5OT04E.pcm
SwiftEmitModule normal arm64 Emitting\ module\ for\ Aurora (in target 'Aurora' from project 'Aurora')
EmitSwiftModule normal arm64 (in target 'Aurora' from project 'Aurora')
cd /Users/admin/builder/spi-builder-workspace/.swiftpm/xcode
/Users/admin/builder/spi-builder-workspace/Sources/Aurora/AuroraView.swift:3:8: warning: file 'AuroraView.swift' is part of module 'Aurora'; ignoring import
import Aurora
^
/Users/admin/builder/spi-builder-workspace/Sources/Aurora/Appearance.swift:17:34: error: 'UITraitCollection' is unavailable in watchOS
static func isDark(_ traits: UITraitCollection) -> Bool {
^~~~~~~~~~~~~~~~~
/Applications/Xcode-26.4.0.app/Contents/Developer/Platforms/WatchOS.platform/Developer/SDKs/WatchOS26.4.sdk/System/Library/Frameworks/UIKit.framework/Headers/UITraitCollection.h:23:12: note: 'UITraitCollection' has been explicitly marked unavailable here
@interface UITraitCollection : NSObject <NSCopying, NSSecureCoding>
^
/Users/admin/builder/spi-builder-workspace/Sources/Aurora/AuroraView.swift:66:29: error: 'UIView' is unavailable in watchOS
public var contentView: UIView? {
^~~~~~
/Applications/Xcode-26.4.0.app/Contents/Developer/Platforms/WatchOS.platform/Developer/SDKs/WatchOS26.4.sdk/System/Library/Frameworks/UIKit.framework/Headers/UIView.h:148:12: note: 'UIView' has been explicitly marked unavailable here
@interface UIView : UIResponder <NSCoding, UIAppearance, UIAppearanceContainer, UIDynamicItem, UITraitEnvironment, UICoordinateSpace, UIFocusItem, UIFocusItemContainer, CALayerDelegate>
^
/Users/admin/builder/spi-builder-workspace/Sources/Aurora/AuroraView.swift:75:29: error: cannot find type 'UIHostingController' in scope
private let behindHost: UIHostingController<AuroraDecoration>
^~~~~~~~~~~~~~~~~~~
/Users/admin/builder/spi-builder-workspace/Sources/Aurora/AuroraView.swift:77:28: error: cannot find type 'UIHostingController' in scope
private let aboveHost: UIHostingController<AuroraDecoration>
^~~~~~~~~~~~~~~~~~~
/Users/admin/builder/spi-builder-workspace/Sources/Aurora/AuroraView.swift:80:22: error: 'UIView' is unavailable in watchOS
contentView: UIView? = nil,
^~~~~~
/Applications/Xcode-26.4.0.app/Contents/Developer/Platforms/WatchOS.platform/Developer/SDKs/WatchOS26.4.sdk/System/Library/Frameworks/UIKit.framework/Headers/UIView.h:148:12: note: 'UIView' has been explicitly marked unavailable here
@interface UIView : UIResponder <NSCoding, UIAppearance, UIAppearanceContainer, UIDynamicItem, UITraitEnvironment, UICoordinateSpace, UIFocusItem, UIFocusItemContainer, CALayerDelegate>
^
/Users/admin/builder/spi-builder-workspace/Sources/Aurora/AuroraView.swift:40:32: error: 'UIView' is unavailable in watchOS
public final class AuroraView: UIView {
^~~~~~
/Applications/Xcode-26.4.0.app/Contents/Developer/Platforms/WatchOS.platform/Developer/SDKs/WatchOS26.4.sdk/System/Library/Frameworks/UIKit.framework/Headers/UIView.h:148:12: note: 'UIView' has been explicitly marked unavailable here
@interface UIView : UIResponder <NSCoding, UIAppearance, UIAppearanceContainer, UIDynamicItem, UITraitEnvironment, UICoordinateSpace, UIFocusItem, UIFocusItemContainer, CALayerDelegate>
^
/Users/admin/builder/spi-builder-workspace/Sources/Aurora/UIKitPreviews.swift:65:5: error: static method 'buildExpression' requires that 'UIView' conform to 'View'
previewStage(
^
SwiftUI.ViewBuilder.buildExpression:2:20: note: where 'Content' = 'UIView'
public static func buildExpression<Content>(_ content: Content) -> Content where Content : View}
^
/Users/admin/builder/spi-builder-workspace/Sources/Aurora/UIKitPreviews.swift:77:5: error: static method 'buildExpression' requires that 'UIView' conform to 'View'
previewStage(
^
SwiftUI.ViewBuilder.buildExpression:2:20: note: where 'Content' = 'UIView'
public static func buildExpression<Content>(_ content: Content) -> Content where Content : View}
^
/Users/admin/builder/spi-builder-workspace/Sources/Aurora/UIKitPreviews.swift:98:5: error: cannot use explicit 'return' statement in the body of result builder 'ViewBuilder'
return stage
^
/Users/admin/builder/spi-builder-workspace/Sources/Aurora/UIKitPreviews.swift:98:5: note: remove 'return' statements to apply the result builder
return stage
^~~~~~~
/Users/admin/builder/spi-builder-workspace/Sources/Aurora/UIKitPreviews.swift:19:6: error: 'UIView' is unavailable in watchOS
) -> UIView {
^~~~~~
/Applications/Xcode-26.4.0.app/Contents/Developer/Platforms/WatchOS.platform/Developer/SDKs/WatchOS26.4.sdk/System/Library/Frameworks/UIKit.framework/Headers/UIView.h:148:12: note: 'UIView' has been explicitly marked unavailable here
@interface UIView : UIResponder <NSCoding, UIAppearance, UIAppearanceContainer, UIDynamicItem, UITraitEnvironment, UICoordinateSpace, UIFocusItem, UIFocusItemContainer, CALayerDelegate>
^
/Users/admin/builder/spi-builder-workspace/Sources/Aurora/UIKitPreviews.swift:48:38: error: 'UIView' is unavailable in watchOS
private func previewStage(_ subject: UIView, padding: Double = 48) -> UIView {
^~~~~~
/Applications/Xcode-26.4.0.app/Contents/Developer/Platforms/WatchOS.platform/Developer/SDKs/WatchOS26.4.sdk/System/Library/Frameworks/UIKit.framework/Headers/UIView.h:148:12: note: 'UIView' has been explicitly marked unavailable here
@interface UIView : UIResponder <NSCoding, UIAppearance, UIAppearanceContainer, UIDynamicItem, UITraitEnvironment, UICoordinateSpace, UIFocusItem, UIFocusItemContainer, CALayerDelegate>
^
/Users/admin/builder/spi-builder-workspace/Sources/Aurora/UIKitPreviews.swift:48:71: error: 'UIView' is unavailable in watchOS
private func previewStage(_ subject: UIView, padding: Double = 48) -> UIView {
^~~~~~
/Applications/Xcode-26.4.0.app/Contents/Developer/Platforms/WatchOS.platform/Developer/SDKs/WatchOS26.4.sdk/System/Library/Frameworks/UIKit.framework/Headers/UIView.h:148:12: note: 'UIView' has been explicitly marked unavailable here
@interface UIView : UIResponder <NSCoding, UIAppearance, UIAppearanceContainer, UIDynamicItem, UITraitEnvironment, UICoordinateSpace, UIFocusItem, UIFocusItemContainer, CALayerDelegate>
^
/Users/admin/builder/spi-builder-workspace/Sources/Aurora/UIView+Aurora.swift:6:11: error: 'UIView' is unavailable in watchOS
extension UIView {
^~~~~~
/Applications/Xcode-26.4.0.app/Contents/Developer/Platforms/WatchOS.platform/Developer/SDKs/WatchOS26.4.sdk/System/Library/Frameworks/UIKit.framework/Headers/UIView.h:148:12: note: 'UIView' has been explicitly marked unavailable here
@interface UIView : UIResponder <NSCoding, UIAppearance, UIAppearanceContainer, UIDynamicItem, UITraitEnvironment, UICoordinateSpace, UIFocusItem, UIFocusItemContainer, CALayerDelegate>
^
/Users/admin/builder/spi-builder-workspace/Sources/Aurora/UIView+Aurora.swift:108:76: error: 'NSLayoutConstraint' is unavailable in watchOS
fileprivate func retargeted(from old: AnyObject, to new: AnyObject) -> NSLayoutConstraint? {
^~~~~~~~~~~~~~~~~~
/Applications/Xcode-26.4.0.app/Contents/Developer/Platforms/WatchOS.platform/Developer/SDKs/WatchOS26.4.sdk/System/Library/Frameworks/UIKit.framework/Headers/NSLayoutConstraint.h:126:12: note: 'NSLayoutConstraint' has been explicitly marked unavailable here
@interface NSLayoutConstraint : NSObject
^
/Users/admin/builder/spi-builder-workspace/Sources/Aurora/UIView+Aurora.swift:102:11: error: 'NSLayoutConstraint' is unavailable in watchOS
extension NSLayoutConstraint {
^~~~~~~~~~~~~~~~~~
/Applications/Xcode-26.4.0.app/Contents/Developer/Platforms/WatchOS.platform/Developer/SDKs/WatchOS26.4.sdk/System/Library/Frameworks/UIKit.framework/Headers/NSLayoutConstraint.h:126:12: note: 'NSLayoutConstraint' has been explicitly marked unavailable here
@interface NSLayoutConstraint : NSObject
^
Failed frontend command:
/Applications/Xcode-26.4.0.app/Contents/Developer/Toolchains/XcodeDefault.xctoolchain/usr/bin/swift-frontend -frontend -emit-module -experimental-skip-non-inlinable-function-bodies-without-types /Users/admin/builder/spi-builder-workspace/Sources/Aurora/Appearance.swift /Users/admin/builder/spi-builder-workspace/Sources/Aurora/Aurora.swift /Users/admin/builder/spi-builder-workspace/Sources/Aurora/AuroraClock.swift /Users/admin/builder/spi-builder-workspace/Sources/Aurora/AuroraDecoration.swift /Users/admin/builder/spi-builder-workspace/Sources/Aurora/AuroraEnvironment.swift /Users/admin/builder/spi-builder-workspace/Sources/Aurora/AuroraModifier.swift /Users/admin/builder/spi-builder-workspace/Sources/Aurora/AuroraView.swift /Users/admin/builder/spi-builder-workspace/Sources/Aurora/ColorBridging.swift /Users/admin/builder/spi-builder-workspace/Sources/Aurora/Exports.swift /Users/admin/builder/spi-builder-workspace/Sources/Aurora/Previews.swift /Users/admin/builder/spi-builder-workspace/Sources/Aurora/SceneRenderer.swift /Users/admin/builder/spi-builder-workspace/Sources/Aurora/SceneView.swift /Users/admin/builder/spi-builder-workspace/Sources/Aurora/UIKitPreviews.swift /Users/admin/builder/spi-builder-workspace/Sources/Aurora/UIView+Aurora.swift -target arm64-apple-watchos10.0 -module-can-import-version UIKit 9126.4.27.1 9126.4.27 -load-resolved-plugin /Applications/Xcode-26.4.0.app/Contents/Developer/Platforms/WatchOS.platform/Developer/usr/lib/swift/host/plugins/libFoundationMacros.dylib\#/Applications/Xcode-26.4.0.app/Contents/Developer/Platforms/WatchOS.platform/Developer/usr/bin/swift-plugin-server\#FoundationMacros -load-resolved-plugin /Applications/Xcode-26.4.0.app/Contents/Developer/Platforms/WatchOS.platform/Developer/usr/lib/swift/host/plugins/libObservationMacros.dylib\#/Applications/Xcode-26.4.0.app/Contents/Developer/Platforms/WatchOS.platform/Developer/usr/bin/swift-plugin-server\#ObservationMacros -load-resolved-plugin /Applications/Xcode-26.4.0.app/Contents/Developer/Platforms/WatchOS.platform/Developer/usr/lib/swift/host/plugins/libPreviewsMacros.dylib\#/Applications/Xcode-26.4.0.app/Contents/Developer/Platforms/WatchOS.platform/Developer/usr/bin/swift-plugin-server\#PreviewsMacros -load-resolved-plugin /Applications/Xcode-26.4.0.app/Contents/Developer/Platforms/WatchOS.platform/Developer/usr/lib/swift/host/plugins/libSwiftMacros.dylib\#/Applications/Xcode-26.4.0.app/Contents/Developer/Platforms/WatchOS.platform/Developer/usr/bin/swift-plugin-server\#SwiftMacros -load-resolved-plugin /Applications/Xcode-26.4.0.app/Contents/Developer/Platforms/WatchOS.platform/Developer/usr/lib/swift/host/plugins/libSwiftUIMacros.dylib\#/Applications/Xcode-26.4.0.app/Contents/Developer/Platforms/WatchOS.platform/Developer/usr/bin/swift-plugin-server\#SwiftUIMacros -disable-implicit-swift-modules -Xcc -fno-implicit-modules -Xcc -fno-implicit-module-maps -explicit-swift-module-map-file /Users/admin/builder/spi-builder-workspace/.derivedData/Build/Intermediates.noindex/Aurora.build/Debug-watchos/Aurora.build/Objects-normal/arm64/Aurora-dependencies-1.json -Xllvm -aarch64-use-tbi -enable-objc-interop -stack-check -sdk /Applications/Xcode-26.4.0.app/Contents/Developer/Platforms/WatchOS.platform/Developer/SDKs/WatchOS26.4.sdk -I /Users/admin/builder/spi-builder-workspace/.derivedData/Build/Products/Debug-watchos -Isystem /Applications/Xcode-26.4.0.app/Contents/Developer/Platforms/WatchOS.platform/Developer/usr/lib -F /Users/admin/builder/spi-builder-workspace/.derivedData/Build/Products/Debug-watchos/PackageFrameworks -F /Users/admin/builder/spi-builder-workspace/.derivedData/Build/Products/Debug-watchos -F /Applications/Xcode-26.4.0.app/Contents/Developer/Platforms/WatchOS.platform/Developer/Library/Frameworks -F /Applications/Xcode-26.4.0.app/Contents/Developer/Platforms/WatchOS.platform/Developer/SDKs/WatchOS26.4.sdk/Developer/Library/Frameworks -no-color-diagnostics -Xcc -fno-color-diagnostics -enable-testing -g -debug-info-format\=dwarf -dwarf-version\=4 -module-cache-path /Users/admin/builder/spi-builder-workspace/.derivedData/Build/Intermediates.noindex/SwiftExplicitPrecompiledModules -profile-generate -profile-coverage-mapping -swift-version 6 -Onone -D SWIFT_PACKAGE -D DEBUG -D SWIFT_MODULE_RESOURCE_BUNDLE_UNAVAILABLE -D Xcode -serialize-debugging-options -const-gather-protocols-file /Users/admin/builder/spi-builder-workspace/.derivedData/Build/Intermediates.noindex/Aurora.build/Debug-watchos/Aurora.build/Objects-normal/arm64/Aurora_const_extract_protocols.json -enable-experimental-feature DebugDescriptionMacro -empty-abi-descriptor -validate-clang-modules-once -clang-build-session-file /Users/admin/builder/spi-builder-workspace/.derivedData/ModuleCache.noindex/Session.modulevalidation -Xcc -working-directory -Xcc /Users/admin/builder/spi-builder-workspace/.swiftpm/xcode -enable-anonymous-context-mangled-names -file-compilation-dir /Users/admin/builder/spi-builder-workspace/.swiftpm/xcode -Xcc -D_LIBCPP_HARDENING_MODE\=_LIBCPP_HARDENING_MODE_DEBUG -Xcc -ivfsstatcache -Xcc /Users/admin/builder/spi-builder-workspace/.derivedData/SDKStatCaches.noindex/watchos26.4-23T238-688ef53f1462e2c8f657fdc38a81448f9e51884a582f42380855760c9d4cc599.sdkstatcache -Xcc -I/Users/admin/builder/spi-builder-workspace/.derivedData/Build/Intermediates.noindex/Aurora.build/Debug-watchos/Aurora.build/swift-overrides.hmap -Xcc -I/Users/admin/builder/spi-builder-workspace/.derivedData/Build/Products/Debug-watchos/include -Xcc -I/Users/admin/builder/spi-builder-workspace/.derivedData/Build/Intermediates.noindex/Aurora.build/Debug-watchos/Aurora.build/DerivedSources-normal/arm64 -Xcc -I/Users/admin/builder/spi-builder-workspace/.derivedData/Build/Intermediates.noindex/Aurora.build/Debug-watchos/Aurora.build/DerivedSources/arm64 -Xcc -I/Users/admin/builder/spi-builder-workspace/.derivedData/Build/Intermediates.noindex/Aurora.build/Debug-watchos/Aurora.build/DerivedSources -Xcc -DSWIFT_PACKAGE -Xcc -DDEBUG\=1 -no-auto-bridging-header-chaining -module-name Aurora -package-name spi_builder_workspace -frontend-parseable-output -disable-clang-spi -clang-target arm64-apple-watchos26.4 -target-sdk-version 26.4 -target-sdk-name watchos26.4 -in-process-plugin-server-path /Applications/Xcode-26.4.0.app/Contents/Developer/Toolchains/XcodeDefault.xctoolchain/usr/lib/swift/host/libSwiftInProcPluginServer.dylib -emit-module-doc-path /Users/admin/builder/spi-builder-workspace/.derivedData/Build/Intermediates.noindex/Aurora.build/Debug-watchos/Aurora.build/Objects-normal/arm64/Aurora.swiftdoc -emit-module-source-info-path /Users/admin/builder/spi-builder-workspace/.derivedData/Build/Intermediates.noindex/Aurora.build/Debug-watchos/Aurora.build/Objects-normal/arm64/Aurora.swiftsourceinfo -emit-objc-header-path /Users/admin/builder/spi-builder-workspace/.derivedData/Build/Intermediates.noindex/Aurora.build/Debug-watchos/Aurora.build/Objects-normal/arm64/Aurora-Swift.h -serialize-diagnostics-path /Users/admin/builder/spi-builder-workspace/.derivedData/Build/Intermediates.noindex/Aurora.build/Debug-watchos/Aurora.build/Objects-normal/arm64/Aurora-primary-emit-module.dia -emit-dependencies-path /Users/admin/builder/spi-builder-workspace/.derivedData/Build/Intermediates.noindex/Aurora.build/Debug-watchos/Aurora.build/Objects-normal/arm64/Aurora-primary-emit-module.d -o /Users/admin/builder/spi-builder-workspace/.derivedData/Build/Intermediates.noindex/Aurora.build/Debug-watchos/Aurora.build/Objects-normal/arm64/Aurora.swiftmodule -emit-abi-descriptor-path /Users/admin/builder/spi-builder-workspace/.derivedData/Build/Intermediates.noindex/Aurora.build/Debug-watchos/Aurora.build/Objects-normal/arm64/Aurora.abi.json
SwiftCompile normal arm64 Compiling\ SceneRenderer.swift /Users/admin/builder/spi-builder-workspace/Sources/Aurora/SceneRenderer.swift (in target 'Aurora' from project 'Aurora')
SwiftCompile normal arm64 /Users/admin/builder/spi-builder-workspace/Sources/Aurora/SceneRenderer.swift (in target 'Aurora' from project 'Aurora')
cd /Users/admin/builder/spi-builder-workspace/.swiftpm/xcode
SwiftCompile normal arm64 Compiling\ UIView+Aurora.swift /Users/admin/builder/spi-builder-workspace/Sources/Aurora/UIView+Aurora.swift (in target 'Aurora' from project 'Aurora')
SwiftCompile normal arm64 /Users/admin/builder/spi-builder-workspace/Sources/Aurora/UIView+Aurora.swift (in target 'Aurora' from project 'Aurora')
cd /Users/admin/builder/spi-builder-workspace/.swiftpm/xcode
SwiftCompile normal arm64 Compiling\ UIKitPreviews.swift /Users/admin/builder/spi-builder-workspace/Sources/Aurora/UIKitPreviews.swift (in target 'Aurora' from project 'Aurora')
SwiftCompile normal arm64 /Users/admin/builder/spi-builder-workspace/Sources/Aurora/UIKitPreviews.swift (in target 'Aurora' from project 'Aurora')
cd /Users/admin/builder/spi-builder-workspace/.swiftpm/xcode
SwiftCompile normal arm64 Compiling\ SceneView.swift /Users/admin/builder/spi-builder-workspace/Sources/Aurora/SceneView.swift (in target 'Aurora' from project 'Aurora')
SwiftCompile normal arm64 /Users/admin/builder/spi-builder-workspace/Sources/Aurora/SceneView.swift (in target 'Aurora' from project 'Aurora')
cd /Users/admin/builder/spi-builder-workspace/.swiftpm/xcode
SwiftCompile normal arm64 Compiling\ Exports.swift /Users/admin/builder/spi-builder-workspace/Sources/Aurora/Exports.swift (in target 'Aurora' from project 'Aurora')
SwiftCompile normal arm64 /Users/admin/builder/spi-builder-workspace/Sources/Aurora/Exports.swift (in target 'Aurora' from project 'Aurora')
cd /Users/admin/builder/spi-builder-workspace/.swiftpm/xcode
SwiftCompile normal arm64 Compiling\ AuroraView.swift,\ ColorBridging.swift /Users/admin/builder/spi-builder-workspace/Sources/Aurora/AuroraView.swift /Users/admin/builder/spi-builder-workspace/Sources/Aurora/ColorBridging.swift (in target 'Aurora' from project 'Aurora')
SwiftCompile normal arm64 /Users/admin/builder/spi-builder-workspace/Sources/Aurora/AuroraView.swift (in target 'Aurora' from project 'Aurora')
cd /Users/admin/builder/spi-builder-workspace/.swiftpm/xcode
SwiftCompile normal arm64 /Users/admin/builder/spi-builder-workspace/Sources/Aurora/ColorBridging.swift (in target 'Aurora' from project 'Aurora')
cd /Users/admin/builder/spi-builder-workspace/.swiftpm/xcode
SwiftCompile normal arm64 Compiling\ AuroraEnvironment.swift,\ AuroraModifier.swift /Users/admin/builder/spi-builder-workspace/Sources/Aurora/AuroraEnvironment.swift /Users/admin/builder/spi-builder-workspace/Sources/Aurora/AuroraModifier.swift (in target 'Aurora' from project 'Aurora')
SwiftCompile normal arm64 /Users/admin/builder/spi-builder-workspace/Sources/Aurora/AuroraEnvironment.swift (in target 'Aurora' from project 'Aurora')
cd /Users/admin/builder/spi-builder-workspace/.swiftpm/xcode
SwiftCompile normal arm64 /Users/admin/builder/spi-builder-workspace/Sources/Aurora/AuroraModifier.swift (in target 'Aurora' from project 'Aurora')
cd /Users/admin/builder/spi-builder-workspace/.swiftpm/xcode
SwiftCompile normal arm64 Compiling\ AuroraClock.swift,\ AuroraDecoration.swift /Users/admin/builder/spi-builder-workspace/Sources/Aurora/AuroraClock.swift /Users/admin/builder/spi-builder-workspace/Sources/Aurora/AuroraDecoration.swift (in target 'Aurora' from project 'Aurora')
SwiftCompile normal arm64 /Users/admin/builder/spi-builder-workspace/Sources/Aurora/AuroraClock.swift (in target 'Aurora' from project 'Aurora')
cd /Users/admin/builder/spi-builder-workspace/.swiftpm/xcode
SwiftCompile normal arm64 /Users/admin/builder/spi-builder-workspace/Sources/Aurora/AuroraDecoration.swift (in target 'Aurora' from project 'Aurora')
cd /Users/admin/builder/spi-builder-workspace/.swiftpm/xcode
SwiftCompile normal arm64 Compiling\ Appearance.swift,\ Aurora.swift /Users/admin/builder/spi-builder-workspace/Sources/Aurora/Appearance.swift /Users/admin/builder/spi-builder-workspace/Sources/Aurora/Aurora.swift (in target 'Aurora' from project 'Aurora')
SwiftCompile normal arm64 /Users/admin/builder/spi-builder-workspace/Sources/Aurora/Appearance.swift (in target 'Aurora' from project 'Aurora')
cd /Users/admin/builder/spi-builder-workspace/.swiftpm/xcode
SwiftCompile normal arm64 /Users/admin/builder/spi-builder-workspace/Sources/Aurora/Aurora.swift (in target 'Aurora' from project 'Aurora')
cd /Users/admin/builder/spi-builder-workspace/.swiftpm/xcode
SwiftEmitModule normal arm64_32 Emitting\ module\ for\ Aurora (in target 'Aurora' from project 'Aurora')
Failed frontend command:
/Applications/Xcode-26.4.0.app/Contents/Developer/Toolchains/XcodeDefault.xctoolchain/usr/bin/swift-frontend -frontend -emit-module -experimental-skip-non-inlinable-function-bodies-without-types /Users/admin/builder/spi-builder-workspace/Sources/Aurora/Appearance.swift /Users/admin/builder/spi-builder-workspace/Sources/Aurora/Aurora.swift /Users/admin/builder/spi-builder-workspace/Sources/Aurora/AuroraClock.swift /Users/admin/builder/spi-builder-workspace/Sources/Aurora/AuroraDecoration.swift /Users/admin/builder/spi-builder-workspace/Sources/Aurora/AuroraEnvironment.swift /Users/admin/builder/spi-builder-workspace/Sources/Aurora/AuroraModifier.swift /Users/admin/builder/spi-builder-workspace/Sources/Aurora/AuroraView.swift /Users/admin/builder/spi-builder-workspace/Sources/Aurora/ColorBridging.swift /Users/admin/builder/spi-builder-workspace/Sources/Aurora/Exports.swift /Users/admin/builder/spi-builder-workspace/Sources/Aurora/Previews.swift /Users/admin/builder/spi-builder-workspace/Sources/Aurora/SceneRenderer.swift /Users/admin/builder/spi-builder-workspace/Sources/Aurora/SceneView.swift /Users/admin/builder/spi-builder-workspace/Sources/Aurora/UIKitPreviews.swift /Users/admin/builder/spi-builder-workspace/Sources/Aurora/UIView+Aurora.swift -target arm64_32-apple-watchos10.0 -module-can-import-version UIKit 9126.4.27.1 9126.4.27 -load-resolved-plugin /Applications/Xcode-26.4.0.app/Contents/Developer/Platforms/WatchOS.platform/Developer/usr/lib/swift/host/plugins/libFoundationMacros.dylib\#/Applications/Xcode-26.4.0.app/Contents/Developer/Platforms/WatchOS.platform/Developer/usr/bin/swift-plugin-server\#FoundationMacros -load-resolved-plugin /Applications/Xcode-26.4.0.app/Contents/Developer/Platforms/WatchOS.platform/Developer/usr/lib/swift/host/plugins/libObservationMacros.dylib\#/Applications/Xcode-26.4.0.app/Contents/Developer/Platforms/WatchOS.platform/Developer/usr/bin/swift-plugin-server\#ObservationMacros -load-resolved-plugin /Applications/Xcode-26.4.0.app/Contents/Developer/Platforms/WatchOS.platform/Developer/usr/lib/swift/host/plugins/libPreviewsMacros.dylib\#/Applications/Xcode-26.4.0.app/Contents/Developer/Platforms/WatchOS.platform/Developer/usr/bin/swift-plugin-server\#PreviewsMacros -load-resolved-plugin /Applications/Xcode-26.4.0.app/Contents/Developer/Platforms/WatchOS.platform/Developer/usr/lib/swift/host/plugins/libSwiftMacros.dylib\#/Applications/Xcode-26.4.0.app/Contents/Developer/Platforms/WatchOS.platform/Developer/usr/bin/swift-plugin-server\#SwiftMacros -load-resolved-plugin /Applications/Xcode-26.4.0.app/Contents/Developer/Platforms/WatchOS.platform/Developer/usr/lib/swift/host/plugins/libSwiftUIMacros.dylib\#/Applications/Xcode-26.4.0.app/Contents/Developer/Platforms/WatchOS.platform/Developer/usr/bin/swift-plugin-server\#SwiftUIMacros -disable-implicit-swift-modules -Xcc -fno-implicit-modules -Xcc -fno-implicit-module-maps -explicit-swift-module-map-file /Users/admin/builder/spi-builder-workspace/.derivedData/Build/Intermediates.noindex/Aurora.build/Debug-watchos/Aurora.build/Objects-normal/arm64_32/Aurora-dependencies-2.json -enable-objc-interop -sdk /Applications/Xcode-26.4.0.app/Contents/Developer/Platforms/WatchOS.platform/Developer/SDKs/WatchOS26.4.sdk -I /Users/admin/builder/spi-builder-workspace/.derivedData/Build/Products/Debug-watchos -Isystem /Applications/Xcode-26.4.0.app/Contents/Developer/Platforms/WatchOS.platform/Developer/usr/lib -F /Users/admin/builder/spi-builder-workspace/.derivedData/Build/Products/Debug-watchos/PackageFrameworks -F /Users/admin/builder/spi-builder-workspace/.derivedData/Build/Products/Debug-watchos -F /Applications/Xcode-26.4.0.app/Contents/Developer/Platforms/WatchOS.platform/Developer/Library/Frameworks -F /Applications/Xcode-26.4.0.app/Contents/Developer/Platforms/WatchOS.platform/Developer/SDKs/WatchOS26.4.sdk/Developer/Library/Frameworks -no-color-diagnostics -Xcc -fno-color-diagnostics -enable-testing -g -debug-info-format\=dwarf -dwarf-version\=4 -module-cache-path /Users/admin/builder/spi-builder-workspace/.derivedData/Build/Intermediates.noindex/SwiftExplicitPrecompiledModules -profile-generate -profile-coverage-mapping -swift-version 6 -Onone -D SWIFT_PACKAGE -D DEBUG -D SWIFT_MODULE_RESOURCE_BUNDLE_UNAVAILABLE -D Xcode -serialize-debugging-options -const-gather-protocols-file /Users/admin/builder/spi-builder-workspace/.derivedData/Build/Intermediates.noindex/Aurora.build/Debug-watchos/Aurora.build/Objects-normal/arm64_32/Aurora_const_extract_protocols.json -enable-experimental-feature DebugDescriptionMacro -empty-abi-descriptor -validate-clang-modules-once -clang-build-session-file /Users/admin/builder/spi-builder-workspace/.derivedData/ModuleCache.noindex/Session.modulevalidation -Xcc -working-directory -Xcc /Users/admin/builder/spi-builder-workspace/.swiftpm/xcode -enable-anonymous-context-mangled-names -file-compilation-dir /Users/admin/builder/spi-builder-workspace/.swiftpm/xcode -Xcc -D_LIBCPP_HARDENING_MODE\=_LIBCPP_HARDENING_MODE_DEBUG -Xcc -ivfsstatcache -Xcc /Users/admin/builder/spi-builder-workspace/.derivedData/SDKStatCaches.noindex/watchos26.4-23T238-688ef53f1462e2c8f657fdc38a81448f9e51884a582f42380855760c9d4cc599.sdkstatcache -Xcc -I/Users/admin/builder/spi-builder-workspace/.derivedData/Build/Intermediates.noindex/Aurora.build/Debug-watchos/Aurora.build/swift-overrides.hmap -Xcc -I/Users/admin/builder/spi-builder-workspace/.derivedData/Build/Products/Debug-watchos/include -Xcc -I/Users/admin/builder/spi-builder-workspace/.derivedData/Build/Intermediates.noindex/Aurora.build/Debug-watchos/Aurora.build/DerivedSources-normal/arm64_32 -Xcc -I/Users/admin/builder/spi-builder-workspace/.derivedData/Build/Intermediates.noindex/Aurora.build/Debug-watchos/Aurora.build/DerivedSources/arm64_32 -Xcc -I/Users/admin/builder/spi-builder-workspace/.derivedData/Build/Intermediates.noindex/Aurora.build/Debug-watchos/Aurora.build/DerivedSources -Xcc -DSWIFT_PACKAGE -Xcc -DDEBUG\=1 -no-auto-bridging-header-chaining -module-name Aurora -package-name spi_builder_workspace -frontend-parseable-output -disable-clang-spi -clang-target arm64_32-apple-watchos26.4 -target-sdk-version 26.4 -target-sdk-name watchos26.4 -in-process-plugin-server-path /Applications/Xcode-26.4.0.app/Contents/Developer/Toolchains/XcodeDefault.xctoolchain/usr/lib/swift/host/libSwiftInProcPluginServer.dylib -emit-module-doc-path /Users/admin/builder/spi-builder-workspace/.derivedData/Build/Intermediates.noindex/Aurora.build/Debug-watchos/Aurora.build/Objects-normal/arm64_32/Aurora.swiftdoc -emit-module-source-info-path /Users/admin/builder/spi-builder-workspace/.derivedData/Build/Intermediates.noindex/Aurora.build/Debug-watchos/Aurora.build/Objects-normal/arm64_32/Aurora.swiftsourceinfo -emit-objc-header-path /Users/admin/builder/spi-builder-workspace/.derivedData/Build/Intermediates.noindex/Aurora.build/Debug-watchos/Aurora.build/Objects-normal/arm64_32/Aurora-Swift.h -serialize-diagnostics-path /Users/admin/builder/spi-builder-workspace/.derivedData/Build/Intermediates.noindex/Aurora.build/Debug-watchos/Aurora.build/Objects-normal/arm64_32/Aurora-primary-emit-module.dia -emit-dependencies-path /Users/admin/builder/spi-builder-workspace/.derivedData/Build/Intermediates.noindex/Aurora.build/Debug-watchos/Aurora.build/Objects-normal/arm64_32/Aurora-primary-emit-module.d -o /Users/admin/builder/spi-builder-workspace/.derivedData/Build/Intermediates.noindex/Aurora.build/Debug-watchos/Aurora.build/Objects-normal/arm64_32/Aurora.swiftmodule -emit-abi-descriptor-path /Users/admin/builder/spi-builder-workspace/.derivedData/Build/Intermediates.noindex/Aurora.build/Debug-watchos/Aurora.build/Objects-normal/arm64_32/Aurora.abi.json
EmitSwiftModule normal arm64_32 (in target 'Aurora' from project 'Aurora')
cd /Users/admin/builder/spi-builder-workspace/.swiftpm/xcode
/Users/admin/builder/spi-builder-workspace/Sources/Aurora/AuroraView.swift:3:8: warning: file 'AuroraView.swift' is part of module 'Aurora'; ignoring import
import Aurora
^
/Users/admin/builder/spi-builder-workspace/Sources/Aurora/Appearance.swift:17:34: error: 'UITraitCollection' is unavailable in watchOS
static func isDark(_ traits: UITraitCollection) -> Bool {
^~~~~~~~~~~~~~~~~
/Applications/Xcode-26.4.0.app/Contents/Developer/Platforms/WatchOS.platform/Developer/SDKs/WatchOS26.4.sdk/System/Library/Frameworks/UIKit.framework/Headers/UITraitCollection.h:23:12: note: 'UITraitCollection' has been explicitly marked unavailable here
@interface UITraitCollection : NSObject <NSCopying, NSSecureCoding>
^
/Users/admin/builder/spi-builder-workspace/Sources/Aurora/AuroraView.swift:66:29: error: 'UIView' is unavailable in watchOS
public var contentView: UIView? {
^~~~~~
/Applications/Xcode-26.4.0.app/Contents/Developer/Platforms/WatchOS.platform/Developer/SDKs/WatchOS26.4.sdk/System/Library/Frameworks/UIKit.framework/Headers/UIView.h:148:12: note: 'UIView' has been explicitly marked unavailable here
@interface UIView : UIResponder <NSCoding, UIAppearance, UIAppearanceContainer, UIDynamicItem, UITraitEnvironment, UICoordinateSpace, UIFocusItem, UIFocusItemContainer, CALayerDelegate>
^
/Users/admin/builder/spi-builder-workspace/Sources/Aurora/AuroraView.swift:75:29: error: cannot find type 'UIHostingController' in scope
private let behindHost: UIHostingController<AuroraDecoration>
^~~~~~~~~~~~~~~~~~~
/Users/admin/builder/spi-builder-workspace/Sources/Aurora/AuroraView.swift:77:28: error: cannot find type 'UIHostingController' in scope
private let aboveHost: UIHostingController<AuroraDecoration>
^~~~~~~~~~~~~~~~~~~
/Users/admin/builder/spi-builder-workspace/Sources/Aurora/AuroraView.swift:80:22: error: 'UIView' is unavailable in watchOS
contentView: UIView? = nil,
^~~~~~
/Applications/Xcode-26.4.0.app/Contents/Developer/Platforms/WatchOS.platform/Developer/SDKs/WatchOS26.4.sdk/System/Library/Frameworks/UIKit.framework/Headers/UIView.h:148:12: note: 'UIView' has been explicitly marked unavailable here
@interface UIView : UIResponder <NSCoding, UIAppearance, UIAppearanceContainer, UIDynamicItem, UITraitEnvironment, UICoordinateSpace, UIFocusItem, UIFocusItemContainer, CALayerDelegate>
^
/Users/admin/builder/spi-builder-workspace/Sources/Aurora/AuroraView.swift:40:32: error: 'UIView' is unavailable in watchOS
public final class AuroraView: UIView {
^~~~~~
/Applications/Xcode-26.4.0.app/Contents/Developer/Platforms/WatchOS.platform/Developer/SDKs/WatchOS26.4.sdk/System/Library/Frameworks/UIKit.framework/Headers/UIView.h:148:12: note: 'UIView' has been explicitly marked unavailable here
@interface UIView : UIResponder <NSCoding, UIAppearance, UIAppearanceContainer, UIDynamicItem, UITraitEnvironment, UICoordinateSpace, UIFocusItem, UIFocusItemContainer, CALayerDelegate>
^
/Users/admin/builder/spi-builder-workspace/Sources/Aurora/UIKitPreviews.swift:65:5: error: static method 'buildExpression' requires that 'UIView' conform to 'View'
previewStage(
^
SwiftUI.ViewBuilder.buildExpression:2:20: note: where 'Content' = 'UIView'
public static func buildExpression<Content>(_ content: Content) -> Content where Content : View}
^
/Users/admin/builder/spi-builder-workspace/Sources/Aurora/UIKitPreviews.swift:77:5: error: static method 'buildExpression' requires that 'UIView' conform to 'View'
previewStage(
^
SwiftUI.ViewBuilder.buildExpression:2:20: note: where 'Content' = 'UIView'
public static func buildExpression<Content>(_ content: Content) -> Content where Content : View}
^
/Users/admin/builder/spi-builder-workspace/Sources/Aurora/UIKitPreviews.swift:98:5: error: cannot use explicit 'return' statement in the body of result builder 'ViewBuilder'
return stage
^
/Users/admin/builder/spi-builder-workspace/Sources/Aurora/UIKitPreviews.swift:98:5: note: remove 'return' statements to apply the result builder
return stage
^~~~~~~
/Users/admin/builder/spi-builder-workspace/Sources/Aurora/UIKitPreviews.swift:19:6: error: 'UIView' is unavailable in watchOS
) -> UIView {
^~~~~~
/Applications/Xcode-26.4.0.app/Contents/Developer/Platforms/WatchOS.platform/Developer/SDKs/WatchOS26.4.sdk/System/Library/Frameworks/UIKit.framework/Headers/UIView.h:148:12: note: 'UIView' has been explicitly marked unavailable here
@interface UIView : UIResponder <NSCoding, UIAppearance, UIAppearanceContainer, UIDynamicItem, UITraitEnvironment, UICoordinateSpace, UIFocusItem, UIFocusItemContainer, CALayerDelegate>
^
/Users/admin/builder/spi-builder-workspace/Sources/Aurora/UIKitPreviews.swift:48:38: error: 'UIView' is unavailable in watchOS
private func previewStage(_ subject: UIView, padding: Double = 48) -> UIView {
^~~~~~
/Applications/Xcode-26.4.0.app/Contents/Developer/Platforms/WatchOS.platform/Developer/SDKs/WatchOS26.4.sdk/System/Library/Frameworks/UIKit.framework/Headers/UIView.h:148:12: note: 'UIView' has been explicitly marked unavailable here
@interface UIView : UIResponder <NSCoding, UIAppearance, UIAppearanceContainer, UIDynamicItem, UITraitEnvironment, UICoordinateSpace, UIFocusItem, UIFocusItemContainer, CALayerDelegate>
^
/Users/admin/builder/spi-builder-workspace/Sources/Aurora/UIKitPreviews.swift:48:71: error: 'UIView' is unavailable in watchOS
private func previewStage(_ subject: UIView, padding: Double = 48) -> UIView {
^~~~~~
/Applications/Xcode-26.4.0.app/Contents/Developer/Platforms/WatchOS.platform/Developer/SDKs/WatchOS26.4.sdk/System/Library/Frameworks/UIKit.framework/Headers/UIView.h:148:12: note: 'UIView' has been explicitly marked unavailable here
@interface UIView : UIResponder <NSCoding, UIAppearance, UIAppearanceContainer, UIDynamicItem, UITraitEnvironment, UICoordinateSpace, UIFocusItem, UIFocusItemContainer, CALayerDelegate>
^
/Users/admin/builder/spi-builder-workspace/Sources/Aurora/UIView+Aurora.swift:6:11: error: 'UIView' is unavailable in watchOS
extension UIView {
^~~~~~
/Applications/Xcode-26.4.0.app/Contents/Developer/Platforms/WatchOS.platform/Developer/SDKs/WatchOS26.4.sdk/System/Library/Frameworks/UIKit.framework/Headers/UIView.h:148:12: note: 'UIView' has been explicitly marked unavailable here
@interface UIView : UIResponder <NSCoding, UIAppearance, UIAppearanceContainer, UIDynamicItem, UITraitEnvironment, UICoordinateSpace, UIFocusItem, UIFocusItemContainer, CALayerDelegate>
^
/Users/admin/builder/spi-builder-workspace/Sources/Aurora/UIView+Aurora.swift:108:76: error: 'NSLayoutConstraint' is unavailable in watchOS
fileprivate func retargeted(from old: AnyObject, to new: AnyObject) -> NSLayoutConstraint? {
^~~~~~~~~~~~~~~~~~
/Applications/Xcode-26.4.0.app/Contents/Developer/Platforms/WatchOS.platform/Developer/SDKs/WatchOS26.4.sdk/System/Library/Frameworks/UIKit.framework/Headers/NSLayoutConstraint.h:126:12: note: 'NSLayoutConstraint' has been explicitly marked unavailable here
@interface NSLayoutConstraint : NSObject
^
/Users/admin/builder/spi-builder-workspace/Sources/Aurora/UIView+Aurora.swift:102:11: error: 'NSLayoutConstraint' is unavailable in watchOS
extension NSLayoutConstraint {
^~~~~~~~~~~~~~~~~~
/Applications/Xcode-26.4.0.app/Contents/Developer/Platforms/WatchOS.platform/Developer/SDKs/WatchOS26.4.sdk/System/Library/Frameworks/UIKit.framework/Headers/NSLayoutConstraint.h:126:12: note: 'NSLayoutConstraint' has been explicitly marked unavailable here
@interface NSLayoutConstraint : NSObject
^
SwiftDriverJobDiscovery normal arm64 Compiling Exports.swift (in target 'Aurora' from project 'Aurora')
SwiftCompile normal arm64_32 Compiling\ SceneView.swift /Users/admin/builder/spi-builder-workspace/Sources/Aurora/SceneView.swift (in target 'Aurora' from project 'Aurora')
2026-08-14 20:20:34.344 xcodebuild[707:4408] [MT] IDERunDestination: Supported platforms for the buildables in the current scheme is empty.
/Users/admin/builder/spi-builder-workspace/Sources/Aurora/AuroraView.swift:3:8: warning: file 'AuroraView.swift' is part of module 'Aurora'; ignoring import
import Aurora
^
/Users/admin/builder/spi-builder-workspace/Sources/Aurora/AuroraView.swift:3:8: warning: file 'AuroraView.swift' is part of module 'Aurora'; ignoring import
import Aurora
^
** BUILD FAILED **
The following build commands failed:
EmitSwiftModule normal arm64 (in target 'Aurora' from project 'Aurora')
SwiftEmitModule normal arm64 Emitting\ module\ for\ Aurora (in target 'Aurora' from project 'Aurora')
SwiftEmitModule normal arm64_32 Emitting\ module\ for\ Aurora (in target 'Aurora' from project 'Aurora')
EmitSwiftModule normal arm64_32 (in target 'Aurora' from project 'Aurora')
Building workspace spi-builder-workspace with scheme Aurora-Package
(5 failures)
Command line invocation:
/Applications/Xcode-26.4.0.app/Contents/Developer/usr/bin/xcodebuild -IDEClonedSourcePackagesDirPathOverride=/Users/admin/builder/spi-builder-workspace/.dependencies -resolvePackageDependencies
Resolve Package Graph
Resolved source packages:
Aurora: /Users/admin/builder/spi-builder-workspace
resolved source packages: Aurora
2026-08-14 20:20:45.545 xcodebuild[875:5130] [MT] IDERunDestination: Supported platforms for the buildables in the current scheme is empty.
{
"dependencies" : [
],
"manifest_display_name" : "Aurora",
"name" : "Aurora",
"path" : "/Users/admin/builder/spi-builder-workspace",
"platforms" : [
{
"name" : "ios",
"version" : "17.0"
},
{
"name" : "macos",
"version" : "14.0"
},
{
"name" : "tvos",
"version" : "17.0"
},
{
"name" : "visionos",
"version" : "1.0"
}
],
"products" : [
{
"name" : "AuroraCore",
"targets" : [
"AuroraCore"
],
"type" : {
"library" : [
"automatic"
]
}
},
{
"name" : "Aurora",
"targets" : [
"Aurora"
],
"type" : {
"library" : [
"automatic"
]
}
}
],
"targets" : [
{
"c99name" : "AuroraTests",
"module_type" : "SwiftTarget",
"name" : "AuroraTests",
"path" : "Tests/AuroraTests",
"sources" : [
"RenderingTests.swift"
],
"target_dependencies" : [
"Aurora",
"AuroraCore"
],
"type" : "test"
},
{
"c99name" : "AuroraCoreTests",
"module_type" : "SwiftTarget",
"name" : "AuroraCoreTests",
"path" : "Tests/AuroraCoreTests",
"sources" : [
"MathTests.swift",
"PulseDriverTests.swift",
"SceneBuilderTests.swift",
"TuningTests.swift"
],
"target_dependencies" : [
"AuroraCore"
],
"type" : "test"
},
{
"c99name" : "AuroraCore",
"module_type" : "SwiftTarget",
"name" : "AuroraCore",
"path" : "Sources/AuroraCore",
"product_memberships" : [
"AuroraCore",
"Aurora"
],
"sources" : [
"AuroraColor.swift",
"AuroraColorMatrix.swift",
"AuroraColorVariant.swift",
"AuroraConfiguration.swift",
"AuroraGeometry.swift",
"AuroraScene.swift",
"AuroraSceneBuilder+Line.swift",
"AuroraSceneBuilder+Pulse.swift",
"AuroraSceneBuilder+Rotate.swift",
"AuroraSceneBuilder.swift",
"AuroraShape.swift",
"AuroraSize.swift",
"AuroraStyle.swift",
"AuroraTheme.swift",
"AuroraTimeline.swift",
"PulseDriver.swift",
"Tuning/Tuning+LineBloom.swift",
"Tuning/Tuning+Palettes.swift",
"Tuning/Tuning+Presets.swift",
"Tuning/Tuning+Pulse.swift",
"Tuning/Tuning+Rotate.swift",
"Tuning/Tuning.swift",
"Tuning/TuningTypes.swift"
],
"type" : "library"
},
{
"c99name" : "Aurora",
"module_type" : "SwiftTarget",
"name" : "Aurora",
"path" : "Sources/Aurora",
"product_memberships" : [
"Aurora"
],
"sources" : [
"Appearance.swift",
"Aurora.swift",
"AuroraClock.swift",
"AuroraDecoration.swift",
"AuroraEnvironment.swift",
"AuroraModifier.swift",
"AuroraView.swift",
"ColorBridging.swift",
"Exports.swift",
"Previews.swift",
"SceneRenderer.swift",
"SceneView.swift",
"UIKitPreviews.swift",
"UIView+Aurora.swift"
],
"target_dependencies" : [
"AuroraCore"
],
"type" : "library"
}
],
"tools_version" : "6.0"
}
{
"workspace" : {
"name" : "spi-builder-workspace",
"schemes" : [
"Aurora",
"Aurora-Package",
"AuroraCore"
]
}
}
2026-08-14 20:20:46.612 xcodebuild[885:5212] [MT] IDERunDestination: Supported platforms for the buildables in the current scheme is empty.
Running build ...
env DEVELOPER_DIR=/Applications/Xcode-26.4.0.app xcrun xcodebuild -IDEClonedSourcePackagesDirPathOverride=$PWD/.dependencies -skipMacroValidation -skipPackagePluginValidation -derivedDataPath $PWD/.derivedData build -scheme Aurora-Package -destination generic/platform=watchOS
Command line invocation:
/Applications/Xcode-26.4.0.app/Contents/Developer/usr/bin/xcodebuild -IDEClonedSourcePackagesDirPathOverride=/Users/admin/builder/spi-builder-workspace/.dependencies -skipMacroValidation -skipPackagePluginValidation -derivedDataPath /Users/admin/builder/spi-builder-workspace/.derivedData build -scheme Aurora-Package -destination generic/platform=watchOS
Resolve Package Graph
Resolved source packages:
Aurora: /Users/admin/builder/spi-builder-workspace
ComputePackagePrebuildTargetDependencyGraph
Prepare packages
CreateBuildRequest
SendProjectDescription
CreateBuildOperation
ComputeTargetDependencyGraph
note: Building targets in dependency order
note: Target dependency graph (4 targets)
Target 'AuroraCore' in project 'Aurora'
➜ Explicit dependency on target 'AuroraCore' in project 'Aurora'
Target 'Aurora' in project 'Aurora'
➜ Explicit dependency on target 'Aurora' in project 'Aurora'
➜ Explicit dependency on target 'AuroraCore' in project 'Aurora'
Target 'Aurora' in project 'Aurora'
➜ Explicit dependency on target 'AuroraCore' in project 'Aurora'
Target 'AuroraCore' in project 'Aurora' (no dependencies)
GatherProvisioningInputs
CreateBuildDescription
ClangStatCache /Applications/Xcode-26.4.0.app/Contents/Developer/Toolchains/XcodeDefault.xctoolchain/usr/bin/clang-stat-cache /Applications/Xcode-26.4.0.app/Contents/Developer/Platforms/WatchOS.platform/Developer/SDKs/WatchOS26.4.sdk /Users/admin/builder/spi-builder-workspace/.derivedData/SDKStatCaches.noindex/watchos26.4-23T238-688ef53f1462e2c8f657fdc38a81448f9e51884a582f42380855760c9d4cc599.sdkstatcache
cd /Users/admin/builder/spi-builder-workspace/.swiftpm/xcode
/Applications/Xcode-26.4.0.app/Contents/Developer/Toolchains/XcodeDefault.xctoolchain/usr/bin/clang-stat-cache /Applications/Xcode-26.4.0.app/Contents/Developer/Platforms/WatchOS.platform/Developer/SDKs/WatchOS26.4.sdk -o /Users/admin/builder/spi-builder-workspace/.derivedData/SDKStatCaches.noindex/watchos26.4-23T238-688ef53f1462e2c8f657fdc38a81448f9e51884a582f42380855760c9d4cc599.sdkstatcache
SwiftDriver Aurora normal arm64 com.apple.xcode.tools.swift.compiler (in target 'Aurora' from project 'Aurora')
cd /Users/admin/builder/spi-builder-workspace/.swiftpm/xcode
builtin-SwiftDriver -- /Applications/Xcode-26.4.0.app/Contents/Developer/Toolchains/XcodeDefault.xctoolchain/usr/bin/swiftc -module-name Aurora -Onone @/Users/admin/builder/spi-builder-workspace/.derivedData/Build/Intermediates.noindex/Aurora.build/Debug-watchos/Aurora.build/Objects-normal/arm64/Aurora.SwiftFileList -DSWIFT_PACKAGE -DDEBUG -DSWIFT_MODULE_RESOURCE_BUNDLE_UNAVAILABLE -DXcode -plugin-path /Applications/Xcode-26.4.0.app/Contents/Developer/Toolchains/XcodeDefault.xctoolchain/usr/lib/swift/host/plugins/testing -enable-experimental-feature DebugDescriptionMacro -sdk /Applications/Xcode-26.4.0.app/Contents/Developer/Platforms/WatchOS.platform/Developer/SDKs/WatchOS26.4.sdk -target arm64-apple-watchos10.0 -g -module-cache-path /Users/admin/builder/spi-builder-workspace/.derivedData/ModuleCache.noindex -Xfrontend -serialize-debugging-options -profile-coverage-mapping -profile-generate -enable-testing -index-store-path /Users/admin/builder/spi-builder-workspace/.derivedData/Index.noindex/DataStore -Xcc -D_LIBCPP_HARDENING_MODE\=_LIBCPP_HARDENING_MODE_DEBUG -swift-version 6 -I /Users/admin/builder/spi-builder-workspace/.derivedData/Build/Products/Debug-watchos -Isystem /Applications/Xcode-26.4.0.app/Contents/Developer/Platforms/WatchOS.platform/Developer/usr/lib -F /Users/admin/builder/spi-builder-workspace/.derivedData/Build/Products/Debug-watchos/PackageFrameworks -F /Users/admin/builder/spi-builder-workspace/.derivedData/Build/Products/Debug-watchos -F /Applications/Xcode-26.4.0.app/Contents/Developer/Platforms/WatchOS.platform/Developer/Library/Frameworks -F /Applications/Xcode-26.4.0.app/Contents/Developer/Platforms/WatchOS.platform/Developer/SDKs/WatchOS26.4.sdk/Developer/Library/Frameworks -c -j10 -enable-batch-mode -incremental -Xcc -ivfsstatcache -Xcc /Users/admin/builder/spi-builder-workspace/.derivedData/SDKStatCaches.noindex/watchos26.4-23T238-688ef53f1462e2c8f657fdc38a81448f9e51884a582f42380855760c9d4cc599.sdkstatcache -output-file-map /Users/admin/builder/spi-builder-workspace/.derivedData/Build/Intermediates.noindex/Aurora.build/Debug-watchos/Aurora.build/Objects-normal/arm64/Aurora-OutputFileMap.json -use-frontend-parseable-output -save-temps -no-color-diagnostics -explicit-module-build -module-cache-path /Users/admin/builder/spi-builder-workspace/.derivedData/Build/Intermediates.noindex/SwiftExplicitPrecompiledModules -clang-scanner-module-cache-path /Users/admin/builder/spi-builder-workspace/.derivedData/ModuleCache.noindex -sdk-module-cache-path /Users/admin/builder/spi-builder-workspace/.derivedData/ModuleCache.noindex -serialize-diagnostics -emit-dependencies -emit-module -emit-module-path /Users/admin/builder/spi-builder-workspace/.derivedData/Build/Intermediates.noindex/Aurora.build/Debug-watchos/Aurora.build/Objects-normal/arm64/Aurora.swiftmodule -validate-clang-modules-once -clang-build-session-file /Users/admin/builder/spi-builder-workspace/.derivedData/ModuleCache.noindex/Session.modulevalidation -package-name spi_builder_workspace -Xcc -I/Users/admin/builder/spi-builder-workspace/.derivedData/Build/Intermediates.noindex/Aurora.build/Debug-watchos/Aurora.build/swift-overrides.hmap -emit-const-values -Xfrontend -const-gather-protocols-file -Xfrontend /Users/admin/builder/spi-builder-workspace/.derivedData/Build/Intermediates.noindex/Aurora.build/Debug-watchos/Aurora.build/Objects-normal/arm64/Aurora_const_extract_protocols.json -Xcc -I/Users/admin/builder/spi-builder-workspace/.derivedData/Build/Products/Debug-watchos/include -Xcc -I/Users/admin/builder/spi-builder-workspace/.derivedData/Build/Intermediates.noindex/Aurora.build/Debug-watchos/Aurora.build/DerivedSources-normal/arm64 -Xcc -I/Users/admin/builder/spi-builder-workspace/.derivedData/Build/Intermediates.noindex/Aurora.build/Debug-watchos/Aurora.build/DerivedSources/arm64 -Xcc -I/Users/admin/builder/spi-builder-workspace/.derivedData/Build/Intermediates.noindex/Aurora.build/Debug-watchos/Aurora.build/DerivedSources -Xcc -DSWIFT_PACKAGE -Xcc -DDEBUG\=1 -emit-objc-header -emit-objc-header-path /Users/admin/builder/spi-builder-workspace/.derivedData/Build/Intermediates.noindex/Aurora.build/Debug-watchos/Aurora.build/Objects-normal/arm64/Aurora-Swift.h -working-directory /Users/admin/builder/spi-builder-workspace/.swiftpm/xcode -experimental-emit-module-separately -disable-cmo
/Users/admin/builder/spi-builder-workspace/Sources/Aurora/AuroraView.swift:3:8: warning: File 'AuroraView.swift' is part of module 'Aurora'; ignoring import
import Aurora
^ (in target 'Aurora' from project 'Aurora')
SwiftDriver Aurora normal arm64_32 com.apple.xcode.tools.swift.compiler (in target 'Aurora' from project 'Aurora')
cd /Users/admin/builder/spi-builder-workspace/.swiftpm/xcode
builtin-SwiftDriver -- /Applications/Xcode-26.4.0.app/Contents/Developer/Toolchains/XcodeDefault.xctoolchain/usr/bin/swiftc -module-name Aurora -Onone @/Users/admin/builder/spi-builder-workspace/.derivedData/Build/Intermediates.noindex/Aurora.build/Debug-watchos/Aurora.build/Objects-normal/arm64_32/Aurora.SwiftFileList -DSWIFT_PACKAGE -DDEBUG -DSWIFT_MODULE_RESOURCE_BUNDLE_UNAVAILABLE -DXcode -plugin-path /Applications/Xcode-26.4.0.app/Contents/Developer/Toolchains/XcodeDefault.xctoolchain/usr/lib/swift/host/plugins/testing -enable-experimental-feature DebugDescriptionMacro -sdk /Applications/Xcode-26.4.0.app/Contents/Developer/Platforms/WatchOS.platform/Developer/SDKs/WatchOS26.4.sdk -target arm64_32-apple-watchos10.0 -g -module-cache-path /Users/admin/builder/spi-builder-workspace/.derivedData/ModuleCache.noindex -Xfrontend -serialize-debugging-options -profile-coverage-mapping -profile-generate -enable-testing -index-store-path /Users/admin/builder/spi-builder-workspace/.derivedData/Index.noindex/DataStore -Xcc -D_LIBCPP_HARDENING_MODE\=_LIBCPP_HARDENING_MODE_DEBUG -swift-version 6 -I /Users/admin/builder/spi-builder-workspace/.derivedData/Build/Products/Debug-watchos -Isystem /Applications/Xcode-26.4.0.app/Contents/Developer/Platforms/WatchOS.platform/Developer/usr/lib -F /Users/admin/builder/spi-builder-workspace/.derivedData/Build/Products/Debug-watchos/PackageFrameworks -F /Users/admin/builder/spi-builder-workspace/.derivedData/Build/Products/Debug-watchos -F /Applications/Xcode-26.4.0.app/Contents/Developer/Platforms/WatchOS.platform/Developer/Library/Frameworks -F /Applications/Xcode-26.4.0.app/Contents/Developer/Platforms/WatchOS.platform/Developer/SDKs/WatchOS26.4.sdk/Developer/Library/Frameworks -c -j10 -enable-batch-mode -incremental -Xcc -ivfsstatcache -Xcc /Users/admin/builder/spi-builder-workspace/.derivedData/SDKStatCaches.noindex/watchos26.4-23T238-688ef53f1462e2c8f657fdc38a81448f9e51884a582f42380855760c9d4cc599.sdkstatcache -output-file-map /Users/admin/builder/spi-builder-workspace/.derivedData/Build/Intermediates.noindex/Aurora.build/Debug-watchos/Aurora.build/Objects-normal/arm64_32/Aurora-OutputFileMap.json -use-frontend-parseable-output -save-temps -no-color-diagnostics -explicit-module-build -module-cache-path /Users/admin/builder/spi-builder-workspace/.derivedData/Build/Intermediates.noindex/SwiftExplicitPrecompiledModules -clang-scanner-module-cache-path /Users/admin/builder/spi-builder-workspace/.derivedData/ModuleCache.noindex -sdk-module-cache-path /Users/admin/builder/spi-builder-workspace/.derivedData/ModuleCache.noindex -serialize-diagnostics -emit-dependencies -emit-module -emit-module-path /Users/admin/builder/spi-builder-workspace/.derivedData/Build/Intermediates.noindex/Aurora.build/Debug-watchos/Aurora.build/Objects-normal/arm64_32/Aurora.swiftmodule -validate-clang-modules-once -clang-build-session-file /Users/admin/builder/spi-builder-workspace/.derivedData/ModuleCache.noindex/Session.modulevalidation -package-name spi_builder_workspace -Xcc -I/Users/admin/builder/spi-builder-workspace/.derivedData/Build/Intermediates.noindex/Aurora.build/Debug-watchos/Aurora.build/swift-overrides.hmap -emit-const-values -Xfrontend -const-gather-protocols-file -Xfrontend /Users/admin/builder/spi-builder-workspace/.derivedData/Build/Intermediates.noindex/Aurora.build/Debug-watchos/Aurora.build/Objects-normal/arm64_32/Aurora_const_extract_protocols.json -Xcc -I/Users/admin/builder/spi-builder-workspace/.derivedData/Build/Products/Debug-watchos/include -Xcc -I/Users/admin/builder/spi-builder-workspace/.derivedData/Build/Intermediates.noindex/Aurora.build/Debug-watchos/Aurora.build/DerivedSources-normal/arm64_32 -Xcc -I/Users/admin/builder/spi-builder-workspace/.derivedData/Build/Intermediates.noindex/Aurora.build/Debug-watchos/Aurora.build/DerivedSources/arm64_32 -Xcc -I/Users/admin/builder/spi-builder-workspace/.derivedData/Build/Intermediates.noindex/Aurora.build/Debug-watchos/Aurora.build/DerivedSources -Xcc -DSWIFT_PACKAGE -Xcc -DDEBUG\=1 -emit-objc-header -emit-objc-header-path /Users/admin/builder/spi-builder-workspace/.derivedData/Build/Intermediates.noindex/Aurora.build/Debug-watchos/Aurora.build/Objects-normal/arm64_32/Aurora-Swift.h -working-directory /Users/admin/builder/spi-builder-workspace/.swiftpm/xcode -experimental-emit-module-separately -disable-cmo
/Users/admin/builder/spi-builder-workspace/Sources/Aurora/AuroraView.swift:3:8: warning: File 'AuroraView.swift' is part of module 'Aurora'; ignoring import
import Aurora
^ (in target 'Aurora' from project 'Aurora')
SwiftEmitModule normal arm64_32 Emitting\ module\ for\ Aurora (in target 'Aurora' from project 'Aurora')
EmitSwiftModule normal arm64_32 (in target 'Aurora' from project 'Aurora')
cd /Users/admin/builder/spi-builder-workspace/.swiftpm/xcode
/Users/admin/builder/spi-builder-workspace/Sources/Aurora/AuroraView.swift:3:8: warning: file 'AuroraView.swift' is part of module 'Aurora'; ignoring import
import Aurora
^
/Users/admin/builder/spi-builder-workspace/Sources/Aurora/Appearance.swift:17:34: error: 'UITraitCollection' is unavailable in watchOS
static func isDark(_ traits: UITraitCollection) -> Bool {
^~~~~~~~~~~~~~~~~
/Applications/Xcode-26.4.0.app/Contents/Developer/Platforms/WatchOS.platform/Developer/SDKs/WatchOS26.4.sdk/System/Library/Frameworks/UIKit.framework/Headers/UITraitCollection.h:23:12: note: 'UITraitCollection' has been explicitly marked unavailable here
@interface UITraitCollection : NSObject <NSCopying, NSSecureCoding>
^
/Users/admin/builder/spi-builder-workspace/Sources/Aurora/AuroraView.swift:66:29: error: 'UIView' is unavailable in watchOS
public var contentView: UIView? {
^~~~~~
/Applications/Xcode-26.4.0.app/Contents/Developer/Platforms/WatchOS.platform/Developer/SDKs/WatchOS26.4.sdk/System/Library/Frameworks/UIKit.framework/Headers/UIView.h:148:12: note: 'UIView' has been explicitly marked unavailable here
@interface UIView : UIResponder <NSCoding, UIAppearance, UIAppearanceContainer, UIDynamicItem, UITraitEnvironment, UICoordinateSpace, UIFocusItem, UIFocusItemContainer, CALayerDelegate>
^
/Users/admin/builder/spi-builder-workspace/Sources/Aurora/AuroraView.swift:75:29: error: cannot find type 'UIHostingController' in scope
private let behindHost: UIHostingController<AuroraDecoration>
^~~~~~~~~~~~~~~~~~~
/Users/admin/builder/spi-builder-workspace/Sources/Aurora/AuroraView.swift:77:28: error: cannot find type 'UIHostingController' in scope
private let aboveHost: UIHostingController<AuroraDecoration>
^~~~~~~~~~~~~~~~~~~
/Users/admin/builder/spi-builder-workspace/Sources/Aurora/AuroraView.swift:80:22: error: 'UIView' is unavailable in watchOS
contentView: UIView? = nil,
^~~~~~
/Applications/Xcode-26.4.0.app/Contents/Developer/Platforms/WatchOS.platform/Developer/SDKs/WatchOS26.4.sdk/System/Library/Frameworks/UIKit.framework/Headers/UIView.h:148:12: note: 'UIView' has been explicitly marked unavailable here
@interface UIView : UIResponder <NSCoding, UIAppearance, UIAppearanceContainer, UIDynamicItem, UITraitEnvironment, UICoordinateSpace, UIFocusItem, UIFocusItemContainer, CALayerDelegate>
^
/Users/admin/builder/spi-builder-workspace/Sources/Aurora/AuroraView.swift:40:32: error: 'UIView' is unavailable in watchOS
public final class AuroraView: UIView {
^~~~~~
/Applications/Xcode-26.4.0.app/Contents/Developer/Platforms/WatchOS.platform/Developer/SDKs/WatchOS26.4.sdk/System/Library/Frameworks/UIKit.framework/Headers/UIView.h:148:12: note: 'UIView' has been explicitly marked unavailable here
@interface UIView : UIResponder <NSCoding, UIAppearance, UIAppearanceContainer, UIDynamicItem, UITraitEnvironment, UICoordinateSpace, UIFocusItem, UIFocusItemContainer, CALayerDelegate>
^
/Users/admin/builder/spi-builder-workspace/Sources/Aurora/UIKitPreviews.swift:65:5: error: static method 'buildExpression' requires that 'UIView' conform to 'View'
previewStage(
^
SwiftUI.ViewBuilder.buildExpression:2:20: note: where 'Content' = 'UIView'
public static func buildExpression<Content>(_ content: Content) -> Content where Content : View}
^
/Users/admin/builder/spi-builder-workspace/Sources/Aurora/UIKitPreviews.swift:77:5: error: static method 'buildExpression' requires that 'UIView' conform to 'View'
previewStage(
^
SwiftUI.ViewBuilder.buildExpression:2:20: note: where 'Content' = 'UIView'
public static func buildExpression<Content>(_ content: Content) -> Content where Content : View}
^
/Users/admin/builder/spi-builder-workspace/Sources/Aurora/UIKitPreviews.swift:98:5: error: cannot use explicit 'return' statement in the body of result builder 'ViewBuilder'
return stage
^
/Users/admin/builder/spi-builder-workspace/Sources/Aurora/UIKitPreviews.swift:98:5: note: remove 'return' statements to apply the result builder
return stage
^~~~~~~
/Users/admin/builder/spi-builder-workspace/Sources/Aurora/UIKitPreviews.swift:19:6: error: 'UIView' is unavailable in watchOS
) -> UIView {
^~~~~~
/Applications/Xcode-26.4.0.app/Contents/Developer/Platforms/WatchOS.platform/Developer/SDKs/WatchOS26.4.sdk/System/Library/Frameworks/UIKit.framework/Headers/UIView.h:148:12: note: 'UIView' has been explicitly marked unavailable here
@interface UIView : UIResponder <NSCoding, UIAppearance, UIAppearanceContainer, UIDynamicItem, UITraitEnvironment, UICoordinateSpace, UIFocusItem, UIFocusItemContainer, CALayerDelegate>
^
/Users/admin/builder/spi-builder-workspace/Sources/Aurora/UIKitPreviews.swift:48:38: error: 'UIView' is unavailable in watchOS
private func previewStage(_ subject: UIView, padding: Double = 48) -> UIView {
^~~~~~
/Applications/Xcode-26.4.0.app/Contents/Developer/Platforms/WatchOS.platform/Developer/SDKs/WatchOS26.4.sdk/System/Library/Frameworks/UIKit.framework/Headers/UIView.h:148:12: note: 'UIView' has been explicitly marked unavailable here
@interface UIView : UIResponder <NSCoding, UIAppearance, UIAppearanceContainer, UIDynamicItem, UITraitEnvironment, UICoordinateSpace, UIFocusItem, UIFocusItemContainer, CALayerDelegate>
^
/Users/admin/builder/spi-builder-workspace/Sources/Aurora/UIKitPreviews.swift:48:71: error: 'UIView' is unavailable in watchOS
private func previewStage(_ subject: UIView, padding: Double = 48) -> UIView {
^~~~~~
/Applications/Xcode-26.4.0.app/Contents/Developer/Platforms/WatchOS.platform/Developer/SDKs/WatchOS26.4.sdk/System/Library/Frameworks/UIKit.framework/Headers/UIView.h:148:12: note: 'UIView' has been explicitly marked unavailable here
@interface UIView : UIResponder <NSCoding, UIAppearance, UIAppearanceContainer, UIDynamicItem, UITraitEnvironment, UICoordinateSpace, UIFocusItem, UIFocusItemContainer, CALayerDelegate>
^
/Users/admin/builder/spi-builder-workspace/Sources/Aurora/UIView+Aurora.swift:6:11: error: 'UIView' is unavailable in watchOS
extension UIView {
^~~~~~
/Applications/Xcode-26.4.0.app/Contents/Developer/Platforms/WatchOS.platform/Developer/SDKs/WatchOS26.4.sdk/System/Library/Frameworks/UIKit.framework/Headers/UIView.h:148:12: note: 'UIView' has been explicitly marked unavailable here
@interface UIView : UIResponder <NSCoding, UIAppearance, UIAppearanceContainer, UIDynamicItem, UITraitEnvironment, UICoordinateSpace, UIFocusItem, UIFocusItemContainer, CALayerDelegate>
^
/Users/admin/builder/spi-builder-workspace/Sources/Aurora/UIView+Aurora.swift:108:76: error: 'NSLayoutConstraint' is unavailable in watchOS
fileprivate func retargeted(from old: AnyObject, to new: AnyObject) -> NSLayoutConstraint? {
^~~~~~~~~~~~~~~~~~
/Applications/Xcode-26.4.0.app/Contents/Developer/Platforms/WatchOS.platform/Developer/SDKs/WatchOS26.4.sdk/System/Library/Frameworks/UIKit.framework/Headers/NSLayoutConstraint.h:126:12: note: 'NSLayoutConstraint' has been explicitly marked unavailable here
@interface NSLayoutConstraint : NSObject
^
/Users/admin/builder/spi-builder-workspace/Sources/Aurora/UIView+Aurora.swift:102:11: error: 'NSLayoutConstraint' is unavailable in watchOS
extension NSLayoutConstraint {
^~~~~~~~~~~~~~~~~~
/Applications/Xcode-26.4.0.app/Contents/Developer/Platforms/WatchOS.platform/Developer/SDKs/WatchOS26.4.sdk/System/Library/Frameworks/UIKit.framework/Headers/NSLayoutConstraint.h:126:12: note: 'NSLayoutConstraint' has been explicitly marked unavailable here
@interface NSLayoutConstraint : NSObject
^
Failed frontend command:
/Applications/Xcode-26.4.0.app/Contents/Developer/Toolchains/XcodeDefault.xctoolchain/usr/bin/swift-frontend -frontend -emit-module -experimental-skip-non-inlinable-function-bodies-without-types /Users/admin/builder/spi-builder-workspace/Sources/Aurora/Appearance.swift /Users/admin/builder/spi-builder-workspace/Sources/Aurora/Aurora.swift /Users/admin/builder/spi-builder-workspace/Sources/Aurora/AuroraClock.swift /Users/admin/builder/spi-builder-workspace/Sources/Aurora/AuroraDecoration.swift /Users/admin/builder/spi-builder-workspace/Sources/Aurora/AuroraEnvironment.swift /Users/admin/builder/spi-builder-workspace/Sources/Aurora/AuroraModifier.swift /Users/admin/builder/spi-builder-workspace/Sources/Aurora/AuroraView.swift /Users/admin/builder/spi-builder-workspace/Sources/Aurora/ColorBridging.swift /Users/admin/builder/spi-builder-workspace/Sources/Aurora/Exports.swift /Users/admin/builder/spi-builder-workspace/Sources/Aurora/Previews.swift /Users/admin/builder/spi-builder-workspace/Sources/Aurora/SceneRenderer.swift /Users/admin/builder/spi-builder-workspace/Sources/Aurora/SceneView.swift /Users/admin/builder/spi-builder-workspace/Sources/Aurora/UIKitPreviews.swift /Users/admin/builder/spi-builder-workspace/Sources/Aurora/UIView+Aurora.swift -target arm64_32-apple-watchos10.0 -module-can-import-version UIKit 9126.4.27.1 9126.4.27 -load-resolved-plugin /Applications/Xcode-26.4.0.app/Contents/Developer/Platforms/WatchOS.platform/Developer/usr/lib/swift/host/plugins/libFoundationMacros.dylib\#/Applications/Xcode-26.4.0.app/Contents/Developer/Platforms/WatchOS.platform/Developer/usr/bin/swift-plugin-server\#FoundationMacros -load-resolved-plugin /Applications/Xcode-26.4.0.app/Contents/Developer/Platforms/WatchOS.platform/Developer/usr/lib/swift/host/plugins/libObservationMacros.dylib\#/Applications/Xcode-26.4.0.app/Contents/Developer/Platforms/WatchOS.platform/Developer/usr/bin/swift-plugin-server\#ObservationMacros -load-resolved-plugin /Applications/Xcode-26.4.0.app/Contents/Developer/Platforms/WatchOS.platform/Developer/usr/lib/swift/host/plugins/libPreviewsMacros.dylib\#/Applications/Xcode-26.4.0.app/Contents/Developer/Platforms/WatchOS.platform/Developer/usr/bin/swift-plugin-server\#PreviewsMacros -load-resolved-plugin /Applications/Xcode-26.4.0.app/Contents/Developer/Platforms/WatchOS.platform/Developer/usr/lib/swift/host/plugins/libSwiftMacros.dylib\#/Applications/Xcode-26.4.0.app/Contents/Developer/Platforms/WatchOS.platform/Developer/usr/bin/swift-plugin-server\#SwiftMacros -load-resolved-plugin /Applications/Xcode-26.4.0.app/Contents/Developer/Platforms/WatchOS.platform/Developer/usr/lib/swift/host/plugins/libSwiftUIMacros.dylib\#/Applications/Xcode-26.4.0.app/Contents/Developer/Platforms/WatchOS.platform/Developer/usr/bin/swift-plugin-server\#SwiftUIMacros -disable-implicit-swift-modules -Xcc -fno-implicit-modules -Xcc -fno-implicit-module-maps -explicit-swift-module-map-file /Users/admin/builder/spi-builder-workspace/.derivedData/Build/Intermediates.noindex/Aurora.build/Debug-watchos/Aurora.build/Objects-normal/arm64_32/Aurora-dependencies-1.json -enable-objc-interop -sdk /Applications/Xcode-26.4.0.app/Contents/Developer/Platforms/WatchOS.platform/Developer/SDKs/WatchOS26.4.sdk -I /Users/admin/builder/spi-builder-workspace/.derivedData/Build/Products/Debug-watchos -Isystem /Applications/Xcode-26.4.0.app/Contents/Developer/Platforms/WatchOS.platform/Developer/usr/lib -F /Users/admin/builder/spi-builder-workspace/.derivedData/Build/Products/Debug-watchos/PackageFrameworks -F /Users/admin/builder/spi-builder-workspace/.derivedData/Build/Products/Debug-watchos -F /Applications/Xcode-26.4.0.app/Contents/Developer/Platforms/WatchOS.platform/Developer/Library/Frameworks -F /Applications/Xcode-26.4.0.app/Contents/Developer/Platforms/WatchOS.platform/Developer/SDKs/WatchOS26.4.sdk/Developer/Library/Frameworks -no-color-diagnostics -Xcc -fno-color-diagnostics -enable-testing -g -debug-info-format\=dwarf -dwarf-version\=4 -module-cache-path /Users/admin/builder/spi-builder-workspace/.derivedData/Build/Intermediates.noindex/SwiftExplicitPrecompiledModules -profile-generate -profile-coverage-mapping -swift-version 6 -Onone -D SWIFT_PACKAGE -D DEBUG -D SWIFT_MODULE_RESOURCE_BUNDLE_UNAVAILABLE -D Xcode -serialize-debugging-options -const-gather-protocols-file /Users/admin/builder/spi-builder-workspace/.derivedData/Build/Intermediates.noindex/Aurora.build/Debug-watchos/Aurora.build/Objects-normal/arm64_32/Aurora_const_extract_protocols.json -enable-experimental-feature DebugDescriptionMacro -empty-abi-descriptor -validate-clang-modules-once -clang-build-session-file /Users/admin/builder/spi-builder-workspace/.derivedData/ModuleCache.noindex/Session.modulevalidation -Xcc -working-directory -Xcc /Users/admin/builder/spi-builder-workspace/.swiftpm/xcode -enable-anonymous-context-mangled-names -file-compilation-dir /Users/admin/builder/spi-builder-workspace/.swiftpm/xcode -Xcc -D_LIBCPP_HARDENING_MODE\=_LIBCPP_HARDENING_MODE_DEBUG -Xcc -ivfsstatcache -Xcc /Users/admin/builder/spi-builder-workspace/.derivedData/SDKStatCaches.noindex/watchos26.4-23T238-688ef53f1462e2c8f657fdc38a81448f9e51884a582f42380855760c9d4cc599.sdkstatcache -Xcc -I/Users/admin/builder/spi-builder-workspace/.derivedData/Build/Intermediates.noindex/Aurora.build/Debug-watchos/Aurora.build/swift-overrides.hmap -Xcc -I/Users/admin/builder/spi-builder-workspace/.derivedData/Build/Products/Debug-watchos/include -Xcc -I/Users/admin/builder/spi-builder-workspace/.derivedData/Build/Intermediates.noindex/Aurora.build/Debug-watchos/Aurora.build/DerivedSources-normal/arm64_32 -Xcc -I/Users/admin/builder/spi-builder-workspace/.derivedData/Build/Intermediates.noindex/Aurora.build/Debug-watchos/Aurora.build/DerivedSources/arm64_32 -Xcc -I/Users/admin/builder/spi-builder-workspace/.derivedData/Build/Intermediates.noindex/Aurora.build/Debug-watchos/Aurora.build/DerivedSources -Xcc -DSWIFT_PACKAGE -Xcc -DDEBUG\=1 -no-auto-bridging-header-chaining -module-name Aurora -package-name spi_builder_workspace -frontend-parseable-output -disable-clang-spi -clang-target arm64_32-apple-watchos26.4 -target-sdk-version 26.4 -target-sdk-name watchos26.4 -in-process-plugin-server-path /Applications/Xcode-26.4.0.app/Contents/Developer/Toolchains/XcodeDefault.xctoolchain/usr/lib/swift/host/libSwiftInProcPluginServer.dylib -emit-module-doc-path /Users/admin/builder/spi-builder-workspace/.derivedData/Build/Intermediates.noindex/Aurora.build/Debug-watchos/Aurora.build/Objects-normal/arm64_32/Aurora.swiftdoc -emit-module-source-info-path /Users/admin/builder/spi-builder-workspace/.derivedData/Build/Intermediates.noindex/Aurora.build/Debug-watchos/Aurora.build/Objects-normal/arm64_32/Aurora.swiftsourceinfo -emit-objc-header-path /Users/admin/builder/spi-builder-workspace/.derivedData/Build/Intermediates.noindex/Aurora.build/Debug-watchos/Aurora.build/Objects-normal/arm64_32/Aurora-Swift.h -serialize-diagnostics-path /Users/admin/builder/spi-builder-workspace/.derivedData/Build/Intermediates.noindex/Aurora.build/Debug-watchos/Aurora.build/Objects-normal/arm64_32/Aurora-primary-emit-module.dia -emit-dependencies-path /Users/admin/builder/spi-builder-workspace/.derivedData/Build/Intermediates.noindex/Aurora.build/Debug-watchos/Aurora.build/Objects-normal/arm64_32/Aurora-primary-emit-module.d -o /Users/admin/builder/spi-builder-workspace/.derivedData/Build/Intermediates.noindex/Aurora.build/Debug-watchos/Aurora.build/Objects-normal/arm64_32/Aurora.swiftmodule -emit-abi-descriptor-path /Users/admin/builder/spi-builder-workspace/.derivedData/Build/Intermediates.noindex/Aurora.build/Debug-watchos/Aurora.build/Objects-normal/arm64_32/Aurora.abi.json
SwiftCompile normal arm64_32 Compiling\ AuroraView.swift,\ ColorBridging.swift /Users/admin/builder/spi-builder-workspace/Sources/Aurora/AuroraView.swift /Users/admin/builder/spi-builder-workspace/Sources/Aurora/ColorBridging.swift (in target 'Aurora' from project 'Aurora')
SwiftCompile normal arm64_32 /Users/admin/builder/spi-builder-workspace/Sources/Aurora/AuroraView.swift (in target 'Aurora' from project 'Aurora')
cd /Users/admin/builder/spi-builder-workspace/.swiftpm/xcode
SwiftCompile normal arm64_32 /Users/admin/builder/spi-builder-workspace/Sources/Aurora/ColorBridging.swift (in target 'Aurora' from project 'Aurora')
cd /Users/admin/builder/spi-builder-workspace/.swiftpm/xcode
SwiftCompile normal arm64_32 Compiling\ AuroraEnvironment.swift,\ AuroraModifier.swift /Users/admin/builder/spi-builder-workspace/Sources/Aurora/AuroraEnvironment.swift /Users/admin/builder/spi-builder-workspace/Sources/Aurora/AuroraModifier.swift (in target 'Aurora' from project 'Aurora')
SwiftCompile normal arm64_32 /Users/admin/builder/spi-builder-workspace/Sources/Aurora/AuroraEnvironment.swift (in target 'Aurora' from project 'Aurora')
cd /Users/admin/builder/spi-builder-workspace/.swiftpm/xcode
SwiftCompile normal arm64_32 /Users/admin/builder/spi-builder-workspace/Sources/Aurora/AuroraModifier.swift (in target 'Aurora' from project 'Aurora')
cd /Users/admin/builder/spi-builder-workspace/.swiftpm/xcode
SwiftCompile normal arm64_32 Compiling\ SceneRenderer.swift /Users/admin/builder/spi-builder-workspace/Sources/Aurora/SceneRenderer.swift (in target 'Aurora' from project 'Aurora')
SwiftCompile normal arm64_32 /Users/admin/builder/spi-builder-workspace/Sources/Aurora/SceneRenderer.swift (in target 'Aurora' from project 'Aurora')
cd /Users/admin/builder/spi-builder-workspace/.swiftpm/xcode
SwiftCompile normal arm64_32 Compiling\ AuroraClock.swift,\ AuroraDecoration.swift /Users/admin/builder/spi-builder-workspace/Sources/Aurora/AuroraClock.swift /Users/admin/builder/spi-builder-workspace/Sources/Aurora/AuroraDecoration.swift (in target 'Aurora' from project 'Aurora')
SwiftCompile normal arm64_32 /Users/admin/builder/spi-builder-workspace/Sources/Aurora/AuroraClock.swift (in target 'Aurora' from project 'Aurora')
cd /Users/admin/builder/spi-builder-workspace/.swiftpm/xcode
SwiftCompile normal arm64_32 /Users/admin/builder/spi-builder-workspace/Sources/Aurora/AuroraDecoration.swift (in target 'Aurora' from project 'Aurora')
cd /Users/admin/builder/spi-builder-workspace/.swiftpm/xcode
SwiftCompile normal arm64_32 Compiling\ SceneView.swift /Users/admin/builder/spi-builder-workspace/Sources/Aurora/SceneView.swift (in target 'Aurora' from project 'Aurora')
SwiftCompile normal arm64_32 /Users/admin/builder/spi-builder-workspace/Sources/Aurora/SceneView.swift (in target 'Aurora' from project 'Aurora')
cd /Users/admin/builder/spi-builder-workspace/.swiftpm/xcode
SwiftCompile normal arm64_32 Compiling\ Exports.swift /Users/admin/builder/spi-builder-workspace/Sources/Aurora/Exports.swift (in target 'Aurora' from project 'Aurora')
SwiftCompile normal arm64_32 /Users/admin/builder/spi-builder-workspace/Sources/Aurora/Exports.swift (in target 'Aurora' from project 'Aurora')
cd /Users/admin/builder/spi-builder-workspace/.swiftpm/xcode
SwiftCompile normal arm64_32 Compiling\ UIKitPreviews.swift /Users/admin/builder/spi-builder-workspace/Sources/Aurora/UIKitPreviews.swift (in target 'Aurora' from project 'Aurora')
SwiftCompile normal arm64_32 /Users/admin/builder/spi-builder-workspace/Sources/Aurora/UIKitPreviews.swift (in target 'Aurora' from project 'Aurora')
cd /Users/admin/builder/spi-builder-workspace/.swiftpm/xcode
SwiftCompile normal arm64_32 Compiling\ UIView+Aurora.swift /Users/admin/builder/spi-builder-workspace/Sources/Aurora/UIView+Aurora.swift (in target 'Aurora' from project 'Aurora')
SwiftCompile normal arm64_32 /Users/admin/builder/spi-builder-workspace/Sources/Aurora/UIView+Aurora.swift (in target 'Aurora' from project 'Aurora')
cd /Users/admin/builder/spi-builder-workspace/.swiftpm/xcode
SwiftCompile normal arm64_32 Compiling\ Appearance.swift,\ Aurora.swift /Users/admin/builder/spi-builder-workspace/Sources/Aurora/Appearance.swift /Users/admin/builder/spi-builder-workspace/Sources/Aurora/Aurora.swift (in target 'Aurora' from project 'Aurora')
SwiftCompile normal arm64_32 /Users/admin/builder/spi-builder-workspace/Sources/Aurora/Appearance.swift (in target 'Aurora' from project 'Aurora')
cd /Users/admin/builder/spi-builder-workspace/.swiftpm/xcode
SwiftCompile normal arm64_32 /Users/admin/builder/spi-builder-workspace/Sources/Aurora/Aurora.swift (in target 'Aurora' from project 'Aurora')
cd /Users/admin/builder/spi-builder-workspace/.swiftpm/xcode
SwiftEmitModule normal arm64 Emitting\ module\ for\ Aurora (in target 'Aurora' from project 'Aurora')
EmitSwiftModule normal arm64 (in target 'Aurora' from project 'Aurora')
cd /Users/admin/builder/spi-builder-workspace/.swiftpm/xcode
SwiftDriverJobDiscovery normal arm64_32 Compiling Exports.swift (in target 'Aurora' from project 'Aurora')
SwiftCompile normal arm64 Compiling\ SceneView.swift /Users/admin/builder/spi-builder-workspace/Sources/Aurora/SceneView.swift (in target 'Aurora' from project 'Aurora')
2026-08-14 20:20:47.424 xcodebuild[888:5247] [MT] IDERunDestination: Supported platforms for the buildables in the current scheme is empty.
/Users/admin/builder/spi-builder-workspace/Sources/Aurora/AuroraView.swift:3:8: warning: file 'AuroraView.swift' is part of module 'Aurora'; ignoring import
import Aurora
^
/Users/admin/builder/spi-builder-workspace/Sources/Aurora/AuroraView.swift:3:8: warning: file 'AuroraView.swift' is part of module 'Aurora'; ignoring import
import Aurora
^
** BUILD FAILED **
The following build commands failed:
EmitSwiftModule normal arm64_32 (in target 'Aurora' from project 'Aurora')
SwiftEmitModule normal arm64_32 Emitting\ module\ for\ Aurora (in target 'Aurora' from project 'Aurora')
Building workspace spi-builder-workspace with scheme Aurora-Package
(3 failures)
BUILD FAILURE 6.3 watchOS