Build Information
Failed to build TextureBridging, reference main (e1eae8), with Swift 6.4 for macOS (Xcode) using Xcode 27.0 on 22 Sep 2026 00:00:13 UTC.
Build Command
env DEVELOPER_DIR=/Applications/Xcode-27.0.0-Release.Candidate.app xcrun xcodebuild -IDEClonedSourcePackagesDirPathOverride=$PWD/.dependencies -skipMacroValidation -skipPackagePluginValidation -derivedDataPath $PWD/.derivedData build -scheme TextureBridging -destination platform=macOS,arch=arm64Build Log
========================================
RunAll
========================================
Builder version: 5.1.0
Interrupt handler set up.
========================================
Checkout
========================================
Clone URL: https://github.com/FluidGroup/TextureBridging.git
Reference: main
Initialized empty Git repository in /Users/admin/builder/spi-builder-workspace/.git/
From https://github.com/FluidGroup/TextureBridging
* branch main -> FETCH_HEAD
* [new branch] main -> origin/main
HEAD is now at e1eae8e Merge pull request #11 from FluidGroup/john/traitCollections
Cloned https://github.com/FluidGroup/TextureBridging.git
Revision (git rev-parse @):
e1eae8e569e2fdda22906a2f8ff2554689804ace
SUCCESS checkout https://github.com/FluidGroup/TextureBridging.git at main
========================================
Build
========================================
Selected platform: macosXcodebuild
Swift version: 6.4
Building package at path: $PWD
https://github.com/FluidGroup/TextureBridging.git
Command line invocation:
/Applications/Xcode-27.0.0-Release.Candidate.app/Contents/Developer/usr/bin/xcodebuild -IDEClonedSourcePackagesDirPathOverride=/Users/admin/builder/spi-builder-workspace/.dependencies -resolvePackageDependencies
Resolve Package Graph
Fetching from https://github.com/FluidGroup/Texture.git
Creating working copy of package ‘Texture’
Checking out 3.0.4 of package ‘Texture’
Resolve Package Graph
Resolved source packages:
Texture: https://github.com/FluidGroup/Texture.git @ 3.0.4
TextureBridging: /Users/admin/builder/spi-builder-workspace
resolved source packages: Texture, TextureBridging
2026-09-21 19:59:17.853 xcodebuild[529:3035] [MT] IDERunDestination: Supported platforms for the buildables in the current scheme is empty.
{
"dependencies" : [
{
"identity" : "texture",
"requirement" : {
"range" : [
{
"lower_bound" : "3.0.2",
"upper_bound" : "4.0.0"
}
]
},
"type" : "sourceControl",
"url" : "https://github.com/FluidGroup/Texture.git"
}
],
"manifest_display_name" : "TextureBridging",
"name" : "TextureBridging",
"path" : "/Users/admin/builder/spi-builder-workspace",
"platforms" : [
{
"name" : "ios",
"version" : "13.0"
}
],
"products" : [
{
"name" : "TextureBridging",
"targets" : [
"TextureBridging"
],
"type" : {
"library" : [
"automatic"
]
}
}
],
"swift_languages_versions" : [
"5"
],
"targets" : [
{
"c99name" : "TextureBridging",
"module_type" : "SwiftTarget",
"name" : "TextureBridging",
"path" : "Sources/TextureBridging",
"product_dependencies" : [
"AsyncDisplayKit"
],
"product_memberships" : [
"TextureBridging"
],
"sources" : [
"Logger.swift",
"NodeView.swift"
],
"type" : "library"
}
],
"tools_version" : "5.6"
}
{
"workspace" : {
"name" : "TextureBridging",
"schemes" : [
"TextureBridging"
]
}
}
2026-09-21 19:59:59.224 xcodebuild[691:4452] [MT] IDERunDestination: Supported platforms for the buildables in the current scheme is empty.
Running build ...
env DEVELOPER_DIR=/Applications/Xcode-27.0.0-Release.Candidate.app xcrun xcodebuild -IDEClonedSourcePackagesDirPathOverride=$PWD/.dependencies -skipMacroValidation -skipPackagePluginValidation -derivedDataPath $PWD/.derivedData build -scheme TextureBridging -destination platform=macOS,arch=arm64
Command line invocation:
/Applications/Xcode-27.0.0-Release.Candidate.app/Contents/Developer/usr/bin/xcodebuild -IDEClonedSourcePackagesDirPathOverride=/Users/admin/builder/spi-builder-workspace/.dependencies -skipMacroValidation -skipPackagePluginValidation -derivedDataPath /Users/admin/builder/spi-builder-workspace/.derivedData build -scheme TextureBridging -destination platform=macOS,arch=arm64
Resolve Package Graph
Resolve Package Graph
Resolved source packages:
TextureBridging: /Users/admin/builder/spi-builder-workspace
Texture: https://github.com/FluidGroup/Texture.git @ 3.0.4
ComputePackagePrebuildTargetDependencyGraph
Prepare packages
CreateBuildRequest
SendProjectDescription
CreateBuildOperation
ComputeTargetDependencyGraph
note: Building targets in dependency order
note: Target dependency graph (4 targets)
Target 'TextureBridging-product' in project 'TextureBridging'
➜ Explicit dependency on target 'TextureBridging' in project 'TextureBridging'
➜ Explicit dependency on target 'AsyncDisplayKit-product' in project 'Texture'
Target 'TextureBridging' in project 'TextureBridging'
➜ Explicit dependency on target 'AsyncDisplayKit-product' in project 'Texture'
Target 'AsyncDisplayKit-product' in project 'Texture'
➜ Explicit dependency on target 'AsyncDisplayKit' in project 'Texture'
Target 'AsyncDisplayKit' in project 'Texture' (no dependencies)
GatherProvisioningInputs
CreateBuildDescription
ExecuteExternalTool /Applications/Xcode-27.0.0-Release.Candidate.app/Contents/Developer/Toolchains/XcodeDefault.xctoolchain/usr/bin/swiftc --version
ExecuteExternalTool /Applications/Xcode-27.0.0-Release.Candidate.app/Contents/Developer/Toolchains/XcodeDefault.xctoolchain/usr/bin/clang -v -E -dM -isysroot /Applications/Xcode-27.0.0-Release.Candidate.app/Contents/Developer/Platforms/MacOSX.platform/Developer/SDKs/MacOSX27.0.sdk -x c -c /dev/null
ExecuteExternalTool /Applications/Xcode-27.0.0-Release.Candidate.app/Contents/Developer/Toolchains/XcodeDefault.xctoolchain/usr/bin/clang -v -E -dM -arch arm64 -isysroot /Applications/Xcode-27.0.0-Release.Candidate.app/Contents/Developer/Platforms/MacOSX.platform/Developer/SDKs/MacOSX27.0.sdk -x objective-c++ -c /dev/null
ExecuteExternalTool /Applications/Xcode-27.0.0-Release.Candidate.app/Contents/Developer/Toolchains/XcodeDefault.xctoolchain/usr/bin/clang -v -E -dM -arch arm64 -isysroot /Applications/Xcode-27.0.0-Release.Candidate.app/Contents/Developer/Platforms/MacOSX.platform/Developer/SDKs/MacOSX27.0.sdk -x c -c /dev/null
ExecuteExternalTool /Applications/Xcode-27.0.0-Release.Candidate.app/Contents/Developer/Toolchains/XcodeDefault.xctoolchain/usr/bin/ld -version_details
Build description signature: 80e53527180e408646c2568b6f1c2835
Build description path: /Users/admin/builder/spi-builder-workspace/.derivedData/Build/Intermediates.noindex/XCBuildData/80e53527180e408646c2568b6f1c2835.xcbuilddata
CreateBuildDirectory /Users/admin/builder/spi-builder-workspace/.derivedData/SDKExplicitPrecompiledModules
cd /Users/admin/builder/spi-builder-workspace/.swiftpm/xcode
builtin-create-build-directory /Users/admin/builder/spi-builder-workspace/.derivedData/SDKExplicitPrecompiledModules
CreateBuildDirectory /Users/admin/builder/spi-builder-workspace/.derivedData/ModuleCache.noindex
cd /Users/admin/builder/spi-builder-workspace/.swiftpm/xcode
builtin-create-build-directory /Users/admin/builder/spi-builder-workspace/.derivedData/ModuleCache.noindex
CreateBuildDirectory /Users/admin/builder/spi-builder-workspace/.derivedData/CompilationCache.noindex
cd /Users/admin/builder/spi-builder-workspace/.swiftpm/xcode
builtin-create-build-directory /Users/admin/builder/spi-builder-workspace/.derivedData/CompilationCache.noindex
CreateBuildDirectory /Users/admin/builder/spi-builder-workspace/.derivedData/Build/Intermediates.noindex
cd /Users/admin/builder/spi-builder-workspace/.swiftpm/xcode
builtin-create-build-directory /Users/admin/builder/spi-builder-workspace/.derivedData/Build/Intermediates.noindex
CreateBuildDirectory /Users/admin/builder/spi-builder-workspace/.derivedData/Build/Products
cd /Users/admin/builder/spi-builder-workspace/.swiftpm/xcode
builtin-create-build-directory /Users/admin/builder/spi-builder-workspace/.derivedData/Build/Products
ClangStatCache /Applications/Xcode-27.0.0-Release.Candidate.app/Contents/Developer/Toolchains/XcodeDefault.xctoolchain/usr/bin/clang-stat-cache /Applications/Xcode-27.0.0-Release.Candidate.app/Contents/Developer/Platforms/MacOSX.platform/Developer/SDKs/MacOSX27.0.sdk /Users/admin/builder/spi-builder-workspace/.derivedData/SDKStatCaches.noindex/macosx27.0-26A425-e829b21a6f8c9b70876ba0858053c0446a22442a12e9d48fe1a705f55a1adfc4.sdkstatcache
cd /Users/admin/builder/spi-builder-workspace/.swiftpm/xcode
/Applications/Xcode-27.0.0-Release.Candidate.app/Contents/Developer/Toolchains/XcodeDefault.xctoolchain/usr/bin/clang-stat-cache /Applications/Xcode-27.0.0-Release.Candidate.app/Contents/Developer/Platforms/MacOSX.platform/Developer/SDKs/MacOSX27.0.sdk -o /Users/admin/builder/spi-builder-workspace/.derivedData/SDKStatCaches.noindex/macosx27.0-26A425-e829b21a6f8c9b70876ba0858053c0446a22442a12e9d48fe1a705f55a1adfc4.sdkstatcache
CreateBuildDirectory /Users/admin/builder/spi-builder-workspace/.derivedData/Build/Products/Debug
cd /Users/admin/builder/spi-builder-workspace/.swiftpm/xcode
builtin-create-build-directory /Users/admin/builder/spi-builder-workspace/.derivedData/Build/Products/Debug
CreateBuildDirectory /Users/admin/builder/spi-builder-workspace/.derivedData/Build/Intermediates.noindex/SwiftExplicitPrecompiledModules
cd /Users/admin/builder/spi-builder-workspace/.swiftpm/xcode
builtin-create-build-directory /Users/admin/builder/spi-builder-workspace/.derivedData/Build/Intermediates.noindex/SwiftExplicitPrecompiledModules
CreateBuildDirectory /Users/admin/builder/spi-builder-workspace/.derivedData/Build/Intermediates.noindex/PrecompiledHeaders
cd /Users/admin/builder/spi-builder-workspace/.swiftpm/xcode
builtin-create-build-directory /Users/admin/builder/spi-builder-workspace/.derivedData/Build/Intermediates.noindex/PrecompiledHeaders
CreateBuildDirectory /Users/admin/builder/spi-builder-workspace/.derivedData/Build/Intermediates.noindex/ExplicitPrecompiledModules
cd /Users/admin/builder/spi-builder-workspace/.swiftpm/xcode
builtin-create-build-directory /Users/admin/builder/spi-builder-workspace/.derivedData/Build/Intermediates.noindex/ExplicitPrecompiledModules
CreateBuildDirectory /Users/admin/builder/spi-builder-workspace/.derivedData/Build/Intermediates.noindex/EagerLinkingTBDs/Debug
cd /Users/admin/builder/spi-builder-workspace/.swiftpm/xcode
builtin-create-build-directory /Users/admin/builder/spi-builder-workspace/.derivedData/Build/Intermediates.noindex/EagerLinkingTBDs/Debug
CreateBuildDirectory /Users/admin/builder/spi-builder-workspace/.derivedData/Build/Products/Debug/PackageFrameworks
cd /Users/admin/builder/spi-builder-workspace/.swiftpm/xcode
builtin-create-build-directory /Users/admin/builder/spi-builder-workspace/.derivedData/Build/Products/Debug/PackageFrameworks
WriteAuxiliaryFile /Users/admin/builder/spi-builder-workspace/.derivedData/Build/Intermediates.noindex/Texture.build/Debug/AsyncDisplayKit-t.build/AsyncDisplayKit.DependencyMetadataFileList (in target 'AsyncDisplayKit' from project 'Texture')
cd /Users/admin/builder/spi-builder-workspace/.dependencies/checkouts/Texture
write-file /Users/admin/builder/spi-builder-workspace/.derivedData/Build/Intermediates.noindex/Texture.build/Debug/AsyncDisplayKit-t.build/AsyncDisplayKit.DependencyMetadataFileList
WriteAuxiliaryFile /Users/admin/builder/spi-builder-workspace/.derivedData/Build/Intermediates.noindex/Texture.build/Debug/AsyncDisplayKit-t.build/AsyncDisplayKit.DependencyStaticMetadataFileList (in target 'AsyncDisplayKit' from project 'Texture')
cd /Users/admin/builder/spi-builder-workspace/.dependencies/checkouts/Texture
write-file /Users/admin/builder/spi-builder-workspace/.derivedData/Build/Intermediates.noindex/Texture.build/Debug/AsyncDisplayKit-t.build/AsyncDisplayKit.DependencyStaticMetadataFileList
WriteAuxiliaryFile /Users/admin/builder/spi-builder-workspace/.derivedData/Build/Intermediates.noindex/Texture.build/Debug/AsyncDisplayKit-t.build/AsyncDisplayKit.modulemap (in target 'AsyncDisplayKit' from project 'Texture')
cd /Users/admin/builder/spi-builder-workspace/.dependencies/checkouts/Texture
write-file /Users/admin/builder/spi-builder-workspace/.derivedData/Build/Intermediates.noindex/Texture.build/Debug/AsyncDisplayKit-t.build/AsyncDisplayKit.modulemap
WriteAuxiliaryFile /Users/admin/builder/spi-builder-workspace/.derivedData/Build/Intermediates.noindex/TextureBridging.build/Debug/TextureBridging-t.build/TextureBridging.DependencyMetadataFileList (in target 'TextureBridging' from project 'TextureBridging')
cd /Users/admin/builder/spi-builder-workspace
write-file /Users/admin/builder/spi-builder-workspace/.derivedData/Build/Intermediates.noindex/TextureBridging.build/Debug/TextureBridging-t.build/TextureBridging.DependencyMetadataFileList
WriteAuxiliaryFile /Users/admin/builder/spi-builder-workspace/.derivedData/Build/Intermediates.noindex/TextureBridging.build/Debug/TextureBridging-t.build/TextureBridging.DependencyStaticMetadataFileList (in target 'TextureBridging' from project 'TextureBridging')
cd /Users/admin/builder/spi-builder-workspace
write-file /Users/admin/builder/spi-builder-workspace/.derivedData/Build/Intermediates.noindex/TextureBridging.build/Debug/TextureBridging-t.build/TextureBridging.DependencyStaticMetadataFileList
WriteAuxiliaryFile /Users/admin/builder/spi-builder-workspace/.derivedData/Build/Intermediates.noindex/TextureBridging.build/Debug/TextureBridging-t.build/TextureBridging.modulemap (in target 'TextureBridging' from project 'TextureBridging')
cd /Users/admin/builder/spi-builder-workspace
write-file /Users/admin/builder/spi-builder-workspace/.derivedData/Build/Intermediates.noindex/TextureBridging.build/Debug/TextureBridging-t.build/TextureBridging.modulemap
WriteAuxiliaryFile /Users/admin/builder/spi-builder-workspace/.derivedData/Build/Intermediates.noindex/Texture.build/Debug/AsyncDisplayKit-t.build/Objects-normal/arm64/af3fcb34312c57c0f52879cdce924b91-common-args.resp (in target 'AsyncDisplayKit' from project 'Texture')
cd /Users/admin/builder/spi-builder-workspace/.dependencies/checkouts/Texture
write-file /Users/admin/builder/spi-builder-workspace/.derivedData/Build/Intermediates.noindex/Texture.build/Debug/AsyncDisplayKit-t.build/Objects-normal/arm64/af3fcb34312c57c0f52879cdce924b91-common-args.resp
'-std=c++11' -fobjc-arc -fmodules -fno-cxx-modules -gmodules '-fmodules-cache-path=/Users/admin/builder/spi-builder-workspace/.derivedData/ModuleCache.noindex' '-fmodule-name=AsyncDisplayKit' '-D_LIBCPP_HARDENING_MODE=_LIBCPP_HARDENING_MODE_DEBUG' -fpascal-strings -O0 -DSWIFT_PACKAGE '-DDEBUG=1' '-DIG_LIST_COLLECTION_VIEW=0' '-DAS_IG_LIST_KIT=0' '-DAS_IG_LIST_DIFF_KIT=0' '-DOBJC_OLD_DISPATCH_PROTOTYPES=1' -g -fvisibility-inlines-hidden -I/Users/admin/builder/spi-builder-workspace/.derivedData/Build/Products/Debug/include -I/Users/admin/builder/spi-builder-workspace/.dependencies/checkouts/Texture/Source/include -I/Users/admin/builder/spi-builder-workspace/.dependencies/checkouts/Texture/Source -I/Users/admin/builder/spi-builder-workspace/.dependencies/checkouts/Texture/Source/Base -I/Users/admin/builder/spi-builder-workspace/.dependencies/checkouts/Texture/Source/Debug -I/Users/admin/builder/spi-builder-workspace/.dependencies/checkouts/Texture/Source/Details -I/Users/admin/builder/spi-builder-workspace/.dependencies/checkouts/Texture/Source/Details/Transactions -I/Users/admin/builder/spi-builder-workspace/.dependencies/checkouts/Texture/Source/Layout -I/Users/admin/builder/spi-builder-workspace/.dependencies/checkouts/Texture/Source/Private -I/Users/admin/builder/spi-builder-workspace/.dependencies/checkouts/Texture/Source/Private/Layout -I/Users/admin/builder/spi-builder-workspace/.dependencies/checkouts/Texture/Source/TextExperiment/Component -I/Users/admin/builder/spi-builder-workspace/.dependencies/checkouts/Texture/Source/TextExperiment/String -I/Users/admin/builder/spi-builder-workspace/.dependencies/checkouts/Texture/Source/TextExperiment/Utility -I/Users/admin/builder/spi-builder-workspace/.dependencies/checkouts/Texture/Source/TextKit -I/Users/admin/builder/spi-builder-workspace/.dependencies/checkouts/Texture/Source/tvOS -I/Users/admin/builder/spi-builder-workspace/.derivedData/Build/Intermediates.noindex/Texture.build/Debug/AsyncDisplayKit-t.build/DerivedSources-normal/arm64 -I/Users/admin/builder/spi-builder-workspace/.derivedData/Build/Intermediates.noindex/Texture.build/Debug/AsyncDisplayKit-t.build/DerivedSources/arm64 -I/Users/admin/builder/spi-builder-workspace/.derivedData/Build/Intermediates.noindex/Texture.build/Debug/AsyncDisplayKit-t.build/DerivedSources -F/Users/admin/builder/spi-builder-workspace/.derivedData/Build/Products/Debug -iframework /Applications/Xcode-27.0.0-Release.Candidate.app/Contents/Developer/Platforms/MacOSX.platform/Developer/Library/Frameworks -DXcode
WriteAuxiliaryFile /Users/admin/builder/spi-builder-workspace/.derivedData/Build/Intermediates.noindex/TextureBridging.build/Debug/TextureBridging-t.build/Objects-normal/arm64/TextureBridging.SwiftFileList (in target 'TextureBridging' from project 'TextureBridging')
cd /Users/admin/builder/spi-builder-workspace
write-file /Users/admin/builder/spi-builder-workspace/.derivedData/Build/Intermediates.noindex/TextureBridging.build/Debug/TextureBridging-t.build/Objects-normal/arm64/TextureBridging.SwiftFileList
WriteAuxiliaryFile /Users/admin/builder/spi-builder-workspace/.derivedData/Build/Intermediates.noindex/TextureBridging.build/Debug/TextureBridging-t.build/Objects-normal/arm64/TextureBridging_const_extract_protocols.json (in target 'TextureBridging' from project 'TextureBridging')
cd /Users/admin/builder/spi-builder-workspace
write-file /Users/admin/builder/spi-builder-workspace/.derivedData/Build/Intermediates.noindex/TextureBridging.build/Debug/TextureBridging-t.build/Objects-normal/arm64/TextureBridging_const_extract_protocols.json
WriteAuxiliaryFile /Users/admin/builder/spi-builder-workspace/.derivedData/Build/Intermediates.noindex/TextureBridging.build/Debug/TextureBridging-t.build/Objects-normal/arm64/TextureBridging.SwiftConstValuesFileList (in target 'TextureBridging' from project 'TextureBridging')
cd /Users/admin/builder/spi-builder-workspace
write-file /Users/admin/builder/spi-builder-workspace/.derivedData/Build/Intermediates.noindex/TextureBridging.build/Debug/TextureBridging-t.build/Objects-normal/arm64/TextureBridging.SwiftConstValuesFileList
WriteAuxiliaryFile /Users/admin/builder/spi-builder-workspace/.derivedData/Build/Intermediates.noindex/TextureBridging.build/Debug/TextureBridging-t.build/Objects-normal/arm64/TextureBridging.LinkFileList (in target 'TextureBridging' from project 'TextureBridging')
cd /Users/admin/builder/spi-builder-workspace
write-file /Users/admin/builder/spi-builder-workspace/.derivedData/Build/Intermediates.noindex/TextureBridging.build/Debug/TextureBridging-t.build/Objects-normal/arm64/TextureBridging.LinkFileList
WriteAuxiliaryFile /Users/admin/builder/spi-builder-workspace/.derivedData/Build/Intermediates.noindex/TextureBridging.build/Debug/TextureBridging-t.build/Objects-normal/arm64/TextureBridging-OutputFileMap.json (in target 'TextureBridging' from project 'TextureBridging')
cd /Users/admin/builder/spi-builder-workspace
write-file /Users/admin/builder/spi-builder-workspace/.derivedData/Build/Intermediates.noindex/TextureBridging.build/Debug/TextureBridging-t.build/Objects-normal/arm64/TextureBridging-OutputFileMap.json
WriteAuxiliaryFile /Users/admin/builder/spi-builder-workspace/.derivedData/Build/Intermediates.noindex/Texture.build/Debug/AsyncDisplayKit-t.build/Objects-normal/arm64/AsyncDisplayKit.LinkFileList (in target 'AsyncDisplayKit' from project 'Texture')
cd /Users/admin/builder/spi-builder-workspace/.dependencies/checkouts/Texture
write-file /Users/admin/builder/spi-builder-workspace/.derivedData/Build/Intermediates.noindex/Texture.build/Debug/AsyncDisplayKit-t.build/Objects-normal/arm64/AsyncDisplayKit.LinkFileList
Copy /Users/admin/builder/spi-builder-workspace/.derivedData/Build/Intermediates.noindex/GeneratedModuleMaps/AsyncDisplayKit.modulemap /Users/admin/builder/spi-builder-workspace/.derivedData/Build/Intermediates.noindex/Texture.build/Debug/AsyncDisplayKit-t.build/AsyncDisplayKit.modulemap (in target 'AsyncDisplayKit' from project 'Texture')
cd /Users/admin/builder/spi-builder-workspace/.dependencies/checkouts/Texture
builtin-copy -exclude .DS_Store -exclude CVS -exclude .svn -exclude .git -exclude .hg -resolve-src-symlinks /Users/admin/builder/spi-builder-workspace/.derivedData/Build/Intermediates.noindex/Texture.build/Debug/AsyncDisplayKit-t.build/AsyncDisplayKit.modulemap /Users/admin/builder/spi-builder-workspace/.derivedData/Build/Intermediates.noindex/GeneratedModuleMaps
Copy /Users/admin/builder/spi-builder-workspace/.derivedData/Build/Intermediates.noindex/GeneratedModuleMaps/TextureBridging.modulemap /Users/admin/builder/spi-builder-workspace/.derivedData/Build/Intermediates.noindex/TextureBridging.build/Debug/TextureBridging-t.build/TextureBridging.modulemap (in target 'TextureBridging' from project 'TextureBridging')
cd /Users/admin/builder/spi-builder-workspace
builtin-copy -exclude .DS_Store -exclude CVS -exclude .svn -exclude .git -exclude .hg -resolve-src-symlinks /Users/admin/builder/spi-builder-workspace/.derivedData/Build/Intermediates.noindex/TextureBridging.build/Debug/TextureBridging-t.build/TextureBridging.modulemap /Users/admin/builder/spi-builder-workspace/.derivedData/Build/Intermediates.noindex/GeneratedModuleMaps
CompileC /Users/admin/builder/spi-builder-workspace/.derivedData/Build/Intermediates.noindex/Texture.build/Debug/AsyncDisplayKit-t.build/Objects-normal/arm64/_ASTransitionContext.o /Users/admin/builder/spi-builder-workspace/.dependencies/checkouts/Texture/Source/_ASTransitionContext.mm normal arm64 objective-c++ com.apple.compilers.llvm.clang.1_0.compiler (in target 'AsyncDisplayKit' from project 'Texture')
cd /Users/admin/builder/spi-builder-workspace/.swiftpm/xcode
Using response file: /Users/admin/builder/spi-builder-workspace/.derivedData/Build/Intermediates.noindex/Texture.build/Debug/AsyncDisplayKit-t.build/Objects-normal/arm64/af3fcb34312c57c0f52879cdce924b91-common-args.resp
/Applications/Xcode-27.0.0-Release.Candidate.app/Contents/Developer/Toolchains/XcodeDefault.xctoolchain/usr/bin/clang -x objective-c++ -ivfsstatcache /Users/admin/builder/spi-builder-workspace/.derivedData/SDKStatCaches.noindex/macosx27.0-26A425-e829b21a6f8c9b70876ba0858053c0446a22442a12e9d48fe1a705f55a1adfc4.sdkstatcache -target arm64-apple-macos12.0 -fmessage-length\=0 -fdiagnostics-show-note-include-stack -fmacro-backtrace-limit\=0 -fno-color-diagnostics -fmodules-prune-interval\=86400 -fmodules-prune-after\=345600 -fbuild-session-file\=/Users/admin/builder/spi-builder-workspace/.derivedData/ModuleCache.noindex/Session.modulevalidation -fmodules-validate-once-per-build-session -Wnon-modular-include-in-framework-module -Werror\=non-modular-include-in-framework-module -Wno-trigraphs -Wno-missing-field-initializers -Wno-missing-prototypes -Wno-return-type -Wno-implicit-atomic-properties -Wno-objc-interface-ivars -Wno-arc-repeated-use-of-weak -Wno-non-virtual-dtor -Wno-overloaded-virtual -Wno-exit-time-destructors -Wno-missing-braces -Wparentheses -Wswitch -Wno-unused-function -Wno-unused-label -Wno-unused-parameter -Wno-unused-variable -Wunused-value -Wno-empty-body -Wno-uninitialized -Wno-unknown-pragmas -w -Wno-shadow -Wno-four-char-constants -Wno-conversion -Wno-constant-conversion -Wno-int-conversion -Wno-bool-conversion -Wno-enum-conversion -Wno-float-conversion -Wno-non-literal-null-conversion -Wno-objc-literal-conversion -Wshorten-64-to-32 -Wno-newline-eof -Wno-selector -Wno-strict-selector-match -Wno-undeclared-selector -Wno-deprecated-implementations -Wno-c++11-extensions -Wno-implicit-fallthrough -isysroot /Applications/Xcode-27.0.0-Release.Candidate.app/Contents/Developer/Platforms/MacOSX.platform/Developer/SDKs/MacOSX27.0.sdk -fstrict-aliasing -Wprotocol -Wdeprecated-declarations -Winvalid-offsetof -Wno-sign-conversion -Wno-infinite-recursion -Wno-move -Wno-comma -Wno-block-capture-autoreleasing -Wno-strict-prototypes -Wno-range-loop-analysis -Wno-semicolon-before-method-body -index-store-path /Users/admin/builder/spi-builder-workspace/.derivedData/Index.noindex/DataStore @/Users/admin/builder/spi-builder-workspace/.derivedData/Build/Intermediates.noindex/Texture.build/Debug/AsyncDisplayKit-t.build/Objects-normal/arm64/af3fcb34312c57c0f52879cdce924b91-common-args.resp -MMD -MT dependencies -MF /Users/admin/builder/spi-builder-workspace/.derivedData/Build/Intermediates.noindex/Texture.build/Debug/AsyncDisplayKit-t.build/Objects-normal/arm64/_ASTransitionContext.d --serialize-diagnostics /Users/admin/builder/spi-builder-workspace/.derivedData/Build/Intermediates.noindex/Texture.build/Debug/AsyncDisplayKit-t.build/Objects-normal/arm64/_ASTransitionContext.dia -c /Users/admin/builder/spi-builder-workspace/.dependencies/checkouts/Texture/Source/_ASTransitionContext.mm -o /Users/admin/builder/spi-builder-workspace/.derivedData/Build/Intermediates.noindex/Texture.build/Debug/AsyncDisplayKit-t.build/Objects-normal/arm64/_ASTransitionContext.o -index-unit-output-path /Texture.build/Debug/AsyncDisplayKit-t.build/Objects-normal/arm64/_ASTransitionContext.o
In file included from /Users/admin/builder/spi-builder-workspace/.dependencies/checkouts/Texture/Source/_ASTransitionContext.mm:10:
In file included from /Users/admin/builder/spi-builder-workspace/.dependencies/checkouts/Texture/Source/_ASTransitionContext.h:12:
In file included from /Users/admin/builder/spi-builder-workspace/.dependencies/checkouts/Texture/Source/ASContextTransitioning.h:10:
/Users/admin/builder/spi-builder-workspace/.dependencies/checkouts/Texture/Source/include/ASDimension.h:11:9: fatal error: 'UIKit/UIGeometry.h' file not found
11 | #import <UIKit/UIGeometry.h>
| ^~~~~~~~~~~~~~~~~~~~
CompileC /Users/admin/builder/spi-builder-workspace/.derivedData/Build/Intermediates.noindex/Texture.build/Debug/AsyncDisplayKit-t.build/Objects-normal/arm64/UIResponder+AsyncDisplayKit.o /Users/admin/builder/spi-builder-workspace/.dependencies/checkouts/Texture/Source/UIResponder+AsyncDisplayKit.mm normal arm64 objective-c++ com.apple.compilers.llvm.clang.1_0.compiler (in target 'AsyncDisplayKit' from project 'Texture')
cd /Users/admin/builder/spi-builder-workspace/.swiftpm/xcode
Using response file: /Users/admin/builder/spi-builder-workspace/.derivedData/Build/Intermediates.noindex/Texture.build/Debug/AsyncDisplayKit-t.build/Objects-normal/arm64/af3fcb34312c57c0f52879cdce924b91-common-args.resp
/Applications/Xcode-27.0.0-Release.Candidate.app/Contents/Developer/Toolchains/XcodeDefault.xctoolchain/usr/bin/clang -x objective-c++ -ivfsstatcache /Users/admin/builder/spi-builder-workspace/.derivedData/SDKStatCaches.noindex/macosx27.0-26A425-e829b21a6f8c9b70876ba0858053c0446a22442a12e9d48fe1a705f55a1adfc4.sdkstatcache -target arm64-apple-macos12.0 -fmessage-length\=0 -fdiagnostics-show-note-include-stack -fmacro-backtrace-limit\=0 -fno-color-diagnostics -fmodules-prune-interval\=86400 -fmodules-prune-after\=345600 -fbuild-session-file\=/Users/admin/builder/spi-builder-workspace/.derivedData/ModuleCache.noindex/Session.modulevalidation -fmodules-validate-once-per-build-session -Wnon-modular-include-in-framework-module -Werror\=non-modular-include-in-framework-module -Wno-trigraphs -Wno-missing-field-initializers -Wno-missing-prototypes -Wno-return-type -Wno-implicit-atomic-properties -Wno-objc-interface-ivars -Wno-arc-repeated-use-of-weak -Wno-non-virtual-dtor -Wno-overloaded-virtual -Wno-exit-time-destructors -Wno-missing-braces -Wparentheses -Wswitch -Wno-unused-function -Wno-unused-label -Wno-unused-parameter -Wno-unused-variable -Wunused-value -Wno-empty-body -Wno-uninitialized -Wno-unknown-pragmas -w -Wno-shadow -Wno-four-char-constants -Wno-conversion -Wno-constant-conversion -Wno-int-conversion -Wno-bool-conversion -Wno-enum-conversion -Wno-float-conversion -Wno-non-literal-null-conversion -Wno-objc-literal-conversion -Wshorten-64-to-32 -Wno-newline-eof -Wno-selector -Wno-strict-selector-match -Wno-undeclared-selector -Wno-deprecated-implementations -Wno-c++11-extensions -Wno-implicit-fallthrough -isysroot /Applications/Xcode-27.0.0-Release.Candidate.app/Contents/Developer/Platforms/MacOSX.platform/Developer/SDKs/MacOSX27.0.sdk -fstrict-aliasing -Wprotocol -Wdeprecated-declarations -Winvalid-offsetof -Wno-sign-conversion -Wno-infinite-recursion -Wno-move -Wno-comma -Wno-block-capture-autoreleasing -Wno-strict-prototypes -Wno-range-loop-analysis -Wno-semicolon-before-method-body -index-store-path /Users/admin/builder/spi-builder-workspace/.derivedData/Index.noindex/DataStore @/Users/admin/builder/spi-builder-workspace/.derivedData/Build/Intermediates.noindex/Texture.build/Debug/AsyncDisplayKit-t.build/Objects-normal/arm64/af3fcb34312c57c0f52879cdce924b91-common-args.resp -MMD -MT dependencies -MF /Users/admin/builder/spi-builder-workspace/.derivedData/Build/Intermediates.noindex/Texture.build/Debug/AsyncDisplayKit-t.build/Objects-normal/arm64/UIResponder+AsyncDisplayKit.d --serialize-diagnostics /Users/admin/builder/spi-builder-workspace/.derivedData/Build/Intermediates.noindex/Texture.build/Debug/AsyncDisplayKit-t.build/Objects-normal/arm64/UIResponder+AsyncDisplayKit.dia -c /Users/admin/builder/spi-builder-workspace/.dependencies/checkouts/Texture/Source/UIResponder+AsyncDisplayKit.mm -o /Users/admin/builder/spi-builder-workspace/.derivedData/Build/Intermediates.noindex/Texture.build/Debug/AsyncDisplayKit-t.build/Objects-normal/arm64/UIResponder+AsyncDisplayKit.o -index-unit-output-path /Texture.build/Debug/AsyncDisplayKit-t.build/Objects-normal/arm64/UIResponder+AsyncDisplayKit.o
In file included from /Users/admin/builder/spi-builder-workspace/.dependencies/checkouts/Texture/Source/UIResponder+AsyncDisplayKit.mm:10:
/Users/admin/builder/spi-builder-workspace/.dependencies/checkouts/Texture/Source/UIResponder+AsyncDisplayKit.h:10:9: fatal error: 'UIKit/UIKit.h' file not found
10 | #import <UIKit/UIKit.h>
| ^~~~~~~~~~~~~~~
1 error generated.
CompileC /Users/admin/builder/spi-builder-workspace/.derivedData/Build/Intermediates.noindex/Texture.build/Debug/AsyncDisplayKit-t.build/Objects-normal/arm64/ASImageNode+tvOS.o /Users/admin/builder/spi-builder-workspace/.dependencies/checkouts/Texture/Source/tvOS/ASImageNode+tvOS.mm normal arm64 objective-c++ com.apple.compilers.llvm.clang.1_0.compiler (in target 'AsyncDisplayKit' from project 'Texture')
cd /Users/admin/builder/spi-builder-workspace/.swiftpm/xcode
Using response file: /Users/admin/builder/spi-builder-workspace/.derivedData/Build/Intermediates.noindex/Texture.build/Debug/AsyncDisplayKit-t.build/Objects-normal/arm64/af3fcb34312c57c0f52879cdce924b91-common-args.resp
/Applications/Xcode-27.0.0-Release.Candidate.app/Contents/Developer/Toolchains/XcodeDefault.xctoolchain/usr/bin/clang -x objective-c++ -ivfsstatcache /Users/admin/builder/spi-builder-workspace/.derivedData/SDKStatCaches.noindex/macosx27.0-26A425-e829b21a6f8c9b70876ba0858053c0446a22442a12e9d48fe1a705f55a1adfc4.sdkstatcache -target arm64-apple-macos12.0 -fmessage-length\=0 -fdiagnostics-show-note-include-stack -fmacro-backtrace-limit\=0 -fno-color-diagnostics -fmodules-prune-interval\=86400 -fmodules-prune-after\=345600 -fbuild-session-file\=/Users/admin/builder/spi-builder-workspace/.derivedData/ModuleCache.noindex/Session.modulevalidation -fmodules-validate-once-per-build-session -Wnon-modular-include-in-framework-module -Werror\=non-modular-include-in-framework-module -Wno-trigraphs -Wno-missing-field-initializers -Wno-missing-prototypes -Wno-return-type -Wno-implicit-atomic-properties -Wno-objc-interface-ivars -Wno-arc-repeated-use-of-weak -Wno-non-virtual-dtor -Wno-overloaded-virtual -Wno-exit-time-destructors -Wno-missing-braces -Wparentheses -Wswitch -Wno-unused-function -Wno-unused-label -Wno-unused-parameter -Wno-unused-variable -Wunused-value -Wno-empty-body -Wno-uninitialized -Wno-unknown-pragmas -w -Wno-shadow -Wno-four-char-constants -Wno-conversion -Wno-constant-conversion -Wno-int-conversion -Wno-bool-conversion -Wno-enum-conversion -Wno-float-conversion -Wno-non-literal-null-conversion -Wno-objc-literal-conversion -Wshorten-64-to-32 -Wno-newline-eof -Wno-selector -Wno-strict-selector-match -Wno-undeclared-selector -Wno-deprecated-implementations -Wno-c++11-extensions -Wno-implicit-fallthrough -isysroot /Applications/Xcode-27.0.0-Release.Candidate.app/Contents/Developer/Platforms/MacOSX.platform/Developer/SDKs/MacOSX27.0.sdk -fstrict-aliasing -Wprotocol -Wdeprecated-declarations -Winvalid-offsetof -Wno-sign-conversion -Wno-infinite-recursion -Wno-move -Wno-comma -Wno-block-capture-autoreleasing -Wno-strict-prototypes -Wno-range-loop-analysis -Wno-semicolon-before-method-body -index-store-path /Users/admin/builder/spi-builder-workspace/.derivedData/Index.noindex/DataStore @/Users/admin/builder/spi-builder-workspace/.derivedData/Build/Intermediates.noindex/Texture.build/Debug/AsyncDisplayKit-t.build/Objects-normal/arm64/af3fcb34312c57c0f52879cdce924b91-common-args.resp -MMD -MT dependencies -MF /Users/admin/builder/spi-builder-workspace/.derivedData/Build/Intermediates.noindex/Texture.build/Debug/AsyncDisplayKit-t.build/Objects-normal/arm64/ASImageNode+tvOS.d --serialize-diagnostics /Users/admin/builder/spi-builder-workspace/.derivedData/Build/Intermediates.noindex/Texture.build/Debug/AsyncDisplayKit-t.build/Objects-normal/arm64/ASImageNode+tvOS.dia -c /Users/admin/builder/spi-builder-workspace/.dependencies/checkouts/Texture/Source/tvOS/ASImageNode+tvOS.mm -o /Users/admin/builder/spi-builder-workspace/.derivedData/Build/Intermediates.noindex/Texture.build/Debug/AsyncDisplayKit-t.build/Objects-normal/arm64/ASImageNode+tvOS.o -index-unit-output-path /Texture.build/Debug/AsyncDisplayKit-t.build/Objects-normal/arm64/ASImageNode+tvOS.o
CompileC /Users/admin/builder/spi-builder-workspace/.derivedData/Build/Intermediates.noindex/Texture.build/Debug/AsyncDisplayKit-t.build/Objects-normal/arm64/ASTextNodeWordKerner.o /Users/admin/builder/spi-builder-workspace/.dependencies/checkouts/Texture/Source/TextKit/ASTextNodeWordKerner.mm normal arm64 objective-c++ com.apple.compilers.llvm.clang.1_0.compiler (in target 'AsyncDisplayKit' from project 'Texture')
cd /Users/admin/builder/spi-builder-workspace/.swiftpm/xcode
Using response file: /Users/admin/builder/spi-builder-workspace/.derivedData/Build/Intermediates.noindex/Texture.build/Debug/AsyncDisplayKit-t.build/Objects-normal/arm64/af3fcb34312c57c0f52879cdce924b91-common-args.resp
/Applications/Xcode-27.0.0-Release.Candidate.app/Contents/Developer/Toolchains/XcodeDefault.xctoolchain/usr/bin/clang -x objective-c++ -ivfsstatcache /Users/admin/builder/spi-builder-workspace/.derivedData/SDKStatCaches.noindex/macosx27.0-26A425-e829b21a6f8c9b70876ba0858053c0446a22442a12e9d48fe1a705f55a1adfc4.sdkstatcache -target arm64-apple-macos12.0 -fmessage-length\=0 -fdiagnostics-show-note-include-stack -fmacro-backtrace-limit\=0 -fno-color-diagnostics -fmodules-prune-interval\=86400 -fmodules-prune-after\=345600 -fbuild-session-file\=/Users/admin/builder/spi-builder-workspace/.derivedData/ModuleCache.noindex/Session.modulevalidation -fmodules-validate-once-per-build-session -Wnon-modular-include-in-framework-module -Werror\=non-modular-include-in-framework-module -Wno-trigraphs -Wno-missing-field-initializers -Wno-missing-prototypes -Wno-return-type -Wno-implicit-atomic-properties -Wno-objc-interface-ivars -Wno-arc-repeated-use-of-weak -Wno-non-virtual-dtor -Wno-overloaded-virtual -Wno-exit-time-destructors -Wno-missing-braces -Wparentheses -Wswitch -Wno-unused-function -Wno-unused-label -Wno-unused-parameter -Wno-unused-variable -Wunused-value -Wno-empty-body -Wno-uninitialized -Wno-unknown-pragmas -w -Wno-shadow -Wno-four-char-constants -Wno-conversion -Wno-constant-conversion -Wno-int-conversion -Wno-bool-conversion -Wno-enum-conversion -Wno-float-conversion -Wno-non-literal-null-conversion -Wno-objc-literal-conversion -Wshorten-64-to-32 -Wno-newline-eof -Wno-selector -Wno-strict-selector-match -Wno-undeclared-selector -Wno-deprecated-implementations -Wno-c++11-extensions -Wno-implicit-fallthrough -isysroot /Applications/Xcode-27.0.0-Release.Candidate.app/Contents/Developer/Platforms/MacOSX.platform/Developer/SDKs/MacOSX27.0.sdk -fstrict-aliasing -Wprotocol -Wdeprecated-declarations -Winvalid-offsetof -Wno-sign-conversion -Wno-infinite-recursion -Wno-move -Wno-comma -Wno-block-capture-autoreleasing -Wno-strict-prototypes -Wno-range-loop-analysis -Wno-semicolon-before-method-body -index-store-path /Users/admin/builder/spi-builder-workspace/.derivedData/Index.noindex/DataStore @/Users/admin/builder/spi-builder-workspace/.derivedData/Build/Intermediates.noindex/Texture.build/Debug/AsyncDisplayKit-t.build/Objects-normal/arm64/af3fcb34312c57c0f52879cdce924b91-common-args.resp -MMD -MT dependencies -MF /Users/admin/builder/spi-builder-workspace/.derivedData/Build/Intermediates.noindex/Texture.build/Debug/AsyncDisplayKit-t.build/Objects-normal/arm64/ASTextNodeWordKerner.d --serialize-diagnostics /Users/admin/builder/spi-builder-workspace/.derivedData/Build/Intermediates.noindex/Texture.build/Debug/AsyncDisplayKit-t.build/Objects-normal/arm64/ASTextNodeWordKerner.dia -c /Users/admin/builder/spi-builder-workspace/.dependencies/checkouts/Texture/Source/TextKit/ASTextNodeWordKerner.mm -o /Users/admin/builder/spi-builder-workspace/.derivedData/Build/Intermediates.noindex/Texture.build/Debug/AsyncDisplayKit-t.build/Objects-normal/arm64/ASTextNodeWordKerner.o -index-unit-output-path /Texture.build/Debug/AsyncDisplayKit-t.build/Objects-normal/arm64/ASTextNodeWordKerner.o
In file included from /Users/admin/builder/spi-builder-workspace/.dependencies/checkouts/Texture/Source/TextKit/ASTextNodeWordKerner.mm:10:
/Users/admin/builder/spi-builder-workspace/.dependencies/checkouts/Texture/Source/TextKit/ASTextNodeWordKerner.h:11:9: fatal error: 'UIKit/NSLayoutManager.h' file not found
11 | #import <UIKit/NSLayoutManager.h>
| ^~~~~~~~~~~~~~~~~~~~~~~~~
1 error generated.
CompileC /Users/admin/builder/spi-builder-workspace/.derivedData/Build/Intermediates.noindex/Texture.build/Debug/AsyncDisplayKit-t.build/Objects-normal/arm64/UIImage+ASConvenience.o /Users/admin/builder/spi-builder-workspace/.dependencies/checkouts/Texture/Source/UIImage+ASConvenience.mm normal arm64 objective-c++ com.apple.compilers.llvm.clang.1_0.compiler (in target 'AsyncDisplayKit' from project 'Texture')
cd /Users/admin/builder/spi-builder-workspace/.swiftpm/xcode
Using response file: /Users/admin/builder/spi-builder-workspace/.derivedData/Build/Intermediates.noindex/Texture.build/Debug/AsyncDisplayKit-t.build/Objects-normal/arm64/af3fcb34312c57c0f52879cdce924b91-common-args.resp
/Applications/Xcode-27.0.0-Release.Candidate.app/Contents/Developer/Toolchains/XcodeDefault.xctoolchain/usr/bin/clang -x objective-c++ -ivfsstatcache /Users/admin/builder/spi-builder-workspace/.derivedData/SDKStatCaches.noindex/macosx27.0-26A425-e829b21a6f8c9b70876ba0858053c0446a22442a12e9d48fe1a705f55a1adfc4.sdkstatcache -target arm64-apple-macos12.0 -fmessage-length\=0 -fdiagnostics-show-note-include-stack -fmacro-backtrace-limit\=0 -fno-color-diagnostics -fmodules-prune-interval\=86400 -fmodules-prune-after\=345600 -fbuild-session-file\=/Users/admin/builder/spi-builder-workspace/.derivedData/ModuleCache.noindex/Session.modulevalidation -fmodules-validate-once-per-build-session -Wnon-modular-include-in-framework-module -Werror\=non-modular-include-in-framework-module -Wno-trigraphs -Wno-missing-field-initializers -Wno-missing-prototypes -Wno-return-type -Wno-implicit-atomic-properties -Wno-objc-interface-ivars -Wno-arc-repeated-use-of-weak -Wno-non-virtual-dtor -Wno-overloaded-virtual -Wno-exit-time-destructors -Wno-missing-braces -Wparentheses -Wswitch -Wno-unused-function -Wno-unused-label -Wno-unused-parameter -Wno-unused-variable -Wunused-value -Wno-empty-body -Wno-uninitialized -Wno-unknown-pragmas -w -Wno-shadow -Wno-four-char-constants -Wno-conversion -Wno-constant-conversion -Wno-int-conversion -Wno-bool-conversion -Wno-enum-conversion -Wno-float-conversion -Wno-non-literal-null-conversion -Wno-objc-literal-conversion -Wshorten-64-to-32 -Wno-newline-eof -Wno-selector -Wno-strict-selector-match -Wno-undeclared-selector -Wno-deprecated-implementations -Wno-c++11-extensions -Wno-implicit-fallthrough -isysroot /Applications/Xcode-27.0.0-Release.Candidate.app/Contents/Developer/Platforms/MacOSX.platform/Developer/SDKs/MacOSX27.0.sdk -fstrict-aliasing -Wprotocol -Wdeprecated-declarations -Winvalid-offsetof -Wno-sign-conversion -Wno-infinite-recursion -Wno-move -Wno-comma -Wno-block-capture-autoreleasing -Wno-strict-prototypes -Wno-range-loop-analysis -Wno-semicolon-before-method-body -index-store-path /Users/admin/builder/spi-builder-workspace/.derivedData/Index.noindex/DataStore @/Users/admin/builder/spi-builder-workspace/.derivedData/Build/Intermediates.noindex/Texture.build/Debug/AsyncDisplayKit-t.build/Objects-normal/arm64/af3fcb34312c57c0f52879cdce924b91-common-args.resp -MMD -MT dependencies -MF /Users/admin/builder/spi-builder-workspace/.derivedData/Build/Intermediates.noindex/Texture.build/Debug/AsyncDisplayKit-t.build/Objects-normal/arm64/UIImage+ASConvenience.d --serialize-diagnostics /Users/admin/builder/spi-builder-workspace/.derivedData/Build/Intermediates.noindex/Texture.build/Debug/AsyncDisplayKit-t.build/Objects-normal/arm64/UIImage+ASConvenience.dia -c /Users/admin/builder/spi-builder-workspace/.dependencies/checkouts/Texture/Source/UIImage+ASConvenience.mm -o /Users/admin/builder/spi-builder-workspace/.derivedData/Build/Intermediates.noindex/Texture.build/Debug/AsyncDisplayKit-t.build/Objects-normal/arm64/UIImage+ASConvenience.o -index-unit-output-path /Texture.build/Debug/AsyncDisplayKit-t.build/Objects-normal/arm64/UIImage+ASConvenience.o
In file included from /Users/admin/builder/spi-builder-workspace/.dependencies/checkouts/Texture/Source/UIImage+ASConvenience.mm:10:
/Users/admin/builder/spi-builder-workspace/.dependencies/checkouts/Texture/Source/UIImage+ASConvenience.h:10:9: fatal error: 'UIKit/UIKit.h' file not found
10 | #import <UIKit/UIKit.h>
| ^~~~~~~~~~~~~~~
1 error generated.
CompileC /Users/admin/builder/spi-builder-workspace/.derivedData/Build/Intermediates.noindex/Texture.build/Debug/AsyncDisplayKit-t.build/Objects-normal/arm64/ASControlNode+tvOS.o /Users/admin/builder/spi-builder-workspace/.dependencies/checkouts/Texture/Source/tvOS/ASControlNode+tvOS.mm normal arm64 objective-c++ com.apple.compilers.llvm.clang.1_0.compiler (in target 'AsyncDisplayKit' from project 'Texture')
cd /Users/admin/builder/spi-builder-workspace/.swiftpm/xcode
Using response file: /Users/admin/builder/spi-builder-workspace/.derivedData/Build/Intermediates.noindex/Texture.build/Debug/AsyncDisplayKit-t.build/Objects-normal/arm64/af3fcb34312c57c0f52879cdce924b91-common-args.resp
/Applications/Xcode-27.0.0-Release.Candidate.app/Contents/Developer/Toolchains/XcodeDefault.xctoolchain/usr/bin/clang -x objective-c++ -ivfsstatcache /Users/admin/builder/spi-builder-workspace/.derivedData/SDKStatCaches.noindex/macosx27.0-26A425-e829b21a6f8c9b70876ba0858053c0446a22442a12e9d48fe1a705f55a1adfc4.sdkstatcache -target arm64-apple-macos12.0 -fmessage-length\=0 -fdiagnostics-show-note-include-stack -fmacro-backtrace-limit\=0 -fno-color-diagnostics -fmodules-prune-interval\=86400 -fmodules-prune-after\=345600 -fbuild-session-file\=/Users/admin/builder/spi-builder-workspace/.derivedData/ModuleCache.noindex/Session.modulevalidation -fmodules-validate-once-per-build-session -Wnon-modular-include-in-framework-module -Werror\=non-modular-include-in-framework-module -Wno-trigraphs -Wno-missing-field-initializers -Wno-missing-prototypes -Wno-return-type -Wno-implicit-atomic-properties -Wno-objc-interface-ivars -Wno-arc-repeated-use-of-weak -Wno-non-virtual-dtor -Wno-overloaded-virtual -Wno-exit-time-destructors -Wno-missing-braces -Wparentheses -Wswitch -Wno-unused-function -Wno-unused-label -Wno-unused-parameter -Wno-unused-variable -Wunused-value -Wno-empty-body -Wno-uninitialized -Wno-unknown-pragmas -w -Wno-shadow -Wno-four-char-constants -Wno-conversion -Wno-constant-conversion -Wno-int-conversion -Wno-bool-conversion -Wno-enum-conversion -Wno-float-conversion -Wno-non-literal-null-conversion -Wno-objc-literal-conversion -Wshorten-64-to-32 -Wno-newline-eof -Wno-selector -Wno-strict-selector-match -Wno-undeclared-selector -Wno-deprecated-implementations -Wno-c++11-extensions -Wno-implicit-fallthrough -isysroot /Applications/Xcode-27.0.0-Release.Candidate.app/Contents/Developer/Platforms/MacOSX.platform/Developer/SDKs/MacOSX27.0.sdk -fstrict-aliasing -Wprotocol -Wdeprecated-declarations -Winvalid-offsetof -Wno-sign-conversion -Wno-infinite-recursion -Wno-move -Wno-comma -Wno-block-capture-autoreleasing -Wno-strict-prototypes -Wno-range-loop-analysis -Wno-semicolon-before-method-body -index-store-path /Users/admin/builder/spi-builder-workspace/.derivedData/Index.noindex/DataStore @/Users/admin/builder/spi-builder-workspace/.derivedData/Build/Intermediates.noindex/Texture.build/Debug/AsyncDisplayKit-t.build/Objects-normal/arm64/af3fcb34312c57c0f52879cdce924b91-common-args.resp -MMD -MT dependencies -MF /Users/admin/builder/spi-builder-workspace/.derivedData/Build/Intermediates.noindex/Texture.build/Debug/AsyncDisplayKit-t.build/Objects-normal/arm64/ASControlNode+tvOS.d --serialize-diagnostics /Users/admin/builder/spi-builder-workspace/.derivedData/Build/Intermediates.noindex/Texture.build/Debug/AsyncDisplayKit-t.build/Objects-normal/arm64/ASControlNode+tvOS.dia -c /Users/admin/builder/spi-builder-workspace/.dependencies/checkouts/Texture/Source/tvOS/ASControlNode+tvOS.mm -o /Users/admin/builder/spi-builder-workspace/.derivedData/Build/Intermediates.noindex/Texture.build/Debug/AsyncDisplayKit-t.build/Objects-normal/arm64/ASControlNode+tvOS.o -index-unit-output-path /Texture.build/Debug/AsyncDisplayKit-t.build/Objects-normal/arm64/ASControlNode+tvOS.o
CompileC /Users/admin/builder/spi-builder-workspace/.derivedData/Build/Intermediates.noindex/Texture.build/Debug/AsyncDisplayKit-t.build/Objects-normal/arm64/ASTextKitTailTruncater.o /Users/admin/builder/spi-builder-workspace/.dependencies/checkouts/Texture/Source/TextKit/ASTextKitTailTruncater.mm normal arm64 objective-c++ com.apple.compilers.llvm.clang.1_0.compiler (in target 'AsyncDisplayKit' from project 'Texture')
cd /Users/admin/builder/spi-builder-workspace/.swiftpm/xcode
Using response file: /Users/admin/builder/spi-builder-workspace/.derivedData/Build/Intermediates.noindex/Texture.build/Debug/AsyncDisplayKit-t.build/Objects-normal/arm64/af3fcb34312c57c0f52879cdce924b91-common-args.resp
/Applications/Xcode-27.0.0-Release.Candidate.app/Contents/Developer/Toolchains/XcodeDefault.xctoolchain/usr/bin/clang -x objective-c++ -ivfsstatcache /Users/admin/builder/spi-builder-workspace/.derivedData/SDKStatCaches.noindex/macosx27.0-26A425-e829b21a6f8c9b70876ba0858053c0446a22442a12e9d48fe1a705f55a1adfc4.sdkstatcache -target arm64-apple-macos12.0 -fmessage-length\=0 -fdiagnostics-show-note-include-stack -fmacro-backtrace-limit\=0 -fno-color-diagnostics -fmodules-prune-interval\=86400 -fmodules-prune-after\=345600 -fbuild-session-file\=/Users/admin/builder/spi-builder-workspace/.derivedData/ModuleCache.noindex/Session.modulevalidation -fmodules-validate-once-per-build-session -Wnon-modular-include-in-framework-module -Werror\=non-modular-include-in-framework-module -Wno-trigraphs -Wno-missing-field-initializers -Wno-missing-prototypes -Wno-return-type -Wno-implicit-atomic-properties -Wno-objc-interface-ivars -Wno-arc-repeated-use-of-weak -Wno-non-virtual-dtor -Wno-overloaded-virtual -Wno-exit-time-destructors -Wno-missing-braces -Wparentheses -Wswitch -Wno-unused-function -Wno-unused-label -Wno-unused-parameter -Wno-unused-variable -Wunused-value -Wno-empty-body -Wno-uninitialized -Wno-unknown-pragmas -w -Wno-shadow -Wno-four-char-constants -Wno-conversion -Wno-constant-conversion -Wno-int-conversion -Wno-bool-conversion -Wno-enum-conversion -Wno-float-conversion -Wno-non-literal-null-conversion -Wno-objc-literal-conversion -Wshorten-64-to-32 -Wno-newline-eof -Wno-selector -Wno-strict-selector-match -Wno-undeclared-selector -Wno-deprecated-implementations -Wno-c++11-extensions -Wno-implicit-fallthrough -isysroot /Applications/Xcode-27.0.0-Release.Candidate.app/Contents/Developer/Platforms/MacOSX.platform/Developer/SDKs/MacOSX27.0.sdk -fstrict-aliasing -Wprotocol -Wdeprecated-declarations -Winvalid-offsetof -Wno-sign-conversion -Wno-infinite-recursion -Wno-move -Wno-comma -Wno-block-capture-autoreleasing -Wno-strict-prototypes -Wno-range-loop-analysis -Wno-semicolon-before-method-body -index-store-path /Users/admin/builder/spi-builder-workspace/.derivedData/Index.noindex/DataStore @/Users/admin/builder/spi-builder-workspace/.derivedData/Build/Intermediates.noindex/Texture.build/Debug/AsyncDisplayKit-t.build/Objects-normal/arm64/af3fcb34312c57c0f52879cdce924b91-common-args.resp -MMD -MT dependencies -MF /Users/admin/builder/spi-builder-workspace/.derivedData/Build/Intermediates.noindex/Texture.build/Debug/AsyncDisplayKit-t.build/Objects-normal/arm64/ASTextKitTailTruncater.d --serialize-diagnostics /Users/admin/builder/spi-builder-workspace/.derivedData/Build/Intermediates.noindex/Texture.build/Debug/AsyncDisplayKit-t.build/Objects-normal/arm64/ASTextKitTailTruncater.dia -c /Users/admin/builder/spi-builder-workspace/.dependencies/checkouts/Texture/Source/TextKit/ASTextKitTailTruncater.mm -o /Users/admin/builder/spi-builder-workspace/.derivedData/Build/Intermediates.noindex/Texture.build/Debug/AsyncDisplayKit-t.build/Objects-normal/arm64/ASTextKitTailTruncater.o -index-unit-output-path /Texture.build/Debug/AsyncDisplayKit-t.build/Objects-normal/arm64/ASTextKitTailTruncater.o
In file included from /Users/admin/builder/spi-builder-workspace/.dependencies/checkouts/Texture/Source/TextKit/ASTextKitTailTruncater.mm:10:
/Users/admin/builder/spi-builder-workspace/.dependencies/checkouts/Texture/Source/TextKit/ASTextKitTailTruncater.h:10:9: fatal error: 'UIKit/UIKit.h' file not found
10 | #import <UIKit/UIKit.h>
| ^~~~~~~~~~~~~~~
CompileC /Users/admin/builder/spi-builder-workspace/.derivedData/Build/Intermediates.noindex/Texture.build/Debug/AsyncDisplayKit-t.build/Objects-normal/arm64/ASTextKitShadower.o /Users/admin/builder/spi-builder-workspace/.dependencies/checkouts/Texture/Source/TextKit/ASTextKitShadower.mm normal arm64 objective-c++ com.apple.compilers.llvm.clang.1_0.compiler (in target 'AsyncDisplayKit' from project 'Texture')
cd /Users/admin/builder/spi-builder-workspace/.swiftpm/xcode
Using response file: /Users/admin/builder/spi-builder-workspace/.derivedData/Build/Intermediates.noindex/Texture.build/Debug/AsyncDisplayKit-t.build/Objects-normal/arm64/af3fcb34312c57c0f52879cdce924b91-common-args.resp
/Applications/Xcode-27.0.0-Release.Candidate.app/Contents/Developer/Toolchains/XcodeDefault.xctoolchain/usr/bin/clang -x objective-c++ -ivfsstatcache /Users/admin/builder/spi-builder-workspace/.derivedData/SDKStatCaches.noindex/macosx27.0-26A425-e829b21a6f8c9b70876ba0858053c0446a22442a12e9d48fe1a705f55a1adfc4.sdkstatcache -target arm64-apple-macos12.0 -fmessage-length\=0 -fdiagnostics-show-note-include-stack -fmacro-backtrace-limit\=0 -fno-color-diagnostics -fmodules-prune-interval\=86400 -fmodules-prune-after\=345600 -fbuild-session-file\=/Users/admin/builder/spi-builder-workspace/.derivedData/ModuleCache.noindex/Session.modulevalidation -fmodules-validate-once-per-build-session -Wnon-modular-include-in-framework-module -Werror\=non-modular-include-in-framework-module -Wno-trigraphs -Wno-missing-field-initializers -Wno-missing-prototypes -Wno-return-type -Wno-implicit-atomic-properties -Wno-objc-interface-ivars -Wno-arc-repeated-use-of-weak -Wno-non-virtual-dtor -Wno-overloaded-virtual -Wno-exit-time-destructors -Wno-missing-braces -Wparentheses -Wswitch -Wno-unused-function -Wno-unused-label -Wno-unused-parameter -Wno-unused-variable -Wunused-value -Wno-empty-body -Wno-uninitialized -Wno-unknown-pragmas -w -Wno-shadow -Wno-four-char-constants -Wno-conversion -Wno-constant-conversion -Wno-int-conversion -Wno-bool-conversion -Wno-enum-conversion -Wno-float-conversion -Wno-non-literal-null-conversion -Wno-objc-literal-conversion -Wshorten-64-to-32 -Wno-newline-eof -Wno-selector -Wno-strict-selector-match -Wno-undeclared-selector -Wno-deprecated-implementations -Wno-c++11-extensions -Wno-implicit-fallthrough -isysroot /Applications/Xcode-27.0.0-Release.Candidate.app/Contents/Developer/Platforms/MacOSX.platform/Developer/SDKs/MacOSX27.0.sdk -fstrict-aliasing -Wprotocol -Wdeprecated-declarations -Winvalid-offsetof -Wno-sign-conversion -Wno-infinite-recursion -Wno-move -Wno-comma -Wno-block-capture-autoreleasing -Wno-strict-prototypes -Wno-range-loop-analysis -Wno-semicolon-before-method-body -index-store-path /Users/admin/builder/spi-builder-workspace/.derivedData/Index.noindex/DataStore @/Users/admin/builder/spi-builder-workspace/.derivedData/Build/Intermediates.noindex/Texture.build/Debug/AsyncDisplayKit-t.build/Objects-normal/arm64/af3fcb34312c57c0f52879cdce924b91-common-args.resp -MMD -MT dependencies -MF /Users/admin/builder/spi-builder-workspace/.derivedData/Build/Intermediates.noindex/Texture.build/Debug/AsyncDisplayKit-t.build/Objects-normal/arm64/ASTextKitShadower.d --serialize-diagnostics /Users/admin/builder/spi-builder-workspace/.derivedData/Build/Intermediates.noindex/Texture.build/Debug/AsyncDisplayKit-t.build/Objects-normal/arm64/ASTextKitShadower.dia -c /Users/admin/builder/spi-builder-workspace/.dependencies/checkouts/Texture/Source/TextKit/ASTextKitShadower.mm -o /Users/admin/builder/spi-builder-workspace/.derivedData/Build/Intermediates.noindex/Texture.build/Debug/AsyncDisplayKit-t.build/Objects-normal/arm64/ASTextKitShadower.o -index-unit-output-path /Texture.build/Debug/AsyncDisplayKit-t.build/Objects-normal/arm64/ASTextKitShadower.o
In file included from /Users/admin/builder/spi-builder-workspace/.dependencies/checkouts/Texture/Source/TextKit/ASTextKitShadower.mm:10:
/Users/admin/builder/spi-builder-workspace/.dependencies/checkouts/Texture/Source/TextKit/ASTextKitShadower.h:10:9: fatal error: 'UIKit/UIKit.h' file not found
10 | #import <UIKit/UIKit.h>
| ^~~~~~~~~~~~~~~
CompileC /Users/admin/builder/spi-builder-workspace/.derivedData/Build/Intermediates.noindex/Texture.build/Debug/AsyncDisplayKit-t.build/Objects-normal/arm64/ASTextKitRenderer.o /Users/admin/builder/spi-builder-workspace/.dependencies/checkouts/Texture/Source/TextKit/ASTextKitRenderer.mm normal arm64 objective-c++ com.apple.compilers.llvm.clang.1_0.compiler (in target 'AsyncDisplayKit' from project 'Texture')
cd /Users/admin/builder/spi-builder-workspace/.swiftpm/xcode
Using response file: /Users/admin/builder/spi-builder-workspace/.derivedData/Build/Intermediates.noindex/Texture.build/Debug/AsyncDisplayKit-t.build/Objects-normal/arm64/af3fcb34312c57c0f52879cdce924b91-common-args.resp
/Applications/Xcode-27.0.0-Release.Candidate.app/Contents/Developer/Toolchains/XcodeDefault.xctoolchain/usr/bin/clang -x objective-c++ -ivfsstatcache /Users/admin/builder/spi-builder-workspace/.derivedData/SDKStatCaches.noindex/macosx27.0-26A425-e829b21a6f8c9b70876ba0858053c0446a22442a12e9d48fe1a705f55a1adfc4.sdkstatcache -target arm64-apple-macos12.0 -fmessage-length\=0 -fdiagnostics-show-note-include-stack -fmacro-backtrace-limit\=0 -fno-color-diagnostics -fmodules-prune-interval\=86400 -fmodules-prune-after\=345600 -fbuild-session-file\=/Users/admin/builder/spi-builder-workspace/.derivedData/ModuleCache.noindex/Session.modulevalidation -fmodules-validate-once-per-build-session -Wnon-modular-include-in-framework-module -Werror\=non-modular-include-in-framework-module -Wno-trigraphs -Wno-missing-field-initializers -Wno-missing-prototypes -Wno-return-type -Wno-implicit-atomic-properties -Wno-objc-interface-ivars -Wno-arc-repeated-use-of-weak -Wno-non-virtual-dtor -Wno-overloaded-virtual -Wno-exit-time-destructors -Wno-missing-braces -Wparentheses -Wswitch -Wno-unused-function -Wno-unused-label -Wno-unused-parameter -Wno-unused-variable -Wunused-value -Wno-empty-body -Wno-uninitialized -Wno-unknown-pragmas -w -Wno-shadow -Wno-four-char-constants -Wno-conversion -Wno-constant-conversion -Wno-int-conversion -Wno-bool-conversion -Wno-enum-conversion -Wno-float-conversion -Wno-non-literal-null-conversion -Wno-objc-literal-conversion -Wshorten-64-to-32 -Wno-newline-eof -Wno-selector -Wno-strict-selector-match -Wno-undeclared-selector -Wno-deprecated-implementations -Wno-c++11-extensions -Wno-implicit-fallthrough -isysroot /Applications/Xcode-27.0.0-Release.Candidate.app/Contents/Developer/Platforms/MacOSX.platform/Developer/SDKs/MacOSX27.0.sdk -fstrict-aliasing -Wprotocol -Wdeprecated-declarations -Winvalid-offsetof -Wno-sign-conversion -Wno-infinite-recursion -Wno-move -Wno-comma -Wno-block-capture-autoreleasing -Wno-strict-prototypes -Wno-range-loop-analysis -Wno-semicolon-before-method-body -index-store-path /Users/admin/builder/spi-builder-workspace/.derivedData/Index.noindex/DataStore @/Users/admin/builder/spi-builder-workspace/.derivedData/Build/Intermediates.noindex/Texture.build/Debug/AsyncDisplayKit-t.build/Objects-normal/arm64/af3fcb34312c57c0f52879cdce924b91-common-args.resp -MMD -MT dependencies -MF /Users/admin/builder/spi-builder-workspace/.derivedData/Build/Intermediates.noindex/Texture.build/Debug/AsyncDisplayKit-t.build/Objects-normal/arm64/ASTextKitRenderer.d --serialize-diagnostics /Users/admin/builder/spi-builder-workspace/.derivedData/Build/Intermediates.noindex/Texture.build/Debug/AsyncDisplayKit-t.build/Objects-normal/arm64/ASTextKitRenderer.dia -c /Users/admin/builder/spi-builder-workspace/.dependencies/checkouts/Texture/Source/TextKit/ASTextKitRenderer.mm -o /Users/admin/builder/spi-builder-workspace/.derivedData/Build/Intermediates.noindex/Texture.build/Debug/AsyncDisplayKit-t.build/Objects-normal/arm64/ASTextKitRenderer.o -index-unit-output-path /Texture.build/Debug/AsyncDisplayKit-t.build/Objects-normal/arm64/ASTextKitRenderer.o
In file included from /Users/admin/builder/spi-builder-workspace/.dependencies/checkouts/Texture/Source/TextKit/ASTextKitRenderer.mm:10:
/Users/admin/builder/spi-builder-workspace/.dependencies/checkouts/Texture/Source/TextKit/ASTextKitRenderer.h:10:9: fatal error: 'UIKit/UIKit.h' file not found
10 | #import <UIKit/UIKit.h>
| ^~~~~~~~~~~~~~~
CompileC /Users/admin/builder/spi-builder-workspace/.derivedData/Build/Intermediates.noindex/Texture.build/Debug/AsyncDisplayKit-t.build/Objects-normal/arm64/ASTextKitRenderer+TextChecking.o /Users/admin/builder/spi-builder-workspace/.dependencies/checkouts/Texture/Source/TextKit/ASTextKitRenderer+TextChecking.mm normal arm64 objective-c++ com.apple.compilers.llvm.clang.1_0.compiler (in target 'AsyncDisplayKit' from project 'Texture')
cd /Users/admin/builder/spi-builder-workspace/.swiftpm/xcode
Using response file: /Users/admin/builder/spi-builder-workspace/.derivedData/Build/Intermediates.noindex/Texture.build/Debug/AsyncDisplayKit-t.build/Objects-normal/arm64/af3fcb34312c57c0f52879cdce924b91-common-args.resp
/Applications/Xcode-27.0.0-Release.Candidate.app/Contents/Developer/Toolchains/XcodeDefault.xctoolchain/usr/bin/clang -x objective-c++ -ivfsstatcache /Users/admin/builder/spi-builder-workspace/.derivedData/SDKStatCaches.noindex/macosx27.0-26A425-e829b21a6f8c9b70876ba0858053c0446a22442a12e9d48fe1a705f55a1adfc4.sdkstatcache -target arm64-apple-macos12.0 -fmessage-length\=0 -fdiagnostics-show-note-include-stack -fmacro-backtrace-limit\=0 -fno-color-diagnostics -fmodules-prune-interval\=86400 -fmodules-prune-after\=345600 -fbuild-session-file\=/Users/admin/builder/spi-builder-workspace/.derivedData/ModuleCache.noindex/Session.modulevalidation -fmodules-validate-once-per-build-session -Wnon-modular-include-in-framework-module -Werror\=non-modular-include-in-framework-module -Wno-trigraphs -Wno-missing-field-initializers -Wno-missing-prototypes -Wno-return-type -Wno-implicit-atomic-properties -Wno-objc-interface-ivars -Wno-arc-repeated-use-of-weak -Wno-non-virtual-dtor -Wno-overloaded-virtual -Wno-exit-time-destructors -Wno-missing-braces -Wparentheses -Wswitch -Wno-unused-function -Wno-unused-label -Wno-unused-parameter -Wno-unused-variable -Wunused-value -Wno-empty-body -Wno-uninitialized -Wno-unknown-pragmas -w -Wno-shadow -Wno-four-char-constants -Wno-conversion -Wno-constant-conversion -Wno-int-conversion -Wno-bool-conversion -Wno-enum-conversion -Wno-float-conversion -Wno-non-literal-null-conversion -Wno-objc-literal-conversion -Wshorten-64-to-32 -Wno-newline-eof -Wno-selector -Wno-strict-selector-match -Wno-undeclared-selector -Wno-deprecated-implementations -Wno-c++11-extensions -Wno-implicit-fallthrough -isysroot /Applications/Xcode-27.0.0-Release.Candidate.app/Contents/Developer/Platforms/MacOSX.platform/Developer/SDKs/MacOSX27.0.sdk -fstrict-aliasing -Wprotocol -Wdeprecated-declarations -Winvalid-offsetof -Wno-sign-conversion -Wno-infinite-recursion -Wno-move -Wno-comma -Wno-block-capture-autoreleasing -Wno-strict-prototypes -Wno-range-loop-analysis -Wno-semicolon-before-method-body -index-store-path /Users/admin/builder/spi-builder-workspace/.derivedData/Index.noindex/DataStore @/Users/admin/builder/spi-builder-workspace/.derivedData/Build/Intermediates.noindex/Texture.build/Debug/AsyncDisplayKit-t.build/Objects-normal/arm64/af3fcb34312c57c0f52879cdce924b91-common-args.resp -MMD -MT dependencies -MF /Users/admin/builder/spi-builder-workspace/.derivedData/Build/Intermediates.noindex/Texture.build/Debug/AsyncDisplayKit-t.build/Objects-normal/arm64/ASTextKitRenderer+TextChecking.d --serialize-diagnostics /Users/admin/builder/spi-builder-workspace/.derivedData/Build/Intermediates.noindex/Texture.build/Debug/AsyncDisplayKit-t.build/Objects-normal/arm64/ASTextKitRenderer+TextChecking.dia -c /Users/admin/builder/spi-builder-workspace/.dependencies/checkouts/Texture/Source/TextKit/ASTextKitRenderer+TextChecking.mm -o /Users/admin/builder/spi-builder-workspace/.derivedData/Build/Intermediates.noindex/Texture.build/Debug/AsyncDisplayKit-t.build/Objects-normal/arm64/ASTextKitRenderer+TextChecking.o -index-unit-output-path /Texture.build/Debug/AsyncDisplayKit-t.build/Objects-normal/arm64/ASTextKitRenderer+TextChecking.o
In file included from /Users/admin/builder/spi-builder-workspace/.dependencies/checkouts/Texture/Source/TextKit/ASTextKitRenderer+TextChecking.mm:10:
In file included from /Users/admin/builder/spi-builder-workspace/.dependencies/checkouts/Texture/Source/TextKit/ASTextKitRenderer+TextChecking.h:10:
/Users/admin/builder/spi-builder-workspace/.dependencies/checkouts/Texture/Source/TextKit/ASTextKitRenderer.h:10:9: fatal error: 'UIKit/UIKit.h' file not found
10 | #import <UIKit/UIKit.h>
| ^~~~~~~~~~~~~~~
SwiftDriver TextureBridging normal arm64 com.apple.xcode.tools.swift.compiler (in target 'TextureBridging' from project 'TextureBridging')
cd /Users/admin/builder/spi-builder-workspace/.swiftpm/xcode
builtin-SwiftDriver -- /Applications/Xcode-27.0.0-Release.Candidate.app/Contents/Developer/Toolchains/XcodeDefault.xctoolchain/usr/bin/swiftc -parse-as-library -module-name TextureBridging -Onone @/Users/admin/builder/spi-builder-workspace/.derivedData/Build/Intermediates.noindex/TextureBridging.build/Debug/TextureBridging-t.build/Objects-normal/arm64/TextureBridging.SwiftFileList -DSWIFT_PACKAGE -DDEBUG -DSWIFT_MODULE_RESOURCE_BUNDLE_UNAVAILABLE -Xcc -fmodule-map-file\=/Users/admin/builder/spi-builder-workspace/.derivedData/Build/Intermediates.noindex/GeneratedModuleMaps/AsyncDisplayKit.modulemap -DXcode -plugin-path /Applications/Xcode-27.0.0-Release.Candidate.app/Contents/Developer/Toolchains/XcodeDefault.xctoolchain/usr/lib/swift/host/plugins/testing -enable-experimental-feature DebugDescriptionMacro -sdk /Applications/Xcode-27.0.0-Release.Candidate.app/Contents/Developer/Platforms/MacOSX.platform/Developer/SDKs/MacOSX27.0.sdk -target arm64-apple-macos12.0 -g -module-cache-path /Users/admin/builder/spi-builder-workspace/.derivedData/ModuleCache.noindex -Xfrontend -serialize-debugging-options -enable-testing -index-store-path /Users/admin/builder/spi-builder-workspace/.derivedData/Index.noindex/DataStore -Xcc -D_LIBCPP_HARDENING_MODE\=_LIBCPP_HARDENING_MODE_DEBUG -swift-version 5 -I /Users/admin/builder/spi-builder-workspace/.derivedData/Build/Products/Debug -Isystem /Applications/Xcode-27.0.0-Release.Candidate.app/Contents/Developer/Platforms/MacOSX.platform/Developer/usr/lib -F /Users/admin/builder/spi-builder-workspace/.derivedData/Build/Products/Debug/PackageFrameworks -F /Users/admin/builder/spi-builder-workspace/.derivedData/Build/Products/Debug -F /Applications/Xcode-27.0.0-Release.Candidate.app/Contents/Developer/Platforms/MacOSX.platform/Developer/Library/Frameworks -c -j10 -enable-batch-mode -incremental -Xcc -ivfsstatcache -Xcc /Users/admin/builder/spi-builder-workspace/.derivedData/SDKStatCaches.noindex/macosx27.0-26A425-e829b21a6f8c9b70876ba0858053c0446a22442a12e9d48fe1a705f55a1adfc4.sdkstatcache -output-file-map /Users/admin/builder/spi-builder-workspace/.derivedData/Build/Intermediates.noindex/TextureBridging.build/Debug/TextureBridging-t.build/Objects-normal/arm64/TextureBridging-OutputFileMap.json -save-temps -no-color-diagnostics -explicit-module-build -module-cache-path /Users/admin/builder/spi-builder-workspace/.derivedData/Build/Intermediates.noindex/SwiftExplicitPrecompiledModules -clang-scanner-module-cache-path /Users/admin/builder/spi-builder-workspace/.derivedData/ModuleCache.noindex -sdk-module-cache-path /Users/admin/builder/spi-builder-workspace/.derivedData/SDKExplicitPrecompiledModules -emit-dependencies -emit-module -emit-module-path /Users/admin/builder/spi-builder-workspace/.derivedData/Build/Intermediates.noindex/TextureBridging.build/Debug/TextureBridging-t.build/Objects-normal/arm64/TextureBridging.swiftmodule -serialize-diagnostics -dependency-scan-serialize-diagnostics-path /Users/admin/builder/spi-builder-workspace/.derivedData/Build/Intermediates.noindex/TextureBridging.build/Debug/TextureBridging-t.build/Objects-normal/arm64/TextureBridging-dependency-scan.dia -validate-clang-modules-once -clang-build-session-file /Users/admin/builder/spi-builder-workspace/.derivedData/ModuleCache.noindex/Session.modulevalidation -Xcc -fmodules-prune-interval\=86400 -Xcc -fmodules-prune-after\=345600 -emit-const-values -const-gather-protocols-list /Users/admin/builder/spi-builder-workspace/.derivedData/Build/Intermediates.noindex/TextureBridging.build/Debug/TextureBridging-t.build/Objects-normal/arm64/TextureBridging_const_extract_protocols.json -Xcc -I/Users/admin/builder/spi-builder-workspace/.dependencies/checkouts/Texture/Source/include -Xcc -I/Users/admin/builder/spi-builder-workspace/.derivedData/Build/Products/Debug/include -Xcc -I/Users/admin/builder/spi-builder-workspace/.derivedData/Build/Intermediates.noindex/TextureBridging.build/Debug/TextureBridging-t.build/DerivedSources-normal/arm64 -Xcc -I/Users/admin/builder/spi-builder-workspace/.derivedData/Build/Intermediates.noindex/TextureBridging.build/Debug/TextureBridging-t.build/DerivedSources/arm64 -Xcc -I/Users/admin/builder/spi-builder-workspace/.derivedData/Build/Intermediates.noindex/TextureBridging.build/Debug/TextureBridging-t.build/DerivedSources -Xcc -DSWIFT_PACKAGE -Xcc -DDEBUG\=1 -emit-objc-header -emit-objc-header-path /Users/admin/builder/spi-builder-workspace/.derivedData/Build/Intermediates.noindex/TextureBridging.build/Debug/TextureBridging-t.build/Objects-normal/arm64/TextureBridging-Swift.h -working-directory /Users/admin/builder/spi-builder-workspace/.swiftpm/xcode -experimental-emit-module-separately -disable-cmo
error: Clang dependency scanning failure: While building module 'AsyncDisplayKit' imported from module-include.input:1:
In file included from <module-includes>:1:
In file included from /Users/admin/builder/spi-builder-workspace/.dependencies/checkouts/Texture/Source/include/AsyncDisplayKit.h:12:
/Users/admin/builder/spi-builder-workspace/.dependencies/checkouts/Texture/Source/include/ASDisplayNode.h:12:9: fatal error: 'UIKit/UIKit.h' file not found
module-include.input:1:3: fatal error: could not build module 'AsyncDisplayKit'
(in target 'TextureBridging' from project 'TextureBridging')
/Users/admin/builder/spi-builder-workspace/Sources/TextureBridging/NodeView.swift:24:8: error: Unable to resolve module dependency: 'UIKit' (in target 'TextureBridging' from project 'TextureBridging')
note: A dependency of main module 'TextureBridging'
/Users/admin/builder/spi-builder-workspace/Sources/TextureBridging/NodeView.swift:25:8: error: Unable to resolve module dependency: 'AsyncDisplayKit' (in target 'TextureBridging' from project 'TextureBridging')
note: A dependency of main module 'TextureBridging'
error: Clang dependency scanning failure: While building module 'AsyncDisplayKit' imported from module-include.input:1:
In file included from <module-includes>:1:
In file included from /Users/admin/builder/spi-builder-workspace/.dependencies/checkouts/Texture/Source/include/AsyncDisplayKit.h:12:
/Users/admin/builder/spi-builder-workspace/.dependencies/checkouts/Texture/Source/include/ASDisplayNode.h:12:9: fatal error: 'UIKit/UIKit.h' file not found
module-include.input:1:3: fatal error: could not build module 'AsyncDisplayKit'
(in target 'TextureBridging' from project 'TextureBridging')
/Users/admin/builder/spi-builder-workspace/Sources/TextureBridging/NodeView.swift:24:8: note: A dependency of main module 'TextureBridging'
import UIKit
^ (in target 'TextureBridging' from project 'TextureBridging')
/Users/admin/builder/spi-builder-workspace/Sources/TextureBridging/NodeView.swift:25:8: note: A dependency of main module 'TextureBridging'
import AsyncDisplayKit
^ (in target 'TextureBridging' from project 'TextureBridging')
PruneExplicitPrecompiledModules /Users/admin/builder/spi-builder-workspace/.derivedData/Build/Intermediates.noindex/SwiftExplicitPrecompiledModules
PruneExplicitPrecompiledModules /Users/admin/builder/spi-builder-workspace/.derivedData/Build/Intermediates.noindex/ExplicitPrecompiledModules
PruneExplicitPrecompiledModules /Users/admin/builder/spi-builder-workspace/.derivedData/SDKExplicitPrecompiledModules
2026-09-21 20:00:01.793 xcodebuild[692:4497] [MT] IDERunDestination: Supported platforms for the buildables in the current scheme is empty.
--- xcodebuild: WARNING: Using the first of multiple matching destinations:
{ platform:macOS, arch:arm64, id:9dbe204dd1704d6ceff82bbac3dc2f7bfb490624, name:My Mac }
{ platform:macOS, arch:arm64, variant:Mac Catalyst, id:9dbe204dd1704d6ceff82bbac3dc2f7bfb490624, name:My Mac }
{ platform:macOS, arch:arm64, variant:DriverKit, id:9dbe204dd1704d6ceff82bbac3dc2f7bfb490624, name:My Mac }
{ platform:macOS, arch:arm64, variant:Designed for [iPad,iPhone], id:9dbe204dd1704d6ceff82bbac3dc2f7bfb490624, name:My Mac }
** BUILD FAILED **
The following build commands failed:
CompileC /Users/admin/builder/spi-builder-workspace/.derivedData/Build/Intermediates.noindex/Texture.build/Debug/AsyncDisplayKit-t.build/Objects-normal/arm64/UIResponder+AsyncDisplayKit.o /Users/admin/builder/spi-builder-workspace/.dependencies/checkouts/Texture/Source/UIResponder+AsyncDisplayKit.mm normal arm64 objective-c++ com.apple.compilers.llvm.clang.1_0.compiler (in target 'AsyncDisplayKit' from project 'Texture')
CompileC /Users/admin/builder/spi-builder-workspace/.derivedData/Build/Intermediates.noindex/Texture.build/Debug/AsyncDisplayKit-t.build/Objects-normal/arm64/ASTextNodeWordKerner.o /Users/admin/builder/spi-builder-workspace/.dependencies/checkouts/Texture/Source/TextKit/ASTextNodeWordKerner.mm normal arm64 objective-c++ com.apple.compilers.llvm.clang.1_0.compiler (in target 'AsyncDisplayKit' from project 'Texture')
CompileC /Users/admin/builder/spi-builder-workspace/.derivedData/Build/Intermediates.noindex/Texture.build/Debug/AsyncDisplayKit-t.build/Objects-normal/arm64/UIImage+ASConvenience.o /Users/admin/builder/spi-builder-workspace/.dependencies/checkouts/Texture/Source/UIImage+ASConvenience.mm normal arm64 objective-c++ com.apple.compilers.llvm.clang.1_0.compiler (in target 'AsyncDisplayKit' from project 'Texture')
SwiftDriver TextureBridging normal arm64 com.apple.xcode.tools.swift.compiler (in target 'TextureBridging' from project 'TextureBridging')
Building workspace TextureBridging with scheme TextureBridging
(5 failures)
Command line invocation:
/Applications/Xcode-27.0.0-Release.Candidate.app/Contents/Developer/usr/bin/xcodebuild -IDEClonedSourcePackagesDirPathOverride=/Users/admin/builder/spi-builder-workspace/.dependencies -resolvePackageDependencies
Resolve Package Graph
Resolved source packages:
TextureBridging: /Users/admin/builder/spi-builder-workspace
Texture: https://github.com/FluidGroup/Texture.git @ 3.0.4
resolved source packages: TextureBridging, Texture
2026-09-21 20:00:08.785 xcodebuild[739:4802] [MT] IDERunDestination: Supported platforms for the buildables in the current scheme is empty.
{
"dependencies" : [
{
"identity" : "texture",
"requirement" : {
"range" : [
{
"lower_bound" : "3.0.2",
"upper_bound" : "4.0.0"
}
]
},
"type" : "sourceControl",
"url" : "https://github.com/FluidGroup/Texture.git"
}
],
"manifest_display_name" : "TextureBridging",
"name" : "TextureBridging",
"path" : "/Users/admin/builder/spi-builder-workspace",
"platforms" : [
{
"name" : "ios",
"version" : "13.0"
}
],
"products" : [
{
"name" : "TextureBridging",
"targets" : [
"TextureBridging"
],
"type" : {
"library" : [
"automatic"
]
}
}
],
"swift_languages_versions" : [
"5"
],
"targets" : [
{
"c99name" : "TextureBridging",
"module_type" : "SwiftTarget",
"name" : "TextureBridging",
"path" : "Sources/TextureBridging",
"product_dependencies" : [
"AsyncDisplayKit"
],
"product_memberships" : [
"TextureBridging"
],
"sources" : [
"Logger.swift",
"NodeView.swift"
],
"type" : "library"
}
],
"tools_version" : "5.6"
}
{
"workspace" : {
"name" : "TextureBridging",
"schemes" : [
"TextureBridging"
]
}
}
2026-09-21 20:00:10.336 xcodebuild[747:4870] [MT] IDERunDestination: Supported platforms for the buildables in the current scheme is empty.
Running build ...
env DEVELOPER_DIR=/Applications/Xcode-27.0.0-Release.Candidate.app xcrun xcodebuild -IDEClonedSourcePackagesDirPathOverride=$PWD/.dependencies -skipMacroValidation -skipPackagePluginValidation -derivedDataPath $PWD/.derivedData build -scheme TextureBridging -destination platform=macOS,arch=arm64
Command line invocation:
/Applications/Xcode-27.0.0-Release.Candidate.app/Contents/Developer/usr/bin/xcodebuild -IDEClonedSourcePackagesDirPathOverride=/Users/admin/builder/spi-builder-workspace/.dependencies -skipMacroValidation -skipPackagePluginValidation -derivedDataPath /Users/admin/builder/spi-builder-workspace/.derivedData build -scheme TextureBridging -destination platform=macOS,arch=arm64
Resolve Package Graph
Resolved source packages:
Texture: https://github.com/FluidGroup/Texture.git @ 3.0.4
TextureBridging: /Users/admin/builder/spi-builder-workspace
ComputePackagePrebuildTargetDependencyGraph
Prepare packages
CreateBuildRequest
SendProjectDescription
CreateBuildOperation
ComputeTargetDependencyGraph
note: Building targets in dependency order
note: Target dependency graph (4 targets)
Target 'TextureBridging-product' in project 'TextureBridging'
➜ Explicit dependency on target 'TextureBridging' in project 'TextureBridging'
➜ Explicit dependency on target 'AsyncDisplayKit-product' in project 'Texture'
Target 'TextureBridging' in project 'TextureBridging'
➜ Explicit dependency on target 'AsyncDisplayKit-product' in project 'Texture'
Target 'AsyncDisplayKit-product' in project 'Texture'
➜ Explicit dependency on target 'AsyncDisplayKit' in project 'Texture'
Target 'AsyncDisplayKit' in project 'Texture' (no dependencies)
GatherProvisioningInputs
CreateBuildDescription
ClangStatCache /Applications/Xcode-27.0.0-Release.Candidate.app/Contents/Developer/Toolchains/XcodeDefault.xctoolchain/usr/bin/clang-stat-cache /Applications/Xcode-27.0.0-Release.Candidate.app/Contents/Developer/Platforms/MacOSX.platform/Developer/SDKs/MacOSX27.0.sdk /Users/admin/builder/spi-builder-workspace/.derivedData/SDKStatCaches.noindex/macosx27.0-26A425-e829b21a6f8c9b70876ba0858053c0446a22442a12e9d48fe1a705f55a1adfc4.sdkstatcache
cd /Users/admin/builder/spi-builder-workspace/.swiftpm/xcode
/Applications/Xcode-27.0.0-Release.Candidate.app/Contents/Developer/Toolchains/XcodeDefault.xctoolchain/usr/bin/clang-stat-cache /Applications/Xcode-27.0.0-Release.Candidate.app/Contents/Developer/Platforms/MacOSX.platform/Developer/SDKs/MacOSX27.0.sdk -o /Users/admin/builder/spi-builder-workspace/.derivedData/SDKStatCaches.noindex/macosx27.0-26A425-e829b21a6f8c9b70876ba0858053c0446a22442a12e9d48fe1a705f55a1adfc4.sdkstatcache
CompileC /Users/admin/builder/spi-builder-workspace/.derivedData/Build/Intermediates.noindex/Texture.build/Debug/AsyncDisplayKit-t.build/Objects-normal/arm64/_ASTransitionContext.o /Users/admin/builder/spi-builder-workspace/.dependencies/checkouts/Texture/Source/_ASTransitionContext.mm normal arm64 objective-c++ com.apple.compilers.llvm.clang.1_0.compiler (in target 'AsyncDisplayKit' from project 'Texture')
cd /Users/admin/builder/spi-builder-workspace/.swiftpm/xcode
Using response file: /Users/admin/builder/spi-builder-workspace/.derivedData/Build/Intermediates.noindex/Texture.build/Debug/AsyncDisplayKit-t.build/Objects-normal/arm64/af3fcb34312c57c0f52879cdce924b91-common-args.resp
/Applications/Xcode-27.0.0-Release.Candidate.app/Contents/Developer/Toolchains/XcodeDefault.xctoolchain/usr/bin/clang -x objective-c++ -ivfsstatcache /Users/admin/builder/spi-builder-workspace/.derivedData/SDKStatCaches.noindex/macosx27.0-26A425-e829b21a6f8c9b70876ba0858053c0446a22442a12e9d48fe1a705f55a1adfc4.sdkstatcache -target arm64-apple-macos12.0 -fmessage-length\=0 -fdiagnostics-show-note-include-stack -fmacro-backtrace-limit\=0 -fno-color-diagnostics -fmodules-prune-interval\=86400 -fmodules-prune-after\=345600 -fbuild-session-file\=/Users/admin/builder/spi-builder-workspace/.derivedData/ModuleCache.noindex/Session.modulevalidation -fmodules-validate-once-per-build-session -Wnon-modular-include-in-framework-module -Werror\=non-modular-include-in-framework-module -Wno-trigraphs -Wno-missing-field-initializers -Wno-missing-prototypes -Wno-return-type -Wno-implicit-atomic-properties -Wno-objc-interface-ivars -Wno-arc-repeated-use-of-weak -Wno-non-virtual-dtor -Wno-overloaded-virtual -Wno-exit-time-destructors -Wno-missing-braces -Wparentheses -Wswitch -Wno-unused-function -Wno-unused-label -Wno-unused-parameter -Wno-unused-variable -Wunused-value -Wno-empty-body -Wno-uninitialized -Wno-unknown-pragmas -w -Wno-shadow -Wno-four-char-constants -Wno-conversion -Wno-constant-conversion -Wno-int-conversion -Wno-bool-conversion -Wno-enum-conversion -Wno-float-conversion -Wno-non-literal-null-conversion -Wno-objc-literal-conversion -Wshorten-64-to-32 -Wno-newline-eof -Wno-selector -Wno-strict-selector-match -Wno-undeclared-selector -Wno-deprecated-implementations -Wno-c++11-extensions -Wno-implicit-fallthrough -isysroot /Applications/Xcode-27.0.0-Release.Candidate.app/Contents/Developer/Platforms/MacOSX.platform/Developer/SDKs/MacOSX27.0.sdk -fstrict-aliasing -Wprotocol -Wdeprecated-declarations -Winvalid-offsetof -Wno-sign-conversion -Wno-infinite-recursion -Wno-move -Wno-comma -Wno-block-capture-autoreleasing -Wno-strict-prototypes -Wno-range-loop-analysis -Wno-semicolon-before-method-body -index-store-path /Users/admin/builder/spi-builder-workspace/.derivedData/Index.noindex/DataStore @/Users/admin/builder/spi-builder-workspace/.derivedData/Build/Intermediates.noindex/Texture.build/Debug/AsyncDisplayKit-t.build/Objects-normal/arm64/af3fcb34312c57c0f52879cdce924b91-common-args.resp -MMD -MT dependencies -MF /Users/admin/builder/spi-builder-workspace/.derivedData/Build/Intermediates.noindex/Texture.build/Debug/AsyncDisplayKit-t.build/Objects-normal/arm64/_ASTransitionContext.d --serialize-diagnostics /Users/admin/builder/spi-builder-workspace/.derivedData/Build/Intermediates.noindex/Texture.build/Debug/AsyncDisplayKit-t.build/Objects-normal/arm64/_ASTransitionContext.dia -c /Users/admin/builder/spi-builder-workspace/.dependencies/checkouts/Texture/Source/_ASTransitionContext.mm -o /Users/admin/builder/spi-builder-workspace/.derivedData/Build/Intermediates.noindex/Texture.build/Debug/AsyncDisplayKit-t.build/Objects-normal/arm64/_ASTransitionContext.o -index-unit-output-path /Texture.build/Debug/AsyncDisplayKit-t.build/Objects-normal/arm64/_ASTransitionContext.o
In file included from /Users/admin/builder/spi-builder-workspace/.dependencies/checkouts/Texture/Source/_ASTransitionContext.mm:10:
In file included from /Users/admin/builder/spi-builder-workspace/.dependencies/checkouts/Texture/Source/_ASTransitionContext.h:12:
In file included from /Users/admin/builder/spi-builder-workspace/.dependencies/checkouts/Texture/Source/ASContextTransitioning.h:10:
/Users/admin/builder/spi-builder-workspace/.dependencies/checkouts/Texture/Source/include/ASDimension.h:11:9: fatal error: 'UIKit/UIGeometry.h' file not found
11 | #import <UIKit/UIGeometry.h>
| ^~~~~~~~~~~~~~~~~~~~
CompileC /Users/admin/builder/spi-builder-workspace/.derivedData/Build/Intermediates.noindex/Texture.build/Debug/AsyncDisplayKit-t.build/Objects-normal/arm64/UIResponder+AsyncDisplayKit.o /Users/admin/builder/spi-builder-workspace/.dependencies/checkouts/Texture/Source/UIResponder+AsyncDisplayKit.mm normal arm64 objective-c++ com.apple.compilers.llvm.clang.1_0.compiler (in target 'AsyncDisplayKit' from project 'Texture')
cd /Users/admin/builder/spi-builder-workspace/.swiftpm/xcode
Using response file: /Users/admin/builder/spi-builder-workspace/.derivedData/Build/Intermediates.noindex/Texture.build/Debug/AsyncDisplayKit-t.build/Objects-normal/arm64/af3fcb34312c57c0f52879cdce924b91-common-args.resp
/Applications/Xcode-27.0.0-Release.Candidate.app/Contents/Developer/Toolchains/XcodeDefault.xctoolchain/usr/bin/clang -x objective-c++ -ivfsstatcache /Users/admin/builder/spi-builder-workspace/.derivedData/SDKStatCaches.noindex/macosx27.0-26A425-e829b21a6f8c9b70876ba0858053c0446a22442a12e9d48fe1a705f55a1adfc4.sdkstatcache -target arm64-apple-macos12.0 -fmessage-length\=0 -fdiagnostics-show-note-include-stack -fmacro-backtrace-limit\=0 -fno-color-diagnostics -fmodules-prune-interval\=86400 -fmodules-prune-after\=345600 -fbuild-session-file\=/Users/admin/builder/spi-builder-workspace/.derivedData/ModuleCache.noindex/Session.modulevalidation -fmodules-validate-once-per-build-session -Wnon-modular-include-in-framework-module -Werror\=non-modular-include-in-framework-module -Wno-trigraphs -Wno-missing-field-initializers -Wno-missing-prototypes -Wno-return-type -Wno-implicit-atomic-properties -Wno-objc-interface-ivars -Wno-arc-repeated-use-of-weak -Wno-non-virtual-dtor -Wno-overloaded-virtual -Wno-exit-time-destructors -Wno-missing-braces -Wparentheses -Wswitch -Wno-unused-function -Wno-unused-label -Wno-unused-parameter -Wno-unused-variable -Wunused-value -Wno-empty-body -Wno-uninitialized -Wno-unknown-pragmas -w -Wno-shadow -Wno-four-char-constants -Wno-conversion -Wno-constant-conversion -Wno-int-conversion -Wno-bool-conversion -Wno-enum-conversion -Wno-float-conversion -Wno-non-literal-null-conversion -Wno-objc-literal-conversion -Wshorten-64-to-32 -Wno-newline-eof -Wno-selector -Wno-strict-selector-match -Wno-undeclared-selector -Wno-deprecated-implementations -Wno-c++11-extensions -Wno-implicit-fallthrough -isysroot /Applications/Xcode-27.0.0-Release.Candidate.app/Contents/Developer/Platforms/MacOSX.platform/Developer/SDKs/MacOSX27.0.sdk -fstrict-aliasing -Wprotocol -Wdeprecated-declarations -Winvalid-offsetof -Wno-sign-conversion -Wno-infinite-recursion -Wno-move -Wno-comma -Wno-block-capture-autoreleasing -Wno-strict-prototypes -Wno-range-loop-analysis -Wno-semicolon-before-method-body -index-store-path /Users/admin/builder/spi-builder-workspace/.derivedData/Index.noindex/DataStore @/Users/admin/builder/spi-builder-workspace/.derivedData/Build/Intermediates.noindex/Texture.build/Debug/AsyncDisplayKit-t.build/Objects-normal/arm64/af3fcb34312c57c0f52879cdce924b91-common-args.resp -MMD -MT dependencies -MF /Users/admin/builder/spi-builder-workspace/.derivedData/Build/Intermediates.noindex/Texture.build/Debug/AsyncDisplayKit-t.build/Objects-normal/arm64/UIResponder+AsyncDisplayKit.d --serialize-diagnostics /Users/admin/builder/spi-builder-workspace/.derivedData/Build/Intermediates.noindex/Texture.build/Debug/AsyncDisplayKit-t.build/Objects-normal/arm64/UIResponder+AsyncDisplayKit.dia -c /Users/admin/builder/spi-builder-workspace/.dependencies/checkouts/Texture/Source/UIResponder+AsyncDisplayKit.mm -o /Users/admin/builder/spi-builder-workspace/.derivedData/Build/Intermediates.noindex/Texture.build/Debug/AsyncDisplayKit-t.build/Objects-normal/arm64/UIResponder+AsyncDisplayKit.o -index-unit-output-path /Texture.build/Debug/AsyncDisplayKit-t.build/Objects-normal/arm64/UIResponder+AsyncDisplayKit.o
In file included from /Users/admin/builder/spi-builder-workspace/.dependencies/checkouts/Texture/Source/UIResponder+AsyncDisplayKit.mm:10:
/Users/admin/builder/spi-builder-workspace/.dependencies/checkouts/Texture/Source/UIResponder+AsyncDisplayKit.h:10:9: fatal error: 'UIKit/UIKit.h' file not found
10 | #import <UIKit/UIKit.h>
| ^~~~~~~~~~~~~~~
1 error generated.
CompileC /Users/admin/builder/spi-builder-workspace/.derivedData/Build/Intermediates.noindex/Texture.build/Debug/AsyncDisplayKit-t.build/Objects-normal/arm64/ASControlNode+tvOS.o /Users/admin/builder/spi-builder-workspace/.dependencies/checkouts/Texture/Source/tvOS/ASControlNode+tvOS.mm normal arm64 objective-c++ com.apple.compilers.llvm.clang.1_0.compiler (in target 'AsyncDisplayKit' from project 'Texture')
cd /Users/admin/builder/spi-builder-workspace/.swiftpm/xcode
Using response file: /Users/admin/builder/spi-builder-workspace/.derivedData/Build/Intermediates.noindex/Texture.build/Debug/AsyncDisplayKit-t.build/Objects-normal/arm64/af3fcb34312c57c0f52879cdce924b91-common-args.resp
/Applications/Xcode-27.0.0-Release.Candidate.app/Contents/Developer/Toolchains/XcodeDefault.xctoolchain/usr/bin/clang -x objective-c++ -ivfsstatcache /Users/admin/builder/spi-builder-workspace/.derivedData/SDKStatCaches.noindex/macosx27.0-26A425-e829b21a6f8c9b70876ba0858053c0446a22442a12e9d48fe1a705f55a1adfc4.sdkstatcache -target arm64-apple-macos12.0 -fmessage-length\=0 -fdiagnostics-show-note-include-stack -fmacro-backtrace-limit\=0 -fno-color-diagnostics -fmodules-prune-interval\=86400 -fmodules-prune-after\=345600 -fbuild-session-file\=/Users/admin/builder/spi-builder-workspace/.derivedData/ModuleCache.noindex/Session.modulevalidation -fmodules-validate-once-per-build-session -Wnon-modular-include-in-framework-module -Werror\=non-modular-include-in-framework-module -Wno-trigraphs -Wno-missing-field-initializers -Wno-missing-prototypes -Wno-return-type -Wno-implicit-atomic-properties -Wno-objc-interface-ivars -Wno-arc-repeated-use-of-weak -Wno-non-virtual-dtor -Wno-overloaded-virtual -Wno-exit-time-destructors -Wno-missing-braces -Wparentheses -Wswitch -Wno-unused-function -Wno-unused-label -Wno-unused-parameter -Wno-unused-variable -Wunused-value -Wno-empty-body -Wno-uninitialized -Wno-unknown-pragmas -w -Wno-shadow -Wno-four-char-constants -Wno-conversion -Wno-constant-conversion -Wno-int-conversion -Wno-bool-conversion -Wno-enum-conversion -Wno-float-conversion -Wno-non-literal-null-conversion -Wno-objc-literal-conversion -Wshorten-64-to-32 -Wno-newline-eof -Wno-selector -Wno-strict-selector-match -Wno-undeclared-selector -Wno-deprecated-implementations -Wno-c++11-extensions -Wno-implicit-fallthrough -isysroot /Applications/Xcode-27.0.0-Release.Candidate.app/Contents/Developer/Platforms/MacOSX.platform/Developer/SDKs/MacOSX27.0.sdk -fstrict-aliasing -Wprotocol -Wdeprecated-declarations -Winvalid-offsetof -Wno-sign-conversion -Wno-infinite-recursion -Wno-move -Wno-comma -Wno-block-capture-autoreleasing -Wno-strict-prototypes -Wno-range-loop-analysis -Wno-semicolon-before-method-body -index-store-path /Users/admin/builder/spi-builder-workspace/.derivedData/Index.noindex/DataStore @/Users/admin/builder/spi-builder-workspace/.derivedData/Build/Intermediates.noindex/Texture.build/Debug/AsyncDisplayKit-t.build/Objects-normal/arm64/af3fcb34312c57c0f52879cdce924b91-common-args.resp -MMD -MT dependencies -MF /Users/admin/builder/spi-builder-workspace/.derivedData/Build/Intermediates.noindex/Texture.build/Debug/AsyncDisplayKit-t.build/Objects-normal/arm64/ASControlNode+tvOS.d --serialize-diagnostics /Users/admin/builder/spi-builder-workspace/.derivedData/Build/Intermediates.noindex/Texture.build/Debug/AsyncDisplayKit-t.build/Objects-normal/arm64/ASControlNode+tvOS.dia -c /Users/admin/builder/spi-builder-workspace/.dependencies/checkouts/Texture/Source/tvOS/ASControlNode+tvOS.mm -o /Users/admin/builder/spi-builder-workspace/.derivedData/Build/Intermediates.noindex/Texture.build/Debug/AsyncDisplayKit-t.build/Objects-normal/arm64/ASControlNode+tvOS.o -index-unit-output-path /Texture.build/Debug/AsyncDisplayKit-t.build/Objects-normal/arm64/ASControlNode+tvOS.o
CompileC /Users/admin/builder/spi-builder-workspace/.derivedData/Build/Intermediates.noindex/Texture.build/Debug/AsyncDisplayKit-t.build/Objects-normal/arm64/UIImage+ASConvenience.o /Users/admin/builder/spi-builder-workspace/.dependencies/checkouts/Texture/Source/UIImage+ASConvenience.mm normal arm64 objective-c++ com.apple.compilers.llvm.clang.1_0.compiler (in target 'AsyncDisplayKit' from project 'Texture')
cd /Users/admin/builder/spi-builder-workspace/.swiftpm/xcode
Using response file: /Users/admin/builder/spi-builder-workspace/.derivedData/Build/Intermediates.noindex/Texture.build/Debug/AsyncDisplayKit-t.build/Objects-normal/arm64/af3fcb34312c57c0f52879cdce924b91-common-args.resp
/Applications/Xcode-27.0.0-Release.Candidate.app/Contents/Developer/Toolchains/XcodeDefault.xctoolchain/usr/bin/clang -x objective-c++ -ivfsstatcache /Users/admin/builder/spi-builder-workspace/.derivedData/SDKStatCaches.noindex/macosx27.0-26A425-e829b21a6f8c9b70876ba0858053c0446a22442a12e9d48fe1a705f55a1adfc4.sdkstatcache -target arm64-apple-macos12.0 -fmessage-length\=0 -fdiagnostics-show-note-include-stack -fmacro-backtrace-limit\=0 -fno-color-diagnostics -fmodules-prune-interval\=86400 -fmodules-prune-after\=345600 -fbuild-session-file\=/Users/admin/builder/spi-builder-workspace/.derivedData/ModuleCache.noindex/Session.modulevalidation -fmodules-validate-once-per-build-session -Wnon-modular-include-in-framework-module -Werror\=non-modular-include-in-framework-module -Wno-trigraphs -Wno-missing-field-initializers -Wno-missing-prototypes -Wno-return-type -Wno-implicit-atomic-properties -Wno-objc-interface-ivars -Wno-arc-repeated-use-of-weak -Wno-non-virtual-dtor -Wno-overloaded-virtual -Wno-exit-time-destructors -Wno-missing-braces -Wparentheses -Wswitch -Wno-unused-function -Wno-unused-label -Wno-unused-parameter -Wno-unused-variable -Wunused-value -Wno-empty-body -Wno-uninitialized -Wno-unknown-pragmas -w -Wno-shadow -Wno-four-char-constants -Wno-conversion -Wno-constant-conversion -Wno-int-conversion -Wno-bool-conversion -Wno-enum-conversion -Wno-float-conversion -Wno-non-literal-null-conversion -Wno-objc-literal-conversion -Wshorten-64-to-32 -Wno-newline-eof -Wno-selector -Wno-strict-selector-match -Wno-undeclared-selector -Wno-deprecated-implementations -Wno-c++11-extensions -Wno-implicit-fallthrough -isysroot /Applications/Xcode-27.0.0-Release.Candidate.app/Contents/Developer/Platforms/MacOSX.platform/Developer/SDKs/MacOSX27.0.sdk -fstrict-aliasing -Wprotocol -Wdeprecated-declarations -Winvalid-offsetof -Wno-sign-conversion -Wno-infinite-recursion -Wno-move -Wno-comma -Wno-block-capture-autoreleasing -Wno-strict-prototypes -Wno-range-loop-analysis -Wno-semicolon-before-method-body -index-store-path /Users/admin/builder/spi-builder-workspace/.derivedData/Index.noindex/DataStore @/Users/admin/builder/spi-builder-workspace/.derivedData/Build/Intermediates.noindex/Texture.build/Debug/AsyncDisplayKit-t.build/Objects-normal/arm64/af3fcb34312c57c0f52879cdce924b91-common-args.resp -MMD -MT dependencies -MF /Users/admin/builder/spi-builder-workspace/.derivedData/Build/Intermediates.noindex/Texture.build/Debug/AsyncDisplayKit-t.build/Objects-normal/arm64/UIImage+ASConvenience.d --serialize-diagnostics /Users/admin/builder/spi-builder-workspace/.derivedData/Build/Intermediates.noindex/Texture.build/Debug/AsyncDisplayKit-t.build/Objects-normal/arm64/UIImage+ASConvenience.dia -c /Users/admin/builder/spi-builder-workspace/.dependencies/checkouts/Texture/Source/UIImage+ASConvenience.mm -o /Users/admin/builder/spi-builder-workspace/.derivedData/Build/Intermediates.noindex/Texture.build/Debug/AsyncDisplayKit-t.build/Objects-normal/arm64/UIImage+ASConvenience.o -index-unit-output-path /Texture.build/Debug/AsyncDisplayKit-t.build/Objects-normal/arm64/UIImage+ASConvenience.o
In file included from /Users/admin/builder/spi-builder-workspace/.dependencies/checkouts/Texture/Source/UIImage+ASConvenience.mm:10:
/Users/admin/builder/spi-builder-workspace/.dependencies/checkouts/Texture/Source/UIImage+ASConvenience.h:10:9: fatal error: 'UIKit/UIKit.h' file not found
10 | #import <UIKit/UIKit.h>
| ^~~~~~~~~~~~~~~
1 error generated.
CompileC /Users/admin/builder/spi-builder-workspace/.derivedData/Build/Intermediates.noindex/Texture.build/Debug/AsyncDisplayKit-t.build/Objects-normal/arm64/ASImageNode+tvOS.o /Users/admin/builder/spi-builder-workspace/.dependencies/checkouts/Texture/Source/tvOS/ASImageNode+tvOS.mm normal arm64 objective-c++ com.apple.compilers.llvm.clang.1_0.compiler (in target 'AsyncDisplayKit' from project 'Texture')
cd /Users/admin/builder/spi-builder-workspace/.swiftpm/xcode
Using response file: /Users/admin/builder/spi-builder-workspace/.derivedData/Build/Intermediates.noindex/Texture.build/Debug/AsyncDisplayKit-t.build/Objects-normal/arm64/af3fcb34312c57c0f52879cdce924b91-common-args.resp
/Applications/Xcode-27.0.0-Release.Candidate.app/Contents/Developer/Toolchains/XcodeDefault.xctoolchain/usr/bin/clang -x objective-c++ -ivfsstatcache /Users/admin/builder/spi-builder-workspace/.derivedData/SDKStatCaches.noindex/macosx27.0-26A425-e829b21a6f8c9b70876ba0858053c0446a22442a12e9d48fe1a705f55a1adfc4.sdkstatcache -target arm64-apple-macos12.0 -fmessage-length\=0 -fdiagnostics-show-note-include-stack -fmacro-backtrace-limit\=0 -fno-color-diagnostics -fmodules-prune-interval\=86400 -fmodules-prune-after\=345600 -fbuild-session-file\=/Users/admin/builder/spi-builder-workspace/.derivedData/ModuleCache.noindex/Session.modulevalidation -fmodules-validate-once-per-build-session -Wnon-modular-include-in-framework-module -Werror\=non-modular-include-in-framework-module -Wno-trigraphs -Wno-missing-field-initializers -Wno-missing-prototypes -Wno-return-type -Wno-implicit-atomic-properties -Wno-objc-interface-ivars -Wno-arc-repeated-use-of-weak -Wno-non-virtual-dtor -Wno-overloaded-virtual -Wno-exit-time-destructors -Wno-missing-braces -Wparentheses -Wswitch -Wno-unused-function -Wno-unused-label -Wno-unused-parameter -Wno-unused-variable -Wunused-value -Wno-empty-body -Wno-uninitialized -Wno-unknown-pragmas -w -Wno-shadow -Wno-four-char-constants -Wno-conversion -Wno-constant-conversion -Wno-int-conversion -Wno-bool-conversion -Wno-enum-conversion -Wno-float-conversion -Wno-non-literal-null-conversion -Wno-objc-literal-conversion -Wshorten-64-to-32 -Wno-newline-eof -Wno-selector -Wno-strict-selector-match -Wno-undeclared-selector -Wno-deprecated-implementations -Wno-c++11-extensions -Wno-implicit-fallthrough -isysroot /Applications/Xcode-27.0.0-Release.Candidate.app/Contents/Developer/Platforms/MacOSX.platform/Developer/SDKs/MacOSX27.0.sdk -fstrict-aliasing -Wprotocol -Wdeprecated-declarations -Winvalid-offsetof -Wno-sign-conversion -Wno-infinite-recursion -Wno-move -Wno-comma -Wno-block-capture-autoreleasing -Wno-strict-prototypes -Wno-range-loop-analysis -Wno-semicolon-before-method-body -index-store-path /Users/admin/builder/spi-builder-workspace/.derivedData/Index.noindex/DataStore @/Users/admin/builder/spi-builder-workspace/.derivedData/Build/Intermediates.noindex/Texture.build/Debug/AsyncDisplayKit-t.build/Objects-normal/arm64/af3fcb34312c57c0f52879cdce924b91-common-args.resp -MMD -MT dependencies -MF /Users/admin/builder/spi-builder-workspace/.derivedData/Build/Intermediates.noindex/Texture.build/Debug/AsyncDisplayKit-t.build/Objects-normal/arm64/ASImageNode+tvOS.d --serialize-diagnostics /Users/admin/builder/spi-builder-workspace/.derivedData/Build/Intermediates.noindex/Texture.build/Debug/AsyncDisplayKit-t.build/Objects-normal/arm64/ASImageNode+tvOS.dia -c /Users/admin/builder/spi-builder-workspace/.dependencies/checkouts/Texture/Source/tvOS/ASImageNode+tvOS.mm -o /Users/admin/builder/spi-builder-workspace/.derivedData/Build/Intermediates.noindex/Texture.build/Debug/AsyncDisplayKit-t.build/Objects-normal/arm64/ASImageNode+tvOS.o -index-unit-output-path /Texture.build/Debug/AsyncDisplayKit-t.build/Objects-normal/arm64/ASImageNode+tvOS.o
CompileC /Users/admin/builder/spi-builder-workspace/.derivedData/Build/Intermediates.noindex/Texture.build/Debug/AsyncDisplayKit-t.build/Objects-normal/arm64/ASTextNodeWordKerner.o /Users/admin/builder/spi-builder-workspace/.dependencies/checkouts/Texture/Source/TextKit/ASTextNodeWordKerner.mm normal arm64 objective-c++ com.apple.compilers.llvm.clang.1_0.compiler (in target 'AsyncDisplayKit' from project 'Texture')
cd /Users/admin/builder/spi-builder-workspace/.swiftpm/xcode
Using response file: /Users/admin/builder/spi-builder-workspace/.derivedData/Build/Intermediates.noindex/Texture.build/Debug/AsyncDisplayKit-t.build/Objects-normal/arm64/af3fcb34312c57c0f52879cdce924b91-common-args.resp
/Applications/Xcode-27.0.0-Release.Candidate.app/Contents/Developer/Toolchains/XcodeDefault.xctoolchain/usr/bin/clang -x objective-c++ -ivfsstatcache /Users/admin/builder/spi-builder-workspace/.derivedData/SDKStatCaches.noindex/macosx27.0-26A425-e829b21a6f8c9b70876ba0858053c0446a22442a12e9d48fe1a705f55a1adfc4.sdkstatcache -target arm64-apple-macos12.0 -fmessage-length\=0 -fdiagnostics-show-note-include-stack -fmacro-backtrace-limit\=0 -fno-color-diagnostics -fmodules-prune-interval\=86400 -fmodules-prune-after\=345600 -fbuild-session-file\=/Users/admin/builder/spi-builder-workspace/.derivedData/ModuleCache.noindex/Session.modulevalidation -fmodules-validate-once-per-build-session -Wnon-modular-include-in-framework-module -Werror\=non-modular-include-in-framework-module -Wno-trigraphs -Wno-missing-field-initializers -Wno-missing-prototypes -Wno-return-type -Wno-implicit-atomic-properties -Wno-objc-interface-ivars -Wno-arc-repeated-use-of-weak -Wno-non-virtual-dtor -Wno-overloaded-virtual -Wno-exit-time-destructors -Wno-missing-braces -Wparentheses -Wswitch -Wno-unused-function -Wno-unused-label -Wno-unused-parameter -Wno-unused-variable -Wunused-value -Wno-empty-body -Wno-uninitialized -Wno-unknown-pragmas -w -Wno-shadow -Wno-four-char-constants -Wno-conversion -Wno-constant-conversion -Wno-int-conversion -Wno-bool-conversion -Wno-enum-conversion -Wno-float-conversion -Wno-non-literal-null-conversion -Wno-objc-literal-conversion -Wshorten-64-to-32 -Wno-newline-eof -Wno-selector -Wno-strict-selector-match -Wno-undeclared-selector -Wno-deprecated-implementations -Wno-c++11-extensions -Wno-implicit-fallthrough -isysroot /Applications/Xcode-27.0.0-Release.Candidate.app/Contents/Developer/Platforms/MacOSX.platform/Developer/SDKs/MacOSX27.0.sdk -fstrict-aliasing -Wprotocol -Wdeprecated-declarations -Winvalid-offsetof -Wno-sign-conversion -Wno-infinite-recursion -Wno-move -Wno-comma -Wno-block-capture-autoreleasing -Wno-strict-prototypes -Wno-range-loop-analysis -Wno-semicolon-before-method-body -index-store-path /Users/admin/builder/spi-builder-workspace/.derivedData/Index.noindex/DataStore @/Users/admin/builder/spi-builder-workspace/.derivedData/Build/Intermediates.noindex/Texture.build/Debug/AsyncDisplayKit-t.build/Objects-normal/arm64/af3fcb34312c57c0f52879cdce924b91-common-args.resp -MMD -MT dependencies -MF /Users/admin/builder/spi-builder-workspace/.derivedData/Build/Intermediates.noindex/Texture.build/Debug/AsyncDisplayKit-t.build/Objects-normal/arm64/ASTextNodeWordKerner.d --serialize-diagnostics /Users/admin/builder/spi-builder-workspace/.derivedData/Build/Intermediates.noindex/Texture.build/Debug/AsyncDisplayKit-t.build/Objects-normal/arm64/ASTextNodeWordKerner.dia -c /Users/admin/builder/spi-builder-workspace/.dependencies/checkouts/Texture/Source/TextKit/ASTextNodeWordKerner.mm -o /Users/admin/builder/spi-builder-workspace/.derivedData/Build/Intermediates.noindex/Texture.build/Debug/AsyncDisplayKit-t.build/Objects-normal/arm64/ASTextNodeWordKerner.o -index-unit-output-path /Texture.build/Debug/AsyncDisplayKit-t.build/Objects-normal/arm64/ASTextNodeWordKerner.o
In file included from /Users/admin/builder/spi-builder-workspace/.dependencies/checkouts/Texture/Source/TextKit/ASTextNodeWordKerner.mm:10:
/Users/admin/builder/spi-builder-workspace/.dependencies/checkouts/Texture/Source/TextKit/ASTextNodeWordKerner.h:11:9: fatal error: 'UIKit/NSLayoutManager.h' file not found
11 | #import <UIKit/NSLayoutManager.h>
| ^~~~~~~~~~~~~~~~~~~~~~~~~
1 error generated.
CompileC /Users/admin/builder/spi-builder-workspace/.derivedData/Build/Intermediates.noindex/Texture.build/Debug/AsyncDisplayKit-t.build/Objects-normal/arm64/ASTextKitTailTruncater.o /Users/admin/builder/spi-builder-workspace/.dependencies/checkouts/Texture/Source/TextKit/ASTextKitTailTruncater.mm normal arm64 objective-c++ com.apple.compilers.llvm.clang.1_0.compiler (in target 'AsyncDisplayKit' from project 'Texture')
cd /Users/admin/builder/spi-builder-workspace/.swiftpm/xcode
Using response file: /Users/admin/builder/spi-builder-workspace/.derivedData/Build/Intermediates.noindex/Texture.build/Debug/AsyncDisplayKit-t.build/Objects-normal/arm64/af3fcb34312c57c0f52879cdce924b91-common-args.resp
/Applications/Xcode-27.0.0-Release.Candidate.app/Contents/Developer/Toolchains/XcodeDefault.xctoolchain/usr/bin/clang -x objective-c++ -ivfsstatcache /Users/admin/builder/spi-builder-workspace/.derivedData/SDKStatCaches.noindex/macosx27.0-26A425-e829b21a6f8c9b70876ba0858053c0446a22442a12e9d48fe1a705f55a1adfc4.sdkstatcache -target arm64-apple-macos12.0 -fmessage-length\=0 -fdiagnostics-show-note-include-stack -fmacro-backtrace-limit\=0 -fno-color-diagnostics -fmodules-prune-interval\=86400 -fmodules-prune-after\=345600 -fbuild-session-file\=/Users/admin/builder/spi-builder-workspace/.derivedData/ModuleCache.noindex/Session.modulevalidation -fmodules-validate-once-per-build-session -Wnon-modular-include-in-framework-module -Werror\=non-modular-include-in-framework-module -Wno-trigraphs -Wno-missing-field-initializers -Wno-missing-prototypes -Wno-return-type -Wno-implicit-atomic-properties -Wno-objc-interface-ivars -Wno-arc-repeated-use-of-weak -Wno-non-virtual-dtor -Wno-overloaded-virtual -Wno-exit-time-destructors -Wno-missing-braces -Wparentheses -Wswitch -Wno-unused-function -Wno-unused-label -Wno-unused-parameter -Wno-unused-variable -Wunused-value -Wno-empty-body -Wno-uninitialized -Wno-unknown-pragmas -w -Wno-shadow -Wno-four-char-constants -Wno-conversion -Wno-constant-conversion -Wno-int-conversion -Wno-bool-conversion -Wno-enum-conversion -Wno-float-conversion -Wno-non-literal-null-conversion -Wno-objc-literal-conversion -Wshorten-64-to-32 -Wno-newline-eof -Wno-selector -Wno-strict-selector-match -Wno-undeclared-selector -Wno-deprecated-implementations -Wno-c++11-extensions -Wno-implicit-fallthrough -isysroot /Applications/Xcode-27.0.0-Release.Candidate.app/Contents/Developer/Platforms/MacOSX.platform/Developer/SDKs/MacOSX27.0.sdk -fstrict-aliasing -Wprotocol -Wdeprecated-declarations -Winvalid-offsetof -Wno-sign-conversion -Wno-infinite-recursion -Wno-move -Wno-comma -Wno-block-capture-autoreleasing -Wno-strict-prototypes -Wno-range-loop-analysis -Wno-semicolon-before-method-body -index-store-path /Users/admin/builder/spi-builder-workspace/.derivedData/Index.noindex/DataStore @/Users/admin/builder/spi-builder-workspace/.derivedData/Build/Intermediates.noindex/Texture.build/Debug/AsyncDisplayKit-t.build/Objects-normal/arm64/af3fcb34312c57c0f52879cdce924b91-common-args.resp -MMD -MT dependencies -MF /Users/admin/builder/spi-builder-workspace/.derivedData/Build/Intermediates.noindex/Texture.build/Debug/AsyncDisplayKit-t.build/Objects-normal/arm64/ASTextKitTailTruncater.d --serialize-diagnostics /Users/admin/builder/spi-builder-workspace/.derivedData/Build/Intermediates.noindex/Texture.build/Debug/AsyncDisplayKit-t.build/Objects-normal/arm64/ASTextKitTailTruncater.dia -c /Users/admin/builder/spi-builder-workspace/.dependencies/checkouts/Texture/Source/TextKit/ASTextKitTailTruncater.mm -o /Users/admin/builder/spi-builder-workspace/.derivedData/Build/Intermediates.noindex/Texture.build/Debug/AsyncDisplayKit-t.build/Objects-normal/arm64/ASTextKitTailTruncater.o -index-unit-output-path /Texture.build/Debug/AsyncDisplayKit-t.build/Objects-normal/arm64/ASTextKitTailTruncater.o
In file included from /Users/admin/builder/spi-builder-workspace/.dependencies/checkouts/Texture/Source/TextKit/ASTextKitTailTruncater.mm:10:
/Users/admin/builder/spi-builder-workspace/.dependencies/checkouts/Texture/Source/TextKit/ASTextKitTailTruncater.h:10:9: fatal error: 'UIKit/UIKit.h' file not found
10 | #import <UIKit/UIKit.h>
| ^~~~~~~~~~~~~~~
CompileC /Users/admin/builder/spi-builder-workspace/.derivedData/Build/Intermediates.noindex/Texture.build/Debug/AsyncDisplayKit-t.build/Objects-normal/arm64/ASTextKitShadower.o /Users/admin/builder/spi-builder-workspace/.dependencies/checkouts/Texture/Source/TextKit/ASTextKitShadower.mm normal arm64 objective-c++ com.apple.compilers.llvm.clang.1_0.compiler (in target 'AsyncDisplayKit' from project 'Texture')
cd /Users/admin/builder/spi-builder-workspace/.swiftpm/xcode
Using response file: /Users/admin/builder/spi-builder-workspace/.derivedData/Build/Intermediates.noindex/Texture.build/Debug/AsyncDisplayKit-t.build/Objects-normal/arm64/af3fcb34312c57c0f52879cdce924b91-common-args.resp
/Applications/Xcode-27.0.0-Release.Candidate.app/Contents/Developer/Toolchains/XcodeDefault.xctoolchain/usr/bin/clang -x objective-c++ -ivfsstatcache /Users/admin/builder/spi-builder-workspace/.derivedData/SDKStatCaches.noindex/macosx27.0-26A425-e829b21a6f8c9b70876ba0858053c0446a22442a12e9d48fe1a705f55a1adfc4.sdkstatcache -target arm64-apple-macos12.0 -fmessage-length\=0 -fdiagnostics-show-note-include-stack -fmacro-backtrace-limit\=0 -fno-color-diagnostics -fmodules-prune-interval\=86400 -fmodules-prune-after\=345600 -fbuild-session-file\=/Users/admin/builder/spi-builder-workspace/.derivedData/ModuleCache.noindex/Session.modulevalidation -fmodules-validate-once-per-build-session -Wnon-modular-include-in-framework-module -Werror\=non-modular-include-in-framework-module -Wno-trigraphs -Wno-missing-field-initializers -Wno-missing-prototypes -Wno-return-type -Wno-implicit-atomic-properties -Wno-objc-interface-ivars -Wno-arc-repeated-use-of-weak -Wno-non-virtual-dtor -Wno-overloaded-virtual -Wno-exit-time-destructors -Wno-missing-braces -Wparentheses -Wswitch -Wno-unused-function -Wno-unused-label -Wno-unused-parameter -Wno-unused-variable -Wunused-value -Wno-empty-body -Wno-uninitialized -Wno-unknown-pragmas -w -Wno-shadow -Wno-four-char-constants -Wno-conversion -Wno-constant-conversion -Wno-int-conversion -Wno-bool-conversion -Wno-enum-conversion -Wno-float-conversion -Wno-non-literal-null-conversion -Wno-objc-literal-conversion -Wshorten-64-to-32 -Wno-newline-eof -Wno-selector -Wno-strict-selector-match -Wno-undeclared-selector -Wno-deprecated-implementations -Wno-c++11-extensions -Wno-implicit-fallthrough -isysroot /Applications/Xcode-27.0.0-Release.Candidate.app/Contents/Developer/Platforms/MacOSX.platform/Developer/SDKs/MacOSX27.0.sdk -fstrict-aliasing -Wprotocol -Wdeprecated-declarations -Winvalid-offsetof -Wno-sign-conversion -Wno-infinite-recursion -Wno-move -Wno-comma -Wno-block-capture-autoreleasing -Wno-strict-prototypes -Wno-range-loop-analysis -Wno-semicolon-before-method-body -index-store-path /Users/admin/builder/spi-builder-workspace/.derivedData/Index.noindex/DataStore @/Users/admin/builder/spi-builder-workspace/.derivedData/Build/Intermediates.noindex/Texture.build/Debug/AsyncDisplayKit-t.build/Objects-normal/arm64/af3fcb34312c57c0f52879cdce924b91-common-args.resp -MMD -MT dependencies -MF /Users/admin/builder/spi-builder-workspace/.derivedData/Build/Intermediates.noindex/Texture.build/Debug/AsyncDisplayKit-t.build/Objects-normal/arm64/ASTextKitShadower.d --serialize-diagnostics /Users/admin/builder/spi-builder-workspace/.derivedData/Build/Intermediates.noindex/Texture.build/Debug/AsyncDisplayKit-t.build/Objects-normal/arm64/ASTextKitShadower.dia -c /Users/admin/builder/spi-builder-workspace/.dependencies/checkouts/Texture/Source/TextKit/ASTextKitShadower.mm -o /Users/admin/builder/spi-builder-workspace/.derivedData/Build/Intermediates.noindex/Texture.build/Debug/AsyncDisplayKit-t.build/Objects-normal/arm64/ASTextKitShadower.o -index-unit-output-path /Texture.build/Debug/AsyncDisplayKit-t.build/Objects-normal/arm64/ASTextKitShadower.o
In file included from /Users/admin/builder/spi-builder-workspace/.dependencies/checkouts/Texture/Source/TextKit/ASTextKitShadower.mm:10:
/Users/admin/builder/spi-builder-workspace/.dependencies/checkouts/Texture/Source/TextKit/ASTextKitShadower.h:10:9: fatal error: 'UIKit/UIKit.h' file not found
10 | #import <UIKit/UIKit.h>
| ^~~~~~~~~~~~~~~
CompileC /Users/admin/builder/spi-builder-workspace/.derivedData/Build/Intermediates.noindex/Texture.build/Debug/AsyncDisplayKit-t.build/Objects-normal/arm64/ASTextKitRenderer.o /Users/admin/builder/spi-builder-workspace/.dependencies/checkouts/Texture/Source/TextKit/ASTextKitRenderer.mm normal arm64 objective-c++ com.apple.compilers.llvm.clang.1_0.compiler (in target 'AsyncDisplayKit' from project 'Texture')
cd /Users/admin/builder/spi-builder-workspace/.swiftpm/xcode
Using response file: /Users/admin/builder/spi-builder-workspace/.derivedData/Build/Intermediates.noindex/Texture.build/Debug/AsyncDisplayKit-t.build/Objects-normal/arm64/af3fcb34312c57c0f52879cdce924b91-common-args.resp
/Applications/Xcode-27.0.0-Release.Candidate.app/Contents/Developer/Toolchains/XcodeDefault.xctoolchain/usr/bin/clang -x objective-c++ -ivfsstatcache /Users/admin/builder/spi-builder-workspace/.derivedData/SDKStatCaches.noindex/macosx27.0-26A425-e829b21a6f8c9b70876ba0858053c0446a22442a12e9d48fe1a705f55a1adfc4.sdkstatcache -target arm64-apple-macos12.0 -fmessage-length\=0 -fdiagnostics-show-note-include-stack -fmacro-backtrace-limit\=0 -fno-color-diagnostics -fmodules-prune-interval\=86400 -fmodules-prune-after\=345600 -fbuild-session-file\=/Users/admin/builder/spi-builder-workspace/.derivedData/ModuleCache.noindex/Session.modulevalidation -fmodules-validate-once-per-build-session -Wnon-modular-include-in-framework-module -Werror\=non-modular-include-in-framework-module -Wno-trigraphs -Wno-missing-field-initializers -Wno-missing-prototypes -Wno-return-type -Wno-implicit-atomic-properties -Wno-objc-interface-ivars -Wno-arc-repeated-use-of-weak -Wno-non-virtual-dtor -Wno-overloaded-virtual -Wno-exit-time-destructors -Wno-missing-braces -Wparentheses -Wswitch -Wno-unused-function -Wno-unused-label -Wno-unused-parameter -Wno-unused-variable -Wunused-value -Wno-empty-body -Wno-uninitialized -Wno-unknown-pragmas -w -Wno-shadow -Wno-four-char-constants -Wno-conversion -Wno-constant-conversion -Wno-int-conversion -Wno-bool-conversion -Wno-enum-conversion -Wno-float-conversion -Wno-non-literal-null-conversion -Wno-objc-literal-conversion -Wshorten-64-to-32 -Wno-newline-eof -Wno-selector -Wno-strict-selector-match -Wno-undeclared-selector -Wno-deprecated-implementations -Wno-c++11-extensions -Wno-implicit-fallthrough -isysroot /Applications/Xcode-27.0.0-Release.Candidate.app/Contents/Developer/Platforms/MacOSX.platform/Developer/SDKs/MacOSX27.0.sdk -fstrict-aliasing -Wprotocol -Wdeprecated-declarations -Winvalid-offsetof -Wno-sign-conversion -Wno-infinite-recursion -Wno-move -Wno-comma -Wno-block-capture-autoreleasing -Wno-strict-prototypes -Wno-range-loop-analysis -Wno-semicolon-before-method-body -index-store-path /Users/admin/builder/spi-builder-workspace/.derivedData/Index.noindex/DataStore @/Users/admin/builder/spi-builder-workspace/.derivedData/Build/Intermediates.noindex/Texture.build/Debug/AsyncDisplayKit-t.build/Objects-normal/arm64/af3fcb34312c57c0f52879cdce924b91-common-args.resp -MMD -MT dependencies -MF /Users/admin/builder/spi-builder-workspace/.derivedData/Build/Intermediates.noindex/Texture.build/Debug/AsyncDisplayKit-t.build/Objects-normal/arm64/ASTextKitRenderer.d --serialize-diagnostics /Users/admin/builder/spi-builder-workspace/.derivedData/Build/Intermediates.noindex/Texture.build/Debug/AsyncDisplayKit-t.build/Objects-normal/arm64/ASTextKitRenderer.dia -c /Users/admin/builder/spi-builder-workspace/.dependencies/checkouts/Texture/Source/TextKit/ASTextKitRenderer.mm -o /Users/admin/builder/spi-builder-workspace/.derivedData/Build/Intermediates.noindex/Texture.build/Debug/AsyncDisplayKit-t.build/Objects-normal/arm64/ASTextKitRenderer.o -index-unit-output-path /Texture.build/Debug/AsyncDisplayKit-t.build/Objects-normal/arm64/ASTextKitRenderer.o
In file included from /Users/admin/builder/spi-builder-workspace/.dependencies/checkouts/Texture/Source/TextKit/ASTextKitRenderer.mm:10:
/Users/admin/builder/spi-builder-workspace/.dependencies/checkouts/Texture/Source/TextKit/ASTextKitRenderer.h:10:9: fatal error: 'UIKit/UIKit.h' file not found
10 | #import <UIKit/UIKit.h>
| ^~~~~~~~~~~~~~~
CompileC /Users/admin/builder/spi-builder-workspace/.derivedData/Build/Intermediates.noindex/Texture.build/Debug/AsyncDisplayKit-t.build/Objects-normal/arm64/ASTextKitRenderer+TextChecking.o /Users/admin/builder/spi-builder-workspace/.dependencies/checkouts/Texture/Source/TextKit/ASTextKitRenderer+TextChecking.mm normal arm64 objective-c++ com.apple.compilers.llvm.clang.1_0.compiler (in target 'AsyncDisplayKit' from project 'Texture')
cd /Users/admin/builder/spi-builder-workspace/.swiftpm/xcode
Using response file: /Users/admin/builder/spi-builder-workspace/.derivedData/Build/Intermediates.noindex/Texture.build/Debug/AsyncDisplayKit-t.build/Objects-normal/arm64/af3fcb34312c57c0f52879cdce924b91-common-args.resp
/Applications/Xcode-27.0.0-Release.Candidate.app/Contents/Developer/Toolchains/XcodeDefault.xctoolchain/usr/bin/clang -x objective-c++ -ivfsstatcache /Users/admin/builder/spi-builder-workspace/.derivedData/SDKStatCaches.noindex/macosx27.0-26A425-e829b21a6f8c9b70876ba0858053c0446a22442a12e9d48fe1a705f55a1adfc4.sdkstatcache -target arm64-apple-macos12.0 -fmessage-length\=0 -fdiagnostics-show-note-include-stack -fmacro-backtrace-limit\=0 -fno-color-diagnostics -fmodules-prune-interval\=86400 -fmodules-prune-after\=345600 -fbuild-session-file\=/Users/admin/builder/spi-builder-workspace/.derivedData/ModuleCache.noindex/Session.modulevalidation -fmodules-validate-once-per-build-session -Wnon-modular-include-in-framework-module -Werror\=non-modular-include-in-framework-module -Wno-trigraphs -Wno-missing-field-initializers -Wno-missing-prototypes -Wno-return-type -Wno-implicit-atomic-properties -Wno-objc-interface-ivars -Wno-arc-repeated-use-of-weak -Wno-non-virtual-dtor -Wno-overloaded-virtual -Wno-exit-time-destructors -Wno-missing-braces -Wparentheses -Wswitch -Wno-unused-function -Wno-unused-label -Wno-unused-parameter -Wno-unused-variable -Wunused-value -Wno-empty-body -Wno-uninitialized -Wno-unknown-pragmas -w -Wno-shadow -Wno-four-char-constants -Wno-conversion -Wno-constant-conversion -Wno-int-conversion -Wno-bool-conversion -Wno-enum-conversion -Wno-float-conversion -Wno-non-literal-null-conversion -Wno-objc-literal-conversion -Wshorten-64-to-32 -Wno-newline-eof -Wno-selector -Wno-strict-selector-match -Wno-undeclared-selector -Wno-deprecated-implementations -Wno-c++11-extensions -Wno-implicit-fallthrough -isysroot /Applications/Xcode-27.0.0-Release.Candidate.app/Contents/Developer/Platforms/MacOSX.platform/Developer/SDKs/MacOSX27.0.sdk -fstrict-aliasing -Wprotocol -Wdeprecated-declarations -Winvalid-offsetof -Wno-sign-conversion -Wno-infinite-recursion -Wno-move -Wno-comma -Wno-block-capture-autoreleasing -Wno-strict-prototypes -Wno-range-loop-analysis -Wno-semicolon-before-method-body -index-store-path /Users/admin/builder/spi-builder-workspace/.derivedData/Index.noindex/DataStore @/Users/admin/builder/spi-builder-workspace/.derivedData/Build/Intermediates.noindex/Texture.build/Debug/AsyncDisplayKit-t.build/Objects-normal/arm64/af3fcb34312c57c0f52879cdce924b91-common-args.resp -MMD -MT dependencies -MF /Users/admin/builder/spi-builder-workspace/.derivedData/Build/Intermediates.noindex/Texture.build/Debug/AsyncDisplayKit-t.build/Objects-normal/arm64/ASTextKitRenderer+TextChecking.d --serialize-diagnostics /Users/admin/builder/spi-builder-workspace/.derivedData/Build/Intermediates.noindex/Texture.build/Debug/AsyncDisplayKit-t.build/Objects-normal/arm64/ASTextKitRenderer+TextChecking.dia -c /Users/admin/builder/spi-builder-workspace/.dependencies/checkouts/Texture/Source/TextKit/ASTextKitRenderer+TextChecking.mm -o /Users/admin/builder/spi-builder-workspace/.derivedData/Build/Intermediates.noindex/Texture.build/Debug/AsyncDisplayKit-t.build/Objects-normal/arm64/ASTextKitRenderer+TextChecking.o -index-unit-output-path /Texture.build/Debug/AsyncDisplayKit-t.build/Objects-normal/arm64/ASTextKitRenderer+TextChecking.o
In file included from /Users/admin/builder/spi-builder-workspace/.dependencies/checkouts/Texture/Source/TextKit/ASTextKitRenderer+TextChecking.mm:10:
In file included from /Users/admin/builder/spi-builder-workspace/.dependencies/checkouts/Texture/Source/TextKit/ASTextKitRenderer+TextChecking.h:10:
/Users/admin/builder/spi-builder-workspace/.dependencies/checkouts/Texture/Source/TextKit/ASTextKitRenderer.h:10:9: fatal error: 'UIKit/UIKit.h' file not found
10 | #import <UIKit/UIKit.h>
| ^~~~~~~~~~~~~~~
SwiftDriver TextureBridging normal arm64 com.apple.xcode.tools.swift.compiler (in target 'TextureBridging' from project 'TextureBridging')
cd /Users/admin/builder/spi-builder-workspace/.swiftpm/xcode
builtin-SwiftDriver -- /Applications/Xcode-27.0.0-Release.Candidate.app/Contents/Developer/Toolchains/XcodeDefault.xctoolchain/usr/bin/swiftc -parse-as-library -module-name TextureBridging -Onone @/Users/admin/builder/spi-builder-workspace/.derivedData/Build/Intermediates.noindex/TextureBridging.build/Debug/TextureBridging-t.build/Objects-normal/arm64/TextureBridging.SwiftFileList -DSWIFT_PACKAGE -DDEBUG -DSWIFT_MODULE_RESOURCE_BUNDLE_UNAVAILABLE -Xcc -fmodule-map-file\=/Users/admin/builder/spi-builder-workspace/.derivedData/Build/Intermediates.noindex/GeneratedModuleMaps/AsyncDisplayKit.modulemap -DXcode -plugin-path /Applications/Xcode-27.0.0-Release.Candidate.app/Contents/Developer/Toolchains/XcodeDefault.xctoolchain/usr/lib/swift/host/plugins/testing -enable-experimental-feature DebugDescriptionMacro -sdk /Applications/Xcode-27.0.0-Release.Candidate.app/Contents/Developer/Platforms/MacOSX.platform/Developer/SDKs/MacOSX27.0.sdk -target arm64-apple-macos12.0 -g -module-cache-path /Users/admin/builder/spi-builder-workspace/.derivedData/ModuleCache.noindex -Xfrontend -serialize-debugging-options -enable-testing -index-store-path /Users/admin/builder/spi-builder-workspace/.derivedData/Index.noindex/DataStore -Xcc -D_LIBCPP_HARDENING_MODE\=_LIBCPP_HARDENING_MODE_DEBUG -swift-version 5 -I /Users/admin/builder/spi-builder-workspace/.derivedData/Build/Products/Debug -Isystem /Applications/Xcode-27.0.0-Release.Candidate.app/Contents/Developer/Platforms/MacOSX.platform/Developer/usr/lib -F /Users/admin/builder/spi-builder-workspace/.derivedData/Build/Products/Debug/PackageFrameworks -F /Users/admin/builder/spi-builder-workspace/.derivedData/Build/Products/Debug -F /Applications/Xcode-27.0.0-Release.Candidate.app/Contents/Developer/Platforms/MacOSX.platform/Developer/Library/Frameworks -c -j10 -enable-batch-mode -incremental -Xcc -ivfsstatcache -Xcc /Users/admin/builder/spi-builder-workspace/.derivedData/SDKStatCaches.noindex/macosx27.0-26A425-e829b21a6f8c9b70876ba0858053c0446a22442a12e9d48fe1a705f55a1adfc4.sdkstatcache -output-file-map /Users/admin/builder/spi-builder-workspace/.derivedData/Build/Intermediates.noindex/TextureBridging.build/Debug/TextureBridging-t.build/Objects-normal/arm64/TextureBridging-OutputFileMap.json -save-temps -no-color-diagnostics -explicit-module-build -module-cache-path /Users/admin/builder/spi-builder-workspace/.derivedData/Build/Intermediates.noindex/SwiftExplicitPrecompiledModules -clang-scanner-module-cache-path /Users/admin/builder/spi-builder-workspace/.derivedData/ModuleCache.noindex -sdk-module-cache-path /Users/admin/builder/spi-builder-workspace/.derivedData/SDKExplicitPrecompiledModules -emit-dependencies -emit-module -emit-module-path /Users/admin/builder/spi-builder-workspace/.derivedData/Build/Intermediates.noindex/TextureBridging.build/Debug/TextureBridging-t.build/Objects-normal/arm64/TextureBridging.swiftmodule -serialize-diagnostics -dependency-scan-serialize-diagnostics-path /Users/admin/builder/spi-builder-workspace/.derivedData/Build/Intermediates.noindex/TextureBridging.build/Debug/TextureBridging-t.build/Objects-normal/arm64/TextureBridging-dependency-scan.dia -validate-clang-modules-once -clang-build-session-file /Users/admin/builder/spi-builder-workspace/.derivedData/ModuleCache.noindex/Session.modulevalidation -Xcc -fmodules-prune-interval\=86400 -Xcc -fmodules-prune-after\=345600 -emit-const-values -const-gather-protocols-list /Users/admin/builder/spi-builder-workspace/.derivedData/Build/Intermediates.noindex/TextureBridging.build/Debug/TextureBridging-t.build/Objects-normal/arm64/TextureBridging_const_extract_protocols.json -Xcc -I/Users/admin/builder/spi-builder-workspace/.dependencies/checkouts/Texture/Source/include -Xcc -I/Users/admin/builder/spi-builder-workspace/.derivedData/Build/Products/Debug/include -Xcc -I/Users/admin/builder/spi-builder-workspace/.derivedData/Build/Intermediates.noindex/TextureBridging.build/Debug/TextureBridging-t.build/DerivedSources-normal/arm64 -Xcc -I/Users/admin/builder/spi-builder-workspace/.derivedData/Build/Intermediates.noindex/TextureBridging.build/Debug/TextureBridging-t.build/DerivedSources/arm64 -Xcc -I/Users/admin/builder/spi-builder-workspace/.derivedData/Build/Intermediates.noindex/TextureBridging.build/Debug/TextureBridging-t.build/DerivedSources -Xcc -DSWIFT_PACKAGE -Xcc -DDEBUG\=1 -emit-objc-header -emit-objc-header-path /Users/admin/builder/spi-builder-workspace/.derivedData/Build/Intermediates.noindex/TextureBridging.build/Debug/TextureBridging-t.build/Objects-normal/arm64/TextureBridging-Swift.h -working-directory /Users/admin/builder/spi-builder-workspace/.swiftpm/xcode -experimental-emit-module-separately -disable-cmo
error: Clang dependency scanning failure: While building module 'AsyncDisplayKit' imported from module-include.input:1:
In file included from <module-includes>:1:
In file included from /Users/admin/builder/spi-builder-workspace/.dependencies/checkouts/Texture/Source/include/AsyncDisplayKit.h:12:
/Users/admin/builder/spi-builder-workspace/.dependencies/checkouts/Texture/Source/include/ASDisplayNode.h:12:9: fatal error: 'UIKit/UIKit.h' file not found
module-include.input:1:3: fatal error: could not build module 'AsyncDisplayKit'
(in target 'TextureBridging' from project 'TextureBridging')
/Users/admin/builder/spi-builder-workspace/Sources/TextureBridging/NodeView.swift:24:8: error: Unable to resolve module dependency: 'UIKit' (in target 'TextureBridging' from project 'TextureBridging')
note: A dependency of main module 'TextureBridging'
/Users/admin/builder/spi-builder-workspace/Sources/TextureBridging/NodeView.swift:25:8: error: Unable to resolve module dependency: 'AsyncDisplayKit' (in target 'TextureBridging' from project 'TextureBridging')
note: A dependency of main module 'TextureBridging'
error: Clang dependency scanning failure: While building module 'AsyncDisplayKit' imported from module-include.input:1:
In file included from <module-includes>:1:
In file included from /Users/admin/builder/spi-builder-workspace/.dependencies/checkouts/Texture/Source/include/AsyncDisplayKit.h:12:
/Users/admin/builder/spi-builder-workspace/.dependencies/checkouts/Texture/Source/include/ASDisplayNode.h:12:9: fatal error: 'UIKit/UIKit.h' file not found
module-include.input:1:3: fatal error: could not build module 'AsyncDisplayKit'
(in target 'TextureBridging' from project 'TextureBridging')
/Users/admin/builder/spi-builder-workspace/Sources/TextureBridging/NodeView.swift:24:8: note: A dependency of main module 'TextureBridging'
import UIKit
^ (in target 'TextureBridging' from project 'TextureBridging')
/Users/admin/builder/spi-builder-workspace/Sources/TextureBridging/NodeView.swift:25:8: note: A dependency of main module 'TextureBridging'
import AsyncDisplayKit
^ (in target 'TextureBridging' from project 'TextureBridging')
PruneExplicitPrecompiledModules /Users/admin/builder/spi-builder-workspace/.derivedData/Build/Intermediates.noindex/SwiftExplicitPrecompiledModules
PruneExplicitPrecompiledModules /Users/admin/builder/spi-builder-workspace/.derivedData/SDKExplicitPrecompiledModules
PruneExplicitPrecompiledModules /Users/admin/builder/spi-builder-workspace/.derivedData/Build/Intermediates.noindex/ExplicitPrecompiledModules
2026-09-21 20:00:11.609 xcodebuild[748:4895] [MT] IDERunDestination: Supported platforms for the buildables in the current scheme is empty.
--- xcodebuild: WARNING: Using the first of multiple matching destinations:
{ platform:macOS, arch:arm64, id:9dbe204dd1704d6ceff82bbac3dc2f7bfb490624, name:My Mac }
{ platform:macOS, arch:arm64, variant:Mac Catalyst, id:9dbe204dd1704d6ceff82bbac3dc2f7bfb490624, name:My Mac }
{ platform:macOS, arch:arm64, variant:DriverKit, id:9dbe204dd1704d6ceff82bbac3dc2f7bfb490624, name:My Mac }
{ platform:macOS, arch:arm64, variant:Designed for [iPad,iPhone], id:9dbe204dd1704d6ceff82bbac3dc2f7bfb490624, name:My Mac }
** BUILD FAILED **
The following build commands failed:
CompileC /Users/admin/builder/spi-builder-workspace/.derivedData/Build/Intermediates.noindex/Texture.build/Debug/AsyncDisplayKit-t.build/Objects-normal/arm64/UIResponder+AsyncDisplayKit.o /Users/admin/builder/spi-builder-workspace/.dependencies/checkouts/Texture/Source/UIResponder+AsyncDisplayKit.mm normal arm64 objective-c++ com.apple.compilers.llvm.clang.1_0.compiler (in target 'AsyncDisplayKit' from project 'Texture')
CompileC /Users/admin/builder/spi-builder-workspace/.derivedData/Build/Intermediates.noindex/Texture.build/Debug/AsyncDisplayKit-t.build/Objects-normal/arm64/UIImage+ASConvenience.o /Users/admin/builder/spi-builder-workspace/.dependencies/checkouts/Texture/Source/UIImage+ASConvenience.mm normal arm64 objective-c++ com.apple.compilers.llvm.clang.1_0.compiler (in target 'AsyncDisplayKit' from project 'Texture')
CompileC /Users/admin/builder/spi-builder-workspace/.derivedData/Build/Intermediates.noindex/Texture.build/Debug/AsyncDisplayKit-t.build/Objects-normal/arm64/ASTextNodeWordKerner.o /Users/admin/builder/spi-builder-workspace/.dependencies/checkouts/Texture/Source/TextKit/ASTextNodeWordKerner.mm normal arm64 objective-c++ com.apple.compilers.llvm.clang.1_0.compiler (in target 'AsyncDisplayKit' from project 'Texture')
SwiftDriver TextureBridging normal arm64 com.apple.xcode.tools.swift.compiler (in target 'TextureBridging' from project 'TextureBridging')
Building workspace TextureBridging with scheme TextureBridging
(5 failures)
BUILD FAILURE 6.4 macosXcodebuild