The Swift Package Index logo.Swift Package Index

Build Information

Failed to build FloatingPointApproximation, reference master (5dda77), with Swift 6.4 for macOS (Xcode) using Xcode 27.0 on 16 Sep 2026 21:09:45 UTC.

Build Command

env DEVELOPER_DIR=/Applications/Xcode-27.0.0-Release.Candidate.app xcrun xcodebuild -IDEClonedSourcePackagesDirPathOverride=$PWD/.dependencies -skipMacroValidation -skipPackagePluginValidation -derivedDataPath $PWD/.derivedData build -scheme FloatingPointApproximation -destination platform=macOS,arch=arm64

Build Log

========================================
RunAll
========================================
Builder version: 5.1.0
Interrupt handler set up.
========================================
Checkout
========================================
Clone URL: https://github.com/flight-school/floatingpointapproximation.git
Reference: master
Initialized empty Git repository in /Users/admin/builder/spi-builder-workspace/.git/
From https://github.com/flight-school/floatingpointapproximation
 * branch            master     -> FETCH_HEAD
 * [new branch]      master     -> origin/master
HEAD is now at 5dda778 Create FUNDING.yml
Cloned https://github.com/flight-school/floatingpointapproximation.git
Revision (git rev-parse @):
5dda7781ab0f25ce2c9859e0355b717d881ba906
SUCCESS checkout https://github.com/flight-school/floatingpointapproximation.git at master
========================================
Build
========================================
Selected platform:         macosXcodebuild
Swift version:             6.4
Building package at path:  $PWD
https://github.com/flight-school/floatingpointapproximation.git
Command line invocation:
    /Applications/Xcode-27.0.0-Release.Candidate.app/Contents/Developer/usr/bin/xcodebuild -IDEClonedSourcePackagesDirPathOverride=/Users/admin/builder/spi-builder-workspace/.dependencies -resolvePackageDependencies
resolved source packages:
{
  "dependencies" : [
  ],
  "manifest_display_name" : "FloatingPointApproximation",
  "name" : "FloatingPointApproximation",
  "path" : "/Users/admin/builder/spi-builder-workspace",
  "platforms" : [
  ],
  "products" : [
    {
      "name" : "FloatingPointApproximation",
      "targets" : [
        "FloatingPointApproximation"
      ],
      "type" : {
        "library" : [
          "automatic"
        ]
      }
    }
  ],
  "targets" : [
    {
      "c99name" : "FloatingPointApproximationTests",
      "module_type" : "SwiftTarget",
      "name" : "FloatingPointApproximationTests",
      "path" : "Tests/FloatingPointApproximationTests",
      "sources" : [
        "FloatingPointApproximationTests.swift",
        "XCTestManifests.swift"
      ],
      "target_dependencies" : [
        "FloatingPointApproximation"
      ],
      "type" : "test"
    },
    {
      "c99name" : "FloatingPointApproximation",
      "module_type" : "SwiftTarget",
      "name" : "FloatingPointApproximation",
      "path" : "Sources/FloatingPointApproximation",
      "product_memberships" : [
        "FloatingPointApproximation"
      ],
      "sources" : [
        "FloatingPoint+Approximation.swift"
      ],
      "type" : "library"
    }
  ],
  "tools_version" : "4.2"
}
{
  "project" : {
    "configurations" : [
      "Debug",
      "Release"
    ],
    "name" : "FloatingPointApproximation",
    "schemes" : [
      "FloatingPointApproximation"
    ],
    "targets" : [
      "FloatingPointApproximation",
      "FloatingPointApproximationPackageDescription",
      "FloatingPointApproximationPackageTests",
      "FloatingPointApproximationTests"
    ]
  }
}
Running build ...
env DEVELOPER_DIR=/Applications/Xcode-27.0.0-Release.Candidate.app xcrun xcodebuild -IDEClonedSourcePackagesDirPathOverride=$PWD/.dependencies -skipMacroValidation -skipPackagePluginValidation -derivedDataPath $PWD/.derivedData build -scheme FloatingPointApproximation -destination platform=macOS,arch=arm64
Command line invocation:
    /Applications/Xcode-27.0.0-Release.Candidate.app/Contents/Developer/usr/bin/xcodebuild -IDEClonedSourcePackagesDirPathOverride=/Users/admin/builder/spi-builder-workspace/.dependencies -skipMacroValidation -skipPackagePluginValidation -derivedDataPath /Users/admin/builder/spi-builder-workspace/.derivedData build -scheme FloatingPointApproximation -destination platform=macOS,arch=arm64
ComputePackagePrebuildTargetDependencyGraph
Prepare packages
CreateBuildRequest
SendProjectDescription
CreateBuildOperation
ComputeTargetDependencyGraph
note: Building targets in dependency order
note: Target dependency graph (1 target)
    Target 'FloatingPointApproximation' in project 'FloatingPointApproximation' (no dependencies)
GatherProvisioningInputs
CreateBuildDescription
ExecuteExternalTool /Applications/Xcode-27.0.0-Release.Candidate.app/Contents/Developer/Toolchains/XcodeDefault.xctoolchain/usr/bin/clang -v -E -dM -isysroot /Applications/Xcode-27.0.0-Release.Candidate.app/Contents/Developer/Platforms/MacOSX.platform/Developer/SDKs/MacOSX27.0.sdk -x c -c /dev/null
ExecuteExternalTool /Applications/Xcode-27.0.0-Release.Candidate.app/Contents/Developer/Toolchains/XcodeDefault.xctoolchain/usr/bin/swiftc --version
ExecuteExternalTool /Applications/Xcode-27.0.0-Release.Candidate.app/Contents/Developer/Toolchains/XcodeDefault.xctoolchain/usr/bin/ld -version_details
Build description signature: 5553da51ca64e106811d9436be9097ef
Build description path: /Users/admin/builder/spi-builder-workspace/.derivedData/Build/Intermediates.noindex/XCBuildData/5553da51ca64e106811d9436be9097ef.xcbuilddata
/Users/admin/builder/spi-builder-workspace/FloatingPointApproximation.xcodeproj: error: The macOS deployment target 'MACOSX_DEPLOYMENT_TARGET' is set to 10.10, but the range of supported deployment target versions is 12.0 to 27.0.x. (in target 'FloatingPointApproximation' from project 'FloatingPointApproximation')
** BUILD FAILED **
The following build commands failed:
	Building project FloatingPointApproximation with scheme FloatingPointApproximation
(1 failure)
Command line invocation:
    /Applications/Xcode-27.0.0-Release.Candidate.app/Contents/Developer/usr/bin/xcodebuild -IDEClonedSourcePackagesDirPathOverride=/Users/admin/builder/spi-builder-workspace/.dependencies -resolvePackageDependencies
resolved source packages:
{
  "dependencies" : [
  ],
  "manifest_display_name" : "FloatingPointApproximation",
  "name" : "FloatingPointApproximation",
  "path" : "/Users/admin/builder/spi-builder-workspace",
  "platforms" : [
  ],
  "products" : [
    {
      "name" : "FloatingPointApproximation",
      "targets" : [
        "FloatingPointApproximation"
      ],
      "type" : {
        "library" : [
          "automatic"
        ]
      }
    }
  ],
  "targets" : [
    {
      "c99name" : "FloatingPointApproximationTests",
      "module_type" : "SwiftTarget",
      "name" : "FloatingPointApproximationTests",
      "path" : "Tests/FloatingPointApproximationTests",
      "sources" : [
        "FloatingPointApproximationTests.swift",
        "XCTestManifests.swift"
      ],
      "target_dependencies" : [
        "FloatingPointApproximation"
      ],
      "type" : "test"
    },
    {
      "c99name" : "FloatingPointApproximation",
      "module_type" : "SwiftTarget",
      "name" : "FloatingPointApproximation",
      "path" : "Sources/FloatingPointApproximation",
      "product_memberships" : [
        "FloatingPointApproximation"
      ],
      "sources" : [
        "FloatingPoint+Approximation.swift"
      ],
      "type" : "library"
    }
  ],
  "tools_version" : "4.2"
}
{
  "project" : {
    "configurations" : [
      "Debug",
      "Release"
    ],
    "name" : "FloatingPointApproximation",
    "schemes" : [
      "FloatingPointApproximation"
    ],
    "targets" : [
      "FloatingPointApproximation",
      "FloatingPointApproximationPackageDescription",
      "FloatingPointApproximationPackageTests",
      "FloatingPointApproximationTests"
    ]
  }
}
Running build ...
env DEVELOPER_DIR=/Applications/Xcode-27.0.0-Release.Candidate.app xcrun xcodebuild -IDEClonedSourcePackagesDirPathOverride=$PWD/.dependencies -skipMacroValidation -skipPackagePluginValidation -derivedDataPath $PWD/.derivedData build -scheme FloatingPointApproximation -destination platform=macOS,arch=arm64
Command line invocation:
    /Applications/Xcode-27.0.0-Release.Candidate.app/Contents/Developer/usr/bin/xcodebuild -IDEClonedSourcePackagesDirPathOverride=/Users/admin/builder/spi-builder-workspace/.dependencies -skipMacroValidation -skipPackagePluginValidation -derivedDataPath /Users/admin/builder/spi-builder-workspace/.derivedData build -scheme FloatingPointApproximation -destination platform=macOS,arch=arm64
ComputePackagePrebuildTargetDependencyGraph
Prepare packages
CreateBuildRequest
SendProjectDescription
CreateBuildOperation
ComputeTargetDependencyGraph
note: Building targets in dependency order
note: Target dependency graph (1 target)
    Target 'FloatingPointApproximation' in project 'FloatingPointApproximation' (no dependencies)
GatherProvisioningInputs
CreateBuildDescription
/Users/admin/builder/spi-builder-workspace/FloatingPointApproximation.xcodeproj: error: The macOS deployment target 'MACOSX_DEPLOYMENT_TARGET' is set to 10.10, but the range of supported deployment target versions is 12.0 to 27.0.x. (in target 'FloatingPointApproximation' from project 'FloatingPointApproximation')
** BUILD FAILED **
The following build commands failed:
	Building project FloatingPointApproximation with scheme FloatingPointApproximation
(1 failure)
BUILD FAILURE 6.4 macosXcodebuild