Build Information
Failed to build SwiftUICamera, reference main (8ab5b1), with Swift 6.4 for watchOS using Xcode 27.0 on 22 Sep 2026 12:51:14 UTC.
Build Command
env DEVELOPER_DIR=/Applications/Xcode-27.0.0-Release.Candidate.app xcrun xcodebuild -IDEClonedSourcePackagesDirPathOverride=$PWD/.dependencies -skipMacroValidation -skipPackagePluginValidation -derivedDataPath $PWD/.derivedData build -scheme SwiftUICamera -destination generic/platform=watchOSBuild Log
========================================
RunAll
========================================
Builder version: 5.1.0
Interrupt handler set up.
========================================
Checkout
========================================
Clone URL: https://github.com/k-arindam/SwiftUICamera.git
Reference: main
Initialized empty Git repository in /Users/admin/builder/spi-builder-workspace/.git/
From https://github.com/k-arindam/SwiftUICamera
* branch main -> FETCH_HEAD
* [new branch] main -> origin/main
HEAD is now at 8ab5b1a Implemented zoom & focus functionality, core logic changes and modified example app
Cloned https://github.com/k-arindam/SwiftUICamera.git
Revision (git rev-parse @):
8ab5b1af018e5ff666d00f15333b29e9564f8238
SUCCESS checkout https://github.com/k-arindam/SwiftUICamera.git at main
========================================
Build
========================================
Selected platform: watchOS
Swift version: 6.4
Building package at path: $PWD
https://github.com/k-arindam/SwiftUICamera.git
Command line invocation:
/Applications/Xcode-27.0.0-Release.Candidate.app/Contents/Developer/usr/bin/xcodebuild -IDEClonedSourcePackagesDirPathOverride=/Users/admin/builder/spi-builder-workspace/.dependencies -resolvePackageDependencies
Resolve Package Graph
Fetching from https://github.com/swiftlang/swift-docc-plugin
Fetching from https://github.com/swiftlang/swift-docc-symbolkit
Creating working copy of package ‘swift-docc-symbolkit’
Checking out 1.0.0 of package ‘swift-docc-symbolkit’
Creating working copy of package ‘swift-docc-plugin’
Checking out 1.5.0 of package ‘swift-docc-plugin’
Resolve Package Graph
Resolved source packages:
SymbolKit: https://github.com/swiftlang/swift-docc-symbolkit @ 1.0.0
SwiftDocCPlugin: https://github.com/swiftlang/swift-docc-plugin @ 1.5.0
SwiftUICamera: /Users/admin/builder/spi-builder-workspace
resolved source packages: SymbolKit, SwiftDocCPlugin, SwiftUICamera
2026-09-22 08:49:50.760 xcodebuild[529:3038] [MT] IDERunDestination: Supported platforms for the buildables in the current scheme is empty.
{
"dependencies" : [
{
"identity" : "swift-docc-plugin",
"requirement" : {
"range" : [
{
"lower_bound" : "1.1.0",
"upper_bound" : "2.0.0"
}
]
},
"type" : "sourceControl",
"url" : "https://github.com/swiftlang/swift-docc-plugin"
}
],
"manifest_display_name" : "SwiftUICamera",
"name" : "SwiftUICamera",
"path" : "/Users/admin/builder/spi-builder-workspace",
"platforms" : [
{
"name" : "ios",
"version" : "17.0"
}
],
"products" : [
{
"name" : "SwiftUICamera",
"targets" : [
"SwiftUICamera"
],
"type" : {
"library" : [
"automatic"
]
}
}
],
"targets" : [
{
"c99name" : "SwiftUICameraTests",
"module_type" : "SwiftTarget",
"name" : "SwiftUICameraTests",
"path" : "Tests/SwiftUICameraTests",
"sources" : [
"SwiftUICameraTests.swift"
],
"target_dependencies" : [
"SwiftUICamera"
],
"type" : "test"
},
{
"c99name" : "SwiftUICamera",
"module_type" : "SwiftTarget",
"name" : "SwiftUICamera",
"path" : "Sources/SwiftUICamera",
"product_memberships" : [
"SwiftUICamera"
],
"sources" : [
"Core/Typealiases.swift",
"Core/Utils.swift",
"DataModels/SUICameraConfig.swift",
"DataModels/VQDescription.swift",
"Enums/CameraMode.swift",
"Enums/DeviceType.swift",
"Enums/PrecheckResult.swift",
"Enums/PreviewScale.swift",
"Enums/SUICameraAudioDevice.swift",
"Enums/SUICameraError.swift",
"Enums/SUICameraExposure.swift",
"Enums/SUICameraFocus.swift",
"Enums/SUICameraISO.swift",
"Enums/SUICameraShutterSpeed.swift",
"Enums/SUICameraVideoDevice.swift",
"Enums/SUICameraVideoQuality.swift",
"Enums/SUICameraWB.swift",
"Enums/SUICameraZoom.swift",
"Extensions/AVCaptureSession+Extensions.swift",
"Protocols/SUICameraCapability.swift",
"Protocols/SUICameraCaptureDevice.swift",
"Protocols/SUICameraDataDelegate.swift",
"Threads/CIImageRenderThread.swift",
"ViewModels/Extensions/Focus+SUICameraViewModel.swift",
"ViewModels/Extensions/Frame+SUICameraViewModel.swift",
"ViewModels/Extensions/ISO+SUICameraViewModel.swift",
"ViewModels/Extensions/PhotoCapture+SUICameraViewModel.swift",
"ViewModels/Extensions/PublicMisc+SUICameraViewModel.swift",
"ViewModels/Extensions/Shared+SUICameraViewModel.swift",
"ViewModels/Extensions/ShutterSpeed+SUICameraViewModel.swift",
"ViewModels/Extensions/VideoRecording+SUICameraViewModel.swift",
"ViewModels/Extensions/WB+SUICameraViewModel.swift",
"ViewModels/Extensions/Zoom+SUICameraViewModel.swift",
"ViewModels/SUICameraViewModel.swift",
"Views/SUICameraView.swift",
"Views/Widgets/CustomDivider.swift",
"Views/Widgets/GridView.swift",
"Views/Widgets/PreviewLayerContainer.swift",
"Views/Widgets/SUICameraViewRepresentable.swift"
],
"type" : "library"
}
],
"tools_version" : "6.1"
}
{
"workspace" : {
"name" : "SwiftUICamera",
"schemes" : [
"SwiftUICamera"
]
}
}
2026-09-22 08:50:35.423 xcodebuild[830:5100] [MT] IDERunDestination: Supported platforms for the buildables in the current scheme is empty.
Running build ...
env DEVELOPER_DIR=/Applications/Xcode-27.0.0-Release.Candidate.app xcrun xcodebuild -IDEClonedSourcePackagesDirPathOverride=$PWD/.dependencies -skipMacroValidation -skipPackagePluginValidation -derivedDataPath $PWD/.derivedData build -scheme SwiftUICamera -destination generic/platform=watchOS
Command line invocation:
/Applications/Xcode-27.0.0-Release.Candidate.app/Contents/Developer/usr/bin/xcodebuild -IDEClonedSourcePackagesDirPathOverride=/Users/admin/builder/spi-builder-workspace/.dependencies -skipMacroValidation -skipPackagePluginValidation -derivedDataPath /Users/admin/builder/spi-builder-workspace/.derivedData build -scheme SwiftUICamera -destination generic/platform=watchOS
Resolve Package Graph
Resolve Package Graph
Resolved source packages:
SymbolKit: https://github.com/swiftlang/swift-docc-symbolkit @ 1.0.0
SwiftUICamera: /Users/admin/builder/spi-builder-workspace
SwiftDocCPlugin: https://github.com/swiftlang/swift-docc-plugin @ 1.5.0
ComputePackagePrebuildTargetDependencyGraph
Prepare packages
CreateBuildRequest
SendProjectDescription
CreateBuildOperation
ComputeTargetDependencyGraph
note: Building targets in dependency order
note: Target dependency graph (2 targets)
Target 'SwiftUICamera-product' in project 'SwiftUICamera'
➜ Explicit dependency on target 'SwiftUICamera' in project 'SwiftUICamera'
Target 'SwiftUICamera' in project 'SwiftUICamera' (no dependencies)
GatherProvisioningInputs
CreateBuildDescription
ExecuteExternalTool /Applications/Xcode-27.0.0-Release.Candidate.app/Contents/Developer/Toolchains/XcodeDefault.xctoolchain/usr/bin/clang -v -E -dM -isysroot /Applications/Xcode-27.0.0-Release.Candidate.app/Contents/Developer/Platforms/WatchOS.platform/Developer/SDKs/WatchOS27.0.sdk -x c -c /dev/null
ExecuteExternalTool /Applications/Xcode-27.0.0-Release.Candidate.app/Contents/Developer/Toolchains/XcodeDefault.xctoolchain/usr/bin/swiftc --version
ExecuteExternalTool /Applications/Xcode-27.0.0-Release.Candidate.app/Contents/Developer/Toolchains/XcodeDefault.xctoolchain/usr/bin/ld -version_details
Build description signature: 2299b239f8404bc9106804a4377eccc7
Build description path: /Users/admin/builder/spi-builder-workspace/.derivedData/Build/Intermediates.noindex/XCBuildData/2299b239f8404bc9106804a4377eccc7.xcbuilddata
CreateBuildDirectory /Users/admin/builder/spi-builder-workspace/.derivedData/SDKExplicitPrecompiledModules
cd /Users/admin/builder/spi-builder-workspace/.swiftpm/xcode
builtin-create-build-directory /Users/admin/builder/spi-builder-workspace/.derivedData/SDKExplicitPrecompiledModules
CreateBuildDirectory /Users/admin/builder/spi-builder-workspace/.derivedData/ModuleCache.noindex
cd /Users/admin/builder/spi-builder-workspace/.swiftpm/xcode
builtin-create-build-directory /Users/admin/builder/spi-builder-workspace/.derivedData/ModuleCache.noindex
CreateBuildDirectory /Users/admin/builder/spi-builder-workspace/.derivedData/CompilationCache.noindex
cd /Users/admin/builder/spi-builder-workspace/.swiftpm/xcode
builtin-create-build-directory /Users/admin/builder/spi-builder-workspace/.derivedData/CompilationCache.noindex
CreateBuildDirectory /Users/admin/builder/spi-builder-workspace/.derivedData/Build/Products
cd /Users/admin/builder/spi-builder-workspace/.swiftpm/xcode
builtin-create-build-directory /Users/admin/builder/spi-builder-workspace/.derivedData/Build/Products
CreateBuildDirectory /Users/admin/builder/spi-builder-workspace/.derivedData/Build/Intermediates.noindex
cd /Users/admin/builder/spi-builder-workspace/.swiftpm/xcode
builtin-create-build-directory /Users/admin/builder/spi-builder-workspace/.derivedData/Build/Intermediates.noindex
ClangStatCache /Applications/Xcode-27.0.0-Release.Candidate.app/Contents/Developer/Toolchains/XcodeDefault.xctoolchain/usr/bin/clang-stat-cache /Applications/Xcode-27.0.0-Release.Candidate.app/Contents/Developer/Platforms/WatchOS.platform/Developer/SDKs/WatchOS27.0.sdk /Users/admin/builder/spi-builder-workspace/.derivedData/SDKStatCaches.noindex/watchos27.0-24R360-e829b21a6f8c9b70876ba0858053c04477534ef55a1706bf4c1112bbb242f0a2.sdkstatcache
cd /Users/admin/builder/spi-builder-workspace/.swiftpm/xcode
/Applications/Xcode-27.0.0-Release.Candidate.app/Contents/Developer/Toolchains/XcodeDefault.xctoolchain/usr/bin/clang-stat-cache /Applications/Xcode-27.0.0-Release.Candidate.app/Contents/Developer/Platforms/WatchOS.platform/Developer/SDKs/WatchOS27.0.sdk -o /Users/admin/builder/spi-builder-workspace/.derivedData/SDKStatCaches.noindex/watchos27.0-24R360-e829b21a6f8c9b70876ba0858053c04477534ef55a1706bf4c1112bbb242f0a2.sdkstatcache
CreateBuildDirectory /Users/admin/builder/spi-builder-workspace/.derivedData/Build/Intermediates.noindex/SwiftExplicitPrecompiledModules
cd /Users/admin/builder/spi-builder-workspace/.swiftpm/xcode
builtin-create-build-directory /Users/admin/builder/spi-builder-workspace/.derivedData/Build/Intermediates.noindex/SwiftExplicitPrecompiledModules
CreateBuildDirectory /Users/admin/builder/spi-builder-workspace/.derivedData/Build/Intermediates.noindex/PrecompiledHeaders
cd /Users/admin/builder/spi-builder-workspace/.swiftpm/xcode
builtin-create-build-directory /Users/admin/builder/spi-builder-workspace/.derivedData/Build/Intermediates.noindex/PrecompiledHeaders
CreateBuildDirectory /Users/admin/builder/spi-builder-workspace/.derivedData/Build/Intermediates.noindex/ExplicitPrecompiledModules
cd /Users/admin/builder/spi-builder-workspace/.swiftpm/xcode
builtin-create-build-directory /Users/admin/builder/spi-builder-workspace/.derivedData/Build/Intermediates.noindex/ExplicitPrecompiledModules
CreateBuildDirectory /Users/admin/builder/spi-builder-workspace/.derivedData/Build/Products/Debug-watchos
cd /Users/admin/builder/spi-builder-workspace/.swiftpm/xcode
builtin-create-build-directory /Users/admin/builder/spi-builder-workspace/.derivedData/Build/Products/Debug-watchos
CreateBuildDirectory /Users/admin/builder/spi-builder-workspace/.derivedData/Build/Intermediates.noindex/EagerLinkingTBDs/Debug-watchos
cd /Users/admin/builder/spi-builder-workspace/.swiftpm/xcode
builtin-create-build-directory /Users/admin/builder/spi-builder-workspace/.derivedData/Build/Intermediates.noindex/EagerLinkingTBDs/Debug-watchos
CreateBuildDirectory /Users/admin/builder/spi-builder-workspace/.derivedData/Build/Products/Debug-watchos/PackageFrameworks
cd /Users/admin/builder/spi-builder-workspace/.swiftpm/xcode
builtin-create-build-directory /Users/admin/builder/spi-builder-workspace/.derivedData/Build/Products/Debug-watchos/PackageFrameworks
WriteAuxiliaryFile /Users/admin/builder/spi-builder-workspace/.derivedData/Build/Intermediates.noindex/SwiftUICamera.build/Debug-watchos/SwiftUICamera-t.build/SwiftUICamera.modulemap (in target 'SwiftUICamera' from project 'SwiftUICamera')
cd /Users/admin/builder/spi-builder-workspace
write-file /Users/admin/builder/spi-builder-workspace/.derivedData/Build/Intermediates.noindex/SwiftUICamera.build/Debug-watchos/SwiftUICamera-t.build/SwiftUICamera.modulemap
WriteAuxiliaryFile /Users/admin/builder/spi-builder-workspace/.derivedData/Build/Intermediates.noindex/SwiftUICamera.build/Debug-watchos/SwiftUICamera-t.build/SwiftUICamera.DependencyStaticMetadataFileList (in target 'SwiftUICamera' from project 'SwiftUICamera')
cd /Users/admin/builder/spi-builder-workspace
write-file /Users/admin/builder/spi-builder-workspace/.derivedData/Build/Intermediates.noindex/SwiftUICamera.build/Debug-watchos/SwiftUICamera-t.build/SwiftUICamera.DependencyStaticMetadataFileList
WriteAuxiliaryFile /Users/admin/builder/spi-builder-workspace/.derivedData/Build/Intermediates.noindex/SwiftUICamera.build/Debug-watchos/SwiftUICamera-t.build/SwiftUICamera.DependencyMetadataFileList (in target 'SwiftUICamera' from project 'SwiftUICamera')
cd /Users/admin/builder/spi-builder-workspace
write-file /Users/admin/builder/spi-builder-workspace/.derivedData/Build/Intermediates.noindex/SwiftUICamera.build/Debug-watchos/SwiftUICamera-t.build/SwiftUICamera.DependencyMetadataFileList
WriteAuxiliaryFile /Users/admin/builder/spi-builder-workspace/.derivedData/Build/Intermediates.noindex/SwiftUICamera.build/Debug-watchos/SwiftUICamera-t.build/Objects-normal/arm64_32/SwiftUICamera-OutputFileMap.json (in target 'SwiftUICamera' from project 'SwiftUICamera')
cd /Users/admin/builder/spi-builder-workspace
write-file /Users/admin/builder/spi-builder-workspace/.derivedData/Build/Intermediates.noindex/SwiftUICamera.build/Debug-watchos/SwiftUICamera-t.build/Objects-normal/arm64_32/SwiftUICamera-OutputFileMap.json
WriteAuxiliaryFile /Users/admin/builder/spi-builder-workspace/.derivedData/Build/Intermediates.noindex/SwiftUICamera.build/Debug-watchos/SwiftUICamera-t.build/Objects-normal/arm64_32/SwiftUICamera.LinkFileList (in target 'SwiftUICamera' from project 'SwiftUICamera')
cd /Users/admin/builder/spi-builder-workspace
write-file /Users/admin/builder/spi-builder-workspace/.derivedData/Build/Intermediates.noindex/SwiftUICamera.build/Debug-watchos/SwiftUICamera-t.build/Objects-normal/arm64_32/SwiftUICamera.LinkFileList
WriteAuxiliaryFile /Users/admin/builder/spi-builder-workspace/.derivedData/Build/Intermediates.noindex/SwiftUICamera.build/Debug-watchos/SwiftUICamera-t.build/Objects-normal/arm64_32/SwiftUICamera.SwiftFileList (in target 'SwiftUICamera' from project 'SwiftUICamera')
cd /Users/admin/builder/spi-builder-workspace
write-file /Users/admin/builder/spi-builder-workspace/.derivedData/Build/Intermediates.noindex/SwiftUICamera.build/Debug-watchos/SwiftUICamera-t.build/Objects-normal/arm64_32/SwiftUICamera.SwiftFileList
WriteAuxiliaryFile /Users/admin/builder/spi-builder-workspace/.derivedData/Build/Intermediates.noindex/SwiftUICamera.build/Debug-watchos/SwiftUICamera-t.build/Objects-normal/arm64_32/SwiftUICamera_const_extract_protocols.json (in target 'SwiftUICamera' from project 'SwiftUICamera')
cd /Users/admin/builder/spi-builder-workspace
write-file /Users/admin/builder/spi-builder-workspace/.derivedData/Build/Intermediates.noindex/SwiftUICamera.build/Debug-watchos/SwiftUICamera-t.build/Objects-normal/arm64_32/SwiftUICamera_const_extract_protocols.json
WriteAuxiliaryFile /Users/admin/builder/spi-builder-workspace/.derivedData/Build/Intermediates.noindex/SwiftUICamera.build/Debug-watchos/SwiftUICamera-t.build/Objects-normal/arm64_32/SwiftUICamera.SwiftConstValuesFileList (in target 'SwiftUICamera' from project 'SwiftUICamera')
cd /Users/admin/builder/spi-builder-workspace
write-file /Users/admin/builder/spi-builder-workspace/.derivedData/Build/Intermediates.noindex/SwiftUICamera.build/Debug-watchos/SwiftUICamera-t.build/Objects-normal/arm64_32/SwiftUICamera.SwiftConstValuesFileList
WriteAuxiliaryFile /Users/admin/builder/spi-builder-workspace/.derivedData/Build/Intermediates.noindex/SwiftUICamera.build/Debug-watchos/SwiftUICamera-t.build/Objects-normal/arm64/SwiftUICamera_const_extract_protocols.json (in target 'SwiftUICamera' from project 'SwiftUICamera')
cd /Users/admin/builder/spi-builder-workspace
write-file /Users/admin/builder/spi-builder-workspace/.derivedData/Build/Intermediates.noindex/SwiftUICamera.build/Debug-watchos/SwiftUICamera-t.build/Objects-normal/arm64/SwiftUICamera_const_extract_protocols.json
WriteAuxiliaryFile /Users/admin/builder/spi-builder-workspace/.derivedData/Build/Intermediates.noindex/SwiftUICamera.build/Debug-watchos/SwiftUICamera-t.build/Objects-normal/arm64/SwiftUICamera.SwiftFileList (in target 'SwiftUICamera' from project 'SwiftUICamera')
cd /Users/admin/builder/spi-builder-workspace
write-file /Users/admin/builder/spi-builder-workspace/.derivedData/Build/Intermediates.noindex/SwiftUICamera.build/Debug-watchos/SwiftUICamera-t.build/Objects-normal/arm64/SwiftUICamera.SwiftFileList
WriteAuxiliaryFile /Users/admin/builder/spi-builder-workspace/.derivedData/Build/Intermediates.noindex/SwiftUICamera.build/Debug-watchos/SwiftUICamera-t.build/Objects-normal/arm64/SwiftUICamera.SwiftConstValuesFileList (in target 'SwiftUICamera' from project 'SwiftUICamera')
cd /Users/admin/builder/spi-builder-workspace
write-file /Users/admin/builder/spi-builder-workspace/.derivedData/Build/Intermediates.noindex/SwiftUICamera.build/Debug-watchos/SwiftUICamera-t.build/Objects-normal/arm64/SwiftUICamera.SwiftConstValuesFileList
WriteAuxiliaryFile /Users/admin/builder/spi-builder-workspace/.derivedData/Build/Intermediates.noindex/SwiftUICamera.build/Debug-watchos/SwiftUICamera-t.build/Objects-normal/arm64/SwiftUICamera.LinkFileList (in target 'SwiftUICamera' from project 'SwiftUICamera')
cd /Users/admin/builder/spi-builder-workspace
write-file /Users/admin/builder/spi-builder-workspace/.derivedData/Build/Intermediates.noindex/SwiftUICamera.build/Debug-watchos/SwiftUICamera-t.build/Objects-normal/arm64/SwiftUICamera.LinkFileList
WriteAuxiliaryFile /Users/admin/builder/spi-builder-workspace/.derivedData/Build/Intermediates.noindex/SwiftUICamera.build/Debug-watchos/SwiftUICamera-t.build/Objects-normal/arm64/SwiftUICamera-OutputFileMap.json (in target 'SwiftUICamera' from project 'SwiftUICamera')
cd /Users/admin/builder/spi-builder-workspace
write-file /Users/admin/builder/spi-builder-workspace/.derivedData/Build/Intermediates.noindex/SwiftUICamera.build/Debug-watchos/SwiftUICamera-t.build/Objects-normal/arm64/SwiftUICamera-OutputFileMap.json
Copy /Users/admin/builder/spi-builder-workspace/.derivedData/Build/Intermediates.noindex/GeneratedModuleMaps-watchos/SwiftUICamera.modulemap /Users/admin/builder/spi-builder-workspace/.derivedData/Build/Intermediates.noindex/SwiftUICamera.build/Debug-watchos/SwiftUICamera-t.build/SwiftUICamera.modulemap (in target 'SwiftUICamera' from project 'SwiftUICamera')
cd /Users/admin/builder/spi-builder-workspace
builtin-copy -exclude .DS_Store -exclude CVS -exclude .svn -exclude .git -exclude .hg -resolve-src-symlinks /Users/admin/builder/spi-builder-workspace/.derivedData/Build/Intermediates.noindex/SwiftUICamera.build/Debug-watchos/SwiftUICamera-t.build/SwiftUICamera.modulemap /Users/admin/builder/spi-builder-workspace/.derivedData/Build/Intermediates.noindex/GeneratedModuleMaps-watchos
SwiftDriver SwiftUICamera normal arm64_32 com.apple.xcode.tools.swift.compiler (in target 'SwiftUICamera' from project 'SwiftUICamera')
cd /Users/admin/builder/spi-builder-workspace/.swiftpm/xcode
builtin-SwiftDriver -- /Applications/Xcode-27.0.0-Release.Candidate.app/Contents/Developer/Toolchains/XcodeDefault.xctoolchain/usr/bin/swiftc -parse-as-library -module-name SwiftUICamera -Onone @/Users/admin/builder/spi-builder-workspace/.derivedData/Build/Intermediates.noindex/SwiftUICamera.build/Debug-watchos/SwiftUICamera-t.build/Objects-normal/arm64_32/SwiftUICamera.SwiftFileList -DSWIFT_PACKAGE -DDEBUG -DSWIFT_MODULE_RESOURCE_BUNDLE_UNAVAILABLE -DXcode -plugin-path /Applications/Xcode-27.0.0-Release.Candidate.app/Contents/Developer/Toolchains/XcodeDefault.xctoolchain/usr/lib/swift/host/plugins/testing -enable-experimental-feature DebugDescriptionMacro -sdk /Applications/Xcode-27.0.0-Release.Candidate.app/Contents/Developer/Platforms/WatchOS.platform/Developer/SDKs/WatchOS27.0.sdk -target arm64_32-apple-watchos10.0 -g -module-cache-path /Users/admin/builder/spi-builder-workspace/.derivedData/ModuleCache.noindex -Xfrontend -serialize-debugging-options -profile-coverage-mapping -profile-generate -enable-testing -index-store-path /Users/admin/builder/spi-builder-workspace/.derivedData/Index.noindex/DataStore -Xcc -D_LIBCPP_HARDENING_MODE\=_LIBCPP_HARDENING_MODE_DEBUG -swift-version 6 -I /Users/admin/builder/spi-builder-workspace/.derivedData/Build/Products/Debug-watchos -Isystem /Applications/Xcode-27.0.0-Release.Candidate.app/Contents/Developer/Platforms/WatchOS.platform/Developer/usr/lib -F /Users/admin/builder/spi-builder-workspace/.derivedData/Build/Products/Debug-watchos -F /Applications/Xcode-27.0.0-Release.Candidate.app/Contents/Developer/Platforms/WatchOS.platform/Developer/Library/Frameworks -F /Applications/Xcode-27.0.0-Release.Candidate.app/Contents/Developer/Platforms/WatchOS.platform/Developer/SDKs/WatchOS27.0.sdk/Developer/Library/Frameworks -c -j10 -enable-batch-mode -incremental -Xcc -ivfsstatcache -Xcc /Users/admin/builder/spi-builder-workspace/.derivedData/SDKStatCaches.noindex/watchos27.0-24R360-e829b21a6f8c9b70876ba0858053c04477534ef55a1706bf4c1112bbb242f0a2.sdkstatcache -output-file-map /Users/admin/builder/spi-builder-workspace/.derivedData/Build/Intermediates.noindex/SwiftUICamera.build/Debug-watchos/SwiftUICamera-t.build/Objects-normal/arm64_32/SwiftUICamera-OutputFileMap.json -save-temps -no-color-diagnostics -explicit-module-build -module-cache-path /Users/admin/builder/spi-builder-workspace/.derivedData/Build/Intermediates.noindex/SwiftExplicitPrecompiledModules -clang-scanner-module-cache-path /Users/admin/builder/spi-builder-workspace/.derivedData/ModuleCache.noindex -sdk-module-cache-path /Users/admin/builder/spi-builder-workspace/.derivedData/SDKExplicitPrecompiledModules -emit-dependencies -emit-module -emit-module-path /Users/admin/builder/spi-builder-workspace/.derivedData/Build/Intermediates.noindex/SwiftUICamera.build/Debug-watchos/SwiftUICamera-t.build/Objects-normal/arm64_32/SwiftUICamera.swiftmodule -serialize-diagnostics -dependency-scan-serialize-diagnostics-path /Users/admin/builder/spi-builder-workspace/.derivedData/Build/Intermediates.noindex/SwiftUICamera.build/Debug-watchos/SwiftUICamera-t.build/Objects-normal/arm64_32/SwiftUICamera-dependency-scan.dia -validate-clang-modules-once -clang-build-session-file /Users/admin/builder/spi-builder-workspace/.derivedData/ModuleCache.noindex/Session.modulevalidation -Xcc -fmodules-prune-interval\=86400 -Xcc -fmodules-prune-after\=345600 -package-name spi_builder_workspace -emit-const-values -const-gather-protocols-list /Users/admin/builder/spi-builder-workspace/.derivedData/Build/Intermediates.noindex/SwiftUICamera.build/Debug-watchos/SwiftUICamera-t.build/Objects-normal/arm64_32/SwiftUICamera_const_extract_protocols.json -Xcc -I/Users/admin/builder/spi-builder-workspace/.derivedData/Build/Products/Debug-watchos/include -Xcc -I/Users/admin/builder/spi-builder-workspace/.derivedData/Build/Intermediates.noindex/SwiftUICamera.build/Debug-watchos/SwiftUICamera-t.build/DerivedSources-normal/arm64_32 -Xcc -I/Users/admin/builder/spi-builder-workspace/.derivedData/Build/Intermediates.noindex/SwiftUICamera.build/Debug-watchos/SwiftUICamera-t.build/DerivedSources/arm64_32 -Xcc -I/Users/admin/builder/spi-builder-workspace/.derivedData/Build/Intermediates.noindex/SwiftUICamera.build/Debug-watchos/SwiftUICamera-t.build/DerivedSources -Xcc -DSWIFT_PACKAGE -Xcc -DDEBUG\=1 -emit-objc-header -emit-objc-header-path /Users/admin/builder/spi-builder-workspace/.derivedData/Build/Intermediates.noindex/SwiftUICamera.build/Debug-watchos/SwiftUICamera-t.build/Objects-normal/arm64_32/SwiftUICamera-Swift.h -working-directory /Users/admin/builder/spi-builder-workspace/.swiftpm/xcode -experimental-emit-module-separately -disable-cmo
/Users/admin/builder/spi-builder-workspace/Sources/SwiftUICamera/ViewModels/Extensions/Frame+SUICameraViewModel.swift:9:24: error: Unable to resolve module dependency: 'CoreImage' (in target 'SwiftUICamera' from project 'SwiftUICamera')
note: A dependency of main module 'SwiftUICamera'
/Users/admin/builder/spi-builder-workspace/Sources/SwiftUICamera/ViewModels/Extensions/Frame+SUICameraViewModel.swift:9:24: note: A dependency of main module 'SwiftUICamera'
@preconcurrency import CoreImage
^ (in target 'SwiftUICamera' from project 'SwiftUICamera')
SwiftDriver SwiftUICamera normal arm64 com.apple.xcode.tools.swift.compiler (in target 'SwiftUICamera' from project 'SwiftUICamera')
cd /Users/admin/builder/spi-builder-workspace/.swiftpm/xcode
builtin-SwiftDriver -- /Applications/Xcode-27.0.0-Release.Candidate.app/Contents/Developer/Toolchains/XcodeDefault.xctoolchain/usr/bin/swiftc -parse-as-library -module-name SwiftUICamera -Onone @/Users/admin/builder/spi-builder-workspace/.derivedData/Build/Intermediates.noindex/SwiftUICamera.build/Debug-watchos/SwiftUICamera-t.build/Objects-normal/arm64/SwiftUICamera.SwiftFileList -DSWIFT_PACKAGE -DDEBUG -DSWIFT_MODULE_RESOURCE_BUNDLE_UNAVAILABLE -DXcode -plugin-path /Applications/Xcode-27.0.0-Release.Candidate.app/Contents/Developer/Toolchains/XcodeDefault.xctoolchain/usr/lib/swift/host/plugins/testing -enable-experimental-feature DebugDescriptionMacro -sdk /Applications/Xcode-27.0.0-Release.Candidate.app/Contents/Developer/Platforms/WatchOS.platform/Developer/SDKs/WatchOS27.0.sdk -target arm64-apple-watchos10.0 -g -module-cache-path /Users/admin/builder/spi-builder-workspace/.derivedData/ModuleCache.noindex -Xfrontend -serialize-debugging-options -profile-coverage-mapping -profile-generate -enable-testing -index-store-path /Users/admin/builder/spi-builder-workspace/.derivedData/Index.noindex/DataStore -Xcc -D_LIBCPP_HARDENING_MODE\=_LIBCPP_HARDENING_MODE_DEBUG -swift-version 6 -I /Users/admin/builder/spi-builder-workspace/.derivedData/Build/Products/Debug-watchos -Isystem /Applications/Xcode-27.0.0-Release.Candidate.app/Contents/Developer/Platforms/WatchOS.platform/Developer/usr/lib -F /Users/admin/builder/spi-builder-workspace/.derivedData/Build/Products/Debug-watchos -F /Applications/Xcode-27.0.0-Release.Candidate.app/Contents/Developer/Platforms/WatchOS.platform/Developer/Library/Frameworks -F /Applications/Xcode-27.0.0-Release.Candidate.app/Contents/Developer/Platforms/WatchOS.platform/Developer/SDKs/WatchOS27.0.sdk/Developer/Library/Frameworks -c -j10 -enable-batch-mode -incremental -Xcc -ivfsstatcache -Xcc /Users/admin/builder/spi-builder-workspace/.derivedData/SDKStatCaches.noindex/watchos27.0-24R360-e829b21a6f8c9b70876ba0858053c04477534ef55a1706bf4c1112bbb242f0a2.sdkstatcache -output-file-map /Users/admin/builder/spi-builder-workspace/.derivedData/Build/Intermediates.noindex/SwiftUICamera.build/Debug-watchos/SwiftUICamera-t.build/Objects-normal/arm64/SwiftUICamera-OutputFileMap.json -save-temps -no-color-diagnostics -explicit-module-build -module-cache-path /Users/admin/builder/spi-builder-workspace/.derivedData/Build/Intermediates.noindex/SwiftExplicitPrecompiledModules -clang-scanner-module-cache-path /Users/admin/builder/spi-builder-workspace/.derivedData/ModuleCache.noindex -sdk-module-cache-path /Users/admin/builder/spi-builder-workspace/.derivedData/SDKExplicitPrecompiledModules -emit-dependencies -emit-module -emit-module-path /Users/admin/builder/spi-builder-workspace/.derivedData/Build/Intermediates.noindex/SwiftUICamera.build/Debug-watchos/SwiftUICamera-t.build/Objects-normal/arm64/SwiftUICamera.swiftmodule -serialize-diagnostics -dependency-scan-serialize-diagnostics-path /Users/admin/builder/spi-builder-workspace/.derivedData/Build/Intermediates.noindex/SwiftUICamera.build/Debug-watchos/SwiftUICamera-t.build/Objects-normal/arm64/SwiftUICamera-dependency-scan.dia -validate-clang-modules-once -clang-build-session-file /Users/admin/builder/spi-builder-workspace/.derivedData/ModuleCache.noindex/Session.modulevalidation -Xcc -fmodules-prune-interval\=86400 -Xcc -fmodules-prune-after\=345600 -package-name spi_builder_workspace -emit-const-values -const-gather-protocols-list /Users/admin/builder/spi-builder-workspace/.derivedData/Build/Intermediates.noindex/SwiftUICamera.build/Debug-watchos/SwiftUICamera-t.build/Objects-normal/arm64/SwiftUICamera_const_extract_protocols.json -Xcc -I/Users/admin/builder/spi-builder-workspace/.derivedData/Build/Products/Debug-watchos/include -Xcc -I/Users/admin/builder/spi-builder-workspace/.derivedData/Build/Intermediates.noindex/SwiftUICamera.build/Debug-watchos/SwiftUICamera-t.build/DerivedSources-normal/arm64 -Xcc -I/Users/admin/builder/spi-builder-workspace/.derivedData/Build/Intermediates.noindex/SwiftUICamera.build/Debug-watchos/SwiftUICamera-t.build/DerivedSources/arm64 -Xcc -I/Users/admin/builder/spi-builder-workspace/.derivedData/Build/Intermediates.noindex/SwiftUICamera.build/Debug-watchos/SwiftUICamera-t.build/DerivedSources -Xcc -DSWIFT_PACKAGE -Xcc -DDEBUG\=1 -emit-objc-header -emit-objc-header-path /Users/admin/builder/spi-builder-workspace/.derivedData/Build/Intermediates.noindex/SwiftUICamera.build/Debug-watchos/SwiftUICamera-t.build/Objects-normal/arm64/SwiftUICamera-Swift.h -working-directory /Users/admin/builder/spi-builder-workspace/.swiftpm/xcode -experimental-emit-module-separately -disable-cmo
/Users/admin/builder/spi-builder-workspace/Sources/SwiftUICamera/ViewModels/Extensions/Frame+SUICameraViewModel.swift:9:24: error: Unable to resolve module dependency: 'CoreImage' (in target 'SwiftUICamera' from project 'SwiftUICamera')
note: A dependency of main module 'SwiftUICamera'
/Users/admin/builder/spi-builder-workspace/Sources/SwiftUICamera/ViewModels/Extensions/Frame+SUICameraViewModel.swift:9:24: note: A dependency of main module 'SwiftUICamera'
@preconcurrency import CoreImage
^ (in target 'SwiftUICamera' from project 'SwiftUICamera')
PruneExplicitPrecompiledModules /Users/admin/builder/spi-builder-workspace/.derivedData/Build/Intermediates.noindex/SwiftExplicitPrecompiledModules
PruneExplicitPrecompiledModules /Users/admin/builder/spi-builder-workspace/.derivedData/Build/Intermediates.noindex/ExplicitPrecompiledModules
PruneExplicitPrecompiledModules /Users/admin/builder/spi-builder-workspace/.derivedData/SDKExplicitPrecompiledModules
2026-09-22 08:50:44.066 xcodebuild[881:5469] [MT] IDERunDestination: Supported platforms for the buildables in the current scheme is empty.
** BUILD FAILED **
The following build commands failed:
SwiftDriver SwiftUICamera normal arm64_32 com.apple.xcode.tools.swift.compiler (in target 'SwiftUICamera' from project 'SwiftUICamera')
SwiftDriver SwiftUICamera normal arm64 com.apple.xcode.tools.swift.compiler (in target 'SwiftUICamera' from project 'SwiftUICamera')
Building workspace SwiftUICamera with scheme SwiftUICamera
(3 failures)
Command line invocation:
/Applications/Xcode-27.0.0-Release.Candidate.app/Contents/Developer/usr/bin/xcodebuild -IDEClonedSourcePackagesDirPathOverride=/Users/admin/builder/spi-builder-workspace/.dependencies -resolvePackageDependencies
Resolve Package Graph
Resolved source packages:
SwiftUICamera: /Users/admin/builder/spi-builder-workspace
SwiftDocCPlugin: https://github.com/swiftlang/swift-docc-plugin @ 1.5.0
SymbolKit: https://github.com/swiftlang/swift-docc-symbolkit @ 1.0.0
resolved source packages: SwiftUICamera, SwiftDocCPlugin, SymbolKit
2026-09-22 08:50:59.161 xcodebuild[1012:6474] [MT] IDERunDestination: Supported platforms for the buildables in the current scheme is empty.
{
"dependencies" : [
{
"identity" : "swift-docc-plugin",
"requirement" : {
"range" : [
{
"lower_bound" : "1.1.0",
"upper_bound" : "2.0.0"
}
]
},
"type" : "sourceControl",
"url" : "https://github.com/swiftlang/swift-docc-plugin"
}
],
"manifest_display_name" : "SwiftUICamera",
"name" : "SwiftUICamera",
"path" : "/Users/admin/builder/spi-builder-workspace",
"platforms" : [
{
"name" : "ios",
"version" : "17.0"
}
],
"products" : [
{
"name" : "SwiftUICamera",
"targets" : [
"SwiftUICamera"
],
"type" : {
"library" : [
"automatic"
]
}
}
],
"targets" : [
{
"c99name" : "SwiftUICameraTests",
"module_type" : "SwiftTarget",
"name" : "SwiftUICameraTests",
"path" : "Tests/SwiftUICameraTests",
"sources" : [
"SwiftUICameraTests.swift"
],
"target_dependencies" : [
"SwiftUICamera"
],
"type" : "test"
},
{
"c99name" : "SwiftUICamera",
"module_type" : "SwiftTarget",
"name" : "SwiftUICamera",
"path" : "Sources/SwiftUICamera",
"product_memberships" : [
"SwiftUICamera"
],
"sources" : [
"Core/Typealiases.swift",
"Core/Utils.swift",
"DataModels/SUICameraConfig.swift",
"DataModels/VQDescription.swift",
"Enums/CameraMode.swift",
"Enums/DeviceType.swift",
"Enums/PrecheckResult.swift",
"Enums/PreviewScale.swift",
"Enums/SUICameraAudioDevice.swift",
"Enums/SUICameraError.swift",
"Enums/SUICameraExposure.swift",
"Enums/SUICameraFocus.swift",
"Enums/SUICameraISO.swift",
"Enums/SUICameraShutterSpeed.swift",
"Enums/SUICameraVideoDevice.swift",
"Enums/SUICameraVideoQuality.swift",
"Enums/SUICameraWB.swift",
"Enums/SUICameraZoom.swift",
"Extensions/AVCaptureSession+Extensions.swift",
"Protocols/SUICameraCapability.swift",
"Protocols/SUICameraCaptureDevice.swift",
"Protocols/SUICameraDataDelegate.swift",
"Threads/CIImageRenderThread.swift",
"ViewModels/Extensions/Focus+SUICameraViewModel.swift",
"ViewModels/Extensions/Frame+SUICameraViewModel.swift",
"ViewModels/Extensions/ISO+SUICameraViewModel.swift",
"ViewModels/Extensions/PhotoCapture+SUICameraViewModel.swift",
"ViewModels/Extensions/PublicMisc+SUICameraViewModel.swift",
"ViewModels/Extensions/Shared+SUICameraViewModel.swift",
"ViewModels/Extensions/ShutterSpeed+SUICameraViewModel.swift",
"ViewModels/Extensions/VideoRecording+SUICameraViewModel.swift",
"ViewModels/Extensions/WB+SUICameraViewModel.swift",
"ViewModels/Extensions/Zoom+SUICameraViewModel.swift",
"ViewModels/SUICameraViewModel.swift",
"Views/SUICameraView.swift",
"Views/Widgets/CustomDivider.swift",
"Views/Widgets/GridView.swift",
"Views/Widgets/PreviewLayerContainer.swift",
"Views/Widgets/SUICameraViewRepresentable.swift"
],
"type" : "library"
}
],
"tools_version" : "6.1"
}
{
"workspace" : {
"name" : "SwiftUICamera",
"schemes" : [
"SwiftUICamera"
]
}
}
2026-09-22 08:51:06.471 xcodebuild[1070:6868] [MT] IDERunDestination: Supported platforms for the buildables in the current scheme is empty.
Running build ...
env DEVELOPER_DIR=/Applications/Xcode-27.0.0-Release.Candidate.app xcrun xcodebuild -IDEClonedSourcePackagesDirPathOverride=$PWD/.dependencies -skipMacroValidation -skipPackagePluginValidation -derivedDataPath $PWD/.derivedData build -scheme SwiftUICamera -destination generic/platform=watchOS
Command line invocation:
/Applications/Xcode-27.0.0-Release.Candidate.app/Contents/Developer/usr/bin/xcodebuild -IDEClonedSourcePackagesDirPathOverride=/Users/admin/builder/spi-builder-workspace/.dependencies -skipMacroValidation -skipPackagePluginValidation -derivedDataPath /Users/admin/builder/spi-builder-workspace/.derivedData build -scheme SwiftUICamera -destination generic/platform=watchOS
Resolve Package Graph
Resolved source packages:
SwiftUICamera: /Users/admin/builder/spi-builder-workspace
SwiftDocCPlugin: https://github.com/swiftlang/swift-docc-plugin @ 1.5.0
SymbolKit: https://github.com/swiftlang/swift-docc-symbolkit @ 1.0.0
ComputePackagePrebuildTargetDependencyGraph
Prepare packages
CreateBuildRequest
SendProjectDescription
CreateBuildOperation
ComputeTargetDependencyGraph
note: Building targets in dependency order
note: Target dependency graph (2 targets)
Target 'SwiftUICamera-product' in project 'SwiftUICamera'
➜ Explicit dependency on target 'SwiftUICamera' in project 'SwiftUICamera'
Target 'SwiftUICamera' in project 'SwiftUICamera' (no dependencies)
GatherProvisioningInputs
CreateBuildDescription
ClangStatCache /Applications/Xcode-27.0.0-Release.Candidate.app/Contents/Developer/Toolchains/XcodeDefault.xctoolchain/usr/bin/clang-stat-cache /Applications/Xcode-27.0.0-Release.Candidate.app/Contents/Developer/Platforms/WatchOS.platform/Developer/SDKs/WatchOS27.0.sdk /Users/admin/builder/spi-builder-workspace/.derivedData/SDKStatCaches.noindex/watchos27.0-24R360-e829b21a6f8c9b70876ba0858053c04477534ef55a1706bf4c1112bbb242f0a2.sdkstatcache
cd /Users/admin/builder/spi-builder-workspace/.swiftpm/xcode
/Applications/Xcode-27.0.0-Release.Candidate.app/Contents/Developer/Toolchains/XcodeDefault.xctoolchain/usr/bin/clang-stat-cache /Applications/Xcode-27.0.0-Release.Candidate.app/Contents/Developer/Platforms/WatchOS.platform/Developer/SDKs/WatchOS27.0.sdk -o /Users/admin/builder/spi-builder-workspace/.derivedData/SDKStatCaches.noindex/watchos27.0-24R360-e829b21a6f8c9b70876ba0858053c04477534ef55a1706bf4c1112bbb242f0a2.sdkstatcache
SwiftDriver SwiftUICamera normal arm64_32 com.apple.xcode.tools.swift.compiler (in target 'SwiftUICamera' from project 'SwiftUICamera')
cd /Users/admin/builder/spi-builder-workspace/.swiftpm/xcode
builtin-SwiftDriver -- /Applications/Xcode-27.0.0-Release.Candidate.app/Contents/Developer/Toolchains/XcodeDefault.xctoolchain/usr/bin/swiftc -parse-as-library -module-name SwiftUICamera -Onone @/Users/admin/builder/spi-builder-workspace/.derivedData/Build/Intermediates.noindex/SwiftUICamera.build/Debug-watchos/SwiftUICamera-t.build/Objects-normal/arm64_32/SwiftUICamera.SwiftFileList -DSWIFT_PACKAGE -DDEBUG -DSWIFT_MODULE_RESOURCE_BUNDLE_UNAVAILABLE -DXcode -plugin-path /Applications/Xcode-27.0.0-Release.Candidate.app/Contents/Developer/Toolchains/XcodeDefault.xctoolchain/usr/lib/swift/host/plugins/testing -enable-experimental-feature DebugDescriptionMacro -sdk /Applications/Xcode-27.0.0-Release.Candidate.app/Contents/Developer/Platforms/WatchOS.platform/Developer/SDKs/WatchOS27.0.sdk -target arm64_32-apple-watchos10.0 -g -module-cache-path /Users/admin/builder/spi-builder-workspace/.derivedData/ModuleCache.noindex -Xfrontend -serialize-debugging-options -profile-coverage-mapping -profile-generate -enable-testing -index-store-path /Users/admin/builder/spi-builder-workspace/.derivedData/Index.noindex/DataStore -Xcc -D_LIBCPP_HARDENING_MODE\=_LIBCPP_HARDENING_MODE_DEBUG -swift-version 6 -I /Users/admin/builder/spi-builder-workspace/.derivedData/Build/Products/Debug-watchos -Isystem /Applications/Xcode-27.0.0-Release.Candidate.app/Contents/Developer/Platforms/WatchOS.platform/Developer/usr/lib -F /Users/admin/builder/spi-builder-workspace/.derivedData/Build/Products/Debug-watchos -F /Applications/Xcode-27.0.0-Release.Candidate.app/Contents/Developer/Platforms/WatchOS.platform/Developer/Library/Frameworks -F /Applications/Xcode-27.0.0-Release.Candidate.app/Contents/Developer/Platforms/WatchOS.platform/Developer/SDKs/WatchOS27.0.sdk/Developer/Library/Frameworks -c -j10 -enable-batch-mode -incremental -Xcc -ivfsstatcache -Xcc /Users/admin/builder/spi-builder-workspace/.derivedData/SDKStatCaches.noindex/watchos27.0-24R360-e829b21a6f8c9b70876ba0858053c04477534ef55a1706bf4c1112bbb242f0a2.sdkstatcache -output-file-map /Users/admin/builder/spi-builder-workspace/.derivedData/Build/Intermediates.noindex/SwiftUICamera.build/Debug-watchos/SwiftUICamera-t.build/Objects-normal/arm64_32/SwiftUICamera-OutputFileMap.json -save-temps -no-color-diagnostics -explicit-module-build -module-cache-path /Users/admin/builder/spi-builder-workspace/.derivedData/Build/Intermediates.noindex/SwiftExplicitPrecompiledModules -clang-scanner-module-cache-path /Users/admin/builder/spi-builder-workspace/.derivedData/ModuleCache.noindex -sdk-module-cache-path /Users/admin/builder/spi-builder-workspace/.derivedData/SDKExplicitPrecompiledModules -emit-dependencies -emit-module -emit-module-path /Users/admin/builder/spi-builder-workspace/.derivedData/Build/Intermediates.noindex/SwiftUICamera.build/Debug-watchos/SwiftUICamera-t.build/Objects-normal/arm64_32/SwiftUICamera.swiftmodule -serialize-diagnostics -dependency-scan-serialize-diagnostics-path /Users/admin/builder/spi-builder-workspace/.derivedData/Build/Intermediates.noindex/SwiftUICamera.build/Debug-watchos/SwiftUICamera-t.build/Objects-normal/arm64_32/SwiftUICamera-dependency-scan.dia -validate-clang-modules-once -clang-build-session-file /Users/admin/builder/spi-builder-workspace/.derivedData/ModuleCache.noindex/Session.modulevalidation -Xcc -fmodules-prune-interval\=86400 -Xcc -fmodules-prune-after\=345600 -package-name spi_builder_workspace -emit-const-values -const-gather-protocols-list /Users/admin/builder/spi-builder-workspace/.derivedData/Build/Intermediates.noindex/SwiftUICamera.build/Debug-watchos/SwiftUICamera-t.build/Objects-normal/arm64_32/SwiftUICamera_const_extract_protocols.json -Xcc -I/Users/admin/builder/spi-builder-workspace/.derivedData/Build/Products/Debug-watchos/include -Xcc -I/Users/admin/builder/spi-builder-workspace/.derivedData/Build/Intermediates.noindex/SwiftUICamera.build/Debug-watchos/SwiftUICamera-t.build/DerivedSources-normal/arm64_32 -Xcc -I/Users/admin/builder/spi-builder-workspace/.derivedData/Build/Intermediates.noindex/SwiftUICamera.build/Debug-watchos/SwiftUICamera-t.build/DerivedSources/arm64_32 -Xcc -I/Users/admin/builder/spi-builder-workspace/.derivedData/Build/Intermediates.noindex/SwiftUICamera.build/Debug-watchos/SwiftUICamera-t.build/DerivedSources -Xcc -DSWIFT_PACKAGE -Xcc -DDEBUG\=1 -emit-objc-header -emit-objc-header-path /Users/admin/builder/spi-builder-workspace/.derivedData/Build/Intermediates.noindex/SwiftUICamera.build/Debug-watchos/SwiftUICamera-t.build/Objects-normal/arm64_32/SwiftUICamera-Swift.h -working-directory /Users/admin/builder/spi-builder-workspace/.swiftpm/xcode -experimental-emit-module-separately -disable-cmo
/Users/admin/builder/spi-builder-workspace/Sources/SwiftUICamera/ViewModels/Extensions/Frame+SUICameraViewModel.swift:9:24: error: Unable to resolve module dependency: 'CoreImage' (in target 'SwiftUICamera' from project 'SwiftUICamera')
note: A dependency of main module 'SwiftUICamera'
/Users/admin/builder/spi-builder-workspace/Sources/SwiftUICamera/ViewModels/Extensions/Frame+SUICameraViewModel.swift:9:24: note: A dependency of main module 'SwiftUICamera'
@preconcurrency import CoreImage
^ (in target 'SwiftUICamera' from project 'SwiftUICamera')
SwiftDriver SwiftUICamera normal arm64 com.apple.xcode.tools.swift.compiler (in target 'SwiftUICamera' from project 'SwiftUICamera')
cd /Users/admin/builder/spi-builder-workspace/.swiftpm/xcode
builtin-SwiftDriver -- /Applications/Xcode-27.0.0-Release.Candidate.app/Contents/Developer/Toolchains/XcodeDefault.xctoolchain/usr/bin/swiftc -parse-as-library -module-name SwiftUICamera -Onone @/Users/admin/builder/spi-builder-workspace/.derivedData/Build/Intermediates.noindex/SwiftUICamera.build/Debug-watchos/SwiftUICamera-t.build/Objects-normal/arm64/SwiftUICamera.SwiftFileList -DSWIFT_PACKAGE -DDEBUG -DSWIFT_MODULE_RESOURCE_BUNDLE_UNAVAILABLE -DXcode -plugin-path /Applications/Xcode-27.0.0-Release.Candidate.app/Contents/Developer/Toolchains/XcodeDefault.xctoolchain/usr/lib/swift/host/plugins/testing -enable-experimental-feature DebugDescriptionMacro -sdk /Applications/Xcode-27.0.0-Release.Candidate.app/Contents/Developer/Platforms/WatchOS.platform/Developer/SDKs/WatchOS27.0.sdk -target arm64-apple-watchos10.0 -g -module-cache-path /Users/admin/builder/spi-builder-workspace/.derivedData/ModuleCache.noindex -Xfrontend -serialize-debugging-options -profile-coverage-mapping -profile-generate -enable-testing -index-store-path /Users/admin/builder/spi-builder-workspace/.derivedData/Index.noindex/DataStore -Xcc -D_LIBCPP_HARDENING_MODE\=_LIBCPP_HARDENING_MODE_DEBUG -swift-version 6 -I /Users/admin/builder/spi-builder-workspace/.derivedData/Build/Products/Debug-watchos -Isystem /Applications/Xcode-27.0.0-Release.Candidate.app/Contents/Developer/Platforms/WatchOS.platform/Developer/usr/lib -F /Users/admin/builder/spi-builder-workspace/.derivedData/Build/Products/Debug-watchos -F /Applications/Xcode-27.0.0-Release.Candidate.app/Contents/Developer/Platforms/WatchOS.platform/Developer/Library/Frameworks -F /Applications/Xcode-27.0.0-Release.Candidate.app/Contents/Developer/Platforms/WatchOS.platform/Developer/SDKs/WatchOS27.0.sdk/Developer/Library/Frameworks -c -j10 -enable-batch-mode -incremental -Xcc -ivfsstatcache -Xcc /Users/admin/builder/spi-builder-workspace/.derivedData/SDKStatCaches.noindex/watchos27.0-24R360-e829b21a6f8c9b70876ba0858053c04477534ef55a1706bf4c1112bbb242f0a2.sdkstatcache -output-file-map /Users/admin/builder/spi-builder-workspace/.derivedData/Build/Intermediates.noindex/SwiftUICamera.build/Debug-watchos/SwiftUICamera-t.build/Objects-normal/arm64/SwiftUICamera-OutputFileMap.json -save-temps -no-color-diagnostics -explicit-module-build -module-cache-path /Users/admin/builder/spi-builder-workspace/.derivedData/Build/Intermediates.noindex/SwiftExplicitPrecompiledModules -clang-scanner-module-cache-path /Users/admin/builder/spi-builder-workspace/.derivedData/ModuleCache.noindex -sdk-module-cache-path /Users/admin/builder/spi-builder-workspace/.derivedData/SDKExplicitPrecompiledModules -emit-dependencies -emit-module -emit-module-path /Users/admin/builder/spi-builder-workspace/.derivedData/Build/Intermediates.noindex/SwiftUICamera.build/Debug-watchos/SwiftUICamera-t.build/Objects-normal/arm64/SwiftUICamera.swiftmodule -serialize-diagnostics -dependency-scan-serialize-diagnostics-path /Users/admin/builder/spi-builder-workspace/.derivedData/Build/Intermediates.noindex/SwiftUICamera.build/Debug-watchos/SwiftUICamera-t.build/Objects-normal/arm64/SwiftUICamera-dependency-scan.dia -validate-clang-modules-once -clang-build-session-file /Users/admin/builder/spi-builder-workspace/.derivedData/ModuleCache.noindex/Session.modulevalidation -Xcc -fmodules-prune-interval\=86400 -Xcc -fmodules-prune-after\=345600 -package-name spi_builder_workspace -emit-const-values -const-gather-protocols-list /Users/admin/builder/spi-builder-workspace/.derivedData/Build/Intermediates.noindex/SwiftUICamera.build/Debug-watchos/SwiftUICamera-t.build/Objects-normal/arm64/SwiftUICamera_const_extract_protocols.json -Xcc -I/Users/admin/builder/spi-builder-workspace/.derivedData/Build/Products/Debug-watchos/include -Xcc -I/Users/admin/builder/spi-builder-workspace/.derivedData/Build/Intermediates.noindex/SwiftUICamera.build/Debug-watchos/SwiftUICamera-t.build/DerivedSources-normal/arm64 -Xcc -I/Users/admin/builder/spi-builder-workspace/.derivedData/Build/Intermediates.noindex/SwiftUICamera.build/Debug-watchos/SwiftUICamera-t.build/DerivedSources/arm64 -Xcc -I/Users/admin/builder/spi-builder-workspace/.derivedData/Build/Intermediates.noindex/SwiftUICamera.build/Debug-watchos/SwiftUICamera-t.build/DerivedSources -Xcc -DSWIFT_PACKAGE -Xcc -DDEBUG\=1 -emit-objc-header -emit-objc-header-path /Users/admin/builder/spi-builder-workspace/.derivedData/Build/Intermediates.noindex/SwiftUICamera.build/Debug-watchos/SwiftUICamera-t.build/Objects-normal/arm64/SwiftUICamera-Swift.h -working-directory /Users/admin/builder/spi-builder-workspace/.swiftpm/xcode -experimental-emit-module-separately -disable-cmo
/Users/admin/builder/spi-builder-workspace/Sources/SwiftUICamera/ViewModels/Extensions/Frame+SUICameraViewModel.swift:9:24: error: Unable to resolve module dependency: 'CoreImage' (in target 'SwiftUICamera' from project 'SwiftUICamera')
note: A dependency of main module 'SwiftUICamera'
/Users/admin/builder/spi-builder-workspace/Sources/SwiftUICamera/ViewModels/Extensions/Frame+SUICameraViewModel.swift:9:24: note: A dependency of main module 'SwiftUICamera'
@preconcurrency import CoreImage
^ (in target 'SwiftUICamera' from project 'SwiftUICamera')
PruneExplicitPrecompiledModules /Users/admin/builder/spi-builder-workspace/.derivedData/Build/Intermediates.noindex/ExplicitPrecompiledModules
PruneExplicitPrecompiledModules /Users/admin/builder/spi-builder-workspace/.derivedData/Build/Intermediates.noindex/SwiftExplicitPrecompiledModules
PruneExplicitPrecompiledModules /Users/admin/builder/spi-builder-workspace/.derivedData/SDKExplicitPrecompiledModules
2026-09-22 08:51:13.431 xcodebuild[1121:7221] [MT] IDERunDestination: Supported platforms for the buildables in the current scheme is empty.
** BUILD FAILED **
The following build commands failed:
SwiftDriver SwiftUICamera normal arm64_32 com.apple.xcode.tools.swift.compiler (in target 'SwiftUICamera' from project 'SwiftUICamera')
SwiftDriver SwiftUICamera normal arm64 com.apple.xcode.tools.swift.compiler (in target 'SwiftUICamera' from project 'SwiftUICamera')
Building workspace SwiftUICamera with scheme SwiftUICamera
(3 failures)
BUILD FAILURE 6.4 watchOS