Build Information
Failed to build Pyxift, reference main (d3f848), with Swift 6.3 for watchOS using Xcode 26.4 on 28 Jun 2026 14:01:01 UTC.
Build Command
env DEVELOPER_DIR=/Applications/Xcode-26.4.0.app xcrun xcodebuild -IDEClonedSourcePackagesDirPathOverride=$PWD/.dependencies -skipMacroValidation -skipPackagePluginValidation -derivedDataPath $PWD/.derivedData build -scheme Pyxift-Package -destination generic/platform=watchOSBuild Log
========================================
RunAll
========================================
Builder version: undefined version: run 'make version' to update
Interrupt handler set up.
========================================
Checkout
========================================
Clone URL: https://github.com/atsuki-seo/Pyxift.git
Reference: main
Initialized empty Git repository in /Users/admin/builder/spi-builder-workspace/.git/
From https://github.com/atsuki-seo/Pyxift
* branch main -> FETCH_HEAD
* [new branch] main -> origin/main
HEAD is now at d3f848f docs: settle M11 design decisions and renumber roadmap
Cloned https://github.com/atsuki-seo/Pyxift.git
Revision (git rev-parse @):
d3f848f32bdd878220bd1edfee3554666942fedb
SUCCESS checkout https://github.com/atsuki-seo/Pyxift.git at main
========================================
Build
========================================
Selected platform: watchOS
Swift version: 6.3
Building package at path: $PWD
https://github.com/atsuki-seo/Pyxift.git
Command line invocation:
/Applications/Xcode-26.4.0.app/Contents/Developer/usr/bin/xcodebuild -IDEClonedSourcePackagesDirPathOverride=/Users/admin/builder/spi-builder-workspace/.dependencies -resolvePackageDependencies
Resolve Package Graph
failed to retrieve search paths with pkg-config; maybe pkg-config is not installedyou may be able to install sdl3 using your system-packager:
brew install sdl3
Resolve Package Graph
you may be able to install sdl3 using your system-packager:
brew install sdl3
Resolved source packages:
Pyxift: /Users/admin/builder/spi-builder-workspace
resolved source packages: Pyxift
2026-06-28 10:00:30.307 xcodebuild[541:3116] [MT] IDERunDestination: Supported platforms for the buildables in the current scheme is empty.
{
"cxx_language_standard" : "c++17",
"dependencies" : [
],
"manifest_display_name" : "Pyxift",
"name" : "Pyxift",
"path" : "/Users/admin/builder/spi-builder-workspace",
"platforms" : [
{
"name" : "macos",
"version" : "13.0"
}
],
"products" : [
{
"name" : "Pyxift",
"targets" : [
"Pyxift"
],
"type" : {
"library" : [
"automatic"
]
}
},
{
"name" : "PyxiftDemo",
"targets" : [
"PyxiftDemo"
],
"type" : {
"executable" : null
}
}
],
"targets" : [
{
"c99name" : "PyxiftTests",
"module_type" : "SwiftTarget",
"name" : "PyxiftTests",
"path" : "Tests/PyxiftTests",
"sources" : [
"AssetBundleTests.swift",
"AudioTests.swift",
"CanvasTests.swift",
"FontTests.swift",
"InputStateTests.swift"
],
"target_dependencies" : [
"Pyxift",
"CPyxiftCore"
],
"type" : "test"
},
{
"c99name" : "PyxiftDemo",
"module_type" : "SwiftTarget",
"name" : "PyxiftDemo",
"path" : "Examples/PyxiftDemo",
"product_memberships" : [
"PyxiftDemo"
],
"resources" : [
{
"path" : "/Users/admin/builder/spi-builder-workspace/Examples/PyxiftDemo/assets",
"rule" : {
"copy" : {
}
}
}
],
"sources" : [
"main.swift"
],
"target_dependencies" : [
"Pyxift"
],
"type" : "executable"
},
{
"c99name" : "Pyxift",
"module_type" : "SwiftTarget",
"name" : "Pyxift",
"path" : "Sources/Pyxift",
"product_memberships" : [
"Pyxift",
"PyxiftDemo"
],
"sources" : [
"App.swift",
"Audio.swift",
"Button.swift",
"Color.swift",
"GamepadAxis.swift",
"Key.swift",
"Pyx.swift"
],
"target_dependencies" : [
"CPyxiftCore"
],
"type" : "library"
},
{
"c99name" : "CSDL3",
"module_type" : "SystemLibraryTarget",
"name" : "CSDL3",
"path" : "Sources/CSDL3",
"product_memberships" : [
"Pyxift",
"PyxiftDemo"
],
"sources" : [
],
"type" : "system-target"
},
{
"c99name" : "CPyxiftCore",
"module_type" : "ClangTarget",
"name" : "CPyxiftCore",
"path" : "Sources/CPyxiftCore",
"product_memberships" : [
"Pyxift",
"PyxiftDemo"
],
"sources" : [
"src/AudioTestBridge.cpp",
"src/CanvasTestBridge.cpp",
"src/Engine.cpp",
"src/FontTestBridge.cpp",
"src/InputTestBridge.cpp",
"src/core/AssetBundle.cpp",
"src/core/AudioMixer.cpp",
"src/core/Canvas.cpp",
"src/core/Image.cpp",
"src/core/ImageLoader.cpp",
"src/core/Input.cpp",
"src/core/Music.cpp",
"src/core/PngWriter.cpp",
"src/core/Sound.cpp",
"src/core/Tilemap.cpp",
"src/platform/AudioOutput.cpp",
"src/platform/EventTranslator.cpp",
"src/platform/Window.cpp",
"vendor/miniz.c"
],
"target_dependencies" : [
"CSDL3"
],
"type" : "library"
}
],
"tools_version" : "6.0"
}
{
"workspace" : {
"name" : "spi-builder-workspace",
"schemes" : [
"Pyxift",
"Pyxift-Package",
"PyxiftDemo"
]
}
}
2026-06-28 10:00:51.177 xcodebuild[717:4438] [MT] IDERunDestination: Supported platforms for the buildables in the current scheme is empty.
Running build ...
env DEVELOPER_DIR=/Applications/Xcode-26.4.0.app xcrun xcodebuild -IDEClonedSourcePackagesDirPathOverride=$PWD/.dependencies -skipMacroValidation -skipPackagePluginValidation -derivedDataPath $PWD/.derivedData build -scheme Pyxift-Package -destination generic/platform=watchOS
Command line invocation:
/Applications/Xcode-26.4.0.app/Contents/Developer/usr/bin/xcodebuild -IDEClonedSourcePackagesDirPathOverride=/Users/admin/builder/spi-builder-workspace/.dependencies -skipMacroValidation -skipPackagePluginValidation -derivedDataPath /Users/admin/builder/spi-builder-workspace/.derivedData build -scheme Pyxift-Package -destination generic/platform=watchOS
Resolve Package Graph
failed to retrieve search paths with pkg-config; maybe pkg-config is not installedyou may be able to install sdl3 using your system-packager:
brew install sdl3
Resolved source packages:
Pyxift: /Users/admin/builder/spi-builder-workspace
ComputePackagePrebuildTargetDependencyGraph
Prepare packages
CreateBuildRequest
SendProjectDescription
CreateBuildOperation
ComputeTargetDependencyGraph
note: Building targets in dependency order
note: Target dependency graph (6 targets)
Target 'PyxiftDemo' in project 'Pyxift'
➜ Explicit dependency on target 'Pyxift_PyxiftDemo' in project 'Pyxift'
➜ Explicit dependency on target 'CSDL3' in project 'Pyxift'
➜ Explicit dependency on target 'CPyxiftCore' in project 'Pyxift'
➜ Explicit dependency on target 'Pyxift' in project 'Pyxift'
Target 'Pyxift_PyxiftDemo' in project 'Pyxift' (no dependencies)
Target 'Pyxift' in project 'Pyxift'
➜ Explicit dependency on target 'Pyxift' in project 'Pyxift'
➜ Explicit dependency on target 'CPyxiftCore' in project 'Pyxift'
Target 'Pyxift' in project 'Pyxift'
➜ Explicit dependency on target 'CSDL3' in project 'Pyxift'
➜ Explicit dependency on target 'CPyxiftCore' in project 'Pyxift'
Target 'CPyxiftCore' in project 'Pyxift'
➜ Explicit dependency on target 'CSDL3' in project 'Pyxift'
Target 'CSDL3' in project 'Pyxift' (no dependencies)
GatherProvisioningInputs
CreateBuildDescription
ExecuteExternalTool /Applications/Xcode-26.4.0.app/Contents/Developer/Toolchains/XcodeDefault.xctoolchain/usr/bin/swiftc --version
ExecuteExternalTool /Applications/Xcode-26.4.0.app/Contents/Developer/Toolchains/XcodeDefault.xctoolchain/usr/bin/clang -v -E -dM -arch arm64 -isysroot /Applications/Xcode-26.4.0.app/Contents/Developer/Platforms/WatchOS.platform/Developer/SDKs/WatchOS26.4.sdk -x c++ -c /dev/null
ExecuteExternalTool /Applications/Xcode-26.4.0.app/Contents/Developer/Toolchains/XcodeDefault.xctoolchain/usr/bin/clang -v -E -dM -isysroot /Applications/Xcode-26.4.0.app/Contents/Developer/Platforms/WatchOS.platform/Developer/SDKs/WatchOS26.4.sdk -x c -c /dev/null
ExecuteExternalTool /Applications/Xcode-26.4.0.app/Contents/Developer/Toolchains/XcodeDefault.xctoolchain/usr/bin/clang -v -E -dM -arch arm64 -isysroot /Applications/Xcode-26.4.0.app/Contents/Developer/Platforms/WatchOS.platform/Developer/SDKs/WatchOS26.4.sdk -x c -c /dev/null
ExecuteExternalTool /Applications/Xcode-26.4.0.app/Contents/Developer/Toolchains/XcodeDefault.xctoolchain/usr/bin/ld -version_details
ExecuteExternalTool /Applications/Xcode-26.4.0.app/Contents/Developer/Toolchains/XcodeDefault.xctoolchain/usr/bin/clang -v -E -dM -arch armv7k -isysroot /Applications/Xcode-26.4.0.app/Contents/Developer/Platforms/WatchOS.platform/Developer/SDKs/WatchOS26.4.sdk -x c++ -c /dev/null
ExecuteExternalTool /Applications/Xcode-26.4.0.app/Contents/Developer/Toolchains/XcodeDefault.xctoolchain/usr/bin/clang -v -E -dM -arch armv7k -isysroot /Applications/Xcode-26.4.0.app/Contents/Developer/Platforms/WatchOS.platform/Developer/SDKs/WatchOS26.4.sdk -x c -c /dev/null
ExecuteExternalTool /Applications/Xcode-26.4.0.app/Contents/Developer/Toolchains/XcodeDefault.xctoolchain/usr/bin/clang -v -E -dM -arch arm64_32 -isysroot /Applications/Xcode-26.4.0.app/Contents/Developer/Platforms/WatchOS.platform/Developer/SDKs/WatchOS26.4.sdk -x c++ -c /dev/null
ExecuteExternalTool /Applications/Xcode-26.4.0.app/Contents/Developer/Toolchains/XcodeDefault.xctoolchain/usr/bin/clang -v -E -dM -arch arm64_32 -isysroot /Applications/Xcode-26.4.0.app/Contents/Developer/Platforms/WatchOS.platform/Developer/SDKs/WatchOS26.4.sdk -x c -c /dev/null
Build description signature: e2756a486389c541f63181bcb6d60a56
Build description path: /Users/admin/builder/spi-builder-workspace/.derivedData/Build/Intermediates.noindex/XCBuildData/e2756a486389c541f63181bcb6d60a56.xcbuilddata
CreateBuildDirectory /Users/admin/builder/spi-builder-workspace/.derivedData/Build/Intermediates.noindex
cd /Users/admin/builder/spi-builder-workspace/.swiftpm/xcode
builtin-create-build-directory /Users/admin/builder/spi-builder-workspace/.derivedData/Build/Intermediates.noindex
CreateBuildDirectory /Users/admin/builder/spi-builder-workspace/.derivedData/Build/Products
cd /Users/admin/builder/spi-builder-workspace/.swiftpm/xcode
builtin-create-build-directory /Users/admin/builder/spi-builder-workspace/.derivedData/Build/Products
ClangStatCache /Applications/Xcode-26.4.0.app/Contents/Developer/Toolchains/XcodeDefault.xctoolchain/usr/bin/clang-stat-cache /Applications/Xcode-26.4.0.app/Contents/Developer/Platforms/WatchOS.platform/Developer/SDKs/WatchOS26.4.sdk /Users/admin/builder/spi-builder-workspace/.derivedData/SDKStatCaches.noindex/watchos26.4-23T238-688ef53f1462e2c8f657fdc38a81448f9e51884a582f42380855760c9d4cc599.sdkstatcache
cd /Users/admin/builder/spi-builder-workspace/.swiftpm/xcode
/Applications/Xcode-26.4.0.app/Contents/Developer/Toolchains/XcodeDefault.xctoolchain/usr/bin/clang-stat-cache /Applications/Xcode-26.4.0.app/Contents/Developer/Platforms/WatchOS.platform/Developer/SDKs/WatchOS26.4.sdk -o /Users/admin/builder/spi-builder-workspace/.derivedData/SDKStatCaches.noindex/watchos26.4-23T238-688ef53f1462e2c8f657fdc38a81448f9e51884a582f42380855760c9d4cc599.sdkstatcache
CreateBuildDirectory /Users/admin/builder/spi-builder-workspace/.derivedData/Build/Intermediates.noindex/SwiftExplicitPrecompiledModules
cd /Users/admin/builder/spi-builder-workspace/.swiftpm/xcode
builtin-create-build-directory /Users/admin/builder/spi-builder-workspace/.derivedData/Build/Intermediates.noindex/SwiftExplicitPrecompiledModules
CreateBuildDirectory /Users/admin/builder/spi-builder-workspace/.derivedData/Build/Products/Debug-watchos
cd /Users/admin/builder/spi-builder-workspace/.swiftpm/xcode
builtin-create-build-directory /Users/admin/builder/spi-builder-workspace/.derivedData/Build/Products/Debug-watchos
CreateBuildDirectory /Users/admin/builder/spi-builder-workspace/.derivedData/Build/Intermediates.noindex/ExplicitPrecompiledModules
cd /Users/admin/builder/spi-builder-workspace/.swiftpm/xcode
builtin-create-build-directory /Users/admin/builder/spi-builder-workspace/.derivedData/Build/Intermediates.noindex/ExplicitPrecompiledModules
CreateBuildDirectory /Users/admin/builder/spi-builder-workspace/.derivedData/Build/Intermediates.noindex/EagerLinkingTBDs/Debug-watchos
cd /Users/admin/builder/spi-builder-workspace/.swiftpm/xcode
builtin-create-build-directory /Users/admin/builder/spi-builder-workspace/.derivedData/Build/Intermediates.noindex/EagerLinkingTBDs/Debug-watchos
CreateBuildDirectory /Users/admin/builder/spi-builder-workspace/.derivedData/Build/Products/Debug-watchos/PackageFrameworks
cd /Users/admin/builder/spi-builder-workspace/.swiftpm/xcode
builtin-create-build-directory /Users/admin/builder/spi-builder-workspace/.derivedData/Build/Products/Debug-watchos/PackageFrameworks
WriteAuxiliaryFile /Users/admin/builder/spi-builder-workspace/.derivedData/Build/Intermediates.noindex/Pyxift.build/Debug-watchos/PyxiftDemo.build/PyxiftDemo.DependencyMetadataFileList (in target 'PyxiftDemo' from project 'Pyxift')
cd /Users/admin/builder/spi-builder-workspace
write-file /Users/admin/builder/spi-builder-workspace/.derivedData/Build/Intermediates.noindex/Pyxift.build/Debug-watchos/PyxiftDemo.build/PyxiftDemo.DependencyMetadataFileList
WriteAuxiliaryFile /Users/admin/builder/spi-builder-workspace/.derivedData/Build/Intermediates.noindex/Pyxift.build/Debug-watchos/Pyxift_PyxiftDemo.build/empty-Pyxift_PyxiftDemo.plist (in target 'Pyxift_PyxiftDemo' from project 'Pyxift')
cd /Users/admin/builder/spi-builder-workspace
write-file /Users/admin/builder/spi-builder-workspace/.derivedData/Build/Intermediates.noindex/Pyxift.build/Debug-watchos/Pyxift_PyxiftDemo.build/empty-Pyxift_PyxiftDemo.plist
WriteAuxiliaryFile /Users/admin/builder/spi-builder-workspace/.derivedData/Build/Intermediates.noindex/Pyxift.build/Debug-watchos/Pyxift_PyxiftDemo.build/Pyxift_PyxiftDemo.DependencyMetadataFileList (in target 'Pyxift_PyxiftDemo' from project 'Pyxift')
cd /Users/admin/builder/spi-builder-workspace
write-file /Users/admin/builder/spi-builder-workspace/.derivedData/Build/Intermediates.noindex/Pyxift.build/Debug-watchos/Pyxift_PyxiftDemo.build/Pyxift_PyxiftDemo.DependencyMetadataFileList
WriteAuxiliaryFile /Users/admin/builder/spi-builder-workspace/.derivedData/Build/Intermediates.noindex/Pyxift.build/Debug-watchos/Pyxift_PyxiftDemo.build/Pyxift_PyxiftDemo.DependencyStaticMetadataFileList (in target 'Pyxift_PyxiftDemo' from project 'Pyxift')
cd /Users/admin/builder/spi-builder-workspace
write-file /Users/admin/builder/spi-builder-workspace/.derivedData/Build/Intermediates.noindex/Pyxift.build/Debug-watchos/Pyxift_PyxiftDemo.build/Pyxift_PyxiftDemo.DependencyStaticMetadataFileList
WriteAuxiliaryFile /Users/admin/builder/spi-builder-workspace/.derivedData/Build/Intermediates.noindex/Pyxift.build/Debug-watchos/PyxiftDemo.build/PyxiftDemo.DependencyStaticMetadataFileList (in target 'PyxiftDemo' from project 'Pyxift')
cd /Users/admin/builder/spi-builder-workspace
write-file /Users/admin/builder/spi-builder-workspace/.derivedData/Build/Intermediates.noindex/Pyxift.build/Debug-watchos/PyxiftDemo.build/PyxiftDemo.DependencyStaticMetadataFileList
WriteAuxiliaryFile /Users/admin/builder/spi-builder-workspace/.derivedData/Build/Intermediates.noindex/Pyxift.build/Debug-watchos/PyxiftDemo.build/Objects-normal/armv7k/PyxiftDemo_const_extract_protocols.json (in target 'PyxiftDemo' from project 'Pyxift')
cd /Users/admin/builder/spi-builder-workspace
write-file /Users/admin/builder/spi-builder-workspace/.derivedData/Build/Intermediates.noindex/Pyxift.build/Debug-watchos/PyxiftDemo.build/Objects-normal/armv7k/PyxiftDemo_const_extract_protocols.json
WriteAuxiliaryFile /Users/admin/builder/spi-builder-workspace/.derivedData/Build/Intermediates.noindex/Pyxift.build/Debug-watchos/PyxiftDemo.build/Objects-normal/armv7k/PyxiftDemo.SwiftFileList (in target 'PyxiftDemo' from project 'Pyxift')
cd /Users/admin/builder/spi-builder-workspace
write-file /Users/admin/builder/spi-builder-workspace/.derivedData/Build/Intermediates.noindex/Pyxift.build/Debug-watchos/PyxiftDemo.build/Objects-normal/armv7k/PyxiftDemo.SwiftFileList
WriteAuxiliaryFile /Users/admin/builder/spi-builder-workspace/.derivedData/Build/Intermediates.noindex/Pyxift.build/Debug-watchos/PyxiftDemo.build/Objects-normal/armv7k/PyxiftDemo-OutputFileMap.json (in target 'PyxiftDemo' from project 'Pyxift')
cd /Users/admin/builder/spi-builder-workspace
write-file /Users/admin/builder/spi-builder-workspace/.derivedData/Build/Intermediates.noindex/Pyxift.build/Debug-watchos/PyxiftDemo.build/Objects-normal/armv7k/PyxiftDemo-OutputFileMap.json
WriteAuxiliaryFile /Users/admin/builder/spi-builder-workspace/.derivedData/Build/Intermediates.noindex/Pyxift.build/Debug-watchos/PyxiftDemo.build/Objects-normal/armv7k/PyxiftDemo.LinkFileList (in target 'PyxiftDemo' from project 'Pyxift')
cd /Users/admin/builder/spi-builder-workspace
write-file /Users/admin/builder/spi-builder-workspace/.derivedData/Build/Intermediates.noindex/Pyxift.build/Debug-watchos/PyxiftDemo.build/Objects-normal/armv7k/PyxiftDemo.LinkFileList
WriteAuxiliaryFile /Users/admin/builder/spi-builder-workspace/.derivedData/Build/Intermediates.noindex/Pyxift.build/Debug-watchos/PyxiftDemo.build/Objects-normal/arm64_32/PyxiftDemo_const_extract_protocols.json (in target 'PyxiftDemo' from project 'Pyxift')
cd /Users/admin/builder/spi-builder-workspace
write-file /Users/admin/builder/spi-builder-workspace/.derivedData/Build/Intermediates.noindex/Pyxift.build/Debug-watchos/PyxiftDemo.build/Objects-normal/arm64_32/PyxiftDemo_const_extract_protocols.json
WriteAuxiliaryFile /Users/admin/builder/spi-builder-workspace/.derivedData/Build/Intermediates.noindex/Pyxift.build/Debug-watchos/PyxiftDemo.build/Objects-normal/arm64_32/PyxiftDemo.SwiftFileList (in target 'PyxiftDemo' from project 'Pyxift')
cd /Users/admin/builder/spi-builder-workspace
write-file /Users/admin/builder/spi-builder-workspace/.derivedData/Build/Intermediates.noindex/Pyxift.build/Debug-watchos/PyxiftDemo.build/Objects-normal/arm64_32/PyxiftDemo.SwiftFileList
WriteAuxiliaryFile /Users/admin/builder/spi-builder-workspace/.derivedData/Build/Intermediates.noindex/Pyxift.build/Debug-watchos/PyxiftDemo.build/Objects-normal/arm64_32/PyxiftDemo.LinkFileList (in target 'PyxiftDemo' from project 'Pyxift')
cd /Users/admin/builder/spi-builder-workspace
write-file /Users/admin/builder/spi-builder-workspace/.derivedData/Build/Intermediates.noindex/Pyxift.build/Debug-watchos/PyxiftDemo.build/Objects-normal/arm64_32/PyxiftDemo.LinkFileList
WriteAuxiliaryFile /Users/admin/builder/spi-builder-workspace/.derivedData/Build/Intermediates.noindex/Pyxift.build/Debug-watchos/PyxiftDemo.build/Objects-normal/arm64_32/PyxiftDemo-OutputFileMap.json (in target 'PyxiftDemo' from project 'Pyxift')
cd /Users/admin/builder/spi-builder-workspace
write-file /Users/admin/builder/spi-builder-workspace/.derivedData/Build/Intermediates.noindex/Pyxift.build/Debug-watchos/PyxiftDemo.build/Objects-normal/arm64_32/PyxiftDemo-OutputFileMap.json
WriteAuxiliaryFile /Users/admin/builder/spi-builder-workspace/.derivedData/Build/Intermediates.noindex/Pyxift.build/Debug-watchos/PyxiftDemo.build/Objects-normal/arm64/PyxiftDemo_const_extract_protocols.json (in target 'PyxiftDemo' from project 'Pyxift')
cd /Users/admin/builder/spi-builder-workspace
write-file /Users/admin/builder/spi-builder-workspace/.derivedData/Build/Intermediates.noindex/Pyxift.build/Debug-watchos/PyxiftDemo.build/Objects-normal/arm64/PyxiftDemo_const_extract_protocols.json
WriteAuxiliaryFile /Users/admin/builder/spi-builder-workspace/.derivedData/Build/Intermediates.noindex/Pyxift.build/Debug-watchos/PyxiftDemo.build/Objects-normal/arm64/PyxiftDemo.LinkFileList (in target 'PyxiftDemo' from project 'Pyxift')
cd /Users/admin/builder/spi-builder-workspace
write-file /Users/admin/builder/spi-builder-workspace/.derivedData/Build/Intermediates.noindex/Pyxift.build/Debug-watchos/PyxiftDemo.build/Objects-normal/arm64/PyxiftDemo.LinkFileList
WriteAuxiliaryFile /Users/admin/builder/spi-builder-workspace/.derivedData/Build/Intermediates.noindex/Pyxift.build/Debug-watchos/PyxiftDemo.build/Objects-normal/arm64/PyxiftDemo-OutputFileMap.json (in target 'PyxiftDemo' from project 'Pyxift')
cd /Users/admin/builder/spi-builder-workspace
write-file /Users/admin/builder/spi-builder-workspace/.derivedData/Build/Intermediates.noindex/Pyxift.build/Debug-watchos/PyxiftDemo.build/Objects-normal/arm64/PyxiftDemo-OutputFileMap.json
WriteAuxiliaryFile /Users/admin/builder/spi-builder-workspace/.derivedData/Build/Intermediates.noindex/Pyxift.build/Debug-watchos/PyxiftDemo.build/Objects-normal/arm64/PyxiftDemo.SwiftFileList (in target 'PyxiftDemo' from project 'Pyxift')
cd /Users/admin/builder/spi-builder-workspace
write-file /Users/admin/builder/spi-builder-workspace/.derivedData/Build/Intermediates.noindex/Pyxift.build/Debug-watchos/PyxiftDemo.build/Objects-normal/arm64/PyxiftDemo.SwiftFileList
WriteAuxiliaryFile /Users/admin/builder/spi-builder-workspace/.derivedData/Build/Intermediates.noindex/Pyxift.build/Debug-watchos/Pyxift.build/Pyxift.modulemap (in target 'Pyxift' from project 'Pyxift')
cd /Users/admin/builder/spi-builder-workspace
write-file /Users/admin/builder/spi-builder-workspace/.derivedData/Build/Intermediates.noindex/Pyxift.build/Debug-watchos/Pyxift.build/Pyxift.modulemap
WriteAuxiliaryFile /Users/admin/builder/spi-builder-workspace/.derivedData/Build/Intermediates.noindex/Pyxift.build/Debug-watchos/PyxiftDemo.build/DerivedSources/resource_bundle_accessor.swift (in target 'PyxiftDemo' from project 'Pyxift')
cd /Users/admin/builder/spi-builder-workspace
write-file /Users/admin/builder/spi-builder-workspace/.derivedData/Build/Intermediates.noindex/Pyxift.build/Debug-watchos/PyxiftDemo.build/DerivedSources/resource_bundle_accessor.swift
WriteAuxiliaryFile /Users/admin/builder/spi-builder-workspace/.derivedData/Build/Intermediates.noindex/Pyxift.build/Debug-watchos/Pyxift.build/Pyxift.DependencyStaticMetadataFileList (in target 'Pyxift' from project 'Pyxift')
cd /Users/admin/builder/spi-builder-workspace
write-file /Users/admin/builder/spi-builder-workspace/.derivedData/Build/Intermediates.noindex/Pyxift.build/Debug-watchos/Pyxift.build/Pyxift.DependencyStaticMetadataFileList
WriteAuxiliaryFile /Users/admin/builder/spi-builder-workspace/.derivedData/Build/Intermediates.noindex/Pyxift.build/Debug-watchos/Pyxift.build/Pyxift.DependencyMetadataFileList (in target 'Pyxift' from project 'Pyxift')
cd /Users/admin/builder/spi-builder-workspace
write-file /Users/admin/builder/spi-builder-workspace/.derivedData/Build/Intermediates.noindex/Pyxift.build/Debug-watchos/Pyxift.build/Pyxift.DependencyMetadataFileList
WriteAuxiliaryFile /Users/admin/builder/spi-builder-workspace/.derivedData/Build/Intermediates.noindex/Pyxift.build/Debug-watchos/Pyxift.build/Objects-normal/armv7k/Pyxift_const_extract_protocols.json (in target 'Pyxift' from project 'Pyxift')
cd /Users/admin/builder/spi-builder-workspace
write-file /Users/admin/builder/spi-builder-workspace/.derivedData/Build/Intermediates.noindex/Pyxift.build/Debug-watchos/Pyxift.build/Objects-normal/armv7k/Pyxift_const_extract_protocols.json
WriteAuxiliaryFile /Users/admin/builder/spi-builder-workspace/.derivedData/Build/Intermediates.noindex/Pyxift.build/Debug-watchos/Pyxift.build/Objects-normal/armv7k/Pyxift.SwiftFileList (in target 'Pyxift' from project 'Pyxift')
cd /Users/admin/builder/spi-builder-workspace
write-file /Users/admin/builder/spi-builder-workspace/.derivedData/Build/Intermediates.noindex/Pyxift.build/Debug-watchos/Pyxift.build/Objects-normal/armv7k/Pyxift.SwiftFileList
WriteAuxiliaryFile /Users/admin/builder/spi-builder-workspace/.derivedData/Build/Intermediates.noindex/Pyxift.build/Debug-watchos/Pyxift.build/Objects-normal/armv7k/Pyxift.SwiftConstValuesFileList (in target 'Pyxift' from project 'Pyxift')
cd /Users/admin/builder/spi-builder-workspace
write-file /Users/admin/builder/spi-builder-workspace/.derivedData/Build/Intermediates.noindex/Pyxift.build/Debug-watchos/Pyxift.build/Objects-normal/armv7k/Pyxift.SwiftConstValuesFileList
WriteAuxiliaryFile /Users/admin/builder/spi-builder-workspace/.derivedData/Build/Intermediates.noindex/Pyxift.build/Debug-watchos/Pyxift.build/Objects-normal/armv7k/Pyxift.LinkFileList (in target 'Pyxift' from project 'Pyxift')
cd /Users/admin/builder/spi-builder-workspace
write-file /Users/admin/builder/spi-builder-workspace/.derivedData/Build/Intermediates.noindex/Pyxift.build/Debug-watchos/Pyxift.build/Objects-normal/armv7k/Pyxift.LinkFileList
WriteAuxiliaryFile /Users/admin/builder/spi-builder-workspace/.derivedData/Build/Intermediates.noindex/Pyxift.build/Debug-watchos/Pyxift.build/Objects-normal/armv7k/Pyxift-OutputFileMap.json (in target 'Pyxift' from project 'Pyxift')
cd /Users/admin/builder/spi-builder-workspace
write-file /Users/admin/builder/spi-builder-workspace/.derivedData/Build/Intermediates.noindex/Pyxift.build/Debug-watchos/Pyxift.build/Objects-normal/armv7k/Pyxift-OutputFileMap.json
WriteAuxiliaryFile /Users/admin/builder/spi-builder-workspace/.derivedData/Build/Intermediates.noindex/Pyxift.build/Debug-watchos/Pyxift.build/Objects-normal/arm64_32/Pyxift_const_extract_protocols.json (in target 'Pyxift' from project 'Pyxift')
cd /Users/admin/builder/spi-builder-workspace
write-file /Users/admin/builder/spi-builder-workspace/.derivedData/Build/Intermediates.noindex/Pyxift.build/Debug-watchos/Pyxift.build/Objects-normal/arm64_32/Pyxift_const_extract_protocols.json
WriteAuxiliaryFile /Users/admin/builder/spi-builder-workspace/.derivedData/Build/Intermediates.noindex/Pyxift.build/Debug-watchos/Pyxift.build/Objects-normal/arm64_32/Pyxift.SwiftFileList (in target 'Pyxift' from project 'Pyxift')
cd /Users/admin/builder/spi-builder-workspace
write-file /Users/admin/builder/spi-builder-workspace/.derivedData/Build/Intermediates.noindex/Pyxift.build/Debug-watchos/Pyxift.build/Objects-normal/arm64_32/Pyxift.SwiftFileList
WriteAuxiliaryFile /Users/admin/builder/spi-builder-workspace/.derivedData/Build/Intermediates.noindex/Pyxift.build/Debug-watchos/Pyxift.build/Objects-normal/arm64_32/Pyxift.SwiftConstValuesFileList (in target 'Pyxift' from project 'Pyxift')
cd /Users/admin/builder/spi-builder-workspace
write-file /Users/admin/builder/spi-builder-workspace/.derivedData/Build/Intermediates.noindex/Pyxift.build/Debug-watchos/Pyxift.build/Objects-normal/arm64_32/Pyxift.SwiftConstValuesFileList
WriteAuxiliaryFile /Users/admin/builder/spi-builder-workspace/.derivedData/Build/Intermediates.noindex/Pyxift.build/Debug-watchos/Pyxift.build/Objects-normal/arm64_32/Pyxift.LinkFileList (in target 'Pyxift' from project 'Pyxift')
cd /Users/admin/builder/spi-builder-workspace
write-file /Users/admin/builder/spi-builder-workspace/.derivedData/Build/Intermediates.noindex/Pyxift.build/Debug-watchos/Pyxift.build/Objects-normal/arm64_32/Pyxift.LinkFileList
WriteAuxiliaryFile /Users/admin/builder/spi-builder-workspace/.derivedData/Build/Intermediates.noindex/Pyxift.build/Debug-watchos/Pyxift.build/Objects-normal/arm64_32/Pyxift-OutputFileMap.json (in target 'Pyxift' from project 'Pyxift')
cd /Users/admin/builder/spi-builder-workspace
write-file /Users/admin/builder/spi-builder-workspace/.derivedData/Build/Intermediates.noindex/Pyxift.build/Debug-watchos/Pyxift.build/Objects-normal/arm64_32/Pyxift-OutputFileMap.json
WriteAuxiliaryFile /Users/admin/builder/spi-builder-workspace/.derivedData/Build/Intermediates.noindex/Pyxift.build/Debug-watchos/Pyxift.build/Objects-normal/arm64/Pyxift_const_extract_protocols.json (in target 'Pyxift' from project 'Pyxift')
cd /Users/admin/builder/spi-builder-workspace
write-file /Users/admin/builder/spi-builder-workspace/.derivedData/Build/Intermediates.noindex/Pyxift.build/Debug-watchos/Pyxift.build/Objects-normal/arm64/Pyxift_const_extract_protocols.json
WriteAuxiliaryFile /Users/admin/builder/spi-builder-workspace/.derivedData/Build/Intermediates.noindex/Pyxift.build/Debug-watchos/Pyxift.build/Objects-normal/arm64/Pyxift.SwiftFileList (in target 'Pyxift' from project 'Pyxift')
cd /Users/admin/builder/spi-builder-workspace
write-file /Users/admin/builder/spi-builder-workspace/.derivedData/Build/Intermediates.noindex/Pyxift.build/Debug-watchos/Pyxift.build/Objects-normal/arm64/Pyxift.SwiftFileList
WriteAuxiliaryFile /Users/admin/builder/spi-builder-workspace/.derivedData/Build/Intermediates.noindex/Pyxift.build/Debug-watchos/Pyxift.build/Objects-normal/arm64/Pyxift.SwiftConstValuesFileList (in target 'Pyxift' from project 'Pyxift')
cd /Users/admin/builder/spi-builder-workspace
write-file /Users/admin/builder/spi-builder-workspace/.derivedData/Build/Intermediates.noindex/Pyxift.build/Debug-watchos/Pyxift.build/Objects-normal/arm64/Pyxift.SwiftConstValuesFileList
WriteAuxiliaryFile /Users/admin/builder/spi-builder-workspace/.derivedData/Build/Intermediates.noindex/Pyxift.build/Debug-watchos/Pyxift.build/Objects-normal/arm64/Pyxift.LinkFileList (in target 'Pyxift' from project 'Pyxift')
cd /Users/admin/builder/spi-builder-workspace
write-file /Users/admin/builder/spi-builder-workspace/.derivedData/Build/Intermediates.noindex/Pyxift.build/Debug-watchos/Pyxift.build/Objects-normal/arm64/Pyxift.LinkFileList
WriteAuxiliaryFile /Users/admin/builder/spi-builder-workspace/.derivedData/Build/Intermediates.noindex/Pyxift.build/Debug-watchos/Pyxift.build/Objects-normal/arm64/Pyxift-OutputFileMap.json (in target 'Pyxift' from project 'Pyxift')
cd /Users/admin/builder/spi-builder-workspace
write-file /Users/admin/builder/spi-builder-workspace/.derivedData/Build/Intermediates.noindex/Pyxift.build/Debug-watchos/Pyxift.build/Objects-normal/arm64/Pyxift-OutputFileMap.json
Copy /Users/admin/builder/spi-builder-workspace/.derivedData/Build/Intermediates.noindex/GeneratedModuleMaps-watchos/Pyxift.modulemap /Users/admin/builder/spi-builder-workspace/.derivedData/Build/Intermediates.noindex/Pyxift.build/Debug-watchos/Pyxift.build/Pyxift.modulemap (in target 'Pyxift' from project 'Pyxift')
cd /Users/admin/builder/spi-builder-workspace
builtin-copy -exclude .DS_Store -exclude CVS -exclude .svn -exclude .git -exclude .hg -resolve-src-symlinks /Users/admin/builder/spi-builder-workspace/.derivedData/Build/Intermediates.noindex/Pyxift.build/Debug-watchos/Pyxift.build/Pyxift.modulemap /Users/admin/builder/spi-builder-workspace/.derivedData/Build/Intermediates.noindex/GeneratedModuleMaps-watchos
WriteAuxiliaryFile /Users/admin/builder/spi-builder-workspace/.derivedData/Build/Intermediates.noindex/Pyxift.build/Debug-watchos/CPyxiftCore.build/Objects-normal/armv7k/CPyxiftCore.LinkFileList (in target 'CPyxiftCore' from project 'Pyxift')
cd /Users/admin/builder/spi-builder-workspace
write-file /Users/admin/builder/spi-builder-workspace/.derivedData/Build/Intermediates.noindex/Pyxift.build/Debug-watchos/CPyxiftCore.build/Objects-normal/armv7k/CPyxiftCore.LinkFileList
WriteAuxiliaryFile /Users/admin/builder/spi-builder-workspace/.derivedData/Build/Intermediates.noindex/Pyxift.build/Debug-watchos/CPyxiftCore.build/Objects-normal/armv7k/82b82416624d2658e5098eb0a28c15c5-common-args.resp (in target 'CPyxiftCore' from project 'Pyxift')
cd /Users/admin/builder/spi-builder-workspace
write-file /Users/admin/builder/spi-builder-workspace/.derivedData/Build/Intermediates.noindex/Pyxift.build/Debug-watchos/CPyxiftCore.build/Objects-normal/armv7k/82b82416624d2658e5098eb0a28c15c5-common-args.resp
'-std=c++17' -fmodules -fno-cxx-modules -gmodules '-fmodules-cache-path=/Users/admin/builder/spi-builder-workspace/.derivedData/ModuleCache.noindex' '-fmodule-name=CPyxiftCore' '-D_LIBCPP_HARDENING_MODE=_LIBCPP_HARDENING_MODE_DEBUG' -fpascal-strings -O0 -DSWIFT_PACKAGE '-DDEBUG=1' -g -fvisibility-inlines-hidden -fprofile-instr-generate -fcoverage-mapping -I/Users/admin/builder/spi-builder-workspace/.derivedData/Build/Products/Debug-watchos/include -I/Users/admin/builder/spi-builder-workspace/Sources/CPyxiftCore/include -I/Users/admin/builder/spi-builder-workspace/Sources/CPyxiftCore/src -I/Users/admin/builder/spi-builder-workspace/.derivedData/Build/Intermediates.noindex/Pyxift.build/Debug-watchos/CPyxiftCore.build/DerivedSources-normal/armv7k -I/Users/admin/builder/spi-builder-workspace/.derivedData/Build/Intermediates.noindex/Pyxift.build/Debug-watchos/CPyxiftCore.build/DerivedSources/armv7k -I/Users/admin/builder/spi-builder-workspace/.derivedData/Build/Intermediates.noindex/Pyxift.build/Debug-watchos/CPyxiftCore.build/DerivedSources -F/Users/admin/builder/spi-builder-workspace/.derivedData/Build/Products/Debug-watchos -iframework /Applications/Xcode-26.4.0.app/Contents/Developer/Platforms/WatchOS.platform/Developer/Library/Frameworks -iframework /Applications/Xcode-26.4.0.app/Contents/Developer/Platforms/WatchOS.platform/Developer/SDKs/WatchOS26.4.sdk/Developer/Library/Frameworks '-fmodule-map-file=/Users/admin/builder/spi-builder-workspace/Sources/CSDL3/module.modulemap' -DXcode
WriteAuxiliaryFile /Users/admin/builder/spi-builder-workspace/.derivedData/Build/Intermediates.noindex/Pyxift.build/Debug-watchos/CPyxiftCore.build/Objects-normal/armv7k/7187679823f38a2a940e0043cdf9d637-common-args.resp (in target 'CPyxiftCore' from project 'Pyxift')
cd /Users/admin/builder/spi-builder-workspace
write-file /Users/admin/builder/spi-builder-workspace/.derivedData/Build/Intermediates.noindex/Pyxift.build/Debug-watchos/CPyxiftCore.build/Objects-normal/armv7k/7187679823f38a2a940e0043cdf9d637-common-args.resp
-fmodules -gmodules '-fmodules-cache-path=/Users/admin/builder/spi-builder-workspace/.derivedData/ModuleCache.noindex' '-fmodule-name=CPyxiftCore' -fpascal-strings -O0 -DSWIFT_PACKAGE '-DDEBUG=1' -g -fprofile-instr-generate -fcoverage-mapping -I/Users/admin/builder/spi-builder-workspace/.derivedData/Build/Products/Debug-watchos/include -I/Users/admin/builder/spi-builder-workspace/Sources/CPyxiftCore/include -I/Users/admin/builder/spi-builder-workspace/Sources/CPyxiftCore/src -I/Users/admin/builder/spi-builder-workspace/.derivedData/Build/Intermediates.noindex/Pyxift.build/Debug-watchos/CPyxiftCore.build/DerivedSources-normal/armv7k -I/Users/admin/builder/spi-builder-workspace/.derivedData/Build/Intermediates.noindex/Pyxift.build/Debug-watchos/CPyxiftCore.build/DerivedSources/armv7k -I/Users/admin/builder/spi-builder-workspace/.derivedData/Build/Intermediates.noindex/Pyxift.build/Debug-watchos/CPyxiftCore.build/DerivedSources -F/Users/admin/builder/spi-builder-workspace/.derivedData/Build/Products/Debug-watchos -iframework /Applications/Xcode-26.4.0.app/Contents/Developer/Platforms/WatchOS.platform/Developer/Library/Frameworks -iframework /Applications/Xcode-26.4.0.app/Contents/Developer/Platforms/WatchOS.platform/Developer/SDKs/WatchOS26.4.sdk/Developer/Library/Frameworks '-fmodule-map-file=/Users/admin/builder/spi-builder-workspace/Sources/CSDL3/module.modulemap' -DXcode
WriteAuxiliaryFile /Users/admin/builder/spi-builder-workspace/.derivedData/Build/Intermediates.noindex/Pyxift.build/Debug-watchos/CPyxiftCore.build/Objects-normal/arm64_32/82b82416624d2658e5098eb0a28c15c5-common-args.resp (in target 'CPyxiftCore' from project 'Pyxift')
cd /Users/admin/builder/spi-builder-workspace
write-file /Users/admin/builder/spi-builder-workspace/.derivedData/Build/Intermediates.noindex/Pyxift.build/Debug-watchos/CPyxiftCore.build/Objects-normal/arm64_32/82b82416624d2658e5098eb0a28c15c5-common-args.resp
'-std=c++17' -fmodules -fno-cxx-modules -gmodules '-fmodules-cache-path=/Users/admin/builder/spi-builder-workspace/.derivedData/ModuleCache.noindex' '-fmodule-name=CPyxiftCore' '-D_LIBCPP_HARDENING_MODE=_LIBCPP_HARDENING_MODE_DEBUG' -fpascal-strings -O0 -DSWIFT_PACKAGE '-DDEBUG=1' -g -fvisibility-inlines-hidden -fprofile-instr-generate -fcoverage-mapping -I/Users/admin/builder/spi-builder-workspace/.derivedData/Build/Products/Debug-watchos/include -I/Users/admin/builder/spi-builder-workspace/Sources/CPyxiftCore/include -I/Users/admin/builder/spi-builder-workspace/Sources/CPyxiftCore/src -I/Users/admin/builder/spi-builder-workspace/.derivedData/Build/Intermediates.noindex/Pyxift.build/Debug-watchos/CPyxiftCore.build/DerivedSources-normal/arm64_32 -I/Users/admin/builder/spi-builder-workspace/.derivedData/Build/Intermediates.noindex/Pyxift.build/Debug-watchos/CPyxiftCore.build/DerivedSources/arm64_32 -I/Users/admin/builder/spi-builder-workspace/.derivedData/Build/Intermediates.noindex/Pyxift.build/Debug-watchos/CPyxiftCore.build/DerivedSources -F/Users/admin/builder/spi-builder-workspace/.derivedData/Build/Products/Debug-watchos -iframework /Applications/Xcode-26.4.0.app/Contents/Developer/Platforms/WatchOS.platform/Developer/Library/Frameworks -iframework /Applications/Xcode-26.4.0.app/Contents/Developer/Platforms/WatchOS.platform/Developer/SDKs/WatchOS26.4.sdk/Developer/Library/Frameworks '-fmodule-map-file=/Users/admin/builder/spi-builder-workspace/Sources/CSDL3/module.modulemap' -DXcode
WriteAuxiliaryFile /Users/admin/builder/spi-builder-workspace/.derivedData/Build/Intermediates.noindex/Pyxift.build/Debug-watchos/CPyxiftCore.build/Objects-normal/arm64_32/CPyxiftCore.LinkFileList (in target 'CPyxiftCore' from project 'Pyxift')
cd /Users/admin/builder/spi-builder-workspace
write-file /Users/admin/builder/spi-builder-workspace/.derivedData/Build/Intermediates.noindex/Pyxift.build/Debug-watchos/CPyxiftCore.build/Objects-normal/arm64_32/CPyxiftCore.LinkFileList
WriteAuxiliaryFile /Users/admin/builder/spi-builder-workspace/.derivedData/Build/Intermediates.noindex/Pyxift.build/Debug-watchos/CPyxiftCore.build/Objects-normal/arm64_32/7187679823f38a2a940e0043cdf9d637-common-args.resp (in target 'CPyxiftCore' from project 'Pyxift')
cd /Users/admin/builder/spi-builder-workspace
write-file /Users/admin/builder/spi-builder-workspace/.derivedData/Build/Intermediates.noindex/Pyxift.build/Debug-watchos/CPyxiftCore.build/Objects-normal/arm64_32/7187679823f38a2a940e0043cdf9d637-common-args.resp
-fmodules -gmodules '-fmodules-cache-path=/Users/admin/builder/spi-builder-workspace/.derivedData/ModuleCache.noindex' '-fmodule-name=CPyxiftCore' -fpascal-strings -O0 -DSWIFT_PACKAGE '-DDEBUG=1' -g -fprofile-instr-generate -fcoverage-mapping -I/Users/admin/builder/spi-builder-workspace/.derivedData/Build/Products/Debug-watchos/include -I/Users/admin/builder/spi-builder-workspace/Sources/CPyxiftCore/include -I/Users/admin/builder/spi-builder-workspace/Sources/CPyxiftCore/src -I/Users/admin/builder/spi-builder-workspace/.derivedData/Build/Intermediates.noindex/Pyxift.build/Debug-watchos/CPyxiftCore.build/DerivedSources-normal/arm64_32 -I/Users/admin/builder/spi-builder-workspace/.derivedData/Build/Intermediates.noindex/Pyxift.build/Debug-watchos/CPyxiftCore.build/DerivedSources/arm64_32 -I/Users/admin/builder/spi-builder-workspace/.derivedData/Build/Intermediates.noindex/Pyxift.build/Debug-watchos/CPyxiftCore.build/DerivedSources -F/Users/admin/builder/spi-builder-workspace/.derivedData/Build/Products/Debug-watchos -iframework /Applications/Xcode-26.4.0.app/Contents/Developer/Platforms/WatchOS.platform/Developer/Library/Frameworks -iframework /Applications/Xcode-26.4.0.app/Contents/Developer/Platforms/WatchOS.platform/Developer/SDKs/WatchOS26.4.sdk/Developer/Library/Frameworks '-fmodule-map-file=/Users/admin/builder/spi-builder-workspace/Sources/CSDL3/module.modulemap' -DXcode
WriteAuxiliaryFile /Users/admin/builder/spi-builder-workspace/.derivedData/Build/Intermediates.noindex/Pyxift.build/Debug-watchos/CPyxiftCore.build/Objects-normal/arm64/82b82416624d2658e5098eb0a28c15c5-common-args.resp (in target 'CPyxiftCore' from project 'Pyxift')
cd /Users/admin/builder/spi-builder-workspace
write-file /Users/admin/builder/spi-builder-workspace/.derivedData/Build/Intermediates.noindex/Pyxift.build/Debug-watchos/CPyxiftCore.build/Objects-normal/arm64/82b82416624d2658e5098eb0a28c15c5-common-args.resp
'-std=c++17' -fmodules -fno-cxx-modules -gmodules '-fmodules-cache-path=/Users/admin/builder/spi-builder-workspace/.derivedData/ModuleCache.noindex' '-fmodule-name=CPyxiftCore' '-D_LIBCPP_HARDENING_MODE=_LIBCPP_HARDENING_MODE_DEBUG' -fpascal-strings -O0 -DSWIFT_PACKAGE '-DDEBUG=1' -g -fvisibility-inlines-hidden -fprofile-instr-generate -fcoverage-mapping -I/Users/admin/builder/spi-builder-workspace/.derivedData/Build/Products/Debug-watchos/include -I/Users/admin/builder/spi-builder-workspace/Sources/CPyxiftCore/include -I/Users/admin/builder/spi-builder-workspace/Sources/CPyxiftCore/src -I/Users/admin/builder/spi-builder-workspace/.derivedData/Build/Intermediates.noindex/Pyxift.build/Debug-watchos/CPyxiftCore.build/DerivedSources-normal/arm64 -I/Users/admin/builder/spi-builder-workspace/.derivedData/Build/Intermediates.noindex/Pyxift.build/Debug-watchos/CPyxiftCore.build/DerivedSources/arm64 -I/Users/admin/builder/spi-builder-workspace/.derivedData/Build/Intermediates.noindex/Pyxift.build/Debug-watchos/CPyxiftCore.build/DerivedSources -F/Users/admin/builder/spi-builder-workspace/.derivedData/Build/Products/Debug-watchos -iframework /Applications/Xcode-26.4.0.app/Contents/Developer/Platforms/WatchOS.platform/Developer/Library/Frameworks -iframework /Applications/Xcode-26.4.0.app/Contents/Developer/Platforms/WatchOS.platform/Developer/SDKs/WatchOS26.4.sdk/Developer/Library/Frameworks '-fmodule-map-file=/Users/admin/builder/spi-builder-workspace/Sources/CSDL3/module.modulemap' -DXcode
WriteAuxiliaryFile /Users/admin/builder/spi-builder-workspace/.derivedData/Build/Intermediates.noindex/Pyxift.build/Debug-watchos/CPyxiftCore.build/Objects-normal/arm64/CPyxiftCore.LinkFileList (in target 'CPyxiftCore' from project 'Pyxift')
cd /Users/admin/builder/spi-builder-workspace
write-file /Users/admin/builder/spi-builder-workspace/.derivedData/Build/Intermediates.noindex/Pyxift.build/Debug-watchos/CPyxiftCore.build/Objects-normal/arm64/CPyxiftCore.LinkFileList
WriteAuxiliaryFile /Users/admin/builder/spi-builder-workspace/.derivedData/Build/Intermediates.noindex/Pyxift.build/Debug-watchos/CPyxiftCore.build/Objects-normal/arm64/7187679823f38a2a940e0043cdf9d637-common-args.resp (in target 'CPyxiftCore' from project 'Pyxift')
cd /Users/admin/builder/spi-builder-workspace
write-file /Users/admin/builder/spi-builder-workspace/.derivedData/Build/Intermediates.noindex/Pyxift.build/Debug-watchos/CPyxiftCore.build/Objects-normal/arm64/7187679823f38a2a940e0043cdf9d637-common-args.resp
-fmodules -gmodules '-fmodules-cache-path=/Users/admin/builder/spi-builder-workspace/.derivedData/ModuleCache.noindex' '-fmodule-name=CPyxiftCore' -fpascal-strings -O0 -DSWIFT_PACKAGE '-DDEBUG=1' -g -fprofile-instr-generate -fcoverage-mapping -I/Users/admin/builder/spi-builder-workspace/.derivedData/Build/Products/Debug-watchos/include -I/Users/admin/builder/spi-builder-workspace/Sources/CPyxiftCore/include -I/Users/admin/builder/spi-builder-workspace/Sources/CPyxiftCore/src -I/Users/admin/builder/spi-builder-workspace/.derivedData/Build/Intermediates.noindex/Pyxift.build/Debug-watchos/CPyxiftCore.build/DerivedSources-normal/arm64 -I/Users/admin/builder/spi-builder-workspace/.derivedData/Build/Intermediates.noindex/Pyxift.build/Debug-watchos/CPyxiftCore.build/DerivedSources/arm64 -I/Users/admin/builder/spi-builder-workspace/.derivedData/Build/Intermediates.noindex/Pyxift.build/Debug-watchos/CPyxiftCore.build/DerivedSources -F/Users/admin/builder/spi-builder-workspace/.derivedData/Build/Products/Debug-watchos -iframework /Applications/Xcode-26.4.0.app/Contents/Developer/Platforms/WatchOS.platform/Developer/Library/Frameworks -iframework /Applications/Xcode-26.4.0.app/Contents/Developer/Platforms/WatchOS.platform/Developer/SDKs/WatchOS26.4.sdk/Developer/Library/Frameworks '-fmodule-map-file=/Users/admin/builder/spi-builder-workspace/Sources/CSDL3/module.modulemap' -DXcode
WriteAuxiliaryFile /Users/admin/builder/spi-builder-workspace/.derivedData/Build/Intermediates.noindex/Pyxift.build/Debug-watchos/CPyxiftCore.build/CPyxiftCore.DependencyStaticMetadataFileList (in target 'CPyxiftCore' from project 'Pyxift')
cd /Users/admin/builder/spi-builder-workspace
write-file /Users/admin/builder/spi-builder-workspace/.derivedData/Build/Intermediates.noindex/Pyxift.build/Debug-watchos/CPyxiftCore.build/CPyxiftCore.DependencyStaticMetadataFileList
WriteAuxiliaryFile /Users/admin/builder/spi-builder-workspace/.derivedData/Build/Intermediates.noindex/Pyxift.build/Debug-watchos/CPyxiftCore.build/CPyxiftCore.DependencyMetadataFileList (in target 'CPyxiftCore' from project 'Pyxift')
cd /Users/admin/builder/spi-builder-workspace
write-file /Users/admin/builder/spi-builder-workspace/.derivedData/Build/Intermediates.noindex/Pyxift.build/Debug-watchos/CPyxiftCore.build/CPyxiftCore.DependencyMetadataFileList
MkDir /Users/admin/builder/spi-builder-workspace/.derivedData/Build/Products/Debug-watchos/Pyxift_PyxiftDemo.bundle (in target 'Pyxift_PyxiftDemo' from project 'Pyxift')
cd /Users/admin/builder/spi-builder-workspace
/bin/mkdir -p /Users/admin/builder/spi-builder-workspace/.derivedData/Build/Products/Debug-watchos/Pyxift_PyxiftDemo.bundle
ProcessInfoPlistFile /Users/admin/builder/spi-builder-workspace/.derivedData/Build/Products/Debug-watchos/Pyxift_PyxiftDemo.bundle/Info.plist /Users/admin/builder/spi-builder-workspace/.derivedData/Build/Intermediates.noindex/Pyxift.build/Debug-watchos/Pyxift_PyxiftDemo.build/empty-Pyxift_PyxiftDemo.plist (in target 'Pyxift_PyxiftDemo' from project 'Pyxift')
cd /Users/admin/builder/spi-builder-workspace
builtin-infoPlistUtility /Users/admin/builder/spi-builder-workspace/.derivedData/Build/Intermediates.noindex/Pyxift.build/Debug-watchos/Pyxift_PyxiftDemo.build/empty-Pyxift_PyxiftDemo.plist -producttype com.apple.product-type.bundle -expandbuildsettings -format binary -platform watchos -o /Users/admin/builder/spi-builder-workspace/.derivedData/Build/Products/Debug-watchos/Pyxift_PyxiftDemo.bundle/Info.plist
CpResource /Users/admin/builder/spi-builder-workspace/.derivedData/Build/Products/Debug-watchos/Pyxift_PyxiftDemo.bundle/assets /Users/admin/builder/spi-builder-workspace/Examples/PyxiftDemo/assets (in target 'Pyxift_PyxiftDemo' from project 'Pyxift')
cd /Users/admin/builder/spi-builder-workspace
builtin-copy -exclude .DS_Store -exclude CVS -exclude .svn -exclude .git -exclude .hg -resolve-src-symlinks /Users/admin/builder/spi-builder-workspace/Examples/PyxiftDemo/assets /Users/admin/builder/spi-builder-workspace/.derivedData/Build/Products/Debug-watchos/Pyxift_PyxiftDemo.bundle
RegisterExecutionPolicyException /Users/admin/builder/spi-builder-workspace/.derivedData/Build/Products/Debug-watchos/Pyxift_PyxiftDemo.bundle (in target 'Pyxift_PyxiftDemo' from project 'Pyxift')
cd /Users/admin/builder/spi-builder-workspace
builtin-RegisterExecutionPolicyException /Users/admin/builder/spi-builder-workspace/.derivedData/Build/Products/Debug-watchos/Pyxift_PyxiftDemo.bundle
Touch /Users/admin/builder/spi-builder-workspace/.derivedData/Build/Products/Debug-watchos/Pyxift_PyxiftDemo.bundle (in target 'Pyxift_PyxiftDemo' from project 'Pyxift')
cd /Users/admin/builder/spi-builder-workspace
/usr/bin/touch -c /Users/admin/builder/spi-builder-workspace/.derivedData/Build/Products/Debug-watchos/Pyxift_PyxiftDemo.bundle
CompileC /Users/admin/builder/spi-builder-workspace/.derivedData/Build/Intermediates.noindex/Pyxift.build/Debug-watchos/CPyxiftCore.build/Objects-normal/armv7k/Window.o /Users/admin/builder/spi-builder-workspace/Sources/CPyxiftCore/src/platform/Window.cpp normal armv7k c++ com.apple.compilers.llvm.clang.1_0.compiler (in target 'CPyxiftCore' from project 'Pyxift')
cd /Users/admin/builder/spi-builder-workspace/.swiftpm/xcode
Using response file: /Users/admin/builder/spi-builder-workspace/.derivedData/Build/Intermediates.noindex/Pyxift.build/Debug-watchos/CPyxiftCore.build/Objects-normal/armv7k/82b82416624d2658e5098eb0a28c15c5-common-args.resp
/Applications/Xcode-26.4.0.app/Contents/Developer/Toolchains/XcodeDefault.xctoolchain/usr/bin/clang -x c++ -ivfsstatcache /Users/admin/builder/spi-builder-workspace/.derivedData/SDKStatCaches.noindex/watchos26.4-23T238-688ef53f1462e2c8f657fdc38a81448f9e51884a582f42380855760c9d4cc599.sdkstatcache -target armv7k-apple-watchos5.0 -fmessage-length\=0 -fdiagnostics-show-note-include-stack -fmacro-backtrace-limit\=0 -fno-color-diagnostics -fmodules-prune-interval\=86400 -fmodules-prune-after\=345600 -fbuild-session-file\=/Users/admin/builder/spi-builder-workspace/.derivedData/ModuleCache.noindex/Session.modulevalidation -fmodules-validate-once-per-build-session -Wnon-modular-include-in-framework-module -Werror\=non-modular-include-in-framework-module -Wno-trigraphs -Wno-missing-field-initializers -Wno-missing-prototypes -Wno-return-type -Wno-non-virtual-dtor -Wno-overloaded-virtual -Wno-exit-time-destructors -Wno-missing-braces -Wparentheses -Wswitch -Wno-unused-function -Wno-unused-label -Wno-unused-parameter -Wno-unused-variable -Wunused-value -Wno-empty-body -Wno-uninitialized -Wno-unknown-pragmas -Wno-shadow -Wno-four-char-constants -Wno-conversion -Wno-constant-conversion -Wno-int-conversion -Wno-bool-conversion -Wno-enum-conversion -Wno-float-conversion -Wno-non-literal-null-conversion -Wno-objc-literal-conversion -Wno-shorten-64-to-32 -Wno-newline-eof -Wno-c++11-extensions -Wno-implicit-fallthrough -isysroot /Applications/Xcode-26.4.0.app/Contents/Developer/Platforms/WatchOS.platform/Developer/SDKs/WatchOS26.4.sdk -fstrict-aliasing -Wdeprecated-declarations -Winvalid-offsetof -Wno-sign-conversion -Wno-infinite-recursion -Wno-move -Wno-comma -Wno-block-capture-autoreleasing -Wno-strict-prototypes -Wno-range-loop-analysis -Wno-semicolon-before-method-body -index-store-path /Users/admin/builder/spi-builder-workspace/.derivedData/Index.noindex/DataStore @/Users/admin/builder/spi-builder-workspace/.derivedData/Build/Intermediates.noindex/Pyxift.build/Debug-watchos/CPyxiftCore.build/Objects-normal/armv7k/82b82416624d2658e5098eb0a28c15c5-common-args.resp -MMD -MT dependencies -MF /Users/admin/builder/spi-builder-workspace/.derivedData/Build/Intermediates.noindex/Pyxift.build/Debug-watchos/CPyxiftCore.build/Objects-normal/armv7k/Window.d --serialize-diagnostics /Users/admin/builder/spi-builder-workspace/.derivedData/Build/Intermediates.noindex/Pyxift.build/Debug-watchos/CPyxiftCore.build/Objects-normal/armv7k/Window.dia -c /Users/admin/builder/spi-builder-workspace/Sources/CPyxiftCore/src/platform/Window.cpp -o /Users/admin/builder/spi-builder-workspace/.derivedData/Build/Intermediates.noindex/Pyxift.build/Debug-watchos/CPyxiftCore.build/Objects-normal/armv7k/Window.o -index-unit-output-path /Pyxift.build/Debug-watchos/CPyxiftCore.build/Objects-normal/armv7k/Window.o
In file included from /Users/admin/builder/spi-builder-workspace/Sources/CPyxiftCore/src/platform/Window.cpp:1:
/Users/admin/builder/spi-builder-workspace/Sources/CPyxiftCore/src/platform/Window.hpp:4:10: fatal error: 'SDL3/SDL.h' file not found
4 | #include <SDL3/SDL.h>
| ^~~~~~~~~~~~
1 error generated.
CompileC /Users/admin/builder/spi-builder-workspace/.derivedData/Build/Intermediates.noindex/Pyxift.build/Debug-watchos/CPyxiftCore.build/Objects-normal/armv7k/AudioOutput.o /Users/admin/builder/spi-builder-workspace/Sources/CPyxiftCore/src/platform/AudioOutput.cpp normal armv7k c++ com.apple.compilers.llvm.clang.1_0.compiler (in target 'CPyxiftCore' from project 'Pyxift')
cd /Users/admin/builder/spi-builder-workspace/.swiftpm/xcode
Using response file: /Users/admin/builder/spi-builder-workspace/.derivedData/Build/Intermediates.noindex/Pyxift.build/Debug-watchos/CPyxiftCore.build/Objects-normal/armv7k/82b82416624d2658e5098eb0a28c15c5-common-args.resp
/Applications/Xcode-26.4.0.app/Contents/Developer/Toolchains/XcodeDefault.xctoolchain/usr/bin/clang -x c++ -ivfsstatcache /Users/admin/builder/spi-builder-workspace/.derivedData/SDKStatCaches.noindex/watchos26.4-23T238-688ef53f1462e2c8f657fdc38a81448f9e51884a582f42380855760c9d4cc599.sdkstatcache -target armv7k-apple-watchos5.0 -fmessage-length\=0 -fdiagnostics-show-note-include-stack -fmacro-backtrace-limit\=0 -fno-color-diagnostics -fmodules-prune-interval\=86400 -fmodules-prune-after\=345600 -fbuild-session-file\=/Users/admin/builder/spi-builder-workspace/.derivedData/ModuleCache.noindex/Session.modulevalidation -fmodules-validate-once-per-build-session -Wnon-modular-include-in-framework-module -Werror\=non-modular-include-in-framework-module -Wno-trigraphs -Wno-missing-field-initializers -Wno-missing-prototypes -Wno-return-type -Wno-non-virtual-dtor -Wno-overloaded-virtual -Wno-exit-time-destructors -Wno-missing-braces -Wparentheses -Wswitch -Wno-unused-function -Wno-unused-label -Wno-unused-parameter -Wno-unused-variable -Wunused-value -Wno-empty-body -Wno-uninitialized -Wno-unknown-pragmas -Wno-shadow -Wno-four-char-constants -Wno-conversion -Wno-constant-conversion -Wno-int-conversion -Wno-bool-conversion -Wno-enum-conversion -Wno-float-conversion -Wno-non-literal-null-conversion -Wno-objc-literal-conversion -Wno-shorten-64-to-32 -Wno-newline-eof -Wno-c++11-extensions -Wno-implicit-fallthrough -isysroot /Applications/Xcode-26.4.0.app/Contents/Developer/Platforms/WatchOS.platform/Developer/SDKs/WatchOS26.4.sdk -fstrict-aliasing -Wdeprecated-declarations -Winvalid-offsetof -Wno-sign-conversion -Wno-infinite-recursion -Wno-move -Wno-comma -Wno-block-capture-autoreleasing -Wno-strict-prototypes -Wno-range-loop-analysis -Wno-semicolon-before-method-body -index-store-path /Users/admin/builder/spi-builder-workspace/.derivedData/Index.noindex/DataStore @/Users/admin/builder/spi-builder-workspace/.derivedData/Build/Intermediates.noindex/Pyxift.build/Debug-watchos/CPyxiftCore.build/Objects-normal/armv7k/82b82416624d2658e5098eb0a28c15c5-common-args.resp -MMD -MT dependencies -MF /Users/admin/builder/spi-builder-workspace/.derivedData/Build/Intermediates.noindex/Pyxift.build/Debug-watchos/CPyxiftCore.build/Objects-normal/armv7k/AudioOutput.d --serialize-diagnostics /Users/admin/builder/spi-builder-workspace/.derivedData/Build/Intermediates.noindex/Pyxift.build/Debug-watchos/CPyxiftCore.build/Objects-normal/armv7k/AudioOutput.dia -c /Users/admin/builder/spi-builder-workspace/Sources/CPyxiftCore/src/platform/AudioOutput.cpp -o /Users/admin/builder/spi-builder-workspace/.derivedData/Build/Intermediates.noindex/Pyxift.build/Debug-watchos/CPyxiftCore.build/Objects-normal/armv7k/AudioOutput.o -index-unit-output-path /Pyxift.build/Debug-watchos/CPyxiftCore.build/Objects-normal/armv7k/AudioOutput.o
In file included from /Users/admin/builder/spi-builder-workspace/Sources/CPyxiftCore/src/platform/AudioOutput.cpp:1:
/Users/admin/builder/spi-builder-workspace/Sources/CPyxiftCore/src/platform/AudioOutput.hpp:4:10: fatal error: 'SDL3/SDL.h' file not found
4 | #include <SDL3/SDL.h>
| ^~~~~~~~~~~~
1 error generated.
CompileC /Users/admin/builder/spi-builder-workspace/.derivedData/Build/Intermediates.noindex/Pyxift.build/Debug-watchos/CPyxiftCore.build/Objects-normal/armv7k/EventTranslator.o /Users/admin/builder/spi-builder-workspace/Sources/CPyxiftCore/src/platform/EventTranslator.cpp normal armv7k c++ com.apple.compilers.llvm.clang.1_0.compiler (in target 'CPyxiftCore' from project 'Pyxift')
cd /Users/admin/builder/spi-builder-workspace/.swiftpm/xcode
Using response file: /Users/admin/builder/spi-builder-workspace/.derivedData/Build/Intermediates.noindex/Pyxift.build/Debug-watchos/CPyxiftCore.build/Objects-normal/armv7k/82b82416624d2658e5098eb0a28c15c5-common-args.resp
/Applications/Xcode-26.4.0.app/Contents/Developer/Toolchains/XcodeDefault.xctoolchain/usr/bin/clang -x c++ -ivfsstatcache /Users/admin/builder/spi-builder-workspace/.derivedData/SDKStatCaches.noindex/watchos26.4-23T238-688ef53f1462e2c8f657fdc38a81448f9e51884a582f42380855760c9d4cc599.sdkstatcache -target armv7k-apple-watchos5.0 -fmessage-length\=0 -fdiagnostics-show-note-include-stack -fmacro-backtrace-limit\=0 -fno-color-diagnostics -fmodules-prune-interval\=86400 -fmodules-prune-after\=345600 -fbuild-session-file\=/Users/admin/builder/spi-builder-workspace/.derivedData/ModuleCache.noindex/Session.modulevalidation -fmodules-validate-once-per-build-session -Wnon-modular-include-in-framework-module -Werror\=non-modular-include-in-framework-module -Wno-trigraphs -Wno-missing-field-initializers -Wno-missing-prototypes -Wno-return-type -Wno-non-virtual-dtor -Wno-overloaded-virtual -Wno-exit-time-destructors -Wno-missing-braces -Wparentheses -Wswitch -Wno-unused-function -Wno-unused-label -Wno-unused-parameter -Wno-unused-variable -Wunused-value -Wno-empty-body -Wno-uninitialized -Wno-unknown-pragmas -Wno-shadow -Wno-four-char-constants -Wno-conversion -Wno-constant-conversion -Wno-int-conversion -Wno-bool-conversion -Wno-enum-conversion -Wno-float-conversion -Wno-non-literal-null-conversion -Wno-objc-literal-conversion -Wno-shorten-64-to-32 -Wno-newline-eof -Wno-c++11-extensions -Wno-implicit-fallthrough -isysroot /Applications/Xcode-26.4.0.app/Contents/Developer/Platforms/WatchOS.platform/Developer/SDKs/WatchOS26.4.sdk -fstrict-aliasing -Wdeprecated-declarations -Winvalid-offsetof -Wno-sign-conversion -Wno-infinite-recursion -Wno-move -Wno-comma -Wno-block-capture-autoreleasing -Wno-strict-prototypes -Wno-range-loop-analysis -Wno-semicolon-before-method-body -index-store-path /Users/admin/builder/spi-builder-workspace/.derivedData/Index.noindex/DataStore @/Users/admin/builder/spi-builder-workspace/.derivedData/Build/Intermediates.noindex/Pyxift.build/Debug-watchos/CPyxiftCore.build/Objects-normal/armv7k/82b82416624d2658e5098eb0a28c15c5-common-args.resp -MMD -MT dependencies -MF /Users/admin/builder/spi-builder-workspace/.derivedData/Build/Intermediates.noindex/Pyxift.build/Debug-watchos/CPyxiftCore.build/Objects-normal/armv7k/EventTranslator.d --serialize-diagnostics /Users/admin/builder/spi-builder-workspace/.derivedData/Build/Intermediates.noindex/Pyxift.build/Debug-watchos/CPyxiftCore.build/Objects-normal/armv7k/EventTranslator.dia -c /Users/admin/builder/spi-builder-workspace/Sources/CPyxiftCore/src/platform/EventTranslator.cpp -o /Users/admin/builder/spi-builder-workspace/.derivedData/Build/Intermediates.noindex/Pyxift.build/Debug-watchos/CPyxiftCore.build/Objects-normal/armv7k/EventTranslator.o -index-unit-output-path /Pyxift.build/Debug-watchos/CPyxiftCore.build/Objects-normal/armv7k/EventTranslator.o
In file included from /Users/admin/builder/spi-builder-workspace/Sources/CPyxiftCore/src/platform/EventTranslator.cpp:1:
/Users/admin/builder/spi-builder-workspace/Sources/CPyxiftCore/src/platform/EventTranslator.hpp:6:10: fatal error: 'SDL3/SDL.h' file not found
6 | #include <SDL3/SDL.h>
| ^~~~~~~~~~~~
1 error generated.
CompileC /Users/admin/builder/spi-builder-workspace/.derivedData/Build/Intermediates.noindex/Pyxift.build/Debug-watchos/CPyxiftCore.build/Objects-normal/armv7k/Tilemap.o /Users/admin/builder/spi-builder-workspace/Sources/CPyxiftCore/src/core/Tilemap.cpp normal armv7k c++ com.apple.compilers.llvm.clang.1_0.compiler (in target 'CPyxiftCore' from project 'Pyxift')
cd /Users/admin/builder/spi-builder-workspace/.swiftpm/xcode
Using response file: /Users/admin/builder/spi-builder-workspace/.derivedData/Build/Intermediates.noindex/Pyxift.build/Debug-watchos/CPyxiftCore.build/Objects-normal/armv7k/82b82416624d2658e5098eb0a28c15c5-common-args.resp
/Applications/Xcode-26.4.0.app/Contents/Developer/Toolchains/XcodeDefault.xctoolchain/usr/bin/clang -x c++ -ivfsstatcache /Users/admin/builder/spi-builder-workspace/.derivedData/SDKStatCaches.noindex/watchos26.4-23T238-688ef53f1462e2c8f657fdc38a81448f9e51884a582f42380855760c9d4cc599.sdkstatcache -target armv7k-apple-watchos5.0 -fmessage-length\=0 -fdiagnostics-show-note-include-stack -fmacro-backtrace-limit\=0 -fno-color-diagnostics -fmodules-prune-interval\=86400 -fmodules-prune-after\=345600 -fbuild-session-file\=/Users/admin/builder/spi-builder-workspace/.derivedData/ModuleCache.noindex/Session.modulevalidation -fmodules-validate-once-per-build-session -Wnon-modular-include-in-framework-module -Werror\=non-modular-include-in-framework-module -Wno-trigraphs -Wno-missing-field-initializers -Wno-missing-prototypes -Wno-return-type -Wno-non-virtual-dtor -Wno-overloaded-virtual -Wno-exit-time-destructors -Wno-missing-braces -Wparentheses -Wswitch -Wno-unused-function -Wno-unused-label -Wno-unused-parameter -Wno-unused-variable -Wunused-value -Wno-empty-body -Wno-uninitialized -Wno-unknown-pragmas -Wno-shadow -Wno-four-char-constants -Wno-conversion -Wno-constant-conversion -Wno-int-conversion -Wno-bool-conversion -Wno-enum-conversion -Wno-float-conversion -Wno-non-literal-null-conversion -Wno-objc-literal-conversion -Wno-shorten-64-to-32 -Wno-newline-eof -Wno-c++11-extensions -Wno-implicit-fallthrough -isysroot /Applications/Xcode-26.4.0.app/Contents/Developer/Platforms/WatchOS.platform/Developer/SDKs/WatchOS26.4.sdk -fstrict-aliasing -Wdeprecated-declarations -Winvalid-offsetof -Wno-sign-conversion -Wno-infinite-recursion -Wno-move -Wno-comma -Wno-block-capture-autoreleasing -Wno-strict-prototypes -Wno-range-loop-analysis -Wno-semicolon-before-method-body -index-store-path /Users/admin/builder/spi-builder-workspace/.derivedData/Index.noindex/DataStore @/Users/admin/builder/spi-builder-workspace/.derivedData/Build/Intermediates.noindex/Pyxift.build/Debug-watchos/CPyxiftCore.build/Objects-normal/armv7k/82b82416624d2658e5098eb0a28c15c5-common-args.resp -MMD -MT dependencies -MF /Users/admin/builder/spi-builder-workspace/.derivedData/Build/Intermediates.noindex/Pyxift.build/Debug-watchos/CPyxiftCore.build/Objects-normal/armv7k/Tilemap.d --serialize-diagnostics /Users/admin/builder/spi-builder-workspace/.derivedData/Build/Intermediates.noindex/Pyxift.build/Debug-watchos/CPyxiftCore.build/Objects-normal/armv7k/Tilemap.dia -c /Users/admin/builder/spi-builder-workspace/Sources/CPyxiftCore/src/core/Tilemap.cpp -o /Users/admin/builder/spi-builder-workspace/.derivedData/Build/Intermediates.noindex/Pyxift.build/Debug-watchos/CPyxiftCore.build/Objects-normal/armv7k/Tilemap.o -index-unit-output-path /Pyxift.build/Debug-watchos/CPyxiftCore.build/Objects-normal/armv7k/Tilemap.o
ScanDependencies /Users/admin/builder/spi-builder-workspace/.derivedData/Build/Intermediates.noindex/Pyxift.build/Debug-watchos/CPyxiftCore.build/Objects-normal/arm64_32/miniz.o /Users/admin/builder/spi-builder-workspace/Sources/CPyxiftCore/vendor/miniz.c normal arm64_32 c com.apple.compilers.llvm.clang.1_0.compiler (in target 'CPyxiftCore' from project 'Pyxift')
cd /Users/admin/builder/spi-builder-workspace/.swiftpm/xcode
Using response file: /Users/admin/builder/spi-builder-workspace/.derivedData/Build/Intermediates.noindex/Pyxift.build/Debug-watchos/CPyxiftCore.build/Objects-normal/arm64_32/7187679823f38a2a940e0043cdf9d637-common-args.resp
builtin-ScanDependencies -o /Users/admin/builder/spi-builder-workspace/.derivedData/Build/Intermediates.noindex/Pyxift.build/Debug-watchos/CPyxiftCore.build/Objects-normal/arm64_32/miniz.o.scan -- /Applications/Xcode-26.4.0.app/Contents/Developer/Toolchains/XcodeDefault.xctoolchain/usr/bin/clang -x c -ivfsstatcache /Users/admin/builder/spi-builder-workspace/.derivedData/SDKStatCaches.noindex/watchos26.4-23T238-688ef53f1462e2c8f657fdc38a81448f9e51884a582f42380855760c9d4cc599.sdkstatcache -target arm64_32-apple-watchos5.0 -fmessage-length\=0 -fdiagnostics-show-note-include-stack -fmacro-backtrace-limit\=0 -fno-color-diagnostics -fmodules-prune-interval\=86400 -fmodules-prune-after\=345600 -fbuild-session-file\=/Users/admin/builder/spi-builder-workspace/.derivedData/ModuleCache.noindex/Session.modulevalidation -fmodules-validate-once-per-build-session -Wnon-modular-include-in-framework-module -Werror\=non-modular-include-in-framework-module -Wno-trigraphs -Wno-missing-field-initializers -Wno-missing-prototypes -Wno-return-type -Wno-missing-braces -Wparentheses -Wswitch -Wno-unused-function -Wno-unused-label -Wno-unused-parameter -Wno-unused-variable -Wunused-value -Wno-empty-body -Wno-uninitialized -Wno-unknown-pragmas -Wno-shadow -Wno-four-char-constants -Wno-conversion -Wno-constant-conversion -Wno-int-conversion -Wno-bool-conversion -Wno-enum-conversion -Wno-float-conversion -Wno-non-literal-null-conversion -Wno-objc-literal-conversion -Wno-shorten-64-to-32 -Wpointer-sign -Wno-newline-eof -Wno-implicit-fallthrough -isysroot /Applications/Xcode-26.4.0.app/Contents/Developer/Platforms/WatchOS.platform/Developer/SDKs/WatchOS26.4.sdk -fstrict-aliasing -Wdeprecated-declarations -Wno-sign-conversion -Wno-infinite-recursion -Wno-comma -Wno-block-capture-autoreleasing -Wno-strict-prototypes -Wno-semicolon-before-method-body -index-store-path /Users/admin/builder/spi-builder-workspace/.derivedData/Index.noindex/DataStore @/Users/admin/builder/spi-builder-workspace/.derivedData/Build/Intermediates.noindex/Pyxift.build/Debug-watchos/CPyxiftCore.build/Objects-normal/arm64_32/7187679823f38a2a940e0043cdf9d637-common-args.resp -MMD -MT dependencies -MF /Users/admin/builder/spi-builder-workspace/.derivedData/Build/Intermediates.noindex/Pyxift.build/Debug-watchos/CPyxiftCore.build/Objects-normal/arm64_32/miniz.d --serialize-diagnostics /Users/admin/builder/spi-builder-workspace/.derivedData/Build/Intermediates.noindex/Pyxift.build/Debug-watchos/CPyxiftCore.build/Objects-normal/arm64_32/miniz.dia -c /Users/admin/builder/spi-builder-workspace/Sources/CPyxiftCore/vendor/miniz.c -o /Users/admin/builder/spi-builder-workspace/.derivedData/Build/Intermediates.noindex/Pyxift.build/Debug-watchos/CPyxiftCore.build/Objects-normal/arm64_32/miniz.o -index-unit-output-path /Pyxift.build/Debug-watchos/CPyxiftCore.build/Objects-normal/arm64_32/miniz.o
ScanDependencies /Users/admin/builder/spi-builder-workspace/.derivedData/Build/Intermediates.noindex/Pyxift.build/Debug-watchos/CPyxiftCore.build/Objects-normal/armv7k/miniz.o /Users/admin/builder/spi-builder-workspace/Sources/CPyxiftCore/vendor/miniz.c normal armv7k c com.apple.compilers.llvm.clang.1_0.compiler (in target 'CPyxiftCore' from project 'Pyxift')
cd /Users/admin/builder/spi-builder-workspace/.swiftpm/xcode
Using response file: /Users/admin/builder/spi-builder-workspace/.derivedData/Build/Intermediates.noindex/Pyxift.build/Debug-watchos/CPyxiftCore.build/Objects-normal/armv7k/7187679823f38a2a940e0043cdf9d637-common-args.resp
builtin-ScanDependencies -o /Users/admin/builder/spi-builder-workspace/.derivedData/Build/Intermediates.noindex/Pyxift.build/Debug-watchos/CPyxiftCore.build/Objects-normal/armv7k/miniz.o.scan -- /Applications/Xcode-26.4.0.app/Contents/Developer/Toolchains/XcodeDefault.xctoolchain/usr/bin/clang -x c -ivfsstatcache /Users/admin/builder/spi-builder-workspace/.derivedData/SDKStatCaches.noindex/watchos26.4-23T238-688ef53f1462e2c8f657fdc38a81448f9e51884a582f42380855760c9d4cc599.sdkstatcache -target armv7k-apple-watchos5.0 -fmessage-length\=0 -fdiagnostics-show-note-include-stack -fmacro-backtrace-limit\=0 -fno-color-diagnostics -fmodules-prune-interval\=86400 -fmodules-prune-after\=345600 -fbuild-session-file\=/Users/admin/builder/spi-builder-workspace/.derivedData/ModuleCache.noindex/Session.modulevalidation -fmodules-validate-once-per-build-session -Wnon-modular-include-in-framework-module -Werror\=non-modular-include-in-framework-module -Wno-trigraphs -Wno-missing-field-initializers -Wno-missing-prototypes -Wno-return-type -Wno-missing-braces -Wparentheses -Wswitch -Wno-unused-function -Wno-unused-label -Wno-unused-parameter -Wno-unused-variable -Wunused-value -Wno-empty-body -Wno-uninitialized -Wno-unknown-pragmas -Wno-shadow -Wno-four-char-constants -Wno-conversion -Wno-constant-conversion -Wno-int-conversion -Wno-bool-conversion -Wno-enum-conversion -Wno-float-conversion -Wno-non-literal-null-conversion -Wno-objc-literal-conversion -Wno-shorten-64-to-32 -Wpointer-sign -Wno-newline-eof -Wno-implicit-fallthrough -isysroot /Applications/Xcode-26.4.0.app/Contents/Developer/Platforms/WatchOS.platform/Developer/SDKs/WatchOS26.4.sdk -fstrict-aliasing -Wdeprecated-declarations -Wno-sign-conversion -Wno-infinite-recursion -Wno-comma -Wno-block-capture-autoreleasing -Wno-strict-prototypes -Wno-semicolon-before-method-body -index-store-path /Users/admin/builder/spi-builder-workspace/.derivedData/Index.noindex/DataStore @/Users/admin/builder/spi-builder-workspace/.derivedData/Build/Intermediates.noindex/Pyxift.build/Debug-watchos/CPyxiftCore.build/Objects-normal/armv7k/7187679823f38a2a940e0043cdf9d637-common-args.resp -MMD -MT dependencies -MF /Users/admin/builder/spi-builder-workspace/.derivedData/Build/Intermediates.noindex/Pyxift.build/Debug-watchos/CPyxiftCore.build/Objects-normal/armv7k/miniz.d --serialize-diagnostics /Users/admin/builder/spi-builder-workspace/.derivedData/Build/Intermediates.noindex/Pyxift.build/Debug-watchos/CPyxiftCore.build/Objects-normal/armv7k/miniz.dia -c /Users/admin/builder/spi-builder-workspace/Sources/CPyxiftCore/vendor/miniz.c -o /Users/admin/builder/spi-builder-workspace/.derivedData/Build/Intermediates.noindex/Pyxift.build/Debug-watchos/CPyxiftCore.build/Objects-normal/armv7k/miniz.o -index-unit-output-path /Pyxift.build/Debug-watchos/CPyxiftCore.build/Objects-normal/armv7k/miniz.o
CompileC /Users/admin/builder/spi-builder-workspace/.derivedData/Build/Intermediates.noindex/Pyxift.build/Debug-watchos/CPyxiftCore.build/Objects-normal/armv7k/Sound.o /Users/admin/builder/spi-builder-workspace/Sources/CPyxiftCore/src/core/Sound.cpp normal armv7k c++ com.apple.compilers.llvm.clang.1_0.compiler (in target 'CPyxiftCore' from project 'Pyxift')
cd /Users/admin/builder/spi-builder-workspace/.swiftpm/xcode
Using response file: /Users/admin/builder/spi-builder-workspace/.derivedData/Build/Intermediates.noindex/Pyxift.build/Debug-watchos/CPyxiftCore.build/Objects-normal/armv7k/82b82416624d2658e5098eb0a28c15c5-common-args.resp
/Applications/Xcode-26.4.0.app/Contents/Developer/Toolchains/XcodeDefault.xctoolchain/usr/bin/clang -x c++ -ivfsstatcache /Users/admin/builder/spi-builder-workspace/.derivedData/SDKStatCaches.noindex/watchos26.4-23T238-688ef53f1462e2c8f657fdc38a81448f9e51884a582f42380855760c9d4cc599.sdkstatcache -target armv7k-apple-watchos5.0 -fmessage-length\=0 -fdiagnostics-show-note-include-stack -fmacro-backtrace-limit\=0 -fno-color-diagnostics -fmodules-prune-interval\=86400 -fmodules-prune-after\=345600 -fbuild-session-file\=/Users/admin/builder/spi-builder-workspace/.derivedData/ModuleCache.noindex/Session.modulevalidation -fmodules-validate-once-per-build-session -Wnon-modular-include-in-framework-module -Werror\=non-modular-include-in-framework-module -Wno-trigraphs -Wno-missing-field-initializers -Wno-missing-prototypes -Wno-return-type -Wno-non-virtual-dtor -Wno-overloaded-virtual -Wno-exit-time-destructors -Wno-missing-braces -Wparentheses -Wswitch -Wno-unused-function -Wno-unused-label -Wno-unused-parameter -Wno-unused-variable -Wunused-value -Wno-empty-body -Wno-uninitialized -Wno-unknown-pragmas -Wno-shadow -Wno-four-char-constants -Wno-conversion -Wno-constant-conversion -Wno-int-conversion -Wno-bool-conversion -Wno-enum-conversion -Wno-float-conversion -Wno-non-literal-null-conversion -Wno-objc-literal-conversion -Wno-shorten-64-to-32 -Wno-newline-eof -Wno-c++11-extensions -Wno-implicit-fallthrough -isysroot /Applications/Xcode-26.4.0.app/Contents/Developer/Platforms/WatchOS.platform/Developer/SDKs/WatchOS26.4.sdk -fstrict-aliasing -Wdeprecated-declarations -Winvalid-offsetof -Wno-sign-conversion -Wno-infinite-recursion -Wno-move -Wno-comma -Wno-block-capture-autoreleasing -Wno-strict-prototypes -Wno-range-loop-analysis -Wno-semicolon-before-method-body -index-store-path /Users/admin/builder/spi-builder-workspace/.derivedData/Index.noindex/DataStore @/Users/admin/builder/spi-builder-workspace/.derivedData/Build/Intermediates.noindex/Pyxift.build/Debug-watchos/CPyxiftCore.build/Objects-normal/armv7k/82b82416624d2658e5098eb0a28c15c5-common-args.resp -MMD -MT dependencies -MF /Users/admin/builder/spi-builder-workspace/.derivedData/Build/Intermediates.noindex/Pyxift.build/Debug-watchos/CPyxiftCore.build/Objects-normal/armv7k/Sound.d --serialize-diagnostics /Users/admin/builder/spi-builder-workspace/.derivedData/Build/Intermediates.noindex/Pyxift.build/Debug-watchos/CPyxiftCore.build/Objects-normal/armv7k/Sound.dia -c /Users/admin/builder/spi-builder-workspace/Sources/CPyxiftCore/src/core/Sound.cpp -o /Users/admin/builder/spi-builder-workspace/.derivedData/Build/Intermediates.noindex/Pyxift.build/Debug-watchos/CPyxiftCore.build/Objects-normal/armv7k/Sound.o -index-unit-output-path /Pyxift.build/Debug-watchos/CPyxiftCore.build/Objects-normal/armv7k/Sound.o
CompileC /Users/admin/builder/spi-builder-workspace/.derivedData/Build/Intermediates.noindex/Pyxift.build/Debug-watchos/CPyxiftCore.build/Objects-normal/armv7k/PngWriter.o /Users/admin/builder/spi-builder-workspace/Sources/CPyxiftCore/src/core/PngWriter.cpp normal armv7k c++ com.apple.compilers.llvm.clang.1_0.compiler (in target 'CPyxiftCore' from project 'Pyxift')
cd /Users/admin/builder/spi-builder-workspace/.swiftpm/xcode
Using response file: /Users/admin/builder/spi-builder-workspace/.derivedData/Build/Intermediates.noindex/Pyxift.build/Debug-watchos/CPyxiftCore.build/Objects-normal/armv7k/82b82416624d2658e5098eb0a28c15c5-common-args.resp
/Applications/Xcode-26.4.0.app/Contents/Developer/Toolchains/XcodeDefault.xctoolchain/usr/bin/clang -x c++ -ivfsstatcache /Users/admin/builder/spi-builder-workspace/.derivedData/SDKStatCaches.noindex/watchos26.4-23T238-688ef53f1462e2c8f657fdc38a81448f9e51884a582f42380855760c9d4cc599.sdkstatcache -target armv7k-apple-watchos5.0 -fmessage-length\=0 -fdiagnostics-show-note-include-stack -fmacro-backtrace-limit\=0 -fno-color-diagnostics -fmodules-prune-interval\=86400 -fmodules-prune-after\=345600 -fbuild-session-file\=/Users/admin/builder/spi-builder-workspace/.derivedData/ModuleCache.noindex/Session.modulevalidation -fmodules-validate-once-per-build-session -Wnon-modular-include-in-framework-module -Werror\=non-modular-include-in-framework-module -Wno-trigraphs -Wno-missing-field-initializers -Wno-missing-prototypes -Wno-return-type -Wno-non-virtual-dtor -Wno-overloaded-virtual -Wno-exit-time-destructors -Wno-missing-braces -Wparentheses -Wswitch -Wno-unused-function -Wno-unused-label -Wno-unused-parameter -Wno-unused-variable -Wunused-value -Wno-empty-body -Wno-uninitialized -Wno-unknown-pragmas -Wno-shadow -Wno-four-char-constants -Wno-conversion -Wno-constant-conversion -Wno-int-conversion -Wno-bool-conversion -Wno-enum-conversion -Wno-float-conversion -Wno-non-literal-null-conversion -Wno-objc-literal-conversion -Wno-shorten-64-to-32 -Wno-newline-eof -Wno-c++11-extensions -Wno-implicit-fallthrough -isysroot /Applications/Xcode-26.4.0.app/Contents/Developer/Platforms/WatchOS.platform/Developer/SDKs/WatchOS26.4.sdk -fstrict-aliasing -Wdeprecated-declarations -Winvalid-offsetof -Wno-sign-conversion -Wno-infinite-recursion -Wno-move -Wno-comma -Wno-block-capture-autoreleasing -Wno-strict-prototypes -Wno-range-loop-analysis -Wno-semicolon-before-method-body -index-store-path /Users/admin/builder/spi-builder-workspace/.derivedData/Index.noindex/DataStore @/Users/admin/builder/spi-builder-workspace/.derivedData/Build/Intermediates.noindex/Pyxift.build/Debug-watchos/CPyxiftCore.build/Objects-normal/armv7k/82b82416624d2658e5098eb0a28c15c5-common-args.resp -MMD -MT dependencies -MF /Users/admin/builder/spi-builder-workspace/.derivedData/Build/Intermediates.noindex/Pyxift.build/Debug-watchos/CPyxiftCore.build/Objects-normal/armv7k/PngWriter.d --serialize-diagnostics /Users/admin/builder/spi-builder-workspace/.derivedData/Build/Intermediates.noindex/Pyxift.build/Debug-watchos/CPyxiftCore.build/Objects-normal/armv7k/PngWriter.dia -c /Users/admin/builder/spi-builder-workspace/Sources/CPyxiftCore/src/core/PngWriter.cpp -o /Users/admin/builder/spi-builder-workspace/.derivedData/Build/Intermediates.noindex/Pyxift.build/Debug-watchos/CPyxiftCore.build/Objects-normal/armv7k/PngWriter.o -index-unit-output-path /Pyxift.build/Debug-watchos/CPyxiftCore.build/Objects-normal/armv7k/PngWriter.o
In file included from /Users/admin/builder/spi-builder-workspace/Sources/CPyxiftCore/src/core/PngWriter.cpp:7:
/Users/admin/builder/spi-builder-workspace/Sources/CPyxiftCore/src/core/../../vendor/stb_image_write.h:776:13: warning: 'sprintf' is deprecated: This function is provided for compatibility reasons only. Due to security concerns inherent in the design of sprintf(3), it is highly recommended that you use snprintf(3) instead. [-Wdeprecated-declarations]
776 | len = sprintf(buffer, "EXPOSURE= 1.0000000000000\n\n-Y %d +X %d\n", y, x);
| ^
In file included from /Users/admin/builder/spi-builder-workspace/Sources/CPyxiftCore/src/core/PngWriter.cpp:1:
In file included from /Users/admin/builder/spi-builder-workspace/Sources/CPyxiftCore/src/core/PngWriter.hpp:5:
In file included from /Applications/Xcode-26.4.0.app/Contents/Developer/Platforms/WatchOS.platform/Developer/SDKs/WatchOS26.4.sdk/usr/include/c++/v1/string:594:
In file included from /Applications/Xcode-26.4.0.app/Contents/Developer/Platforms/WatchOS.platform/Developer/SDKs/WatchOS26.4.sdk/usr/include/c++/v1/__algorithm/remove.h:12:
In file included from /Applications/Xcode-26.4.0.app/Contents/Developer/Platforms/WatchOS.platform/Developer/SDKs/WatchOS26.4.sdk/usr/include/c++/v1/__algorithm/find.h:32:
In file included from /Applications/Xcode-26.4.0.app/Contents/Developer/Platforms/WatchOS.platform/Developer/SDKs/WatchOS26.4.sdk/usr/include/c++/v1/cwchar:118:
In file included from /Applications/Xcode-26.4.0.app/Contents/Developer/Platforms/WatchOS.platform/Developer/SDKs/WatchOS26.4.sdk/usr/include/c++/v1/wchar.h:116:
In file included from /Applications/Xcode-26.4.0.app/Contents/Developer/Platforms/WatchOS.platform/Developer/SDKs/WatchOS26.4.sdk/usr/include/wchar.h:67:
In file included from /Applications/Xcode-26.4.0.app/Contents/Developer/Platforms/WatchOS.platform/Developer/SDKs/WatchOS26.4.sdk/usr/include/_wchar.h:91:
In file included from /Applications/Xcode-26.4.0.app/Contents/Developer/Platforms/WatchOS.platform/Developer/SDKs/WatchOS26.4.sdk/usr/include/c++/v1/stdio.h:103:
In file included from /Applications/Xcode-26.4.0.app/Contents/Developer/Platforms/WatchOS.platform/Developer/SDKs/WatchOS26.4.sdk/usr/include/stdio.h:61:
/Applications/Xcode-26.4.0.app/Contents/Developer/Platforms/WatchOS.platform/Developer/SDKs/WatchOS26.4.sdk/usr/include/_stdio.h:278:1: note: 'sprintf' has been explicitly marked deprecated here
278 | __deprecated_msg("This function is provided for compatibility reasons only. Due to security concerns inherent in the design of sprintf(3), it is highly recommended that you use snprintf(3) instead.")
| ^
In file included from /Users/admin/builder/spi-builder-workspace/Sources/CPyxiftCore/src/core/PngWriter.cpp:1:
In file included from /Users/admin/builder/spi-builder-workspace/Sources/CPyxiftCore/src/core/PngWriter.hpp:4:
In file included from /Applications/Xcode-26.4.0.app/Contents/Developer/Platforms/WatchOS.platform/Developer/SDKs/WatchOS26.4.sdk/usr/include/c++/v1/cstdint:149:
In file included from /Applications/Xcode-26.4.0.app/Contents/Developer/Platforms/WatchOS.platform/Developer/SDKs/WatchOS26.4.sdk/usr/include/c++/v1/stdint.h:36:
In file included from /Applications/Xcode-26.4.0.app/Contents/Developer/Toolchains/XcodeDefault.xctoolchain/usr/lib/clang/21/include/stdint.h:56:
In file included from /Applications/Xcode-26.4.0.app/Contents/Developer/Platforms/WatchOS.platform/Developer/SDKs/WatchOS26.4.sdk/usr/include/stdint.h:52:
In file included from /Applications/Xcode-26.4.0.app/Contents/Developer/Platforms/WatchOS.platform/Developer/SDKs/WatchOS26.4.sdk/usr/include/sys/_types.h:32:
/Applications/Xcode-26.4.0.app/Contents/Developer/Platforms/WatchOS.platform/Developer/SDKs/WatchOS26.4.sdk/usr/include/sys/cdefs.h:227:48: note: expanded from macro '__deprecated_msg'
227 | #define __deprecated_msg(_msg) __attribute__((__deprecated__(_msg)))
| ^
1 warning generated.
ScanDependencies /Users/admin/builder/spi-builder-workspace/.derivedData/Build/Intermediates.noindex/Pyxift.build/Debug-watchos/CPyxiftCore.build/Objects-normal/arm64/miniz.o /Users/admin/builder/spi-builder-workspace/Sources/CPyxiftCore/vendor/miniz.c normal arm64 c com.apple.compilers.llvm.clang.1_0.compiler (in target 'CPyxiftCore' from project 'Pyxift')
cd /Users/admin/builder/spi-builder-workspace/.swiftpm/xcode
Using response file: /Users/admin/builder/spi-builder-workspace/.derivedData/Build/Intermediates.noindex/Pyxift.build/Debug-watchos/CPyxiftCore.build/Objects-normal/arm64/7187679823f38a2a940e0043cdf9d637-common-args.resp
builtin-ScanDependencies -o /Users/admin/builder/spi-builder-workspace/.derivedData/Build/Intermediates.noindex/Pyxift.build/Debug-watchos/CPyxiftCore.build/Objects-normal/arm64/miniz.o.scan -- /Applications/Xcode-26.4.0.app/Contents/Developer/Toolchains/XcodeDefault.xctoolchain/usr/bin/clang -x c -ivfsstatcache /Users/admin/builder/spi-builder-workspace/.derivedData/SDKStatCaches.noindex/watchos26.4-23T238-688ef53f1462e2c8f657fdc38a81448f9e51884a582f42380855760c9d4cc599.sdkstatcache -target arm64-apple-watchos5.0 -fmessage-length\=0 -fdiagnostics-show-note-include-stack -fmacro-backtrace-limit\=0 -fno-color-diagnostics -fmodules-prune-interval\=86400 -fmodules-prune-after\=345600 -fbuild-session-file\=/Users/admin/builder/spi-builder-workspace/.derivedData/ModuleCache.noindex/Session.modulevalidation -fmodules-validate-once-per-build-session -Wnon-modular-include-in-framework-module -Werror\=non-modular-include-in-framework-module -Wno-trigraphs -Wno-missing-field-initializers -Wno-missing-prototypes -Wno-return-type -Wno-missing-braces -Wparentheses -Wswitch -Wno-unused-function -Wno-unused-label -Wno-unused-parameter -Wno-unused-variable -Wunused-value -Wno-empty-body -Wno-uninitialized -Wno-unknown-pragmas -Wno-shadow -Wno-four-char-constants -Wno-conversion -Wno-constant-conversion -Wno-int-conversion -Wno-bool-conversion -Wno-enum-conversion -Wno-float-conversion -Wno-non-literal-null-conversion -Wno-objc-literal-conversion -Wshorten-64-to-32 -Wpointer-sign -Wno-newline-eof -Wno-implicit-fallthrough -isysroot /Applications/Xcode-26.4.0.app/Contents/Developer/Platforms/WatchOS.platform/Developer/SDKs/WatchOS26.4.sdk -fstrict-aliasing -Wdeprecated-declarations -Wno-sign-conversion -Wno-infinite-recursion -Wno-comma -Wno-block-capture-autoreleasing -Wno-strict-prototypes -Wno-semicolon-before-method-body -index-store-path /Users/admin/builder/spi-builder-workspace/.derivedData/Index.noindex/DataStore @/Users/admin/builder/spi-builder-workspace/.derivedData/Build/Intermediates.noindex/Pyxift.build/Debug-watchos/CPyxiftCore.build/Objects-normal/arm64/7187679823f38a2a940e0043cdf9d637-common-args.resp -MMD -MT dependencies -MF /Users/admin/builder/spi-builder-workspace/.derivedData/Build/Intermediates.noindex/Pyxift.build/Debug-watchos/CPyxiftCore.build/Objects-normal/arm64/miniz.d --serialize-diagnostics /Users/admin/builder/spi-builder-workspace/.derivedData/Build/Intermediates.noindex/Pyxift.build/Debug-watchos/CPyxiftCore.build/Objects-normal/arm64/miniz.dia -c /Users/admin/builder/spi-builder-workspace/Sources/CPyxiftCore/vendor/miniz.c -o /Users/admin/builder/spi-builder-workspace/.derivedData/Build/Intermediates.noindex/Pyxift.build/Debug-watchos/CPyxiftCore.build/Objects-normal/arm64/miniz.o -index-unit-output-path /Pyxift.build/Debug-watchos/CPyxiftCore.build/Objects-normal/arm64/miniz.o
CompileC /Users/admin/builder/spi-builder-workspace/.derivedData/Build/Intermediates.noindex/Pyxift.build/Debug-watchos/CPyxiftCore.build/Objects-normal/armv7k/Music.o /Users/admin/builder/spi-builder-workspace/Sources/CPyxiftCore/src/core/Music.cpp normal armv7k c++ com.apple.compilers.llvm.clang.1_0.compiler (in target 'CPyxiftCore' from project 'Pyxift')
cd /Users/admin/builder/spi-builder-workspace/.swiftpm/xcode
Using response file: /Users/admin/builder/spi-builder-workspace/.derivedData/Build/Intermediates.noindex/Pyxift.build/Debug-watchos/CPyxiftCore.build/Objects-normal/armv7k/82b82416624d2658e5098eb0a28c15c5-common-args.resp
/Applications/Xcode-26.4.0.app/Contents/Developer/Toolchains/XcodeDefault.xctoolchain/usr/bin/clang -x c++ -ivfsstatcache /Users/admin/builder/spi-builder-workspace/.derivedData/SDKStatCaches.noindex/watchos26.4-23T238-688ef53f1462e2c8f657fdc38a81448f9e51884a582f42380855760c9d4cc599.sdkstatcache -target armv7k-apple-watchos5.0 -fmessage-length\=0 -fdiagnostics-show-note-include-stack -fmacro-backtrace-limit\=0 -fno-color-diagnostics -fmodules-prune-interval\=86400 -fmodules-prune-after\=345600 -fbuild-session-file\=/Users/admin/builder/spi-builder-workspace/.derivedData/ModuleCache.noindex/Session.modulevalidation -fmodules-validate-once-per-build-session -Wnon-modular-include-in-framework-module -Werror\=non-modular-include-in-framework-module -Wno-trigraphs -Wno-missing-field-initializers -Wno-missing-prototypes -Wno-return-type -Wno-non-virtual-dtor -Wno-overloaded-virtual -Wno-exit-time-destructors -Wno-missing-braces -Wparentheses -Wswitch -Wno-unused-function -Wno-unused-label -Wno-unused-parameter -Wno-unused-variable -Wunused-value -Wno-empty-body -Wno-uninitialized -Wno-unknown-pragmas -Wno-shadow -Wno-four-char-constants -Wno-conversion -Wno-constant-conversion -Wno-int-conversion -Wno-bool-conversion -Wno-enum-conversion -Wno-float-conversion -Wno-non-literal-null-conversion -Wno-objc-literal-conversion -Wno-shorten-64-to-32 -Wno-newline-eof -Wno-c++11-extensions -Wno-implicit-fallthrough -isysroot /Applications/Xcode-26.4.0.app/Contents/Developer/Platforms/WatchOS.platform/Developer/SDKs/WatchOS26.4.sdk -fstrict-aliasing -Wdeprecated-declarations -Winvalid-offsetof -Wno-sign-conversion -Wno-infinite-recursion -Wno-move -Wno-comma -Wno-block-capture-autoreleasing -Wno-strict-prototypes -Wno-range-loop-analysis -Wno-semicolon-before-method-body -index-store-path /Users/admin/builder/spi-builder-workspace/.derivedData/Index.noindex/DataStore @/Users/admin/builder/spi-builder-workspace/.derivedData/Build/Intermediates.noindex/Pyxift.build/Debug-watchos/CPyxiftCore.build/Objects-normal/armv7k/82b82416624d2658e5098eb0a28c15c5-common-args.resp -MMD -MT dependencies -MF /Users/admin/builder/spi-builder-workspace/.derivedData/Build/Intermediates.noindex/Pyxift.build/Debug-watchos/CPyxiftCore.build/Objects-normal/armv7k/Music.d --serialize-diagnostics /Users/admin/builder/spi-builder-workspace/.derivedData/Build/Intermediates.noindex/Pyxift.build/Debug-watchos/CPyxiftCore.build/Objects-normal/armv7k/Music.dia -c /Users/admin/builder/spi-builder-workspace/Sources/CPyxiftCore/src/core/Music.cpp -o /Users/admin/builder/spi-builder-workspace/.derivedData/Build/Intermediates.noindex/Pyxift.build/Debug-watchos/CPyxiftCore.build/Objects-normal/armv7k/Music.o -index-unit-output-path /Pyxift.build/Debug-watchos/CPyxiftCore.build/Objects-normal/armv7k/Music.o
SwiftDriver Pyxift normal armv7k com.apple.xcode.tools.swift.compiler (in target 'Pyxift' from project 'Pyxift')
cd /Users/admin/builder/spi-builder-workspace/.swiftpm/xcode
builtin-SwiftDriver -- /Applications/Xcode-26.4.0.app/Contents/Developer/Toolchains/XcodeDefault.xctoolchain/usr/bin/swiftc -module-name Pyxift -Onone @/Users/admin/builder/spi-builder-workspace/.derivedData/Build/Intermediates.noindex/Pyxift.build/Debug-watchos/Pyxift.build/Objects-normal/armv7k/Pyxift.SwiftFileList -DSWIFT_PACKAGE -DDEBUG -DSWIFT_MODULE_RESOURCE_BUNDLE_UNAVAILABLE -Xcc -fmodule-map-file\=/Users/admin/builder/spi-builder-workspace/Sources/CSDL3/module.modulemap -DXcode -plugin-path /Applications/Xcode-26.4.0.app/Contents/Developer/Toolchains/XcodeDefault.xctoolchain/usr/lib/swift/host/plugins/testing -enable-experimental-feature DebugDescriptionMacro -sdk /Applications/Xcode-26.4.0.app/Contents/Developer/Platforms/WatchOS.platform/Developer/SDKs/WatchOS26.4.sdk -target armv7k-apple-watchos5.0 -g -module-cache-path /Users/admin/builder/spi-builder-workspace/.derivedData/ModuleCache.noindex -Xfrontend -serialize-debugging-options -profile-coverage-mapping -profile-generate -enable-testing -index-store-path /Users/admin/builder/spi-builder-workspace/.derivedData/Index.noindex/DataStore -Xcc -D_LIBCPP_HARDENING_MODE\=_LIBCPP_HARDENING_MODE_DEBUG -swift-version 6 -I /Users/admin/builder/spi-builder-workspace/.derivedData/Build/Products/Debug-watchos -Isystem /Applications/Xcode-26.4.0.app/Contents/Developer/Platforms/WatchOS.platform/Developer/usr/lib -F /Users/admin/builder/spi-builder-workspace/.derivedData/Build/Products/Debug-watchos/PackageFrameworks -F /Users/admin/builder/spi-builder-workspace/.derivedData/Build/Products/Debug-watchos -F /Applications/Xcode-26.4.0.app/Contents/Developer/Platforms/WatchOS.platform/Developer/Library/Frameworks -F /Applications/Xcode-26.4.0.app/Contents/Developer/Platforms/WatchOS.platform/Developer/SDKs/WatchOS26.4.sdk/Developer/Library/Frameworks -c -j10 -enable-batch-mode -incremental -Xcc -ivfsstatcache -Xcc /Users/admin/builder/spi-builder-workspace/.derivedData/SDKStatCaches.noindex/watchos26.4-23T238-688ef53f1462e2c8f657fdc38a81448f9e51884a582f42380855760c9d4cc599.sdkstatcache -output-file-map /Users/admin/builder/spi-builder-workspace/.derivedData/Build/Intermediates.noindex/Pyxift.build/Debug-watchos/Pyxift.build/Objects-normal/armv7k/Pyxift-OutputFileMap.json -use-frontend-parseable-output -save-temps -no-color-diagnostics -explicit-module-build -module-cache-path /Users/admin/builder/spi-builder-workspace/.derivedData/Build/Intermediates.noindex/SwiftExplicitPrecompiledModules -clang-scanner-module-cache-path /Users/admin/builder/spi-builder-workspace/.derivedData/ModuleCache.noindex -sdk-module-cache-path /Users/admin/builder/spi-builder-workspace/.derivedData/ModuleCache.noindex -serialize-diagnostics -emit-dependencies -emit-module -emit-module-path /Users/admin/builder/spi-builder-workspace/.derivedData/Build/Intermediates.noindex/Pyxift.build/Debug-watchos/Pyxift.build/Objects-normal/armv7k/Pyxift.swiftmodule -validate-clang-modules-once -clang-build-session-file /Users/admin/builder/spi-builder-workspace/.derivedData/ModuleCache.noindex/Session.modulevalidation -package-name spi_builder_workspace -Xcc -I/Users/admin/builder/spi-builder-workspace/.derivedData/Build/Intermediates.noindex/Pyxift.build/Debug-watchos/Pyxift.build/swift-overrides.hmap -emit-const-values -Xfrontend -const-gather-protocols-file -Xfrontend /Users/admin/builder/spi-builder-workspace/.derivedData/Build/Intermediates.noindex/Pyxift.build/Debug-watchos/Pyxift.build/Objects-normal/armv7k/Pyxift_const_extract_protocols.json -Xcc -I/Users/admin/builder/spi-builder-workspace/Sources/CPyxiftCore/include -Xcc -I/Users/admin/builder/spi-builder-workspace/.derivedData/Build/Products/Debug-watchos/include -Xcc -I/Users/admin/builder/spi-builder-workspace/.derivedData/Build/Intermediates.noindex/Pyxift.build/Debug-watchos/Pyxift.build/DerivedSources-normal/armv7k -Xcc -I/Users/admin/builder/spi-builder-workspace/.derivedData/Build/Intermediates.noindex/Pyxift.build/Debug-watchos/Pyxift.build/DerivedSources/armv7k -Xcc -I/Users/admin/builder/spi-builder-workspace/.derivedData/Build/Intermediates.noindex/Pyxift.build/Debug-watchos/Pyxift.build/DerivedSources -Xcc -DSWIFT_PACKAGE -Xcc -DDEBUG\=1 -emit-objc-header -emit-objc-header-path /Users/admin/builder/spi-builder-workspace/.derivedData/Build/Intermediates.noindex/Pyxift.build/Debug-watchos/Pyxift.build/Objects-normal/armv7k/Pyxift-Swift.h -working-directory /Users/admin/builder/spi-builder-workspace/.swiftpm/xcode -experimental-emit-module-separately -disable-cmo
SwiftDriver Pyxift normal arm64_32 com.apple.xcode.tools.swift.compiler (in target 'Pyxift' from project 'Pyxift')
cd /Users/admin/builder/spi-builder-workspace/.swiftpm/xcode
builtin-SwiftDriver -- /Applications/Xcode-26.4.0.app/Contents/Developer/Toolchains/XcodeDefault.xctoolchain/usr/bin/swiftc -module-name Pyxift -Onone @/Users/admin/builder/spi-builder-workspace/.derivedData/Build/Intermediates.noindex/Pyxift.build/Debug-watchos/Pyxift.build/Objects-normal/arm64_32/Pyxift.SwiftFileList -DSWIFT_PACKAGE -DDEBUG -DSWIFT_MODULE_RESOURCE_BUNDLE_UNAVAILABLE -Xcc -fmodule-map-file\=/Users/admin/builder/spi-builder-workspace/Sources/CSDL3/module.modulemap -DXcode -plugin-path /Applications/Xcode-26.4.0.app/Contents/Developer/Toolchains/XcodeDefault.xctoolchain/usr/lib/swift/host/plugins/testing -enable-experimental-feature DebugDescriptionMacro -sdk /Applications/Xcode-26.4.0.app/Contents/Developer/Platforms/WatchOS.platform/Developer/SDKs/WatchOS26.4.sdk -target arm64_32-apple-watchos5.0 -g -module-cache-path /Users/admin/builder/spi-builder-workspace/.derivedData/ModuleCache.noindex -Xfrontend -serialize-debugging-options -profile-coverage-mapping -profile-generate -enable-testing -index-store-path /Users/admin/builder/spi-builder-workspace/.derivedData/Index.noindex/DataStore -Xcc -D_LIBCPP_HARDENING_MODE\=_LIBCPP_HARDENING_MODE_DEBUG -swift-version 6 -I /Users/admin/builder/spi-builder-workspace/.derivedData/Build/Products/Debug-watchos -Isystem /Applications/Xcode-26.4.0.app/Contents/Developer/Platforms/WatchOS.platform/Developer/usr/lib -F /Users/admin/builder/spi-builder-workspace/.derivedData/Build/Products/Debug-watchos/PackageFrameworks -F /Users/admin/builder/spi-builder-workspace/.derivedData/Build/Products/Debug-watchos -F /Applications/Xcode-26.4.0.app/Contents/Developer/Platforms/WatchOS.platform/Developer/Library/Frameworks -F /Applications/Xcode-26.4.0.app/Contents/Developer/Platforms/WatchOS.platform/Developer/SDKs/WatchOS26.4.sdk/Developer/Library/Frameworks -c -j10 -enable-batch-mode -incremental -Xcc -ivfsstatcache -Xcc /Users/admin/builder/spi-builder-workspace/.derivedData/SDKStatCaches.noindex/watchos26.4-23T238-688ef53f1462e2c8f657fdc38a81448f9e51884a582f42380855760c9d4cc599.sdkstatcache -output-file-map /Users/admin/builder/spi-builder-workspace/.derivedData/Build/Intermediates.noindex/Pyxift.build/Debug-watchos/Pyxift.build/Objects-normal/arm64_32/Pyxift-OutputFileMap.json -use-frontend-parseable-output -save-temps -no-color-diagnostics -explicit-module-build -module-cache-path /Users/admin/builder/spi-builder-workspace/.derivedData/Build/Intermediates.noindex/SwiftExplicitPrecompiledModules -clang-scanner-module-cache-path /Users/admin/builder/spi-builder-workspace/.derivedData/ModuleCache.noindex -sdk-module-cache-path /Users/admin/builder/spi-builder-workspace/.derivedData/ModuleCache.noindex -serialize-diagnostics -emit-dependencies -emit-module -emit-module-path /Users/admin/builder/spi-builder-workspace/.derivedData/Build/Intermediates.noindex/Pyxift.build/Debug-watchos/Pyxift.build/Objects-normal/arm64_32/Pyxift.swiftmodule -validate-clang-modules-once -clang-build-session-file /Users/admin/builder/spi-builder-workspace/.derivedData/ModuleCache.noindex/Session.modulevalidation -package-name spi_builder_workspace -Xcc -I/Users/admin/builder/spi-builder-workspace/.derivedData/Build/Intermediates.noindex/Pyxift.build/Debug-watchos/Pyxift.build/swift-overrides.hmap -emit-const-values -Xfrontend -const-gather-protocols-file -Xfrontend /Users/admin/builder/spi-builder-workspace/.derivedData/Build/Intermediates.noindex/Pyxift.build/Debug-watchos/Pyxift.build/Objects-normal/arm64_32/Pyxift_const_extract_protocols.json -Xcc -I/Users/admin/builder/spi-builder-workspace/Sources/CPyxiftCore/include -Xcc -I/Users/admin/builder/spi-builder-workspace/.derivedData/Build/Products/Debug-watchos/include -Xcc -I/Users/admin/builder/spi-builder-workspace/.derivedData/Build/Intermediates.noindex/Pyxift.build/Debug-watchos/Pyxift.build/DerivedSources-normal/arm64_32 -Xcc -I/Users/admin/builder/spi-builder-workspace/.derivedData/Build/Intermediates.noindex/Pyxift.build/Debug-watchos/Pyxift.build/DerivedSources/arm64_32 -Xcc -I/Users/admin/builder/spi-builder-workspace/.derivedData/Build/Intermediates.noindex/Pyxift.build/Debug-watchos/Pyxift.build/DerivedSources -Xcc -DSWIFT_PACKAGE -Xcc -DDEBUG\=1 -emit-objc-header -emit-objc-header-path /Users/admin/builder/spi-builder-workspace/.derivedData/Build/Intermediates.noindex/Pyxift.build/Debug-watchos/Pyxift.build/Objects-normal/arm64_32/Pyxift-Swift.h -working-directory /Users/admin/builder/spi-builder-workspace/.swiftpm/xcode -experimental-emit-module-separately -disable-cmo
SwiftDriver Pyxift normal arm64 com.apple.xcode.tools.swift.compiler (in target 'Pyxift' from project 'Pyxift')
cd /Users/admin/builder/spi-builder-workspace/.swiftpm/xcode
builtin-SwiftDriver -- /Applications/Xcode-26.4.0.app/Contents/Developer/Toolchains/XcodeDefault.xctoolchain/usr/bin/swiftc -module-name Pyxift -Onone @/Users/admin/builder/spi-builder-workspace/.derivedData/Build/Intermediates.noindex/Pyxift.build/Debug-watchos/Pyxift.build/Objects-normal/arm64/Pyxift.SwiftFileList -DSWIFT_PACKAGE -DDEBUG -DSWIFT_MODULE_RESOURCE_BUNDLE_UNAVAILABLE -Xcc -fmodule-map-file\=/Users/admin/builder/spi-builder-workspace/Sources/CSDL3/module.modulemap -DXcode -plugin-path /Applications/Xcode-26.4.0.app/Contents/Developer/Toolchains/XcodeDefault.xctoolchain/usr/lib/swift/host/plugins/testing -enable-experimental-feature DebugDescriptionMacro -sdk /Applications/Xcode-26.4.0.app/Contents/Developer/Platforms/WatchOS.platform/Developer/SDKs/WatchOS26.4.sdk -target arm64-apple-watchos5.0 -g -module-cache-path /Users/admin/builder/spi-builder-workspace/.derivedData/ModuleCache.noindex -Xfrontend -serialize-debugging-options -profile-coverage-mapping -profile-generate -enable-testing -index-store-path /Users/admin/builder/spi-builder-workspace/.derivedData/Index.noindex/DataStore -Xcc -D_LIBCPP_HARDENING_MODE\=_LIBCPP_HARDENING_MODE_DEBUG -swift-version 6 -I /Users/admin/builder/spi-builder-workspace/.derivedData/Build/Products/Debug-watchos -Isystem /Applications/Xcode-26.4.0.app/Contents/Developer/Platforms/WatchOS.platform/Developer/usr/lib -F /Users/admin/builder/spi-builder-workspace/.derivedData/Build/Products/Debug-watchos/PackageFrameworks -F /Users/admin/builder/spi-builder-workspace/.derivedData/Build/Products/Debug-watchos -F /Applications/Xcode-26.4.0.app/Contents/Developer/Platforms/WatchOS.platform/Developer/Library/Frameworks -F /Applications/Xcode-26.4.0.app/Contents/Developer/Platforms/WatchOS.platform/Developer/SDKs/WatchOS26.4.sdk/Developer/Library/Frameworks -c -j10 -enable-batch-mode -incremental -Xcc -ivfsstatcache -Xcc /Users/admin/builder/spi-builder-workspace/.derivedData/SDKStatCaches.noindex/watchos26.4-23T238-688ef53f1462e2c8f657fdc38a81448f9e51884a582f42380855760c9d4cc599.sdkstatcache -output-file-map /Users/admin/builder/spi-builder-workspace/.derivedData/Build/Intermediates.noindex/Pyxift.build/Debug-watchos/Pyxift.build/Objects-normal/arm64/Pyxift-OutputFileMap.json -use-frontend-parseable-output -save-temps -no-color-diagnostics -explicit-module-build -module-cache-path /Users/admin/builder/spi-builder-workspace/.derivedData/Build/Intermediates.noindex/SwiftExplicitPrecompiledModules -clang-scanner-module-cache-path /Users/admin/builder/spi-builder-workspace/.derivedData/ModuleCache.noindex -sdk-module-cache-path /Users/admin/builder/spi-builder-workspace/.derivedData/ModuleCache.noindex -serialize-diagnostics -emit-dependencies -emit-module -emit-module-path /Users/admin/builder/spi-builder-workspace/.derivedData/Build/Intermediates.noindex/Pyxift.build/Debug-watchos/Pyxift.build/Objects-normal/arm64/Pyxift.swiftmodule -validate-clang-modules-once -clang-build-session-file /Users/admin/builder/spi-builder-workspace/.derivedData/ModuleCache.noindex/Session.modulevalidation -package-name spi_builder_workspace -Xcc -I/Users/admin/builder/spi-builder-workspace/.derivedData/Build/Intermediates.noindex/Pyxift.build/Debug-watchos/Pyxift.build/swift-overrides.hmap -emit-const-values -Xfrontend -const-gather-protocols-file -Xfrontend /Users/admin/builder/spi-builder-workspace/.derivedData/Build/Intermediates.noindex/Pyxift.build/Debug-watchos/Pyxift.build/Objects-normal/arm64/Pyxift_const_extract_protocols.json -Xcc -I/Users/admin/builder/spi-builder-workspace/Sources/CPyxiftCore/include -Xcc -I/Users/admin/builder/spi-builder-workspace/.derivedData/Build/Products/Debug-watchos/include -Xcc -I/Users/admin/builder/spi-builder-workspace/.derivedData/Build/Intermediates.noindex/Pyxift.build/Debug-watchos/Pyxift.build/DerivedSources-normal/arm64 -Xcc -I/Users/admin/builder/spi-builder-workspace/.derivedData/Build/Intermediates.noindex/Pyxift.build/Debug-watchos/Pyxift.build/DerivedSources/arm64 -Xcc -I/Users/admin/builder/spi-builder-workspace/.derivedData/Build/Intermediates.noindex/Pyxift.build/Debug-watchos/Pyxift.build/DerivedSources -Xcc -DSWIFT_PACKAGE -Xcc -DDEBUG\=1 -emit-objc-header -emit-objc-header-path /Users/admin/builder/spi-builder-workspace/.derivedData/Build/Intermediates.noindex/Pyxift.build/Debug-watchos/Pyxift.build/Objects-normal/arm64/Pyxift-Swift.h -working-directory /Users/admin/builder/spi-builder-workspace/.swiftpm/xcode -experimental-emit-module-separately -disable-cmo
CompileC /Users/admin/builder/spi-builder-workspace/.derivedData/Build/Intermediates.noindex/Pyxift.build/Debug-watchos/CPyxiftCore.build/Objects-normal/armv7k/InputTestBridge.o /Users/admin/builder/spi-builder-workspace/Sources/CPyxiftCore/src/InputTestBridge.cpp normal armv7k c++ com.apple.compilers.llvm.clang.1_0.compiler (in target 'CPyxiftCore' from project 'Pyxift')
cd /Users/admin/builder/spi-builder-workspace/.swiftpm/xcode
Using response file: /Users/admin/builder/spi-builder-workspace/.derivedData/Build/Intermediates.noindex/Pyxift.build/Debug-watchos/CPyxiftCore.build/Objects-normal/armv7k/82b82416624d2658e5098eb0a28c15c5-common-args.resp
/Applications/Xcode-26.4.0.app/Contents/Developer/Toolchains/XcodeDefault.xctoolchain/usr/bin/clang -x c++ -ivfsstatcache /Users/admin/builder/spi-builder-workspace/.derivedData/SDKStatCaches.noindex/watchos26.4-23T238-688ef53f1462e2c8f657fdc38a81448f9e51884a582f42380855760c9d4cc599.sdkstatcache -target armv7k-apple-watchos5.0 -fmessage-length\=0 -fdiagnostics-show-note-include-stack -fmacro-backtrace-limit\=0 -fno-color-diagnostics -fmodules-prune-interval\=86400 -fmodules-prune-after\=345600 -fbuild-session-file\=/Users/admin/builder/spi-builder-workspace/.derivedData/ModuleCache.noindex/Session.modulevalidation -fmodules-validate-once-per-build-session -Wnon-modular-include-in-framework-module -Werror\=non-modular-include-in-framework-module -Wno-trigraphs -Wno-missing-field-initializers -Wno-missing-prototypes -Wno-return-type -Wno-non-virtual-dtor -Wno-overloaded-virtual -Wno-exit-time-destructors -Wno-missing-braces -Wparentheses -Wswitch -Wno-unused-function -Wno-unused-label -Wno-unused-parameter -Wno-unused-variable -Wunused-value -Wno-empty-body -Wno-uninitialized -Wno-unknown-pragmas -Wno-shadow -Wno-four-char-constants -Wno-conversion -Wno-constant-conversion -Wno-int-conversion -Wno-bool-conversion -Wno-enum-conversion -Wno-float-conversion -Wno-non-literal-null-conversion -Wno-objc-literal-conversion -Wno-shorten-64-to-32 -Wno-newline-eof -Wno-c++11-extensions -Wno-implicit-fallthrough -isysroot /Applications/Xcode-26.4.0.app/Contents/Developer/Platforms/WatchOS.platform/Developer/SDKs/WatchOS26.4.sdk -fstrict-aliasing -Wdeprecated-declarations -Winvalid-offsetof -Wno-sign-conversion -Wno-infinite-recursion -Wno-move -Wno-comma -Wno-block-capture-autoreleasing -Wno-strict-prototypes -Wno-range-loop-analysis -Wno-semicolon-before-method-body -index-store-path /Users/admin/builder/spi-builder-workspace/.derivedData/Index.noindex/DataStore @/Users/admin/builder/spi-builder-workspace/.derivedData/Build/Intermediates.noindex/Pyxift.build/Debug-watchos/CPyxiftCore.build/Objects-normal/armv7k/82b82416624d2658e5098eb0a28c15c5-common-args.resp -MMD -MT dependencies -MF /Users/admin/builder/spi-builder-workspace/.derivedData/Build/Intermediates.noindex/Pyxift.build/Debug-watchos/CPyxiftCore.build/Objects-normal/armv7k/InputTestBridge.d --serialize-diagnostics /Users/admin/builder/spi-builder-workspace/.derivedData/Build/Intermediates.noindex/Pyxift.build/Debug-watchos/CPyxiftCore.build/Objects-normal/armv7k/InputTestBridge.dia -c /Users/admin/builder/spi-builder-workspace/Sources/CPyxiftCore/src/InputTestBridge.cpp -o /Users/admin/builder/spi-builder-workspace/.derivedData/Build/Intermediates.noindex/Pyxift.build/Debug-watchos/CPyxiftCore.build/Objects-normal/armv7k/InputTestBridge.o -index-unit-output-path /Pyxift.build/Debug-watchos/CPyxiftCore.build/Objects-normal/armv7k/InputTestBridge.o
CompileC /Users/admin/builder/spi-builder-workspace/.derivedData/Build/Intermediates.noindex/Pyxift.build/Debug-watchos/CPyxiftCore.build/Objects-normal/armv7k/Input.o /Users/admin/builder/spi-builder-workspace/Sources/CPyxiftCore/src/core/Input.cpp normal armv7k c++ com.apple.compilers.llvm.clang.1_0.compiler (in target 'CPyxiftCore' from project 'Pyxift')
cd /Users/admin/builder/spi-builder-workspace/.swiftpm/xcode
Using response file: /Users/admin/builder/spi-builder-workspace/.derivedData/Build/Intermediates.noindex/Pyxift.build/Debug-watchos/CPyxiftCore.build/Objects-normal/armv7k/82b82416624d2658e5098eb0a28c15c5-common-args.resp
/Applications/Xcode-26.4.0.app/Contents/Developer/Toolchains/XcodeDefault.xctoolchain/usr/bin/clang -x c++ -ivfsstatcache /Users/admin/builder/spi-builder-workspace/.derivedData/SDKStatCaches.noindex/watchos26.4-23T238-688ef53f1462e2c8f657fdc38a81448f9e51884a582f42380855760c9d4cc599.sdkstatcache -target armv7k-apple-watchos5.0 -fmessage-length\=0 -fdiagnostics-show-note-include-stack -fmacro-backtrace-limit\=0 -fno-color-diagnostics -fmodules-prune-interval\=86400 -fmodules-prune-after\=345600 -fbuild-session-file\=/Users/admin/builder/spi-builder-workspace/.derivedData/ModuleCache.noindex/Session.modulevalidation -fmodules-validate-once-per-build-session -Wnon-modular-include-in-framework-module -Werror\=non-modular-include-in-framework-module -Wno-trigraphs -Wno-missing-field-initializers -Wno-missing-prototypes -Wno-return-type -Wno-non-virtual-dtor -Wno-overloaded-virtual -Wno-exit-time-destructors -Wno-missing-braces -Wparentheses -Wswitch -Wno-unused-function -Wno-unused-label -Wno-unused-parameter -Wno-unused-variable -Wunused-value -Wno-empty-body -Wno-uninitialized -Wno-unknown-pragmas -Wno-shadow -Wno-four-char-constants -Wno-conversion -Wno-constant-conversion -Wno-int-conversion -Wno-bool-conversion -Wno-enum-conversion -Wno-float-conversion -Wno-non-literal-null-conversion -Wno-objc-literal-conversion -Wno-shorten-64-to-32 -Wno-newline-eof -Wno-c++11-extensions -Wno-implicit-fallthrough -isysroot /Applications/Xcode-26.4.0.app/Contents/Developer/Platforms/WatchOS.platform/Developer/SDKs/WatchOS26.4.sdk -fstrict-aliasing -Wdeprecated-declarations -Winvalid-offsetof -Wno-sign-conversion -Wno-infinite-recursion -Wno-move -Wno-comma -Wno-block-capture-autoreleasing -Wno-strict-prototypes -Wno-range-loop-analysis -Wno-semicolon-before-method-body -index-store-path /Users/admin/builder/spi-builder-workspace/.derivedData/Index.noindex/DataStore @/Users/admin/builder/spi-builder-workspace/.derivedData/Build/Intermediates.noindex/Pyxift.build/Debug-watchos/CPyxiftCore.build/Objects-normal/armv7k/82b82416624d2658e5098eb0a28c15c5-common-args.resp -MMD -MT dependencies -MF /Users/admin/builder/spi-builder-workspace/.derivedData/Build/Intermediates.noindex/Pyxift.build/Debug-watchos/CPyxiftCore.build/Objects-normal/armv7k/Input.d --serialize-diagnostics /Users/admin/builder/spi-builder-workspace/.derivedData/Build/Intermediates.noindex/Pyxift.build/Debug-watchos/CPyxiftCore.build/Objects-normal/armv7k/Input.dia -c /Users/admin/builder/spi-builder-workspace/Sources/CPyxiftCore/src/core/Input.cpp -o /Users/admin/builder/spi-builder-workspace/.derivedData/Build/Intermediates.noindex/Pyxift.build/Debug-watchos/CPyxiftCore.build/Objects-normal/armv7k/Input.o -index-unit-output-path /Pyxift.build/Debug-watchos/CPyxiftCore.build/Objects-normal/armv7k/Input.o
CompileC /Users/admin/builder/spi-builder-workspace/.derivedData/Build/Intermediates.noindex/Pyxift.build/Debug-watchos/CPyxiftCore.build/Objects-normal/armv7k/ImageLoader.o /Users/admin/builder/spi-builder-workspace/Sources/CPyxiftCore/src/core/ImageLoader.cpp normal armv7k c++ com.apple.compilers.llvm.clang.1_0.compiler (in target 'CPyxiftCore' from project 'Pyxift')
cd /Users/admin/builder/spi-builder-workspace/.swiftpm/xcode
Using response file: /Users/admin/builder/spi-builder-workspace/.derivedData/Build/Intermediates.noindex/Pyxift.build/Debug-watchos/CPyxiftCore.build/Objects-normal/armv7k/82b82416624d2658e5098eb0a28c15c5-common-args.resp
/Applications/Xcode-26.4.0.app/Contents/Developer/Toolchains/XcodeDefault.xctoolchain/usr/bin/clang -x c++ -ivfsstatcache /Users/admin/builder/spi-builder-workspace/.derivedData/SDKStatCaches.noindex/watchos26.4-23T238-688ef53f1462e2c8f657fdc38a81448f9e51884a582f42380855760c9d4cc599.sdkstatcache -target armv7k-apple-watchos5.0 -fmessage-length\=0 -fdiagnostics-show-note-include-stack -fmacro-backtrace-limit\=0 -fno-color-diagnostics -fmodules-prune-interval\=86400 -fmodules-prune-after\=345600 -fbuild-session-file\=/Users/admin/builder/spi-builder-workspace/.derivedData/ModuleCache.noindex/Session.modulevalidation -fmodules-validate-once-per-build-session -Wnon-modular-include-in-framework-module -Werror\=non-modular-include-in-framework-module -Wno-trigraphs -Wno-missing-field-initializers -Wno-missing-prototypes -Wno-return-type -Wno-non-virtual-dtor -Wno-overloaded-virtual -Wno-exit-time-destructors -Wno-missing-braces -Wparentheses -Wswitch -Wno-unused-function -Wno-unused-label -Wno-unused-parameter -Wno-unused-variable -Wunused-value -Wno-empty-body -Wno-uninitialized -Wno-unknown-pragmas -Wno-shadow -Wno-four-char-constants -Wno-conversion -Wno-constant-conversion -Wno-int-conversion -Wno-bool-conversion -Wno-enum-conversion -Wno-float-conversion -Wno-non-literal-null-conversion -Wno-objc-literal-conversion -Wno-shorten-64-to-32 -Wno-newline-eof -Wno-c++11-extensions -Wno-implicit-fallthrough -isysroot /Applications/Xcode-26.4.0.app/Contents/Developer/Platforms/WatchOS.platform/Developer/SDKs/WatchOS26.4.sdk -fstrict-aliasing -Wdeprecated-declarations -Winvalid-offsetof -Wno-sign-conversion -Wno-infinite-recursion -Wno-move -Wno-comma -Wno-block-capture-autoreleasing -Wno-strict-prototypes -Wno-range-loop-analysis -Wno-semicolon-before-method-body -index-store-path /Users/admin/builder/spi-builder-workspace/.derivedData/Index.noindex/DataStore @/Users/admin/builder/spi-builder-workspace/.derivedData/Build/Intermediates.noindex/Pyxift.build/Debug-watchos/CPyxiftCore.build/Objects-normal/armv7k/82b82416624d2658e5098eb0a28c15c5-common-args.resp -MMD -MT dependencies -MF /Users/admin/builder/spi-builder-workspace/.derivedData/Build/Intermediates.noindex/Pyxift.build/Debug-watchos/CPyxiftCore.build/Objects-normal/armv7k/ImageLoader.d --serialize-diagnostics /Users/admin/builder/spi-builder-workspace/.derivedData/Build/Intermediates.noindex/Pyxift.build/Debug-watchos/CPyxiftCore.build/Objects-normal/armv7k/ImageLoader.dia -c /Users/admin/builder/spi-builder-workspace/Sources/CPyxiftCore/src/core/ImageLoader.cpp -o /Users/admin/builder/spi-builder-workspace/.derivedData/Build/Intermediates.noindex/Pyxift.build/Debug-watchos/CPyxiftCore.build/Objects-normal/armv7k/ImageLoader.o -index-unit-output-path /Pyxift.build/Debug-watchos/CPyxiftCore.build/Objects-normal/armv7k/ImageLoader.o
CompileC /Users/admin/builder/spi-builder-workspace/.derivedData/Build/Intermediates.noindex/Pyxift.build/Debug-watchos/CPyxiftCore.build/Objects-normal/armv7k/Image.o /Users/admin/builder/spi-builder-workspace/Sources/CPyxiftCore/src/core/Image.cpp normal armv7k c++ com.apple.compilers.llvm.clang.1_0.compiler (in target 'CPyxiftCore' from project 'Pyxift')
cd /Users/admin/builder/spi-builder-workspace/.swiftpm/xcode
Using response file: /Users/admin/builder/spi-builder-workspace/.derivedData/Build/Intermediates.noindex/Pyxift.build/Debug-watchos/CPyxiftCore.build/Objects-normal/armv7k/82b82416624d2658e5098eb0a28c15c5-common-args.resp
/Applications/Xcode-26.4.0.app/Contents/Developer/Toolchains/XcodeDefault.xctoolchain/usr/bin/clang -x c++ -ivfsstatcache /Users/admin/builder/spi-builder-workspace/.derivedData/SDKStatCaches.noindex/watchos26.4-23T238-688ef53f1462e2c8f657fdc38a81448f9e51884a582f42380855760c9d4cc599.sdkstatcache -target armv7k-apple-watchos5.0 -fmessage-length\=0 -fdiagnostics-show-note-include-stack -fmacro-backtrace-limit\=0 -fno-color-diagnostics -fmodules-prune-interval\=86400 -fmodules-prune-after\=345600 -fbuild-session-file\=/Users/admin/builder/spi-builder-workspace/.derivedData/ModuleCache.noindex/Session.modulevalidation -fmodules-validate-once-per-build-session -Wnon-modular-include-in-framework-module -Werror\=non-modular-include-in-framework-module -Wno-trigraphs -Wno-missing-field-initializers -Wno-missing-prototypes -Wno-return-type -Wno-non-virtual-dtor -Wno-overloaded-virtual -Wno-exit-time-destructors -Wno-missing-braces -Wparentheses -Wswitch -Wno-unused-function -Wno-unused-label -Wno-unused-parameter -Wno-unused-variable -Wunused-value -Wno-empty-body -Wno-uninitialized -Wno-unknown-pragmas -Wno-shadow -Wno-four-char-constants -Wno-conversion -Wno-constant-conversion -Wno-int-conversion -Wno-bool-conversion -Wno-enum-conversion -Wno-float-conversion -Wno-non-literal-null-conversion -Wno-objc-literal-conversion -Wno-shorten-64-to-32 -Wno-newline-eof -Wno-c++11-extensions -Wno-implicit-fallthrough -isysroot /Applications/Xcode-26.4.0.app/Contents/Developer/Platforms/WatchOS.platform/Developer/SDKs/WatchOS26.4.sdk -fstrict-aliasing -Wdeprecated-declarations -Winvalid-offsetof -Wno-sign-conversion -Wno-infinite-recursion -Wno-move -Wno-comma -Wno-block-capture-autoreleasing -Wno-strict-prototypes -Wno-range-loop-analysis -Wno-semicolon-before-method-body -index-store-path /Users/admin/builder/spi-builder-workspace/.derivedData/Index.noindex/DataStore @/Users/admin/builder/spi-builder-workspace/.derivedData/Build/Intermediates.noindex/Pyxift.build/Debug-watchos/CPyxiftCore.build/Objects-normal/armv7k/82b82416624d2658e5098eb0a28c15c5-common-args.resp -MMD -MT dependencies -MF /Users/admin/builder/spi-builder-workspace/.derivedData/Build/Intermediates.noindex/Pyxift.build/Debug-watchos/CPyxiftCore.build/Objects-normal/armv7k/Image.d --serialize-diagnostics /Users/admin/builder/spi-builder-workspace/.derivedData/Build/Intermediates.noindex/Pyxift.build/Debug-watchos/CPyxiftCore.build/Objects-normal/armv7k/Image.dia -c /Users/admin/builder/spi-builder-workspace/Sources/CPyxiftCore/src/core/Image.cpp -o /Users/admin/builder/spi-builder-workspace/.derivedData/Build/Intermediates.noindex/Pyxift.build/Debug-watchos/CPyxiftCore.build/Objects-normal/armv7k/Image.o -index-unit-output-path /Pyxift.build/Debug-watchos/CPyxiftCore.build/Objects-normal/armv7k/Image.o
CompileC /Users/admin/builder/spi-builder-workspace/.derivedData/Build/Intermediates.noindex/Pyxift.build/Debug-watchos/CPyxiftCore.build/Objects-normal/armv7k/FontTestBridge.o /Users/admin/builder/spi-builder-workspace/Sources/CPyxiftCore/src/FontTestBridge.cpp normal armv7k c++ com.apple.compilers.llvm.clang.1_0.compiler (in target 'CPyxiftCore' from project 'Pyxift')
cd /Users/admin/builder/spi-builder-workspace/.swiftpm/xcode
Using response file: /Users/admin/builder/spi-builder-workspace/.derivedData/Build/Intermediates.noindex/Pyxift.build/Debug-watchos/CPyxiftCore.build/Objects-normal/armv7k/82b82416624d2658e5098eb0a28c15c5-common-args.resp
/Applications/Xcode-26.4.0.app/Contents/Developer/Toolchains/XcodeDefault.xctoolchain/usr/bin/clang -x c++ -ivfsstatcache /Users/admin/builder/spi-builder-workspace/.derivedData/SDKStatCaches.noindex/watchos26.4-23T238-688ef53f1462e2c8f657fdc38a81448f9e51884a582f42380855760c9d4cc599.sdkstatcache -target armv7k-apple-watchos5.0 -fmessage-length\=0 -fdiagnostics-show-note-include-stack -fmacro-backtrace-limit\=0 -fno-color-diagnostics -fmodules-prune-interval\=86400 -fmodules-prune-after\=345600 -fbuild-session-file\=/Users/admin/builder/spi-builder-workspace/.derivedData/ModuleCache.noindex/Session.modulevalidation -fmodules-validate-once-per-build-session -Wnon-modular-include-in-framework-module -Werror\=non-modular-include-in-framework-module -Wno-trigraphs -Wno-missing-field-initializers -Wno-missing-prototypes -Wno-return-type -Wno-non-virtual-dtor -Wno-overloaded-virtual -Wno-exit-time-destructors -Wno-missing-braces -Wparentheses -Wswitch -Wno-unused-function -Wno-unused-label -Wno-unused-parameter -Wno-unused-variable -Wunused-value -Wno-empty-body -Wno-uninitialized -Wno-unknown-pragmas -Wno-shadow -Wno-four-char-constants -Wno-conversion -Wno-constant-conversion -Wno-int-conversion -Wno-bool-conversion -Wno-enum-conversion -Wno-float-conversion -Wno-non-literal-null-conversion -Wno-objc-literal-conversion -Wno-shorten-64-to-32 -Wno-newline-eof -Wno-c++11-extensions -Wno-implicit-fallthrough -isysroot /Applications/Xcode-26.4.0.app/Contents/Developer/Platforms/WatchOS.platform/Developer/SDKs/WatchOS26.4.sdk -fstrict-aliasing -Wdeprecated-declarations -Winvalid-offsetof -Wno-sign-conversion -Wno-infinite-recursion -Wno-move -Wno-comma -Wno-block-capture-autoreleasing -Wno-strict-prototypes -Wno-range-loop-analysis -Wno-semicolon-before-method-body -index-store-path /Users/admin/builder/spi-builder-workspace/.derivedData/Index.noindex/DataStore @/Users/admin/builder/spi-builder-workspace/.derivedData/Build/Intermediates.noindex/Pyxift.build/Debug-watchos/CPyxiftCore.build/Objects-normal/armv7k/82b82416624d2658e5098eb0a28c15c5-common-args.resp -MMD -MT dependencies -MF /Users/admin/builder/spi-builder-workspace/.derivedData/Build/Intermediates.noindex/Pyxift.build/Debug-watchos/CPyxiftCore.build/Objects-normal/armv7k/FontTestBridge.d --serialize-diagnostics /Users/admin/builder/spi-builder-workspace/.derivedData/Build/Intermediates.noindex/Pyxift.build/Debug-watchos/CPyxiftCore.build/Objects-normal/armv7k/FontTestBridge.dia -c /Users/admin/builder/spi-builder-workspace/Sources/CPyxiftCore/src/FontTestBridge.cpp -o /Users/admin/builder/spi-builder-workspace/.derivedData/Build/Intermediates.noindex/Pyxift.build/Debug-watchos/CPyxiftCore.build/Objects-normal/armv7k/FontTestBridge.o -index-unit-output-path /Pyxift.build/Debug-watchos/CPyxiftCore.build/Objects-normal/armv7k/FontTestBridge.o
2026-06-28 10:00:52.834 xcodebuild[732:4527] [MT] IDERunDestination: Supported platforms for the buildables in the current scheme is empty.
** BUILD FAILED **
The following build commands failed:
CompileC /Users/admin/builder/spi-builder-workspace/.derivedData/Build/Intermediates.noindex/Pyxift.build/Debug-watchos/CPyxiftCore.build/Objects-normal/armv7k/Window.o /Users/admin/builder/spi-builder-workspace/Sources/CPyxiftCore/src/platform/Window.cpp normal armv7k c++ com.apple.compilers.llvm.clang.1_0.compiler (in target 'CPyxiftCore' from project 'Pyxift')
CompileC /Users/admin/builder/spi-builder-workspace/.derivedData/Build/Intermediates.noindex/Pyxift.build/Debug-watchos/CPyxiftCore.build/Objects-normal/armv7k/AudioOutput.o /Users/admin/builder/spi-builder-workspace/Sources/CPyxiftCore/src/platform/AudioOutput.cpp normal armv7k c++ com.apple.compilers.llvm.clang.1_0.compiler (in target 'CPyxiftCore' from project 'Pyxift')
Building workspace spi-builder-workspace with scheme Pyxift-Package
(3 failures)
Command line invocation:
/Applications/Xcode-26.4.0.app/Contents/Developer/usr/bin/xcodebuild -IDEClonedSourcePackagesDirPathOverride=/Users/admin/builder/spi-builder-workspace/.dependencies -resolvePackageDependencies
Resolve Package Graph
failed to retrieve search paths with pkg-config; maybe pkg-config is not installedyou may be able to install sdl3 using your system-packager:
brew install sdl3
Resolved source packages:
Pyxift: /Users/admin/builder/spi-builder-workspace
resolved source packages: Pyxift
2026-06-28 10:00:57.655 xcodebuild[788:4844] [MT] IDERunDestination: Supported platforms for the buildables in the current scheme is empty.
{
"cxx_language_standard" : "c++17",
"dependencies" : [
],
"manifest_display_name" : "Pyxift",
"name" : "Pyxift",
"path" : "/Users/admin/builder/spi-builder-workspace",
"platforms" : [
{
"name" : "macos",
"version" : "13.0"
}
],
"products" : [
{
"name" : "Pyxift",
"targets" : [
"Pyxift"
],
"type" : {
"library" : [
"automatic"
]
}
},
{
"name" : "PyxiftDemo",
"targets" : [
"PyxiftDemo"
],
"type" : {
"executable" : null
}
}
],
"targets" : [
{
"c99name" : "PyxiftTests",
"module_type" : "SwiftTarget",
"name" : "PyxiftTests",
"path" : "Tests/PyxiftTests",
"sources" : [
"AssetBundleTests.swift",
"AudioTests.swift",
"CanvasTests.swift",
"FontTests.swift",
"InputStateTests.swift"
],
"target_dependencies" : [
"Pyxift",
"CPyxiftCore"
],
"type" : "test"
},
{
"c99name" : "PyxiftDemo",
"module_type" : "SwiftTarget",
"name" : "PyxiftDemo",
"path" : "Examples/PyxiftDemo",
"product_memberships" : [
"PyxiftDemo"
],
"resources" : [
{
"path" : "/Users/admin/builder/spi-builder-workspace/Examples/PyxiftDemo/assets",
"rule" : {
"copy" : {
}
}
}
],
"sources" : [
"main.swift"
],
"target_dependencies" : [
"Pyxift"
],
"type" : "executable"
},
{
"c99name" : "Pyxift",
"module_type" : "SwiftTarget",
"name" : "Pyxift",
"path" : "Sources/Pyxift",
"product_memberships" : [
"Pyxift",
"PyxiftDemo"
],
"sources" : [
"App.swift",
"Audio.swift",
"Button.swift",
"Color.swift",
"GamepadAxis.swift",
"Key.swift",
"Pyx.swift"
],
"target_dependencies" : [
"CPyxiftCore"
],
"type" : "library"
},
{
"c99name" : "CSDL3",
"module_type" : "SystemLibraryTarget",
"name" : "CSDL3",
"path" : "Sources/CSDL3",
"product_memberships" : [
"Pyxift",
"PyxiftDemo"
],
"sources" : [
],
"type" : "system-target"
},
{
"c99name" : "CPyxiftCore",
"module_type" : "ClangTarget",
"name" : "CPyxiftCore",
"path" : "Sources/CPyxiftCore",
"product_memberships" : [
"Pyxift",
"PyxiftDemo"
],
"sources" : [
"src/AudioTestBridge.cpp",
"src/CanvasTestBridge.cpp",
"src/Engine.cpp",
"src/FontTestBridge.cpp",
"src/InputTestBridge.cpp",
"src/core/AssetBundle.cpp",
"src/core/AudioMixer.cpp",
"src/core/Canvas.cpp",
"src/core/Image.cpp",
"src/core/ImageLoader.cpp",
"src/core/Input.cpp",
"src/core/Music.cpp",
"src/core/PngWriter.cpp",
"src/core/Sound.cpp",
"src/core/Tilemap.cpp",
"src/platform/AudioOutput.cpp",
"src/platform/EventTranslator.cpp",
"src/platform/Window.cpp",
"vendor/miniz.c"
],
"target_dependencies" : [
"CSDL3"
],
"type" : "library"
}
],
"tools_version" : "6.0"
}
{
"workspace" : {
"name" : "spi-builder-workspace",
"schemes" : [
"Pyxift",
"Pyxift-Package",
"PyxiftDemo"
]
}
}
2026-06-28 10:00:58.778 xcodebuild[805:4932] [MT] IDERunDestination: Supported platforms for the buildables in the current scheme is empty.
Running build ...
env DEVELOPER_DIR=/Applications/Xcode-26.4.0.app xcrun xcodebuild -IDEClonedSourcePackagesDirPathOverride=$PWD/.dependencies -skipMacroValidation -skipPackagePluginValidation -derivedDataPath $PWD/.derivedData build -scheme Pyxift-Package -destination generic/platform=watchOS
Command line invocation:
/Applications/Xcode-26.4.0.app/Contents/Developer/usr/bin/xcodebuild -IDEClonedSourcePackagesDirPathOverride=/Users/admin/builder/spi-builder-workspace/.dependencies -skipMacroValidation -skipPackagePluginValidation -derivedDataPath /Users/admin/builder/spi-builder-workspace/.derivedData build -scheme Pyxift-Package -destination generic/platform=watchOS
Resolve Package Graph
failed to retrieve search paths with pkg-config; maybe pkg-config is not installedyou may be able to install sdl3 using your system-packager:
brew install sdl3
Resolved source packages:
Pyxift: /Users/admin/builder/spi-builder-workspace
ComputePackagePrebuildTargetDependencyGraph
Prepare packages
CreateBuildRequest
SendProjectDescription
CreateBuildOperation
ComputeTargetDependencyGraph
note: Building targets in dependency order
note: Target dependency graph (6 targets)
Target 'PyxiftDemo' in project 'Pyxift'
➜ Explicit dependency on target 'Pyxift_PyxiftDemo' in project 'Pyxift'
➜ Explicit dependency on target 'CSDL3' in project 'Pyxift'
➜ Explicit dependency on target 'CPyxiftCore' in project 'Pyxift'
➜ Explicit dependency on target 'Pyxift' in project 'Pyxift'
Target 'Pyxift_PyxiftDemo' in project 'Pyxift' (no dependencies)
Target 'Pyxift' in project 'Pyxift'
➜ Explicit dependency on target 'Pyxift' in project 'Pyxift'
➜ Explicit dependency on target 'CPyxiftCore' in project 'Pyxift'
Target 'Pyxift' in project 'Pyxift'
➜ Explicit dependency on target 'CSDL3' in project 'Pyxift'
➜ Explicit dependency on target 'CPyxiftCore' in project 'Pyxift'
Target 'CPyxiftCore' in project 'Pyxift'
➜ Explicit dependency on target 'CSDL3' in project 'Pyxift'
Target 'CSDL3' in project 'Pyxift' (no dependencies)
GatherProvisioningInputs
CreateBuildDescription
ClangStatCache /Applications/Xcode-26.4.0.app/Contents/Developer/Toolchains/XcodeDefault.xctoolchain/usr/bin/clang-stat-cache /Applications/Xcode-26.4.0.app/Contents/Developer/Platforms/WatchOS.platform/Developer/SDKs/WatchOS26.4.sdk /Users/admin/builder/spi-builder-workspace/.derivedData/SDKStatCaches.noindex/watchos26.4-23T238-688ef53f1462e2c8f657fdc38a81448f9e51884a582f42380855760c9d4cc599.sdkstatcache
cd /Users/admin/builder/spi-builder-workspace/.swiftpm/xcode
/Applications/Xcode-26.4.0.app/Contents/Developer/Toolchains/XcodeDefault.xctoolchain/usr/bin/clang-stat-cache /Applications/Xcode-26.4.0.app/Contents/Developer/Platforms/WatchOS.platform/Developer/SDKs/WatchOS26.4.sdk -o /Users/admin/builder/spi-builder-workspace/.derivedData/SDKStatCaches.noindex/watchos26.4-23T238-688ef53f1462e2c8f657fdc38a81448f9e51884a582f42380855760c9d4cc599.sdkstatcache
CompileC /Users/admin/builder/spi-builder-workspace/.derivedData/Build/Intermediates.noindex/Pyxift.build/Debug-watchos/CPyxiftCore.build/Objects-normal/armv7k/Window.o /Users/admin/builder/spi-builder-workspace/Sources/CPyxiftCore/src/platform/Window.cpp normal armv7k c++ com.apple.compilers.llvm.clang.1_0.compiler (in target 'CPyxiftCore' from project 'Pyxift')
cd /Users/admin/builder/spi-builder-workspace/.swiftpm/xcode
Using response file: /Users/admin/builder/spi-builder-workspace/.derivedData/Build/Intermediates.noindex/Pyxift.build/Debug-watchos/CPyxiftCore.build/Objects-normal/armv7k/82b82416624d2658e5098eb0a28c15c5-common-args.resp
/Applications/Xcode-26.4.0.app/Contents/Developer/Toolchains/XcodeDefault.xctoolchain/usr/bin/clang -x c++ -ivfsstatcache /Users/admin/builder/spi-builder-workspace/.derivedData/SDKStatCaches.noindex/watchos26.4-23T238-688ef53f1462e2c8f657fdc38a81448f9e51884a582f42380855760c9d4cc599.sdkstatcache -target armv7k-apple-watchos5.0 -fmessage-length\=0 -fdiagnostics-show-note-include-stack -fmacro-backtrace-limit\=0 -fno-color-diagnostics -fmodules-prune-interval\=86400 -fmodules-prune-after\=345600 -fbuild-session-file\=/Users/admin/builder/spi-builder-workspace/.derivedData/ModuleCache.noindex/Session.modulevalidation -fmodules-validate-once-per-build-session -Wnon-modular-include-in-framework-module -Werror\=non-modular-include-in-framework-module -Wno-trigraphs -Wno-missing-field-initializers -Wno-missing-prototypes -Wno-return-type -Wno-non-virtual-dtor -Wno-overloaded-virtual -Wno-exit-time-destructors -Wno-missing-braces -Wparentheses -Wswitch -Wno-unused-function -Wno-unused-label -Wno-unused-parameter -Wno-unused-variable -Wunused-value -Wno-empty-body -Wno-uninitialized -Wno-unknown-pragmas -Wno-shadow -Wno-four-char-constants -Wno-conversion -Wno-constant-conversion -Wno-int-conversion -Wno-bool-conversion -Wno-enum-conversion -Wno-float-conversion -Wno-non-literal-null-conversion -Wno-objc-literal-conversion -Wno-shorten-64-to-32 -Wno-newline-eof -Wno-c++11-extensions -Wno-implicit-fallthrough -isysroot /Applications/Xcode-26.4.0.app/Contents/Developer/Platforms/WatchOS.platform/Developer/SDKs/WatchOS26.4.sdk -fstrict-aliasing -Wdeprecated-declarations -Winvalid-offsetof -Wno-sign-conversion -Wno-infinite-recursion -Wno-move -Wno-comma -Wno-block-capture-autoreleasing -Wno-strict-prototypes -Wno-range-loop-analysis -Wno-semicolon-before-method-body -index-store-path /Users/admin/builder/spi-builder-workspace/.derivedData/Index.noindex/DataStore @/Users/admin/builder/spi-builder-workspace/.derivedData/Build/Intermediates.noindex/Pyxift.build/Debug-watchos/CPyxiftCore.build/Objects-normal/armv7k/82b82416624d2658e5098eb0a28c15c5-common-args.resp -MMD -MT dependencies -MF /Users/admin/builder/spi-builder-workspace/.derivedData/Build/Intermediates.noindex/Pyxift.build/Debug-watchos/CPyxiftCore.build/Objects-normal/armv7k/Window.d --serialize-diagnostics /Users/admin/builder/spi-builder-workspace/.derivedData/Build/Intermediates.noindex/Pyxift.build/Debug-watchos/CPyxiftCore.build/Objects-normal/armv7k/Window.dia -c /Users/admin/builder/spi-builder-workspace/Sources/CPyxiftCore/src/platform/Window.cpp -o /Users/admin/builder/spi-builder-workspace/.derivedData/Build/Intermediates.noindex/Pyxift.build/Debug-watchos/CPyxiftCore.build/Objects-normal/armv7k/Window.o -index-unit-output-path /Pyxift.build/Debug-watchos/CPyxiftCore.build/Objects-normal/armv7k/Window.o
In file included from /Users/admin/builder/spi-builder-workspace/Sources/CPyxiftCore/src/platform/Window.cpp:1:
/Users/admin/builder/spi-builder-workspace/Sources/CPyxiftCore/src/platform/Window.hpp:4:10: fatal error: 'SDL3/SDL.h' file not found
4 | #include <SDL3/SDL.h>
| ^~~~~~~~~~~~
1 error generated.
CompileC /Users/admin/builder/spi-builder-workspace/.derivedData/Build/Intermediates.noindex/Pyxift.build/Debug-watchos/CPyxiftCore.build/Objects-normal/armv7k/Input.o /Users/admin/builder/spi-builder-workspace/Sources/CPyxiftCore/src/core/Input.cpp normal armv7k c++ com.apple.compilers.llvm.clang.1_0.compiler (in target 'CPyxiftCore' from project 'Pyxift')
cd /Users/admin/builder/spi-builder-workspace/.swiftpm/xcode
Using response file: /Users/admin/builder/spi-builder-workspace/.derivedData/Build/Intermediates.noindex/Pyxift.build/Debug-watchos/CPyxiftCore.build/Objects-normal/armv7k/82b82416624d2658e5098eb0a28c15c5-common-args.resp
/Applications/Xcode-26.4.0.app/Contents/Developer/Toolchains/XcodeDefault.xctoolchain/usr/bin/clang -x c++ -ivfsstatcache /Users/admin/builder/spi-builder-workspace/.derivedData/SDKStatCaches.noindex/watchos26.4-23T238-688ef53f1462e2c8f657fdc38a81448f9e51884a582f42380855760c9d4cc599.sdkstatcache -target armv7k-apple-watchos5.0 -fmessage-length\=0 -fdiagnostics-show-note-include-stack -fmacro-backtrace-limit\=0 -fno-color-diagnostics -fmodules-prune-interval\=86400 -fmodules-prune-after\=345600 -fbuild-session-file\=/Users/admin/builder/spi-builder-workspace/.derivedData/ModuleCache.noindex/Session.modulevalidation -fmodules-validate-once-per-build-session -Wnon-modular-include-in-framework-module -Werror\=non-modular-include-in-framework-module -Wno-trigraphs -Wno-missing-field-initializers -Wno-missing-prototypes -Wno-return-type -Wno-non-virtual-dtor -Wno-overloaded-virtual -Wno-exit-time-destructors -Wno-missing-braces -Wparentheses -Wswitch -Wno-unused-function -Wno-unused-label -Wno-unused-parameter -Wno-unused-variable -Wunused-value -Wno-empty-body -Wno-uninitialized -Wno-unknown-pragmas -Wno-shadow -Wno-four-char-constants -Wno-conversion -Wno-constant-conversion -Wno-int-conversion -Wno-bool-conversion -Wno-enum-conversion -Wno-float-conversion -Wno-non-literal-null-conversion -Wno-objc-literal-conversion -Wno-shorten-64-to-32 -Wno-newline-eof -Wno-c++11-extensions -Wno-implicit-fallthrough -isysroot /Applications/Xcode-26.4.0.app/Contents/Developer/Platforms/WatchOS.platform/Developer/SDKs/WatchOS26.4.sdk -fstrict-aliasing -Wdeprecated-declarations -Winvalid-offsetof -Wno-sign-conversion -Wno-infinite-recursion -Wno-move -Wno-comma -Wno-block-capture-autoreleasing -Wno-strict-prototypes -Wno-range-loop-analysis -Wno-semicolon-before-method-body -index-store-path /Users/admin/builder/spi-builder-workspace/.derivedData/Index.noindex/DataStore @/Users/admin/builder/spi-builder-workspace/.derivedData/Build/Intermediates.noindex/Pyxift.build/Debug-watchos/CPyxiftCore.build/Objects-normal/armv7k/82b82416624d2658e5098eb0a28c15c5-common-args.resp -MMD -MT dependencies -MF /Users/admin/builder/spi-builder-workspace/.derivedData/Build/Intermediates.noindex/Pyxift.build/Debug-watchos/CPyxiftCore.build/Objects-normal/armv7k/Input.d --serialize-diagnostics /Users/admin/builder/spi-builder-workspace/.derivedData/Build/Intermediates.noindex/Pyxift.build/Debug-watchos/CPyxiftCore.build/Objects-normal/armv7k/Input.dia -c /Users/admin/builder/spi-builder-workspace/Sources/CPyxiftCore/src/core/Input.cpp -o /Users/admin/builder/spi-builder-workspace/.derivedData/Build/Intermediates.noindex/Pyxift.build/Debug-watchos/CPyxiftCore.build/Objects-normal/armv7k/Input.o -index-unit-output-path /Pyxift.build/Debug-watchos/CPyxiftCore.build/Objects-normal/armv7k/Input.o
CompileC /Users/admin/builder/spi-builder-workspace/.derivedData/Build/Intermediates.noindex/Pyxift.build/Debug-watchos/CPyxiftCore.build/Objects-normal/armv7k/EventTranslator.o /Users/admin/builder/spi-builder-workspace/Sources/CPyxiftCore/src/platform/EventTranslator.cpp normal armv7k c++ com.apple.compilers.llvm.clang.1_0.compiler (in target 'CPyxiftCore' from project 'Pyxift')
cd /Users/admin/builder/spi-builder-workspace/.swiftpm/xcode
Using response file: /Users/admin/builder/spi-builder-workspace/.derivedData/Build/Intermediates.noindex/Pyxift.build/Debug-watchos/CPyxiftCore.build/Objects-normal/armv7k/82b82416624d2658e5098eb0a28c15c5-common-args.resp
/Applications/Xcode-26.4.0.app/Contents/Developer/Toolchains/XcodeDefault.xctoolchain/usr/bin/clang -x c++ -ivfsstatcache /Users/admin/builder/spi-builder-workspace/.derivedData/SDKStatCaches.noindex/watchos26.4-23T238-688ef53f1462e2c8f657fdc38a81448f9e51884a582f42380855760c9d4cc599.sdkstatcache -target armv7k-apple-watchos5.0 -fmessage-length\=0 -fdiagnostics-show-note-include-stack -fmacro-backtrace-limit\=0 -fno-color-diagnostics -fmodules-prune-interval\=86400 -fmodules-prune-after\=345600 -fbuild-session-file\=/Users/admin/builder/spi-builder-workspace/.derivedData/ModuleCache.noindex/Session.modulevalidation -fmodules-validate-once-per-build-session -Wnon-modular-include-in-framework-module -Werror\=non-modular-include-in-framework-module -Wno-trigraphs -Wno-missing-field-initializers -Wno-missing-prototypes -Wno-return-type -Wno-non-virtual-dtor -Wno-overloaded-virtual -Wno-exit-time-destructors -Wno-missing-braces -Wparentheses -Wswitch -Wno-unused-function -Wno-unused-label -Wno-unused-parameter -Wno-unused-variable -Wunused-value -Wno-empty-body -Wno-uninitialized -Wno-unknown-pragmas -Wno-shadow -Wno-four-char-constants -Wno-conversion -Wno-constant-conversion -Wno-int-conversion -Wno-bool-conversion -Wno-enum-conversion -Wno-float-conversion -Wno-non-literal-null-conversion -Wno-objc-literal-conversion -Wno-shorten-64-to-32 -Wno-newline-eof -Wno-c++11-extensions -Wno-implicit-fallthrough -isysroot /Applications/Xcode-26.4.0.app/Contents/Developer/Platforms/WatchOS.platform/Developer/SDKs/WatchOS26.4.sdk -fstrict-aliasing -Wdeprecated-declarations -Winvalid-offsetof -Wno-sign-conversion -Wno-infinite-recursion -Wno-move -Wno-comma -Wno-block-capture-autoreleasing -Wno-strict-prototypes -Wno-range-loop-analysis -Wno-semicolon-before-method-body -index-store-path /Users/admin/builder/spi-builder-workspace/.derivedData/Index.noindex/DataStore @/Users/admin/builder/spi-builder-workspace/.derivedData/Build/Intermediates.noindex/Pyxift.build/Debug-watchos/CPyxiftCore.build/Objects-normal/armv7k/82b82416624d2658e5098eb0a28c15c5-common-args.resp -MMD -MT dependencies -MF /Users/admin/builder/spi-builder-workspace/.derivedData/Build/Intermediates.noindex/Pyxift.build/Debug-watchos/CPyxiftCore.build/Objects-normal/armv7k/EventTranslator.d --serialize-diagnostics /Users/admin/builder/spi-builder-workspace/.derivedData/Build/Intermediates.noindex/Pyxift.build/Debug-watchos/CPyxiftCore.build/Objects-normal/armv7k/EventTranslator.dia -c /Users/admin/builder/spi-builder-workspace/Sources/CPyxiftCore/src/platform/EventTranslator.cpp -o /Users/admin/builder/spi-builder-workspace/.derivedData/Build/Intermediates.noindex/Pyxift.build/Debug-watchos/CPyxiftCore.build/Objects-normal/armv7k/EventTranslator.o -index-unit-output-path /Pyxift.build/Debug-watchos/CPyxiftCore.build/Objects-normal/armv7k/EventTranslator.o
CompileC /Users/admin/builder/spi-builder-workspace/.derivedData/Build/Intermediates.noindex/Pyxift.build/Debug-watchos/CPyxiftCore.build/Objects-normal/armv7k/ImageLoader.o /Users/admin/builder/spi-builder-workspace/Sources/CPyxiftCore/src/core/ImageLoader.cpp normal armv7k c++ com.apple.compilers.llvm.clang.1_0.compiler (in target 'CPyxiftCore' from project 'Pyxift')
cd /Users/admin/builder/spi-builder-workspace/.swiftpm/xcode
Using response file: /Users/admin/builder/spi-builder-workspace/.derivedData/Build/Intermediates.noindex/Pyxift.build/Debug-watchos/CPyxiftCore.build/Objects-normal/armv7k/82b82416624d2658e5098eb0a28c15c5-common-args.resp
/Applications/Xcode-26.4.0.app/Contents/Developer/Toolchains/XcodeDefault.xctoolchain/usr/bin/clang -x c++ -ivfsstatcache /Users/admin/builder/spi-builder-workspace/.derivedData/SDKStatCaches.noindex/watchos26.4-23T238-688ef53f1462e2c8f657fdc38a81448f9e51884a582f42380855760c9d4cc599.sdkstatcache -target armv7k-apple-watchos5.0 -fmessage-length\=0 -fdiagnostics-show-note-include-stack -fmacro-backtrace-limit\=0 -fno-color-diagnostics -fmodules-prune-interval\=86400 -fmodules-prune-after\=345600 -fbuild-session-file\=/Users/admin/builder/spi-builder-workspace/.derivedData/ModuleCache.noindex/Session.modulevalidation -fmodules-validate-once-per-build-session -Wnon-modular-include-in-framework-module -Werror\=non-modular-include-in-framework-module -Wno-trigraphs -Wno-missing-field-initializers -Wno-missing-prototypes -Wno-return-type -Wno-non-virtual-dtor -Wno-overloaded-virtual -Wno-exit-time-destructors -Wno-missing-braces -Wparentheses -Wswitch -Wno-unused-function -Wno-unused-label -Wno-unused-parameter -Wno-unused-variable -Wunused-value -Wno-empty-body -Wno-uninitialized -Wno-unknown-pragmas -Wno-shadow -Wno-four-char-constants -Wno-conversion -Wno-constant-conversion -Wno-int-conversion -Wno-bool-conversion -Wno-enum-conversion -Wno-float-conversion -Wno-non-literal-null-conversion -Wno-objc-literal-conversion -Wno-shorten-64-to-32 -Wno-newline-eof -Wno-c++11-extensions -Wno-implicit-fallthrough -isysroot /Applications/Xcode-26.4.0.app/Contents/Developer/Platforms/WatchOS.platform/Developer/SDKs/WatchOS26.4.sdk -fstrict-aliasing -Wdeprecated-declarations -Winvalid-offsetof -Wno-sign-conversion -Wno-infinite-recursion -Wno-move -Wno-comma -Wno-block-capture-autoreleasing -Wno-strict-prototypes -Wno-range-loop-analysis -Wno-semicolon-before-method-body -index-store-path /Users/admin/builder/spi-builder-workspace/.derivedData/Index.noindex/DataStore @/Users/admin/builder/spi-builder-workspace/.derivedData/Build/Intermediates.noindex/Pyxift.build/Debug-watchos/CPyxiftCore.build/Objects-normal/armv7k/82b82416624d2658e5098eb0a28c15c5-common-args.resp -MMD -MT dependencies -MF /Users/admin/builder/spi-builder-workspace/.derivedData/Build/Intermediates.noindex/Pyxift.build/Debug-watchos/CPyxiftCore.build/Objects-normal/armv7k/ImageLoader.d --serialize-diagnostics /Users/admin/builder/spi-builder-workspace/.derivedData/Build/Intermediates.noindex/Pyxift.build/Debug-watchos/CPyxiftCore.build/Objects-normal/armv7k/ImageLoader.dia -c /Users/admin/builder/spi-builder-workspace/Sources/CPyxiftCore/src/core/ImageLoader.cpp -o /Users/admin/builder/spi-builder-workspace/.derivedData/Build/Intermediates.noindex/Pyxift.build/Debug-watchos/CPyxiftCore.build/Objects-normal/armv7k/ImageLoader.o -index-unit-output-path /Pyxift.build/Debug-watchos/CPyxiftCore.build/Objects-normal/armv7k/ImageLoader.o
CompileC /Users/admin/builder/spi-builder-workspace/.derivedData/Build/Intermediates.noindex/Pyxift.build/Debug-watchos/CPyxiftCore.build/Objects-normal/armv7k/AudioOutput.o /Users/admin/builder/spi-builder-workspace/Sources/CPyxiftCore/src/platform/AudioOutput.cpp normal armv7k c++ com.apple.compilers.llvm.clang.1_0.compiler (in target 'CPyxiftCore' from project 'Pyxift')
cd /Users/admin/builder/spi-builder-workspace/.swiftpm/xcode
Using response file: /Users/admin/builder/spi-builder-workspace/.derivedData/Build/Intermediates.noindex/Pyxift.build/Debug-watchos/CPyxiftCore.build/Objects-normal/armv7k/82b82416624d2658e5098eb0a28c15c5-common-args.resp
/Applications/Xcode-26.4.0.app/Contents/Developer/Toolchains/XcodeDefault.xctoolchain/usr/bin/clang -x c++ -ivfsstatcache /Users/admin/builder/spi-builder-workspace/.derivedData/SDKStatCaches.noindex/watchos26.4-23T238-688ef53f1462e2c8f657fdc38a81448f9e51884a582f42380855760c9d4cc599.sdkstatcache -target armv7k-apple-watchos5.0 -fmessage-length\=0 -fdiagnostics-show-note-include-stack -fmacro-backtrace-limit\=0 -fno-color-diagnostics -fmodules-prune-interval\=86400 -fmodules-prune-after\=345600 -fbuild-session-file\=/Users/admin/builder/spi-builder-workspace/.derivedData/ModuleCache.noindex/Session.modulevalidation -fmodules-validate-once-per-build-session -Wnon-modular-include-in-framework-module -Werror\=non-modular-include-in-framework-module -Wno-trigraphs -Wno-missing-field-initializers -Wno-missing-prototypes -Wno-return-type -Wno-non-virtual-dtor -Wno-overloaded-virtual -Wno-exit-time-destructors -Wno-missing-braces -Wparentheses -Wswitch -Wno-unused-function -Wno-unused-label -Wno-unused-parameter -Wno-unused-variable -Wunused-value -Wno-empty-body -Wno-uninitialized -Wno-unknown-pragmas -Wno-shadow -Wno-four-char-constants -Wno-conversion -Wno-constant-conversion -Wno-int-conversion -Wno-bool-conversion -Wno-enum-conversion -Wno-float-conversion -Wno-non-literal-null-conversion -Wno-objc-literal-conversion -Wno-shorten-64-to-32 -Wno-newline-eof -Wno-c++11-extensions -Wno-implicit-fallthrough -isysroot /Applications/Xcode-26.4.0.app/Contents/Developer/Platforms/WatchOS.platform/Developer/SDKs/WatchOS26.4.sdk -fstrict-aliasing -Wdeprecated-declarations -Winvalid-offsetof -Wno-sign-conversion -Wno-infinite-recursion -Wno-move -Wno-comma -Wno-block-capture-autoreleasing -Wno-strict-prototypes -Wno-range-loop-analysis -Wno-semicolon-before-method-body -index-store-path /Users/admin/builder/spi-builder-workspace/.derivedData/Index.noindex/DataStore @/Users/admin/builder/spi-builder-workspace/.derivedData/Build/Intermediates.noindex/Pyxift.build/Debug-watchos/CPyxiftCore.build/Objects-normal/armv7k/82b82416624d2658e5098eb0a28c15c5-common-args.resp -MMD -MT dependencies -MF /Users/admin/builder/spi-builder-workspace/.derivedData/Build/Intermediates.noindex/Pyxift.build/Debug-watchos/CPyxiftCore.build/Objects-normal/armv7k/AudioOutput.d --serialize-diagnostics /Users/admin/builder/spi-builder-workspace/.derivedData/Build/Intermediates.noindex/Pyxift.build/Debug-watchos/CPyxiftCore.build/Objects-normal/armv7k/AudioOutput.dia -c /Users/admin/builder/spi-builder-workspace/Sources/CPyxiftCore/src/platform/AudioOutput.cpp -o /Users/admin/builder/spi-builder-workspace/.derivedData/Build/Intermediates.noindex/Pyxift.build/Debug-watchos/CPyxiftCore.build/Objects-normal/armv7k/AudioOutput.o -index-unit-output-path /Pyxift.build/Debug-watchos/CPyxiftCore.build/Objects-normal/armv7k/AudioOutput.o
In file included from /Users/admin/builder/spi-builder-workspace/Sources/CPyxiftCore/src/platform/AudioOutput.cpp:1:
/Users/admin/builder/spi-builder-workspace/Sources/CPyxiftCore/src/platform/AudioOutput.hpp:4:10: fatal error: 'SDL3/SDL.h' file not found
4 | #include <SDL3/SDL.h>
| ^~~~~~~~~~~~
1 error generated.
CompileC /Users/admin/builder/spi-builder-workspace/.derivedData/Build/Intermediates.noindex/Pyxift.build/Debug-watchos/CPyxiftCore.build/Objects-normal/armv7k/Image.o /Users/admin/builder/spi-builder-workspace/Sources/CPyxiftCore/src/core/Image.cpp normal armv7k c++ com.apple.compilers.llvm.clang.1_0.compiler (in target 'CPyxiftCore' from project 'Pyxift')
cd /Users/admin/builder/spi-builder-workspace/.swiftpm/xcode
Using response file: /Users/admin/builder/spi-builder-workspace/.derivedData/Build/Intermediates.noindex/Pyxift.build/Debug-watchos/CPyxiftCore.build/Objects-normal/armv7k/82b82416624d2658e5098eb0a28c15c5-common-args.resp
/Applications/Xcode-26.4.0.app/Contents/Developer/Toolchains/XcodeDefault.xctoolchain/usr/bin/clang -x c++ -ivfsstatcache /Users/admin/builder/spi-builder-workspace/.derivedData/SDKStatCaches.noindex/watchos26.4-23T238-688ef53f1462e2c8f657fdc38a81448f9e51884a582f42380855760c9d4cc599.sdkstatcache -target armv7k-apple-watchos5.0 -fmessage-length\=0 -fdiagnostics-show-note-include-stack -fmacro-backtrace-limit\=0 -fno-color-diagnostics -fmodules-prune-interval\=86400 -fmodules-prune-after\=345600 -fbuild-session-file\=/Users/admin/builder/spi-builder-workspace/.derivedData/ModuleCache.noindex/Session.modulevalidation -fmodules-validate-once-per-build-session -Wnon-modular-include-in-framework-module -Werror\=non-modular-include-in-framework-module -Wno-trigraphs -Wno-missing-field-initializers -Wno-missing-prototypes -Wno-return-type -Wno-non-virtual-dtor -Wno-overloaded-virtual -Wno-exit-time-destructors -Wno-missing-braces -Wparentheses -Wswitch -Wno-unused-function -Wno-unused-label -Wno-unused-parameter -Wno-unused-variable -Wunused-value -Wno-empty-body -Wno-uninitialized -Wno-unknown-pragmas -Wno-shadow -Wno-four-char-constants -Wno-conversion -Wno-constant-conversion -Wno-int-conversion -Wno-bool-conversion -Wno-enum-conversion -Wno-float-conversion -Wno-non-literal-null-conversion -Wno-objc-literal-conversion -Wno-shorten-64-to-32 -Wno-newline-eof -Wno-c++11-extensions -Wno-implicit-fallthrough -isysroot /Applications/Xcode-26.4.0.app/Contents/Developer/Platforms/WatchOS.platform/Developer/SDKs/WatchOS26.4.sdk -fstrict-aliasing -Wdeprecated-declarations -Winvalid-offsetof -Wno-sign-conversion -Wno-infinite-recursion -Wno-move -Wno-comma -Wno-block-capture-autoreleasing -Wno-strict-prototypes -Wno-range-loop-analysis -Wno-semicolon-before-method-body -index-store-path /Users/admin/builder/spi-builder-workspace/.derivedData/Index.noindex/DataStore @/Users/admin/builder/spi-builder-workspace/.derivedData/Build/Intermediates.noindex/Pyxift.build/Debug-watchos/CPyxiftCore.build/Objects-normal/armv7k/82b82416624d2658e5098eb0a28c15c5-common-args.resp -MMD -MT dependencies -MF /Users/admin/builder/spi-builder-workspace/.derivedData/Build/Intermediates.noindex/Pyxift.build/Debug-watchos/CPyxiftCore.build/Objects-normal/armv7k/Image.d --serialize-diagnostics /Users/admin/builder/spi-builder-workspace/.derivedData/Build/Intermediates.noindex/Pyxift.build/Debug-watchos/CPyxiftCore.build/Objects-normal/armv7k/Image.dia -c /Users/admin/builder/spi-builder-workspace/Sources/CPyxiftCore/src/core/Image.cpp -o /Users/admin/builder/spi-builder-workspace/.derivedData/Build/Intermediates.noindex/Pyxift.build/Debug-watchos/CPyxiftCore.build/Objects-normal/armv7k/Image.o -index-unit-output-path /Pyxift.build/Debug-watchos/CPyxiftCore.build/Objects-normal/armv7k/Image.o
CompileC /Users/admin/builder/spi-builder-workspace/.derivedData/Build/Intermediates.noindex/Pyxift.build/Debug-watchos/CPyxiftCore.build/Objects-normal/armv7k/FontTestBridge.o /Users/admin/builder/spi-builder-workspace/Sources/CPyxiftCore/src/FontTestBridge.cpp normal armv7k c++ com.apple.compilers.llvm.clang.1_0.compiler (in target 'CPyxiftCore' from project 'Pyxift')
cd /Users/admin/builder/spi-builder-workspace/.swiftpm/xcode
Using response file: /Users/admin/builder/spi-builder-workspace/.derivedData/Build/Intermediates.noindex/Pyxift.build/Debug-watchos/CPyxiftCore.build/Objects-normal/armv7k/82b82416624d2658e5098eb0a28c15c5-common-args.resp
/Applications/Xcode-26.4.0.app/Contents/Developer/Toolchains/XcodeDefault.xctoolchain/usr/bin/clang -x c++ -ivfsstatcache /Users/admin/builder/spi-builder-workspace/.derivedData/SDKStatCaches.noindex/watchos26.4-23T238-688ef53f1462e2c8f657fdc38a81448f9e51884a582f42380855760c9d4cc599.sdkstatcache -target armv7k-apple-watchos5.0 -fmessage-length\=0 -fdiagnostics-show-note-include-stack -fmacro-backtrace-limit\=0 -fno-color-diagnostics -fmodules-prune-interval\=86400 -fmodules-prune-after\=345600 -fbuild-session-file\=/Users/admin/builder/spi-builder-workspace/.derivedData/ModuleCache.noindex/Session.modulevalidation -fmodules-validate-once-per-build-session -Wnon-modular-include-in-framework-module -Werror\=non-modular-include-in-framework-module -Wno-trigraphs -Wno-missing-field-initializers -Wno-missing-prototypes -Wno-return-type -Wno-non-virtual-dtor -Wno-overloaded-virtual -Wno-exit-time-destructors -Wno-missing-braces -Wparentheses -Wswitch -Wno-unused-function -Wno-unused-label -Wno-unused-parameter -Wno-unused-variable -Wunused-value -Wno-empty-body -Wno-uninitialized -Wno-unknown-pragmas -Wno-shadow -Wno-four-char-constants -Wno-conversion -Wno-constant-conversion -Wno-int-conversion -Wno-bool-conversion -Wno-enum-conversion -Wno-float-conversion -Wno-non-literal-null-conversion -Wno-objc-literal-conversion -Wno-shorten-64-to-32 -Wno-newline-eof -Wno-c++11-extensions -Wno-implicit-fallthrough -isysroot /Applications/Xcode-26.4.0.app/Contents/Developer/Platforms/WatchOS.platform/Developer/SDKs/WatchOS26.4.sdk -fstrict-aliasing -Wdeprecated-declarations -Winvalid-offsetof -Wno-sign-conversion -Wno-infinite-recursion -Wno-move -Wno-comma -Wno-block-capture-autoreleasing -Wno-strict-prototypes -Wno-range-loop-analysis -Wno-semicolon-before-method-body -index-store-path /Users/admin/builder/spi-builder-workspace/.derivedData/Index.noindex/DataStore @/Users/admin/builder/spi-builder-workspace/.derivedData/Build/Intermediates.noindex/Pyxift.build/Debug-watchos/CPyxiftCore.build/Objects-normal/armv7k/82b82416624d2658e5098eb0a28c15c5-common-args.resp -MMD -MT dependencies -MF /Users/admin/builder/spi-builder-workspace/.derivedData/Build/Intermediates.noindex/Pyxift.build/Debug-watchos/CPyxiftCore.build/Objects-normal/armv7k/FontTestBridge.d --serialize-diagnostics /Users/admin/builder/spi-builder-workspace/.derivedData/Build/Intermediates.noindex/Pyxift.build/Debug-watchos/CPyxiftCore.build/Objects-normal/armv7k/FontTestBridge.dia -c /Users/admin/builder/spi-builder-workspace/Sources/CPyxiftCore/src/FontTestBridge.cpp -o /Users/admin/builder/spi-builder-workspace/.derivedData/Build/Intermediates.noindex/Pyxift.build/Debug-watchos/CPyxiftCore.build/Objects-normal/armv7k/FontTestBridge.o -index-unit-output-path /Pyxift.build/Debug-watchos/CPyxiftCore.build/Objects-normal/armv7k/FontTestBridge.o
CompileC /Users/admin/builder/spi-builder-workspace/.derivedData/Build/Intermediates.noindex/Pyxift.build/Debug-watchos/CPyxiftCore.build/Objects-normal/armv7k/Engine.o /Users/admin/builder/spi-builder-workspace/Sources/CPyxiftCore/src/Engine.cpp normal armv7k c++ com.apple.compilers.llvm.clang.1_0.compiler (in target 'CPyxiftCore' from project 'Pyxift')
cd /Users/admin/builder/spi-builder-workspace/.swiftpm/xcode
Using response file: /Users/admin/builder/spi-builder-workspace/.derivedData/Build/Intermediates.noindex/Pyxift.build/Debug-watchos/CPyxiftCore.build/Objects-normal/armv7k/82b82416624d2658e5098eb0a28c15c5-common-args.resp
/Applications/Xcode-26.4.0.app/Contents/Developer/Toolchains/XcodeDefault.xctoolchain/usr/bin/clang -x c++ -ivfsstatcache /Users/admin/builder/spi-builder-workspace/.derivedData/SDKStatCaches.noindex/watchos26.4-23T238-688ef53f1462e2c8f657fdc38a81448f9e51884a582f42380855760c9d4cc599.sdkstatcache -target armv7k-apple-watchos5.0 -fmessage-length\=0 -fdiagnostics-show-note-include-stack -fmacro-backtrace-limit\=0 -fno-color-diagnostics -fmodules-prune-interval\=86400 -fmodules-prune-after\=345600 -fbuild-session-file\=/Users/admin/builder/spi-builder-workspace/.derivedData/ModuleCache.noindex/Session.modulevalidation -fmodules-validate-once-per-build-session -Wnon-modular-include-in-framework-module -Werror\=non-modular-include-in-framework-module -Wno-trigraphs -Wno-missing-field-initializers -Wno-missing-prototypes -Wno-return-type -Wno-non-virtual-dtor -Wno-overloaded-virtual -Wno-exit-time-destructors -Wno-missing-braces -Wparentheses -Wswitch -Wno-unused-function -Wno-unused-label -Wno-unused-parameter -Wno-unused-variable -Wunused-value -Wno-empty-body -Wno-uninitialized -Wno-unknown-pragmas -Wno-shadow -Wno-four-char-constants -Wno-conversion -Wno-constant-conversion -Wno-int-conversion -Wno-bool-conversion -Wno-enum-conversion -Wno-float-conversion -Wno-non-literal-null-conversion -Wno-objc-literal-conversion -Wno-shorten-64-to-32 -Wno-newline-eof -Wno-c++11-extensions -Wno-implicit-fallthrough -isysroot /Applications/Xcode-26.4.0.app/Contents/Developer/Platforms/WatchOS.platform/Developer/SDKs/WatchOS26.4.sdk -fstrict-aliasing -Wdeprecated-declarations -Winvalid-offsetof -Wno-sign-conversion -Wno-infinite-recursion -Wno-move -Wno-comma -Wno-block-capture-autoreleasing -Wno-strict-prototypes -Wno-range-loop-analysis -Wno-semicolon-before-method-body -index-store-path /Users/admin/builder/spi-builder-workspace/.derivedData/Index.noindex/DataStore @/Users/admin/builder/spi-builder-workspace/.derivedData/Build/Intermediates.noindex/Pyxift.build/Debug-watchos/CPyxiftCore.build/Objects-normal/armv7k/82b82416624d2658e5098eb0a28c15c5-common-args.resp -MMD -MT dependencies -MF /Users/admin/builder/spi-builder-workspace/.derivedData/Build/Intermediates.noindex/Pyxift.build/Debug-watchos/CPyxiftCore.build/Objects-normal/armv7k/Engine.d --serialize-diagnostics /Users/admin/builder/spi-builder-workspace/.derivedData/Build/Intermediates.noindex/Pyxift.build/Debug-watchos/CPyxiftCore.build/Objects-normal/armv7k/Engine.dia -c /Users/admin/builder/spi-builder-workspace/Sources/CPyxiftCore/src/Engine.cpp -o /Users/admin/builder/spi-builder-workspace/.derivedData/Build/Intermediates.noindex/Pyxift.build/Debug-watchos/CPyxiftCore.build/Objects-normal/armv7k/Engine.o -index-unit-output-path /Pyxift.build/Debug-watchos/CPyxiftCore.build/Objects-normal/armv7k/Engine.o
CompileC /Users/admin/builder/spi-builder-workspace/.derivedData/Build/Intermediates.noindex/Pyxift.build/Debug-watchos/CPyxiftCore.build/Objects-normal/armv7k/InputTestBridge.o /Users/admin/builder/spi-builder-workspace/Sources/CPyxiftCore/src/InputTestBridge.cpp normal armv7k c++ com.apple.compilers.llvm.clang.1_0.compiler (in target 'CPyxiftCore' from project 'Pyxift')
cd /Users/admin/builder/spi-builder-workspace/.swiftpm/xcode
Using response file: /Users/admin/builder/spi-builder-workspace/.derivedData/Build/Intermediates.noindex/Pyxift.build/Debug-watchos/CPyxiftCore.build/Objects-normal/armv7k/82b82416624d2658e5098eb0a28c15c5-common-args.resp
/Applications/Xcode-26.4.0.app/Contents/Developer/Toolchains/XcodeDefault.xctoolchain/usr/bin/clang -x c++ -ivfsstatcache /Users/admin/builder/spi-builder-workspace/.derivedData/SDKStatCaches.noindex/watchos26.4-23T238-688ef53f1462e2c8f657fdc38a81448f9e51884a582f42380855760c9d4cc599.sdkstatcache -target armv7k-apple-watchos5.0 -fmessage-length\=0 -fdiagnostics-show-note-include-stack -fmacro-backtrace-limit\=0 -fno-color-diagnostics -fmodules-prune-interval\=86400 -fmodules-prune-after\=345600 -fbuild-session-file\=/Users/admin/builder/spi-builder-workspace/.derivedData/ModuleCache.noindex/Session.modulevalidation -fmodules-validate-once-per-build-session -Wnon-modular-include-in-framework-module -Werror\=non-modular-include-in-framework-module -Wno-trigraphs -Wno-missing-field-initializers -Wno-missing-prototypes -Wno-return-type -Wno-non-virtual-dtor -Wno-overloaded-virtual -Wno-exit-time-destructors -Wno-missing-braces -Wparentheses -Wswitch -Wno-unused-function -Wno-unused-label -Wno-unused-parameter -Wno-unused-variable -Wunused-value -Wno-empty-body -Wno-uninitialized -Wno-unknown-pragmas -Wno-shadow -Wno-four-char-constants -Wno-conversion -Wno-constant-conversion -Wno-int-conversion -Wno-bool-conversion -Wno-enum-conversion -Wno-float-conversion -Wno-non-literal-null-conversion -Wno-objc-literal-conversion -Wno-shorten-64-to-32 -Wno-newline-eof -Wno-c++11-extensions -Wno-implicit-fallthrough -isysroot /Applications/Xcode-26.4.0.app/Contents/Developer/Platforms/WatchOS.platform/Developer/SDKs/WatchOS26.4.sdk -fstrict-aliasing -Wdeprecated-declarations -Winvalid-offsetof -Wno-sign-conversion -Wno-infinite-recursion -Wno-move -Wno-comma -Wno-block-capture-autoreleasing -Wno-strict-prototypes -Wno-range-loop-analysis -Wno-semicolon-before-method-body -index-store-path /Users/admin/builder/spi-builder-workspace/.derivedData/Index.noindex/DataStore @/Users/admin/builder/spi-builder-workspace/.derivedData/Build/Intermediates.noindex/Pyxift.build/Debug-watchos/CPyxiftCore.build/Objects-normal/armv7k/82b82416624d2658e5098eb0a28c15c5-common-args.resp -MMD -MT dependencies -MF /Users/admin/builder/spi-builder-workspace/.derivedData/Build/Intermediates.noindex/Pyxift.build/Debug-watchos/CPyxiftCore.build/Objects-normal/armv7k/InputTestBridge.d --serialize-diagnostics /Users/admin/builder/spi-builder-workspace/.derivedData/Build/Intermediates.noindex/Pyxift.build/Debug-watchos/CPyxiftCore.build/Objects-normal/armv7k/InputTestBridge.dia -c /Users/admin/builder/spi-builder-workspace/Sources/CPyxiftCore/src/InputTestBridge.cpp -o /Users/admin/builder/spi-builder-workspace/.derivedData/Build/Intermediates.noindex/Pyxift.build/Debug-watchos/CPyxiftCore.build/Objects-normal/armv7k/InputTestBridge.o -index-unit-output-path /Pyxift.build/Debug-watchos/CPyxiftCore.build/Objects-normal/armv7k/InputTestBridge.o
CompileC /Users/admin/builder/spi-builder-workspace/.derivedData/Build/Intermediates.noindex/Pyxift.build/Debug-watchos/CPyxiftCore.build/Objects-normal/armv7k/CanvasTestBridge.o /Users/admin/builder/spi-builder-workspace/Sources/CPyxiftCore/src/CanvasTestBridge.cpp normal armv7k c++ com.apple.compilers.llvm.clang.1_0.compiler (in target 'CPyxiftCore' from project 'Pyxift')
cd /Users/admin/builder/spi-builder-workspace/.swiftpm/xcode
Using response file: /Users/admin/builder/spi-builder-workspace/.derivedData/Build/Intermediates.noindex/Pyxift.build/Debug-watchos/CPyxiftCore.build/Objects-normal/armv7k/82b82416624d2658e5098eb0a28c15c5-common-args.resp
/Applications/Xcode-26.4.0.app/Contents/Developer/Toolchains/XcodeDefault.xctoolchain/usr/bin/clang -x c++ -ivfsstatcache /Users/admin/builder/spi-builder-workspace/.derivedData/SDKStatCaches.noindex/watchos26.4-23T238-688ef53f1462e2c8f657fdc38a81448f9e51884a582f42380855760c9d4cc599.sdkstatcache -target armv7k-apple-watchos5.0 -fmessage-length\=0 -fdiagnostics-show-note-include-stack -fmacro-backtrace-limit\=0 -fno-color-diagnostics -fmodules-prune-interval\=86400 -fmodules-prune-after\=345600 -fbuild-session-file\=/Users/admin/builder/spi-builder-workspace/.derivedData/ModuleCache.noindex/Session.modulevalidation -fmodules-validate-once-per-build-session -Wnon-modular-include-in-framework-module -Werror\=non-modular-include-in-framework-module -Wno-trigraphs -Wno-missing-field-initializers -Wno-missing-prototypes -Wno-return-type -Wno-non-virtual-dtor -Wno-overloaded-virtual -Wno-exit-time-destructors -Wno-missing-braces -Wparentheses -Wswitch -Wno-unused-function -Wno-unused-label -Wno-unused-parameter -Wno-unused-variable -Wunused-value -Wno-empty-body -Wno-uninitialized -Wno-unknown-pragmas -Wno-shadow -Wno-four-char-constants -Wno-conversion -Wno-constant-conversion -Wno-int-conversion -Wno-bool-conversion -Wno-enum-conversion -Wno-float-conversion -Wno-non-literal-null-conversion -Wno-objc-literal-conversion -Wno-shorten-64-to-32 -Wno-newline-eof -Wno-c++11-extensions -Wno-implicit-fallthrough -isysroot /Applications/Xcode-26.4.0.app/Contents/Developer/Platforms/WatchOS.platform/Developer/SDKs/WatchOS26.4.sdk -fstrict-aliasing -Wdeprecated-declarations -Winvalid-offsetof -Wno-sign-conversion -Wno-infinite-recursion -Wno-move -Wno-comma -Wno-block-capture-autoreleasing -Wno-strict-prototypes -Wno-range-loop-analysis -Wno-semicolon-before-method-body -index-store-path /Users/admin/builder/spi-builder-workspace/.derivedData/Index.noindex/DataStore @/Users/admin/builder/spi-builder-workspace/.derivedData/Build/Intermediates.noindex/Pyxift.build/Debug-watchos/CPyxiftCore.build/Objects-normal/armv7k/82b82416624d2658e5098eb0a28c15c5-common-args.resp -MMD -MT dependencies -MF /Users/admin/builder/spi-builder-workspace/.derivedData/Build/Intermediates.noindex/Pyxift.build/Debug-watchos/CPyxiftCore.build/Objects-normal/armv7k/CanvasTestBridge.d --serialize-diagnostics /Users/admin/builder/spi-builder-workspace/.derivedData/Build/Intermediates.noindex/Pyxift.build/Debug-watchos/CPyxiftCore.build/Objects-normal/armv7k/CanvasTestBridge.dia -c /Users/admin/builder/spi-builder-workspace/Sources/CPyxiftCore/src/CanvasTestBridge.cpp -o /Users/admin/builder/spi-builder-workspace/.derivedData/Build/Intermediates.noindex/Pyxift.build/Debug-watchos/CPyxiftCore.build/Objects-normal/armv7k/CanvasTestBridge.o -index-unit-output-path /Pyxift.build/Debug-watchos/CPyxiftCore.build/Objects-normal/armv7k/CanvasTestBridge.o
SwiftDriver Pyxift normal armv7k com.apple.xcode.tools.swift.compiler (in target 'Pyxift' from project 'Pyxift')
cd /Users/admin/builder/spi-builder-workspace/.swiftpm/xcode
builtin-SwiftDriver -- /Applications/Xcode-26.4.0.app/Contents/Developer/Toolchains/XcodeDefault.xctoolchain/usr/bin/swiftc -module-name Pyxift -Onone @/Users/admin/builder/spi-builder-workspace/.derivedData/Build/Intermediates.noindex/Pyxift.build/Debug-watchos/Pyxift.build/Objects-normal/armv7k/Pyxift.SwiftFileList -DSWIFT_PACKAGE -DDEBUG -DSWIFT_MODULE_RESOURCE_BUNDLE_UNAVAILABLE -Xcc -fmodule-map-file\=/Users/admin/builder/spi-builder-workspace/Sources/CSDL3/module.modulemap -DXcode -plugin-path /Applications/Xcode-26.4.0.app/Contents/Developer/Toolchains/XcodeDefault.xctoolchain/usr/lib/swift/host/plugins/testing -enable-experimental-feature DebugDescriptionMacro -sdk /Applications/Xcode-26.4.0.app/Contents/Developer/Platforms/WatchOS.platform/Developer/SDKs/WatchOS26.4.sdk -target armv7k-apple-watchos5.0 -g -module-cache-path /Users/admin/builder/spi-builder-workspace/.derivedData/ModuleCache.noindex -Xfrontend -serialize-debugging-options -profile-coverage-mapping -profile-generate -enable-testing -index-store-path /Users/admin/builder/spi-builder-workspace/.derivedData/Index.noindex/DataStore -Xcc -D_LIBCPP_HARDENING_MODE\=_LIBCPP_HARDENING_MODE_DEBUG -swift-version 6 -I /Users/admin/builder/spi-builder-workspace/.derivedData/Build/Products/Debug-watchos -Isystem /Applications/Xcode-26.4.0.app/Contents/Developer/Platforms/WatchOS.platform/Developer/usr/lib -F /Users/admin/builder/spi-builder-workspace/.derivedData/Build/Products/Debug-watchos/PackageFrameworks -F /Users/admin/builder/spi-builder-workspace/.derivedData/Build/Products/Debug-watchos -F /Applications/Xcode-26.4.0.app/Contents/Developer/Platforms/WatchOS.platform/Developer/Library/Frameworks -F /Applications/Xcode-26.4.0.app/Contents/Developer/Platforms/WatchOS.platform/Developer/SDKs/WatchOS26.4.sdk/Developer/Library/Frameworks -c -j10 -enable-batch-mode -incremental -Xcc -ivfsstatcache -Xcc /Users/admin/builder/spi-builder-workspace/.derivedData/SDKStatCaches.noindex/watchos26.4-23T238-688ef53f1462e2c8f657fdc38a81448f9e51884a582f42380855760c9d4cc599.sdkstatcache -output-file-map /Users/admin/builder/spi-builder-workspace/.derivedData/Build/Intermediates.noindex/Pyxift.build/Debug-watchos/Pyxift.build/Objects-normal/armv7k/Pyxift-OutputFileMap.json -use-frontend-parseable-output -save-temps -no-color-diagnostics -explicit-module-build -module-cache-path /Users/admin/builder/spi-builder-workspace/.derivedData/Build/Intermediates.noindex/SwiftExplicitPrecompiledModules -clang-scanner-module-cache-path /Users/admin/builder/spi-builder-workspace/.derivedData/ModuleCache.noindex -sdk-module-cache-path /Users/admin/builder/spi-builder-workspace/.derivedData/ModuleCache.noindex -serialize-diagnostics -emit-dependencies -emit-module -emit-module-path /Users/admin/builder/spi-builder-workspace/.derivedData/Build/Intermediates.noindex/Pyxift.build/Debug-watchos/Pyxift.build/Objects-normal/armv7k/Pyxift.swiftmodule -validate-clang-modules-once -clang-build-session-file /Users/admin/builder/spi-builder-workspace/.derivedData/ModuleCache.noindex/Session.modulevalidation -package-name spi_builder_workspace -Xcc -I/Users/admin/builder/spi-builder-workspace/.derivedData/Build/Intermediates.noindex/Pyxift.build/Debug-watchos/Pyxift.build/swift-overrides.hmap -emit-const-values -Xfrontend -const-gather-protocols-file -Xfrontend /Users/admin/builder/spi-builder-workspace/.derivedData/Build/Intermediates.noindex/Pyxift.build/Debug-watchos/Pyxift.build/Objects-normal/armv7k/Pyxift_const_extract_protocols.json -Xcc -I/Users/admin/builder/spi-builder-workspace/Sources/CPyxiftCore/include -Xcc -I/Users/admin/builder/spi-builder-workspace/.derivedData/Build/Products/Debug-watchos/include -Xcc -I/Users/admin/builder/spi-builder-workspace/.derivedData/Build/Intermediates.noindex/Pyxift.build/Debug-watchos/Pyxift.build/DerivedSources-normal/armv7k -Xcc -I/Users/admin/builder/spi-builder-workspace/.derivedData/Build/Intermediates.noindex/Pyxift.build/Debug-watchos/Pyxift.build/DerivedSources/armv7k -Xcc -I/Users/admin/builder/spi-builder-workspace/.derivedData/Build/Intermediates.noindex/Pyxift.build/Debug-watchos/Pyxift.build/DerivedSources -Xcc -DSWIFT_PACKAGE -Xcc -DDEBUG\=1 -emit-objc-header -emit-objc-header-path /Users/admin/builder/spi-builder-workspace/.derivedData/Build/Intermediates.noindex/Pyxift.build/Debug-watchos/Pyxift.build/Objects-normal/armv7k/Pyxift-Swift.h -working-directory /Users/admin/builder/spi-builder-workspace/.swiftpm/xcode -experimental-emit-module-separately -disable-cmo
SwiftDriver Pyxift normal arm64_32 com.apple.xcode.tools.swift.compiler (in target 'Pyxift' from project 'Pyxift')
cd /Users/admin/builder/spi-builder-workspace/.swiftpm/xcode
builtin-SwiftDriver -- /Applications/Xcode-26.4.0.app/Contents/Developer/Toolchains/XcodeDefault.xctoolchain/usr/bin/swiftc -module-name Pyxift -Onone @/Users/admin/builder/spi-builder-workspace/.derivedData/Build/Intermediates.noindex/Pyxift.build/Debug-watchos/Pyxift.build/Objects-normal/arm64_32/Pyxift.SwiftFileList -DSWIFT_PACKAGE -DDEBUG -DSWIFT_MODULE_RESOURCE_BUNDLE_UNAVAILABLE -Xcc -fmodule-map-file\=/Users/admin/builder/spi-builder-workspace/Sources/CSDL3/module.modulemap -DXcode -plugin-path /Applications/Xcode-26.4.0.app/Contents/Developer/Toolchains/XcodeDefault.xctoolchain/usr/lib/swift/host/plugins/testing -enable-experimental-feature DebugDescriptionMacro -sdk /Applications/Xcode-26.4.0.app/Contents/Developer/Platforms/WatchOS.platform/Developer/SDKs/WatchOS26.4.sdk -target arm64_32-apple-watchos5.0 -g -module-cache-path /Users/admin/builder/spi-builder-workspace/.derivedData/ModuleCache.noindex -Xfrontend -serialize-debugging-options -profile-coverage-mapping -profile-generate -enable-testing -index-store-path /Users/admin/builder/spi-builder-workspace/.derivedData/Index.noindex/DataStore -Xcc -D_LIBCPP_HARDENING_MODE\=_LIBCPP_HARDENING_MODE_DEBUG -swift-version 6 -I /Users/admin/builder/spi-builder-workspace/.derivedData/Build/Products/Debug-watchos -Isystem /Applications/Xcode-26.4.0.app/Contents/Developer/Platforms/WatchOS.platform/Developer/usr/lib -F /Users/admin/builder/spi-builder-workspace/.derivedData/Build/Products/Debug-watchos/PackageFrameworks -F /Users/admin/builder/spi-builder-workspace/.derivedData/Build/Products/Debug-watchos -F /Applications/Xcode-26.4.0.app/Contents/Developer/Platforms/WatchOS.platform/Developer/Library/Frameworks -F /Applications/Xcode-26.4.0.app/Contents/Developer/Platforms/WatchOS.platform/Developer/SDKs/WatchOS26.4.sdk/Developer/Library/Frameworks -c -j10 -enable-batch-mode -incremental -Xcc -ivfsstatcache -Xcc /Users/admin/builder/spi-builder-workspace/.derivedData/SDKStatCaches.noindex/watchos26.4-23T238-688ef53f1462e2c8f657fdc38a81448f9e51884a582f42380855760c9d4cc599.sdkstatcache -output-file-map /Users/admin/builder/spi-builder-workspace/.derivedData/Build/Intermediates.noindex/Pyxift.build/Debug-watchos/Pyxift.build/Objects-normal/arm64_32/Pyxift-OutputFileMap.json -use-frontend-parseable-output -save-temps -no-color-diagnostics -explicit-module-build -module-cache-path /Users/admin/builder/spi-builder-workspace/.derivedData/Build/Intermediates.noindex/SwiftExplicitPrecompiledModules -clang-scanner-module-cache-path /Users/admin/builder/spi-builder-workspace/.derivedData/ModuleCache.noindex -sdk-module-cache-path /Users/admin/builder/spi-builder-workspace/.derivedData/ModuleCache.noindex -serialize-diagnostics -emit-dependencies -emit-module -emit-module-path /Users/admin/builder/spi-builder-workspace/.derivedData/Build/Intermediates.noindex/Pyxift.build/Debug-watchos/Pyxift.build/Objects-normal/arm64_32/Pyxift.swiftmodule -validate-clang-modules-once -clang-build-session-file /Users/admin/builder/spi-builder-workspace/.derivedData/ModuleCache.noindex/Session.modulevalidation -package-name spi_builder_workspace -Xcc -I/Users/admin/builder/spi-builder-workspace/.derivedData/Build/Intermediates.noindex/Pyxift.build/Debug-watchos/Pyxift.build/swift-overrides.hmap -emit-const-values -Xfrontend -const-gather-protocols-file -Xfrontend /Users/admin/builder/spi-builder-workspace/.derivedData/Build/Intermediates.noindex/Pyxift.build/Debug-watchos/Pyxift.build/Objects-normal/arm64_32/Pyxift_const_extract_protocols.json -Xcc -I/Users/admin/builder/spi-builder-workspace/Sources/CPyxiftCore/include -Xcc -I/Users/admin/builder/spi-builder-workspace/.derivedData/Build/Products/Debug-watchos/include -Xcc -I/Users/admin/builder/spi-builder-workspace/.derivedData/Build/Intermediates.noindex/Pyxift.build/Debug-watchos/Pyxift.build/DerivedSources-normal/arm64_32 -Xcc -I/Users/admin/builder/spi-builder-workspace/.derivedData/Build/Intermediates.noindex/Pyxift.build/Debug-watchos/Pyxift.build/DerivedSources/arm64_32 -Xcc -I/Users/admin/builder/spi-builder-workspace/.derivedData/Build/Intermediates.noindex/Pyxift.build/Debug-watchos/Pyxift.build/DerivedSources -Xcc -DSWIFT_PACKAGE -Xcc -DDEBUG\=1 -emit-objc-header -emit-objc-header-path /Users/admin/builder/spi-builder-workspace/.derivedData/Build/Intermediates.noindex/Pyxift.build/Debug-watchos/Pyxift.build/Objects-normal/arm64_32/Pyxift-Swift.h -working-directory /Users/admin/builder/spi-builder-workspace/.swiftpm/xcode -experimental-emit-module-separately -disable-cmo
2026-06-28 10:00:59.652 xcodebuild[815:4975] [MT] IDERunDestination: Supported platforms for the buildables in the current scheme is empty.
** BUILD FAILED **
The following build commands failed:
CompileC /Users/admin/builder/spi-builder-workspace/.derivedData/Build/Intermediates.noindex/Pyxift.build/Debug-watchos/CPyxiftCore.build/Objects-normal/armv7k/Window.o /Users/admin/builder/spi-builder-workspace/Sources/CPyxiftCore/src/platform/Window.cpp normal armv7k c++ com.apple.compilers.llvm.clang.1_0.compiler (in target 'CPyxiftCore' from project 'Pyxift')
CompileC /Users/admin/builder/spi-builder-workspace/.derivedData/Build/Intermediates.noindex/Pyxift.build/Debug-watchos/CPyxiftCore.build/Objects-normal/armv7k/AudioOutput.o /Users/admin/builder/spi-builder-workspace/Sources/CPyxiftCore/src/platform/AudioOutput.cpp normal armv7k c++ com.apple.compilers.llvm.clang.1_0.compiler (in target 'CPyxiftCore' from project 'Pyxift')
Building workspace spi-builder-workspace with scheme Pyxift-Package
(3 failures)
BUILD FAILURE 6.3 watchOS