The Swift Package Index logo.Swift Package Index

Build Information

Failed to build Tentacle, reference 0.14.0 (fb9f20), with Swift 6.4 for watchOS using Xcode 27.0 on 17 Sep 2026 03:30:31 UTC.

Build Command

env DEVELOPER_DIR=/Applications/Xcode-27.0.0-Release.Candidate.app xcrun xcodebuild -IDEClonedSourcePackagesDirPathOverride=$PWD/.dependencies -skipMacroValidation -skipPackagePluginValidation -derivedDataPath $PWD/.derivedData build -scheme Tentacle -destination generic/platform=watchOS

Build Log

========================================
RunAll
========================================
Builder version: 5.1.0
Interrupt handler set up.
========================================
Checkout
========================================
Clone URL: https://github.com/mdiep/Tentacle.git
Reference: 0.14.0
Initialized empty Git repository in /Users/admin/builder/spi-builder-workspace/.git/
From https://github.com/mdiep/Tentacle
 * tag               0.14.0     -> FETCH_HEAD
HEAD is now at fb9f20c Merge pull request #109 from olejnjak/swift5.2
Submodule path 'Carthage/Checkouts/ReactiveSwift': checked out 'e27ccdbf4ec36f154b60b91a0d7e0110c4e882cb'
Submodule path 'Carthage/Checkouts/ReactiveSwift/Carthage/Checkouts/Nimble': checked out 'f8657642dfdec9973efc79cc68bcef43a653a2bc'
Submodule path 'Carthage/Checkouts/ReactiveSwift/Carthage/Checkouts/Quick': checked out '0b4ed6c706dd0cce923b5019a605a9bcc6b1b600'
Submodule path 'Carthage/Checkouts/ReactiveSwift/Carthage/Checkouts/Quick/Externals/Nimble': checked out 'a27c5186ce2d65f60d1237660b2509df3eb29023'
Submodule path 'Carthage/Checkouts/ReactiveSwift/Carthage/Checkouts/xcconfigs': checked out 'bb795558a76e5daf3688500055bbcfe243bffa8d'
Submodule path 'Carthage/Checkouts/Result': checked out '2ca499ba456795616fbc471561ff1d963e6ae160'
Submodule 'Carthage/Checkouts/ReactiveSwift' (https://github.com/ReactiveCocoa/ReactiveSwift.git) registered for path 'Carthage/Checkouts/ReactiveSwift'
Submodule 'Carthage/Checkouts/Result' (https://github.com/antitypical/Result.git) registered for path 'Carthage/Checkouts/Result'
Cloning into '/Users/admin/builder/spi-builder-workspace/Carthage/Checkouts/ReactiveSwift'...
Cloning into '/Users/admin/builder/spi-builder-workspace/Carthage/Checkouts/Result'...
Submodule 'Carthage/Checkouts/Nimble' (https://github.com/Quick/Nimble.git) registered for path 'Carthage/Checkouts/ReactiveSwift/Carthage/Checkouts/Nimble'
Submodule 'Carthage/Checkouts/Quick' (https://github.com/Quick/Quick.git) registered for path 'Carthage/Checkouts/ReactiveSwift/Carthage/Checkouts/Quick'
Submodule 'Carthage/Checkouts/xcconfigs' (https://github.com/jspahrsummers/xcconfigs.git) registered for path 'Carthage/Checkouts/ReactiveSwift/Carthage/Checkouts/xcconfigs'
Cloning into '/Users/admin/builder/spi-builder-workspace/Carthage/Checkouts/ReactiveSwift/Carthage/Checkouts/Nimble'...
Cloning into '/Users/admin/builder/spi-builder-workspace/Carthage/Checkouts/ReactiveSwift/Carthage/Checkouts/Quick'...
Cloning into '/Users/admin/builder/spi-builder-workspace/Carthage/Checkouts/ReactiveSwift/Carthage/Checkouts/xcconfigs'...
Submodule 'Externals/Nimble' (https://github.com/Quick/Nimble.git) registered for path 'Carthage/Checkouts/ReactiveSwift/Carthage/Checkouts/Quick/Externals/Nimble'
Cloning into '/Users/admin/builder/spi-builder-workspace/Carthage/Checkouts/ReactiveSwift/Carthage/Checkouts/Quick/Externals/Nimble'...
Cloned https://github.com/mdiep/Tentacle.git
Revision (git rev-parse @):
fb9f20c3cc094103799e271dd664e1ee1b76211e
SUCCESS checkout https://github.com/mdiep/Tentacle.git at 0.14.0
========================================
Build
========================================
Selected platform:         watchOS
Swift version:             6.4
Building package at path:  $PWD
https://github.com/mdiep/Tentacle.git
Command line invocation:
    /Applications/Xcode-27.0.0-Release.Candidate.app/Contents/Developer/usr/bin/xcodebuild -IDEClonedSourcePackagesDirPathOverride=/Users/admin/builder/spi-builder-workspace/.dependencies -resolvePackageDependencies
resolved source packages:
{
  "dependencies" : [
    {
      "identity" : "reactiveswift",
      "requirement" : {
        "range" : [
          {
            "lower_bound" : "6.0.0",
            "upper_bound" : "7.0.0"
          }
        ]
      },
      "type" : "sourceControl",
      "url" : "https://github.com/ReactiveCocoa/ReactiveSwift.git"
    }
  ],
  "manifest_display_name" : "Tentacle",
  "name" : "Tentacle",
  "path" : "/Users/admin/builder/spi-builder-workspace",
  "platforms" : [
  ],
  "products" : [
    {
      "name" : "Tentacle",
      "targets" : [
        "Tentacle"
      ],
      "type" : {
        "library" : [
          "automatic"
        ]
      }
    }
  ],
  "swift_languages_versions" : [
    "5"
  ],
  "targets" : [
    {
      "c99name" : "TentacleTests",
      "module_type" : "SwiftTarget",
      "name" : "TentacleTests",
      "path" : "Tests/TentacleTests",
      "sources" : [
        "BranchTests.swift",
        "ClientTests.swift",
        "ColorTests.swift",
        "CommentsTests.swift",
        "ContentTests.swift",
        "EndpointTests.swift",
        "FileResponseTests.swift",
        "FileTests.swift",
        "Fixture.swift",
        "GitHubErrorTests.swift",
        "HTTPStub.swift",
        "IssuesTests.swift",
        "ReleaseTests.swift",
        "RepositoryInfoTests.swift",
        "RepositoryTests.swift",
        "ResponseTests.swift",
        "ServerTests.swift",
        "TreeTests.swift",
        "UserTests.swift"
      ],
      "target_dependencies" : [
        "Tentacle"
      ],
      "type" : "test"
    },
    {
      "c99name" : "Tentacle",
      "module_type" : "SwiftTarget",
      "name" : "Tentacle",
      "path" : "Sources/Tentacle",
      "product_dependencies" : [
        "ReactiveSwift"
      ],
      "product_memberships" : [
        "Tentacle"
      ],
      "sources" : [
        "Author.swift",
        "Availability.swift",
        "Branch.swift",
        "Client.swift",
        "Color.swift",
        "Comment.swift",
        "Commit.swift",
        "Content.swift",
        "File.swift",
        "FileResponse.swift",
        "FoundationExtensions.swift",
        "GitHubError.swift",
        "Identifiable.swift",
        "Issue.swift",
        "JSONExtensions.swift",
        "Label.swift",
        "Milestone.swift",
        "Organization.swift",
        "PullRequest.swift",
        "Release.swift",
        "Repository.swift",
        "RepositoryInfo.swift",
        "Request.swift",
        "ResourceType.swift",
        "Response.swift",
        "Server.swift",
        "Sha.swift",
        "Tree.swift",
        "User.swift"
      ],
      "type" : "library"
    }
  ],
  "tools_version" : "5.2"
}
{
  "project" : {
    "configurations" : [
      "Debug",
      "Release"
    ],
    "name" : "Tentacle",
    "schemes" : [
      "Tentacle-iOS",
      "Tentacle-OSX",
      "update-test-fixtures"
    ],
    "targets" : [
      "Tentacle-OSX",
      "Tentacle-iOS",
      "Tentacle-OSXTests",
      "Tentacle-iOSTests",
      "update-test-fixtures"
    ]
  }
}
{
  "workspace" : {
    "name" : "Tentacle",
    "schemes" : [
      "Tentacle"
    ]
  }
}
2026-09-16 23:30:19.634 xcodebuild[742:4528] [MT] IDERunDestination: Supported platforms for the buildables in the current scheme is empty.
Running build ...
env DEVELOPER_DIR=/Applications/Xcode-27.0.0-Release.Candidate.app xcrun xcodebuild -IDEClonedSourcePackagesDirPathOverride=$PWD/.dependencies -skipMacroValidation -skipPackagePluginValidation -derivedDataPath $PWD/.derivedData build -scheme Tentacle -destination generic/platform=watchOS
Command line invocation:
    /Applications/Xcode-27.0.0-Release.Candidate.app/Contents/Developer/usr/bin/xcodebuild -IDEClonedSourcePackagesDirPathOverride=/Users/admin/builder/spi-builder-workspace/.dependencies -skipMacroValidation -skipPackagePluginValidation -derivedDataPath /Users/admin/builder/spi-builder-workspace/.derivedData build -scheme Tentacle -destination generic/platform=watchOS
Resolve Package Graph
Resolve Package Graph
Resolved source packages:
  ReactiveSwift: https://github.com/ReactiveCocoa/ReactiveSwift.git @ 6.7.0
  Tentacle: /Users/admin/builder/spi-builder-workspace
ComputePackagePrebuildTargetDependencyGraph
Prepare packages
CreateBuildRequest
SendProjectDescription
CreateBuildOperation
ComputeTargetDependencyGraph
note: Building targets in dependency order
note: Target dependency graph (4 targets)
    Target 'Tentacle-product' in project 'Tentacle'
        ➜ Explicit dependency on target 'Tentacle' in project 'Tentacle'
        ➜ Explicit dependency on target 'ReactiveSwift-product' in project 'ReactiveSwift'
    Target 'Tentacle' in project 'Tentacle'
        ➜ Explicit dependency on target 'ReactiveSwift-product' in project 'ReactiveSwift'
    Target 'ReactiveSwift-product' in project 'ReactiveSwift'
        ➜ Explicit dependency on target 'ReactiveSwift' in project 'ReactiveSwift'
    Target 'ReactiveSwift' in project 'ReactiveSwift' (no dependencies)
GatherProvisioningInputs
CreateBuildDescription
ExecuteExternalTool /Applications/Xcode-27.0.0-Release.Candidate.app/Contents/Developer/Toolchains/XcodeDefault.xctoolchain/usr/bin/clang -v -E -dM -isysroot /Applications/Xcode-27.0.0-Release.Candidate.app/Contents/Developer/Platforms/WatchOS.platform/Developer/SDKs/WatchOS27.0.sdk -x c -c /dev/null
ExecuteExternalTool /Applications/Xcode-27.0.0-Release.Candidate.app/Contents/Developer/Toolchains/XcodeDefault.xctoolchain/usr/bin/swiftc --version
ExecuteExternalTool /Applications/Xcode-27.0.0-Release.Candidate.app/Contents/Developer/Toolchains/XcodeDefault.xctoolchain/usr/bin/ld -version_details
Build description signature: dd05867dd2eac1a22c01137d8a6d9992
Build description path: /Users/admin/builder/spi-builder-workspace/.derivedData/Build/Intermediates.noindex/XCBuildData/dd05867dd2eac1a22c01137d8a6d9992.xcbuilddata
CreateBuildDirectory /Users/admin/builder/spi-builder-workspace/.derivedData/ModuleCache.noindex
    cd /Users/admin/builder/spi-builder-workspace/.swiftpm/xcode
    builtin-create-build-directory /Users/admin/builder/spi-builder-workspace/.derivedData/ModuleCache.noindex
CreateBuildDirectory /Users/admin/builder/spi-builder-workspace/.derivedData/CompilationCache.noindex
    cd /Users/admin/builder/spi-builder-workspace/.swiftpm/xcode
    builtin-create-build-directory /Users/admin/builder/spi-builder-workspace/.derivedData/CompilationCache.noindex
CreateBuildDirectory /Users/admin/builder/spi-builder-workspace/.derivedData/SDKExplicitPrecompiledModules
    cd /Users/admin/builder/spi-builder-workspace/.swiftpm/xcode
    builtin-create-build-directory /Users/admin/builder/spi-builder-workspace/.derivedData/SDKExplicitPrecompiledModules
ClangStatCache /Applications/Xcode-27.0.0-Release.Candidate.app/Contents/Developer/Toolchains/XcodeDefault.xctoolchain/usr/bin/clang-stat-cache /Applications/Xcode-27.0.0-Release.Candidate.app/Contents/Developer/Platforms/WatchOS.platform/Developer/SDKs/WatchOS27.0.sdk /Users/admin/builder/spi-builder-workspace/.derivedData/SDKStatCaches.noindex/watchos27.0-24R360-e829b21a6f8c9b70876ba0858053c04477534ef55a1706bf4c1112bbb242f0a2.sdkstatcache
    cd /Users/admin/builder/spi-builder-workspace/.swiftpm/xcode
    /Applications/Xcode-27.0.0-Release.Candidate.app/Contents/Developer/Toolchains/XcodeDefault.xctoolchain/usr/bin/clang-stat-cache /Applications/Xcode-27.0.0-Release.Candidate.app/Contents/Developer/Platforms/WatchOS.platform/Developer/SDKs/WatchOS27.0.sdk -o /Users/admin/builder/spi-builder-workspace/.derivedData/SDKStatCaches.noindex/watchos27.0-24R360-e829b21a6f8c9b70876ba0858053c04477534ef55a1706bf4c1112bbb242f0a2.sdkstatcache
CreateBuildDirectory /Users/admin/builder/spi-builder-workspace/.derivedData/Build/Products
    cd /Users/admin/builder/spi-builder-workspace/.swiftpm/xcode
    builtin-create-build-directory /Users/admin/builder/spi-builder-workspace/.derivedData/Build/Products
CreateBuildDirectory /Users/admin/builder/spi-builder-workspace/.derivedData/Build/Intermediates.noindex
    cd /Users/admin/builder/spi-builder-workspace/.swiftpm/xcode
    builtin-create-build-directory /Users/admin/builder/spi-builder-workspace/.derivedData/Build/Intermediates.noindex
CreateBuildDirectory /Users/admin/builder/spi-builder-workspace/.derivedData/Build/Intermediates.noindex/SwiftExplicitPrecompiledModules
    cd /Users/admin/builder/spi-builder-workspace/.swiftpm/xcode
    builtin-create-build-directory /Users/admin/builder/spi-builder-workspace/.derivedData/Build/Intermediates.noindex/SwiftExplicitPrecompiledModules
CreateBuildDirectory /Users/admin/builder/spi-builder-workspace/.derivedData/Build/Intermediates.noindex/PrecompiledHeaders
    cd /Users/admin/builder/spi-builder-workspace/.swiftpm/xcode
    builtin-create-build-directory /Users/admin/builder/spi-builder-workspace/.derivedData/Build/Intermediates.noindex/PrecompiledHeaders
CreateBuildDirectory /Users/admin/builder/spi-builder-workspace/.derivedData/Build/Intermediates.noindex/ExplicitPrecompiledModules
    cd /Users/admin/builder/spi-builder-workspace/.swiftpm/xcode
    builtin-create-build-directory /Users/admin/builder/spi-builder-workspace/.derivedData/Build/Intermediates.noindex/ExplicitPrecompiledModules
CreateBuildDirectory /Users/admin/builder/spi-builder-workspace/.derivedData/Build/Intermediates.noindex/EagerLinkingTBDs/Debug-watchos
    cd /Users/admin/builder/spi-builder-workspace/.swiftpm/xcode
    builtin-create-build-directory /Users/admin/builder/spi-builder-workspace/.derivedData/Build/Intermediates.noindex/EagerLinkingTBDs/Debug-watchos
CreateBuildDirectory /Users/admin/builder/spi-builder-workspace/.derivedData/Build/Products/Debug-watchos
    cd /Users/admin/builder/spi-builder-workspace/.swiftpm/xcode
    builtin-create-build-directory /Users/admin/builder/spi-builder-workspace/.derivedData/Build/Products/Debug-watchos
CreateBuildDirectory /Users/admin/builder/spi-builder-workspace/.derivedData/Build/Products/Debug-watchos/PackageFrameworks
    cd /Users/admin/builder/spi-builder-workspace/.swiftpm/xcode
    builtin-create-build-directory /Users/admin/builder/spi-builder-workspace/.derivedData/Build/Products/Debug-watchos/PackageFrameworks
WriteAuxiliaryFile /Users/admin/builder/spi-builder-workspace/.derivedData/Build/Intermediates.noindex/ReactiveSwift.build/Debug-watchos/ReactiveSwift-t.build/ReactiveSwift.modulemap (in target 'ReactiveSwift' from project 'ReactiveSwift')
    cd /Users/admin/builder/spi-builder-workspace/.dependencies/checkouts/ReactiveSwift
    write-file /Users/admin/builder/spi-builder-workspace/.derivedData/Build/Intermediates.noindex/ReactiveSwift.build/Debug-watchos/ReactiveSwift-t.build/ReactiveSwift.modulemap
WriteAuxiliaryFile /Users/admin/builder/spi-builder-workspace/.derivedData/Build/Intermediates.noindex/ReactiveSwift.build/Debug-watchos/ReactiveSwift-t.build/Objects-normal/arm64_32/ReactiveSwift-OutputFileMap.json (in target 'ReactiveSwift' from project 'ReactiveSwift')
    cd /Users/admin/builder/spi-builder-workspace/.dependencies/checkouts/ReactiveSwift
    write-file /Users/admin/builder/spi-builder-workspace/.derivedData/Build/Intermediates.noindex/ReactiveSwift.build/Debug-watchos/ReactiveSwift-t.build/Objects-normal/arm64_32/ReactiveSwift-OutputFileMap.json
WriteAuxiliaryFile /Users/admin/builder/spi-builder-workspace/.derivedData/Build/Intermediates.noindex/ReactiveSwift.build/Debug-watchos/ReactiveSwift-t.build/Objects-normal/arm64/ReactiveSwift.LinkFileList (in target 'ReactiveSwift' from project 'ReactiveSwift')
    cd /Users/admin/builder/spi-builder-workspace/.dependencies/checkouts/ReactiveSwift
    write-file /Users/admin/builder/spi-builder-workspace/.derivedData/Build/Intermediates.noindex/ReactiveSwift.build/Debug-watchos/ReactiveSwift-t.build/Objects-normal/arm64/ReactiveSwift.LinkFileList
WriteAuxiliaryFile /Users/admin/builder/spi-builder-workspace/.derivedData/Build/Intermediates.noindex/ReactiveSwift.build/Debug-watchos/ReactiveSwift-t.build/Objects-normal/arm64_32/ReactiveSwift.SwiftConstValuesFileList (in target 'ReactiveSwift' from project 'ReactiveSwift')
    cd /Users/admin/builder/spi-builder-workspace/.dependencies/checkouts/ReactiveSwift
    write-file /Users/admin/builder/spi-builder-workspace/.derivedData/Build/Intermediates.noindex/ReactiveSwift.build/Debug-watchos/ReactiveSwift-t.build/Objects-normal/arm64_32/ReactiveSwift.SwiftConstValuesFileList
WriteAuxiliaryFile /Users/admin/builder/spi-builder-workspace/.derivedData/Build/Intermediates.noindex/ReactiveSwift.build/Debug-watchos/ReactiveSwift-t.build/Objects-normal/arm64_32/ReactiveSwift.SwiftFileList (in target 'ReactiveSwift' from project 'ReactiveSwift')
    cd /Users/admin/builder/spi-builder-workspace/.dependencies/checkouts/ReactiveSwift
    write-file /Users/admin/builder/spi-builder-workspace/.derivedData/Build/Intermediates.noindex/ReactiveSwift.build/Debug-watchos/ReactiveSwift-t.build/Objects-normal/arm64_32/ReactiveSwift.SwiftFileList
WriteAuxiliaryFile /Users/admin/builder/spi-builder-workspace/.derivedData/Build/Intermediates.noindex/ReactiveSwift.build/Debug-watchos/ReactiveSwift-t.build/Objects-normal/arm64/ReactiveSwift_const_extract_protocols.json (in target 'ReactiveSwift' from project 'ReactiveSwift')
    cd /Users/admin/builder/spi-builder-workspace/.dependencies/checkouts/ReactiveSwift
    write-file /Users/admin/builder/spi-builder-workspace/.derivedData/Build/Intermediates.noindex/ReactiveSwift.build/Debug-watchos/ReactiveSwift-t.build/Objects-normal/arm64/ReactiveSwift_const_extract_protocols.json
WriteAuxiliaryFile /Users/admin/builder/spi-builder-workspace/.derivedData/Build/Intermediates.noindex/ReactiveSwift.build/Debug-watchos/ReactiveSwift-t.build/Objects-normal/arm64_32/ReactiveSwift.LinkFileList (in target 'ReactiveSwift' from project 'ReactiveSwift')
    cd /Users/admin/builder/spi-builder-workspace/.dependencies/checkouts/ReactiveSwift
    write-file /Users/admin/builder/spi-builder-workspace/.derivedData/Build/Intermediates.noindex/ReactiveSwift.build/Debug-watchos/ReactiveSwift-t.build/Objects-normal/arm64_32/ReactiveSwift.LinkFileList
WriteAuxiliaryFile /Users/admin/builder/spi-builder-workspace/.derivedData/Build/Intermediates.noindex/ReactiveSwift.build/Debug-watchos/ReactiveSwift-t.build/Objects-normal/arm64_32/ReactiveSwift_const_extract_protocols.json (in target 'ReactiveSwift' from project 'ReactiveSwift')
    cd /Users/admin/builder/spi-builder-workspace/.dependencies/checkouts/ReactiveSwift
    write-file /Users/admin/builder/spi-builder-workspace/.derivedData/Build/Intermediates.noindex/ReactiveSwift.build/Debug-watchos/ReactiveSwift-t.build/Objects-normal/arm64_32/ReactiveSwift_const_extract_protocols.json
WriteAuxiliaryFile /Users/admin/builder/spi-builder-workspace/.derivedData/Build/Intermediates.noindex/Tentacle.build/Debug-watchos/Tentacle-t.build/Tentacle.DependencyMetadataFileList (in target 'Tentacle' from project 'Tentacle')
    cd /Users/admin/builder/spi-builder-workspace
    write-file /Users/admin/builder/spi-builder-workspace/.derivedData/Build/Intermediates.noindex/Tentacle.build/Debug-watchos/Tentacle-t.build/Tentacle.DependencyMetadataFileList
WriteAuxiliaryFile /Users/admin/builder/spi-builder-workspace/.derivedData/Build/Intermediates.noindex/Tentacle.build/Debug-watchos/Tentacle-t.build/Tentacle.modulemap (in target 'Tentacle' from project 'Tentacle')
    cd /Users/admin/builder/spi-builder-workspace
    write-file /Users/admin/builder/spi-builder-workspace/.derivedData/Build/Intermediates.noindex/Tentacle.build/Debug-watchos/Tentacle-t.build/Tentacle.modulemap
WriteAuxiliaryFile /Users/admin/builder/spi-builder-workspace/.derivedData/Build/Intermediates.noindex/Tentacle.build/Debug-watchos/Tentacle-t.build/Tentacle.DependencyStaticMetadataFileList (in target 'Tentacle' from project 'Tentacle')
    cd /Users/admin/builder/spi-builder-workspace
    write-file /Users/admin/builder/spi-builder-workspace/.derivedData/Build/Intermediates.noindex/Tentacle.build/Debug-watchos/Tentacle-t.build/Tentacle.DependencyStaticMetadataFileList
WriteAuxiliaryFile /Users/admin/builder/spi-builder-workspace/.derivedData/Build/Intermediates.noindex/Tentacle.build/Debug-watchos/Tentacle-t.build/Objects-normal/arm64_32/Tentacle.SwiftFileList (in target 'Tentacle' from project 'Tentacle')
    cd /Users/admin/builder/spi-builder-workspace
    write-file /Users/admin/builder/spi-builder-workspace/.derivedData/Build/Intermediates.noindex/Tentacle.build/Debug-watchos/Tentacle-t.build/Objects-normal/arm64_32/Tentacle.SwiftFileList
WriteAuxiliaryFile /Users/admin/builder/spi-builder-workspace/.derivedData/Build/Intermediates.noindex/Tentacle.build/Debug-watchos/Tentacle-t.build/Objects-normal/arm64_32/Tentacle_const_extract_protocols.json (in target 'Tentacle' from project 'Tentacle')
    cd /Users/admin/builder/spi-builder-workspace
    write-file /Users/admin/builder/spi-builder-workspace/.derivedData/Build/Intermediates.noindex/Tentacle.build/Debug-watchos/Tentacle-t.build/Objects-normal/arm64_32/Tentacle_const_extract_protocols.json
WriteAuxiliaryFile /Users/admin/builder/spi-builder-workspace/.derivedData/Build/Intermediates.noindex/Tentacle.build/Debug-watchos/Tentacle-t.build/Objects-normal/arm64_32/Tentacle.SwiftConstValuesFileList (in target 'Tentacle' from project 'Tentacle')
    cd /Users/admin/builder/spi-builder-workspace
    write-file /Users/admin/builder/spi-builder-workspace/.derivedData/Build/Intermediates.noindex/Tentacle.build/Debug-watchos/Tentacle-t.build/Objects-normal/arm64_32/Tentacle.SwiftConstValuesFileList
WriteAuxiliaryFile /Users/admin/builder/spi-builder-workspace/.derivedData/Build/Intermediates.noindex/Tentacle.build/Debug-watchos/Tentacle-t.build/Objects-normal/arm64_32/Tentacle.LinkFileList (in target 'Tentacle' from project 'Tentacle')
    cd /Users/admin/builder/spi-builder-workspace
    write-file /Users/admin/builder/spi-builder-workspace/.derivedData/Build/Intermediates.noindex/Tentacle.build/Debug-watchos/Tentacle-t.build/Objects-normal/arm64_32/Tentacle.LinkFileList
WriteAuxiliaryFile /Users/admin/builder/spi-builder-workspace/.derivedData/Build/Intermediates.noindex/Tentacle.build/Debug-watchos/Tentacle-t.build/Objects-normal/arm64_32/Tentacle-OutputFileMap.json (in target 'Tentacle' from project 'Tentacle')
    cd /Users/admin/builder/spi-builder-workspace
    write-file /Users/admin/builder/spi-builder-workspace/.derivedData/Build/Intermediates.noindex/Tentacle.build/Debug-watchos/Tentacle-t.build/Objects-normal/arm64_32/Tentacle-OutputFileMap.json
WriteAuxiliaryFile /Users/admin/builder/spi-builder-workspace/.derivedData/Build/Intermediates.noindex/Tentacle.build/Debug-watchos/Tentacle-t.build/Objects-normal/arm64/Tentacle_const_extract_protocols.json (in target 'Tentacle' from project 'Tentacle')
    cd /Users/admin/builder/spi-builder-workspace
    write-file /Users/admin/builder/spi-builder-workspace/.derivedData/Build/Intermediates.noindex/Tentacle.build/Debug-watchos/Tentacle-t.build/Objects-normal/arm64/Tentacle_const_extract_protocols.json
WriteAuxiliaryFile /Users/admin/builder/spi-builder-workspace/.derivedData/Build/Intermediates.noindex/Tentacle.build/Debug-watchos/Tentacle-t.build/Objects-normal/arm64/Tentacle.SwiftFileList (in target 'Tentacle' from project 'Tentacle')
    cd /Users/admin/builder/spi-builder-workspace
    write-file /Users/admin/builder/spi-builder-workspace/.derivedData/Build/Intermediates.noindex/Tentacle.build/Debug-watchos/Tentacle-t.build/Objects-normal/arm64/Tentacle.SwiftFileList
WriteAuxiliaryFile /Users/admin/builder/spi-builder-workspace/.derivedData/Build/Intermediates.noindex/Tentacle.build/Debug-watchos/Tentacle-t.build/Objects-normal/arm64/Tentacle.SwiftConstValuesFileList (in target 'Tentacle' from project 'Tentacle')
    cd /Users/admin/builder/spi-builder-workspace
    write-file /Users/admin/builder/spi-builder-workspace/.derivedData/Build/Intermediates.noindex/Tentacle.build/Debug-watchos/Tentacle-t.build/Objects-normal/arm64/Tentacle.SwiftConstValuesFileList
WriteAuxiliaryFile /Users/admin/builder/spi-builder-workspace/.derivedData/Build/Intermediates.noindex/Tentacle.build/Debug-watchos/Tentacle-t.build/Objects-normal/arm64/Tentacle.LinkFileList (in target 'Tentacle' from project 'Tentacle')
    cd /Users/admin/builder/spi-builder-workspace
    write-file /Users/admin/builder/spi-builder-workspace/.derivedData/Build/Intermediates.noindex/Tentacle.build/Debug-watchos/Tentacle-t.build/Objects-normal/arm64/Tentacle.LinkFileList
WriteAuxiliaryFile /Users/admin/builder/spi-builder-workspace/.derivedData/Build/Intermediates.noindex/ReactiveSwift.build/Debug-watchos/ReactiveSwift-t.build/ReactiveSwift.DependencyStaticMetadataFileList (in target 'ReactiveSwift' from project 'ReactiveSwift')
    cd /Users/admin/builder/spi-builder-workspace/.dependencies/checkouts/ReactiveSwift
    write-file /Users/admin/builder/spi-builder-workspace/.derivedData/Build/Intermediates.noindex/ReactiveSwift.build/Debug-watchos/ReactiveSwift-t.build/ReactiveSwift.DependencyStaticMetadataFileList
WriteAuxiliaryFile /Users/admin/builder/spi-builder-workspace/.derivedData/Build/Intermediates.noindex/ReactiveSwift.build/Debug-watchos/ReactiveSwift-t.build/ReactiveSwift.DependencyMetadataFileList (in target 'ReactiveSwift' from project 'ReactiveSwift')
    cd /Users/admin/builder/spi-builder-workspace/.dependencies/checkouts/ReactiveSwift
    write-file /Users/admin/builder/spi-builder-workspace/.derivedData/Build/Intermediates.noindex/ReactiveSwift.build/Debug-watchos/ReactiveSwift-t.build/ReactiveSwift.DependencyMetadataFileList
WriteAuxiliaryFile /Users/admin/builder/spi-builder-workspace/.derivedData/Build/Intermediates.noindex/ReactiveSwift.build/Debug-watchos/ReactiveSwift-t.build/Objects-normal/arm64/ReactiveSwift.SwiftFileList (in target 'ReactiveSwift' from project 'ReactiveSwift')
    cd /Users/admin/builder/spi-builder-workspace/.dependencies/checkouts/ReactiveSwift
    write-file /Users/admin/builder/spi-builder-workspace/.derivedData/Build/Intermediates.noindex/ReactiveSwift.build/Debug-watchos/ReactiveSwift-t.build/Objects-normal/arm64/ReactiveSwift.SwiftFileList
WriteAuxiliaryFile /Users/admin/builder/spi-builder-workspace/.derivedData/Build/Intermediates.noindex/Tentacle.build/Debug-watchos/Tentacle-t.build/Objects-normal/arm64/Tentacle-OutputFileMap.json (in target 'Tentacle' from project 'Tentacle')
    cd /Users/admin/builder/spi-builder-workspace
    write-file /Users/admin/builder/spi-builder-workspace/.derivedData/Build/Intermediates.noindex/Tentacle.build/Debug-watchos/Tentacle-t.build/Objects-normal/arm64/Tentacle-OutputFileMap.json
Copy /Users/admin/builder/spi-builder-workspace/.derivedData/Build/Intermediates.noindex/GeneratedModuleMaps-watchos/Tentacle.modulemap /Users/admin/builder/spi-builder-workspace/.derivedData/Build/Intermediates.noindex/Tentacle.build/Debug-watchos/Tentacle-t.build/Tentacle.modulemap (in target 'Tentacle' from project 'Tentacle')
    cd /Users/admin/builder/spi-builder-workspace
    builtin-copy -exclude .DS_Store -exclude CVS -exclude .svn -exclude .git -exclude .hg -resolve-src-symlinks /Users/admin/builder/spi-builder-workspace/.derivedData/Build/Intermediates.noindex/Tentacle.build/Debug-watchos/Tentacle-t.build/Tentacle.modulemap /Users/admin/builder/spi-builder-workspace/.derivedData/Build/Intermediates.noindex/GeneratedModuleMaps-watchos
WriteAuxiliaryFile /Users/admin/builder/spi-builder-workspace/.derivedData/Build/Intermediates.noindex/ReactiveSwift.build/Debug-watchos/ReactiveSwift-t.build/Objects-normal/arm64/ReactiveSwift.SwiftConstValuesFileList (in target 'ReactiveSwift' from project 'ReactiveSwift')
    cd /Users/admin/builder/spi-builder-workspace/.dependencies/checkouts/ReactiveSwift
    write-file /Users/admin/builder/spi-builder-workspace/.derivedData/Build/Intermediates.noindex/ReactiveSwift.build/Debug-watchos/ReactiveSwift-t.build/Objects-normal/arm64/ReactiveSwift.SwiftConstValuesFileList
WriteAuxiliaryFile /Users/admin/builder/spi-builder-workspace/.derivedData/Build/Intermediates.noindex/ReactiveSwift.build/Debug-watchos/ReactiveSwift-t.build/Objects-normal/arm64/ReactiveSwift-OutputFileMap.json (in target 'ReactiveSwift' from project 'ReactiveSwift')
    cd /Users/admin/builder/spi-builder-workspace/.dependencies/checkouts/ReactiveSwift
    write-file /Users/admin/builder/spi-builder-workspace/.derivedData/Build/Intermediates.noindex/ReactiveSwift.build/Debug-watchos/ReactiveSwift-t.build/Objects-normal/arm64/ReactiveSwift-OutputFileMap.json
Copy /Users/admin/builder/spi-builder-workspace/.derivedData/Build/Intermediates.noindex/GeneratedModuleMaps-watchos/ReactiveSwift.modulemap /Users/admin/builder/spi-builder-workspace/.derivedData/Build/Intermediates.noindex/ReactiveSwift.build/Debug-watchos/ReactiveSwift-t.build/ReactiveSwift.modulemap (in target 'ReactiveSwift' from project 'ReactiveSwift')
    cd /Users/admin/builder/spi-builder-workspace/.dependencies/checkouts/ReactiveSwift
    builtin-copy -exclude .DS_Store -exclude CVS -exclude .svn -exclude .git -exclude .hg -resolve-src-symlinks /Users/admin/builder/spi-builder-workspace/.derivedData/Build/Intermediates.noindex/ReactiveSwift.build/Debug-watchos/ReactiveSwift-t.build/ReactiveSwift.modulemap /Users/admin/builder/spi-builder-workspace/.derivedData/Build/Intermediates.noindex/GeneratedModuleMaps-watchos
SwiftDriver ReactiveSwift normal arm64_32 com.apple.xcode.tools.swift.compiler (in target 'ReactiveSwift' from project 'ReactiveSwift')
    cd /Users/admin/builder/spi-builder-workspace/.swiftpm/xcode
    builtin-SwiftDriver -- /Applications/Xcode-27.0.0-Release.Candidate.app/Contents/Developer/Toolchains/XcodeDefault.xctoolchain/usr/bin/swiftc -parse-as-library -module-name ReactiveSwift -Onone @/Users/admin/builder/spi-builder-workspace/.derivedData/Build/Intermediates.noindex/ReactiveSwift.build/Debug-watchos/ReactiveSwift-t.build/Objects-normal/arm64_32/ReactiveSwift.SwiftFileList -DSWIFT_PACKAGE -DDEBUG -DSWIFT_MODULE_RESOURCE_BUNDLE_UNAVAILABLE -DXcode -plugin-path /Applications/Xcode-27.0.0-Release.Candidate.app/Contents/Developer/Toolchains/XcodeDefault.xctoolchain/usr/lib/swift/host/plugins/testing -enable-experimental-feature DebugDescriptionMacro -sdk /Applications/Xcode-27.0.0-Release.Candidate.app/Contents/Developer/Platforms/WatchOS.platform/Developer/SDKs/WatchOS27.0.sdk -target arm64_32-apple-watchos9.0 -g -module-cache-path /Users/admin/builder/spi-builder-workspace/.derivedData/ModuleCache.noindex -Xfrontend -serialize-debugging-options -profile-coverage-mapping -profile-generate -enable-testing -suppress-warnings -index-store-path /Users/admin/builder/spi-builder-workspace/.derivedData/Index.noindex/DataStore -Xcc -D_LIBCPP_HARDENING_MODE\=_LIBCPP_HARDENING_MODE_DEBUG -swift-version 5 -I /Users/admin/builder/spi-builder-workspace/.derivedData/Build/Products/Debug-watchos -Isystem /Applications/Xcode-27.0.0-Release.Candidate.app/Contents/Developer/Platforms/WatchOS.platform/Developer/usr/lib -F /Users/admin/builder/spi-builder-workspace/.derivedData/Build/Products/Debug-watchos -F /Applications/Xcode-27.0.0-Release.Candidate.app/Contents/Developer/Platforms/WatchOS.platform/Developer/Library/Frameworks -F /Applications/Xcode-27.0.0-Release.Candidate.app/Contents/Developer/Platforms/WatchOS.platform/Developer/SDKs/WatchOS27.0.sdk/Developer/Library/Frameworks -c -j10 -enable-batch-mode -incremental -Xcc -ivfsstatcache -Xcc /Users/admin/builder/spi-builder-workspace/.derivedData/SDKStatCaches.noindex/watchos27.0-24R360-e829b21a6f8c9b70876ba0858053c04477534ef55a1706bf4c1112bbb242f0a2.sdkstatcache -output-file-map /Users/admin/builder/spi-builder-workspace/.derivedData/Build/Intermediates.noindex/ReactiveSwift.build/Debug-watchos/ReactiveSwift-t.build/Objects-normal/arm64_32/ReactiveSwift-OutputFileMap.json -save-temps -no-color-diagnostics -explicit-module-build -module-cache-path /Users/admin/builder/spi-builder-workspace/.derivedData/Build/Intermediates.noindex/SwiftExplicitPrecompiledModules -clang-scanner-module-cache-path /Users/admin/builder/spi-builder-workspace/.derivedData/ModuleCache.noindex -sdk-module-cache-path /Users/admin/builder/spi-builder-workspace/.derivedData/SDKExplicitPrecompiledModules -emit-dependencies -emit-module -emit-module-path /Users/admin/builder/spi-builder-workspace/.derivedData/Build/Intermediates.noindex/ReactiveSwift.build/Debug-watchos/ReactiveSwift-t.build/Objects-normal/arm64_32/ReactiveSwift.swiftmodule -serialize-diagnostics -dependency-scan-serialize-diagnostics-path /Users/admin/builder/spi-builder-workspace/.derivedData/Build/Intermediates.noindex/ReactiveSwift.build/Debug-watchos/ReactiveSwift-t.build/Objects-normal/arm64_32/ReactiveSwift-dependency-scan.dia -validate-clang-modules-once -clang-build-session-file /Users/admin/builder/spi-builder-workspace/.derivedData/ModuleCache.noindex/Session.modulevalidation -Xcc -fmodules-prune-interval\=86400 -Xcc -fmodules-prune-after\=345600 -emit-const-values -const-gather-protocols-list /Users/admin/builder/spi-builder-workspace/.derivedData/Build/Intermediates.noindex/ReactiveSwift.build/Debug-watchos/ReactiveSwift-t.build/Objects-normal/arm64_32/ReactiveSwift_const_extract_protocols.json -Xcc -I/Users/admin/builder/spi-builder-workspace/.derivedData/Build/Products/Debug-watchos/include -Xcc -I/Users/admin/builder/spi-builder-workspace/.derivedData/Build/Intermediates.noindex/ReactiveSwift.build/Debug-watchos/ReactiveSwift-t.build/DerivedSources-normal/arm64_32 -Xcc -I/Users/admin/builder/spi-builder-workspace/.derivedData/Build/Intermediates.noindex/ReactiveSwift.build/Debug-watchos/ReactiveSwift-t.build/DerivedSources/arm64_32 -Xcc -I/Users/admin/builder/spi-builder-workspace/.derivedData/Build/Intermediates.noindex/ReactiveSwift.build/Debug-watchos/ReactiveSwift-t.build/DerivedSources -Xcc -DSWIFT_PACKAGE -Xcc -DDEBUG\=1 -emit-objc-header -emit-objc-header-path /Users/admin/builder/spi-builder-workspace/.derivedData/Build/Intermediates.noindex/ReactiveSwift.build/Debug-watchos/ReactiveSwift-t.build/Objects-normal/arm64_32/ReactiveSwift-Swift.h -working-directory /Users/admin/builder/spi-builder-workspace/.swiftpm/xcode -experimental-emit-module-separately -disable-cmo
SwiftDriver ReactiveSwift normal arm64 com.apple.xcode.tools.swift.compiler (in target 'ReactiveSwift' from project 'ReactiveSwift')
    cd /Users/admin/builder/spi-builder-workspace/.swiftpm/xcode
    builtin-SwiftDriver -- /Applications/Xcode-27.0.0-Release.Candidate.app/Contents/Developer/Toolchains/XcodeDefault.xctoolchain/usr/bin/swiftc -parse-as-library -module-name ReactiveSwift -Onone @/Users/admin/builder/spi-builder-workspace/.derivedData/Build/Intermediates.noindex/ReactiveSwift.build/Debug-watchos/ReactiveSwift-t.build/Objects-normal/arm64/ReactiveSwift.SwiftFileList -DSWIFT_PACKAGE -DDEBUG -DSWIFT_MODULE_RESOURCE_BUNDLE_UNAVAILABLE -DXcode -plugin-path /Applications/Xcode-27.0.0-Release.Candidate.app/Contents/Developer/Toolchains/XcodeDefault.xctoolchain/usr/lib/swift/host/plugins/testing -enable-experimental-feature DebugDescriptionMacro -sdk /Applications/Xcode-27.0.0-Release.Candidate.app/Contents/Developer/Platforms/WatchOS.platform/Developer/SDKs/WatchOS27.0.sdk -target arm64-apple-watchos9.0 -g -module-cache-path /Users/admin/builder/spi-builder-workspace/.derivedData/ModuleCache.noindex -Xfrontend -serialize-debugging-options -profile-coverage-mapping -profile-generate -enable-testing -suppress-warnings -index-store-path /Users/admin/builder/spi-builder-workspace/.derivedData/Index.noindex/DataStore -Xcc -D_LIBCPP_HARDENING_MODE\=_LIBCPP_HARDENING_MODE_DEBUG -swift-version 5 -I /Users/admin/builder/spi-builder-workspace/.derivedData/Build/Products/Debug-watchos -Isystem /Applications/Xcode-27.0.0-Release.Candidate.app/Contents/Developer/Platforms/WatchOS.platform/Developer/usr/lib -F /Users/admin/builder/spi-builder-workspace/.derivedData/Build/Products/Debug-watchos -F /Applications/Xcode-27.0.0-Release.Candidate.app/Contents/Developer/Platforms/WatchOS.platform/Developer/Library/Frameworks -F /Applications/Xcode-27.0.0-Release.Candidate.app/Contents/Developer/Platforms/WatchOS.platform/Developer/SDKs/WatchOS27.0.sdk/Developer/Library/Frameworks -c -j10 -enable-batch-mode -incremental -Xcc -ivfsstatcache -Xcc /Users/admin/builder/spi-builder-workspace/.derivedData/SDKStatCaches.noindex/watchos27.0-24R360-e829b21a6f8c9b70876ba0858053c04477534ef55a1706bf4c1112bbb242f0a2.sdkstatcache -output-file-map /Users/admin/builder/spi-builder-workspace/.derivedData/Build/Intermediates.noindex/ReactiveSwift.build/Debug-watchos/ReactiveSwift-t.build/Objects-normal/arm64/ReactiveSwift-OutputFileMap.json -save-temps -no-color-diagnostics -explicit-module-build -module-cache-path /Users/admin/builder/spi-builder-workspace/.derivedData/Build/Intermediates.noindex/SwiftExplicitPrecompiledModules -clang-scanner-module-cache-path /Users/admin/builder/spi-builder-workspace/.derivedData/ModuleCache.noindex -sdk-module-cache-path /Users/admin/builder/spi-builder-workspace/.derivedData/SDKExplicitPrecompiledModules -emit-dependencies -emit-module -emit-module-path /Users/admin/builder/spi-builder-workspace/.derivedData/Build/Intermediates.noindex/ReactiveSwift.build/Debug-watchos/ReactiveSwift-t.build/Objects-normal/arm64/ReactiveSwift.swiftmodule -serialize-diagnostics -dependency-scan-serialize-diagnostics-path /Users/admin/builder/spi-builder-workspace/.derivedData/Build/Intermediates.noindex/ReactiveSwift.build/Debug-watchos/ReactiveSwift-t.build/Objects-normal/arm64/ReactiveSwift-dependency-scan.dia -validate-clang-modules-once -clang-build-session-file /Users/admin/builder/spi-builder-workspace/.derivedData/ModuleCache.noindex/Session.modulevalidation -Xcc -fmodules-prune-interval\=86400 -Xcc -fmodules-prune-after\=345600 -emit-const-values -const-gather-protocols-list /Users/admin/builder/spi-builder-workspace/.derivedData/Build/Intermediates.noindex/ReactiveSwift.build/Debug-watchos/ReactiveSwift-t.build/Objects-normal/arm64/ReactiveSwift_const_extract_protocols.json -Xcc -I/Users/admin/builder/spi-builder-workspace/.derivedData/Build/Products/Debug-watchos/include -Xcc -I/Users/admin/builder/spi-builder-workspace/.derivedData/Build/Intermediates.noindex/ReactiveSwift.build/Debug-watchos/ReactiveSwift-t.build/DerivedSources-normal/arm64 -Xcc -I/Users/admin/builder/spi-builder-workspace/.derivedData/Build/Intermediates.noindex/ReactiveSwift.build/Debug-watchos/ReactiveSwift-t.build/DerivedSources/arm64 -Xcc -I/Users/admin/builder/spi-builder-workspace/.derivedData/Build/Intermediates.noindex/ReactiveSwift.build/Debug-watchos/ReactiveSwift-t.build/DerivedSources -Xcc -DSWIFT_PACKAGE -Xcc -DDEBUG\=1 -emit-objc-header -emit-objc-header-path /Users/admin/builder/spi-builder-workspace/.derivedData/Build/Intermediates.noindex/ReactiveSwift.build/Debug-watchos/ReactiveSwift-t.build/Objects-normal/arm64/ReactiveSwift-Swift.h -working-directory /Users/admin/builder/spi-builder-workspace/.swiftpm/xcode -experimental-emit-module-separately -disable-cmo
SwiftExplicitDependencyGeneratePcm arm64_32 /Users/admin/builder/spi-builder-workspace/.derivedData/SDKExplicitPrecompiledModules/_SwiftConcurrencyShims-6RTBPQ03V7BM9SPRK8SUE055H.pcm
SwiftExplicitDependencyGeneratePcm arm64_32 /Users/admin/builder/spi-builder-workspace/.derivedData/SDKExplicitPrecompiledModules/SwiftShims-9CQQGWTSNTN9EB5NSHDWUJICH.pcm
SwiftExplicitDependencyGeneratePcm arm64_32 /Users/admin/builder/spi-builder-workspace/.derivedData/SDKExplicitPrecompiledModules/_Builtin_float-6KO8O3PEWRCA4WC6PPLOYO6WJ.pcm
SwiftExplicitDependencyGeneratePcm arm64_32 /Users/admin/builder/spi-builder-workspace/.derivedData/SDKExplicitPrecompiledModules/ptrauth-BFXF358ME5AK535N5A9Z766WU.pcm
SwiftExplicitDependencyGeneratePcm arm64_32 /Users/admin/builder/spi-builder-workspace/.derivedData/SDKExplicitPrecompiledModules/_Builtin_stdbool-A967K8W8YUYEC9SN52KJ7OO88.pcm
SwiftExplicitDependencyGeneratePcm arm64_32 /Users/admin/builder/spi-builder-workspace/.derivedData/SDKExplicitPrecompiledModules/_Builtin_stdarg-D305JG44A2WPI6CJY37X3QJE8.pcm
SwiftExplicitDependencyGeneratePcm arm64_32 /Users/admin/builder/spi-builder-workspace/.derivedData/SDKExplicitPrecompiledModules/_Builtin_stddef-H44EFHQX6XSS5MZ7QP6YJZ76.pcm
SwiftExplicitDependencyGeneratePcm arm64 /Users/admin/builder/spi-builder-workspace/.derivedData/SDKExplicitPrecompiledModules/ptrcheck-AIF0NDOYZ8ORBNHQAQR5NNB8M.pcm
SwiftExplicitDependencyGeneratePcm arm64 /Users/admin/builder/spi-builder-workspace/.derivedData/SDKExplicitPrecompiledModules/_Builtin_float-C0CW5Q4HGBQYKE77TC42IAFB5.pcm
SwiftExplicitDependencyGeneratePcm arm64 /Users/admin/builder/spi-builder-workspace/.derivedData/SDKExplicitPrecompiledModules/_SwiftConcurrencyShims-659N52XSKR5F0QSB880BH2FJR.pcm
SwiftExplicitDependencyGeneratePcm arm64 /Users/admin/builder/spi-builder-workspace/.derivedData/SDKExplicitPrecompiledModules/_AvailabilityInternal-BUNV3UXM65NT37THI4W1AM0SF.pcm
SwiftExplicitDependencyGeneratePcm arm64 /Users/admin/builder/spi-builder-workspace/.derivedData/SDKExplicitPrecompiledModules/_Builtin_stdarg-A7UU8LE6MP85SM26YO7PBZNUQ.pcm
SwiftExplicitDependencyGeneratePcm arm64_32 /Users/admin/builder/spi-builder-workspace/.derivedData/SDKExplicitPrecompiledModules/ptrcheck-7ELIH9BTIGVKX3UBITM9N72WD.pcm
SwiftExplicitDependencyGeneratePcm arm64_32 /Users/admin/builder/spi-builder-workspace/.derivedData/SDKExplicitPrecompiledModules/_AvailabilityInternal-244WAN3Z1QBT7PIA64EZEFY1R.pcm
SwiftExplicitDependencyGeneratePcm arm64 /Users/admin/builder/spi-builder-workspace/.derivedData/SDKExplicitPrecompiledModules/SwiftShims-4MXFZPV6FEB0XBYXCGPWAMQGL.pcm
SwiftExplicitDependencyGeneratePcm arm64 /Users/admin/builder/spi-builder-workspace/.derivedData/SDKExplicitPrecompiledModules/_Builtin_stdbool-83J96QSOFE9VX04AAS6310UAE.pcm
SwiftExplicitDependencyGeneratePcm arm64 /Users/admin/builder/spi-builder-workspace/.derivedData/SDKExplicitPrecompiledModules/_Builtin_stddef-1FU30Y8SWFB7OUUHMJQH5J6FM.pcm
SwiftExplicitDependencyGeneratePcm arm64 /Users/admin/builder/spi-builder-workspace/.derivedData/SDKExplicitPrecompiledModules/ptrauth-3TZ9WJCGLYD25HQPWH4968ONX.pcm
SwiftExplicitDependencyGeneratePcm arm64 /Users/admin/builder/spi-builder-workspace/.derivedData/SDKExplicitPrecompiledModules/_DarwinFoundation1-7SPX3MD0HMP55E4OLNCPNDQ53.pcm
SwiftExplicitDependencyGeneratePcm arm64_32 /Users/admin/builder/spi-builder-workspace/.derivedData/SDKExplicitPrecompiledModules/_DarwinFoundation1-2GWF9RFMPLQW4PDHS3NARVI3G.pcm
SwiftExplicitDependencyGeneratePcm arm64 /Users/admin/builder/spi-builder-workspace/.derivedData/SDKExplicitPrecompiledModules/_DarwinFoundation2-D0XAPJU49S5E9XMKYOFGSTB1Q.pcm
SwiftExplicitDependencyGeneratePcm arm64 /Users/admin/builder/spi-builder-workspace/.derivedData/SDKExplicitPrecompiledModules/_Builtin_limits-9GWPA2B0H20DYUNYHYCWKABJG.pcm
SwiftExplicitDependencyGeneratePcm arm64_32 /Users/admin/builder/spi-builder-workspace/.derivedData/SDKExplicitPrecompiledModules/_DarwinFoundation2-9MY8GOSYRO0M9MKNXF6D3MBNK.pcm
SwiftExplicitDependencyGeneratePcm arm64_32 /Users/admin/builder/spi-builder-workspace/.derivedData/SDKExplicitPrecompiledModules/_Builtin_limits-3VKBU2AFTD65PAJZ5CJ3LHFM2.pcm
SwiftExplicitDependencyGeneratePcm arm64 /Users/admin/builder/spi-builder-workspace/.derivedData/SDKExplicitPrecompiledModules/sys_types-2KXQLI78OUCDP779AE68GZJ2.pcm
SwiftExplicitDependencyGeneratePcm arm64 /Users/admin/builder/spi-builder-workspace/.derivedData/SDKExplicitPrecompiledModules/string_h-E6PRXK75PHIPCZFWOFCQ3QBMK.pcm
SwiftExplicitDependencyGeneratePcm arm64 /Users/admin/builder/spi-builder-workspace/.derivedData/SDKExplicitPrecompiledModules/_Builtin_stdint-8XMILLJZEGRN2XG7XZUXZ5RLX.pcm
SwiftExplicitDependencyGeneratePcm arm64_32 /Users/admin/builder/spi-builder-workspace/.derivedData/SDKExplicitPrecompiledModules/string_h-BFVLUQUSBZWYMLCU9QI7VZALW.pcm
SwiftExplicitDependencyGeneratePcm arm64_32 /Users/admin/builder/spi-builder-workspace/.derivedData/SDKExplicitPrecompiledModules/_Builtin_stdint-1HMXWI3V0V4TXHRWZOMZGZ80Y.pcm
SwiftExplicitDependencyGeneratePcm arm64_32 /Users/admin/builder/spi-builder-workspace/.derivedData/SDKExplicitPrecompiledModules/sys_types-8TLLMW08ZJWDGIIPKOYFGHHZW.pcm
SwiftExplicitDependencyGeneratePcm arm64 /Users/admin/builder/spi-builder-workspace/.derivedData/SDKExplicitPrecompiledModules/_DarwinFoundation3-B97LRG0E9GON2NUE65TVG81HU.pcm
SwiftExplicitDependencyGeneratePcm arm64_32 /Users/admin/builder/spi-builder-workspace/.derivedData/SDKExplicitPrecompiledModules/_DarwinFoundation3-3DUTYQDQSD9HUAAVY947NMWOI.pcm
SwiftExplicitDependencyGeneratePcm arm64 /Users/admin/builder/spi-builder-workspace/.derivedData/SDKExplicitPrecompiledModules/_Builtin_inttypes-3UQSCM7WNM9EK4HZML8TY5J3D.pcm
SwiftExplicitDependencyGeneratePcm arm64_32 /Users/admin/builder/spi-builder-workspace/.derivedData/SDKExplicitPrecompiledModules/_Builtin_inttypes-D2KPCR4PEX9AQA33NGLUT5SBR.pcm
SwiftExplicitDependencyGeneratePcm arm64_32 /Users/admin/builder/spi-builder-workspace/.derivedData/SDKExplicitPrecompiledModules/Darwin-3FVT1SKLN2ZQ5RVOABMTQBB34.pcm
SwiftExplicitDependencyGeneratePcm arm64 /Users/admin/builder/spi-builder-workspace/.derivedData/SDKExplicitPrecompiledModules/Darwin-3984OXKFNSPE77NT743WK8SEX.pcm
SwiftExplicitDependencyGeneratePcm arm64 /Users/admin/builder/spi-builder-workspace/.derivedData/SDKExplicitPrecompiledModules/MachO-2U90NNSAQILBNBPS1SA4F8TYP.pcm
SwiftExplicitDependencyGeneratePcm arm64 /Users/admin/builder/spi-builder-workspace/.derivedData/SDKExplicitPrecompiledModules/ObjectiveC-72IVD3VS2RS8Q28D9PIMY0KQP.pcm
SwiftExplicitDependencyGeneratePcm arm64_32 /Users/admin/builder/spi-builder-workspace/.derivedData/SDKExplicitPrecompiledModules/ObjectiveC-6IJNELR2E80E7LUKESVCP2KET.pcm
SwiftExplicitDependencyGeneratePcm arm64_32 /Users/admin/builder/spi-builder-workspace/.derivedData/SDKExplicitPrecompiledModules/MachO-56838ZJ0NC1EBAJ0O6O8QMPDX.pcm
SwiftExplicitDependencyGeneratePcm arm64_32 /Users/admin/builder/spi-builder-workspace/.derivedData/SDKExplicitPrecompiledModules/os_object-5YWTC6L4756IWSTPGXS5NM0D0.pcm
SwiftExplicitDependencyGeneratePcm arm64 /Users/admin/builder/spi-builder-workspace/.derivedData/SDKExplicitPrecompiledModules/os_object-3SDKD7F87FTZ26OON37DRYT6O.pcm
SwiftExplicitDependencyGeneratePcm arm64_32 /Users/admin/builder/spi-builder-workspace/.derivedData/SDKExplicitPrecompiledModules/os_workgroup-5JHTPDMNBUNHLJI8LPHKQK1JK.pcm
SwiftExplicitDependencyGeneratePcm arm64 /Users/admin/builder/spi-builder-workspace/.derivedData/SDKExplicitPrecompiledModules/os_workgroup-89GG5G7YC2D0ZTK6AZXXQ20DH.pcm
SwiftExplicitDependencyGeneratePcm arm64_32 /Users/admin/builder/spi-builder-workspace/.derivedData/SDKExplicitPrecompiledModules/Dispatch-2P62F1T4XV63S4P99TUDTOK2Q.pcm
SwiftExplicitDependencyGeneratePcm arm64 /Users/admin/builder/spi-builder-workspace/.derivedData/SDKExplicitPrecompiledModules/Dispatch-1NLJOVAK60XP0DUB05XA59EIM.pcm
SwiftExplicitDependencyGeneratePcm arm64 /Users/admin/builder/spi-builder-workspace/.derivedData/SDKExplicitPrecompiledModules/CoreFoundation-8T2L24YC5NU7WO6WQJWRY7W08.pcm
SwiftExplicitDependencyGeneratePcm arm64 /Users/admin/builder/spi-builder-workspace/.derivedData/SDKExplicitPrecompiledModules/XPC-40DR0X1DHKGCV4J1IOLFS8MOU.pcm
SwiftExplicitDependencyGeneratePcm arm64_32 /Users/admin/builder/spi-builder-workspace/.derivedData/SDKExplicitPrecompiledModules/XPC-81Y45QFY96XYYFCW2GT6FY8S4.pcm
SwiftExplicitDependencyGeneratePcm arm64_32 /Users/admin/builder/spi-builder-workspace/.derivedData/SDKExplicitPrecompiledModules/CoreFoundation-8E6Y4BA3EXYKUGJ24GT9LGV3N.pcm
SwiftExplicitDependencyGeneratePcm arm64_32 /Users/admin/builder/spi-builder-workspace/.derivedData/SDKExplicitPrecompiledModules/Security-D7TOWF88VWF67TB9HAFP5UWB1.pcm
SwiftExplicitDependencyGeneratePcm arm64 /Users/admin/builder/spi-builder-workspace/.derivedData/SDKExplicitPrecompiledModules/Security-6RZ6YBRU8WCUHRFFRVUK5WKMM.pcm
SwiftExplicitDependencyGeneratePcm arm64_32 /Users/admin/builder/spi-builder-workspace/.derivedData/SDKExplicitPrecompiledModules/Foundation-BJ2VQGI3OGR34500MEQ1VKHPH.pcm
SwiftExplicitDependencyGeneratePcm arm64 /Users/admin/builder/spi-builder-workspace/.derivedData/SDKExplicitPrecompiledModules/Foundation-DLBKUSGXN8QHAT8W0OARR9S8A.pcm
SwiftEmitModule normal arm64 Emitting\ module\ for\ ReactiveSwift (in target 'ReactiveSwift' from project 'ReactiveSwift')
SwiftCompile normal arm64 (in target 'ReactiveSwift' from project 'ReactiveSwift')
    cd /Users/admin/builder/spi-builder-workspace/.swiftpm/xcode

SwiftCompile normal arm64 Compiling\ ObserveOn.swift,\ Observer.swift,\ Operators.swift,\ Reduce.swift,\ ScanMap.swift /Users/admin/builder/spi-builder-workspace/.dependencies/checkouts/ReactiveSwift/Sources/Observers/ObserveOn.swift /Users/admin/builder/spi-builder-workspace/.dependencies/checkouts/ReactiveSwift/Sources/Observers/Observer.swift /Users/admin/builder/spi-builder-workspace/.dependencies/checkouts/ReactiveSwift/Sources/Observers/Operators.swift /Users/admin/builder/spi-builder-workspace/.dependencies/checkouts/ReactiveSwift/Sources/Observers/Reduce.swift /Users/admin/builder/spi-builder-workspace/.dependencies/checkouts/ReactiveSwift/Sources/Observers/ScanMap.swift (in target 'ReactiveSwift' from project 'ReactiveSwift')
SwiftCompile normal arm64 /Users/admin/builder/spi-builder-workspace/.dependencies/checkouts/ReactiveSwift/Sources/Observers/ObserveOn.swift (in target 'ReactiveSwift' from project 'ReactiveSwift')
    cd /Users/admin/builder/spi-builder-workspace/.swiftpm/xcode
    builtin-SwiftPerFileCompile ObserveOn.swift
SwiftCompile normal arm64 /Users/admin/builder/spi-builder-workspace/.dependencies/checkouts/ReactiveSwift/Sources/Observers/Observer.swift (in target 'ReactiveSwift' from project 'ReactiveSwift')
    cd /Users/admin/builder/spi-builder-workspace/.swiftpm/xcode
    builtin-SwiftPerFileCompile Observer.swift
SwiftCompile normal arm64 /Users/admin/builder/spi-builder-workspace/.dependencies/checkouts/ReactiveSwift/Sources/Observers/Operators.swift (in target 'ReactiveSwift' from project 'ReactiveSwift')
    cd /Users/admin/builder/spi-builder-workspace/.swiftpm/xcode
    builtin-SwiftPerFileCompile Operators.swift
SwiftCompile normal arm64 /Users/admin/builder/spi-builder-workspace/.dependencies/checkouts/ReactiveSwift/Sources/Observers/Reduce.swift (in target 'ReactiveSwift' from project 'ReactiveSwift')
    cd /Users/admin/builder/spi-builder-workspace/.swiftpm/xcode
    builtin-SwiftPerFileCompile Reduce.swift
SwiftCompile normal arm64 /Users/admin/builder/spi-builder-workspace/.dependencies/checkouts/ReactiveSwift/Sources/Observers/ScanMap.swift (in target 'ReactiveSwift' from project 'ReactiveSwift')
    cd /Users/admin/builder/spi-builder-workspace/.swiftpm/xcode
    builtin-SwiftPerFileCompile ScanMap.swift
SwiftCompile normal arm64 Compiling\ Debounce.swift,\ Delay.swift,\ Dematerialize.swift,\ DematerializeResults.swift,\ Filter.swift /Users/admin/builder/spi-builder-workspace/.dependencies/checkouts/ReactiveSwift/Sources/Observers/Debounce.swift /Users/admin/builder/spi-builder-workspace/.dependencies/checkouts/ReactiveSwift/Sources/Observers/Delay.swift /Users/admin/builder/spi-builder-workspace/.dependencies/checkouts/ReactiveSwift/Sources/Observers/Dematerialize.swift /Users/admin/builder/spi-builder-workspace/.dependencies/checkouts/ReactiveSwift/Sources/Observers/DematerializeResults.swift /Users/admin/builder/spi-builder-workspace/.dependencies/checkouts/ReactiveSwift/Sources/Observers/Filter.swift (in target 'ReactiveSwift' from project 'ReactiveSwift')
SwiftCompile normal arm64 /Users/admin/builder/spi-builder-workspace/.dependencies/checkouts/ReactiveSwift/Sources/Observers/Debounce.swift (in target 'ReactiveSwift' from project 'ReactiveSwift')
    cd /Users/admin/builder/spi-builder-workspace/.swiftpm/xcode
    builtin-SwiftPerFileCompile Debounce.swift
SwiftCompile normal arm64 /Users/admin/builder/spi-builder-workspace/.dependencies/checkouts/ReactiveSwift/Sources/Observers/Delay.swift (in target 'ReactiveSwift' from project 'ReactiveSwift')
    cd /Users/admin/builder/spi-builder-workspace/.swiftpm/xcode
    builtin-SwiftPerFileCompile Delay.swift
SwiftCompile normal arm64 /Users/admin/builder/spi-builder-workspace/.dependencies/checkouts/ReactiveSwift/Sources/Observers/Dematerialize.swift (in target 'ReactiveSwift' from project 'ReactiveSwift')
    cd /Users/admin/builder/spi-builder-workspace/.swiftpm/xcode
    builtin-SwiftPerFileCompile Dematerialize.swift
SwiftCompile normal arm64 /Users/admin/builder/spi-builder-workspace/.dependencies/checkouts/ReactiveSwift/Sources/Observers/DematerializeResults.swift (in target 'ReactiveSwift' from project 'ReactiveSwift')
    cd /Users/admin/builder/spi-builder-workspace/.swiftpm/xcode
    builtin-SwiftPerFileCompile DematerializeResults.swift
SwiftCompile normal arm64 /Users/admin/builder/spi-builder-workspace/.dependencies/checkouts/ReactiveSwift/Sources/Observers/Filter.swift (in target 'ReactiveSwift' from project 'ReactiveSwift')
    cd /Users/admin/builder/spi-builder-workspace/.swiftpm/xcode
    builtin-SwiftPerFileCompile Filter.swift
SwiftCompile normal arm64 Compiling\ AttemptMap.swift,\ Collect.swift,\ CollectEvery.swift,\ CombinePrevious.swift,\ CompactMap.swift /Users/admin/builder/spi-builder-workspace/.dependencies/checkouts/ReactiveSwift/Sources/Observers/AttemptMap.swift /Users/admin/builder/spi-builder-workspace/.dependencies/checkouts/ReactiveSwift/Sources/Observers/Collect.swift /Users/admin/builder/spi-builder-workspace/.dependencies/checkouts/ReactiveSwift/Sources/Observers/CollectEvery.swift /Users/admin/builder/spi-builder-workspace/.dependencies/checkouts/ReactiveSwift/Sources/Observers/CombinePrevious.swift /Users/admin/builder/spi-builder-workspace/.dependencies/checkouts/ReactiveSwift/Sources/Observers/CompactMap.swift (in target 'ReactiveSwift' from project 'ReactiveSwift')
SwiftCompile normal arm64 /Users/admin/builder/spi-builder-workspace/.dependencies/checkouts/ReactiveSwift/Sources/Observers/AttemptMap.swift (in target 'ReactiveSwift' from project 'ReactiveSwift')
    cd /Users/admin/builder/spi-builder-workspace/.swiftpm/xcode
    builtin-SwiftPerFileCompile AttemptMap.swift
SwiftCompile normal arm64 /Users/admin/builder/spi-builder-workspace/.dependencies/checkouts/ReactiveSwift/Sources/Observers/Collect.swift (in target 'ReactiveSwift' from project 'ReactiveSwift')
    cd /Users/admin/builder/spi-builder-workspace/.swiftpm/xcode
    builtin-SwiftPerFileCompile Collect.swift
SwiftCompile normal arm64 /Users/admin/builder/spi-builder-workspace/.dependencies/checkouts/ReactiveSwift/Sources/Observers/CollectEvery.swift (in target 'ReactiveSwift' from project 'ReactiveSwift')
    cd /Users/admin/builder/spi-builder-workspace/.swiftpm/xcode
    builtin-SwiftPerFileCompile CollectEvery.swift
SwiftCompile normal arm64 /Users/admin/builder/spi-builder-workspace/.dependencies/checkouts/ReactiveSwift/Sources/Observers/CombinePrevious.swift (in target 'ReactiveSwift' from project 'ReactiveSwift')
    cd /Users/admin/builder/spi-builder-workspace/.swiftpm/xcode
    builtin-SwiftPerFileCompile CombinePrevious.swift
SwiftCompile normal arm64 /Users/admin/builder/spi-builder-workspace/.dependencies/checkouts/ReactiveSwift/Sources/Observers/CompactMap.swift (in target 'ReactiveSwift' from project 'ReactiveSwift')
    cd /Users/admin/builder/spi-builder-workspace/.swiftpm/xcode
    builtin-SwiftPerFileCompile CompactMap.swift
SwiftCompile normal arm64 Compiling\ TakeWhile.swift,\ Throttle.swift,\ UnaryAsyncOperator.swift,\ UniqueValues.swift,\ Optional.swift /Users/admin/builder/spi-builder-workspace/.dependencies/checkouts/ReactiveSwift/Sources/Observers/TakeWhile.swift /Users/admin/builder/spi-builder-workspace/.dependencies/checkouts/ReactiveSwift/Sources/Observers/Throttle.swift /Users/admin/builder/spi-builder-workspace/.dependencies/checkouts/ReactiveSwift/Sources/Observers/UnaryAsyncOperator.swift /Users/admin/builder/spi-builder-workspace/.dependencies/checkouts/ReactiveSwift/Sources/Observers/UniqueValues.swift /Users/admin/builder/spi-builder-workspace/.dependencies/checkouts/ReactiveSwift/Sources/Optional.swift (in target 'ReactiveSwift' from project 'ReactiveSwift')
SwiftCompile normal arm64 /Users/admin/builder/spi-builder-workspace/.dependencies/checkouts/ReactiveSwift/Sources/Observers/TakeWhile.swift (in target 'ReactiveSwift' from project 'ReactiveSwift')
    cd /Users/admin/builder/spi-builder-workspace/.swiftpm/xcode
    builtin-SwiftPerFileCompile TakeWhile.swift
SwiftCompile normal arm64 /Users/admin/builder/spi-builder-workspace/.dependencies/checkouts/ReactiveSwift/Sources/Observers/Throttle.swift (in target 'ReactiveSwift' from project 'ReactiveSwift')
    cd /Users/admin/builder/spi-builder-workspace/.swiftpm/xcode
    builtin-SwiftPerFileCompile Throttle.swift
SwiftCompile normal arm64 /Users/admin/builder/spi-builder-workspace/.dependencies/checkouts/ReactiveSwift/Sources/Observers/UnaryAsyncOperator.swift (in target 'ReactiveSwift' from project 'ReactiveSwift')
    cd /Users/admin/builder/spi-builder-workspace/.swiftpm/xcode
    builtin-SwiftPerFileCompile UnaryAsyncOperator.swift
SwiftCompile normal arm64 /Users/admin/builder/spi-builder-workspace/.dependencies/checkouts/ReactiveSwift/Sources/Observers/UniqueValues.swift (in target 'ReactiveSwift' from project 'ReactiveSwift')
    cd /Users/admin/builder/spi-builder-workspace/.swiftpm/xcode
    builtin-SwiftPerFileCompile UniqueValues.swift
SwiftCompile normal arm64 /Users/admin/builder/spi-builder-workspace/.dependencies/checkouts/ReactiveSwift/Sources/Optional.swift (in target 'ReactiveSwift' from project 'ReactiveSwift')
    cd /Users/admin/builder/spi-builder-workspace/.swiftpm/xcode
    builtin-SwiftPerFileCompile Optional.swift
SwiftCompile normal arm64 Compiling\ Property.swift,\ Reactive.swift,\ ResultExtensions.swift,\ Scheduler.swift,\ Signal.Observer.swift /Users/admin/builder/spi-builder-workspace/.dependencies/checkouts/ReactiveSwift/Sources/Property.swift /Users/admin/builder/spi-builder-workspace/.dependencies/checkouts/ReactiveSwift/Sources/Reactive.swift /Users/admin/builder/spi-builder-workspace/.dependencies/checkouts/ReactiveSwift/Sources/ResultExtensions.swift /Users/admin/builder/spi-builder-workspace/.dependencies/checkouts/ReactiveSwift/Sources/Scheduler.swift /Users/admin/builder/spi-builder-workspace/.dependencies/checkouts/ReactiveSwift/Sources/Signal.Observer.swift (in target 'ReactiveSwift' from project 'ReactiveSwift')
SwiftCompile normal arm64 /Users/admin/builder/spi-builder-workspace/.dependencies/checkouts/ReactiveSwift/Sources/Property.swift (in target 'ReactiveSwift' from project 'ReactiveSwift')
    cd /Users/admin/builder/spi-builder-workspace/.swiftpm/xcode
    builtin-SwiftPerFileCompile Property.swift
SwiftCompile normal arm64 /Users/admin/builder/spi-builder-workspace/.dependencies/checkouts/ReactiveSwift/Sources/Reactive.swift (in target 'ReactiveSwift' from project 'ReactiveSwift')
    cd /Users/admin/builder/spi-builder-workspace/.swiftpm/xcode
    builtin-SwiftPerFileCompile Reactive.swift
SwiftCompile normal arm64 /Users/admin/builder/spi-builder-workspace/.dependencies/checkouts/ReactiveSwift/Sources/ResultExtensions.swift (in target 'ReactiveSwift' from project 'ReactiveSwift')
    cd /Users/admin/builder/spi-builder-workspace/.swiftpm/xcode
    builtin-SwiftPerFileCompile ResultExtensions.swift
SwiftCompile normal arm64 /Users/admin/builder/spi-builder-workspace/.dependencies/checkouts/ReactiveSwift/Sources/Scheduler.swift (in target 'ReactiveSwift' from project 'ReactiveSwift')
    cd /Users/admin/builder/spi-builder-workspace/.swiftpm/xcode
    builtin-SwiftPerFileCompile Scheduler.swift
SwiftCompile normal arm64 /Users/admin/builder/spi-builder-workspace/.dependencies/checkouts/ReactiveSwift/Sources/Signal.Observer.swift (in target 'ReactiveSwift' from project 'ReactiveSwift')
    cd /Users/admin/builder/spi-builder-workspace/.swiftpm/xcode
    builtin-SwiftPerFileCompile Signal.Observer.swift
SwiftCompile normal arm64 Compiling\ LazyMap.swift,\ Map.swift,\ MapError.swift,\ Materialize.swift,\ MaterializeAsResult.swift /Users/admin/builder/spi-builder-workspace/.dependencies/checkouts/ReactiveSwift/Sources/Observers/LazyMap.swift /Users/admin/builder/spi-builder-workspace/.dependencies/checkouts/ReactiveSwift/Sources/Observers/Map.swift /Users/admin/builder/spi-builder-workspace/.dependencies/checkouts/ReactiveSwift/Sources/Observers/MapError.swift /Users/admin/builder/spi-builder-workspace/.dependencies/checkouts/ReactiveSwift/Sources/Observers/Materialize.swift /Users/admin/builder/spi-builder-workspace/.dependencies/checkouts/ReactiveSwift/Sources/Observers/MaterializeAsResult.swift (in target 'ReactiveSwift' from project 'ReactiveSwift')
SwiftCompile normal arm64 /Users/admin/builder/spi-builder-workspace/.dependencies/checkouts/ReactiveSwift/Sources/Observers/LazyMap.swift (in target 'ReactiveSwift' from project 'ReactiveSwift')
    cd /Users/admin/builder/spi-builder-workspace/.swiftpm/xcode
    builtin-SwiftPerFileCompile LazyMap.swift
SwiftCompile normal arm64 /Users/admin/builder/spi-builder-workspace/.dependencies/checkouts/ReactiveSwift/Sources/Observers/Map.swift (in target 'ReactiveSwift' from project 'ReactiveSwift')
    cd /Users/admin/builder/spi-builder-workspace/.swiftpm/xcode
    builtin-SwiftPerFileCompile Map.swift
SwiftCompile normal arm64 /Users/admin/builder/spi-builder-workspace/.dependencies/checkouts/ReactiveSwift/Sources/Observers/MapError.swift (in target 'ReactiveSwift' from project 'ReactiveSwift')
    cd /Users/admin/builder/spi-builder-workspace/.swiftpm/xcode
    builtin-SwiftPerFileCompile MapError.swift
SwiftCompile normal arm64 /Users/admin/builder/spi-builder-workspace/.dependencies/checkouts/ReactiveSwift/Sources/Observers/Materialize.swift (in target 'ReactiveSwift' from project 'ReactiveSwift')
    cd /Users/admin/builder/spi-builder-workspace/.swiftpm/xcode
    builtin-SwiftPerFileCompile Materialize.swift
SwiftCompile normal arm64 /Users/admin/builder/spi-builder-workspace/.dependencies/checkouts/ReactiveSwift/Sources/Observers/MaterializeAsResult.swift (in target 'ReactiveSwift' from project 'ReactiveSwift')
    cd /Users/admin/builder/spi-builder-workspace/.swiftpm/xcode
    builtin-SwiftPerFileCompile MaterializeAsResult.swift
SwiftCompile normal arm64 Compiling\ Signal.swift,\ SignalProducer.swift,\ UnidirectionalBinding.swift,\ UninhabitedTypeGuards.swift,\ ValidatingProperty.swift /Users/admin/builder/spi-builder-workspace/.dependencies/checkouts/ReactiveSwift/Sources/Signal.swift /Users/admin/builder/spi-builder-workspace/.dependencies/checkouts/ReactiveSwift/Sources/SignalProducer.swift /Users/admin/builder/spi-builder-workspace/.dependencies/checkouts/ReactiveSwift/Sources/UnidirectionalBinding.swift /Users/admin/builder/spi-builder-workspace/.dependencies/checkouts/ReactiveSwift/Sources/UninhabitedTypeGuards.swift /Users/admin/builder/spi-builder-workspace/.dependencies/checkouts/ReactiveSwift/Sources/ValidatingProperty.swift (in target 'ReactiveSwift' from project 'ReactiveSwift')
SwiftCompile normal arm64 /Users/admin/builder/spi-builder-workspace/.dependencies/checkouts/ReactiveSwift/Sources/Signal.swift (in target 'ReactiveSwift' from project 'ReactiveSwift')
    cd /Users/admin/builder/spi-builder-workspace/.swiftpm/xcode
    builtin-SwiftPerFileCompile Signal.swift
SwiftCompile normal arm64 /Users/admin/builder/spi-builder-workspace/.dependencies/checkouts/ReactiveSwift/Sources/SignalProducer.swift (in target 'ReactiveSwift' from project 'ReactiveSwift')
    cd /Users/admin/builder/spi-builder-workspace/.swiftpm/xcode
    builtin-SwiftPerFileCompile SignalProducer.swift
SwiftCompile normal arm64 /Users/admin/builder/spi-builder-workspace/.dependencies/checkouts/ReactiveSwift/Sources/UnidirectionalBinding.swift (in target 'ReactiveSwift' from project 'ReactiveSwift')
    cd /Users/admin/builder/spi-builder-workspace/.swiftpm/xcode
    builtin-SwiftPerFileCompile UnidirectionalBinding.swift
SwiftCompile normal arm64 /Users/admin/builder/spi-builder-workspace/.dependencies/checkouts/ReactiveSwift/Sources/UninhabitedTypeGuards.swift (in target 'ReactiveSwift' from project 'ReactiveSwift')
    cd /Users/admin/builder/spi-builder-workspace/.swiftpm/xcode
    builtin-SwiftPerFileCompile UninhabitedTypeGuards.swift
SwiftCompile normal arm64 /Users/admin/builder/spi-builder-workspace/.dependencies/checkouts/ReactiveSwift/Sources/ValidatingProperty.swift (in target 'ReactiveSwift' from project 'ReactiveSwift')
    cd /Users/admin/builder/spi-builder-workspace/.swiftpm/xcode
    builtin-SwiftPerFileCompile ValidatingProperty.swift
SwiftCompile normal arm64 Compiling\ Event.swift,\ EventLogger.swift,\ Flatten.swift,\ FoundationExtensions.swift,\ Lifetime.swift /Users/admin/builder/spi-builder-workspace/.dependencies/checkouts/ReactiveSwift/Sources/Event.swift /Users/admin/builder/spi-builder-workspace/.dependencies/checkouts/ReactiveSwift/Sources/EventLogger.swift /Users/admin/builder/spi-builder-workspace/.dependencies/checkouts/ReactiveSwift/Sources/Flatten.swift /Users/admin/builder/spi-builder-workspace/.dependencies/checkouts/ReactiveSwift/Sources/FoundationExtensions.swift /Users/admin/builder/spi-builder-workspace/.dependencies/checkouts/ReactiveSwift/Sources/Lifetime.swift (in target 'ReactiveSwift' from project 'ReactiveSwift')
SwiftCompile normal arm64 /Users/admin/builder/spi-builder-workspace/.dependencies/checkouts/ReactiveSwift/Sources/Event.swift (in target 'ReactiveSwift' from project 'ReactiveSwift')
    cd /Users/admin/builder/spi-builder-workspace/.swiftpm/xcode
    builtin-SwiftPerFileCompile Event.swift
SwiftCompile normal arm64 /Users/admin/builder/spi-builder-workspace/.dependencies/checkouts/ReactiveSwift/Sources/EventLogger.swift (in target 'ReactiveSwift' from project 'ReactiveSwift')
    cd /Users/admin/builder/spi-builder-workspace/.swiftpm/xcode
    builtin-SwiftPerFileCompile EventLogger.swift
SwiftCompile normal arm64 /Users/admin/builder/spi-builder-workspace/.dependencies/checkouts/ReactiveSwift/Sources/Flatten.swift (in target 'ReactiveSwift' from project 'ReactiveSwift')
    cd /Users/admin/builder/spi-builder-workspace/.swiftpm/xcode
    builtin-SwiftPerFileCompile Flatten.swift
SwiftCompile normal arm64 /Users/admin/builder/spi-builder-workspace/.dependencies/checkouts/ReactiveSwift/Sources/FoundationExtensions.swift (in target 'ReactiveSwift' from project 'ReactiveSwift')
    cd /Users/admin/builder/spi-builder-workspace/.swiftpm/xcode
    builtin-SwiftPerFileCompile FoundationExtensions.swift
SwiftCompile normal arm64 /Users/admin/builder/spi-builder-workspace/.dependencies/checkouts/ReactiveSwift/Sources/Lifetime.swift (in target 'ReactiveSwift' from project 'ReactiveSwift')
    cd /Users/admin/builder/spi-builder-workspace/.swiftpm/xcode
    builtin-SwiftPerFileCompile Lifetime.swift
SwiftEmitModule normal arm64_32 Emitting\ module\ for\ ReactiveSwift (in target 'ReactiveSwift' from project 'ReactiveSwift')
SwiftCompile normal arm64_32 (in target 'ReactiveSwift' from project 'ReactiveSwift')
    cd /Users/admin/builder/spi-builder-workspace/.swiftpm/xcode

SwiftCompile normal arm64_32 Compiling\ Property.swift,\ Reactive.swift,\ ResultExtensions.swift,\ Scheduler.swift,\ Signal.Observer.swift /Users/admin/builder/spi-builder-workspace/.dependencies/checkouts/ReactiveSwift/Sources/Property.swift /Users/admin/builder/spi-builder-workspace/.dependencies/checkouts/ReactiveSwift/Sources/Reactive.swift /Users/admin/builder/spi-builder-workspace/.dependencies/checkouts/ReactiveSwift/Sources/ResultExtensions.swift /Users/admin/builder/spi-builder-workspace/.dependencies/checkouts/ReactiveSwift/Sources/Scheduler.swift /Users/admin/builder/spi-builder-workspace/.dependencies/checkouts/ReactiveSwift/Sources/Signal.Observer.swift (in target 'ReactiveSwift' from project 'ReactiveSwift')
SwiftCompile normal arm64_32 /Users/admin/builder/spi-builder-workspace/.dependencies/checkouts/ReactiveSwift/Sources/Property.swift (in target 'ReactiveSwift' from project 'ReactiveSwift')
    cd /Users/admin/builder/spi-builder-workspace/.swiftpm/xcode
    builtin-SwiftPerFileCompile Property.swift
SwiftCompile normal arm64_32 /Users/admin/builder/spi-builder-workspace/.dependencies/checkouts/ReactiveSwift/Sources/Reactive.swift (in target 'ReactiveSwift' from project 'ReactiveSwift')
    cd /Users/admin/builder/spi-builder-workspace/.swiftpm/xcode
    builtin-SwiftPerFileCompile Reactive.swift
SwiftCompile normal arm64_32 /Users/admin/builder/spi-builder-workspace/.dependencies/checkouts/ReactiveSwift/Sources/ResultExtensions.swift (in target 'ReactiveSwift' from project 'ReactiveSwift')
    cd /Users/admin/builder/spi-builder-workspace/.swiftpm/xcode
    builtin-SwiftPerFileCompile ResultExtensions.swift
SwiftCompile normal arm64_32 /Users/admin/builder/spi-builder-workspace/.dependencies/checkouts/ReactiveSwift/Sources/Scheduler.swift (in target 'ReactiveSwift' from project 'ReactiveSwift')
    cd /Users/admin/builder/spi-builder-workspace/.swiftpm/xcode
    builtin-SwiftPerFileCompile Scheduler.swift
SwiftCompile normal arm64_32 /Users/admin/builder/spi-builder-workspace/.dependencies/checkouts/ReactiveSwift/Sources/Signal.Observer.swift (in target 'ReactiveSwift' from project 'ReactiveSwift')
    cd /Users/admin/builder/spi-builder-workspace/.swiftpm/xcode
    builtin-SwiftPerFileCompile Signal.Observer.swift
SwiftDriverJobDiscovery normal arm64 Emitting module for ReactiveSwift (in target 'ReactiveSwift' from project 'ReactiveSwift')
SwiftDriver\ Compilation\ Requirements ReactiveSwift normal arm64 com.apple.xcode.tools.swift.compiler (in target 'ReactiveSwift' from project 'ReactiveSwift')
    cd /Users/admin/builder/spi-builder-workspace/.swiftpm/xcode
    builtin-Swift-Compilation-Requirements -- /Applications/Xcode-27.0.0-Release.Candidate.app/Contents/Developer/Toolchains/XcodeDefault.xctoolchain/usr/bin/swiftc -parse-as-library -module-name ReactiveSwift -Onone @/Users/admin/builder/spi-builder-workspace/.derivedData/Build/Intermediates.noindex/ReactiveSwift.build/Debug-watchos/ReactiveSwift-t.build/Objects-normal/arm64/ReactiveSwift.SwiftFileList -DSWIFT_PACKAGE -DDEBUG -DSWIFT_MODULE_RESOURCE_BUNDLE_UNAVAILABLE -DXcode -plugin-path /Applications/Xcode-27.0.0-Release.Candidate.app/Contents/Developer/Toolchains/XcodeDefault.xctoolchain/usr/lib/swift/host/plugins/testing -enable-experimental-feature DebugDescriptionMacro -sdk /Applications/Xcode-27.0.0-Release.Candidate.app/Contents/Developer/Platforms/WatchOS.platform/Developer/SDKs/WatchOS27.0.sdk -target arm64-apple-watchos9.0 -g -module-cache-path /Users/admin/builder/spi-builder-workspace/.derivedData/ModuleCache.noindex -Xfrontend -serialize-debugging-options -profile-coverage-mapping -profile-generate -enable-testing -suppress-warnings -index-store-path /Users/admin/builder/spi-builder-workspace/.derivedData/Index.noindex/DataStore -Xcc -D_LIBCPP_HARDENING_MODE\=_LIBCPP_HARDENING_MODE_DEBUG -swift-version 5 -I /Users/admin/builder/spi-builder-workspace/.derivedData/Build/Products/Debug-watchos -Isystem /Applications/Xcode-27.0.0-Release.Candidate.app/Contents/Developer/Platforms/WatchOS.platform/Developer/usr/lib -F /Users/admin/builder/spi-builder-workspace/.derivedData/Build/Products/Debug-watchos -F /Applications/Xcode-27.0.0-Release.Candidate.app/Contents/Developer/Platforms/WatchOS.platform/Developer/Library/Frameworks -F /Applications/Xcode-27.0.0-Release.Candidate.app/Contents/Developer/Platforms/WatchOS.platform/Developer/SDKs/WatchOS27.0.sdk/Developer/Library/Frameworks -c -j10 -enable-batch-mode -incremental -Xcc -ivfsstatcache -Xcc /Users/admin/builder/spi-builder-workspace/.derivedData/SDKStatCaches.noindex/watchos27.0-24R360-e829b21a6f8c9b70876ba0858053c04477534ef55a1706bf4c1112bbb242f0a2.sdkstatcache -output-file-map /Users/admin/builder/spi-builder-workspace/.derivedData/Build/Intermediates.noindex/ReactiveSwift.build/Debug-watchos/ReactiveSwift-t.build/Objects-normal/arm64/ReactiveSwift-OutputFileMap.json -save-temps -no-color-diagnostics -explicit-module-build -module-cache-path /Users/admin/builder/spi-builder-workspace/.derivedData/Build/Intermediates.noindex/SwiftExplicitPrecompiledModules -clang-scanner-module-cache-path /Users/admin/builder/spi-builder-workspace/.derivedData/ModuleCache.noindex -sdk-module-cache-path /Users/admin/builder/spi-builder-workspace/.derivedData/SDKExplicitPrecompiledModules -emit-dependencies -emit-module -emit-module-path /Users/admin/builder/spi-builder-workspace/.derivedData/Build/Intermediates.noindex/ReactiveSwift.build/Debug-watchos/ReactiveSwift-t.build/Objects-normal/arm64/ReactiveSwift.swiftmodule -serialize-diagnostics -dependency-scan-serialize-diagnostics-path /Users/admin/builder/spi-builder-workspace/.derivedData/Build/Intermediates.noindex/ReactiveSwift.build/Debug-watchos/ReactiveSwift-t.build/Objects-normal/arm64/ReactiveSwift-dependency-scan.dia -validate-clang-modules-once -clang-build-session-file /Users/admin/builder/spi-builder-workspace/.derivedData/ModuleCache.noindex/Session.modulevalidation -Xcc -fmodules-prune-interval\=86400 -Xcc -fmodules-prune-after\=345600 -emit-const-values -const-gather-protocols-list /Users/admin/builder/spi-builder-workspace/.derivedData/Build/Intermediates.noindex/ReactiveSwift.build/Debug-watchos/ReactiveSwift-t.build/Objects-normal/arm64/ReactiveSwift_const_extract_protocols.json -Xcc -I/Users/admin/builder/spi-builder-workspace/.derivedData/Build/Products/Debug-watchos/include -Xcc -I/Users/admin/builder/spi-builder-workspace/.derivedData/Build/Intermediates.noindex/ReactiveSwift.build/Debug-watchos/ReactiveSwift-t.build/DerivedSources-normal/arm64 -Xcc -I/Users/admin/builder/spi-builder-workspace/.derivedData/Build/Intermediates.noindex/ReactiveSwift.build/Debug-watchos/ReactiveSwift-t.build/DerivedSources/arm64 -Xcc -I/Users/admin/builder/spi-builder-workspace/.derivedData/Build/Intermediates.noindex/ReactiveSwift.build/Debug-watchos/ReactiveSwift-t.build/DerivedSources -Xcc -DSWIFT_PACKAGE -Xcc -DDEBUG\=1 -emit-objc-header -emit-objc-header-path /Users/admin/builder/spi-builder-workspace/.derivedData/Build/Intermediates.noindex/ReactiveSwift.build/Debug-watchos/ReactiveSwift-t.build/Objects-normal/arm64/ReactiveSwift-Swift.h -working-directory /Users/admin/builder/spi-builder-workspace/.swiftpm/xcode -experimental-emit-module-separately -disable-cmo
SwiftDriverJobDiscovery normal arm64_32 Emitting module for ReactiveSwift (in target 'ReactiveSwift' from project 'ReactiveSwift')
SwiftDriver\ Compilation\ Requirements ReactiveSwift normal arm64_32 com.apple.xcode.tools.swift.compiler (in target 'ReactiveSwift' from project 'ReactiveSwift')
    cd /Users/admin/builder/spi-builder-workspace/.swiftpm/xcode
    builtin-Swift-Compilation-Requirements -- /Applications/Xcode-27.0.0-Release.Candidate.app/Contents/Developer/Toolchains/XcodeDefault.xctoolchain/usr/bin/swiftc -parse-as-library -module-name ReactiveSwift -Onone @/Users/admin/builder/spi-builder-workspace/.derivedData/Build/Intermediates.noindex/ReactiveSwift.build/Debug-watchos/ReactiveSwift-t.build/Objects-normal/arm64_32/ReactiveSwift.SwiftFileList -DSWIFT_PACKAGE -DDEBUG -DSWIFT_MODULE_RESOURCE_BUNDLE_UNAVAILABLE -DXcode -plugin-path /Applications/Xcode-27.0.0-Release.Candidate.app/Contents/Developer/Toolchains/XcodeDefault.xctoolchain/usr/lib/swift/host/plugins/testing -enable-experimental-feature DebugDescriptionMacro -sdk /Applications/Xcode-27.0.0-Release.Candidate.app/Contents/Developer/Platforms/WatchOS.platform/Developer/SDKs/WatchOS27.0.sdk -target arm64_32-apple-watchos9.0 -g -module-cache-path /Users/admin/builder/spi-builder-workspace/.derivedData/ModuleCache.noindex -Xfrontend -serialize-debugging-options -profile-coverage-mapping -profile-generate -enable-testing -suppress-warnings -index-store-path /Users/admin/builder/spi-builder-workspace/.derivedData/Index.noindex/DataStore -Xcc -D_LIBCPP_HARDENING_MODE\=_LIBCPP_HARDENING_MODE_DEBUG -swift-version 5 -I /Users/admin/builder/spi-builder-workspace/.derivedData/Build/Products/Debug-watchos -Isystem /Applications/Xcode-27.0.0-Release.Candidate.app/Contents/Developer/Platforms/WatchOS.platform/Developer/usr/lib -F /Users/admin/builder/spi-builder-workspace/.derivedData/Build/Products/Debug-watchos -F /Applications/Xcode-27.0.0-Release.Candidate.app/Contents/Developer/Platforms/WatchOS.platform/Developer/Library/Frameworks -F /Applications/Xcode-27.0.0-Release.Candidate.app/Contents/Developer/Platforms/WatchOS.platform/Developer/SDKs/WatchOS27.0.sdk/Developer/Library/Frameworks -c -j10 -enable-batch-mode -incremental -Xcc -ivfsstatcache -Xcc /Users/admin/builder/spi-builder-workspace/.derivedData/SDKStatCaches.noindex/watchos27.0-24R360-e829b21a6f8c9b70876ba0858053c04477534ef55a1706bf4c1112bbb242f0a2.sdkstatcache -output-file-map /Users/admin/builder/spi-builder-workspace/.derivedData/Build/Intermediates.noindex/ReactiveSwift.build/Debug-watchos/ReactiveSwift-t.build/Objects-normal/arm64_32/ReactiveSwift-OutputFileMap.json -save-temps -no-color-diagnostics -explicit-module-build -module-cache-path /Users/admin/builder/spi-builder-workspace/.derivedData/Build/Intermediates.noindex/SwiftExplicitPrecompiledModules -clang-scanner-module-cache-path /Users/admin/builder/spi-builder-workspace/.derivedData/ModuleCache.noindex -sdk-module-cache-path /Users/admin/builder/spi-builder-workspace/.derivedData/SDKExplicitPrecompiledModules -emit-dependencies -emit-module -emit-module-path /Users/admin/builder/spi-builder-workspace/.derivedData/Build/Intermediates.noindex/ReactiveSwift.build/Debug-watchos/ReactiveSwift-t.build/Objects-normal/arm64_32/ReactiveSwift.swiftmodule -serialize-diagnostics -dependency-scan-serialize-diagnostics-path /Users/admin/builder/spi-builder-workspace/.derivedData/Build/Intermediates.noindex/ReactiveSwift.build/Debug-watchos/ReactiveSwift-t.build/Objects-normal/arm64_32/ReactiveSwift-dependency-scan.dia -validate-clang-modules-once -clang-build-session-file /Users/admin/builder/spi-builder-workspace/.derivedData/ModuleCache.noindex/Session.modulevalidation -Xcc -fmodules-prune-interval\=86400 -Xcc -fmodules-prune-after\=345600 -emit-const-values -const-gather-protocols-list /Users/admin/builder/spi-builder-workspace/.derivedData/Build/Intermediates.noindex/ReactiveSwift.build/Debug-watchos/ReactiveSwift-t.build/Objects-normal/arm64_32/ReactiveSwift_const_extract_protocols.json -Xcc -I/Users/admin/builder/spi-builder-workspace/.derivedData/Build/Products/Debug-watchos/include -Xcc -I/Users/admin/builder/spi-builder-workspace/.derivedData/Build/Intermediates.noindex/ReactiveSwift.build/Debug-watchos/ReactiveSwift-t.build/DerivedSources-normal/arm64_32 -Xcc -I/Users/admin/builder/spi-builder-workspace/.derivedData/Build/Intermediates.noindex/ReactiveSwift.build/Debug-watchos/ReactiveSwift-t.build/DerivedSources/arm64_32 -Xcc -I/Users/admin/builder/spi-builder-workspace/.derivedData/Build/Intermediates.noindex/ReactiveSwift.build/Debug-watchos/ReactiveSwift-t.build/DerivedSources -Xcc -DSWIFT_PACKAGE -Xcc -DDEBUG\=1 -emit-objc-header -emit-objc-header-path /Users/admin/builder/spi-builder-workspace/.derivedData/Build/Intermediates.noindex/ReactiveSwift.build/Debug-watchos/ReactiveSwift-t.build/Objects-normal/arm64_32/ReactiveSwift-Swift.h -working-directory /Users/admin/builder/spi-builder-workspace/.swiftpm/xcode -experimental-emit-module-separately -disable-cmo
Copy /Users/admin/builder/spi-builder-workspace/.derivedData/Build/Products/Debug-watchos/ReactiveSwift.swiftmodule/arm64-apple-watchos.swiftmodule /Users/admin/builder/spi-builder-workspace/.derivedData/Build/Intermediates.noindex/ReactiveSwift.build/Debug-watchos/ReactiveSwift-t.build/Objects-normal/arm64/ReactiveSwift.swiftmodule (in target 'ReactiveSwift' from project 'ReactiveSwift')
    cd /Users/admin/builder/spi-builder-workspace/.dependencies/checkouts/ReactiveSwift
    builtin-copy -exclude .DS_Store -exclude CVS -exclude .svn -exclude .git -exclude .hg -resolve-src-symlinks -rename /Users/admin/builder/spi-builder-workspace/.derivedData/Build/Intermediates.noindex/ReactiveSwift.build/Debug-watchos/ReactiveSwift-t.build/Objects-normal/arm64/ReactiveSwift.swiftmodule /Users/admin/builder/spi-builder-workspace/.derivedData/Build/Products/Debug-watchos/ReactiveSwift.swiftmodule/arm64-apple-watchos.swiftmodule
SwiftMergeGeneratedHeaders /Users/admin/builder/spi-builder-workspace/.derivedData/Build/Intermediates.noindex/GeneratedModuleMaps-watchos/ReactiveSwift-Swift.h /Users/admin/builder/spi-builder-workspace/.derivedData/Build/Intermediates.noindex/ReactiveSwift.build/Debug-watchos/ReactiveSwift-t.build/Objects-normal/arm64/ReactiveSwift-Swift.h /Users/admin/builder/spi-builder-workspace/.derivedData/Build/Intermediates.noindex/ReactiveSwift.build/Debug-watchos/ReactiveSwift-t.build/Objects-normal/arm64_32/ReactiveSwift-Swift.h (in target 'ReactiveSwift' from project 'ReactiveSwift')
    cd /Users/admin/builder/spi-builder-workspace/.dependencies/checkouts/ReactiveSwift
    builtin-swiftHeaderTool -arch arm64 /Users/admin/builder/spi-builder-workspace/.derivedData/Build/Intermediates.noindex/ReactiveSwift.build/Debug-watchos/ReactiveSwift-t.build/Objects-normal/arm64/ReactiveSwift-Swift.h -arch arm64_32 /Users/admin/builder/spi-builder-workspace/.derivedData/Build/Intermediates.noindex/ReactiveSwift.build/Debug-watchos/ReactiveSwift-t.build/Objects-normal/arm64_32/ReactiveSwift-Swift.h -o /Users/admin/builder/spi-builder-workspace/.derivedData/Build/Intermediates.noindex/GeneratedModuleMaps-watchos/ReactiveSwift-Swift.h
Copy /Users/admin/builder/spi-builder-workspace/.derivedData/Build/Products/Debug-watchos/ReactiveSwift.swiftmodule/arm64_32-apple-watchos.swiftmodule /Users/admin/builder/spi-builder-workspace/.derivedData/Build/Intermediates.noindex/ReactiveSwift.build/Debug-watchos/ReactiveSwift-t.build/Objects-normal/arm64_32/ReactiveSwift.swiftmodule (in target 'ReactiveSwift' from project 'ReactiveSwift')
    cd /Users/admin/builder/spi-builder-workspace/.dependencies/checkouts/ReactiveSwift
    builtin-copy -exclude .DS_Store -exclude CVS -exclude .svn -exclude .git -exclude .hg -resolve-src-symlinks -rename /Users/admin/builder/spi-builder-workspace/.derivedData/Build/Intermediates.noindex/ReactiveSwift.build/Debug-watchos/ReactiveSwift-t.build/Objects-normal/arm64_32/ReactiveSwift.swiftmodule /Users/admin/builder/spi-builder-workspace/.derivedData/Build/Products/Debug-watchos/ReactiveSwift.swiftmodule/arm64_32-apple-watchos.swiftmodule
Copy /Users/admin/builder/spi-builder-workspace/.derivedData/Build/Products/Debug-watchos/ReactiveSwift.swiftmodule/arm64_32-apple-watchos.swiftdoc /Users/admin/builder/spi-builder-workspace/.derivedData/Build/Intermediates.noindex/ReactiveSwift.build/Debug-watchos/ReactiveSwift-t.build/Objects-normal/arm64_32/ReactiveSwift.swiftdoc (in target 'ReactiveSwift' from project 'ReactiveSwift')
    cd /Users/admin/builder/spi-builder-workspace/.dependencies/checkouts/ReactiveSwift
    builtin-copy -exclude .DS_Store -exclude CVS -exclude .svn -exclude .git -exclude .hg -resolve-src-symlinks -rename /Users/admin/builder/spi-builder-workspace/.derivedData/Build/Intermediates.noindex/ReactiveSwift.build/Debug-watchos/ReactiveSwift-t.build/Objects-normal/arm64_32/ReactiveSwift.swiftdoc /Users/admin/builder/spi-builder-workspace/.derivedData/Build/Products/Debug-watchos/ReactiveSwift.swiftmodule/arm64_32-apple-watchos.swiftdoc
SwiftDriverJobDiscovery normal arm64 Compiling ObserveOn.swift, Observer.swift, Operators.swift, Reduce.swift, ScanMap.swift (in target 'ReactiveSwift' from project 'ReactiveSwift')
Copy /Users/admin/builder/spi-builder-workspace/.derivedData/Build/Products/Debug-watchos/ReactiveSwift.swiftmodule/arm64_32-apple-watchos.abi.json /Users/admin/builder/spi-builder-workspace/.derivedData/Build/Intermediates.noindex/ReactiveSwift.build/Debug-watchos/ReactiveSwift-t.build/Objects-normal/arm64_32/ReactiveSwift.abi.json (in target 'ReactiveSwift' from project 'ReactiveSwift')
    cd /Users/admin/builder/spi-builder-workspace/.dependencies/checkouts/ReactiveSwift
    builtin-copy -exclude .DS_Store -exclude CVS -exclude .svn -exclude .git -exclude .hg -resolve-src-symlinks -rename /Users/admin/builder/spi-builder-workspace/.derivedData/Build/Intermediates.noindex/ReactiveSwift.build/Debug-watchos/ReactiveSwift-t.build/Objects-normal/arm64_32/ReactiveSwift.abi.json /Users/admin/builder/spi-builder-workspace/.derivedData/Build/Products/Debug-watchos/ReactiveSwift.swiftmodule/arm64_32-apple-watchos.abi.json
Copy /Users/admin/builder/spi-builder-workspace/.derivedData/Build/Products/Debug-watchos/ReactiveSwift.swiftmodule/arm64-apple-watchos.swiftdoc /Users/admin/builder/spi-builder-workspace/.derivedData/Build/Intermediates.noindex/ReactiveSwift.build/Debug-watchos/ReactiveSwift-t.build/Objects-normal/arm64/ReactiveSwift.swiftdoc (in target 'ReactiveSwift' from project 'ReactiveSwift')
    cd /Users/admin/builder/spi-builder-workspace/.dependencies/checkouts/ReactiveSwift
    builtin-copy -exclude .DS_Store -exclude CVS -exclude .svn -exclude .git -exclude .hg -resolve-src-symlinks -rename /Users/admin/builder/spi-builder-workspace/.derivedData/Build/Intermediates.noindex/ReactiveSwift.build/Debug-watchos/ReactiveSwift-t.build/Objects-normal/arm64/ReactiveSwift.swiftdoc /Users/admin/builder/spi-builder-workspace/.derivedData/Build/Products/Debug-watchos/ReactiveSwift.swiftmodule/arm64-apple-watchos.swiftdoc
Copy /Users/admin/builder/spi-builder-workspace/.derivedData/Build/Products/Debug-watchos/ReactiveSwift.swiftmodule/arm64-apple-watchos.abi.json /Users/admin/builder/spi-builder-workspace/.derivedData/Build/Intermediates.noindex/ReactiveSwift.build/Debug-watchos/ReactiveSwift-t.build/Objects-normal/arm64/ReactiveSwift.abi.json (in target 'ReactiveSwift' from project 'ReactiveSwift')
    cd /Users/admin/builder/spi-builder-workspace/.dependencies/checkouts/ReactiveSwift
    builtin-copy -exclude .DS_Store -exclude CVS -exclude .svn -exclude .git -exclude .hg -resolve-src-symlinks -rename /Users/admin/builder/spi-builder-workspace/.derivedData/Build/Intermediates.noindex/ReactiveSwift.build/Debug-watchos/ReactiveSwift-t.build/Objects-normal/arm64/ReactiveSwift.abi.json /Users/admin/builder/spi-builder-workspace/.derivedData/Build/Products/Debug-watchos/ReactiveSwift.swiftmodule/arm64-apple-watchos.abi.json
SwiftDriverJobDiscovery normal arm64 Compiling LazyMap.swift, Map.swift, MapError.swift, Materialize.swift, MaterializeAsResult.swift (in target 'ReactiveSwift' from project 'ReactiveSwift')
Copy /Users/admin/builder/spi-builder-workspace/.derivedData/Build/Products/Debug-watchos/ReactiveSwift.swiftmodule/Project/arm64_32-apple-watchos.swiftsourceinfo /Users/admin/builder/spi-builder-workspace/.derivedData/Build/Intermediates.noindex/ReactiveSwift.build/Debug-watchos/ReactiveSwift-t.build/Objects-normal/arm64_32/ReactiveSwift.swiftsourceinfo (in target 'ReactiveSwift' from project 'ReactiveSwift')
    cd /Users/admin/builder/spi-builder-workspace/.dependencies/checkouts/ReactiveSwift
    builtin-copy -exclude .DS_Store -exclude CVS -exclude .svn -exclude .git -exclude .hg -resolve-src-symlinks -rename /Users/admin/builder/spi-builder-workspace/.derivedData/Build/Intermediates.noindex/ReactiveSwift.build/Debug-watchos/ReactiveSwift-t.build/Objects-normal/arm64_32/ReactiveSwift.swiftsourceinfo /Users/admin/builder/spi-builder-workspace/.derivedData/Build/Products/Debug-watchos/ReactiveSwift.swiftmodule/Project/arm64_32-apple-watchos.swiftsourceinfo
Copy /Users/admin/builder/spi-builder-workspace/.derivedData/Build/Products/Debug-watchos/ReactiveSwift.swiftmodule/Project/arm64-apple-watchos.swiftsourceinfo /Users/admin/builder/spi-builder-workspace/.derivedData/Build/Intermediates.noindex/ReactiveSwift.build/Debug-watchos/ReactiveSwift-t.build/Objects-normal/arm64/ReactiveSwift.swiftsourceinfo (in target 'ReactiveSwift' from project 'ReactiveSwift')
    cd /Users/admin/builder/spi-builder-workspace/.dependencies/checkouts/ReactiveSwift
    builtin-copy -exclude .DS_Store -exclude CVS -exclude .svn -exclude .git -exclude .hg -resolve-src-symlinks -rename /Users/admin/builder/spi-builder-workspace/.derivedData/Build/Intermediates.noindex/ReactiveSwift.build/Debug-watchos/ReactiveSwift-t.build/Objects-normal/arm64/ReactiveSwift.swiftsourceinfo /Users/admin/builder/spi-builder-workspace/.derivedData/Build/Products/Debug-watchos/ReactiveSwift.swiftmodule/Project/arm64-apple-watchos.swiftsourceinfo
SwiftCompile normal arm64_32 Compiling\ SkipFirst.swift,\ SkipRepeats.swift,\ SkipWhile.swift,\ TakeFirst.swift,\ TakeLast.swift /Users/admin/builder/spi-builder-workspace/.dependencies/checkouts/ReactiveSwift/Sources/Observers/SkipFirst.swift /Users/admin/builder/spi-builder-workspace/.dependencies/checkouts/ReactiveSwift/Sources/Observers/SkipRepeats.swift /Users/admin/builder/spi-builder-workspace/.dependencies/checkouts/ReactiveSwift/Sources/Observers/SkipWhile.swift /Users/admin/builder/spi-builder-workspace/.dependencies/checkouts/ReactiveSwift/Sources/Observers/TakeFirst.swift /Users/admin/builder/spi-builder-workspace/.dependencies/checkouts/ReactiveSwift/Sources/Observers/TakeLast.swift (in target 'ReactiveSwift' from project 'ReactiveSwift')
SwiftCompile normal arm64_32 /Users/admin/builder/spi-builder-workspace/.dependencies/checkouts/ReactiveSwift/Sources/Observers/SkipFirst.swift (in target 'ReactiveSwift' from project 'ReactiveSwift')
    cd /Users/admin/builder/spi-builder-workspace/.swiftpm/xcode
    builtin-SwiftPerFileCompile SkipFirst.swift
SwiftCompile normal arm64_32 /Users/admin/builder/spi-builder-workspace/.dependencies/checkouts/ReactiveSwift/Sources/Observers/SkipRepeats.swift (in target 'ReactiveSwift' from project 'ReactiveSwift')
    cd /Users/admin/builder/spi-builder-workspace/.swiftpm/xcode
    builtin-SwiftPerFileCompile SkipRepeats.swift
SwiftCompile normal arm64_32 /Users/admin/builder/spi-builder-workspace/.dependencies/checkouts/ReactiveSwift/Sources/Observers/SkipWhile.swift (in target 'ReactiveSwift' from project 'ReactiveSwift')
    cd /Users/admin/builder/spi-builder-workspace/.swiftpm/xcode
    builtin-SwiftPerFileCompile SkipWhile.swift
SwiftCompile normal arm64_32 /Users/admin/builder/spi-builder-workspace/.dependencies/checkouts/ReactiveSwift/Sources/Observers/TakeFirst.swift (in target 'ReactiveSwift' from project 'ReactiveSwift')
    cd /Users/admin/builder/spi-builder-workspace/.swiftpm/xcode
    builtin-SwiftPerFileCompile TakeFirst.swift
SwiftCompile normal arm64_32 /Users/admin/builder/spi-builder-workspace/.dependencies/checkouts/ReactiveSwift/Sources/Observers/TakeLast.swift (in target 'ReactiveSwift' from project 'ReactiveSwift')
    cd /Users/admin/builder/spi-builder-workspace/.swiftpm/xcode
    builtin-SwiftPerFileCompile TakeLast.swift
SwiftCompile normal arm64_32 Compiling\ Signal.swift,\ SignalProducer.swift,\ UnidirectionalBinding.swift,\ UninhabitedTypeGuards.swift,\ ValidatingProperty.swift /Users/admin/builder/spi-builder-workspace/.dependencies/checkouts/ReactiveSwift/Sources/Signal.swift /Users/admin/builder/spi-builder-workspace/.dependencies/checkouts/ReactiveSwift/Sources/SignalProducer.swift /Users/admin/builder/spi-builder-workspace/.dependencies/checkouts/ReactiveSwift/Sources/UnidirectionalBinding.swift /Users/admin/builder/spi-builder-workspace/.dependencies/checkouts/ReactiveSwift/Sources/UninhabitedTypeGuards.swift /Users/admin/builder/spi-builder-workspace/.dependencies/checkouts/ReactiveSwift/Sources/ValidatingProperty.swift (in target 'ReactiveSwift' from project 'ReactiveSwift')
SwiftCompile normal arm64_32 /Users/admin/builder/spi-builder-workspace/.dependencies/checkouts/ReactiveSwift/Sources/Signal.swift (in target 'ReactiveSwift' from project 'ReactiveSwift')
    cd /Users/admin/builder/spi-builder-workspace/.swiftpm/xcode
    builtin-SwiftPerFileCompile Signal.swift
SwiftCompile normal arm64_32 /Users/admin/builder/spi-builder-workspace/.dependencies/checkouts/ReactiveSwift/Sources/SignalProducer.swift (in target 'ReactiveSwift' from project 'ReactiveSwift')
    cd /Users/admin/builder/spi-builder-workspace/.swiftpm/xcode
    builtin-SwiftPerFileCompile SignalProducer.swift
SwiftCompile normal arm64_32 /Users/admin/builder/spi-builder-workspace/.dependencies/checkouts/ReactiveSwift/Sources/UnidirectionalBinding.swift (in target 'ReactiveSwift' from project 'ReactiveSwift')
    cd /Users/admin/builder/spi-builder-workspace/.swiftpm/xcode
    builtin-SwiftPerFileCompile UnidirectionalBinding.swift
SwiftCompile normal arm64_32 /Users/admin/builder/spi-builder-workspace/.dependencies/checkouts/ReactiveSwift/Sources/UninhabitedTypeGuards.swift (in target 'ReactiveSwift' from project 'ReactiveSwift')
    cd /Users/admin/builder/spi-builder-workspace/.swiftpm/xcode
    builtin-SwiftPerFileCompile UninhabitedTypeGuards.swift
SwiftCompile normal arm64_32 /Users/admin/builder/spi-builder-workspace/.dependencies/checkouts/ReactiveSwift/Sources/ValidatingProperty.swift (in target 'ReactiveSwift' from project 'ReactiveSwift')
    cd /Users/admin/builder/spi-builder-workspace/.swiftpm/xcode
    builtin-SwiftPerFileCompile ValidatingProperty.swift
SwiftCompile normal arm64 Compiling\ Action.swift,\ Atomic.swift,\ Bag.swift,\ Deprecations+Removals.swift,\ Disposable.swift /Users/admin/builder/spi-builder-workspace/.dependencies/checkouts/ReactiveSwift/Sources/Action.swift /Users/admin/builder/spi-builder-workspace/.dependencies/checkouts/ReactiveSwift/Sources/Atomic.swift /Users/admin/builder/spi-builder-workspace/.dependencies/checkouts/ReactiveSwift/Sources/Bag.swift /Users/admin/builder/spi-builder-workspace/.dependencies/checkouts/ReactiveSwift/Sources/Deprecations+Removals.swift /Users/admin/builder/spi-builder-workspace/.dependencies/checkouts/ReactiveSwift/Sources/Disposable.swift (in target 'ReactiveSwift' from project 'ReactiveSwift')
SwiftCompile normal arm64 /Users/admin/builder/spi-builder-workspace/.dependencies/checkouts/ReactiveSwift/Sources/Action.swift (in target 'ReactiveSwift' from project 'ReactiveSwift')
    cd /Users/admin/builder/spi-builder-workspace/.swiftpm/xcode
    builtin-SwiftPerFileCompile Action.swift
SwiftCompile normal arm64 /Users/admin/builder/spi-builder-workspace/.dependencies/checkouts/ReactiveSwift/Sources/Atomic.swift (in target 'ReactiveSwift' from project 'ReactiveSwift')
    cd /Users/admin/builder/spi-builder-workspace/.swiftpm/xcode
    builtin-SwiftPerFileCompile Atomic.swift
SwiftCompile normal arm64 /Users/admin/builder/spi-builder-workspace/.dependencies/checkouts/ReactiveSwift/Sources/Bag.swift (in target 'ReactiveSwift' from project 'ReactiveSwift')
    cd /Users/admin/builder/spi-builder-workspace/.swiftpm/xcode
    builtin-SwiftPerFileCompile Bag.swift
SwiftCompile normal arm64 /Users/admin/builder/spi-builder-workspace/.dependencies/checkouts/ReactiveSwift/Sources/Deprecations+Removals.swift (in target 'ReactiveSwift' from project 'ReactiveSwift')
    cd /Users/admin/builder/spi-builder-workspace/.swiftpm/xcode
    builtin-SwiftPerFileCompile Deprecations+Removals.swift
SwiftCompile normal arm64 /Users/admin/builder/spi-builder-workspace/.dependencies/checkouts/ReactiveSwift/Sources/Disposable.swift (in target 'ReactiveSwift' from project 'ReactiveSwift')
    cd /Users/admin/builder/spi-builder-workspace/.swiftpm/xcode
    builtin-SwiftPerFileCompile Disposable.swift
SwiftDriverJobDiscovery normal arm64 Compiling AttemptMap.swift, Collect.swift, CollectEvery.swift, CombinePrevious.swift, CompactMap.swift (in target 'ReactiveSwift' from project 'ReactiveSwift')
SwiftCompile normal arm64_32 Compiling\ LazyMap.swift,\ Map.swift,\ MapError.swift,\ Materialize.swift,\ MaterializeAsResult.swift /Users/admin/builder/spi-builder-workspace/.dependencies/checkouts/ReactiveSwift/Sources/Observers/LazyMap.swift /Users/admin/builder/spi-builder-workspace/.dependencies/checkouts/ReactiveSwift/Sources/Observers/Map.swift /Users/admin/builder/spi-builder-workspace/.dependencies/checkouts/ReactiveSwift/Sources/Observers/MapError.swift /Users/admin/builder/spi-builder-workspace/.dependencies/checkouts/ReactiveSwift/Sources/Observers/Materialize.swift /Users/admin/builder/spi-builder-workspace/.dependencies/checkouts/ReactiveSwift/Sources/Observers/MaterializeAsResult.swift (in target 'ReactiveSwift' from project 'ReactiveSwift')
SwiftCompile normal arm64_32 /Users/admin/builder/spi-builder-workspace/.dependencies/checkouts/ReactiveSwift/Sources/Observers/LazyMap.swift (in target 'ReactiveSwift' from project 'ReactiveSwift')
    cd /Users/admin/builder/spi-builder-workspace/.swiftpm/xcode
    builtin-SwiftPerFileCompile LazyMap.swift
SwiftCompile normal arm64_32 /Users/admin/builder/spi-builder-workspace/.dependencies/checkouts/ReactiveSwift/Sources/Observers/Map.swift (in target 'ReactiveSwift' from project 'ReactiveSwift')
    cd /Users/admin/builder/spi-builder-workspace/.swiftpm/xcode
    builtin-SwiftPerFileCompile Map.swift
SwiftCompile normal arm64_32 /Users/admin/builder/spi-builder-workspace/.dependencies/checkouts/ReactiveSwift/Sources/Observers/MapError.swift (in target 'ReactiveSwift' from project 'ReactiveSwift')
    cd /Users/admin/builder/spi-builder-workspace/.swiftpm/xcode
    builtin-SwiftPerFileCompile MapError.swift
SwiftCompile normal arm64_32 /Users/admin/builder/spi-builder-workspace/.dependencies/checkouts/ReactiveSwift/Sources/Observers/Materialize.swift (in target 'ReactiveSwift' from project 'ReactiveSwift')
    cd /Users/admin/builder/spi-builder-workspace/.swiftpm/xcode
    builtin-SwiftPerFileCompile Materialize.swift
SwiftCompile normal arm64_32 /Users/admin/builder/spi-builder-workspace/.dependencies/checkouts/ReactiveSwift/Sources/Observers/MaterializeAsResult.swift (in target 'ReactiveSwift' from project 'ReactiveSwift')
    cd /Users/admin/builder/spi-builder-workspace/.swiftpm/xcode
    builtin-SwiftPerFileCompile MaterializeAsResult.swift
SwiftDriverJobDiscovery normal arm64 Compiling Debounce.swift, Delay.swift, Dematerialize.swift, DematerializeResults.swift, Filter.swift (in target 'ReactiveSwift' from project 'ReactiveSwift')
SwiftCompile normal arm64_32 Compiling\ Action.swift,\ Atomic.swift,\ Bag.swift,\ Deprecations+Removals.swift,\ Disposable.swift /Users/admin/builder/spi-builder-workspace/.dependencies/checkouts/ReactiveSwift/Sources/Action.swift /Users/admin/builder/spi-builder-workspace/.dependencies/checkouts/ReactiveSwift/Sources/Atomic.swift /Users/admin/builder/spi-builder-workspace/.dependencies/checkouts/ReactiveSwift/Sources/Bag.swift /Users/admin/builder/spi-builder-workspace/.dependencies/checkouts/ReactiveSwift/Sources/Deprecations+Removals.swift /Users/admin/builder/spi-builder-workspace/.dependencies/checkouts/ReactiveSwift/Sources/Disposable.swift (in target 'ReactiveSwift' from project 'ReactiveSwift')
SwiftCompile normal arm64_32 /Users/admin/builder/spi-builder-workspace/.dependencies/checkouts/ReactiveSwift/Sources/Action.swift (in target 'ReactiveSwift' from project 'ReactiveSwift')
    cd /Users/admin/builder/spi-builder-workspace/.swiftpm/xcode
    builtin-SwiftPerFileCompile Action.swift
SwiftCompile normal arm64_32 /Users/admin/builder/spi-builder-workspace/.dependencies/checkouts/ReactiveSwift/Sources/Atomic.swift (in target 'ReactiveSwift' from project 'ReactiveSwift')
    cd /Users/admin/builder/spi-builder-workspace/.swiftpm/xcode
    builtin-SwiftPerFileCompile Atomic.swift
SwiftCompile normal arm64_32 /Users/admin/builder/spi-builder-workspace/.dependencies/checkouts/ReactiveSwift/Sources/Bag.swift (in target 'ReactiveSwift' from project 'ReactiveSwift')
    cd /Users/admin/builder/spi-builder-workspace/.swiftpm/xcode
    builtin-SwiftPerFileCompile Bag.swift
SwiftCompile normal arm64_32 /Users/admin/builder/spi-builder-workspace/.dependencies/checkouts/ReactiveSwift/Sources/Deprecations+Removals.swift (in target 'ReactiveSwift' from project 'ReactiveSwift')
    cd /Users/admin/builder/spi-builder-workspace/.swiftpm/xcode
    builtin-SwiftPerFileCompile Deprecations+Removals.swift
SwiftCompile normal arm64_32 /Users/admin/builder/spi-builder-workspace/.dependencies/checkouts/ReactiveSwift/Sources/Disposable.swift (in target 'ReactiveSwift' from project 'ReactiveSwift')
    cd /Users/admin/builder/spi-builder-workspace/.swiftpm/xcode
    builtin-SwiftPerFileCompile Disposable.swift
SwiftCompile normal arm64_32 Compiling\ AttemptMap.swift,\ Collect.swift,\ CollectEvery.swift,\ CombinePrevious.swift,\ CompactMap.swift /Users/admin/builder/spi-builder-workspace/.dependencies/checkouts/ReactiveSwift/Sources/Observers/AttemptMap.swift /Users/admin/builder/spi-builder-workspace/.dependencies/checkouts/ReactiveSwift/Sources/Observers/Collect.swift /Users/admin/builder/spi-builder-workspace/.dependencies/checkouts/ReactiveSwift/Sources/Observers/CollectEvery.swift /Users/admin/builder/spi-builder-workspace/.dependencies/checkouts/ReactiveSwift/Sources/Observers/CombinePrevious.swift /Users/admin/builder/spi-builder-workspace/.dependencies/checkouts/ReactiveSwift/Sources/Observers/CompactMap.swift (in target 'ReactiveSwift' from project 'ReactiveSwift')
SwiftCompile normal arm64_32 /Users/admin/builder/spi-builder-workspace/.dependencies/checkouts/ReactiveSwift/Sources/Observers/AttemptMap.swift (in target 'ReactiveSwift' from project 'ReactiveSwift')
    cd /Users/admin/builder/spi-builder-workspace/.swiftpm/xcode
    builtin-SwiftPerFileCompile AttemptMap.swift
SwiftCompile normal arm64_32 /Users/admin/builder/spi-builder-workspace/.dependencies/checkouts/ReactiveSwift/Sources/Observers/Collect.swift (in target 'ReactiveSwift' from project 'ReactiveSwift')
    cd /Users/admin/builder/spi-builder-workspace/.swiftpm/xcode
    builtin-SwiftPerFileCompile Collect.swift
SwiftCompile normal arm64_32 /Users/admin/builder/spi-builder-workspace/.dependencies/checkouts/ReactiveSwift/Sources/Observers/CollectEvery.swift (in target 'ReactiveSwift' from project 'ReactiveSwift')
    cd /Users/admin/builder/spi-builder-workspace/.swiftpm/xcode
    builtin-SwiftPerFileCompile CollectEvery.swift
SwiftCompile normal arm64_32 /Users/admin/builder/spi-builder-workspace/.dependencies/checkouts/ReactiveSwift/Sources/Observers/CombinePrevious.swift (in target 'ReactiveSwift' from project 'ReactiveSwift')
    cd /Users/admin/builder/spi-builder-workspace/.swiftpm/xcode
    builtin-SwiftPerFileCompile CombinePrevious.swift
SwiftCompile normal arm64_32 /Users/admin/builder/spi-builder-workspace/.dependencies/checkouts/ReactiveSwift/Sources/Observers/CompactMap.swift (in target 'ReactiveSwift' from project 'ReactiveSwift')
    cd /Users/admin/builder/spi-builder-workspace/.swiftpm/xcode
    builtin-SwiftPerFileCompile CompactMap.swift
SwiftDriverJobDiscovery normal arm64 Compiling TakeWhile.swift, Throttle.swift, UnaryAsyncOperator.swift, UniqueValues.swift, Optional.swift (in target 'ReactiveSwift' from project 'ReactiveSwift')
SwiftDriverJobDiscovery normal arm64 Compiling Event.swift, EventLogger.swift, Flatten.swift, FoundationExtensions.swift, Lifetime.swift (in target 'ReactiveSwift' from project 'ReactiveSwift')
SwiftCompile normal arm64_32 Compiling\ ObserveOn.swift,\ Observer.swift,\ Operators.swift,\ Reduce.swift,\ ScanMap.swift /Users/admin/builder/spi-builder-workspace/.dependencies/checkouts/ReactiveSwift/Sources/Observers/ObserveOn.swift /Users/admin/builder/spi-builder-workspace/.dependencies/checkouts/ReactiveSwift/Sources/Observers/Observer.swift /Users/admin/builder/spi-builder-workspace/.dependencies/checkouts/ReactiveSwift/Sources/Observers/Operators.swift /Users/admin/builder/spi-builder-workspace/.dependencies/checkouts/ReactiveSwift/Sources/Observers/Reduce.swift /Users/admin/builder/spi-builder-workspace/.dependencies/checkouts/ReactiveSwift/Sources/Observers/ScanMap.swift (in target 'ReactiveSwift' from project 'ReactiveSwift')
SwiftCompile normal arm64_32 /Users/admin/builder/spi-builder-workspace/.dependencies/checkouts/ReactiveSwift/Sources/Observers/ObserveOn.swift (in target 'ReactiveSwift' from project 'ReactiveSwift')
    cd /Users/admin/builder/spi-builder-workspace/.swiftpm/xcode
    builtin-SwiftPerFileCompile ObserveOn.swift
SwiftCompile normal arm64_32 /Users/admin/builder/spi-builder-workspace/.dependencies/checkouts/ReactiveSwift/Sources/Observers/Observer.swift (in target 'ReactiveSwift' from project 'ReactiveSwift')
    cd /Users/admin/builder/spi-builder-workspace/.swiftpm/xcode
    builtin-SwiftPerFileCompile Observer.swift
SwiftCompile normal arm64_32 /Users/admin/builder/spi-builder-workspace/.dependencies/checkouts/ReactiveSwift/Sources/Observers/Operators.swift (in target 'ReactiveSwift' from project 'ReactiveSwift')
    cd /Users/admin/builder/spi-builder-workspace/.swiftpm/xcode
    builtin-SwiftPerFileCompile Operators.swift
SwiftCompile normal arm64_32 /Users/admin/builder/spi-builder-workspace/.dependencies/checkouts/ReactiveSwift/Sources/Observers/Reduce.swift (in target 'ReactiveSwift' from project 'ReactiveSwift')
    cd /Users/admin/builder/spi-builder-workspace/.swiftpm/xcode
    builtin-SwiftPerFileCompile Reduce.swift
SwiftCompile normal arm64_32 /Users/admin/builder/spi-builder-workspace/.dependencies/checkouts/ReactiveSwift/Sources/Observers/ScanMap.swift (in target 'ReactiveSwift' from project 'ReactiveSwift')
    cd /Users/admin/builder/spi-builder-workspace/.swiftpm/xcode
    builtin-SwiftPerFileCompile ScanMap.swift
SwiftDriverJobDiscovery normal arm64_32 Compiling SkipFirst.swift, SkipRepeats.swift, SkipWhile.swift, TakeFirst.swift, TakeLast.swift (in target 'ReactiveSwift' from project 'ReactiveSwift')
SwiftCompile normal arm64_32 Compiling\ TakeWhile.swift,\ Throttle.swift,\ UnaryAsyncOperator.swift,\ UniqueValues.swift,\ Optional.swift /Users/admin/builder/spi-builder-workspace/.dependencies/checkouts/ReactiveSwift/Sources/Observers/TakeWhile.swift /Users/admin/builder/spi-builder-workspace/.dependencies/checkouts/ReactiveSwift/Sources/Observers/Throttle.swift /Users/admin/builder/spi-builder-workspace/.dependencies/checkouts/ReactiveSwift/Sources/Observers/UnaryAsyncOperator.swift /Users/admin/builder/spi-builder-workspace/.dependencies/checkouts/ReactiveSwift/Sources/Observers/UniqueValues.swift /Users/admin/builder/spi-builder-workspace/.dependencies/checkouts/ReactiveSwift/Sources/Optional.swift (in target 'ReactiveSwift' from project 'ReactiveSwift')
SwiftCompile normal arm64_32 /Users/admin/builder/spi-builder-workspace/.dependencies/checkouts/ReactiveSwift/Sources/Observers/TakeWhile.swift (in target 'ReactiveSwift' from project 'ReactiveSwift')
    cd /Users/admin/builder/spi-builder-workspace/.swiftpm/xcode
    builtin-SwiftPerFileCompile TakeWhile.swift
SwiftCompile normal arm64_32 /Users/admin/builder/spi-builder-workspace/.dependencies/checkouts/ReactiveSwift/Sources/Observers/Throttle.swift (in target 'ReactiveSwift' from project 'ReactiveSwift')
    cd /Users/admin/builder/spi-builder-workspace/.swiftpm/xcode
    builtin-SwiftPerFileCompile Throttle.swift
SwiftCompile normal arm64_32 /Users/admin/builder/spi-builder-workspace/.dependencies/checkouts/ReactiveSwift/Sources/Observers/UnaryAsyncOperator.swift (in target 'ReactiveSwift' from project 'ReactiveSwift')
    cd /Users/admin/builder/spi-builder-workspace/.swiftpm/xcode
    builtin-SwiftPerFileCompile UnaryAsyncOperator.swift
SwiftCompile normal arm64_32 /Users/admin/builder/spi-builder-workspace/.dependencies/checkouts/ReactiveSwift/Sources/Observers/UniqueValues.swift (in target 'ReactiveSwift' from project 'ReactiveSwift')
    cd /Users/admin/builder/spi-builder-workspace/.swiftpm/xcode
    builtin-SwiftPerFileCompile UniqueValues.swift
SwiftCompile normal arm64_32 /Users/admin/builder/spi-builder-workspace/.dependencies/checkouts/ReactiveSwift/Sources/Optional.swift (in target 'ReactiveSwift' from project 'ReactiveSwift')
    cd /Users/admin/builder/spi-builder-workspace/.swiftpm/xcode
    builtin-SwiftPerFileCompile Optional.swift
SwiftCompile normal arm64_32 Compiling\ Debounce.swift,\ Delay.swift,\ Dematerialize.swift,\ DematerializeResults.swift,\ Filter.swift /Users/admin/builder/spi-builder-workspace/.dependencies/checkouts/ReactiveSwift/Sources/Observers/Debounce.swift /Users/admin/builder/spi-builder-workspace/.dependencies/checkouts/ReactiveSwift/Sources/Observers/Delay.swift /Users/admin/builder/spi-builder-workspace/.dependencies/checkouts/ReactiveSwift/Sources/Observers/Dematerialize.swift /Users/admin/builder/spi-builder-workspace/.dependencies/checkouts/ReactiveSwift/Sources/Observers/DematerializeResults.swift /Users/admin/builder/spi-builder-workspace/.dependencies/checkouts/ReactiveSwift/Sources/Observers/Filter.swift (in target 'ReactiveSwift' from project 'ReactiveSwift')
SwiftCompile normal arm64_32 /Users/admin/builder/spi-builder-workspace/.dependencies/checkouts/ReactiveSwift/Sources/Observers/Debounce.swift (in target 'ReactiveSwift' from project 'ReactiveSwift')
    cd /Users/admin/builder/spi-builder-workspace/.swiftpm/xcode
    builtin-SwiftPerFileCompile Debounce.swift
SwiftCompile normal arm64_32 /Users/admin/builder/spi-builder-workspace/.dependencies/checkouts/ReactiveSwift/Sources/Observers/Delay.swift (in target 'ReactiveSwift' from project 'ReactiveSwift')
    cd /Users/admin/builder/spi-builder-workspace/.swiftpm/xcode
    builtin-SwiftPerFileCompile Delay.swift
SwiftCompile normal arm64_32 /Users/admin/builder/spi-builder-workspace/.dependencies/checkouts/ReactiveSwift/Sources/Observers/Dematerialize.swift (in target 'ReactiveSwift' from project 'ReactiveSwift')
    cd /Users/admin/builder/spi-builder-workspace/.swiftpm/xcode
    builtin-SwiftPerFileCompile Dematerialize.swift
SwiftCompile normal arm64_32 /Users/admin/builder/spi-builder-workspace/.dependencies/checkouts/ReactiveSwift/Sources/Observers/DematerializeResults.swift (in target 'ReactiveSwift' from project 'ReactiveSwift')
    cd /Users/admin/builder/spi-builder-workspace/.swiftpm/xcode
    builtin-SwiftPerFileCompile DematerializeResults.swift
SwiftCompile normal arm64_32 /Users/admin/builder/spi-builder-workspace/.dependencies/checkouts/ReactiveSwift/Sources/Observers/Filter.swift (in target 'ReactiveSwift' from project 'ReactiveSwift')
    cd /Users/admin/builder/spi-builder-workspace/.swiftpm/xcode
    builtin-SwiftPerFileCompile Filter.swift
SwiftDriverJobDiscovery normal arm64_32 Compiling LazyMap.swift, Map.swift, MapError.swift, Materialize.swift, MaterializeAsResult.swift (in target 'ReactiveSwift' from project 'ReactiveSwift')
SwiftDriverJobDiscovery normal arm64 Compiling Property.swift, Reactive.swift, ResultExtensions.swift, Scheduler.swift, Signal.Observer.swift (in target 'ReactiveSwift' from project 'ReactiveSwift')
SwiftCompile normal arm64_32 Compiling\ Event.swift,\ EventLogger.swift,\ Flatten.swift,\ FoundationExtensions.swift,\ Lifetime.swift /Users/admin/builder/spi-builder-workspace/.dependencies/checkouts/ReactiveSwift/Sources/Event.swift /Users/admin/builder/spi-builder-workspace/.dependencies/checkouts/ReactiveSwift/Sources/EventLogger.swift /Users/admin/builder/spi-builder-workspace/.dependencies/checkouts/ReactiveSwift/Sources/Flatten.swift /Users/admin/builder/spi-builder-workspace/.dependencies/checkouts/ReactiveSwift/Sources/FoundationExtensions.swift /Users/admin/builder/spi-builder-workspace/.dependencies/checkouts/ReactiveSwift/Sources/Lifetime.swift (in target 'ReactiveSwift' from project 'ReactiveSwift')
SwiftCompile normal arm64_32 /Users/admin/builder/spi-builder-workspace/.dependencies/checkouts/ReactiveSwift/Sources/Event.swift (in target 'ReactiveSwift' from project 'ReactiveSwift')
    cd /Users/admin/builder/spi-builder-workspace/.swiftpm/xcode
    builtin-SwiftPerFileCompile Event.swift
SwiftCompile normal arm64_32 /Users/admin/builder/spi-builder-workspace/.dependencies/checkouts/ReactiveSwift/Sources/EventLogger.swift (in target 'ReactiveSwift' from project 'ReactiveSwift')
    cd /Users/admin/builder/spi-builder-workspace/.swiftpm/xcode
    builtin-SwiftPerFileCompile EventLogger.swift
SwiftCompile normal arm64_32 /Users/admin/builder/spi-builder-workspace/.dependencies/checkouts/ReactiveSwift/Sources/Flatten.swift (in target 'ReactiveSwift' from project 'ReactiveSwift')
    cd /Users/admin/builder/spi-builder-workspace/.swiftpm/xcode
    builtin-SwiftPerFileCompile Flatten.swift
SwiftCompile normal arm64_32 /Users/admin/builder/spi-builder-workspace/.dependencies/checkouts/ReactiveSwift/Sources/FoundationExtensions.swift (in target 'ReactiveSwift' from project 'ReactiveSwift')
    cd /Users/admin/builder/spi-builder-workspace/.swiftpm/xcode
    builtin-SwiftPerFileCompile FoundationExtensions.swift
SwiftCompile normal arm64_32 /Users/admin/builder/spi-builder-workspace/.dependencies/checkouts/ReactiveSwift/Sources/Lifetime.swift (in target 'ReactiveSwift' from project 'ReactiveSwift')
    cd /Users/admin/builder/spi-builder-workspace/.swiftpm/xcode
    builtin-SwiftPerFileCompile Lifetime.swift
SwiftCompile normal arm64 Compiling\ SkipFirst.swift,\ SkipRepeats.swift,\ SkipWhile.swift,\ TakeFirst.swift,\ TakeLast.swift /Users/admin/builder/spi-builder-workspace/.dependencies/checkouts/ReactiveSwift/Sources/Observers/SkipFirst.swift /Users/admin/builder/spi-builder-workspace/.dependencies/checkouts/ReactiveSwift/Sources/Observers/SkipRepeats.swift /Users/admin/builder/spi-builder-workspace/.dependencies/checkouts/ReactiveSwift/Sources/Observers/SkipWhile.swift /Users/admin/builder/spi-builder-workspace/.dependencies/checkouts/ReactiveSwift/Sources/Observers/TakeFirst.swift /Users/admin/builder/spi-builder-workspace/.dependencies/checkouts/ReactiveSwift/Sources/Observers/TakeLast.swift (in target 'ReactiveSwift' from project 'ReactiveSwift')
SwiftCompile normal arm64 /Users/admin/builder/spi-builder-workspace/.dependencies/checkouts/ReactiveSwift/Sources/Observers/SkipFirst.swift (in target 'ReactiveSwift' from project 'ReactiveSwift')
    cd /Users/admin/builder/spi-builder-workspace/.swiftpm/xcode
    builtin-SwiftPerFileCompile SkipFirst.swift
SwiftCompile normal arm64 /Users/admin/builder/spi-builder-workspace/.dependencies/checkouts/ReactiveSwift/Sources/Observers/SkipRepeats.swift (in target 'ReactiveSwift' from project 'ReactiveSwift')
    cd /Users/admin/builder/spi-builder-workspace/.swiftpm/xcode
    builtin-SwiftPerFileCompile SkipRepeats.swift
SwiftCompile normal arm64 /Users/admin/builder/spi-builder-workspace/.dependencies/checkouts/ReactiveSwift/Sources/Observers/SkipWhile.swift (in target 'ReactiveSwift' from project 'ReactiveSwift')
    cd /Users/admin/builder/spi-builder-workspace/.swiftpm/xcode
    builtin-SwiftPerFileCompile SkipWhile.swift
SwiftCompile normal arm64 /Users/admin/builder/spi-builder-workspace/.dependencies/checkouts/ReactiveSwift/Sources/Observers/TakeFirst.swift (in target 'ReactiveSwift' from project 'ReactiveSwift')
    cd /Users/admin/builder/spi-builder-workspace/.swiftpm/xcode
    builtin-SwiftPerFileCompile TakeFirst.swift
SwiftCompile normal arm64 /Users/admin/builder/spi-builder-workspace/.dependencies/checkouts/ReactiveSwift/Sources/Observers/TakeLast.swift (in target 'ReactiveSwift' from project 'ReactiveSwift')
    cd /Users/admin/builder/spi-builder-workspace/.swiftpm/xcode
    builtin-SwiftPerFileCompile TakeLast.swift
SwiftDriverJobDiscovery normal arm64_32 Compiling ObserveOn.swift, Observer.swift, Operators.swift, Reduce.swift, ScanMap.swift (in target 'ReactiveSwift' from project 'ReactiveSwift')
SwiftDriverJobDiscovery normal arm64 Compiling Action.swift, Atomic.swift, Bag.swift, Deprecations+Removals.swift, Disposable.swift (in target 'ReactiveSwift' from project 'ReactiveSwift')
SwiftDriver Tentacle normal arm64_32 com.apple.xcode.tools.swift.compiler (in target 'Tentacle' from project 'Tentacle')
    cd /Users/admin/builder/spi-builder-workspace/.swiftpm/xcode
    builtin-SwiftDriver -- /Applications/Xcode-27.0.0-Release.Candidate.app/Contents/Developer/Toolchains/XcodeDefault.xctoolchain/usr/bin/swiftc -parse-as-library -module-name Tentacle -Onone @/Users/admin/builder/spi-builder-workspace/.derivedData/Build/Intermediates.noindex/Tentacle.build/Debug-watchos/Tentacle-t.build/Objects-normal/arm64_32/Tentacle.SwiftFileList -DSWIFT_PACKAGE -DDEBUG -DSWIFT_MODULE_RESOURCE_BUNDLE_UNAVAILABLE -DXcode -plugin-path /Applications/Xcode-27.0.0-Release.Candidate.app/Contents/Developer/Toolchains/XcodeDefault.xctoolchain/usr/lib/swift/host/plugins/testing -enable-experimental-feature DebugDescriptionMacro -sdk /Applications/Xcode-27.0.0-Release.Candidate.app/Contents/Developer/Platforms/WatchOS.platform/Developer/SDKs/WatchOS27.0.sdk -target arm64_32-apple-watchos9.0 -g -module-cache-path /Users/admin/builder/spi-builder-workspace/.derivedData/ModuleCache.noindex -Xfrontend -serialize-debugging-options -profile-coverage-mapping -profile-generate -enable-testing -index-store-path /Users/admin/builder/spi-builder-workspace/.derivedData/Index.noindex/DataStore -Xcc -D_LIBCPP_HARDENING_MODE\=_LIBCPP_HARDENING_MODE_DEBUG -swift-version 5 -I /Users/admin/builder/spi-builder-workspace/.derivedData/Build/Products/Debug-watchos -Isystem /Applications/Xcode-27.0.0-Release.Candidate.app/Contents/Developer/Platforms/WatchOS.platform/Developer/usr/lib -F /Users/admin/builder/spi-builder-workspace/.derivedData/Build/Products/Debug-watchos/PackageFrameworks -F /Users/admin/builder/spi-builder-workspace/.derivedData/Build/Products/Debug-watchos -F /Applications/Xcode-27.0.0-Release.Candidate.app/Contents/Developer/Platforms/WatchOS.platform/Developer/Library/Frameworks -F /Applications/Xcode-27.0.0-Release.Candidate.app/Contents/Developer/Platforms/WatchOS.platform/Developer/SDKs/WatchOS27.0.sdk/Developer/Library/Frameworks -c -j10 -enable-batch-mode -incremental -Xcc -ivfsstatcache -Xcc /Users/admin/builder/spi-builder-workspace/.derivedData/SDKStatCaches.noindex/watchos27.0-24R360-e829b21a6f8c9b70876ba0858053c04477534ef55a1706bf4c1112bbb242f0a2.sdkstatcache -output-file-map /Users/admin/builder/spi-builder-workspace/.derivedData/Build/Intermediates.noindex/Tentacle.build/Debug-watchos/Tentacle-t.build/Objects-normal/arm64_32/Tentacle-OutputFileMap.json -save-temps -no-color-diagnostics -explicit-module-build -module-cache-path /Users/admin/builder/spi-builder-workspace/.derivedData/Build/Intermediates.noindex/SwiftExplicitPrecompiledModules -clang-scanner-module-cache-path /Users/admin/builder/spi-builder-workspace/.derivedData/ModuleCache.noindex -sdk-module-cache-path /Users/admin/builder/spi-builder-workspace/.derivedData/SDKExplicitPrecompiledModules -emit-dependencies -emit-module -emit-module-path /Users/admin/builder/spi-builder-workspace/.derivedData/Build/Intermediates.noindex/Tentacle.build/Debug-watchos/Tentacle-t.build/Objects-normal/arm64_32/Tentacle.swiftmodule -serialize-diagnostics -dependency-scan-serialize-diagnostics-path /Users/admin/builder/spi-builder-workspace/.derivedData/Build/Intermediates.noindex/Tentacle.build/Debug-watchos/Tentacle-t.build/Objects-normal/arm64_32/Tentacle-dependency-scan.dia -validate-clang-modules-once -clang-build-session-file /Users/admin/builder/spi-builder-workspace/.derivedData/ModuleCache.noindex/Session.modulevalidation -Xcc -fmodules-prune-interval\=86400 -Xcc -fmodules-prune-after\=345600 -emit-const-values -const-gather-protocols-list /Users/admin/builder/spi-builder-workspace/.derivedData/Build/Intermediates.noindex/Tentacle.build/Debug-watchos/Tentacle-t.build/Objects-normal/arm64_32/Tentacle_const_extract_protocols.json -Xcc -I/Users/admin/builder/spi-builder-workspace/.derivedData/Build/Products/Debug-watchos/include -Xcc -I/Users/admin/builder/spi-builder-workspace/.derivedData/Build/Intermediates.noindex/Tentacle.build/Debug-watchos/Tentacle-t.build/DerivedSources-normal/arm64_32 -Xcc -I/Users/admin/builder/spi-builder-workspace/.derivedData/Build/Intermediates.noindex/Tentacle.build/Debug-watchos/Tentacle-t.build/DerivedSources/arm64_32 -Xcc -I/Users/admin/builder/spi-builder-workspace/.derivedData/Build/Intermediates.noindex/Tentacle.build/Debug-watchos/Tentacle-t.build/DerivedSources -Xcc -DSWIFT_PACKAGE -Xcc -DDEBUG\=1 -emit-objc-header -emit-objc-header-path /Users/admin/builder/spi-builder-workspace/.derivedData/Build/Intermediates.noindex/Tentacle.build/Debug-watchos/Tentacle-t.build/Objects-normal/arm64_32/Tentacle-Swift.h -working-directory /Users/admin/builder/spi-builder-workspace/.swiftpm/xcode -experimental-emit-module-separately -disable-cmo
/Users/admin/builder/spi-builder-workspace/Sources/Tentacle/Color.swift:15:12: error: Unable to resolve module dependency: 'Cocoa' (in target 'Tentacle' from project 'Tentacle')
    note: A dependency of main module 'Tentacle'
/Users/admin/builder/spi-builder-workspace/Sources/Tentacle/Color.swift:15:12: note: A dependency of main module 'Tentacle'
    import Cocoa
           ^ (in target 'Tentacle' from project 'Tentacle')
SwiftDriver Tentacle normal arm64 com.apple.xcode.tools.swift.compiler (in target 'Tentacle' from project 'Tentacle')
    cd /Users/admin/builder/spi-builder-workspace/.swiftpm/xcode
    builtin-SwiftDriver -- /Applications/Xcode-27.0.0-Release.Candidate.app/Contents/Developer/Toolchains/XcodeDefault.xctoolchain/usr/bin/swiftc -parse-as-library -module-name Tentacle -Onone @/Users/admin/builder/spi-builder-workspace/.derivedData/Build/Intermediates.noindex/Tentacle.build/Debug-watchos/Tentacle-t.build/Objects-normal/arm64/Tentacle.SwiftFileList -DSWIFT_PACKAGE -DDEBUG -DSWIFT_MODULE_RESOURCE_BUNDLE_UNAVAILABLE -DXcode -plugin-path /Applications/Xcode-27.0.0-Release.Candidate.app/Contents/Developer/Toolchains/XcodeDefault.xctoolchain/usr/lib/swift/host/plugins/testing -enable-experimental-feature DebugDescriptionMacro -sdk /Applications/Xcode-27.0.0-Release.Candidate.app/Contents/Developer/Platforms/WatchOS.platform/Developer/SDKs/WatchOS27.0.sdk -target arm64-apple-watchos9.0 -g -module-cache-path /Users/admin/builder/spi-builder-workspace/.derivedData/ModuleCache.noindex -Xfrontend -serialize-debugging-options -profile-coverage-mapping -profile-generate -enable-testing -index-store-path /Users/admin/builder/spi-builder-workspace/.derivedData/Index.noindex/DataStore -Xcc -D_LIBCPP_HARDENING_MODE\=_LIBCPP_HARDENING_MODE_DEBUG -swift-version 5 -I /Users/admin/builder/spi-builder-workspace/.derivedData/Build/Products/Debug-watchos -Isystem /Applications/Xcode-27.0.0-Release.Candidate.app/Contents/Developer/Platforms/WatchOS.platform/Developer/usr/lib -F /Users/admin/builder/spi-builder-workspace/.derivedData/Build/Products/Debug-watchos/PackageFrameworks -F /Users/admin/builder/spi-builder-workspace/.derivedData/Build/Products/Debug-watchos -F /Applications/Xcode-27.0.0-Release.Candidate.app/Contents/Developer/Platforms/WatchOS.platform/Developer/Library/Frameworks -F /Applications/Xcode-27.0.0-Release.Candidate.app/Contents/Developer/Platforms/WatchOS.platform/Developer/SDKs/WatchOS27.0.sdk/Developer/Library/Frameworks -c -j10 -enable-batch-mode -incremental -Xcc -ivfsstatcache -Xcc /Users/admin/builder/spi-builder-workspace/.derivedData/SDKStatCaches.noindex/watchos27.0-24R360-e829b21a6f8c9b70876ba0858053c04477534ef55a1706bf4c1112bbb242f0a2.sdkstatcache -output-file-map /Users/admin/builder/spi-builder-workspace/.derivedData/Build/Intermediates.noindex/Tentacle.build/Debug-watchos/Tentacle-t.build/Objects-normal/arm64/Tentacle-OutputFileMap.json -save-temps -no-color-diagnostics -explicit-module-build -module-cache-path /Users/admin/builder/spi-builder-workspace/.derivedData/Build/Intermediates.noindex/SwiftExplicitPrecompiledModules -clang-scanner-module-cache-path /Users/admin/builder/spi-builder-workspace/.derivedData/ModuleCache.noindex -sdk-module-cache-path /Users/admin/builder/spi-builder-workspace/.derivedData/SDKExplicitPrecompiledModules -emit-dependencies -emit-module -emit-module-path /Users/admin/builder/spi-builder-workspace/.derivedData/Build/Intermediates.noindex/Tentacle.build/Debug-watchos/Tentacle-t.build/Objects-normal/arm64/Tentacle.swiftmodule -serialize-diagnostics -dependency-scan-serialize-diagnostics-path /Users/admin/builder/spi-builder-workspace/.derivedData/Build/Intermediates.noindex/Tentacle.build/Debug-watchos/Tentacle-t.build/Objects-normal/arm64/Tentacle-dependency-scan.dia -validate-clang-modules-once -clang-build-session-file /Users/admin/builder/spi-builder-workspace/.derivedData/ModuleCache.noindex/Session.modulevalidation -Xcc -fmodules-prune-interval\=86400 -Xcc -fmodules-prune-after\=345600 -emit-const-values -const-gather-protocols-list /Users/admin/builder/spi-builder-workspace/.derivedData/Build/Intermediates.noindex/Tentacle.build/Debug-watchos/Tentacle-t.build/Objects-normal/arm64/Tentacle_const_extract_protocols.json -Xcc -I/Users/admin/builder/spi-builder-workspace/.derivedData/Build/Products/Debug-watchos/include -Xcc -I/Users/admin/builder/spi-builder-workspace/.derivedData/Build/Intermediates.noindex/Tentacle.build/Debug-watchos/Tentacle-t.build/DerivedSources-normal/arm64 -Xcc -I/Users/admin/builder/spi-builder-workspace/.derivedData/Build/Intermediates.noindex/Tentacle.build/Debug-watchos/Tentacle-t.build/DerivedSources/arm64 -Xcc -I/Users/admin/builder/spi-builder-workspace/.derivedData/Build/Intermediates.noindex/Tentacle.build/Debug-watchos/Tentacle-t.build/DerivedSources -Xcc -DSWIFT_PACKAGE -Xcc -DDEBUG\=1 -emit-objc-header -emit-objc-header-path /Users/admin/builder/spi-builder-workspace/.derivedData/Build/Intermediates.noindex/Tentacle.build/Debug-watchos/Tentacle-t.build/Objects-normal/arm64/Tentacle-Swift.h -working-directory /Users/admin/builder/spi-builder-workspace/.swiftpm/xcode -experimental-emit-module-separately -disable-cmo
error: Clang dependency scanning failure:  (in target 'Tentacle' from project 'Tentacle')
/Users/admin/builder/spi-builder-workspace/Sources/Tentacle/Color.swift:15:12: error: Unable to resolve module dependency: 'Cocoa' (in target 'Tentacle' from project 'Tentacle')
    note: A dependency of main module 'Tentacle'
/Users/admin/builder/spi-builder-workspace/Sources/Tentacle/Color.swift:15:12: note: A dependency of main module 'Tentacle'
    import Cocoa
           ^ (in target 'Tentacle' from project 'Tentacle')
SwiftDriverJobDiscovery normal arm64_32 Compiling AttemptMap.swift, Collect.swift, CollectEvery.swift, CombinePrevious.swift, CompactMap.swift (in target 'ReactiveSwift' from project 'ReactiveSwift')
SwiftDriverJobDiscovery normal arm64 Compiling Signal.swift, SignalProducer.swift, UnidirectionalBinding.swift, UninhabitedTypeGuards.swift, ValidatingProperty.swift (in target 'ReactiveSwift' from project 'ReactiveSwift')
SwiftDriverJobDiscovery normal arm64 Compiling SkipFirst.swift, SkipRepeats.swift, SkipWhile.swift, TakeFirst.swift, TakeLast.swift (in target 'ReactiveSwift' from project 'ReactiveSwift')
SwiftDriver\ Compilation ReactiveSwift normal arm64 com.apple.xcode.tools.swift.compiler (in target 'ReactiveSwift' from project 'ReactiveSwift')
    cd /Users/admin/builder/spi-builder-workspace/.swiftpm/xcode
    builtin-Swift-Compilation -- /Applications/Xcode-27.0.0-Release.Candidate.app/Contents/Developer/Toolchains/XcodeDefault.xctoolchain/usr/bin/swiftc -parse-as-library -module-name ReactiveSwift -Onone @/Users/admin/builder/spi-builder-workspace/.derivedData/Build/Intermediates.noindex/ReactiveSwift.build/Debug-watchos/ReactiveSwift-t.build/Objects-normal/arm64/ReactiveSwift.SwiftFileList -DSWIFT_PACKAGE -DDEBUG -DSWIFT_MODULE_RESOURCE_BUNDLE_UNAVAILABLE -DXcode -plugin-path /Applications/Xcode-27.0.0-Release.Candidate.app/Contents/Developer/Toolchains/XcodeDefault.xctoolchain/usr/lib/swift/host/plugins/testing -enable-experimental-feature DebugDescriptionMacro -sdk /Applications/Xcode-27.0.0-Release.Candidate.app/Contents/Developer/Platforms/WatchOS.platform/Developer/SDKs/WatchOS27.0.sdk -target arm64-apple-watchos9.0 -g -module-cache-path /Users/admin/builder/spi-builder-workspace/.derivedData/ModuleCache.noindex -Xfrontend -serialize-debugging-options -profile-coverage-mapping -profile-generate -enable-testing -suppress-warnings -index-store-path /Users/admin/builder/spi-builder-workspace/.derivedData/Index.noindex/DataStore -Xcc -D_LIBCPP_HARDENING_MODE\=_LIBCPP_HARDENING_MODE_DEBUG -swift-version 5 -I /Users/admin/builder/spi-builder-workspace/.derivedData/Build/Products/Debug-watchos -Isystem /Applications/Xcode-27.0.0-Release.Candidate.app/Contents/Developer/Platforms/WatchOS.platform/Developer/usr/lib -F /Users/admin/builder/spi-builder-workspace/.derivedData/Build/Products/Debug-watchos -F /Applications/Xcode-27.0.0-Release.Candidate.app/Contents/Developer/Platforms/WatchOS.platform/Developer/Library/Frameworks -F /Applications/Xcode-27.0.0-Release.Candidate.app/Contents/Developer/Platforms/WatchOS.platform/Developer/SDKs/WatchOS27.0.sdk/Developer/Library/Frameworks -c -j10 -enable-batch-mode -incremental -Xcc -ivfsstatcache -Xcc /Users/admin/builder/spi-builder-workspace/.derivedData/SDKStatCaches.noindex/watchos27.0-24R360-e829b21a6f8c9b70876ba0858053c04477534ef55a1706bf4c1112bbb242f0a2.sdkstatcache -output-file-map /Users/admin/builder/spi-builder-workspace/.derivedData/Build/Intermediates.noindex/ReactiveSwift.build/Debug-watchos/ReactiveSwift-t.build/Objects-normal/arm64/ReactiveSwift-OutputFileMap.json -save-temps -no-color-diagnostics -explicit-module-build -module-cache-path /Users/admin/builder/spi-builder-workspace/.derivedData/Build/Intermediates.noindex/SwiftExplicitPrecompiledModules -clang-scanner-module-cache-path /Users/admin/builder/spi-builder-workspace/.derivedData/ModuleCache.noindex -sdk-module-cache-path /Users/admin/builder/spi-builder-workspace/.derivedData/SDKExplicitPrecompiledModules -emit-dependencies -emit-module -emit-module-path /Users/admin/builder/spi-builder-workspace/.derivedData/Build/Intermediates.noindex/ReactiveSwift.build/Debug-watchos/ReactiveSwift-t.build/Objects-normal/arm64/ReactiveSwift.swiftmodule -serialize-diagnostics -dependency-scan-serialize-diagnostics-path /Users/admin/builder/spi-builder-workspace/.derivedData/Build/Intermediates.noindex/ReactiveSwift.build/Debug-watchos/ReactiveSwift-t.build/Objects-normal/arm64/ReactiveSwift-dependency-scan.dia -validate-clang-modules-once -clang-build-session-file /Users/admin/builder/spi-builder-workspace/.derivedData/ModuleCache.noindex/Session.modulevalidation -Xcc -fmodules-prune-interval\=86400 -Xcc -fmodules-prune-after\=345600 -emit-const-values -const-gather-protocols-list /Users/admin/builder/spi-builder-workspace/.derivedData/Build/Intermediates.noindex/ReactiveSwift.build/Debug-watchos/ReactiveSwift-t.build/Objects-normal/arm64/ReactiveSwift_const_extract_protocols.json -Xcc -I/Users/admin/builder/spi-builder-workspace/.derivedData/Build/Products/Debug-watchos/include -Xcc -I/Users/admin/builder/spi-builder-workspace/.derivedData/Build/Intermediates.noindex/ReactiveSwift.build/Debug-watchos/ReactiveSwift-t.build/DerivedSources-normal/arm64 -Xcc -I/Users/admin/builder/spi-builder-workspace/.derivedData/Build/Intermediates.noindex/ReactiveSwift.build/Debug-watchos/ReactiveSwift-t.build/DerivedSources/arm64 -Xcc -I/Users/admin/builder/spi-builder-workspace/.derivedData/Build/Intermediates.noindex/ReactiveSwift.build/Debug-watchos/ReactiveSwift-t.build/DerivedSources -Xcc -DSWIFT_PACKAGE -Xcc -DDEBUG\=1 -emit-objc-header -emit-objc-header-path /Users/admin/builder/spi-builder-workspace/.derivedData/Build/Intermediates.noindex/ReactiveSwift.build/Debug-watchos/ReactiveSwift-t.build/Objects-normal/arm64/ReactiveSwift-Swift.h -working-directory /Users/admin/builder/spi-builder-workspace/.swiftpm/xcode -experimental-emit-module-separately -disable-cmo
Ld /Users/admin/builder/spi-builder-workspace/.derivedData/Build/Intermediates.noindex/ReactiveSwift.build/Debug-watchos/ReactiveSwift-t.build/Objects-normal/arm64/Binary/ReactiveSwift.o normal arm64 (in target 'ReactiveSwift' from project 'ReactiveSwift')
    cd /Users/admin/builder/spi-builder-workspace/.dependencies/checkouts/ReactiveSwift
    /Applications/Xcode-27.0.0-Release.Candidate.app/Contents/Developer/Toolchains/XcodeDefault.xctoolchain/usr/bin/clang -Xlinker -reproducible -target arm64-apple-watchos9.0 -r -isysroot /Applications/Xcode-27.0.0-Release.Candidate.app/Contents/Developer/Platforms/WatchOS.platform/Developer/SDKs/WatchOS27.0.sdk -O0 -w -Xlinker -no_warn_duplicate_libraries -F/Users/admin/builder/spi-builder-workspace/.derivedData/Build/Intermediates.noindex/EagerLinkingTBDs/Debug-watchos -F/Users/admin/builder/spi-builder-workspace/.derivedData/Build/Products/Debug-watchos -iframework /Applications/Xcode-27.0.0-Release.Candidate.app/Contents/Developer/Platforms/WatchOS.platform/Developer/Library/Frameworks -iframework /Applications/Xcode-27.0.0-Release.Candidate.app/Contents/Developer/Platforms/WatchOS.platform/Developer/SDKs/WatchOS27.0.sdk/Developer/Library/Frameworks -filelist /Users/admin/builder/spi-builder-workspace/.derivedData/Build/Intermediates.noindex/ReactiveSwift.build/Debug-watchos/ReactiveSwift-t.build/Objects-normal/arm64/ReactiveSwift.LinkFileList -nostdlib -Xlinker -object_path_lto -Xlinker /Users/admin/builder/spi-builder-workspace/.derivedData/Build/Intermediates.noindex/ReactiveSwift.build/Debug-watchos/ReactiveSwift-t.build/Objects-normal/arm64/ReactiveSwift_lto.o -Xlinker -no_deduplicate -Xlinker -debug_variant -Xlinker -dependency_info -Xlinker /Users/admin/builder/spi-builder-workspace/.derivedData/Build/Intermediates.noindex/ReactiveSwift.build/Debug-watchos/ReactiveSwift-t.build/Objects-normal/arm64/ReactiveSwift_dependency_info.dat -fobjc-link-runtime -L/Applications/Xcode-27.0.0-Release.Candidate.app/Contents/Developer/Toolchains/XcodeDefault.xctoolchain/usr/lib/swift/watchos -L/usr/lib/swift -Xlinker -add_ast_path -Xlinker /Users/admin/builder/spi-builder-workspace/.derivedData/Build/Intermediates.noindex/ReactiveSwift.build/Debug-watchos/ReactiveSwift-t.build/Objects-normal/arm64/ReactiveSwift.swiftmodule -o /Users/admin/builder/spi-builder-workspace/.derivedData/Build/Intermediates.noindex/ReactiveSwift.build/Debug-watchos/ReactiveSwift-t.build/Objects-normal/arm64/Binary/ReactiveSwift.o
PruneExplicitPrecompiledModules /Users/admin/builder/spi-builder-workspace/.derivedData/SDKExplicitPrecompiledModules
PruneExplicitPrecompiledModules /Users/admin/builder/spi-builder-workspace/.derivedData/Build/Intermediates.noindex/SwiftExplicitPrecompiledModules
PruneExplicitPrecompiledModules /Users/admin/builder/spi-builder-workspace/.derivedData/Build/Intermediates.noindex/ExplicitPrecompiledModules
2026-09-16 23:30:22.073 xcodebuild[873:5073] [MT] IDERunDestination: Supported platforms for the buildables in the current scheme is empty.
** BUILD FAILED **
The following build commands failed:
	SwiftDriver Tentacle normal arm64_32 com.apple.xcode.tools.swift.compiler (in target 'Tentacle' from project 'Tentacle')
	SwiftDriver Tentacle normal arm64 com.apple.xcode.tools.swift.compiler (in target 'Tentacle' from project 'Tentacle')
	Building workspace Tentacle with scheme Tentacle
(3 failures)
Command line invocation:
    /Applications/Xcode-27.0.0-Release.Candidate.app/Contents/Developer/usr/bin/xcodebuild -IDEClonedSourcePackagesDirPathOverride=/Users/admin/builder/spi-builder-workspace/.dependencies -resolvePackageDependencies
Resolve Package Graph
Resolved source packages:
  ReactiveSwift: https://github.com/ReactiveCocoa/ReactiveSwift.git @ 6.7.0
  Tentacle: /Users/admin/builder/spi-builder-workspace
resolved source packages: ReactiveSwift, Tentacle
2026-09-16 23:30:28.688 xcodebuild[984:5688] [MT] IDERunDestination: Supported platforms for the buildables in the current scheme is empty.
{
  "dependencies" : [
    {
      "identity" : "reactiveswift",
      "requirement" : {
        "range" : [
          {
            "lower_bound" : "6.0.0",
            "upper_bound" : "7.0.0"
          }
        ]
      },
      "type" : "sourceControl",
      "url" : "https://github.com/ReactiveCocoa/ReactiveSwift.git"
    }
  ],
  "manifest_display_name" : "Tentacle",
  "name" : "Tentacle",
  "path" : "/Users/admin/builder/spi-builder-workspace",
  "platforms" : [
  ],
  "products" : [
    {
      "name" : "Tentacle",
      "targets" : [
        "Tentacle"
      ],
      "type" : {
        "library" : [
          "automatic"
        ]
      }
    }
  ],
  "swift_languages_versions" : [
    "5"
  ],
  "targets" : [
    {
      "c99name" : "TentacleTests",
      "module_type" : "SwiftTarget",
      "name" : "TentacleTests",
      "path" : "Tests/TentacleTests",
      "sources" : [
        "BranchTests.swift",
        "ClientTests.swift",
        "ColorTests.swift",
        "CommentsTests.swift",
        "ContentTests.swift",
        "EndpointTests.swift",
        "FileResponseTests.swift",
        "FileTests.swift",
        "Fixture.swift",
        "GitHubErrorTests.swift",
        "HTTPStub.swift",
        "IssuesTests.swift",
        "ReleaseTests.swift",
        "RepositoryInfoTests.swift",
        "RepositoryTests.swift",
        "ResponseTests.swift",
        "ServerTests.swift",
        "TreeTests.swift",
        "UserTests.swift"
      ],
      "target_dependencies" : [
        "Tentacle"
      ],
      "type" : "test"
    },
    {
      "c99name" : "Tentacle",
      "module_type" : "SwiftTarget",
      "name" : "Tentacle",
      "path" : "Sources/Tentacle",
      "product_dependencies" : [
        "ReactiveSwift"
      ],
      "product_memberships" : [
        "Tentacle"
      ],
      "sources" : [
        "Author.swift",
        "Availability.swift",
        "Branch.swift",
        "Client.swift",
        "Color.swift",
        "Comment.swift",
        "Commit.swift",
        "Content.swift",
        "File.swift",
        "FileResponse.swift",
        "FoundationExtensions.swift",
        "GitHubError.swift",
        "Identifiable.swift",
        "Issue.swift",
        "JSONExtensions.swift",
        "Label.swift",
        "Milestone.swift",
        "Organization.swift",
        "PullRequest.swift",
        "Release.swift",
        "Repository.swift",
        "RepositoryInfo.swift",
        "Request.swift",
        "ResourceType.swift",
        "Response.swift",
        "Server.swift",
        "Sha.swift",
        "Tree.swift",
        "User.swift"
      ],
      "type" : "library"
    }
  ],
  "tools_version" : "5.2"
}
{
  "workspace" : {
    "name" : "Tentacle",
    "schemes" : [
      "Tentacle"
    ]
  }
}
2026-09-16 23:30:29.970 xcodebuild[992:5758] [MT] IDERunDestination: Supported platforms for the buildables in the current scheme is empty.
Running build ...
env DEVELOPER_DIR=/Applications/Xcode-27.0.0-Release.Candidate.app xcrun xcodebuild -IDEClonedSourcePackagesDirPathOverride=$PWD/.dependencies -skipMacroValidation -skipPackagePluginValidation -derivedDataPath $PWD/.derivedData build -scheme Tentacle -destination generic/platform=watchOS
Command line invocation:
    /Applications/Xcode-27.0.0-Release.Candidate.app/Contents/Developer/usr/bin/xcodebuild -IDEClonedSourcePackagesDirPathOverride=/Users/admin/builder/spi-builder-workspace/.dependencies -skipMacroValidation -skipPackagePluginValidation -derivedDataPath /Users/admin/builder/spi-builder-workspace/.derivedData build -scheme Tentacle -destination generic/platform=watchOS
Resolve Package Graph
Resolved source packages:
  Tentacle: /Users/admin/builder/spi-builder-workspace
  ReactiveSwift: https://github.com/ReactiveCocoa/ReactiveSwift.git @ 6.7.0
ComputePackagePrebuildTargetDependencyGraph
Prepare packages
CreateBuildRequest
SendProjectDescription
CreateBuildOperation
ComputeTargetDependencyGraph
note: Building targets in dependency order
note: Target dependency graph (4 targets)
    Target 'Tentacle-product' in project 'Tentacle'
        ➜ Explicit dependency on target 'Tentacle' in project 'Tentacle'
        ➜ Explicit dependency on target 'ReactiveSwift-product' in project 'ReactiveSwift'
    Target 'Tentacle' in project 'Tentacle'
        ➜ Explicit dependency on target 'ReactiveSwift-product' in project 'ReactiveSwift'
    Target 'ReactiveSwift-product' in project 'ReactiveSwift'
        ➜ Explicit dependency on target 'ReactiveSwift' in project 'ReactiveSwift'
    Target 'ReactiveSwift' in project 'ReactiveSwift' (no dependencies)
GatherProvisioningInputs
CreateBuildDescription
ClangStatCache /Applications/Xcode-27.0.0-Release.Candidate.app/Contents/Developer/Toolchains/XcodeDefault.xctoolchain/usr/bin/clang-stat-cache /Applications/Xcode-27.0.0-Release.Candidate.app/Contents/Developer/Platforms/WatchOS.platform/Developer/SDKs/WatchOS27.0.sdk /Users/admin/builder/spi-builder-workspace/.derivedData/SDKStatCaches.noindex/watchos27.0-24R360-e829b21a6f8c9b70876ba0858053c04477534ef55a1706bf4c1112bbb242f0a2.sdkstatcache
    cd /Users/admin/builder/spi-builder-workspace/.swiftpm/xcode
    /Applications/Xcode-27.0.0-Release.Candidate.app/Contents/Developer/Toolchains/XcodeDefault.xctoolchain/usr/bin/clang-stat-cache /Applications/Xcode-27.0.0-Release.Candidate.app/Contents/Developer/Platforms/WatchOS.platform/Developer/SDKs/WatchOS27.0.sdk -o /Users/admin/builder/spi-builder-workspace/.derivedData/SDKStatCaches.noindex/watchos27.0-24R360-e829b21a6f8c9b70876ba0858053c04477534ef55a1706bf4c1112bbb242f0a2.sdkstatcache
SwiftDriver Tentacle normal arm64 com.apple.xcode.tools.swift.compiler (in target 'Tentacle' from project 'Tentacle')
    cd /Users/admin/builder/spi-builder-workspace/.swiftpm/xcode
    builtin-SwiftDriver -- /Applications/Xcode-27.0.0-Release.Candidate.app/Contents/Developer/Toolchains/XcodeDefault.xctoolchain/usr/bin/swiftc -parse-as-library -module-name Tentacle -Onone @/Users/admin/builder/spi-builder-workspace/.derivedData/Build/Intermediates.noindex/Tentacle.build/Debug-watchos/Tentacle-t.build/Objects-normal/arm64/Tentacle.SwiftFileList -DSWIFT_PACKAGE -DDEBUG -DSWIFT_MODULE_RESOURCE_BUNDLE_UNAVAILABLE -DXcode -plugin-path /Applications/Xcode-27.0.0-Release.Candidate.app/Contents/Developer/Toolchains/XcodeDefault.xctoolchain/usr/lib/swift/host/plugins/testing -enable-experimental-feature DebugDescriptionMacro -sdk /Applications/Xcode-27.0.0-Release.Candidate.app/Contents/Developer/Platforms/WatchOS.platform/Developer/SDKs/WatchOS27.0.sdk -target arm64-apple-watchos9.0 -g -module-cache-path /Users/admin/builder/spi-builder-workspace/.derivedData/ModuleCache.noindex -Xfrontend -serialize-debugging-options -profile-coverage-mapping -profile-generate -enable-testing -index-store-path /Users/admin/builder/spi-builder-workspace/.derivedData/Index.noindex/DataStore -Xcc -D_LIBCPP_HARDENING_MODE\=_LIBCPP_HARDENING_MODE_DEBUG -swift-version 5 -I /Users/admin/builder/spi-builder-workspace/.derivedData/Build/Products/Debug-watchos -Isystem /Applications/Xcode-27.0.0-Release.Candidate.app/Contents/Developer/Platforms/WatchOS.platform/Developer/usr/lib -F /Users/admin/builder/spi-builder-workspace/.derivedData/Build/Products/Debug-watchos/PackageFrameworks -F /Users/admin/builder/spi-builder-workspace/.derivedData/Build/Products/Debug-watchos -F /Applications/Xcode-27.0.0-Release.Candidate.app/Contents/Developer/Platforms/WatchOS.platform/Developer/Library/Frameworks -F /Applications/Xcode-27.0.0-Release.Candidate.app/Contents/Developer/Platforms/WatchOS.platform/Developer/SDKs/WatchOS27.0.sdk/Developer/Library/Frameworks -c -j10 -enable-batch-mode -incremental -Xcc -ivfsstatcache -Xcc /Users/admin/builder/spi-builder-workspace/.derivedData/SDKStatCaches.noindex/watchos27.0-24R360-e829b21a6f8c9b70876ba0858053c04477534ef55a1706bf4c1112bbb242f0a2.sdkstatcache -output-file-map /Users/admin/builder/spi-builder-workspace/.derivedData/Build/Intermediates.noindex/Tentacle.build/Debug-watchos/Tentacle-t.build/Objects-normal/arm64/Tentacle-OutputFileMap.json -save-temps -no-color-diagnostics -explicit-module-build -module-cache-path /Users/admin/builder/spi-builder-workspace/.derivedData/Build/Intermediates.noindex/SwiftExplicitPrecompiledModules -clang-scanner-module-cache-path /Users/admin/builder/spi-builder-workspace/.derivedData/ModuleCache.noindex -sdk-module-cache-path /Users/admin/builder/spi-builder-workspace/.derivedData/SDKExplicitPrecompiledModules -emit-dependencies -emit-module -emit-module-path /Users/admin/builder/spi-builder-workspace/.derivedData/Build/Intermediates.noindex/Tentacle.build/Debug-watchos/Tentacle-t.build/Objects-normal/arm64/Tentacle.swiftmodule -serialize-diagnostics -dependency-scan-serialize-diagnostics-path /Users/admin/builder/spi-builder-workspace/.derivedData/Build/Intermediates.noindex/Tentacle.build/Debug-watchos/Tentacle-t.build/Objects-normal/arm64/Tentacle-dependency-scan.dia -validate-clang-modules-once -clang-build-session-file /Users/admin/builder/spi-builder-workspace/.derivedData/ModuleCache.noindex/Session.modulevalidation -Xcc -fmodules-prune-interval\=86400 -Xcc -fmodules-prune-after\=345600 -emit-const-values -const-gather-protocols-list /Users/admin/builder/spi-builder-workspace/.derivedData/Build/Intermediates.noindex/Tentacle.build/Debug-watchos/Tentacle-t.build/Objects-normal/arm64/Tentacle_const_extract_protocols.json -Xcc -I/Users/admin/builder/spi-builder-workspace/.derivedData/Build/Products/Debug-watchos/include -Xcc -I/Users/admin/builder/spi-builder-workspace/.derivedData/Build/Intermediates.noindex/Tentacle.build/Debug-watchos/Tentacle-t.build/DerivedSources-normal/arm64 -Xcc -I/Users/admin/builder/spi-builder-workspace/.derivedData/Build/Intermediates.noindex/Tentacle.build/Debug-watchos/Tentacle-t.build/DerivedSources/arm64 -Xcc -I/Users/admin/builder/spi-builder-workspace/.derivedData/Build/Intermediates.noindex/Tentacle.build/Debug-watchos/Tentacle-t.build/DerivedSources -Xcc -DSWIFT_PACKAGE -Xcc -DDEBUG\=1 -emit-objc-header -emit-objc-header-path /Users/admin/builder/spi-builder-workspace/.derivedData/Build/Intermediates.noindex/Tentacle.build/Debug-watchos/Tentacle-t.build/Objects-normal/arm64/Tentacle-Swift.h -working-directory /Users/admin/builder/spi-builder-workspace/.swiftpm/xcode -experimental-emit-module-separately -disable-cmo
error: Clang dependency scanning failure:  (in target 'Tentacle' from project 'Tentacle')
/Users/admin/builder/spi-builder-workspace/Sources/Tentacle/Color.swift:15:12: error: Unable to resolve module dependency: 'Cocoa' (in target 'Tentacle' from project 'Tentacle')
    note: A dependency of main module 'Tentacle'
/Users/admin/builder/spi-builder-workspace/Sources/Tentacle/Color.swift:15:12: note: A dependency of main module 'Tentacle'
    import Cocoa
           ^ (in target 'Tentacle' from project 'Tentacle')
SwiftDriver ReactiveSwift normal arm64_32 com.apple.xcode.tools.swift.compiler (in target 'ReactiveSwift' from project 'ReactiveSwift')
    cd /Users/admin/builder/spi-builder-workspace/.swiftpm/xcode
    builtin-SwiftDriver -- /Applications/Xcode-27.0.0-Release.Candidate.app/Contents/Developer/Toolchains/XcodeDefault.xctoolchain/usr/bin/swiftc -parse-as-library -module-name ReactiveSwift -Onone @/Users/admin/builder/spi-builder-workspace/.derivedData/Build/Intermediates.noindex/ReactiveSwift.build/Debug-watchos/ReactiveSwift-t.build/Objects-normal/arm64_32/ReactiveSwift.SwiftFileList -DSWIFT_PACKAGE -DDEBUG -DSWIFT_MODULE_RESOURCE_BUNDLE_UNAVAILABLE -DXcode -plugin-path /Applications/Xcode-27.0.0-Release.Candidate.app/Contents/Developer/Toolchains/XcodeDefault.xctoolchain/usr/lib/swift/host/plugins/testing -enable-experimental-feature DebugDescriptionMacro -sdk /Applications/Xcode-27.0.0-Release.Candidate.app/Contents/Developer/Platforms/WatchOS.platform/Developer/SDKs/WatchOS27.0.sdk -target arm64_32-apple-watchos9.0 -g -module-cache-path /Users/admin/builder/spi-builder-workspace/.derivedData/ModuleCache.noindex -Xfrontend -serialize-debugging-options -profile-coverage-mapping -profile-generate -enable-testing -suppress-warnings -index-store-path /Users/admin/builder/spi-builder-workspace/.derivedData/Index.noindex/DataStore -Xcc -D_LIBCPP_HARDENING_MODE\=_LIBCPP_HARDENING_MODE_DEBUG -swift-version 5 -I /Users/admin/builder/spi-builder-workspace/.derivedData/Build/Products/Debug-watchos -Isystem /Applications/Xcode-27.0.0-Release.Candidate.app/Contents/Developer/Platforms/WatchOS.platform/Developer/usr/lib -F /Users/admin/builder/spi-builder-workspace/.derivedData/Build/Products/Debug-watchos -F /Applications/Xcode-27.0.0-Release.Candidate.app/Contents/Developer/Platforms/WatchOS.platform/Developer/Library/Frameworks -F /Applications/Xcode-27.0.0-Release.Candidate.app/Contents/Developer/Platforms/WatchOS.platform/Developer/SDKs/WatchOS27.0.sdk/Developer/Library/Frameworks -c -j10 -enable-batch-mode -incremental -Xcc -ivfsstatcache -Xcc /Users/admin/builder/spi-builder-workspace/.derivedData/SDKStatCaches.noindex/watchos27.0-24R360-e829b21a6f8c9b70876ba0858053c04477534ef55a1706bf4c1112bbb242f0a2.sdkstatcache -output-file-map /Users/admin/builder/spi-builder-workspace/.derivedData/Build/Intermediates.noindex/ReactiveSwift.build/Debug-watchos/ReactiveSwift-t.build/Objects-normal/arm64_32/ReactiveSwift-OutputFileMap.json -save-temps -no-color-diagnostics -explicit-module-build -module-cache-path /Users/admin/builder/spi-builder-workspace/.derivedData/Build/Intermediates.noindex/SwiftExplicitPrecompiledModules -clang-scanner-module-cache-path /Users/admin/builder/spi-builder-workspace/.derivedData/ModuleCache.noindex -sdk-module-cache-path /Users/admin/builder/spi-builder-workspace/.derivedData/SDKExplicitPrecompiledModules -emit-dependencies -emit-module -emit-module-path /Users/admin/builder/spi-builder-workspace/.derivedData/Build/Intermediates.noindex/ReactiveSwift.build/Debug-watchos/ReactiveSwift-t.build/Objects-normal/arm64_32/ReactiveSwift.swiftmodule -serialize-diagnostics -dependency-scan-serialize-diagnostics-path /Users/admin/builder/spi-builder-workspace/.derivedData/Build/Intermediates.noindex/ReactiveSwift.build/Debug-watchos/ReactiveSwift-t.build/Objects-normal/arm64_32/ReactiveSwift-dependency-scan.dia -validate-clang-modules-once -clang-build-session-file /Users/admin/builder/spi-builder-workspace/.derivedData/ModuleCache.noindex/Session.modulevalidation -Xcc -fmodules-prune-interval\=86400 -Xcc -fmodules-prune-after\=345600 -emit-const-values -const-gather-protocols-list /Users/admin/builder/spi-builder-workspace/.derivedData/Build/Intermediates.noindex/ReactiveSwift.build/Debug-watchos/ReactiveSwift-t.build/Objects-normal/arm64_32/ReactiveSwift_const_extract_protocols.json -Xcc -I/Users/admin/builder/spi-builder-workspace/.derivedData/Build/Products/Debug-watchos/include -Xcc -I/Users/admin/builder/spi-builder-workspace/.derivedData/Build/Intermediates.noindex/ReactiveSwift.build/Debug-watchos/ReactiveSwift-t.build/DerivedSources-normal/arm64_32 -Xcc -I/Users/admin/builder/spi-builder-workspace/.derivedData/Build/Intermediates.noindex/ReactiveSwift.build/Debug-watchos/ReactiveSwift-t.build/DerivedSources/arm64_32 -Xcc -I/Users/admin/builder/spi-builder-workspace/.derivedData/Build/Intermediates.noindex/ReactiveSwift.build/Debug-watchos/ReactiveSwift-t.build/DerivedSources -Xcc -DSWIFT_PACKAGE -Xcc -DDEBUG\=1 -emit-objc-header -emit-objc-header-path /Users/admin/builder/spi-builder-workspace/.derivedData/Build/Intermediates.noindex/ReactiveSwift.build/Debug-watchos/ReactiveSwift-t.build/Objects-normal/arm64_32/ReactiveSwift-Swift.h -working-directory /Users/admin/builder/spi-builder-workspace/.swiftpm/xcode -experimental-emit-module-separately -disable-cmo
SwiftDriver Tentacle normal arm64_32 com.apple.xcode.tools.swift.compiler (in target 'Tentacle' from project 'Tentacle')
    cd /Users/admin/builder/spi-builder-workspace/.swiftpm/xcode
    builtin-SwiftDriver -- /Applications/Xcode-27.0.0-Release.Candidate.app/Contents/Developer/Toolchains/XcodeDefault.xctoolchain/usr/bin/swiftc -parse-as-library -module-name Tentacle -Onone @/Users/admin/builder/spi-builder-workspace/.derivedData/Build/Intermediates.noindex/Tentacle.build/Debug-watchos/Tentacle-t.build/Objects-normal/arm64_32/Tentacle.SwiftFileList -DSWIFT_PACKAGE -DDEBUG -DSWIFT_MODULE_RESOURCE_BUNDLE_UNAVAILABLE -DXcode -plugin-path /Applications/Xcode-27.0.0-Release.Candidate.app/Contents/Developer/Toolchains/XcodeDefault.xctoolchain/usr/lib/swift/host/plugins/testing -enable-experimental-feature DebugDescriptionMacro -sdk /Applications/Xcode-27.0.0-Release.Candidate.app/Contents/Developer/Platforms/WatchOS.platform/Developer/SDKs/WatchOS27.0.sdk -target arm64_32-apple-watchos9.0 -g -module-cache-path /Users/admin/builder/spi-builder-workspace/.derivedData/ModuleCache.noindex -Xfrontend -serialize-debugging-options -profile-coverage-mapping -profile-generate -enable-testing -index-store-path /Users/admin/builder/spi-builder-workspace/.derivedData/Index.noindex/DataStore -Xcc -D_LIBCPP_HARDENING_MODE\=_LIBCPP_HARDENING_MODE_DEBUG -swift-version 5 -I /Users/admin/builder/spi-builder-workspace/.derivedData/Build/Products/Debug-watchos -Isystem /Applications/Xcode-27.0.0-Release.Candidate.app/Contents/Developer/Platforms/WatchOS.platform/Developer/usr/lib -F /Users/admin/builder/spi-builder-workspace/.derivedData/Build/Products/Debug-watchos/PackageFrameworks -F /Users/admin/builder/spi-builder-workspace/.derivedData/Build/Products/Debug-watchos -F /Applications/Xcode-27.0.0-Release.Candidate.app/Contents/Developer/Platforms/WatchOS.platform/Developer/Library/Frameworks -F /Applications/Xcode-27.0.0-Release.Candidate.app/Contents/Developer/Platforms/WatchOS.platform/Developer/SDKs/WatchOS27.0.sdk/Developer/Library/Frameworks -c -j10 -enable-batch-mode -incremental -Xcc -ivfsstatcache -Xcc /Users/admin/builder/spi-builder-workspace/.derivedData/SDKStatCaches.noindex/watchos27.0-24R360-e829b21a6f8c9b70876ba0858053c04477534ef55a1706bf4c1112bbb242f0a2.sdkstatcache -output-file-map /Users/admin/builder/spi-builder-workspace/.derivedData/Build/Intermediates.noindex/Tentacle.build/Debug-watchos/Tentacle-t.build/Objects-normal/arm64_32/Tentacle-OutputFileMap.json -save-temps -no-color-diagnostics -explicit-module-build -module-cache-path /Users/admin/builder/spi-builder-workspace/.derivedData/Build/Intermediates.noindex/SwiftExplicitPrecompiledModules -clang-scanner-module-cache-path /Users/admin/builder/spi-builder-workspace/.derivedData/ModuleCache.noindex -sdk-module-cache-path /Users/admin/builder/spi-builder-workspace/.derivedData/SDKExplicitPrecompiledModules -emit-dependencies -emit-module -emit-module-path /Users/admin/builder/spi-builder-workspace/.derivedData/Build/Intermediates.noindex/Tentacle.build/Debug-watchos/Tentacle-t.build/Objects-normal/arm64_32/Tentacle.swiftmodule -serialize-diagnostics -dependency-scan-serialize-diagnostics-path /Users/admin/builder/spi-builder-workspace/.derivedData/Build/Intermediates.noindex/Tentacle.build/Debug-watchos/Tentacle-t.build/Objects-normal/arm64_32/Tentacle-dependency-scan.dia -validate-clang-modules-once -clang-build-session-file /Users/admin/builder/spi-builder-workspace/.derivedData/ModuleCache.noindex/Session.modulevalidation -Xcc -fmodules-prune-interval\=86400 -Xcc -fmodules-prune-after\=345600 -emit-const-values -const-gather-protocols-list /Users/admin/builder/spi-builder-workspace/.derivedData/Build/Intermediates.noindex/Tentacle.build/Debug-watchos/Tentacle-t.build/Objects-normal/arm64_32/Tentacle_const_extract_protocols.json -Xcc -I/Users/admin/builder/spi-builder-workspace/.derivedData/Build/Products/Debug-watchos/include -Xcc -I/Users/admin/builder/spi-builder-workspace/.derivedData/Build/Intermediates.noindex/Tentacle.build/Debug-watchos/Tentacle-t.build/DerivedSources-normal/arm64_32 -Xcc -I/Users/admin/builder/spi-builder-workspace/.derivedData/Build/Intermediates.noindex/Tentacle.build/Debug-watchos/Tentacle-t.build/DerivedSources/arm64_32 -Xcc -I/Users/admin/builder/spi-builder-workspace/.derivedData/Build/Intermediates.noindex/Tentacle.build/Debug-watchos/Tentacle-t.build/DerivedSources -Xcc -DSWIFT_PACKAGE -Xcc -DDEBUG\=1 -emit-objc-header -emit-objc-header-path /Users/admin/builder/spi-builder-workspace/.derivedData/Build/Intermediates.noindex/Tentacle.build/Debug-watchos/Tentacle-t.build/Objects-normal/arm64_32/Tentacle-Swift.h -working-directory /Users/admin/builder/spi-builder-workspace/.swiftpm/xcode -experimental-emit-module-separately -disable-cmo
error: Clang dependency scanning failure:  (in target 'Tentacle' from project 'Tentacle')
/Users/admin/builder/spi-builder-workspace/Sources/Tentacle/Color.swift:15:12: error: Unable to resolve module dependency: 'Cocoa' (in target 'Tentacle' from project 'Tentacle')
    note: A dependency of main module 'Tentacle'
/Users/admin/builder/spi-builder-workspace/Sources/Tentacle/Color.swift:15:12: note: A dependency of main module 'Tentacle'
    import Cocoa
           ^ (in target 'Tentacle' from project 'Tentacle')
PruneExplicitPrecompiledModules /Users/admin/builder/spi-builder-workspace/.derivedData/SDKExplicitPrecompiledModules
PruneExplicitPrecompiledModules /Users/admin/builder/spi-builder-workspace/.derivedData/Build/Intermediates.noindex/ExplicitPrecompiledModules
PruneExplicitPrecompiledModules /Users/admin/builder/spi-builder-workspace/.derivedData/Build/Intermediates.noindex/SwiftExplicitPrecompiledModules
2026-09-16 23:30:30.978 xcodebuild[993:5781] [MT] IDERunDestination: Supported platforms for the buildables in the current scheme is empty.
** BUILD FAILED **
The following build commands failed:
	SwiftDriver Tentacle normal arm64 com.apple.xcode.tools.swift.compiler (in target 'Tentacle' from project 'Tentacle')
	SwiftDriver Tentacle normal arm64_32 com.apple.xcode.tools.swift.compiler (in target 'Tentacle' from project 'Tentacle')
	Building workspace Tentacle with scheme Tentacle
(3 failures)
BUILD FAILURE 6.4 watchOS