The Swift Package Index logo.Swift Package Index

Build Information

Failed to build WriteFreely, reference main (4919bb), with Swift 6.4 for Linux on 18 Sep 2026 23:46:53 UTC.

Build Command

bash -c docker run --pull=always --rm -v "checkouts-54344847-0":/host -w "$PWD" -e JAVA_HOME="/root/.sdkman/candidates/java/current" -e SPI_BUILD="1" -e SPI_PROCESSING="1" registry.gitlab.com/saguaro1/spi-images:basic-6.4-latest swift build --triple x86_64-unknown-linux-gnu 2>&1

Build Log

========================================
RunAll
========================================
Builder version: 5.1.0
Interrupt handler set up.
========================================
Checkout
========================================
Clone URL: https://github.com/writefreely/writefreely-swift.git
Reference: main
Initialized empty Git repository in /host/spi-builder-workspace/.git/
hint: Using 'master' as the name for the initial branch. This default branch name
hint: is subject to change. To configure the initial branch name to use in all
hint: of your new repositories, which will suppress this warning, call:
hint:
hint: 	git config --global init.defaultBranch <name>
hint:
hint: Names commonly chosen instead of 'master' are 'main', 'trunk' and
hint: 'development'. The just-created branch can be renamed via this command:
hint:
hint: 	git branch -m <name>
From https://github.com/writefreely/writefreely-swift
 * branch            main       -> FETCH_HEAD
 * [new branch]      main       -> origin/main
HEAD is now at 4919bb1 Add collections-related test suite (#38)
Cloned https://github.com/writefreely/writefreely-swift.git
Revision (git rev-parse @):
4919bb1edcfceafe134fdac7e5c9d2e5b8a43cc8
SUCCESS checkout https://github.com/writefreely/writefreely-swift.git at main
========================================
Build
========================================
Selected platform:         linux
Swift version:             6.4
Building package at path:  $PWD
https://github.com/writefreely/writefreely-swift.git
Running build ...
bash -c docker run --pull=always --rm -v "checkouts-54344847-0":/host -w "$PWD" -e JAVA_HOME="/root/.sdkman/candidates/java/current" -e SPI_BUILD="1" -e SPI_PROCESSING="1" registry.gitlab.com/saguaro1/spi-images:basic-6.4-latest swift build --triple x86_64-unknown-linux-gnu 2>&1
basic-6.4-latest: Pulling from saguaro1/spi-images
Digest: sha256:c77fcce225e223ac0fafed844619173fc6de8d62dd560eeb28db3182af6a282b
Status: Image is up to date for registry.gitlab.com/saguaro1/spi-images:basic-6.4-latest
Building for debugging...
[Planning deferred tasks]
[35 / 43] WriteFreely
error: SwiftCompile normal x86_64 failed with a nonzero exit code. Command line:     cd /host

/host/spi-builder-workspace/Sources/WriteFreely/WFClient+Templates.swift:9:28: error: cannot find type 'URLRequest' in scope
  7 |     ///   - request: The `URLRequest` for the `GET` request
  8 |     ///   - completion: A closure that captures a `Result` with a `Data` object on success, or a `WFError` on failure.
  9 |     func get(with request: URLRequest, completion: @escaping (Result<Data, WFError>) -> Void) {
    |                            `- error: cannot find type 'URLRequest' in scope
 10 |         if request.httpMethod != "GET" {
 11 |             preconditionFailure("Expected GET request, but got \(request.httpMethod ?? "nil")")
/host/spi-builder-workspace/Sources/WriteFreely/WFClient+Templates.swift:46:23: error: cannot find type 'URLRequest' in scope
 44 |     ///   - completion: A closure that captures a `Result` with a `Data` object on success, or a `WFError` on failure.
 45 |     func post(
 46 |         with request: URLRequest,
    |                       `- error: cannot find type 'URLRequest' in scope
 47 |         expecting statusCode: Int,
 48 |         completion: @escaping (Result<Data, WFError>) -> Void
/host/spi-builder-workspace/Sources/WriteFreely/WFClient+Templates.swift:84:31: error: cannot find type 'URLRequest' in scope
 82 |     ///   - request: The `URLRequest` for the `DELETE` request
 83 |     ///   - completion: A closure that captures a `Result` with a `Data` object on success, or a `WFError` on failure.
 84 |     func delete(with request: URLRequest, completion: @escaping (Result<Data, WFError>) -> Void) {
    |                               `- error: cannot find type 'URLRequest' in scope
 85 |         if request.httpMethod != "DELETE" {
 86 |             preconditionFailure("Expected DELETE request, but got \(request.httpMethod ?? "nil")")
/host/spi-builder-workspace/Sources/WriteFreely/WFClient.swift:7:40: error: 'URLResponse' is unavailable: This type has moved to the FoundationNetworking module. Import that module to use it.
  5 | /// Define requirements for `URLSession`s here for dependency-injection purposes (specifically, for testing).
  6 | public protocol URLSessionProtocol {
  7 |     typealias DataTaskResult = (Data?, URLResponse?, Error?) -> Void
    |                                        `- error: 'URLResponse' is unavailable: This type has moved to the FoundationNetworking module. Import that module to use it.
  8 |     func dataTask(with request: URLRequest, completionHandler: @escaping DataTaskResult) -> URLSessionDataTaskProtocol
  9 | }
Foundation.URLResponse:2:18: note: 'URLResponse' has been explicitly marked unavailable here
1 | @available(*, unavailable, message: "This type has moved to the FoundationNetworking module. Import that module to use it.")
2 | public typealias URLResponse = AnyObject
  |                  `- note: 'URLResponse' has been explicitly marked unavailable here
/host/spi-builder-workspace/Sources/WriteFreely/WFClient.swift:8:33: error: cannot find type 'URLRequest' in scope
  6 | public protocol URLSessionProtocol {
  7 |     typealias DataTaskResult = (Data?, URLResponse?, Error?) -> Void
  8 |     func dataTask(with request: URLRequest, completionHandler: @escaping DataTaskResult) -> URLSessionDataTaskProtocol
    |                                 `- error: cannot find type 'URLRequest' in scope
  9 | }
 10 |
/host/spi-builder-workspace/Sources/WriteFreely/WFClient.swift:32:85: error: type 'URLSession' (aka 'AnyObject') has no member 'shared'
 30 |     ///   - instanceURL: The URL for the WriteFreely instance to which we're connecting, including the protocol.
 31 |     ///   - session: The URL session to use for connections; defaults to `URLSession.shared`.
 32 |     public init(for instanceURL: URL, with session: URLSessionProtocol = URLSession.shared) {
    |                                                                                     `- error: type 'URLSession' (aka 'AnyObject') has no member 'shared'
 33 |         decoder = JSONDecoder()
 34 |         decoder.dateDecodingStrategy = .iso8601WithPossibleFractionalSeconds
/host/spi-builder-workspace/Sources/WriteFreely/WFClient.swift:960:1: error: non-nominal type 'URLSession' (aka 'AnyObject') cannot be extended [#]8;;https://docs.swift.org/compiler/documentation/diagnostics/nominal-types\NominalTypes]8;;\]
958 | // MARK: - Protocol conformance
959 |
960 | extension URLSession: URLSessionProtocol {
    | `- error: non-nominal type 'URLSession' (aka 'AnyObject') cannot be extended [#]8;;https://docs.swift.org/compiler/documentation/diagnostics/nominal-types\NominalTypes]8;;\]
961 |     public func dataTask(
962 |         with request: URLRequest,
/host/spi-builder-workspace/Sources/WriteFreely/WFClient.swift:969:1: error: non-nominal type 'URLSessionDataTask' (aka 'AnyObject') cannot be extended [#]8;;https://docs.swift.org/compiler/documentation/diagnostics/nominal-types\NominalTypes]8;;\]
967 | }
968 |
969 | extension URLSessionDataTask: URLSessionDataTaskProtocol {}
    | `- error: non-nominal type 'URLSessionDataTask' (aka 'AnyObject') cannot be extended [#]8;;https://docs.swift.org/compiler/documentation/diagnostics/nominal-types\NominalTypes]8;;\]
970 |
[#NominalTypes]: <https://docs.swift.org/compiler/documentation/diagnostics/nominal-types>
Failed frontend command:
/usr/bin/swift-frontend -frontend -emit-module -experimental-skip-non-inlinable-function-bodies-without-types /host/spi-builder-workspace/Sources/WriteFreely/Extensions/JSONDecoder+Extension.swift /host/spi-builder-workspace/Sources/WriteFreely/HelperCodingKeys.swift /host/spi-builder-workspace/Sources/WriteFreely/WFClient+Templates.swift /host/spi-builder-workspace/Sources/WriteFreely/WFClient.swift /host/spi-builder-workspace/Sources/WriteFreely/WFCollection.swift /host/spi-builder-workspace/Sources/WriteFreely/WFError.swift /host/spi-builder-workspace/Sources/WriteFreely/WFPost.swift /host/spi-builder-workspace/Sources/WriteFreely/WFUser.swift -target x86_64-unknown-linux-gnu -disable-objc-interop -I /host/spi-builder-workspace/.build/out/Products/Debug-linux-x86_64 -module-cache-path /host/spi-builder-workspace/.build/out/ModuleCache.noindex -color-diagnostics -Xcc -fcolor-diagnostics -enable-testing -g -debug-info-format\=dwarf -dwarf-version\=4 -swift-version 5 -Onone -D SWIFT_PACKAGE -D DEBUG -D SWIFT_MODULE_RESOURCE_BUNDLE_UNAVAILABLE -D Xcode -serialize-debugging-options -enable-experimental-feature DebugDescriptionMacro -empty-abi-descriptor -external-plugin-path /usr/lib/swift/host/plugins/testing\#/usr/bin/swift-plugin-server -validate-clang-modules-once -clang-build-session-file /host/spi-builder-workspace/.build/out/ModuleCache.noindex/Session.modulevalidation -Xcc -working-directory -Xcc /host -enable-anonymous-context-mangled-names -file-compilation-dir /host -Xcc -fno-omit-frame-pointer -Xcc -D_LIBCPP_HARDENING_MODE\=_LIBCPP_HARDENING_MODE_DEBUG -Xcc -fmodules-prune-interval\=86400 -Xcc -fmodules-prune-after\=345600 -Xcc -I/host/spi-builder-workspace/.build/out/Products/Debug-linux-x86_64/include -Xcc -I/host/spi-builder-workspace/.build/out/Intermediates.noindex/WriteFreely.build/Debug-linux-x86_64/WriteFreely-t.build/DerivedSources-normal/x86_64 -Xcc -I/host/spi-builder-workspace/.build/out/Intermediates.noindex/WriteFreely.build/Debug-linux-x86_64/WriteFreely-t.build/DerivedSources/x86_64 -Xcc -I/host/spi-builder-workspace/.build/out/Intermediates.noindex/WriteFreely.build/Debug-linux-x86_64/WriteFreely-t.build/DerivedSources -Xcc -DSWIFT_PACKAGE -Xcc -DDEBUG\=1 -no-auto-bridging-header-chaining -module-name WriteFreely -const-gather-protocols-file /host/spi-builder-workspace/.build/out/Intermediates.noindex/WriteFreely.build/Debug-linux-x86_64/WriteFreely-t.build/Objects-normal/x86_64/WriteFreely_const_extract_protocols.json -in-process-plugin-server-path /usr/lib/swift/host/libSwiftInProcPluginServer.so -plugin-path /usr/lib/swift/host/plugins -plugin-path /usr/local/lib/swift/host/plugins -emit-module-doc-path /host/spi-builder-workspace/.build/out/Intermediates.noindex/WriteFreely.build/Debug-linux-x86_64/WriteFreely-t.build/Objects-normal/x86_64/Modules/WriteFreely.swiftdoc -emit-module-source-info-path /host/spi-builder-workspace/.build/out/Intermediates.noindex/WriteFreely.build/Debug-linux-x86_64/WriteFreely-t.build/Objects-normal/x86_64/Modules/WriteFreely.swiftsourceinfo -emit-objc-header-path /host/spi-builder-workspace/.build/out/Intermediates.noindex/WriteFreely.build/Debug-linux-x86_64/WriteFreely-t.build/Objects-normal/x86_64/WriteFreely-Swift.h -serialize-diagnostics-path /host/spi-builder-workspace/.build/out/Intermediates.noindex/WriteFreely.build/Debug-linux-x86_64/WriteFreely-t.build/Objects-normal/x86_64/WriteFreely-primary-emit-module.dia -emit-dependencies-path /host/spi-builder-workspace/.build/out/Intermediates.noindex/WriteFreely.build/Debug-linux-x86_64/WriteFreely-t.build/Objects-normal/x86_64/WriteFreely-primary-emit-module.d -parse-as-library -o /host/spi-builder-workspace/.build/out/Intermediates.noindex/WriteFreely.build/Debug-linux-x86_64/WriteFreely-t.build/Objects-normal/x86_64/Modules/WriteFreely.swiftmodule
error: Build failed
BUILD FAILURE 6.4 linux