Build Information
Failed to build AirbnbSwift, reference master (68ba5c), with Swift 6.3 for Wasm on 4 Oct 2026 16:41:29 UTC.
Build Command
bash -c docker run --pull=always --rm -v "checkouts-54344843-3":/host -w "$PWD" -e JAVA_HOME="/root/.sdkman/candidates/java/current" -e SPI_BUILD="1" -e SPI_PROCESSING="1" registry.gitlab.com/saguaro1/spi-images:wasm-6.3-latest swift build --swift-sdk swift-6.3.2-RELEASE_wasm 2>&1Build Log
========================================
RunAll
========================================
Builder version: 5.1.1
Interrupt handler set up.
========================================
Checkout
========================================
Clone URL: https://github.com/airbnb/swift.git
Reference: master
Initialized empty Git repository in /host/spi-builder-workspace/.git/
hint: Using 'master' as the name for the initial branch. This default branch name
hint: is subject to change. To configure the initial branch name to use in all
hint: of your new repositories, which will suppress this warning, call:
hint:
hint: git config --global init.defaultBranch <name>
hint:
hint: Names commonly chosen instead of 'master' are 'main', 'trunk' and
hint: 'development'. The just-created branch can be renamed via this command:
hint:
hint: git branch -m <name>
From https://github.com/airbnb/swift
* branch master -> FETCH_HEAD
* [new branch] master -> origin/master
HEAD is now at 68ba5c7 Adjust examples for Swift Testing expectations rule (#413)
Cloned https://github.com/airbnb/swift.git
Revision (git rev-parse @):
68ba5c7e45773012cc63268ce5be00a92ab6281c
SUCCESS checkout https://github.com/airbnb/swift.git at master
========================================
Build
========================================
Selected platform: wasm
Swift version: 6.3
Building package at path: $PWD
https://github.com/airbnb/swift.git
Running build ...
bash -c docker run --pull=always --rm -v "checkouts-54344843-3":/host -w "$PWD" -e JAVA_HOME="/root/.sdkman/candidates/java/current" -e SPI_BUILD="1" -e SPI_PROCESSING="1" registry.gitlab.com/saguaro1/spi-images:wasm-6.3-latest swift build --swift-sdk swift-6.3.2-RELEASE_wasm 2>&1
wasm-6.3-latest: Pulling from saguaro1/spi-images
Digest: sha256:253aad7f5b11d25cf9eaef34120b94cd8a325782929c57fb304a7711494a3f9a
Status: Image is up to date for registry.gitlab.com/saguaro1/spi-images:wasm-6.3-latest
Fetching https://github.com/apple/swift-argument-parser
[1/19047] Fetching swift-argument-parser
Fetched https://github.com/apple/swift-argument-parser from cache (0.76s)
Computing version for https://github.com/apple/swift-argument-parser
Computed https://github.com/apple/swift-argument-parser at 1.8.2 (0.99s)
Creating working copy for https://github.com/apple/swift-argument-parser
Working copy of https://github.com/apple/swift-argument-parser resolved at 1.8.2
Downloading binary artifact https://github.com/realm/SwiftLint/releases/download/0.62.2/SwiftLintBinary.artifactbundle.zip
Downloading binary artifact https://github.com/calda/SwiftFormat-nightly/releases/download/2026-09-21/SwiftFormat.artifactbundle.zip
[1413/46936925] Downloading https://github.com/calda/SwiftFormat-nightly/releases/download/2026-09-21/SwiftFormat.artifactbundle.zip
[39109/118928385] Downloading https://github.com/calda/SwiftFormat-nightly/releases/download/2026-09-21/SwiftFormat.artifactbundle.zip, https://github.com/realm/SwiftLint/releases/download/0.62.2/SwiftLintBinary.artifactbundle.zip
Downloaded https://github.com/calda/SwiftFormat-nightly/releases/download/2026-09-21/SwiftFormat.artifactbundle.zip (3.60s)
Downloaded https://github.com/realm/SwiftLint/releases/download/0.62.2/SwiftLintBinary.artifactbundle.zip (5.67s)
/host/spi-builder-workspace/Plugins/FormatSwift/Plugin.swift:52:13: warning: 'launchPath' is deprecated: renamed to 'executableURL' [#DeprecatedDeclaration]
50 |
51 | let process = Process()
52 | process.launchPath = launchPath
| |- warning: 'launchPath' is deprecated: renamed to 'executableURL' [#DeprecatedDeclaration]
| `- note: use 'executableURL' instead
53 | process.arguments = arguments
54 | try process.run()
[#DeprecatedDeclaration]: <https://docs.swift.org/compiler/documentation/diagnostics/deprecated-declaration>
[1/1] Compiling plugin FormatSwift
[2/2] Compiling plugin GenerateManual
[3/3] Compiling plugin GenerateDoccReference
Building for debugging...
[3/24] Copying swiftlint.yml
[4/24] Copying airbnb.swiftformat
[5/24] Copying swiftlint.yml
[6/24] Copying airbnb.swiftformat
[7/24] Write sources
[13/24] Write swift-version-24593BA9C3E375BF.txt
[15/28] Emitting module ArgumentParserToolInfo
[16/28] Compiling ArgumentParserToolInfo ToolInfo.swift
[17/29] Wrapping AST for ArgumentParserToolInfo for debugging
[19/76] Compiling ArgumentParserToolInfo ToolInfo.swift
[20/76] Emitting module ArgumentParserToolInfo
[21/77] Wrapping AST for ArgumentParserToolInfo for debugging
[23/124] Compiling ArgumentParser HelpCommand.swift
[24/124] Compiling ArgumentParser HelpGenerator.swift
[25/124] Compiling ArgumentParser MessageInfo.swift
[26/124] Compiling ArgumentParser UsageGenerator.swift
[27/124] Compiling ArgumentParser CollectionExtensions.swift
[28/124] Compiling ArgumentParser Foundation.swift
[29/130] Emitting module ArgumentParser
[30/136] Compiling ArgumentParser ArgumentVisibility.swift
[31/136] Compiling ArgumentParser CompletionKind.swift
[32/136] Compiling ArgumentParser Errors.swift
[33/136] Compiling ArgumentParser Flag.swift
[34/136] Compiling ArgumentParser NameSpecification.swift
[35/136] Compiling ArgumentParser Option.swift
[36/136] Compiling ArgumentParser OptionGroup.swift
[37/136] Compiling ArgumentParser Mutex.swift
[38/136] Compiling ArgumentParser Platform.swift
[39/136] Compiling ArgumentParser SequenceExtensions.swift
[40/136] Compiling ArgumentParser StringExtensions.swift
[41/136] Compiling ArgumentParser SwiftExtensions.swift
[42/136] Compiling ArgumentParser Tree.swift
[50/136] Compiling ArgumentParser ParentCommand.swift
[51/136] Compiling ArgumentParser AsyncParsableCommand.swift
[52/136] Compiling ArgumentParser CommandConfiguration.swift
[53/136] Compiling ArgumentParser CommandGroup.swift
[54/136] Compiling ArgumentParser EnumerableFlag.swift
[55/136] Compiling ArgumentParser ExpressibleByArgument.swift
[56/136] Compiling ArgumentParser ParsableArguments.swift
[57/136] Compiling ArgumentParser AsyncCompletionsValidator.swift
[58/136] Compiling ArgumentParser CodingKeyValidator.swift
[59/136] Compiling ArgumentParser NonsenseFlagsValidator.swift
[60/136] Compiling ArgumentParser ParsableArgumentsValidation.swift
[61/136] Compiling ArgumentParser PositionalArgumentsValidator.swift
[62/136] Compiling ArgumentParser UniqueNamesValidator.swift
[69/136] Compiling ArgumentParser BashCompletionsGenerator.swift
[70/136] Compiling ArgumentParser CompletionsGenerator.swift
[71/136] Compiling ArgumentParser FishCompletionsGenerator.swift
[72/136] Compiling ArgumentParser ZshCompletionsGenerator.swift
[73/136] Compiling ArgumentParser Argument.swift
[74/136] Compiling ArgumentParser ArgumentDiscussion.swift
[75/136] Compiling ArgumentParser ArgumentHelp.swift
[76/136] Emitting module ArgumentParser
[77/136] Compiling ArgumentParser InputOrigin.swift
[78/136] Compiling ArgumentParser Name.swift
[79/136] Compiling ArgumentParser Parsed.swift
[80/136] Compiling ArgumentParser ParsedValues.swift
[81/136] Compiling ArgumentParser ParserError.swift
[82/136] Compiling ArgumentParser SplitArguments.swift
[83/136] Compiling ArgumentParser DumpHelpGenerator.swift
[90/136] Compiling ArgumentParser ParsableCommand.swift
[91/136] Compiling ArgumentParser ArgumentDecoder.swift
[92/136] Compiling ArgumentParser ArgumentDefinition.swift
[93/136] Compiling ArgumentParser ArgumentSet.swift
[94/136] Compiling ArgumentParser CommandParser.swift
[95/136] Compiling ArgumentParser InputKey.swift
[96/137] Wrapping AST for ArgumentParser for debugging
[133/146] Compiling AirbnbSwiftFormatTool Command.swift
/host/spi-builder-workspace/Sources/AirbnbSwiftFormatTool/Command.swift:28:19: error: cannot find 'Process' in scope
26 | /// Synchronously runs this command and returns its exit code
27 | private func executeShellCommand() throws -> Int32 {
28 | let process = Process()
| `- error: cannot find 'Process' in scope
29 | process.launchPath = launchPath
30 | process.arguments = arguments
[134/146] Compiling AirbnbSwiftFormatTool resource_bundle_accessor.swift
error: emit-module command failed with exit code 1 (use -v to see invocation)
[135/146] Emitting module AirbnbSwiftFormatTool
/host/spi-builder-workspace/Sources/AirbnbSwiftFormatTool/AirbnbSwiftFormatTool.swift:157:11: error: cannot find type 'Process' in scope
155 | }
156 |
157 | extension Process {
| `- error: cannot find type 'Process' in scope
158 | var shellCommand: String {
159 | let launchPath = launchPath ?? ""
[136/146] Compiling AirbnbSwiftFormatTool AirbnbSwiftFormatTool.swift
/host/spi-builder-workspace/Sources/AirbnbSwiftFormatTool/AirbnbSwiftFormatTool.swift:157:11: error: cannot find type 'Process' in scope
155 | }
156 |
157 | extension Process {
| `- error: cannot find type 'Process' in scope
158 | var shellCommand: String {
159 | let launchPath = launchPath ?? ""
BUILD FAILURE 6.3 wasm