Build Information
Failed to build DevConfiguration, reference 0.13.1 (7c0c3e), with Swift 6.2 for Wasm on 10 Aug 2026 19:47:12 UTC.
Build Command
bash -c docker run --pull=always --rm -v "checkouts-53886770-0":/host -w "$PWD" -e JAVA_HOME="/root/.sdkman/candidates/java/current" -e SPI_BUILD="1" -e SPI_PROCESSING="1" registry.gitlab.com/saguaro1/spi-images:wasm-6.2-latest swift build --swift-sdk swift-6.2-RELEASE_wasm 2>&1Build Log
========================================
RunAll
========================================
Builder version: 729ceb5fcd9493dc13ee340bc4f0908bd201f85d
Interrupt handler set up.
========================================
Checkout
========================================
Clone URL: https://github.com/DevKitOrganization/DevConfiguration.git
Reference: 0.13.1
Initialized empty Git repository in /host/spi-builder-workspace/.git/
hint: Using 'master' as the name for the initial branch. This default branch name
hint: is subject to change. To configure the initial branch name to use in all
hint: of your new repositories, which will suppress this warning, call:
hint:
hint: git config --global init.defaultBranch <name>
hint:
hint: Names commonly chosen instead of 'master' are 'main', 'trunk' and
hint: 'development'. The just-created branch can be renamed via this command:
hint:
hint: git branch -m <name>
From https://github.com/DevKitOrganization/DevConfiguration
* tag 0.13.1 -> FETCH_HEAD
HEAD is now at 7c0c3e3 Clear the overrides-only filter when clearing all overrides (#25)
Cloned https://github.com/DevKitOrganization/DevConfiguration.git
Revision (git rev-parse @):
7c0c3e36c6f7743c2acb1358dabb46bc360b2fd2
SPI manifest file found: $PWD/.spi.yml
SUCCESS checkout https://github.com/DevKitOrganization/DevConfiguration.git at 0.13.1
========================================
Build
========================================
Selected platform: wasm
Swift version: 6.2
Building package at path: $PWD
https://github.com/DevKitOrganization/DevConfiguration.git
Running build ...
bash -c docker run --pull=always --rm -v "checkouts-53886770-0":/host -w "$PWD" -e JAVA_HOME="/root/.sdkman/candidates/java/current" -e SPI_BUILD="1" -e SPI_PROCESSING="1" registry.gitlab.com/saguaro1/spi-images:wasm-6.2-latest swift build --swift-sdk swift-6.2-RELEASE_wasm 2>&1
wasm-6.2-latest: Pulling from saguaro1/spi-images
Digest: sha256:70428a4f4110aef5b17a27427e965f31cf3855e8cf1dfdc416ed61c780337965
Status: Image is up to date for registry.gitlab.com/saguaro1/spi-images:wasm-6.2-latest
Fetching https://github.com/DevKitOrganization/DevFoundation.git
Fetching https://github.com/DevKitOrganization/DevTesting
Fetching https://github.com/apple/swift-configuration
[1/1287] Fetching devfoundation
[2/4935] Fetching devfoundation, swift-configuration
[4754/5449] Fetching devfoundation, swift-configuration, devtesting
Fetched https://github.com/DevKitOrganization/DevTesting from cache (0.61s)
Fetched https://github.com/DevKitOrganization/DevFoundation.git from cache (0.61s)
Fetched https://github.com/apple/swift-configuration from cache (0.61s)
Computing version for https://github.com/DevKitOrganization/DevTesting
Computed https://github.com/DevKitOrganization/DevTesting at 1.6.0 (0.77s)
Computing version for https://github.com/apple/swift-configuration
Computed https://github.com/apple/swift-configuration at 1.2.0 (0.98s)
Fetching https://github.com/apple/swift-collections
Fetching https://github.com/apple/swift-system
Fetching https://github.com/swift-server/swift-service-lifecycle
[1/2811] Fetching swift-service-lifecycle
[2728/9488] Fetching swift-service-lifecycle, swift-system
[9489/36068] Fetching swift-service-lifecycle, swift-system, swift-collections
Fetched https://github.com/swift-server/swift-service-lifecycle from cache (0.65s)
Fetched https://github.com/apple/swift-system from cache (0.65s)
[266/26580] Fetching swift-collections
Fetched https://github.com/apple/swift-collections from cache (1.20s)
Computing version for https://github.com/DevKitOrganization/DevFoundation.git
Computed https://github.com/DevKitOrganization/DevFoundation.git at 1.11.0 (1.37s)
Fetching https://github.com/swiftlang/swift-syntax.git
Fetching https://github.com/apple/swift-async-algorithms.git
Fetching https://github.com/apple/swift-argument-parser.git
[1/18273] Fetching swift-argument-parser
Fetched https://github.com/apple/swift-argument-parser.git from cache (0.79s)
[1/6655] Fetching swift-async-algorithms
[600/83122] Fetching swift-async-algorithms, swift-syntax
Fetched https://github.com/apple/swift-async-algorithms.git from cache (1.16s)
[12235/76467] Fetching swift-syntax
Fetched https://github.com/swiftlang/swift-syntax.git from cache (3.13s)
Computing version for https://github.com/swiftlang/swift-syntax.git
Computed https://github.com/swiftlang/swift-syntax.git at 602.0.0 (4.23s)
Computing version for https://github.com/swift-server/swift-service-lifecycle
Computed https://github.com/swift-server/swift-service-lifecycle at 2.11.0 (0.14s)
Fetching https://github.com/apple/swift-log.git
[1/7953] Fetching swift-log
Fetched https://github.com/apple/swift-log.git from cache (0.55s)
Computing version for https://github.com/apple/swift-async-algorithms.git
Computed https://github.com/apple/swift-async-algorithms.git at 1.1.5 (0.81s)
Computing version for https://github.com/apple/swift-collections
Computed https://github.com/apple/swift-collections at 1.6.0 (0.27s)
Computing version for https://github.com/apple/swift-argument-parser.git
Computed https://github.com/apple/swift-argument-parser.git at 1.8.2 (0.15s)
Computing version for https://github.com/apple/swift-system
Computed https://github.com/apple/swift-system at 1.8.0 (0.18s)
Computing version for https://github.com/apple/swift-log.git
Computed https://github.com/apple/swift-log.git at 1.15.0 (0.15s)
Creating working copy for https://github.com/DevKitOrganization/DevFoundation.git
Working copy of https://github.com/DevKitOrganization/DevFoundation.git resolved at 1.11.0
Creating working copy for https://github.com/apple/swift-argument-parser.git
Working copy of https://github.com/apple/swift-argument-parser.git resolved at 1.8.2
Creating working copy for https://github.com/apple/swift-collections
Working copy of https://github.com/apple/swift-collections resolved at 1.6.0
Creating working copy for https://github.com/swiftlang/swift-syntax.git
Working copy of https://github.com/swiftlang/swift-syntax.git resolved at 602.0.0
Creating working copy for https://github.com/apple/swift-configuration
Working copy of https://github.com/apple/swift-configuration resolved at 1.2.0
Creating working copy for https://github.com/swift-server/swift-service-lifecycle
Working copy of https://github.com/swift-server/swift-service-lifecycle resolved at 2.11.0
Creating working copy for https://github.com/apple/swift-system
Working copy of https://github.com/apple/swift-system resolved at 1.8.0
Creating working copy for https://github.com/apple/swift-async-algorithms.git
Working copy of https://github.com/apple/swift-async-algorithms.git resolved at 1.1.5
Creating working copy for https://github.com/apple/swift-log.git
Working copy of https://github.com/apple/swift-log.git resolved at 1.15.0
Creating working copy for https://github.com/DevKitOrganization/DevTesting
Working copy of https://github.com/DevKitOrganization/DevTesting resolved at 1.6.0
Downloading package prebuilt https://download.swift.org/prebuilts/swift-syntax/602.0.0/swift-6.2-RELEASE-MacroSupport-ubuntu_jammy_x86_64.tar.gz
Downloaded https://download.swift.org/prebuilts/swift-syntax/602.0.0/swift-6.2-RELEASE-MacroSupport-ubuntu_jammy_x86_64.tar.gz (0.22s)
[1/1] Compiling plugin GenerateManual
[2/2] Compiling plugin GenerateDoccReference
Building for debugging...
[2/18] Write sources
[2/18] Copying Localizable.xcstrings
[2/18] Write sources
[13/18] Compiling CSystem shims.c
[14/18] Write swift-version-24593BA9C3E375BF.txt
[16/78] Compiling SystemPackage FilePathTempWindows.swift
[17/78] Compiling SystemPackage FilePathWindows.swift
[18/80] Compiling InternalCollectionsUtilities _SortedCollection.swift
[19/80] Compiling InternalCollectionsUtilities _UniqueCollection.swift
[20/80] Emitting module SystemPackage
[21/85] Compiling SystemPackage FilePath.swift
[22/85] Compiling SystemPackage FilePathComponentView.swift
[23/85] Compiling SystemPackage FilePathTemp.swift
[24/85] Compiling SystemPackage FilePathTempPosix.swift
[25/85] Emitting module InternalCollectionsUtilities
[26/85] Compiling SystemPackage Constants.swift
[27/85] Compiling SystemPackage Exports.swift
[28/85] Compiling SystemPackage Mocking.swift
[29/85] Compiling SystemPackage Backcompat.swift
[30/85] Compiling SystemPackage CInterop.swift
[31/85] Compiling SystemPackage FilePermissions.swift
[32/85] Compiling SystemPackage Errno.swift
[33/85] Compiling SystemPackage ErrnoWindows.swift
[34/85] Compiling SystemPackage FileDescriptor.swift
[35/85] Compiling SystemPackage FileHelpers.swift
[36/85] Compiling SystemPackage FileOperations.swift
[37/86] Compiling SystemPackage RawBuffer.swift
[38/86] Compiling SystemPackage Syscalls.swift
[39/86] Compiling SystemPackage WindowsSyscallAdapters.swift
[40/86] Compiling SystemPackage MachPort.swift
[41/86] Compiling SystemPackage PlatformString.swift
[43/179] Compiling OrderedCollections OrderedDictionary+ExpressibleByDictionaryLiteral.swift
[44/179] Compiling OrderedCollections OrderedDictionary+Values.swift
[45/179] Compiling OrderedCollections OrderedDictionary.swift
[46/179] Compiling OrderedCollections OrderedSet+Codable.swift
[47/179] Compiling OrderedCollections OrderedSet+CustomReflectable.swift
[48/179] Compiling OrderedCollections OrderedDictionary+Initializers.swift
[49/179] Compiling OrderedCollections OrderedDictionary+Invariants.swift
[50/179] Compiling OrderedCollections OrderedDictionary+Move.swift
[51/179] Compiling OrderedCollections OrderedDictionary+Partial MutableCollection.swift
[52/179] Compiling OrderedCollections OrderedDictionary+Partial RangeReplaceableCollection.swift
[53/179] Compiling OrderedCollections OrderedDictionary+Sequence.swift
[54/179] Compiling OrderedCollections OrderedSet+Hashable.swift
[55/179] Compiling OrderedCollections OrderedSet+Initializers.swift
[56/179] Compiling OrderedCollections OrderedSet+Insertions.swift
[57/179] Compiling OrderedCollections OrderedSet+Invariants.swift
[58/179] Compiling OrderedCollections _HashTable+Bucket.swift
[59/179] Compiling OrderedCollections _HashTable+BucketIterator.swift
[60/179] Compiling OrderedCollections _HashTable+Constants.swift
[61/179] Compiling OrderedCollections _HashTable+CustomStringConvertible.swift
[62/179] Compiling OrderedCollections _HashTable+Testing.swift
[63/183] Compiling OrderedCollections OrderedSet+Diffing.swift
[64/183] Compiling OrderedCollections OrderedSet+Equatable.swift
[65/183] Compiling OrderedCollections OrderedSet+ExpressibleByArrayLiteral.swift
[66/183] Compiling OrderedCollections OrderedDictionary+Hashable.swift
[68/183] Emitting module ContainersPreview
[69/183] Compiling OrderedCollections OrderedDictionary+Sendable.swift
[74/183] Compiling OrderedCollections OrderedDictionary+Deprecations.swift
[75/183] Compiling OrderedCollections OrderedDictionary+Descriptions.swift
[76/183] Compiling OrderedCollections OrderedDictionary+Elements.SubSequence.swift
[77/183] Compiling OrderedCollections OrderedDictionary+Elements.swift
[78/183] Compiling OrderedCollections OrderedDictionary+Equatable.swift
[84/183] Compiling OrderedCollections OrderedSet+Descriptions.swift
[85/183] Compiling OrderedCollections _HashTable+UnsafeHandle.swift
[86/183] Compiling OrderedCollections _HashTable.swift
[87/183] Compiling OrderedCollections _Hashtable+Header.swift
[88/183] Compiling OrderedCollections OrderedDictionary+Codable.swift
[89/183] Compiling OrderedCollections OrderedDictionary+CustomReflectable.swift
[90/183] Compiling ContainersPreview Ref.swift
[91/183] Compiling ContainersPreview Shared.swift
[92/183] Compiling ContainersPreview SpanIterator.swift
[93/183] Compiling ContainersPreview UniqueBox.swift
[115/225] Compiling DequeModule UniqueDeque+Deprecated.swift
[116/225] Compiling DequeModule UniqueDeque+Descriptions.swift
[117/225] Compiling DequeModule UniqueDeque+Equatable.swift
[118/225] Compiling DequeModule UniqueDeque+Experimental.swift
[119/225] Compiling OrderedCollections OrderedSet+Partial SetAlgebra isSuperset.swift
[121/226] Compiling OrderedCollections OrderedSet+Partial SetAlgebra formSymmetricDifference.swift
[122/226] Compiling OrderedCollections OrderedSet+Partial SetAlgebra formUnion.swift
[123/226] Compiling OrderedCollections OrderedSet+Partial SetAlgebra intersection.swift
[124/226] Compiling OrderedCollections OrderedSet+Partial SetAlgebra isDisjoint.swift
[125/226] Compiling OrderedCollections OrderedSet+Partial SetAlgebra isEqualSet.swift
[126/226] Compiling OrderedCollections OrderedSet+Partial SetAlgebra isStrictSubset.swift
[127/226] Compiling OrderedCollections OrderedSet+Partial SetAlgebra isStrictSuperset.swift
[128/226] Compiling OrderedCollections OrderedSet+Partial SetAlgebra isSubset.swift
[130/233] Compiling OrderedCollections OrderedSet+Partial SetAlgebra subtract.swift
[131/233] Compiling OrderedCollections OrderedSet+Partial SetAlgebra subtracting.swift
[132/233] Compiling OrderedCollections OrderedSet+Partial SetAlgebra symmetricDifference.swift
[133/233] Compiling OrderedCollections OrderedSet+Partial SetAlgebra union.swift
[134/233] Compiling OrderedCollections OrderedSet+Partial SetAlgebra+Basics.swift
[135/233] Compiling OrderedCollections OrderedSet+RandomAccessCollection.swift
[136/233] Compiling OrderedCollections OrderedSet+ReserveCapacity.swift
[137/233] Compiling DequeModule RigidDeque+Container.swift
[138/233] Compiling DequeModule RigidDeque+Descriptions.swift
[139/233] Compiling DequeModule RigidDeque+Equatable.swift
[140/233] Compiling DequeModule RigidDeque+Experimental.swift
[141/233] Compiling DequeModule RigidDeque+Hashable.swift
[142/233] Compiling DequeModule RigidDeque+Initializers.swift
[143/233] Compiling DequeModule RigidDeque+Insertions.swift
[144/233] Compiling DequeModule RigidDeque+Prepend.swift
[145/233] Compiling DequeModule RigidDeque+Removals.swift
[146/233] Compiling DequeModule RigidDeque+Replacements.swift
[147/233] Compiling DequeModule RigidDeque+Testing.swift
[148/233] Compiling DequeModule RigidDeque.swift
[149/233] Compiling DequeModule UniqueDeque+Append.swift
[150/233] Compiling DequeModule UniqueDeque+Consumption.swift
[151/233] Compiling DequeModule UniqueDeque+Hashable.swift
[152/233] Compiling DequeModule UniqueDeque+Initializers.swift
[153/233] Compiling DequeModule UniqueDeque+Container.swift
[160/233] Compiling DequeModule UniqueDeque+Insertions.swift
[161/233] Compiling DequeModule UniqueDeque+Prepend.swift
[162/233] Compiling DequeModule UniqueDeque+Removals.swift
[163/238] Compiling DequeModule _DequeBuffer.swift
[164/238] Compiling DequeModule _DequeBufferHeader.swift
[165/238] Compiling DequeModule RigidDeque+Append.swift
[166/238] Compiling DequeModule RigidDeque+Consumption.swift
[175/238] Compiling DequeModule Deque+CustomReflectable.swift
[176/238] Compiling DequeModule Deque+Descriptions.swift
[177/238] Compiling DequeModule Deque+Equatable.swift
[178/238] Compiling DequeModule Deque+ExpressibleByArrayLiteral.swift
[189/238] Compiling DequeModule Deque+Extras.swift
[190/238] Compiling DequeModule Deque+Hashable.swift
[191/238] Compiling DequeModule Deque+Testing.swift
[192/238] Compiling DequeModule Deque._Storage.swift
[193/238] Compiling DequeModule Deque._UnsafeHandle.swift
[194/238] Compiling DequeModule Deque.swift
[195/238] Compiling DequeModule Deque+Codable.swift
[196/238] Compiling DequeModule Deque+Collection.swift
[205/238] Compiling OrderedCollections OrderedSet+Sendable.swift
[206/238] Compiling OrderedCollections OrderedSet+SubSequence.swift
[207/238] Compiling OrderedCollections OrderedSet+Testing.swift
[208/238] Compiling OrderedCollections OrderedSet+UnorderedView.swift
[209/238] Compiling OrderedCollections OrderedSet+UnstableInternals.swift
[210/238] Compiling OrderedCollections OrderedSet.swift
[211/238] Compiling OrderedCollections _UnsafeBitset.swift
[224/238] Emitting module OrderedCollections
[226/239] Emitting module DequeModule
[227/239] Compiling RemoteLocalizationMacros RemoteLocalizedStringMacroError.swift
[228/239] Compiling RemoteLocalizationMacros RemoteLocalizedStringWithFormatMacro.swift
[229/239] Compiling RemoteLocalizationMacros RemoteLocalizedStringMacro.swift
[230/239] Compiling RemoteLocalizationMacros RemoteLocalizationMacrosPlugin.swift
[231/239] Emitting module RemoteLocalizationMacros
[232/240] Wrapping AST for RemoteLocalizationMacros for debugging
[233/240] Write Objects.LinkFileList
[234/240] Linking RemoteLocalizationMacros-tool
[236/240] Compiling DequeModule UniqueDeque+Replacements.swift
[237/240] Compiling DequeModule UniqueDeque.swift
[238/240] Compiling DequeModule _DequeSlot.swift
[239/240] Compiling DequeModule _UnsafeDequeHandle.swift
[240/240] Compiling DequeModule _UnsafeDequeSegments.swift
[242/337] Compiling AsyncAlgorithms AsyncSyncSequence.swift
[243/337] Compiling AsyncAlgorithms AsyncThrottleSequence.swift
[244/337] Compiling AsyncAlgorithms AsyncThrowingExclusiveReductionsSequence.swift
[245/337] Compiling AsyncAlgorithms AsyncThrowingInclusiveReductionsSequence.swift
[246/337] Compiling AsyncAlgorithms AsyncTimerSequence.swift
[247/337] Compiling AsyncAlgorithms AsyncBufferSequence.swift
[248/337] Compiling AsyncAlgorithms BoundedBufferStateMachine.swift
[249/337] Compiling AsyncAlgorithms BoundedBufferStorage.swift
[250/344] Emitting module AsyncAlgorithms
[251/344] Compiling AsyncAlgorithms AsyncCombineLatest3Sequence.swift
[252/344] Compiling AsyncAlgorithms CombineLatestStateMachine.swift
[253/344] Compiling AsyncAlgorithms CombineLatestStorage.swift
[254/344] Compiling AsyncAlgorithms AsyncDebounceSequence.swift
[255/344] Compiling AsyncAlgorithms DebounceStateMachine.swift
[256/344] Compiling AsyncAlgorithms DebounceStorage.swift
[263/349] Compiling AsyncAlgorithms Dictionary.swift
[264/349] Compiling AsyncAlgorithms UnboundedBufferStateMachine.swift
[265/349] Compiling AsyncAlgorithms UnboundedBufferStorage.swift
[266/349] Compiling AsyncAlgorithms AsyncChannel.swift
[267/349] Compiling AsyncAlgorithms AsyncThrowingChannel.swift
[268/349] Compiling AsyncAlgorithms ChannelStateMachine.swift
[269/349] Compiling AsyncAlgorithms ChannelStorage.swift
[270/349] Compiling AsyncAlgorithms AsyncCombineLatest2Sequence.swift
[273/349] Compiling AsyncAlgorithms AsyncMerge2Sequence.swift
[274/349] Compiling AsyncAlgorithms AsyncMerge3Sequence.swift
[275/349] Compiling AsyncAlgorithms MergeStateMachine.swift
[276/349] Compiling AsyncAlgorithms MergeStorage.swift
[283/349] Compiling AsyncAlgorithms Rethrow.swift
[284/349] Compiling AsyncAlgorithms SetAlgebra.swift
[285/349] Compiling AsyncAlgorithms UnsafeTransfer.swift
[286/349] Compiling AsyncAlgorithms AsyncZip2Sequence.swift
[287/349] Compiling AsyncAlgorithms AsyncZip3Sequence.swift
[288/349] Compiling AsyncAlgorithms ZipStateMachine.swift
[289/349] Compiling AsyncAlgorithms ZipStorage.swift
[290/349] Compiling Configuration AccessReporter.swift
[291/349] Compiling Configuration AccessLogger.swift
[292/349] Compiling Configuration FileAccessLogger.swift
[293/349] Compiling Configuration ConfigContext.swift
[294/349] Compiling AsyncAlgorithms AsyncChunkedByGroupSequence.swift
[295/349] Compiling AsyncAlgorithms AsyncChunkedOnProjectionSequence.swift
[296/349] Compiling AsyncAlgorithms AsyncChunksOfCountOrSignalSequence.swift
[297/349] Compiling AsyncAlgorithms AsyncChunksOfCountSequence.swift
[298/349] Compiling AsyncAlgorithms AsyncCompactedSequence.swift
[299/349] Compiling AsyncAlgorithms AsyncExclusiveReductionsSequence.swift
[300/349] Compiling AsyncAlgorithms AsyncInclusiveReductionsSequence.swift
[301/349] Compiling AsyncAlgorithms AsyncJoinedBySeparatorSequence.swift
[302/349] Compiling AsyncAlgorithms AsyncJoinedSequence.swift
[303/349] Compiling AsyncAlgorithms AsyncMapErrorSequence.swift
[304/349] Compiling AsyncAlgorithms AsyncRemoveDuplicatesSequence.swift
[305/349] Compiling AsyncAlgorithms AsyncShareSequence.swift
[306/349] Compiling Configuration CombineLatestManyStorage.swift
[307/349] Compiling Configuration AsyncSequences.swift
[308/349] Compiling Configuration FoundationExtensions.swift
[309/349] Compiling Configuration Span.swift
[310/349] Compiling Configuration ConfigBytesFromStringDecoder.swift
[320/349] Compiling AsyncAlgorithms FlatMapLatestStorage.swift
[321/349] Compiling AsyncAlgorithms Disconnected.swift
[322/349] Compiling AsyncAlgorithms _TinyArray.swift
[323/349] Compiling AsyncAlgorithms AsyncInterspersedSequence.swift
[324/349] Compiling AsyncAlgorithms Locking.swift
[326/423] Compiling DevFoundation Result+CatchingAsync.swift
[327/423] Compiling DevFoundation LiveQuery.swift
[328/423] Compiling DevFoundation LiveQueryResultsProducer.swift
[329/423] Compiling DevFoundation HeaderItemsEquals.swift
[330/423] Compiling DevFoundation HostIsOneOf.swift
[331/423] Compiling DevFoundation PathMatches.swift
[332/423] Compiling DevFoundation EventBus.swift
[333/423] Compiling DevFoundation Data+Obfuscation.swift
[334/423] Compiling DevFoundation Date+Unix.swift
[335/423] Compiling DevFoundation Duration+TimeInterval.swift
[336/423] Compiling DevFoundation FixedWidthInteger+BigEndianData.swift
[337/423] Compiling DevFoundation RangeReplaceableCollection+RemoveFirst.swift
[338/423] Compiling DevFoundation LiveQuerySchedulingStrategy.swift
/host/spi-builder-workspace/.build/checkouts/DevFoundation/Sources/DevFoundation/Date Providers/DateProviders.swift:10:8: error: no such module 'os'
8 | import Foundation
9 | import Synchronization
10 | import os
| `- error: no such module 'os'
11 |
12 | /// DevFoundation’s logger for outputting information about date providers.
[339/423] Compiling DevFoundation InvalidHTTPStatusCodeError.swift
/host/spi-builder-workspace/.build/checkouts/DevFoundation/Sources/DevFoundation/Date Providers/DateProviders.swift:10:8: error: no such module 'os'
8 | import Foundation
9 | import Synchronization
10 | import os
| `- error: no such module 'os'
11 |
12 | /// DevFoundation’s logger for outputting information about date providers.
[340/423] Compiling DevFoundation InvalidWebServiceRequestError.swift
/host/spi-builder-workspace/.build/checkouts/DevFoundation/Sources/DevFoundation/Date Providers/DateProviders.swift:10:8: error: no such module 'os'
8 | import Foundation
9 | import Synchronization
10 | import os
| `- error: no such module 'os'
11 |
12 | /// DevFoundation’s logger for outputting information about date providers.
[341/423] Compiling DevFoundation NonHTTPURLResponseError.swift
/host/spi-builder-workspace/.build/checkouts/DevFoundation/Sources/DevFoundation/Date Providers/DateProviders.swift:10:8: error: no such module 'os'
8 | import Foundation
9 | import Synchronization
10 | import os
| `- error: no such module 'os'
11 |
12 | /// DevFoundation’s logger for outputting information about date providers.
[342/423] Compiling DevFoundation HTTPClient.swift
/host/spi-builder-workspace/.build/checkouts/DevFoundation/Sources/DevFoundation/Date Providers/DateProviders.swift:10:8: error: no such module 'os'
8 | import Foundation
9 | import Synchronization
10 | import os
| `- error: no such module 'os'
11 |
12 | /// DevFoundation’s logger for outputting information about date providers.
[343/423] Compiling DevFoundation HTTPClientInterceptor.swift
/host/spi-builder-workspace/.build/checkouts/DevFoundation/Sources/DevFoundation/Date Providers/DateProviders.swift:10:8: error: no such module 'os'
8 | import Foundation
9 | import Synchronization
10 | import os
| `- error: no such module 'os'
11 |
12 | /// DevFoundation’s logger for outputting information about date providers.
[344/423] Compiling DevFoundation URLRequestLoader.swift
/host/spi-builder-workspace/.build/checkouts/DevFoundation/Sources/DevFoundation/Date Providers/DateProviders.swift:10:8: error: no such module 'os'
8 | import Foundation
9 | import Synchronization
10 | import os
| `- error: no such module 'os'
11 |
12 | /// DevFoundation’s logger for outputting information about date providers.
[345/423] Compiling DevFoundation HTTPBody.swift
/host/spi-builder-workspace/.build/checkouts/DevFoundation/Sources/DevFoundation/Date Providers/DateProviders.swift:10:8: error: no such module 'os'
8 | import Foundation
9 | import Synchronization
10 | import os
| `- error: no such module 'os'
11 |
12 | /// DevFoundation’s logger for outputting information about date providers.
[346/423] Compiling DevFoundation HTTPHeaderField.swift
/host/spi-builder-workspace/.build/checkouts/DevFoundation/Sources/DevFoundation/Date Providers/DateProviders.swift:10:8: error: no such module 'os'
8 | import Foundation
9 | import Synchronization
10 | import os
| `- error: no such module 'os'
11 |
12 | /// DevFoundation’s logger for outputting information about date providers.
[347/423] Compiling DevFoundation HTTPHeaderItem.swift
/host/spi-builder-workspace/.build/checkouts/DevFoundation/Sources/DevFoundation/Date Providers/DateProviders.swift:10:8: error: no such module 'os'
8 | import Foundation
9 | import Synchronization
10 | import os
| `- error: no such module 'os'
11 |
12 | /// DevFoundation’s logger for outputting information about date providers.
/host/spi-builder-workspace/.build/checkouts/DevFoundation/Sources/DevFoundation/Date Providers/DateProviders.swift:10:8: error: no such module 'os'
8 | import Foundation
9 | import Synchronization
10 | import os
| `- error: no such module 'os'
11 |
12 | /// DevFoundation’s logger for outputting information about date providers.
/host/spi-builder-workspace/.build/checkouts/DevFoundation/Sources/DevFoundation/Date Providers/DateProviders.swift:10:8: error: no such module 'os'
8 | import Foundation
9 | import Synchronization
10 | import os
| `- error: no such module 'os'
11 |
12 | /// DevFoundation’s logger for outputting information about date providers.
/host/spi-builder-workspace/.build/checkouts/DevFoundation/Sources/DevFoundation/Date Providers/DateProviders.swift:10:8: error: no such module 'os'
8 | import Foundation
9 | import Synchronization
10 | import os
| `- error: no such module 'os'
11 |
12 | /// DevFoundation’s logger for outputting information about date providers.
[351/433] Compiling DevFoundation QueryItemsContains.swift
/host/spi-builder-workspace/.build/checkouts/DevFoundation/Sources/DevFoundation/Date Providers/DateProviders.swift:10:8: error: no such module 'os'
8 | import Foundation
9 | import Synchronization
10 | import os
| `- error: no such module 'os'
11 |
12 | /// DevFoundation’s logger for outputting information about date providers.
[352/433] Compiling DevFoundation QueryItemsEquals.swift
/host/spi-builder-workspace/.build/checkouts/DevFoundation/Sources/DevFoundation/Date Providers/DateProviders.swift:10:8: error: no such module 'os'
8 | import Foundation
9 | import Synchronization
10 | import os
| `- error: no such module 'os'
11 |
12 | /// DevFoundation’s logger for outputting information about date providers.
[353/433] Compiling DevFoundation SchemeIsOneOf.swift
/host/spi-builder-workspace/.build/checkouts/DevFoundation/Sources/DevFoundation/Date Providers/DateProviders.swift:10:8: error: no such module 'os'
8 | import Foundation
9 | import Synchronization
10 | import os
| `- error: no such module 'os'
11 |
12 | /// DevFoundation’s logger for outputting information about date providers.
[354/433] Compiling DevFoundation URLMatches.swift
/host/spi-builder-workspace/.build/checkouts/DevFoundation/Sources/DevFoundation/Date Providers/DateProviders.swift:10:8: error: no such module 'os'
8 | import Foundation
9 | import Synchronization
10 | import os
| `- error: no such module 'os'
11 |
12 | /// DevFoundation’s logger for outputting information about date providers.
[355/433] Compiling DevFoundation RequestComponents.swift
/host/spi-builder-workspace/.build/checkouts/DevFoundation/Sources/DevFoundation/Date Providers/DateProviders.swift:10:8: error: no such module 'os'
8 | import Foundation
9 | import Synchronization
10 | import os
| `- error: no such module 'os'
11 |
12 | /// DevFoundation’s logger for outputting information about date providers.
[356/433] Compiling DevFoundation RequestCondition.swift
/host/spi-builder-workspace/.build/checkouts/DevFoundation/Sources/DevFoundation/Date Providers/DateProviders.swift:10:8: error: no such module 'os'
8 | import Foundation
9 | import Synchronization
10 | import os
| `- error: no such module 'os'
11 |
12 | /// DevFoundation’s logger for outputting information about date providers.
[357/433] Compiling DevFoundation Responder.swift
/host/spi-builder-workspace/.build/checkouts/DevFoundation/Sources/DevFoundation/Date Providers/DateProviders.swift:10:8: error: no such module 'os'
8 | import Foundation
9 | import Synchronization
10 | import os
| `- error: no such module 'os'
11 |
12 | /// DevFoundation’s logger for outputting information about date providers.
[358/433] Compiling DevFoundation DispatchQueue+NonOvercommitting.swift
/host/spi-builder-workspace/.build/checkouts/DevFoundation/Sources/DevFoundation/Date Providers/DateProviders.swift:10:8: error: no such module 'os'
8 | import Foundation
9 | import Synchronization
10 | import os
| `- error: no such module 'os'
11 |
12 | /// DevFoundation’s logger for outputting information about date providers.
[359/433] Compiling DevFoundation DispatchQueue+Standard.swift
/host/spi-builder-workspace/.build/checkouts/DevFoundation/Sources/DevFoundation/Date Providers/DateProviders.swift:10:8: error: no such module 'os'
8 | import Foundation
9 | import Synchronization
10 | import os
| `- error: no such module 'os'
11 |
12 | /// DevFoundation’s logger for outputting information about date providers.
[360/433] Compiling DevFoundation ExecutionGroup.swift
/host/spi-builder-workspace/.build/checkouts/DevFoundation/Sources/DevFoundation/Date Providers/DateProviders.swift:10:8: error: no such module 'os'
8 | import Foundation
9 | import Synchronization
10 | import os
| `- error: no such module 'os'
11 |
12 | /// DevFoundation’s logger for outputting information about date providers.
[361/433] Compiling DevFoundation WithTimeout.swift
/host/spi-builder-workspace/.build/checkouts/DevFoundation/Sources/DevFoundation/Date Providers/DateProviders.swift:10:8: error: no such module 'os'
8 | import Foundation
9 | import Synchronization
10 | import os
| `- error: no such module 'os'
11 |
12 | /// DevFoundation’s logger for outputting information about date providers.
[362/433] Compiling DevFoundation DateProvider.swift
/host/spi-builder-workspace/.build/checkouts/DevFoundation/Sources/DevFoundation/Date Providers/DateProviders.swift:10:8: error: no such module 'os'
8 | import Foundation
9 | import Synchronization
10 | import os
| `- error: no such module 'os'
11 |
12 | /// DevFoundation’s logger for outputting information about date providers.
[363/433] Compiling DevFoundation DateProviders.swift
/host/spi-builder-workspace/.build/checkouts/DevFoundation/Sources/DevFoundation/Date Providers/DateProviders.swift:10:8: error: no such module 'os'
8 | import Foundation
9 | import Synchronization
10 | import os
| `- error: no such module 'os'
11 |
12 | /// DevFoundation’s logger for outputting information about date providers.
[364/433] Compiling DevFoundation OffsetDateProvider.swift
/host/spi-builder-workspace/.build/checkouts/DevFoundation/Sources/DevFoundation/Date Providers/DateProviders.swift:10:8: error: no such module 'os'
8 | import Foundation
9 | import Synchronization
10 | import os
| `- error: no such module 'os'
11 |
12 | /// DevFoundation’s logger for outputting information about date providers.
[365/433] Compiling DevFoundation ScaledDateProvider.swift
/host/spi-builder-workspace/.build/checkouts/DevFoundation/Sources/DevFoundation/Date Providers/DateProviders.swift:10:8: error: no such module 'os'
8 | import Foundation
9 | import Synchronization
10 | import os
| `- error: no such module 'os'
11 |
12 | /// DevFoundation’s logger for outputting information about date providers.
[366/433] Compiling DevFoundation SystemDateProvider.swift
/host/spi-builder-workspace/.build/checkouts/DevFoundation/Sources/DevFoundation/Date Providers/DateProviders.swift:10:8: error: no such module 'os'
8 | import Foundation
9 | import Synchronization
10 | import os
| `- error: no such module 'os'
11 |
12 | /// DevFoundation’s logger for outputting information about date providers.
[367/433] Compiling DevFoundation DevFoundation.swift
/host/spi-builder-workspace/.build/checkouts/DevFoundation/Sources/DevFoundation/Date Providers/DateProviders.swift:10:8: error: no such module 'os'
8 | import Foundation
9 | import Synchronization
10 | import os
| `- error: no such module 'os'
11 |
12 | /// DevFoundation’s logger for outputting information about date providers.
[368/433] Compiling DevFoundation BusEvent.swift
/host/spi-builder-workspace/.build/checkouts/DevFoundation/Sources/DevFoundation/Date Providers/DateProviders.swift:10:8: error: no such module 'os'
8 | import Foundation
9 | import Synchronization
10 | import os
| `- error: no such module 'os'
11 |
12 | /// DevFoundation’s logger for outputting information about date providers.
[369/433] Compiling DevFoundation HTTPMethod.swift
/host/spi-builder-workspace/.build/checkouts/DevFoundation/Sources/DevFoundation/Date Providers/DateProviders.swift:10:8: error: no such module 'os'
8 | import Foundation
9 | import Synchronization
10 | import os
| `- error: no such module 'os'
11 |
12 | /// DevFoundation’s logger for outputting information about date providers.
[370/433] Compiling DevFoundation HTTPResponse.swift
/host/spi-builder-workspace/.build/checkouts/DevFoundation/Sources/DevFoundation/Date Providers/DateProviders.swift:10:8: error: no such module 'os'
8 | import Foundation
9 | import Synchronization
10 | import os
| `- error: no such module 'os'
11 |
12 | /// DevFoundation’s logger for outputting information about date providers.
[371/433] Compiling DevFoundation HTTPStatusCode.swift
/host/spi-builder-workspace/.build/checkouts/DevFoundation/Sources/DevFoundation/Date Providers/DateProviders.swift:10:8: error: no such module 'os'
8 | import Foundation
9 | import Synchronization
10 | import os
| `- error: no such module 'os'
11 |
12 | /// DevFoundation’s logger for outputting information about date providers.
[372/433] Compiling DevFoundation MediaType.swift
/host/spi-builder-workspace/.build/checkouts/DevFoundation/Sources/DevFoundation/Date Providers/DateProviders.swift:10:8: error: no such module 'os'
8 | import Foundation
9 | import Synchronization
10 | import os
| `- error: no such module 'os'
11 |
12 | /// DevFoundation’s logger for outputting information about date providers.
[373/433] Compiling DevFoundation URLPathComponent.swift
/host/spi-builder-workspace/.build/checkouts/DevFoundation/Sources/DevFoundation/Date Providers/DateProviders.swift:10:8: error: no such module 'os'
8 | import Foundation
9 | import Synchronization
10 | import os
| `- error: no such module 'os'
11 |
12 | /// DevFoundation’s logger for outputting information about date providers.
[374/433] Compiling DevFoundation AnyRequestCondition.swift
/host/spi-builder-workspace/.build/checkouts/DevFoundation/Sources/DevFoundation/Date Providers/DateProviders.swift:10:8: error: no such module 'os'
8 | import Foundation
9 | import Synchronization
10 | import os
| `- error: no such module 'os'
11 |
12 | /// DevFoundation’s logger for outputting information about date providers.
[375/433] Compiling DevFoundation BodyEquals.swift
/host/spi-builder-workspace/.build/checkouts/DevFoundation/Sources/DevFoundation/Date Providers/DateProviders.swift:10:8: error: no such module 'os'
8 | import Foundation
9 | import Synchronization
10 | import os
| `- error: no such module 'os'
11 |
12 | /// DevFoundation’s logger for outputting information about date providers.
[376/433] Compiling DevFoundation BodyEqualsDecodable.swift
/host/spi-builder-workspace/.build/checkouts/DevFoundation/Sources/DevFoundation/Date Providers/DateProviders.swift:10:8: error: no such module 'os'
8 | import Foundation
9 | import Synchronization
10 | import os
| `- error: no such module 'os'
11 |
12 | /// DevFoundation’s logger for outputting information about date providers.
[377/433] Compiling DevFoundation HTTPMethodIsOneOf.swift
/host/spi-builder-workspace/.build/checkouts/DevFoundation/Sources/DevFoundation/Date Providers/DateProviders.swift:10:8: error: no such module 'os'
8 | import Foundation
9 | import Synchronization
10 | import os
| `- error: no such module 'os'
11 |
12 | /// DevFoundation’s logger for outputting information about date providers.
[378/433] Compiling DevFoundation HeaderItemsContains.swift
/host/spi-builder-workspace/.build/checkouts/DevFoundation/Sources/DevFoundation/Date Providers/DateProviders.swift:10:8: error: no such module 'os'
8 | import Foundation
9 | import Synchronization
10 | import os
| `- error: no such module 'os'
11 |
12 | /// DevFoundation’s logger for outputting information about date providers.
[379/433] Compiling DevFoundation ResponseGenerator.swift
/host/spi-builder-workspace/.build/checkouts/DevFoundation/Sources/DevFoundation/Date Providers/DateProviders.swift:10:8: error: no such module 'os'
8 | import Foundation
9 | import Synchronization
10 | import os
| `- error: no such module 'os'
11 |
12 | /// DevFoundation’s logger for outputting information about date providers.
[380/433] Compiling DevFoundation SimulatedURLRequestLoader.swift
/host/spi-builder-workspace/.build/checkouts/DevFoundation/Sources/DevFoundation/Date Providers/DateProviders.swift:10:8: error: no such module 'os'
8 | import Foundation
9 | import Synchronization
10 | import os
| `- error: no such module 'os'
11 |
12 | /// DevFoundation’s logger for outputting information about date providers.
[381/433] Compiling DevFoundation SuccessResponseTemplate.swift
/host/spi-builder-workspace/.build/checkouts/DevFoundation/Sources/DevFoundation/Date Providers/DateProviders.swift:10:8: error: no such module 'os'
8 | import Foundation
9 | import Synchronization
10 | import os
| `- error: no such module 'os'
11 |
12 | /// DevFoundation’s logger for outputting information about date providers.
[382/433] Compiling DevFoundation UnfulfillableRequestError.swift
/host/spi-builder-workspace/.build/checkouts/DevFoundation/Sources/DevFoundation/Date Providers/DateProviders.swift:10:8: error: no such module 'os'
8 | import Foundation
9 | import Synchronization
10 | import os
| `- error: no such module 'os'
11 |
12 | /// DevFoundation’s logger for outputting information about date providers.
[383/433] Compiling DevFoundation BaseURLConfiguring.swift
/host/spi-builder-workspace/.build/checkouts/DevFoundation/Sources/DevFoundation/Date Providers/DateProviders.swift:10:8: error: no such module 'os'
8 | import Foundation
9 | import Synchronization
10 | import os
| `- error: no such module 'os'
11 |
12 | /// DevFoundation’s logger for outputting information about date providers.
[384/433] Compiling DevFoundation JSONBodyWebServiceRequest.swift
/host/spi-builder-workspace/.build/checkouts/DevFoundation/Sources/DevFoundation/Date Providers/DateProviders.swift:10:8: error: no such module 'os'
8 | import Foundation
9 | import Synchronization
10 | import os
| `- error: no such module 'os'
11 |
12 | /// DevFoundation’s logger for outputting information about date providers.
[385/433] Compiling DevFoundation SingleBaseURLConfiguration.swift
/host/spi-builder-workspace/.build/checkouts/DevFoundation/Sources/DevFoundation/Date Providers/DateProviders.swift:10:8: error: no such module 'os'
8 | import Foundation
9 | import Synchronization
10 | import os
| `- error: no such module 'os'
11 |
12 | /// DevFoundation’s logger for outputting information about date providers.
[386/433] Compiling DevFoundation WebServiceClient.swift
/host/spi-builder-workspace/.build/checkouts/DevFoundation/Sources/DevFoundation/Date Providers/DateProviders.swift:10:8: error: no such module 'os'
8 | import Foundation
9 | import Synchronization
10 | import os
| `- error: no such module 'os'
11 |
12 | /// DevFoundation’s logger for outputting information about date providers.
[387/433] Compiling DevFoundation WebServiceRequest.swift
/host/spi-builder-workspace/.build/checkouts/DevFoundation/Sources/DevFoundation/Date Providers/DateProviders.swift:10:8: error: no such module 'os'
8 | import Foundation
9 | import Synchronization
10 | import os
| `- error: no such module 'os'
11 |
12 | /// DevFoundation’s logger for outputting information about date providers.
[388/433] Compiling DevFoundation OffsetPage.swift
/host/spi-builder-workspace/.build/checkouts/DevFoundation/Sources/DevFoundation/Date Providers/DateProviders.swift:10:8: error: no such module 'os'
8 | import Foundation
9 | import Synchronization
10 | import os
| `- error: no such module 'os'
11 |
12 | /// DevFoundation’s logger for outputting information about date providers.
[389/433] Compiling DevFoundation RandomAccessPager.swift
/host/spi-builder-workspace/.build/checkouts/DevFoundation/Sources/DevFoundation/Date Providers/DateProviders.swift:10:8: error: no such module 'os'
8 | import Foundation
9 | import Synchronization
10 | import os
| `- error: no such module 'os'
11 |
12 | /// DevFoundation’s logger for outputting information about date providers.
[390/433] Compiling DevFoundation SequentialPager.swift
/host/spi-builder-workspace/.build/checkouts/DevFoundation/Sources/DevFoundation/Date Providers/DateProviders.swift:10:8: error: no such module 'os'
8 | import Foundation
9 | import Synchronization
10 | import os
| `- error: no such module 'os'
11 |
12 | /// DevFoundation’s logger for outputting information about date providers.
[391/433] Compiling DevFoundation Bundle+RemoteContent.swift
/host/spi-builder-workspace/.build/checkouts/DevFoundation/Sources/DevFoundation/Date Providers/DateProviders.swift:10:8: error: no such module 'os'
8 | import Foundation
9 | import Synchronization
10 | import os
| `- error: no such module 'os'
11 |
12 | /// DevFoundation’s logger for outputting information about date providers.
[392/433] Compiling DevFoundation RemoteLocalizedFormatStringPolicy.swift
/host/spi-builder-workspace/.build/checkouts/DevFoundation/Sources/DevFoundation/Date Providers/DateProviders.swift:10:8: error: no such module 'os'
8 | import Foundation
9 | import Synchronization
10 | import os
| `- error: no such module 'os'
11 |
12 | /// DevFoundation’s logger for outputting information about date providers.
[393/433] Compiling DevFoundation RemoteLocalizedString.swift
/host/spi-builder-workspace/.build/checkouts/DevFoundation/Sources/DevFoundation/Date Providers/DateProviders.swift:10:8: error: no such module 'os'
8 | import Foundation
9 | import Synchronization
10 | import os
| `- error: no such module 'os'
11 |
12 | /// DevFoundation’s logger for outputting information about date providers.
[394/433] Compiling DevFoundation AnySendableHashable.swift
/host/spi-builder-workspace/.build/checkouts/DevFoundation/Sources/DevFoundation/Date Providers/DateProviders.swift:10:8: error: no such module 'os'
8 | import Foundation
9 | import Synchronization
10 | import os
| `- error: no such module 'os'
11 |
12 | /// DevFoundation’s logger for outputting information about date providers.
[395/433] Compiling DevFoundation CurrentValueMulticaster.swift
/host/spi-builder-workspace/.build/checkouts/DevFoundation/Sources/DevFoundation/Date Providers/DateProviders.swift:10:8: error: no such module 'os'
8 | import Foundation
9 | import Synchronization
10 | import os
| `- error: no such module 'os'
11 |
12 | /// DevFoundation’s logger for outputting information about date providers.
[396/433] Compiling DevFoundation DottedHierarchicalID.swift
/host/spi-builder-workspace/.build/checkouts/DevFoundation/Sources/DevFoundation/Date Providers/DateProviders.swift:10:8: error: no such module 'os'
8 | import Foundation
9 | import Synchronization
10 | import os
| `- error: no such module 'os'
11 |
12 | /// DevFoundation’s logger for outputting information about date providers.
[397/433] Compiling DevFoundation ExpiringValue.swift
/host/spi-builder-workspace/.build/checkouts/DevFoundation/Sources/DevFoundation/Date Providers/DateProviders.swift:10:8: error: no such module 'os'
8 | import Foundation
9 | import Synchronization
10 | import os
| `- error: no such module 'os'
11 |
12 | /// DevFoundation’s logger for outputting information about date providers.
[398/433] Compiling DevFoundation GibberishGenerator.swift
/host/spi-builder-workspace/.build/checkouts/DevFoundation/Sources/DevFoundation/Date Providers/DateProviders.swift:10:8: error: no such module 'os'
8 | import Foundation
9 | import Synchronization
10 | import os
| `- error: no such module 'os'
11 |
12 | /// DevFoundation’s logger for outputting information about date providers.
[399/433] Compiling DevFoundation HashableByID.swift
/host/spi-builder-workspace/.build/checkouts/DevFoundation/Sources/DevFoundation/Date Providers/DateProviders.swift:10:8: error: no such module 'os'
8 | import Foundation
9 | import Synchronization
10 | import os
| `- error: no such module 'os'
11 |
12 | /// DevFoundation’s logger for outputting information about date providers.
[400/433] Compiling DevFoundation IdentifiableBySelf.swift
/host/spi-builder-workspace/.build/checkouts/DevFoundation/Sources/DevFoundation/Date Providers/DateProviders.swift:10:8: error: no such module 'os'
8 | import Foundation
9 | import Synchronization
10 | import os
| `- error: no such module 'os'
11 |
12 | /// DevFoundation’s logger for outputting information about date providers.
[401/433] Compiling DevFoundation JSONValue.swift
/host/spi-builder-workspace/.build/checkouts/DevFoundation/Sources/DevFoundation/Date Providers/DateProviders.swift:10:8: error: no such module 'os'
8 | import Foundation
9 | import Synchronization
10 | import os
| `- error: no such module 'os'
11 |
12 | /// DevFoundation’s logger for outputting information about date providers.
[402/433] Compiling DevFoundation ObservableReference.swift
/host/spi-builder-workspace/.build/checkouts/DevFoundation/Sources/DevFoundation/Date Providers/DateProviders.swift:10:8: error: no such module 'os'
8 | import Foundation
9 | import Synchronization
10 | import os
| `- error: no such module 'os'
11 |
12 | /// DevFoundation’s logger for outputting information about date providers.
[403/433] Compiling DevFoundation OptionalRepresentable.swift
/host/spi-builder-workspace/.build/checkouts/DevFoundation/Sources/DevFoundation/Date Providers/DateProviders.swift:10:8: error: no such module 'os'
8 | import Foundation
9 | import Synchronization
10 | import os
| `- error: no such module 'os'
11 |
12 | /// DevFoundation’s logger for outputting information about date providers.
[404/433] Compiling DevFoundation RetryPolicy.swift
/host/spi-builder-workspace/.build/checkouts/DevFoundation/Sources/DevFoundation/Date Providers/DateProviders.swift:10:8: error: no such module 'os'
8 | import Foundation
9 | import Synchronization
10 | import os
| `- error: no such module 'os'
11 |
12 | /// DevFoundation’s logger for outputting information about date providers.
[405/433] Compiling DevFoundation SoftwareComponentID.swift
/host/spi-builder-workspace/.build/checkouts/DevFoundation/Sources/DevFoundation/Date Providers/DateProviders.swift:10:8: error: no such module 'os'
8 | import Foundation
9 | import Synchronization
10 | import os
| `- error: no such module 'os'
11 |
12 | /// DevFoundation’s logger for outputting information about date providers.
[406/433] Compiling DevFoundation TopLevelCoding.swift
/host/spi-builder-workspace/.build/checkouts/DevFoundation/Sources/DevFoundation/Date Providers/DateProviders.swift:10:8: error: no such module 'os'
8 | import Foundation
9 | import Synchronization
10 | import os
| `- error: no such module 'os'
11 |
12 | /// DevFoundation’s logger for outputting information about date providers.
[407/433] Compiling DevFoundation TypedExtensibleEnum.swift
/host/spi-builder-workspace/.build/checkouts/DevFoundation/Sources/DevFoundation/Date Providers/DateProviders.swift:10:8: error: no such module 'os'
8 | import Foundation
9 | import Synchronization
10 | import os
| `- error: no such module 'os'
11 |
12 | /// DevFoundation’s logger for outputting information about date providers.
[408/433] Compiling DevFoundation UserSelection.swift
/host/spi-builder-workspace/.build/checkouts/DevFoundation/Sources/DevFoundation/Date Providers/DateProviders.swift:10:8: error: no such module 'os'
8 | import Foundation
9 | import Synchronization
10 | import os
| `- error: no such module 'os'
11 |
12 | /// DevFoundation’s logger for outputting information about date providers.
error: emit-module command failed with exit code 1 (use -v to see invocation)
[409/433] Emitting module DevFoundation
/host/spi-builder-workspace/.build/checkouts/DevFoundation/Sources/DevFoundation/Date Providers/DateProviders.swift:10:8: error: no such module 'os'
8 | import Foundation
9 | import Synchronization
10 | import os
| `- error: no such module 'os'
11 |
12 | /// DevFoundation’s logger for outputting information about date providers.
[410/433] Compiling DevFoundation BusEventObserver.swift
/host/spi-builder-workspace/.build/checkouts/DevFoundation/Sources/DevFoundation/Date Providers/DateProviders.swift:10:8: error: no such module 'os'
8 | import Foundation
9 | import Synchronization
10 | import os
| `- error: no such module 'os'
11 |
12 | /// DevFoundation’s logger for outputting information about date providers.
[411/433] Compiling DevFoundation ContextualBusEventObserver.swift
/host/spi-builder-workspace/.build/checkouts/DevFoundation/Sources/DevFoundation/Date Providers/DateProviders.swift:10:8: error: no such module 'os'
8 | import Foundation
9 | import Synchronization
10 | import os
| `- error: no such module 'os'
11 |
12 | /// DevFoundation’s logger for outputting information about date providers.
/host/spi-builder-workspace/.build/checkouts/DevFoundation/Sources/DevFoundation/Date Providers/DateProviders.swift:10:8: error: no such module 'os'
8 | import Foundation
9 | import Synchronization
10 | import os
| `- error: no such module 'os'
11 |
12 | /// DevFoundation’s logger for outputting information about date providers.
/host/spi-builder-workspace/.build/checkouts/DevFoundation/Sources/DevFoundation/Date Providers/DateProviders.swift:10:8: error: no such module 'os'
8 | import Foundation
9 | import Synchronization
10 | import os
| `- error: no such module 'os'
11 |
12 | /// DevFoundation’s logger for outputting information about date providers.
/host/spi-builder-workspace/.build/checkouts/DevFoundation/Sources/DevFoundation/Date Providers/DateProviders.swift:10:8: error: no such module 'os'
8 | import Foundation
9 | import Synchronization
10 | import os
| `- error: no such module 'os'
11 |
12 | /// DevFoundation’s logger for outputting information about date providers.
/host/spi-builder-workspace/.build/checkouts/DevFoundation/Sources/DevFoundation/Date Providers/DateProviders.swift:10:8: error: no such module 'os'
8 | import Foundation
9 | import Synchronization
10 | import os
| `- error: no such module 'os'
11 |
12 | /// DevFoundation’s logger for outputting information about date providers.
/host/spi-builder-workspace/.build/checkouts/DevFoundation/Sources/DevFoundation/Date Providers/DateProviders.swift:10:8: error: no such module 'os'
8 | import Foundation
9 | import Synchronization
10 | import os
| `- error: no such module 'os'
11 |
12 | /// DevFoundation’s logger for outputting information about date providers.
/host/spi-builder-workspace/.build/checkouts/DevFoundation/Sources/DevFoundation/Date Providers/DateProviders.swift:10:8: error: no such module 'os'
8 | import Foundation
9 | import Synchronization
10 | import os
| `- error: no such module 'os'
11 |
12 | /// DevFoundation’s logger for outputting information about date providers.
/host/spi-builder-workspace/.build/checkouts/DevFoundation/Sources/DevFoundation/Date Providers/DateProviders.swift:10:8: error: no such module 'os'
8 | import Foundation
9 | import Synchronization
10 | import os
| `- error: no such module 'os'
11 |
12 | /// DevFoundation’s logger for outputting information about date providers.
/host/spi-builder-workspace/.build/checkouts/DevFoundation/Sources/DevFoundation/Date Providers/DateProviders.swift:10:8: error: no such module 'os'
8 | import Foundation
9 | import Synchronization
10 | import os
| `- error: no such module 'os'
11 |
12 | /// DevFoundation’s logger for outputting information about date providers.
/host/spi-builder-workspace/.build/checkouts/DevFoundation/Sources/DevFoundation/Date Providers/DateProviders.swift:10:8: error: no such module 'os'
8 | import Foundation
9 | import Synchronization
10 | import os
| `- error: no such module 'os'
11 |
12 | /// DevFoundation’s logger for outputting information about date providers.
[427/433] Emitting module Configuration
BUILD FAILURE 6.2 wasm