The Swift Package Index logo.Swift Package Index

Build Information

Failed to build SwiftF1Telemetry, reference 0.4.5 (bc93ff), with Swift 6.4 for Wasm on 25 Sep 2026 01:50:52 UTC.

Build Command

bash -c docker run --pull=always --rm -v "checkouts-54344844-0":/host -w "$PWD" -e JAVA_HOME="/root/.sdkman/candidates/java/current" -e SPI_BUILD="1" -e SPI_PROCESSING="1" registry.gitlab.com/saguaro1/spi-images:wasm-6.4-latest swift build --swift-sdk swift-6.4.x-DEVELOPMENT-SNAPSHOT-2026-09-04-a_wasm 2>&1

Build Log

========================================
RunAll
========================================
Builder version: 5.1.0
Interrupt handler set up.
========================================
Checkout
========================================
Clone URL: https://github.com/Al3x18/SwiftF1Telemetry.git
Reference: 0.4.5
Initialized empty Git repository in /host/spi-builder-workspace/.git/
hint: Using 'master' as the name for the initial branch. This default branch name
hint: is subject to change. To configure the initial branch name to use in all
hint: of your new repositories, which will suppress this warning, call:
hint:
hint: 	git config --global init.defaultBranch <name>
hint:
hint: Names commonly chosen instead of 'master' are 'main', 'trunk' and
hint: 'development'. The just-created branch can be renamed via this command:
hint:
hint: 	git branch -m <name>
From https://github.com/Al3x18/SwiftF1Telemetry
 * tag               0.4.5      -> FETCH_HEAD
HEAD is now at bc93ffb Refactor cache tests to use updated F1Client.CacheMode references, ensuring consistency in cache mode configurations.
Cloned https://github.com/Al3x18/SwiftF1Telemetry.git
Revision (git rev-parse @):
bc93ffbae185ccf5fd3369a3f78aaf8e0b4f1fec
SPI manifest file found: $PWD/.spi.yml
SUCCESS checkout https://github.com/Al3x18/SwiftF1Telemetry.git at 0.4.5
========================================
Build
========================================
Selected platform:         wasm
Swift version:             6.4
Building package at path:  $PWD
https://github.com/Al3x18/SwiftF1Telemetry.git
Running build ...
bash -c docker run --pull=always --rm -v "checkouts-54344844-0":/host -w "$PWD" -e JAVA_HOME="/root/.sdkman/candidates/java/current" -e SPI_BUILD="1" -e SPI_PROCESSING="1" registry.gitlab.com/saguaro1/spi-images:wasm-6.4-latest swift build --swift-sdk swift-6.4.x-DEVELOPMENT-SNAPSHOT-2026-09-04-a_wasm 2>&1
wasm-6.4-latest: Pulling from saguaro1/spi-images
Digest: sha256:4328fdb43c680d205c1d6761b1e3267aa38277eefdda9ddfb17b6a0f1a77857a
Status: Image is up to date for registry.gitlab.com/saguaro1/spi-images:wasm-6.4-latest
Fetching https://github.com/apple/swift-crypto.git
[1/18549] Fetching swift-crypto
Fetched https://github.com/apple/swift-crypto.git (1.54s)
Computing version for https://github.com/apple/swift-crypto.git
Computed https://github.com/apple/swift-crypto.git at 3.15.1 (3.38s)
Fetching https://github.com/apple/swift-asn1.git
[1/1983] Fetching swift-asn1
Fetched https://github.com/apple/swift-asn1.git (0.76s)
Computing version for https://github.com/apple/swift-asn1.git
Computed https://github.com/apple/swift-asn1.git at 1.7.3 (2.51s)
Creating working copy for https://github.com/apple/swift-asn1.git
Working copy of https://github.com/apple/swift-asn1.git resolved at 1.7.3
Creating working copy for https://github.com/apple/swift-crypto.git
Working copy of https://github.com/apple/swift-crypto.git resolved at 3.15.1
Building for debugging...
[Computing dependencies]
[Constructing description]
[Pre-planning 1 / 215]
[Planning deferred tasks]
[Writing build description]
[43 / 428] CCryptoBoringSSL
[51 / 428] CCryptoBoringSSL
[53 / 428] CCryptoBoringSSL
[56 / 428] CCryptoBoringSSL
[58 / 428] CCryptoBoringSSL
[59 / 428] CCryptoBoringSSL
[61 / 428] CCryptoBoringSSL
[64 / 428] CCryptoBoringSSL
[67 / 428] CCryptoBoringSSL
[68 / 428] CCryptoBoringSSL
[69 / 428] CCryptoBoringSSL
[70 / 428] CCryptoBoringSSL
[71 / 428] CCryptoBoringSSL
[74 / 428] CCryptoBoringSSL
[75 / 428] CCryptoBoringSSL
[76 / 428] CCryptoBoringSSL
[77 / 428] CCryptoBoringSSL
[81 / 428] CCryptoBoringSSL
[86 / 428] CCryptoBoringSSL
[88 / 428] CCryptoBoringSSL
[90 / 428] CCryptoBoringSSL
[93 / 428] CCryptoBoringSSL
[97 / 428] CCryptoBoringSSL
[98 / 428] CCryptoBoringSSL
[102 / 428] CCryptoBoringSSL
[104 / 428] CCryptoBoringSSL
[105 / 428] CCryptoBoringSSL
[106 / 428] CCryptoBoringSSL
[109 / 428] CCryptoBoringSSL
[112 / 428] CCryptoBoringSSL
[113 / 428] CCryptoBoringSSL
[115 / 428] CCryptoBoringSSL
[117 / 428] CCryptoBoringSSL
[121 / 428] CCryptoBoringSSL
[122 / 428] CCryptoBoringSSL
[124 / 428] CCryptoBoringSSL
[125 / 428] CCryptoBoringSSL
[127 / 428] CCryptoBoringSSL
[128 / 428] CCryptoBoringSSL
[130 / 428] CCryptoBoringSSL
[131 / 428] CCryptoBoringSSL
[133 / 428] CCryptoBoringSSL
[134 / 428] CCryptoBoringSSL
[136 / 428] CCryptoBoringSSL
[138 / 428] CCryptoBoringSSL
[140 / 428] CCryptoBoringSSL
[143 / 428] CCryptoBoringSSL
[145 / 428] CCryptoBoringSSL
[150 / 428] CCryptoBoringSSL
[156 / 428] CCryptoBoringSSL
[163 / 428] CCryptoBoringSSL
[167 / 428] CCryptoBoringSSL
[168 / 428] CCryptoBoringSSL
[169 / 428] CCryptoBoringSSL
[170 / 428] CCryptoBoringSSL
[172 / 428] CCryptoBoringSSL
[174 / 428] CCryptoBoringSSL
[176 / 428] CCryptoBoringSSL
[177 / 428] CCryptoBoringSSL
[178 / 428] CCryptoBoringSSL
[181 / 428] CCryptoBoringSSL
[182 / 428] CCryptoBoringSSL
[183 / 428] CCryptoBoringSSL
[184 / 428] CCryptoBoringSSL
[186 / 428] CCryptoBoringSSL
[189 / 428] CCryptoBoringSSL
[190 / 428] CCryptoBoringSSL
[192 / 428] CCryptoBoringSSL
[194 / 428] CCryptoBoringSSL
[195 / 428] CCryptoBoringSSL
[198 / 428] CCryptoBoringSSL
[199 / 428] CCryptoBoringSSL
[200 / 428] CCryptoBoringSSL
[203 / 428] CCryptoBoringSSL
[204 / 428] CCryptoBoringSSL
[205 / 428] CCryptoBoringSSL
[207 / 428] CCryptoBoringSSL
[208 / 428] CCryptoBoringSSL
[209 / 428] CCryptoBoringSSL
[212 / 428] CCryptoBoringSSL
[213 / 428] CCryptoBoringSSL
[214 / 428] CCryptoBoringSSL
[216 / 428] CCryptoBoringSSL
[218 / 428] CCryptoBoringSSL
[220 / 428] CCryptoBoringSSL
[223 / 428] CCryptoBoringSSL
[225 / 428] CCryptoBoringSSL
[229 / 428] CCryptoBoringSSL
[230 / 428] CCryptoBoringSSL
[231 / 428] CCryptoBoringSSL
[232 / 428] CCryptoBoringSSL
[234 / 428] CCryptoBoringSSL
[238 / 428] CCryptoBoringSSL
[239 / 428] CCryptoBoringSSL
[241 / 428] CCryptoBoringSSL
[242 / 428] CCryptoBoringSSL
[243 / 428] CCryptoBoringSSL
[244 / 428] CCryptoBoringSSL
[245 / 428] CCryptoBoringSSL
[251 / 428] CCryptoBoringSSL
[256 / 428] CCryptoBoringSSL
[260 / 428] CCryptoBoringSSL
[262 / 428] CCryptoBoringSSL
[263 / 428] CCryptoBoringSSL
[265 / 428] CCryptoBoringSSL
[266 / 428] CCryptoBoringSSL
[267 / 428] CCryptoBoringSSL
[269 / 428] CCryptoBoringSSL
[272 / 428] CCryptoBoringSSL
[274 / 428] CCryptoBoringSSL
[276 / 428] CCryptoBoringSSL
[277 / 428] CCryptoBoringSSL
[278 / 428] CCryptoBoringSSL
[279 / 428] CCryptoBoringSSL
[282 / 428] CCryptoBoringSSL
[284 / 428] CCryptoBoringSSL
[286 / 428] CCryptoBoringSSL
[288 / 428] CCryptoBoringSSL
[290 / 428] CCryptoBoringSSL
[291 / 428] CCryptoBoringSSL
[293 / 428] CCryptoBoringSSL
[296 / 428] CCryptoBoringSSL
[297 / 428] CCryptoBoringSSL
[298 / 428] CCryptoBoringSSL
[299 / 428] CCryptoBoringSSL
[301 / 428] CCryptoBoringSSL
[303 / 428] CCryptoBoringSSL
[305 / 428] CCryptoBoringSSL
[306 / 428] CCryptoBoringSSL
[308 / 428] CCryptoBoringSSL
[310 / 428] CCryptoBoringSSL
[312 / 428] CCryptoBoringSSL
[314 / 428] CCryptoBoringSSL
[316 / 428] CCryptoBoringSSL
[317 / 428] CCryptoBoringSSL
[321 / 428] CCryptoBoringSSL
[323 / 428] CCryptoBoringSSL
[326 / 428] CCryptoBoringSSL
[329 / 428] CCryptoBoringSSL
[331 / 428] CCryptoBoringSSL
[334 / 428] CCryptoBoringSSL
[338 / 428] CCryptoBoringSSL
[340 / 428] CCryptoBoringSSL
[343 / 428] CCryptoBoringSSL
[344 / 428] CCryptoBoringSSL
[345 / 428] CCryptoBoringSSL
[348 / 428] CCryptoBoringSSL
[349 / 428] CCryptoBoringSSL
[350 / 428] CCryptoBoringSSL
[351 / 428] CCryptoBoringSSL
[354 / 428] CCryptoBoringSSL
[356 / 428] CCryptoBoringSSL
[357 / 428] CCryptoBoringSSL
[361 / 428] CCryptoBoringSSL
[364 / 428] CCryptoBoringSSL
[366 / 428] CCryptoBoringSSL
[368 / 428] CCryptoBoringSSL
[370 / 428] CCryptoBoringSSL
[374 / 428] CCryptoBoringSSL
[377 / 428] CCryptoBoringSSL
[380 / 428] CCryptoBoringSSL
[384 / 428] CCryptoBoringSSL
[385 / 428] CCryptoBoringSSL
[386 / 428] CCryptoBoringSSL
[388 / 428] CCryptoBoringSSL
[389 / 428] CCryptoBoringSSL
[392 / 428] CCryptoBoringSSL
[393 / 428] CCryptoBoringSSL
[395 / 428] CCryptoBoringSSL
[396 / 428] CCryptoBoringSSL
[397 / 428] CCryptoBoringSSL
[398 / 428] CCryptoBoringSSL
[399 / 428] CCryptoBoringSSL
[400 / 428] CCryptoBoringSSL
[403 / 437] CryptoBoringWrapper
[405 / 437] CryptoBoringWrapper
[405 / 437] CCryptoBoringSSL
[406 / 437] CCryptoBoringSSL
[409 / 437] CryptoBoringWrapper
[409 / 437] CCryptoBoringSSL
[411 / 437] CCryptoBoringSSL
[417 / 438] CCryptoBoringSSL
[418 / 447] Crypto
[420 / 447] Crypto
[426 / 447] CryptoBoringWrapper
[427 / 447] Crypto
[428 / 447] Crypto-product
[430 / 447] Crypto
[431 / 447]
[432 / 448]
[434 / 449]
[436 / 458] SwiftF1Telemetry
[437 / 458] SwiftF1Telemetry
[438 / 458] SwiftF1Telemetry
[440 / 458] SwiftF1Telemetry
error: SwiftCompile normal wasm32 /host/spi-builder-workspace/Sources/SwiftF1Telemetry/Utils/Errors.swift failed with a nonzero exit code. Command line:     cd /host
    builtin-SwiftPerFileCompile Errors.swift
error: SwiftCompile normal wasm32 /host/spi-builder-workspace/Sources/SwiftF1Telemetry/Utils/Logger.swift failed with a nonzero exit code. Command line:     cd /host
    builtin-SwiftPerFileCompile Logger.swift
error: SwiftCompile normal wasm32 /host/spi-builder-workspace/Sources/SwiftF1Telemetry/Utils/PlatformPaths.swift failed with a nonzero exit code. Command line:     cd /host
    builtin-SwiftPerFileCompile PlatformPaths.swift
error: SwiftCompile normal wasm32 /host/spi-builder-workspace/Sources/SwiftF1Telemetry/Utils/TimeUtils.swift failed with a nonzero exit code. Command line:     cd /host
    builtin-SwiftPerFileCompile TimeUtils.swift
<module-includes>:1:10: note: in file included from <module-includes>:1:
1 | #include "include/czlib_shim.h"
  |          `- note: in file included from <module-includes>:1:
2 |
/host/spi-builder-workspace/Sources/CZlib/include/czlib_shim.h:1:10: error: 'zlib.h' file not found
1 | #include <zlib.h>
  |          `- error: 'zlib.h' file not found
2 |
/host/spi-builder-workspace/Sources/SwiftF1Telemetry/Parsing/RawEnvelopeParser.swift:2:8: error: could not build C module 'CZlib'
  1 | import Foundation
  2 | import CZlib
    |        `- error: could not build C module 'CZlib'
  3 |
  4 | struct RawJSONStreamLine {
Failed frontend command:
/usr/bin/swift-frontend -frontend -c /host/spi-builder-workspace/Sources/SwiftF1Telemetry/Backend/BackendProtocol.swift /host/spi-builder-workspace/Sources/SwiftF1Telemetry/Backend/DefaultBackend.swift /host/spi-builder-workspace/Sources/SwiftF1Telemetry/Backend/MeetingMatcher.swift /host/spi-builder-workspace/Sources/SwiftF1Telemetry/Cache/CacheKey.swift /host/spi-builder-workspace/Sources/SwiftF1Telemetry/Cache/CacheStoreProtocol.swift /host/spi-builder-workspace/Sources/SwiftF1Telemetry/Cache/DiskCacheStore.swift /host/spi-builder-workspace/Sources/SwiftF1Telemetry/Models/CarDataModels.swift /host/spi-builder-workspace/Sources/SwiftF1Telemetry/Models/PositionModels.swift /host/spi-builder-workspace/Sources/SwiftF1Telemetry/Models/SessionModels.swift /host/spi-builder-workspace/Sources/SwiftF1Telemetry/Models/TelemetryModels.swift /host/spi-builder-workspace/Sources/SwiftF1Telemetry/Models/TimingModels.swift /host/spi-builder-workspace/Sources/SwiftF1Telemetry/Parsing/CarDataParser.swift /host/spi-builder-workspace/Sources/SwiftF1Telemetry/Parsing/DriverListParser.swift /host/spi-builder-workspace/Sources/SwiftF1Telemetry/Parsing/PositionParser.swift /host/spi-builder-workspace/Sources/SwiftF1Telemetry/Parsing/RawEnvelopeParser.swift /host/spi-builder-workspace/Sources/SwiftF1Telemetry/Parsing/SessionParser.swift /host/spi-builder-workspace/Sources/SwiftF1Telemetry/Parsing/TimingParser.swift /host/spi-builder-workspace/Sources/SwiftF1Telemetry/Processing/DistanceCalculator.swift /host/spi-builder-workspace/Sources/SwiftF1Telemetry/Processing/LapSlicer.swift /host/spi-builder-workspace/Sources/SwiftF1Telemetry/Processing/TelemetryComparisonCalculator.swift /host/spi-builder-workspace/Sources/SwiftF1Telemetry/Processing/TelemetryMerger.swift /host/spi-builder-workspace/Sources/SwiftF1Telemetry/Public/ChartAdapters.swift /host/spi-builder-workspace/Sources/SwiftF1Telemetry/Public/Discovery.swift /host/spi-builder-workspace/Sources/SwiftF1Telemetry/Public/F1Client.swift /host/spi-builder-workspace/Sources/SwiftF1Telemetry/Public/F1ClientConfiguration.swift /host/spi-builder-workspace/Sources/SwiftF1Telemetry/Public/Lap.swift /host/spi-builder-workspace/Sources/SwiftF1Telemetry/Public/Session.swift /host/spi-builder-workspace/Sources/SwiftF1Telemetry/Public/SwiftF1TelemetryVersion.swift /host/spi-builder-workspace/Sources/SwiftF1Telemetry/Public/TelemetryComparison.swift /host/spi-builder-workspace/Sources/SwiftF1Telemetry/Public/TelemetryTrace.swift /host/spi-builder-workspace/Sources/SwiftF1Telemetry/Transport/HTTPClient.swift /host/spi-builder-workspace/Sources/SwiftF1Telemetry/Transport/RetryPolicy.swift /host/spi-builder-workspace/Sources/SwiftF1Telemetry/Transport/URLSessionHTTPClient.swift -primary-file /host/spi-builder-workspace/Sources/SwiftF1Telemetry/Utils/Errors.swift -primary-file /host/spi-builder-workspace/Sources/SwiftF1Telemetry/Utils/Logger.swift -primary-file /host/spi-builder-workspace/Sources/SwiftF1Telemetry/Utils/PlatformPaths.swift -primary-file /host/spi-builder-workspace/Sources/SwiftF1Telemetry/Utils/TimeUtils.swift -supplementary-output-file-map /host/spi-builder-workspace/.build/out/Intermediates.noindex/SwiftF1Telemetry.build/Debug-webassembly-wasm32/SwiftF1Telemetry-t.build/Objects-normal/wasm32/supplementaryOutputs-16 -target wasm32-unknown-wasip1 -disable-objc-interop -sdk /root/.swiftpm/swift-sdks/swift-6.4.x-DEVELOPMENT-SNAPSHOT-2026-09-04-a_wasm.artifactbundle/swift-6.4.x-DEVELOPMENT-SNAPSHOT-2026-09-04-a_wasm/wasm32-unknown-wasip1/WASI.sdk -sysroot /root/.swiftpm/swift-sdks/swift-6.4.x-DEVELOPMENT-SNAPSHOT-2026-09-04-a_wasm.artifactbundle/swift-6.4.x-DEVELOPMENT-SNAPSHOT-2026-09-04-a_wasm/wasm32-unknown-wasip1/WASI.sdk -I /host/spi-builder-workspace/.build/out/Products/Debug-webassembly-wasm32 -module-cache-path /host/spi-builder-workspace/.build/out/ModuleCache.noindex -color-diagnostics -Xcc -fcolor-diagnostics -enable-testing -g -debug-info-format\=dwarf -dwarf-version\=4 -swift-version 6 -Onone -D SWIFT_PACKAGE -D DEBUG -D SWIFT_MODULE_RESOURCE_BUNDLE_UNAVAILABLE -D Xcode -serialize-debugging-options -enable-experimental-feature DebugDescriptionMacro -empty-abi-descriptor -external-plugin-path /usr/lib/swift/host/plugins/testing\#/usr/bin/swift-plugin-server -validate-clang-modules-once -clang-build-session-file /host/spi-builder-workspace/.build/out/ModuleCache.noindex/Session.modulevalidation -Xcc -working-directory -Xcc /host -resource-dir /root/.swiftpm/swift-sdks/swift-6.4.x-DEVELOPMENT-SNAPSHOT-2026-09-04-a_wasm.artifactbundle/swift-6.4.x-DEVELOPMENT-SNAPSHOT-2026-09-04-a_wasm/wasm32-unknown-wasip1/swift.xctoolchain/usr/lib/swift_static -use-static-resource-dir -enable-anonymous-context-mangled-names -file-compilation-dir /host -Xcc -resource-dir -Xcc /root/.swiftpm/swift-sdks/swift-6.4.x-DEVELOPMENT-SNAPSHOT-2026-09-04-a_wasm.artifactbundle/swift-6.4.x-DEVELOPMENT-SNAPSHOT-2026-09-04-a_wasm/wasm32-unknown-wasip1/swift.xctoolchain/usr/lib/swift_static/clang -Xcc -fmodule-map-file\=/host/spi-builder-workspace/.build/checkouts/swift-crypto/Sources/CCryptoBoringSSLShims/include/module.modulemap -Xcc -fmodule-map-file\=/host/spi-builder-workspace/.build/checkouts/swift-crypto/Sources/CCryptoBoringSSL/include/module.modulemap -Xcc -fmodule-map-file\=/host/spi-builder-workspace/Sources/CZlib/module.modulemap -Xcc -D_LIBCPP_HARDENING_MODE\=_LIBCPP_HARDENING_MODE_DEBUG -Xcc -fmodules-prune-interval\=86400 -Xcc -fmodules-prune-after\=345600 -Xcc -I/host/spi-builder-workspace/.build/checkouts/swift-crypto/Sources/CCryptoBoringSSLShims/include -Xcc -I/host/spi-builder-workspace/.build/checkouts/swift-crypto/Sources/CCryptoBoringSSL/include -Xcc -I/host/spi-builder-workspace/.build/out/Products/Debug-webassembly-wasm32/include -Xcc -I/host/spi-builder-workspace/.build/out/Intermediates.noindex/SwiftF1Telemetry.build/Debug-webassembly-wasm32/SwiftF1Telemetry-t.build/DerivedSources-normal/wasm32 -Xcc -I/host/spi-builder-workspace/.build/out/Intermediates.noindex/SwiftF1Telemetry.build/Debug-webassembly-wasm32/SwiftF1Telemetry-t.build/DerivedSources/wasm32 -Xcc -I/host/spi-builder-workspace/.build/out/Intermediates.noindex/SwiftF1Telemetry.build/Debug-webassembly-wasm32/SwiftF1Telemetry-t.build/DerivedSources -Xcc -DSWIFT_PACKAGE -Xcc -DDEBUG\=1 -no-auto-bridging-header-chaining -module-name SwiftF1Telemetry -package-name spi_builder_workspace -const-gather-protocols-file /host/spi-builder-workspace/.build/out/Intermediates.noindex/SwiftF1Telemetry.build/Debug-webassembly-wasm32/SwiftF1Telemetry-t.build/Objects-normal/wasm32/SwiftF1Telemetry_const_extract_protocols.json -in-process-plugin-server-path /usr/lib/swift/host/libSwiftInProcPluginServer.so -plugin-path /usr/lib/swift/host/plugins -plugin-path /usr/local/lib/swift/host/plugins -parse-as-library -o /host/spi-builder-workspace/.build/out/Intermediates.noindex/SwiftF1Telemetry.build/Debug-webassembly-wasm32/SwiftF1Telemetry-t.build/Objects-normal/wasm32/Errors.o -o /host/spi-builder-workspace/.build/out/Intermediates.noindex/SwiftF1Telemetry.build/Debug-webassembly-wasm32/SwiftF1Telemetry-t.build/Objects-normal/wasm32/Logger.o -o /host/spi-builder-workspace/.build/out/Intermediates.noindex/SwiftF1Telemetry.build/Debug-webassembly-wasm32/SwiftF1Telemetry-t.build/Objects-normal/wasm32/PlatformPaths.o -o /host/spi-builder-[441 / 458] SwiftF1Telemetry
workspace/.build/out/Intermediates.noindex/SwiftF1Telemetry.build/Debug-webassembly-wasm32/SwiftF1Telemetry-t.build/Objects-normal/wasm32/TimeUtils.o -index-unit-output-path /SwiftF1Telemetry.build/Debug-webassembly-wasm32/SwiftF1Telemetry-t.build/Objects-normal/wasm32/Errors.o -index-unit-output-path /SwiftF1Telemetry.build/Debug-webassembly-wasm32/SwiftF1Telemetry-t.build/Objects-normal/wasm32/Logger.o -index-unit-output-path /SwiftF1Telemetry.build/Debug-webassembly-wasm32/SwiftF1Telemetry-t.build/Objects-normal/wasm32/PlatformPaths.o -index-unit-output-path /SwiftF1Telemetry.build/Debug-webassembly-wasm32/SwiftF1Telemetry-t.build/Objects-normal/wasm32/TimeUtils.o -index-store-path /host/spi-builder-workspace/.build/out -index-system-modules
error: Build failed
BUILD FAILURE 6.4 wasm