Build Information
Failed to build KitoButtons, reference main (d543ce), with Swift 6.1 for Linux on 4 Oct 2026 03:38:21 UTC.
Build Command
bash -c docker run --pull=always --rm -v "checkouts-54344844-1":/host -w "$PWD" -e JAVA_HOME="/root/.sdkman/candidates/java/current" -e SPI_BUILD="1" -e SPI_PROCESSING="1" registry.gitlab.com/saguaro1/spi-images:basic-6.1-latest swift build --triple x86_64-unknown-linux-gnu 2>&1Build Log
========================================
RunAll
========================================
Builder version: 5.1.1
Interrupt handler set up.
========================================
Checkout
========================================
Clone URL: https://github.com/wykeenjenga/KitoButtons.git
Reference: main
Initialized empty Git repository in /host/spi-builder-workspace/.git/
hint: Using 'master' as the name for the initial branch. This default branch name
hint: is subject to change. To configure the initial branch name to use in all
hint: of your new repositories, which will suppress this warning, call:
hint:
hint: git config --global init.defaultBranch <name>
hint:
hint: Names commonly chosen instead of 'master' are 'main', 'trunk' and
hint: 'development'. The just-created branch can be renamed via this command:
hint:
hint: git branch -m <name>
From https://github.com/wykeenjenga/KitoButtons
* branch main -> FETCH_HEAD
* [new branch] main -> origin/main
HEAD is now at d543ce2 Merge pull request #24 from wykeenjenga/fix/plain-title-centering
Cloned https://github.com/wykeenjenga/KitoButtons.git
Revision (git rev-parse @):
d543ce2bed4c0a791b0c0e1c9d7f4b8f4fc9adf3
SPI manifest file found: $PWD/.spi.yml
SUCCESS checkout https://github.com/wykeenjenga/KitoButtons.git at main
========================================
Build
========================================
Selected platform: linux
Swift version: 6.1
Building package at path: $PWD
https://github.com/wykeenjenga/KitoButtons.git
https://github.com/wykeenjenga/KitoButtons.git
WARNING: environment variable SUPPRESS_SWIFT_6_FLAGS is not set
Running build ...
bash -c docker run --pull=always --rm -v "checkouts-54344844-1":/host -w "$PWD" -e JAVA_HOME="/root/.sdkman/candidates/java/current" -e SPI_BUILD="1" -e SPI_PROCESSING="1" registry.gitlab.com/saguaro1/spi-images:basic-6.1-latest swift build --triple x86_64-unknown-linux-gnu -Xswiftc -Xfrontend -Xswiftc -stats-output-dir -Xswiftc -Xfrontend -Xswiftc .stats -Xswiftc -strict-concurrency=complete -Xswiftc -enable-upcoming-feature -Xswiftc StrictConcurrency -Xswiftc -enable-upcoming-feature -Xswiftc DisableOutwardActorInference -Xswiftc -enable-upcoming-feature -Xswiftc GlobalActorIsolatedTypesUsability -Xswiftc -enable-upcoming-feature -Xswiftc InferSendableFromCaptures 2>&1
basic-6.1-latest: Pulling from saguaro1/spi-images
Digest: sha256:bebe373f64586285d153a73cebf57004d534988a7110464fd581e50dd24c756b
Status: Image is up to date for registry.gitlab.com/saguaro1/spi-images:basic-6.1-latest
Building for debugging...
[0/6] Copying Localizable.strings
[0/6] Copying Info.plist
[0/6] Copying Localizable.strings
[0/6] Write sources
[5/6] Write swift-version-24593BA9C3E375BF.txt
[7/16] Compiling KitoButtons KitoFontFamily.swift
/host/spi-builder-workspace/Sources/KitoButtons/KitoAccessibilitySupport.swift:9:8: error: no such module 'SwiftUI'
7 | //
8 |
9 | import SwiftUI
| `- error: no such module 'SwiftUI'
10 |
11 | extension View {
[8/17] Compiling KitoButtons resource_bundle_accessor.swift
/host/spi-builder-workspace/Sources/KitoButtons/KitoAccessibilitySupport.swift:9:8: error: no such module 'SwiftUI'
7 | //
8 |
9 | import SwiftUI
| `- error: no such module 'SwiftUI'
10 |
11 | extension View {
[9/17] Compiling KitoButtons KitoButtonTheme.swift
/host/spi-builder-workspace/Sources/KitoButtons/KitoAccessibilitySupport.swift:9:8: error: no such module 'SwiftUI'
7 | //
8 |
9 | import SwiftUI
| `- error: no such module 'SwiftUI'
10 |
11 | extension View {
[10/17] Compiling KitoButtons KitoCartButton.swift
/host/spi-builder-workspace/Sources/KitoButtons/KitoAccessibilitySupport.swift:9:8: error: no such module 'SwiftUI'
7 | //
8 |
9 | import SwiftUI
| `- error: no such module 'SwiftUI'
10 |
11 | extension View {
[11/17] Compiling KitoButtons KitoFlight.swift
/host/spi-builder-workspace/Sources/KitoButtons/KitoAccessibilitySupport.swift:9:8: error: no such module 'SwiftUI'
7 | //
8 |
9 | import SwiftUI
| `- error: no such module 'SwiftUI'
10 |
11 | extension View {
[12/17] Compiling KitoButtons KitoButtonsLocalization.swift
/host/spi-builder-workspace/Sources/KitoButtons/KitoAccessibilitySupport.swift:9:8: error: no such module 'SwiftUI'
7 | //
8 |
9 | import SwiftUI
| `- error: no such module 'SwiftUI'
10 |
11 | extension View {
error: emit-module command failed with exit code 1 (use -v to see invocation)
[13/17] Emitting module KitoButtons
/host/spi-builder-workspace/Sources/KitoButtons/KitoAccessibilitySupport.swift:9:8: error: no such module 'SwiftUI'
7 | //
8 |
9 | import SwiftUI
| `- error: no such module 'SwiftUI'
10 |
11 | extension View {
[14/17] Compiling KitoButtons KitoAccessibilitySupport.swift
/host/spi-builder-workspace/Sources/KitoButtons/KitoAccessibilitySupport.swift:9:8: error: no such module 'SwiftUI'
7 | //
8 |
9 | import SwiftUI
| `- error: no such module 'SwiftUI'
10 |
11 | extension View {
[15/17] Compiling KitoButtons KitoButton.swift
/host/spi-builder-workspace/Sources/KitoButtons/KitoAccessibilitySupport.swift:9:8: error: no such module 'SwiftUI'
7 | //
8 |
9 | import SwiftUI
| `- error: no such module 'SwiftUI'
10 |
11 | extension View {
[16/17] Compiling KitoButtons KitoButtonMotion.swift
/host/spi-builder-workspace/Sources/KitoButtons/KitoAccessibilitySupport.swift:9:8: error: no such module 'SwiftUI'
7 | //
8 |
9 | import SwiftUI
| `- error: no such module 'SwiftUI'
10 |
11 | extension View {
[17/17] Compiling KitoButtons KitoButtonShape.swift
/host/spi-builder-workspace/Sources/KitoButtons/KitoAccessibilitySupport.swift:9:8: error: no such module 'SwiftUI'
7 | //
8 |
9 | import SwiftUI
| `- error: no such module 'SwiftUI'
10 |
11 | extension View {
Running build ...
bash -c docker run --pull=always --rm -v "checkouts-54344844-1":/host -w "$PWD" -e JAVA_HOME="/root/.sdkman/candidates/java/current" -e SPI_BUILD="1" -e SPI_PROCESSING="1" registry.gitlab.com/saguaro1/spi-images:basic-6.1-latest swift build --triple x86_64-unknown-linux-gnu 2>&1
basic-6.1-latest: Pulling from saguaro1/spi-images
Digest: sha256:bebe373f64586285d153a73cebf57004d534988a7110464fd581e50dd24c756b
Status: Image is up to date for registry.gitlab.com/saguaro1/spi-images:basic-6.1-latest
[0/1] Planning build
Building for debugging...
[0/1] Write swift-version-24593BA9C3E375BF.txt
[2/11] Compiling KitoButtons KitoButtonTheme.swift
/host/spi-builder-workspace/Sources/KitoButtons/KitoAccessibilitySupport.swift:9:8: error: no such module 'SwiftUI'
7 | //
8 |
9 | import SwiftUI
| `- error: no such module 'SwiftUI'
10 |
11 | extension View {
[3/11] Compiling KitoButtons KitoButtonsLocalization.swift
/host/spi-builder-workspace/Sources/KitoButtons/KitoAccessibilitySupport.swift:9:8: error: no such module 'SwiftUI'
7 | //
8 |
9 | import SwiftUI
| `- error: no such module 'SwiftUI'
10 |
11 | extension View {
[4/11] Compiling KitoButtons KitoCartButton.swift
/host/spi-builder-workspace/Sources/KitoButtons/KitoAccessibilitySupport.swift:9:8: error: no such module 'SwiftUI'
7 | //
8 |
9 | import SwiftUI
| `- error: no such module 'SwiftUI'
10 |
11 | extension View {
[5/12] Compiling KitoButtons resource_bundle_accessor.swift
/host/spi-builder-workspace/Sources/KitoButtons/KitoAccessibilitySupport.swift:9:8: error: no such module 'SwiftUI'
7 | //
8 |
9 | import SwiftUI
| `- error: no such module 'SwiftUI'
10 |
11 | extension View {
[6/12] Compiling KitoButtons KitoFlight.swift
/host/spi-builder-workspace/Sources/KitoButtons/KitoAccessibilitySupport.swift:9:8: error: no such module 'SwiftUI'
7 | //
8 |
9 | import SwiftUI
| `- error: no such module 'SwiftUI'
10 |
11 | extension View {
[7/12] Compiling KitoButtons KitoFontFamily.swift
/host/spi-builder-workspace/Sources/KitoButtons/KitoAccessibilitySupport.swift:9:8: error: no such module 'SwiftUI'
7 | //
8 |
9 | import SwiftUI
| `- error: no such module 'SwiftUI'
10 |
11 | extension View {
error: emit-module command failed with exit code 1 (use -v to see invocation)
[8/12] Emitting module KitoButtons
/host/spi-builder-workspace/Sources/KitoButtons/KitoAccessibilitySupport.swift:9:8: error: no such module 'SwiftUI'
7 | //
8 |
9 | import SwiftUI
| `- error: no such module 'SwiftUI'
10 |
11 | extension View {
[9/12] Compiling KitoButtons KitoButtonMotion.swift
/host/spi-builder-workspace/Sources/KitoButtons/KitoAccessibilitySupport.swift:9:8: error: no such module 'SwiftUI'
7 | //
8 |
9 | import SwiftUI
| `- error: no such module 'SwiftUI'
10 |
11 | extension View {
[10/12] Compiling KitoButtons KitoButtonShape.swift
/host/spi-builder-workspace/Sources/KitoButtons/KitoAccessibilitySupport.swift:9:8: error: no such module 'SwiftUI'
7 | //
8 |
9 | import SwiftUI
| `- error: no such module 'SwiftUI'
10 |
11 | extension View {
[11/12] Compiling KitoButtons KitoAccessibilitySupport.swift
/host/spi-builder-workspace/Sources/KitoButtons/KitoAccessibilitySupport.swift:9:8: error: no such module 'SwiftUI'
7 | //
8 |
9 | import SwiftUI
| `- error: no such module 'SwiftUI'
10 |
11 | extension View {
[12/12] Compiling KitoButtons KitoButton.swift
/host/spi-builder-workspace/Sources/KitoButtons/KitoAccessibilitySupport.swift:9:8: error: no such module 'SwiftUI'
7 | //
8 |
9 | import SwiftUI
| `- error: no such module 'SwiftUI'
10 |
11 | extension View {
BUILD FAILURE 6.1 linux