The Swift Package Index logo.Swift Package Index

Build Information

Failed to build Automerge, reference main (658cb9), with Swift 6.4 for watchOS using Xcode 27.0 on 13 Oct 2026 02:27:39 UTC.

Build Command

env DEVELOPER_DIR=/Applications/Xcode-27.0.0-Release.Candidate.app xcrun xcodebuild -IDEClonedSourcePackagesDirPathOverride=$PWD/.dependencies -skipMacroValidation -skipPackagePluginValidation -derivedDataPath $PWD/.derivedData build -scheme Automerge -destination generic/platform=watchOS

Build Log

========================================
RunAll
========================================
Builder version: 5.1.1
Interrupt handler set up.
========================================
Checkout
========================================
Clone URL: https://github.com/automerge/automerge-swift.git
Reference: main
Initialized empty Git repository in /Users/admin/builder/spi-builder-workspace/.git/
From https://github.com/automerge/automerge-swift
 * branch            main       -> FETCH_HEAD
 * [new branch]      main       -> origin/main
HEAD is now at 658cb91 Make NaN scalar values equal themselves
Cloned https://github.com/automerge/automerge-swift.git
Revision (git rev-parse @):
658cb91e914cabca4cba75557ed35a7de6ad1bfc
SPI manifest file found: $PWD/.spi.yml
SUCCESS checkout https://github.com/automerge/automerge-swift.git at main
========================================
Build
========================================
Selected platform:         watchOS
Swift version:             6.4
Building package at path:  $PWD
https://github.com/automerge/automerge-swift.git
Command line invocation:
    /Applications/Xcode-27.0.0.app/Contents/Developer/usr/bin/xcodebuild -IDEClonedSourcePackagesDirPathOverride=/Users/admin/builder/spi-builder-workspace/.dependencies -resolvePackageDependencies
Resolve Package Graph
Resolve Package Graph
Resolved source packages:
  Automerge: /Users/admin/builder/spi-builder-workspace
resolved source packages: Automerge
2026-10-12 22:26:43.169 xcodebuild[529:3049] [MT] IDERunDestination: Supported platforms for the buildables in the current scheme is empty.
2026-10-12 22:26:43.330 xcodebuild[529:3049] [MT] IDERunDestination: Supported platforms for the buildables in the current scheme is empty.
2026-10-12 22:26:44.972 xcodebuild[529:3049] [MT] IDERunDestination: Supported platforms for the buildables in the current scheme is empty.
{
  "dependencies" : [
  ],
  "manifest_display_name" : "Automerge",
  "name" : "Automerge",
  "path" : "/Users/admin/builder/spi-builder-workspace",
  "platforms" : [
    {
      "name" : "ios",
      "version" : "13.0"
    },
    {
      "name" : "macos",
      "version" : "10.15"
    },
    {
      "name" : "visionos",
      "version" : "1.0"
    }
  ],
  "products" : [
    {
      "name" : "Automerge",
      "targets" : [
        "Automerge",
        "AutomergeUtilities"
      ],
      "type" : {
        "library" : [
          "automatic"
        ]
      }
    }
  ],
  "targets" : [
    {
      "c99name" : "automergeFFI",
      "module_type" : "BinaryTarget",
      "name" : "automergeFFI",
      "path" : "remote/archive/automergeFFI.xcframework.zip",
      "product_memberships" : [
        "Automerge"
      ],
      "sources" : [
      ],
      "type" : "binary"
    },
    {
      "c99name" : "_CAutomergeUniffi",
      "module_type" : "SystemLibraryTarget",
      "name" : "_CAutomergeUniffi",
      "path" : "Sources/_CAutomergeUniffi",
      "product_memberships" : [
        "Automerge"
      ],
      "sources" : [
      ],
      "type" : "system-target"
    },
    {
      "c99name" : "AutomergeUtilities",
      "module_type" : "SwiftTarget",
      "name" : "AutomergeUtilities",
      "path" : "Sources/AutomergeUtilities",
      "product_memberships" : [
        "Automerge"
      ],
      "sources" : [
        "Document+equivalentContents.swift",
        "Document+isEmpty.swift",
        "Document+schema.swift",
        "Document+walk.swift"
      ],
      "target_dependencies" : [
        "Automerge"
      ],
      "type" : "library"
    },
    {
      "c99name" : "AutomergeUniffi",
      "module_type" : "SwiftTarget",
      "name" : "AutomergeUniffi",
      "path" : "AutomergeUniffi",
      "product_memberships" : [
        "Automerge"
      ],
      "sources" : [
        "automerge.swift"
      ],
      "target_dependencies" : [
        "automergeFFI",
        "_CAutomergeUniffi"
      ],
      "type" : "library"
    },
    {
      "c99name" : "AutomergeTests",
      "module_type" : "SwiftTarget",
      "name" : "AutomergeTests",
      "path" : "Tests/AutomergeTests",
      "sources" : [
        "ActorIdTests.swift",
        "BoundTypeTests/BoundTypeChangeTests.swift",
        "BoundTypeTests/TestAutomergeText.swift",
        "BoundTypeTests/TestCounter.swift",
        "CodableTests/AnyCodingKeyTests.swift",
        "CodableTests/AutomergeArrayEncodeDecodeTests.swift",
        "CodableTests/AutomergeDecoderTests.swift",
        "CodableTests/AutomergeDictionaryEncodeDecodeTests.swift",
        "CodableTests/AutomergeEncoderTests.swift",
        "CodableTests/AutomergeKeyEncoderImplTests.swift",
        "CodableTests/AutomergeKeyedEncoderDecoderTests.swift",
        "CodableTests/AutomergeSingleValueEncoderImplTests.swift",
        "CodableTests/AutomergeTargettedEncodeDecodeTests.swift",
        "CodableTests/AutomergeTextEncodeDecodeTests.swift",
        "CodableTests/AutomergeUnkeyedEncoderDecoderTests.swift",
        "CodableTests/CounterEncodeDecodeTests.swift",
        "CodableTests/Document+PathElementConversionTests.swift",
        "CodableTests/Document+lookupPathTests.swift",
        "CodableTests/Document+retrieveObjectIdTests.swift",
        "CodableTests/EnumAssociatedValueTests.swift",
        "CodableTests/Samples.swift",
        "DocTests/AutomergeDocTests.swift",
        "InteropTests.swift",
        "PresentationIntentsExplorationTest.swift",
        "ScalarValueEqualityTests.swift",
        "TestChanges.swift",
        "TestCrud.swift",
        "TestEncodeAndApplyNewChanges.swift",
        "TestForkAndMerge.swift",
        "TestGetAll.swift",
        "TestGetAt.swift",
        "TestHistory.swift",
        "TestIncrement.swift",
        "TestLength.swift",
        "TestMapEntries.swift",
        "TestMapKeys.swift",
        "TestMarks.swift",
        "TestObjectType.swift",
        "TestObservableDocument.swift",
        "TestPatches.swift",
        "TestPath.swift",
        "TestScalarValueConversions.swift",
        "TestSplice.swift",
        "TestSync.swift",
        "TestText.swift",
        "TestValues.swift",
        "TestWasmIntegrity.swift",
        "Utilties/UtilityTests.swift",
        "XCTestCase+MemoryLeakTracking.swift"
      ],
      "target_dependencies" : [
        "Automerge",
        "AutomergeUtilities"
      ],
      "type" : "test"
    },
    {
      "c99name" : "Automerge",
      "module_type" : "SwiftTarget",
      "name" : "Automerge",
      "path" : "Sources/Automerge",
      "product_memberships" : [
        "Automerge"
      ],
      "sources" : [
        "ActorId.swift",
        "BoundTypes/AutomergeText.swift",
        "BoundTypes/Counter.swift",
        "Change.swift",
        "ChangeHash.swift",
        "Codable/AnyCodingKey.swift",
        "Codable/BindingError.swift",
        "Codable/Decoding/AutomergeDecoder.swift",
        "Codable/Decoding/AutomergeDecoderImpl.swift",
        "Codable/Decoding/AutomergeKeyedDecodingContainer.swift",
        "Codable/Decoding/AutomergeSingleValueDecodingContainer.swift",
        "Codable/Decoding/AutomergeUnkeyedDecodingContainer.swift",
        "Codable/Document+lookupPath.swift",
        "Codable/Document+retrieveObjectId.swift",
        "Codable/Encoding/AutomergeEncoder.swift",
        "Codable/Encoding/AutomergeEncoderImpl.swift",
        "Codable/Encoding/AutomergeKeyedEncodingContainer.swift",
        "Codable/Encoding/AutomergeSingleValueEncodingContainer.swift",
        "Codable/Encoding/AutomergeUnkeyedEncodingContainer.swift",
        "Codable/Encoding/CodingKeyLookupError.swift",
        "Codable/EncodingContainerType.swift",
        "Codable/SchemaStrategy.swift",
        "Codable/TypeOfAutomergeValue.swift",
        "Cursor.swift",
        "Document+Transferable.swift",
        "Document.swift",
        "Errors.swift",
        "LogVerbosity.swift",
        "Marks.swift",
        "ObjId.swift",
        "ObjType.swift",
        "Patch.swift",
        "PathElement.swift",
        "ScalarValue.swift",
        "ScalarValueRepresentable.swift",
        "SyncState.swift",
        "TextEncoding.swift",
        "Value.swift",
        "_AutomergeLinux.swift"
      ],
      "target_dependencies" : [
        "AutomergeUniffi"
      ],
      "type" : "library"
    }
  ],
  "tools_version" : "6.0"
}
{
  "workspace" : {
    "name" : "Automerge",
    "schemes" : [
      "Automerge"
    ]
  }
}
2026-10-12 22:27:33.192 xcodebuild[677:4294] [MT] IDERunDestination: Supported platforms for the buildables in the current scheme is empty.
2026-10-12 22:27:33.312 xcodebuild[677:4294] [MT] IDERunDestination: Supported platforms for the buildables in the current scheme is empty.
2026-10-12 22:27:33.419 xcodebuild[677:4294] [MT] IDERunDestination: Supported platforms for the buildables in the current scheme is empty.
Running build ...
env DEVELOPER_DIR=/Applications/Xcode-27.0.0-Release.Candidate.app xcrun xcodebuild -IDEClonedSourcePackagesDirPathOverride=$PWD/.dependencies -skipMacroValidation -skipPackagePluginValidation -derivedDataPath $PWD/.derivedData build -scheme Automerge -destination generic/platform=watchOS
Command line invocation:
    /Applications/Xcode-27.0.0.app/Contents/Developer/usr/bin/xcodebuild -IDEClonedSourcePackagesDirPathOverride=/Users/admin/builder/spi-builder-workspace/.dependencies -skipMacroValidation -skipPackagePluginValidation -derivedDataPath /Users/admin/builder/spi-builder-workspace/.derivedData build -scheme Automerge -destination generic/platform=watchOS
Resolve Package Graph
Resolved source packages:
  Automerge: /Users/admin/builder/spi-builder-workspace
ComputePackagePrebuildTargetDependencyGraph
Prepare packages
CreateBuildRequest
SendProjectDescription
CreateBuildOperation
ComputeTargetDependencyGraph
note: Building targets in dependency order
note: Target dependency graph (5 targets)
    Target 'AutomergeTests-product' in project 'Automerge'
        ➜ Explicit dependency on target 'AutomergeUniffi' in project 'Automerge'
        ➜ Explicit dependency on target 'Automerge' in project 'Automerge'
        ➜ Explicit dependency on target 'AutomergeUtilities' in project 'Automerge'
    Target 'Automerge-product' in project 'Automerge'
        ➜ Explicit dependency on target 'Automerge' in project 'Automerge'
        ➜ Explicit dependency on target 'AutomergeUtilities' in project 'Automerge'
        ➜ Explicit dependency on target 'AutomergeUniffi' in project 'Automerge'
    Target 'AutomergeUtilities' in project 'Automerge'
        ➜ Explicit dependency on target 'AutomergeUniffi' in project 'Automerge'
        ➜ Explicit dependency on target 'Automerge' in project 'Automerge'
    Target 'Automerge' in project 'Automerge'
        ➜ Explicit dependency on target 'AutomergeUniffi' in project 'Automerge'
    Target 'AutomergeUniffi' in project 'Automerge' (no dependencies)
GatherProvisioningInputs
CreateBuildDescription
ExecuteExternalTool /Applications/Xcode-27.0.0.app/Contents/Developer/Toolchains/XcodeDefault.xctoolchain/usr/bin/swiftc --version
ExecuteExternalTool /Applications/Xcode-27.0.0.app/Contents/Developer/Toolchains/XcodeDefault.xctoolchain/usr/bin/clang -v -E -dM -isysroot /Applications/Xcode-27.0.0.app/Contents/Developer/Platforms/WatchOS.platform/Developer/SDKs/WatchOS27.0.sdk -x c -c /dev/null
ExecuteExternalTool /Applications/Xcode-27.0.0.app/Contents/Developer/Toolchains/XcodeDefault.xctoolchain/usr/bin/ld -version_details
ReadFileContents /Applications/Xcode-27.0.0.app/Contents/Developer/Toolchains/XcodeDefault.xctoolchain/usr/share/docc/features.json
Build description signature: b1926a3eed888266354dc4e9d840cca8
Build description path: /Users/admin/builder/spi-builder-workspace/.derivedData/Build/Intermediates.noindex/XCBuildData/b1926a3eed888266354dc4e9d840cca8.xcbuilddata
/Users/admin/builder/spi-builder-workspace/.dependencies/artifacts/spi-builder-workspace/automergeFFI/automergeFFI.xcframework:1:1: error: While building for watchOS, no library for this platform was found in '/Users/admin/builder/spi-builder-workspace/.dependencies/artifacts/spi-builder-workspace/automergeFFI/automergeFFI.xcframework'. (in target 'AutomergeTests-product' from project 'Automerge')
/Users/admin/builder/spi-builder-workspace/.dependencies/artifacts/spi-builder-workspace/automergeFFI/automergeFFI.xcframework:1:1: error: While building for watchOS, no library for this platform was found in '/Users/admin/builder/spi-builder-workspace/.dependencies/artifacts/spi-builder-workspace/automergeFFI/automergeFFI.xcframework'. (in target 'AutomergeUniffi' from project 'Automerge')
/Users/admin/builder/spi-builder-workspace/.dependencies/artifacts/spi-builder-workspace/automergeFFI/automergeFFI.xcframework:1:1: error: While building for watchOS, no library for this platform was found in '/Users/admin/builder/spi-builder-workspace/.dependencies/artifacts/spi-builder-workspace/automergeFFI/automergeFFI.xcframework'. (in target 'AutomergeUtilities' from project 'Automerge')
/Users/admin/builder/spi-builder-workspace/.dependencies/artifacts/spi-builder-workspace/automergeFFI/automergeFFI.xcframework:1:1: error: While building for watchOS, no library for this platform was found in '/Users/admin/builder/spi-builder-workspace/.dependencies/artifacts/spi-builder-workspace/automergeFFI/automergeFFI.xcframework'. (in target 'Automerge' from project 'Automerge')
/Users/admin/builder/spi-builder-workspace/.dependencies/artifacts/spi-builder-workspace/automergeFFI/automergeFFI.xcframework:1:1: error: While building for watchOS, no library for this platform was found in '/Users/admin/builder/spi-builder-workspace/.dependencies/artifacts/spi-builder-workspace/automergeFFI/automergeFFI.xcframework'. (in target 'Automerge-product' from project 'Automerge')
2026-10-12 22:27:34.194 xcodebuild[678:4347] [MT] IDERunDestination: Supported platforms for the buildables in the current scheme is empty.
2026-10-12 22:27:34.303 xcodebuild[678:4347] [MT] IDERunDestination: Supported platforms for the buildables in the current scheme is empty.
** BUILD FAILED **
The following build commands failed:
	Building workspace Automerge with scheme Automerge
(1 failure)
Command line invocation:
    /Applications/Xcode-27.0.0.app/Contents/Developer/usr/bin/xcodebuild -IDEClonedSourcePackagesDirPathOverride=/Users/admin/builder/spi-builder-workspace/.dependencies -resolvePackageDependencies
Resolve Package Graph
Resolved source packages:
  Automerge: /Users/admin/builder/spi-builder-workspace
resolved source packages: Automerge
2026-10-12 22:27:36.799 xcodebuild[692:4457] [MT] IDERunDestination: Supported platforms for the buildables in the current scheme is empty.
2026-10-12 22:27:36.910 xcodebuild[692:4457] [MT] IDERunDestination: Supported platforms for the buildables in the current scheme is empty.
{
  "dependencies" : [
  ],
  "manifest_display_name" : "Automerge",
  "name" : "Automerge",
  "path" : "/Users/admin/builder/spi-builder-workspace",
  "platforms" : [
    {
      "name" : "ios",
      "version" : "13.0"
    },
    {
      "name" : "macos",
      "version" : "10.15"
    },
    {
      "name" : "visionos",
      "version" : "1.0"
    }
  ],
  "products" : [
    {
      "name" : "Automerge",
      "targets" : [
        "Automerge",
        "AutomergeUtilities"
      ],
      "type" : {
        "library" : [
          "automatic"
        ]
      }
    }
  ],
  "targets" : [
    {
      "c99name" : "automergeFFI",
      "module_type" : "BinaryTarget",
      "name" : "automergeFFI",
      "path" : "remote/archive/automergeFFI.xcframework.zip",
      "product_memberships" : [
        "Automerge"
      ],
      "sources" : [
      ],
      "type" : "binary"
    },
    {
      "c99name" : "_CAutomergeUniffi",
      "module_type" : "SystemLibraryTarget",
      "name" : "_CAutomergeUniffi",
      "path" : "Sources/_CAutomergeUniffi",
      "product_memberships" : [
        "Automerge"
      ],
      "sources" : [
      ],
      "type" : "system-target"
    },
    {
      "c99name" : "AutomergeUtilities",
      "module_type" : "SwiftTarget",
      "name" : "AutomergeUtilities",
      "path" : "Sources/AutomergeUtilities",
      "product_memberships" : [
        "Automerge"
      ],
      "sources" : [
        "Document+equivalentContents.swift",
        "Document+isEmpty.swift",
        "Document+schema.swift",
        "Document+walk.swift"
      ],
      "target_dependencies" : [
        "Automerge"
      ],
      "type" : "library"
    },
    {
      "c99name" : "AutomergeUniffi",
      "module_type" : "SwiftTarget",
      "name" : "AutomergeUniffi",
      "path" : "AutomergeUniffi",
      "product_memberships" : [
        "Automerge"
      ],
      "sources" : [
        "automerge.swift"
      ],
      "target_dependencies" : [
        "automergeFFI",
        "_CAutomergeUniffi"
      ],
      "type" : "library"
    },
    {
      "c99name" : "AutomergeTests",
      "module_type" : "SwiftTarget",
      "name" : "AutomergeTests",
      "path" : "Tests/AutomergeTests",
      "sources" : [
        "ActorIdTests.swift",
        "BoundTypeTests/BoundTypeChangeTests.swift",
        "BoundTypeTests/TestAutomergeText.swift",
        "BoundTypeTests/TestCounter.swift",
        "CodableTests/AnyCodingKeyTests.swift",
        "CodableTests/AutomergeArrayEncodeDecodeTests.swift",
        "CodableTests/AutomergeDecoderTests.swift",
        "CodableTests/AutomergeDictionaryEncodeDecodeTests.swift",
        "CodableTests/AutomergeEncoderTests.swift",
        "CodableTests/AutomergeKeyEncoderImplTests.swift",
        "CodableTests/AutomergeKeyedEncoderDecoderTests.swift",
        "CodableTests/AutomergeSingleValueEncoderImplTests.swift",
        "CodableTests/AutomergeTargettedEncodeDecodeTests.swift",
        "CodableTests/AutomergeTextEncodeDecodeTests.swift",
        "CodableTests/AutomergeUnkeyedEncoderDecoderTests.swift",
        "CodableTests/CounterEncodeDecodeTests.swift",
        "CodableTests/Document+PathElementConversionTests.swift",
        "CodableTests/Document+lookupPathTests.swift",
        "CodableTests/Document+retrieveObjectIdTests.swift",
        "CodableTests/EnumAssociatedValueTests.swift",
        "CodableTests/Samples.swift",
        "DocTests/AutomergeDocTests.swift",
        "InteropTests.swift",
        "PresentationIntentsExplorationTest.swift",
        "ScalarValueEqualityTests.swift",
        "TestChanges.swift",
        "TestCrud.swift",
        "TestEncodeAndApplyNewChanges.swift",
        "TestForkAndMerge.swift",
        "TestGetAll.swift",
        "TestGetAt.swift",
        "TestHistory.swift",
        "TestIncrement.swift",
        "TestLength.swift",
        "TestMapEntries.swift",
        "TestMapKeys.swift",
        "TestMarks.swift",
        "TestObjectType.swift",
        "TestObservableDocument.swift",
        "TestPatches.swift",
        "TestPath.swift",
        "TestScalarValueConversions.swift",
        "TestSplice.swift",
        "TestSync.swift",
        "TestText.swift",
        "TestValues.swift",
        "TestWasmIntegrity.swift",
        "Utilties/UtilityTests.swift",
        "XCTestCase+MemoryLeakTracking.swift"
      ],
      "target_dependencies" : [
        "Automerge",
        "AutomergeUtilities"
      ],
      "type" : "test"
    },
    {
      "c99name" : "Automerge",
      "module_type" : "SwiftTarget",
      "name" : "Automerge",
      "path" : "Sources/Automerge",
      "product_memberships" : [
        "Automerge"
      ],
      "sources" : [
        "ActorId.swift",
        "BoundTypes/AutomergeText.swift",
        "BoundTypes/Counter.swift",
        "Change.swift",
        "ChangeHash.swift",
        "Codable/AnyCodingKey.swift",
        "Codable/BindingError.swift",
        "Codable/Decoding/AutomergeDecoder.swift",
        "Codable/Decoding/AutomergeDecoderImpl.swift",
        "Codable/Decoding/AutomergeKeyedDecodingContainer.swift",
        "Codable/Decoding/AutomergeSingleValueDecodingContainer.swift",
        "Codable/Decoding/AutomergeUnkeyedDecodingContainer.swift",
        "Codable/Document+lookupPath.swift",
        "Codable/Document+retrieveObjectId.swift",
        "Codable/Encoding/AutomergeEncoder.swift",
        "Codable/Encoding/AutomergeEncoderImpl.swift",
        "Codable/Encoding/AutomergeKeyedEncodingContainer.swift",
        "Codable/Encoding/AutomergeSingleValueEncodingContainer.swift",
        "Codable/Encoding/AutomergeUnkeyedEncodingContainer.swift",
        "Codable/Encoding/CodingKeyLookupError.swift",
        "Codable/EncodingContainerType.swift",
        "Codable/SchemaStrategy.swift",
        "Codable/TypeOfAutomergeValue.swift",
        "Cursor.swift",
        "Document+Transferable.swift",
        "Document.swift",
        "Errors.swift",
        "LogVerbosity.swift",
        "Marks.swift",
        "ObjId.swift",
        "ObjType.swift",
        "Patch.swift",
        "PathElement.swift",
        "ScalarValue.swift",
        "ScalarValueRepresentable.swift",
        "SyncState.swift",
        "TextEncoding.swift",
        "Value.swift",
        "_AutomergeLinux.swift"
      ],
      "target_dependencies" : [
        "AutomergeUniffi"
      ],
      "type" : "library"
    }
  ],
  "tools_version" : "6.0"
}
{
  "workspace" : {
    "name" : "Automerge",
    "schemes" : [
      "Automerge"
    ]
  }
}
2026-10-12 22:27:38.028 xcodebuild[700:4513] [MT] IDERunDestination: Supported platforms for the buildables in the current scheme is empty.
2026-10-12 22:27:38.137 xcodebuild[700:4513] [MT] IDERunDestination: Supported platforms for the buildables in the current scheme is empty.
Running build ...
env DEVELOPER_DIR=/Applications/Xcode-27.0.0-Release.Candidate.app xcrun xcodebuild -IDEClonedSourcePackagesDirPathOverride=$PWD/.dependencies -skipMacroValidation -skipPackagePluginValidation -derivedDataPath $PWD/.derivedData build -scheme Automerge -destination generic/platform=watchOS
Command line invocation:
    /Applications/Xcode-27.0.0.app/Contents/Developer/usr/bin/xcodebuild -IDEClonedSourcePackagesDirPathOverride=/Users/admin/builder/spi-builder-workspace/.dependencies -skipMacroValidation -skipPackagePluginValidation -derivedDataPath /Users/admin/builder/spi-builder-workspace/.derivedData build -scheme Automerge -destination generic/platform=watchOS
Resolve Package Graph
Resolved source packages:
  Automerge: /Users/admin/builder/spi-builder-workspace
ComputePackagePrebuildTargetDependencyGraph
Prepare packages
CreateBuildRequest
SendProjectDescription
CreateBuildOperation
ComputeTargetDependencyGraph
note: Building targets in dependency order
note: Target dependency graph (5 targets)
    Target 'AutomergeTests-product' in project 'Automerge'
        ➜ Explicit dependency on target 'AutomergeUniffi' in project 'Automerge'
        ➜ Explicit dependency on target 'Automerge' in project 'Automerge'
        ➜ Explicit dependency on target 'AutomergeUtilities' in project 'Automerge'
    Target 'Automerge-product' in project 'Automerge'
        ➜ Explicit dependency on target 'Automerge' in project 'Automerge'
        ➜ Explicit dependency on target 'AutomergeUtilities' in project 'Automerge'
        ➜ Explicit dependency on target 'AutomergeUniffi' in project 'Automerge'
    Target 'AutomergeUtilities' in project 'Automerge'
        ➜ Explicit dependency on target 'AutomergeUniffi' in project 'Automerge'
        ➜ Explicit dependency on target 'Automerge' in project 'Automerge'
    Target 'Automerge' in project 'Automerge'
        ➜ Explicit dependency on target 'AutomergeUniffi' in project 'Automerge'
    Target 'AutomergeUniffi' in project 'Automerge' (no dependencies)
GatherProvisioningInputs
CreateBuildDescription
/Users/admin/builder/spi-builder-workspace/.dependencies/artifacts/spi-builder-workspace/automergeFFI/automergeFFI.xcframework:1:1: error: While building for watchOS, no library for this platform was found in '/Users/admin/builder/spi-builder-workspace/.dependencies/artifacts/spi-builder-workspace/automergeFFI/automergeFFI.xcframework'. (in target 'Automerge' from project 'Automerge')
/Users/admin/builder/spi-builder-workspace/.dependencies/artifacts/spi-builder-workspace/automergeFFI/automergeFFI.xcframework:1:1: error: While building for watchOS, no library for this platform was found in '/Users/admin/builder/spi-builder-workspace/.dependencies/artifacts/spi-builder-workspace/automergeFFI/automergeFFI.xcframework'. (in target 'AutomergeUniffi' from project 'Automerge')
/Users/admin/builder/spi-builder-workspace/.dependencies/artifacts/spi-builder-workspace/automergeFFI/automergeFFI.xcframework:1:1: error: While building for watchOS, no library for this platform was found in '/Users/admin/builder/spi-builder-workspace/.dependencies/artifacts/spi-builder-workspace/automergeFFI/automergeFFI.xcframework'. (in target 'Automerge-product' from project 'Automerge')
/Users/admin/builder/spi-builder-workspace/.dependencies/artifacts/spi-builder-workspace/automergeFFI/automergeFFI.xcframework:1:1: error: While building for watchOS, no library for this platform was found in '/Users/admin/builder/spi-builder-workspace/.dependencies/artifacts/spi-builder-workspace/automergeFFI/automergeFFI.xcframework'. (in target 'AutomergeUtilities' from project 'Automerge')
/Users/admin/builder/spi-builder-workspace/.dependencies/artifacts/spi-builder-workspace/automergeFFI/automergeFFI.xcframework:1:1: error: While building for watchOS, no library for this platform was found in '/Users/admin/builder/spi-builder-workspace/.dependencies/artifacts/spi-builder-workspace/automergeFFI/automergeFFI.xcframework'. (in target 'AutomergeTests-product' from project 'Automerge')
2026-10-12 22:27:38.949 xcodebuild[701:4538] [MT] IDERunDestination: Supported platforms for the buildables in the current scheme is empty.
2026-10-12 22:27:39.062 xcodebuild[701:4538] [MT] IDERunDestination: Supported platforms for the buildables in the current scheme is empty.
** BUILD FAILED **
The following build commands failed:
	Building workspace Automerge with scheme Automerge
(1 failure)
BUILD FAILURE 6.4 watchOS