Build Information
Failed to build GoogleCloudAppTopologyV1, reference 0.5.0 (76da53), with Swift 6.2 for Android on 11 Oct 2026 02:10:30 UTC.
Build Command
bash -c docker run --pull=always --rm -v "checkouts-53886768-0":/host -w "$PWD" -e JAVA_HOME="/root/.sdkman/candidates/java/current" -e SPI_BUILD="1" -e SPI_PROCESSING="1" registry.gitlab.com/saguaro1/spi-images:android-6.2-latest swift build --swift-sdk aarch64-unknown-linux-android28 2>&1Build Log
========================================
RunAll
========================================
Builder version: 5.1.1
Interrupt handler set up.
========================================
Checkout
========================================
Clone URL: https://github.com/googleapis/swift-google-cloud-apptopology-v1.git
Reference: 0.5.0
Initialized empty Git repository in /host/spi-builder-workspace/.git/
hint: Using 'master' as the name for the initial branch. This default branch name
hint: is subject to change. To configure the initial branch name to use in all
hint: of your new repositories, which will suppress this warning, call:
hint:
hint: git config --global init.defaultBranch <name>
hint:
hint: Names commonly chosen instead of 'master' are 'main', 'trunk' and
hint: 'development'. The just-created branch can be renamed via this command:
hint:
hint: git branch -m <name>
From https://github.com/googleapis/swift-google-cloud-apptopology-v1
* tag 0.5.0 -> FETCH_HEAD
HEAD is now at 76da539 chore: release circa 2026-10-07 (#1382)
Cloned https://github.com/googleapis/swift-google-cloud-apptopology-v1.git
Revision (git rev-parse @):
76da5390bd3be3a02bfc68580b9023b658118eb2
SPI manifest file found: $PWD/.spi.yml
SUCCESS checkout https://github.com/googleapis/swift-google-cloud-apptopology-v1.git at 0.5.0
========================================
Build
========================================
Selected platform: android
Swift version: 6.2
Building package at path: $PWD
https://github.com/googleapis/swift-google-cloud-apptopology-v1.git
Running build ...
bash -c docker run --pull=always --rm -v "checkouts-53886768-0":/host -w "$PWD" -e JAVA_HOME="/root/.sdkman/candidates/java/current" -e SPI_BUILD="1" -e SPI_PROCESSING="1" registry.gitlab.com/saguaro1/spi-images:android-6.2-latest swift build --swift-sdk aarch64-unknown-linux-android28 2>&1
android-6.2-latest: Pulling from saguaro1/spi-images
Digest: sha256:a839c9ce201f1dacc8eb056626ec7ab0a1c6d53d7b77c83feda395f4507c51be
Status: Image is up to date for registry.gitlab.com/saguaro1/spi-images:android-6.2-latest
Fetching https://github.com/googleapis/swift-google-cloud-location
Fetching https://github.com/googleapis/swift-google-longrunning
Fetching https://github.com/googleapis/swift-google-rpc
Fetching https://github.com/apple/swift-log
Fetching https://github.com/googleapis/swift-google-wkt
[1/619] Fetching swift-google-longrunning
[404/1642] Fetching swift-google-longrunning, swift-google-wkt
[589/9899] Fetching swift-google-longrunning, swift-google-wkt, swift-log
[753/10321] Fetching swift-google-longrunning, swift-google-wkt, swift-log, swift-google-rpc
[1501/10873] Fetching swift-google-longrunning, swift-google-wkt, swift-log, swift-google-rpc, swift-google-cloud-location
Fetched https://github.com/googleapis/swift-google-rpc from cache (0.57s)
[2125/10451] Fetching swift-google-longrunning, swift-google-wkt, swift-log, swift-google-cloud-location
Fetching https://github.com/googleapis/swift-google-gax
Fetched https://github.com/googleapis/swift-google-wkt from cache (0.59s)
Fetched https://github.com/googleapis/swift-google-longrunning from cache (0.60s)
Fetched https://github.com/googleapis/swift-google-cloud-location from cache (0.61s)
[413/8257] Fetching swift-log
Fetching https://github.com/googleapis/swift-google-auth
Fetched https://github.com/apple/swift-log from cache (0.94s)
[1/1748] Fetching swift-google-gax
Fetched https://github.com/googleapis/swift-google-gax from cache (0.52s)
[11/1023] Fetching swift-google-auth
Fetched https://github.com/googleapis/swift-google-auth from cache (0.61s)
Computing version for https://github.com/googleapis/swift-google-wkt
Computed https://github.com/googleapis/swift-google-wkt at 0.5.0 (1.91s)
Fetching https://github.com/swift-extras/swift-extras-base64
[1/954] Fetching swift-extras-base64
Fetched https://github.com/swift-extras/swift-extras-base64 from cache (0.49s)
Computing version for https://github.com/googleapis/swift-google-rpc
Computed https://github.com/googleapis/swift-google-rpc at 0.5.0 (0.87s)
Computing version for https://github.com/googleapis/swift-google-longrunning
Computed https://github.com/googleapis/swift-google-longrunning at 0.5.0 (0.32s)
Computing version for https://github.com/googleapis/swift-google-gax
Computed https://github.com/googleapis/swift-google-gax at 0.5.0 (0.34s)
Fetching https://github.com/swift-server/async-http-client.git
Fetching https://github.com/apple/swift-nio
[1/16464] Fetching async-http-client
[16465/102838] Fetching async-http-client, swift-nio
Fetched https://github.com/swift-server/async-http-client.git from cache (1.31s)
[8638/86374] Fetching swift-nio
Fetched https://github.com/apple/swift-nio from cache (5.62s)
Computing version for https://github.com/googleapis/swift-google-cloud-location
Computed https://github.com/googleapis/swift-google-cloud-location at 0.5.0 (6.03s)
Computing version for https://github.com/googleapis/swift-google-auth
Computed https://github.com/googleapis/swift-google-auth at 0.5.0 (0.33s)
Fetching https://github.com/vapor/jwt-kit.git
Fetching https://github.com/apple/swift-system.git
[1/7241] Fetching swift-system
[7242/17495] Fetching swift-system, jwt-kit
Fetched https://github.com/apple/swift-system.git from cache (0.85s)
[923/10254] Fetching jwt-kit
Fetched https://github.com/vapor/jwt-kit.git from cache (1.33s)
Computing version for https://github.com/swift-extras/swift-extras-base64
Computed https://github.com/swift-extras/swift-extras-base64 at 1.2.0 (1.69s)
Computing version for https://github.com/swift-server/async-http-client.git
Computed https://github.com/swift-server/async-http-client.git at 1.36.2 (0.39s)
Fetching https://github.com/apple/swift-service-context.git
Fetching https://github.com/apple/swift-algorithms.git
Fetching https://github.com/apple/swift-configuration.git
Fetching https://github.com/apple/swift-nio-http2.git
[15/1500] Fetching swift-service-context
[211/5428] Fetching swift-service-context, swift-configuration
[5429/11592] Fetching swift-service-context, swift-configuration, swift-algorithms
[7217/23886] Fetching swift-service-context, swift-configuration, swift-algorithms, swift-nio-http2
Fetched https://github.com/apple/swift-configuration.git from cache (0.60s)
Fetching https://github.com/apple/swift-nio-extras.git
[5507/19958] Fetching swift-service-context, swift-algorithms, swift-nio-http2
Fetching https://github.com/apple/swift-nio-transport-services.git
Fetched https://github.com/apple/swift-service-context.git from cache (0.81s)
Fetched https://github.com/apple/swift-algorithms.git from cache (0.81s)
Fetching https://github.com/apple/swift-atomics.git
[2705/12294] Fetching swift-nio-http2
[12295/18997] Fetching swift-nio-http2, swift-nio-extras
[13167/20886] Fetching swift-nio-http2, swift-nio-extras, swift-atomics
[13291/23753] Fetching swift-nio-http2, swift-nio-extras, swift-atomics, swift-nio-transport-services
Fetched https://github.com/apple/swift-nio-transport-services.git from cache (0.69s)
Fetching https://github.com/apple/swift-distributed-tracing.git
Fetched https://github.com/apple/swift-atomics.git from cache (0.80s)
Fetched https://github.com/apple/swift-nio-extras.git from cache (1.04s)
Fetching https://github.com/apple/swift-nio-ssl.git
[1/6551] Fetching swift-distributed-tracing
Fetched https://github.com/apple/swift-nio-http2.git from cache (2.04s)
[2229/23412] Fetching swift-distributed-tracing, swift-nio-ssl
Fetched https://github.com/apple/swift-distributed-tracing.git from cache (0.68s)
[1349/16861] Fetching swift-nio-ssl
Fetched https://github.com/apple/swift-nio-ssl.git from cache (1.96s)
Computing version for https://github.com/apple/swift-service-context.git
Computed https://github.com/apple/swift-service-context.git at 1.3.0 (4.01s)
Computing version for https://github.com/apple/swift-algorithms.git
Computed https://github.com/apple/swift-algorithms.git at 1.2.1 (1.55s)
Fetching https://github.com/apple/swift-numerics.git
[1/6728] Fetching swift-numerics
Fetched https://github.com/apple/swift-numerics.git from cache (0.70s)
Computing version for https://github.com/apple/swift-log
Computed https://github.com/apple/swift-log at 1.16.1 (1.06s)
Computing version for https://github.com/apple/swift-distributed-tracing.git
Computed https://github.com/apple/swift-distributed-tracing.git at 1.5.0 (0.32s)
Computing version for https://github.com/apple/swift-atomics.git
Computed https://github.com/apple/swift-atomics.git at 1.3.1 (0.38s)
Computing version for https://github.com/apple/swift-numerics.git
Computed https://github.com/apple/swift-numerics.git at 1.1.1 (0.33s)
Computing version for https://github.com/apple/swift-nio
Computed https://github.com/apple/swift-nio at 2.104.0 (0.59s)
Fetching https://github.com/apple/swift-collections.git
[1/28703] Fetching swift-collections
Fetched https://github.com/apple/swift-collections.git from cache (1.71s)
Computing version for https://github.com/apple/swift-configuration.git
Computed https://github.com/apple/swift-configuration.git at 1.2.2 (3.11s)
Fetching https://github.com/swift-server/swift-service-lifecycle
[1/2867] Fetching swift-service-lifecycle
Fetched https://github.com/swift-server/swift-service-lifecycle from cache (0.55s)
Computing version for https://github.com/apple/swift-nio-transport-services.git
Computed https://github.com/apple/swift-nio-transport-services.git at 1.28.0 (0.94s)
Computing version for https://github.com/swift-server/swift-service-lifecycle
Computed https://github.com/swift-server/swift-service-lifecycle at 2.12.1 (0.39s)
Fetching https://github.com/apple/swift-async-algorithms.git
[1/6820] Fetching swift-async-algorithms
Fetched https://github.com/apple/swift-async-algorithms.git from cache (0.66s)
Computing version for https://github.com/apple/swift-async-algorithms.git
Computed https://github.com/apple/swift-async-algorithms.git at 1.1.7 (1.10s)
Computing version for https://github.com/apple/swift-collections.git
Computed https://github.com/apple/swift-collections.git at 1.7.2 (0.49s)
Computing version for https://github.com/apple/swift-nio-http2.git
Computed https://github.com/apple/swift-nio-http2.git at 1.46.0 (0.40s)
Computing version for https://github.com/vapor/jwt-kit.git
Computed https://github.com/vapor/jwt-kit.git at 5.7.1 (0.33s)
Fetching https://github.com/apple/swift-crypto.git
Fetching https://github.com/apple/swift-certificates.git
[1/18629] Fetching swift-crypto
[2/26238] Fetching swift-crypto, swift-certificates
Fetched https://github.com/apple/swift-certificates.git from cache (0.73s)
[2050/18629] Fetching swift-crypto
Fetched https://github.com/apple/swift-crypto.git from cache (1.90s)
Computing version for https://github.com/apple/swift-crypto.git
Computed https://github.com/apple/swift-crypto.git at 4.5.2 (2.97s)
Fetching https://github.com/apple/swift-asn1.git
[21/2009] Fetching swift-asn1
Fetched https://github.com/apple/swift-asn1.git from cache (0.48s)
Computing version for https://github.com/apple/swift-asn1.git
Computed https://github.com/apple/swift-asn1.git at 1.7.3 (0.77s)
Computing version for https://github.com/apple/swift-certificates.git
Computed https://github.com/apple/swift-certificates.git at 1.21.0 (0.38s)
Computing version for https://github.com/apple/swift-nio-ssl.git
Computed https://github.com/apple/swift-nio-ssl.git at 2.37.5 (0.33s)
Computing version for https://github.com/apple/swift-system.git
Computed https://github.com/apple/swift-system.git at 1.8.1 (0.31s)
Computing version for https://github.com/apple/swift-nio-extras.git
Computed https://github.com/apple/swift-nio-extras.git at 1.35.1 (0.49s)
Fetching https://github.com/apple/swift-http-structured-headers.git
Fetching https://github.com/apple/swift-http-types.git
[1/1253] Fetching swift-http-structured-headers
[14/3192] Fetching swift-http-structured-headers, swift-http-types
Fetched https://github.com/apple/swift-http-structured-headers.git from cache (0.47s)
Fetched https://github.com/apple/swift-http-types.git from cache (0.47s)
Computing version for https://github.com/apple/swift-http-structured-headers.git
Computed https://github.com/apple/swift-http-structured-headers.git at 1.7.0 (0.76s)
Computing version for https://github.com/apple/swift-http-types.git
Computed https://github.com/apple/swift-http-types.git at 1.8.0 (0.43s)
Creating working copy for https://github.com/apple/swift-log
Working copy of https://github.com/apple/swift-log resolved at 1.16.1
Creating working copy for https://github.com/apple/swift-asn1.git
Working copy of https://github.com/apple/swift-asn1.git resolved at 1.7.3
Creating working copy for https://github.com/googleapis/swift-google-wkt
Working copy of https://github.com/googleapis/swift-google-wkt resolved at 0.5.0
Creating working copy for https://github.com/apple/swift-http-structured-headers.git
Working copy of https://github.com/apple/swift-http-structured-headers.git resolved at 1.7.0
Creating working copy for https://github.com/apple/swift-nio-transport-services.git
Working copy of https://github.com/apple/swift-nio-transport-services.git resolved at 1.28.0
Creating working copy for https://github.com/googleapis/swift-google-longrunning
Working copy of https://github.com/googleapis/swift-google-longrunning resolved at 0.5.0
Creating working copy for https://github.com/apple/swift-nio
Working copy of https://github.com/apple/swift-nio resolved at 2.104.0
Creating working copy for https://github.com/apple/swift-certificates.git
Working copy of https://github.com/apple/swift-certificates.git resolved at 1.21.0
Creating working copy for https://github.com/googleapis/swift-google-auth
Working copy of https://github.com/googleapis/swift-google-auth resolved at 0.5.0
Creating working copy for https://github.com/apple/swift-http-types.git
Working copy of https://github.com/apple/swift-http-types.git resolved at 1.8.0
Creating working copy for https://github.com/swift-extras/swift-extras-base64
Working copy of https://github.com/swift-extras/swift-extras-base64 resolved at 1.2.0
Creating working copy for https://github.com/apple/swift-nio-ssl.git
Working copy of https://github.com/apple/swift-nio-ssl.git resolved at 2.37.5
Creating working copy for https://github.com/apple/swift-atomics.git
Working copy of https://github.com/apple/swift-atomics.git resolved at 1.3.1
Creating working copy for https://github.com/apple/swift-nio-extras.git
Working copy of https://github.com/apple/swift-nio-extras.git resolved at 1.35.1
Creating working copy for https://github.com/googleapis/swift-google-gax
Working copy of https://github.com/googleapis/swift-google-gax resolved at 0.5.0
Creating working copy for https://github.com/apple/swift-numerics.git
Working copy of https://github.com/apple/swift-numerics.git resolved at 1.1.1
Creating working copy for https://github.com/googleapis/swift-google-cloud-location
Working copy of https://github.com/googleapis/swift-google-cloud-location resolved at 0.5.0
Creating working copy for https://github.com/apple/swift-configuration.git
Working copy of https://github.com/apple/swift-configuration.git resolved at 1.2.2
Creating working copy for https://github.com/vapor/jwt-kit.git
Working copy of https://github.com/vapor/jwt-kit.git resolved at 5.7.1
Creating working copy for https://github.com/apple/swift-service-context.git
Working copy of https://github.com/apple/swift-service-context.git resolved at 1.3.0
Creating working copy for https://github.com/googleapis/swift-google-rpc
Working copy of https://github.com/googleapis/swift-google-rpc resolved at 0.5.0
Creating working copy for https://github.com/swift-server/async-http-client.git
Working copy of https://github.com/swift-server/async-http-client.git resolved at 1.36.2
Creating working copy for https://github.com/swift-server/swift-service-lifecycle
Working copy of https://github.com/swift-server/swift-service-lifecycle resolved at 2.12.1
Creating working copy for https://github.com/apple/swift-collections.git
Working copy of https://github.com/apple/swift-collections.git resolved at 1.7.2
Creating working copy for https://github.com/apple/swift-async-algorithms.git
Working copy of https://github.com/apple/swift-async-algorithms.git resolved at 1.1.7
Creating working copy for https://github.com/apple/swift-nio-http2.git
Working copy of https://github.com/apple/swift-nio-http2.git resolved at 1.46.0
Creating working copy for https://github.com/apple/swift-system.git
Working copy of https://github.com/apple/swift-system.git resolved at 1.8.1
Creating working copy for https://github.com/apple/swift-distributed-tracing.git
Working copy of https://github.com/apple/swift-distributed-tracing.git resolved at 1.5.0
Creating working copy for https://github.com/apple/swift-algorithms.git
Working copy of https://github.com/apple/swift-algorithms.git resolved at 1.2.1
Creating working copy for https://github.com/apple/swift-crypto.git
Working copy of https://github.com/apple/swift-crypto.git resolved at 4.5.2
Building for debugging...
[0/934] Compiling CAsyncHTTPClient CAsyncHTTPClient.c
[1/934] Write swift-version--11D90AFD9DD3AB2.txt
[2/934] Compiling _NumericsShims _NumericsShims.c
[2/934] Write sources
[7/934] Compiling _AtomicsShims.c
[8/938] Compiling aes.cc
[9/938] Compiling a_d2i_fp.cc
[10/942] Compiling a_dup.cc
[10/942] Write sources
[17/942] Compiling a_gentm.cc
[18/942] Compiling a_bitstr.cc
[18/942] Write sources
[50/973] Compiling a_bool.cc
[51/984] Compiling a_type.cc
[53/1012] Compiling RealModule RealFunctions.swift
[54/1013] Compiling InternalCollectionsUtilities Iterable+CopyContents.swift
[55/1013] Compiling InternalCollectionsUtilities Iterable+Equality.swift
[56/1013] Compiling InternalCollectionsUtilities LifetimeOverride.swift
[57/1013] Compiling InternalCollectionsUtilities MutableRef.swift
[58/1016] Emitting module RealModule
[59/1016] Compiling InternalCollectionsUtilities _UnsafeBitSet+_Word.swift
[60/1016] Compiling InternalCollectionsUtilities _UnsafeBitSet.swift
[61/1016] Compiling InternalCollectionsUtilities UnsafeBufferPointer+Extras.swift
[62/1016] Compiling InternalCollectionsUtilities UnsafeMutableBufferPointer+Extras.swift
[63/1016] Compiling InternalCollectionsUtilities UnsafeRawBufferPointer+Extras.swift
[64/1016] Compiling InternalCollectionsUtilities _SortedCollection.swift
[65/1016] Compiling InternalCollectionsUtilities _UniqueCollection.swift
[66/1016] Compiling InternalCollectionsUtilities UnsafeMutablePointer+Extras.swift
[67/1016] Compiling InternalCollectionsUtilities UnsafeMutableRawBufferPointer+Extras.swift
[68/1016] Compiling InternalCollectionsUtilities UnsafePointer+Extras.swift
[69/1016] Emitting module _NIOBase64
[70/1016] Compiling _NIOBase64 Base64.swift
[72/1017] Compiling RealModule RelaxedArithmetic.swift
[73/1017] Compiling _NIODataStructures _TinyArray.swift
[74/1017] Compiling _NIODataStructures PriorityQueue.swift
[75/1017] Compiling RealModule Real.swift
[76/1017] Compiling InternalCollectionsUtilities BorrowingIteratorProtocol+Equality.swift
[77/1017] Compiling InternalCollectionsUtilities BorrowingIteratorProtocol+Extras.swift
[78/1017] Compiling InternalCollectionsUtilities Debugging.swift
[79/1017] Compiling InternalCollectionsUtilities Descriptions.swift
[80/1017] Compiling InternalCollectionsUtilities FixedWidthInteger+roundUpToPowerOfTwo.swift
[81/1017] Compiling InternalCollectionsUtilities Integer rank.swift
[82/1017] Compiling InternalCollectionsUtilities UInt+first and last set bit.swift
[83/1017] Compiling InternalCollectionsUtilities UInt+reversed.swift
[84/1017] Emitting module InternalCollectionsUtilities
[85/1017] Compiling InternalCollectionsUtilities MutableSpan+Extras.swift
[86/1017] Compiling InternalCollectionsUtilities OutputSpan+Extras.swift
[87/1017] Compiling InternalCollectionsUtilities RandomAccessCollection+Offsets.swift
[88/1017] Compiling InternalCollectionsUtilities Span+Extras.swift
[89/1017] Compiling InternalCollectionsUtilities Strideable+LimitHelpers.swift
[90/1017] Compiling InternalCollectionsUtilities String+Padding.swift
[91/1017] Compiling InternalCollectionsUtilities TemporaryAllocation.swift
[92/1017] Compiling InternalCollectionsUtilities _UnsafeBitSet+Index.swift
[95/1018] Compiling RealModule Float80+Real.swift
[96/1018] Compiling ServiceContextModule ServiceContext.swift
[97/1018] Emitting module ServiceContextModule
[98/1018] Compiling ServiceContextModule ServiceContextKey.swift
[99/1019] Compiling Logging LoggingSystem.swift
[100/1019] Compiling RealModule Float16+Real.swift
[108/1026] Compiling Logging Logger+With.swift
[109/1026] Compiling Logging Logger+Attributes.swift
[111/1028] Compiling _NIODataStructures Heap.swift
[112/1028] Emitting module _NIODataStructures
[113/1028] Emitting module _CertificateInternals
[114/1028] Compiling _CertificateInternals _TinyArray.swift
[118/1030] Compiling Logging Logger.swift
[118/1033] Wrapping AST for _NIOBase64 for debugging
[120/1040] Compiling SpanPreview OutputSpan+InputSpanHelpers.swift
[120/1040] Wrapping AST for _NIODataStructures for debugging
[122/1040] Compiling Instrumentation NoOpInstrument.swift
[122/1040] Wrapping AST for ServiceContextModule for debugging
[123/1040] Wrapping AST for _CertificateInternals for debugging
[124/1040] Wrapping AST for RealModule for debugging
[125/1040] Write sources
[126/1040] Wrapping AST for InternalCollectionsUtilities for debugging
[127/1040] Compiling CXKCPShims shims.c
[129/1040] Compiling SpanPreview MutableSpan+InputSpanHelpers.swift
[130/1040] Emitting module SpanPreview
[131/1040] Compiling SpanPreview InputSpan.swift
[131/1041] Compiling SimpleFIPS202.c
[134/1041] Compiling Instrumentation MultiplexInstrument.swift
[134/1041] Compiling KeccakSponge.c
[135/1041] Compiling KeccakHash.c
[136/1041] Compiling CNIOWindows shim.c
[138/1041] Compiling SwiftASN1 DER.swift
[139/1041] Compiling SwiftASN1 Errors.swift
[139/1041] Compiling CNIOWindows WSAStartup.c
[140/1041] Compiling CNIOWASI CNIOWASI.c
[142/1041] Compiling Instrumentation Instrument.swift
[143/1041] Emitting module Instrumentation
[143/1041] Compiling CSystem shims.c
[144/1041] Compiling CNIOOpenBSD shim.c
[145/1041] Compiling CNIOPosix event_loop_id.c
[146/1041] Compiling CNIOLinux liburing_shims.c
[148/1041] Emitting module SwiftASN1
[154/1078] Compiling CNIOLinux shim.c
[155/1120] Wrapping AST for SpanPreview for debugging
[156/1120] Compiling KeccakP-1600-opt64.c
[157/1120] Compiling CNIOLLHTTP c_nio_http.c
[158/1120] Compiling CNIOLLHTTP c_nio_api.c
[159/1120] Compiling CNIOLLHTTP c_nio_llhttp.c
[160/1120] Compiling CNIOFreeBSD shim.c
[161/1120] Compiling CNIOExtrasZlib zutil.c
[163/1120] Compiling ExtrasBase64 Base32.swift
[163/1120] Compiling CNIOExtrasZlib inftrees.c
[164/1120] Compiling CNIOExtrasZlib trees.c
[166/1120] Compiling DequeModule UniqueDeque+Consumption.swift
[167/1120] Compiling DequeModule UniqueDeque+ContainerOperations.swift
[168/1120] Compiling DequeModule UniqueDeque+Deprecations.swift
[169/1120] Compiling DequeModule UniqueDeque+Descriptions.swift
[170/1120] Compiling DequeModule UniqueDeque+Equatable.swift
[171/1120] Compiling DequeModule UniqueDeque+Hashable.swift
[172/1120] Compiling DequeModule UniqueDeque+Initializers.swift
[173/1120] Compiling DequeModule UniqueDeque+Insertions.swift
[174/1120] Compiling DequeModule UniqueDeque+Iterable.swift
[175/1120] Compiling DequeModule UniqueDeque+Prepend.swift
[176/1120] Compiling DequeModule UniqueDeque+Removals.swift
[176/1125] Compiling CNIOExtrasZlib inffast.c
[177/1125] Compiling CNIOExtrasZlib inflate.c
[178/1125] Compiling CNIOExtrasZlib crc32.c
[179/1125] Compiling CNIOExtrasZlib deflate.c
[180/1125] Compiling CNIODarwin shim.c
[181/1125] Compiling CNIOExtrasZlib adler32.c
[182/1125] Compiling fiat_p256_adx_sqr.S
[183/1125] Compiling fiat_p256_adx_mul.S
[185/1125] Compiling DequeModule _DequeBuffer.swift
[186/1125] Compiling DequeModule _DequeBufferHeader.swift
[187/1125] Compiling DequeModule RigidDeque+Append.swift
[188/1125] Compiling DequeModule RigidDeque+Consumption.swift
[189/1125] Compiling DequeModule RigidDeque+ContainerOperations.swift
[190/1125] Compiling DequeModule RigidDeque+Deprecations.swift
[191/1125] Compiling DequeModule RigidDeque+Descriptions.swift
[192/1125] Compiling DequeModule RigidDeque+Equatable.swift
[193/1125] Compiling DequeModule RigidDeque+Hashable.swift
[194/1125] Compiling DequeModule RigidDeque+Initializers.swift
[195/1125] Compiling DequeModule RigidDeque+Insertions.swift
[196/1125] Compiling DequeModule RigidDeque+Iterable.swift
[197/1125] Compiling DequeModule RigidDeque+Prepend.swift
[198/1125] Compiling DequeModule RigidDeque+Removals.swift
[199/1125] Compiling DequeModule RigidDeque+Replacements.swift
[200/1125] Compiling DequeModule RigidDeque+Testing.swift
[201/1125] Compiling DequeModule RigidDeque.swift
[202/1125] Compiling DequeModule UniqueDeque+Append.swift
[202/1125] Compiling fiat_curve25519_adx_square.S
[203/1125] Compiling CNIOBoringSSLShims shims.c
[204/1125] Compiling fiat_curve25519_adx_mul.S
[206/1125] Compiling DequeModule Deque+Extras.swift
[207/1125] Compiling DequeModule Deque+Hashable.swift
[208/1125] Compiling DequeModule Deque+Testing.swift
[209/1125] Compiling DequeModule Deque._Storage.swift
[210/1125] Compiling DequeModule Deque._UnsafeHandle.swift
[211/1125] Compiling DequeModule Deque.swift
[222/1130] Compiling Logging MetadataProvider.swift
[223/1130] Compiling DequeModule Deque+CustomReflectable.swift
[224/1130] Compiling DequeModule Deque+Descriptions.swift
[225/1130] Compiling DequeModule Deque+Equatable.swift
[226/1130] Compiling DequeModule Deque+ExpressibleByArrayLiteral.swift
[227/1130] Emitting module Logging
[228/1130] Compiling DequeModule Deque+Codable.swift
[229/1130] Compiling DequeModule Deque+Collection.swift
[240/1131] Compiling Instrumentation InstrumentationSystem.swift
[241/1131] Compiling Instrumentation Locks.swift
[258/1133] Wrapping AST for Logging for debugging
[259/1133] Compiling tls_method.cc
[260/1133] Compiling tls_record.cc
[268/1133] Emitting module SystemPackage
[278/1133] Wrapping AST for SwiftASN1 for debugging
[279/1133] Wrapping AST for Instrumentation for debugging
[281/1141] Compiling Tracing NoOpTracer.swift
[282/1142] Compiling SystemPackage SystemString.swift
[283/1142] Compiling SystemPackage Util+StringArray.swift
[284/1142] Compiling SystemPackage Util.swift
[285/1142] Compiling SystemPackage UtilConsumers.swift
[286/1142] Compiling SystemPackage WinSDK+Overlay.swift
[287/1143] Compiling Tracing InstrumentationSystem+Tracing.swift
[289/1143] Compiling Tracing TracingTime.swift
[290/1143] Compiling Tracing WithTracer.swift
[291/1143] Compiling Tracing TracerProtocol.swift
[292/1143] Emitting module Tracing
[293/1143] Compiling Tracing Tracer.swift
[294/1143] Emitting module DequeModule
[295/1143] Compiling Tracing TracerProtocol+Legacy.swift
[296/1143] Compiling Tracing SpanProtocol.swift
[298/1144] Compiling DequeModule UniqueDeque+Replacements.swift
[299/1144] Compiling DequeModule UniqueDeque.swift
[300/1144] Compiling DequeModule _DequeSlot.swift
[301/1144] Compiling DequeModule _UnsafeDequeHandle.swift
[302/1144] Compiling DequeModule _UnsafeDequeSegments.swift
[303/1145] Compiling tls13_enc.cc
[304/1145] Wrapping AST for SystemPackage for debugging
[305/1145] Wrapping AST for Tracing for debugging
[306/1145] Compiling tls13_server.cc
[307/1145] Compiling tls13_both.cc
[308/1172] Wrapping AST for DequeModule for debugging
[309/1188] Compiling tls13_client.cc
[310/1188] Compiling t1_enc.cc
[311/1188] Compiling ssl_versions.cc
[313/1188] Compiling ExtrasBase64 Base64+Span.swift
[314/1188] Compiling ExtrasBase64 Base64.swift
[314/1188] Compiling ssl_x509.cc
[315/1188] Compiling ssl_privkey.cc
[316/1188] Compiling ssl_stat.cc
[317/1188] Compiling ssl_session.cc
[318/1188] Compiling ssl_transcript.cc
[320/1188] Emitting module ExtrasBase64
[321/1188] Compiling ExtrasBase64 Base32+Span.swift
[322/1189] Compiling ssl_cipher.cc
[323/1189] Compiling ssl_key_share.cc
[324/1189] Wrapping AST for ExtrasBase64 for debugging
[325/1220] Compiling ssl_file.cc
[326/1220] Compiling ssl_lib.cc
[326/1220] Compiling ssl_cert.cc
[328/1220] Compiling ssl_credential.cc
[330/1220] Compiling GoogleWKT WKTUInt32Value.swift
[331/1220] Compiling GoogleWKT WKTUInt64Value.swift
[332/1220] Compiling GoogleWKT WKTDoubleValue.swift
[333/1220] Compiling GoogleWKT WKTDuration.swift
[334/1220] Compiling GoogleWKT WKTEmpty.swift
[335/1220] Compiling GoogleWKT WKTFieldMask.swift
[336/1220] Compiling GoogleWKT WKTInt64Value.swift
[337/1220] Compiling GoogleWKT WKTRecursive.swift
[338/1220] Compiling GoogleWKT WKTField.swift
[339/1220] Compiling GoogleWKT WKTMethod.swift
[340/1220] Compiling GoogleWKT WKTMixin.swift
[341/1220] Compiling GoogleWKT WKTOption.swift
[342/1220] Compiling GoogleWKT WKTValue.swift
[343/1220] Compiling GoogleWKT WKTApi.swift
[344/1220] Compiling GoogleWKT WKTEnum.swift
[345/1220] Compiling GoogleWKT WKTEnumValue.swift
[346/1220] Compiling GoogleWKT WKTStringValue.swift
[347/1220] Compiling GoogleWKT WKTTimestamp.swift
[348/1225] Compiling Configuration JSONSnapshot.swift
[349/1225] Compiling Configuration PropertyListSnapshot.swift
[350/1225] Compiling Configuration ReloadingFileProvider.swift
[351/1225] Compiling Configuration ReloadingFileProviderMetrics.swift
[352/1225] Compiling Configuration YAMLSnapshot.swift
[353/1225] Compiling Configuration InMemoryProvider.swift
[354/1225] Compiling Configuration MutableInMemoryProvider.swift
[355/1225] Compiling Configuration ConfigProvider+Operators.swift
[356/1225] Compiling Configuration KeyMappingProvider.swift
[357/1225] Compiling Configuration SecretsSpecifier.swift
[358/1225] Compiling Configuration AsyncCombineLatestManySequence.swift
[359/1225] Compiling Configuration CombineLatestManyStateMachine.swift
[359/1225] Compiling ssl_buffer.cc
[360/1225] Compiling s3_lib.cc
[362/1225] Compiling Configuration CombineLatestManyStorage.swift
[363/1225] Compiling Configuration AsyncSequences.swift
[364/1225] Compiling Configuration FoundationExtensions.swift
[365/1225] Compiling Configuration Span.swift
[366/1225] Compiling Configuration ConfigBytesFromStringDecoder.swift
[366/1225] Compiling s3_pkt.cc
[367/1225] Compiling ssl_asn1.cc
[368/1225] Compiling ssl_aead_ctx.cc
[370/1225] Compiling GoogleWKT WKTFloatValue.swift
[371/1225] Compiling GoogleWKT WKTInt32Value.swift
[373/1229] Compiling s3_both.cc
[390/1229] Compiling handshake_server.cc
[392/1229] Emitting module Configuration
[393/1229] Compiling GoogleWKT DecodeToDefault.swift
[394/1229] Compiling GoogleWKT DiscoveryBase64.swift
[395/1229] Compiling GoogleWKT ProtoJSONDecoder.swift
[396/1229] Compiling GoogleWKT ProtoJSONEncoder.swift
[399/1229] Compiling GoogleWKT UnknownFields.swift
[400/1229] Compiling GoogleWKT WKTAny.swift
[401/1229] Compiling GoogleWKT WKTAnyError.swift
[402/1229] Compiling GoogleWKT WKTBoolValue.swift
[403/1229] Compiling GoogleWKT WKTBytesValue.swift
[404/1229] Compiling GoogleWKT AnyPackable.swift
[405/1230] Compiling GoogleWKT WKTSourceContext.swift
[406/1230] Compiling GoogleWKT WKTSyntax.swift
[407/1230] Compiling GoogleWKT WKTType.swift
[408/1230] Compiling GoogleWKT PackageVersion.swift
[420/1230] Emitting module GoogleWKT
[421/1231] Compiling handshake.cc
[421/1231] Wrapping AST for Configuration for debugging
[423/1231] Compiling handshake_client.cc
[424/1231] Compiling handoff.cc
[425/1246] Wrapping AST for GoogleWKT for debugging
[426/1246] Compiling extensions.cc
[427/1246] Compiling dtls_record.cc
[428/1246] Compiling encrypted_client_hello.cc
[430/1246] Compiling GoogleRpc RequestInfo.swift
[431/1246] Compiling GoogleRpc ResourceInfo.swift
[431/1248] Compiling md5-x86_64-linux.S
[433/1248] Compiling GoogleRpc Help.swift
[434/1248] Compiling GoogleRpc HttpHeader.swift
[434/1248] Compiling md5-x86_64-apple.S
[436/1248] Compiling GoogleRpc DebugInfo.swift
[437/1248] Compiling GoogleRpc ErrorInfo.swift
[438/1248] Emitting module GoogleRpc
[439/1248] Compiling GoogleRpc PreconditionFailure.swift
[440/1248] Compiling GoogleRpc QuotaFailure.swift
[441/1248] Compiling GoogleRpc BadRequest.swift
[442/1248] Compiling GoogleRpc Code.swift
[443/1248] Compiling GoogleRpc HttpRequest.swift
[444/1248] Compiling GoogleRpc HttpResponse.swift
[445/1248] Compiling GoogleRpc LocalizedMessage.swift
[446/1248] Compiling GoogleRpc PackageVersion.swift
[446/1248] Compiling md5-586-linux.S
[447/1248] Compiling md5-586-apple.S
[448/1248] Compiling dtls_method.cc
[449/1248] Compiling chacha20_poly1305_x86_64-linux.S
[450/1248] Compiling d1_lib.cc
[451/1248] Compiling chacha20_poly1305_x86_64-apple.S
[452/1248] Compiling chacha20_poly1305_armv8-win.S
[453/1248] Compiling d1_pkt.cc
[455/1248] Compiling GoogleRpc RetryInfo.swift
[456/1248] Compiling GoogleRpc Status.swift
[456/1249] Compiling chacha20_poly1305_armv8-apple.S
[457/1249] Compiling chacha20_poly1305_armv8-linux.S
[458/1249] Compiling err_data.cc
[459/1249] Compiling chacha-x86_64-linux.S
[460/1249] Compiling d1_srtp.cc
[462/1249] Compiling chacha-x86_64-apple.S
[463/1249] Compiling chacha-x86-apple.S
[464/1249] Compiling chacha-x86-linux.S
[465/1249] Compiling chacha-armv8-win.S
[466/1249] Compiling chacha-armv8-apple.S
[467/1249] Compiling aes128gcmsiv-x86_64-linux.S
[468/1249] Compiling chacha-armv8-linux.S
[469/1249] Compiling chacha-armv4-linux.S
[470/1249] Compiling aes128gcmsiv-x86_64-apple.S
[471/1249] Wrapping AST for GoogleRpc for debugging
[472/1249] Compiling x86_64-mont5-linux.S
[473/1249] Compiling x86_64-mont5-apple.S
[474/1249] Compiling x86_64-mont-apple.S
[475/1249] Compiling x86_64-mont-linux.S
[476/1249] Compiling x86-mont-linux.S
[477/1249] Compiling x86-mont-apple.S
[478/1249] Compiling vpaes-x86_64-linux.S
[479/1249] Compiling vpaes-x86_64-apple.S
[480/1249] Compiling vpaes-x86-linux.S
[481/1249] Compiling vpaes-x86-apple.S
[482/1249] Compiling bio_ssl.cc
[483/1249] Compiling vpaes-armv8-linux.S
[483/1249] Compiling vpaes-armv8-win.S
[485/1249] Compiling vpaes-armv7-linux.S
[486/1249] Compiling vpaes-armv8-apple.S
[487/1249] Compiling sha512-x86_64-apple.S
[488/1249] Compiling sha512-armv8-win.S
[489/1249] Compiling sha512-x86_64-linux.S
[490/1249] Compiling sha512-armv8-apple.S
[491/1249] Compiling sha512-armv4-linux.S
[492/1249] Compiling sha512-586-linux.S
[493/1249] Compiling sha512-586-apple.S
[494/1249] Compiling sha256-x86_64-linux.S
[495/1249] Compiling sha256-x86_64-apple.S
[496/1249] Compiling sha256-armv8-apple.S
[497/1249] Compiling sha512-armv8-linux.S
[498/1249] Compiling sha256-armv8-win.S
[499/1249] Compiling sha256-armv4-linux.S
[500/1249] Compiling sha256-586-apple.S
[501/1249] Compiling d1_both.cc
[502/1249] Compiling sha256-armv8-linux.S
[503/1249] Compiling sha256-586-linux.S
[504/1249] Compiling sha1-x86_64-apple.S
[505/1249] Compiling sha1-armv8-win.S
[506/1249] Compiling sha1-x86_64-linux.S
[507/1249] Compiling sha1-armv8-linux.S
[508/1249] Compiling sha1-armv4-large-linux.S
[509/1249] Compiling sha1-armv8-apple.S
[510/1249] Compiling rsaz-avx2-apple.S
[511/1249] Compiling rsaz-avx2-linux.S
[512/1249] Compiling sha1-586-linux.S
[512/1249] Compiling sha1-586-apple.S
[514/1249] Compiling rdrand-x86_64-apple.S
[515/1249] Compiling rdrand-x86_64-linux.S
[516/1249] Compiling p256_beeu-x86_64-asm-linux.S
[517/1249] Compiling p256_beeu-armv8-asm-win.S
[517/1249] Compiling p256-x86_64-asm-linux.S
[519/1249] Compiling p256_beeu-x86_64-asm-apple.S
[520/1249] Compiling p256_beeu-armv8-asm-apple.S
[521/1249] Compiling p256_beeu-armv8-asm-linux.S
[522/1249] Compiling p256-x86_64-asm-apple.S
[523/1249] Compiling p256-armv8-asm-win.S
[524/1249] Compiling p256-armv8-asm-linux.S
[525/1249] Compiling ghashv8-armv8-win.S
[526/1249] Compiling p256-armv8-asm-apple.S
[526/1249] Compiling ghashv8-armv8-apple.S
[528/1249] Compiling ghashv8-armv8-linux.S
[529/1249] Compiling ghashv8-armv7-linux.S
[530/1249] Compiling ghash-x86_64-apple.S
[531/1249] Compiling ghash-x86_64-linux.S
[532/1249] Compiling ghash-x86-linux.S
[533/1249] Compiling ghash-x86-apple.S
[534/1249] Compiling ghash-ssse3-x86_64-linux.S
[535/1249] Compiling ghash-ssse3-x86-linux.S
[536/1249] Compiling ghash-ssse3-x86-apple.S
[537/1249] Compiling ghash-ssse3-x86_64-apple.S
[538/1249] Compiling ghash-neon-armv8-win.S
[539/1249] Compiling ghash-neon-armv8-linux.S
[540/1249] Compiling co-586-linux.S
[541/1249] Compiling co-586-apple.S
[542/1249] Compiling ghash-neon-armv8-apple.S
[543/1249] Compiling ghash-armv4-linux.S
[544/1249] Compiling bsaes-armv7-linux.S
[545/1249] Compiling bn-armv8-linux.S
[546/1249] Compiling bn-armv8-win.S
[547/1249] Compiling bn-586-linux.S
[548/1249] Compiling bn-armv8-apple.S
[549/1249] Compiling armv8-mont-win.S
[550/1249] Compiling bn-586-apple.S
[551/1249] Compiling armv8-mont-linux.S
[552/1249] Compiling aesv8-gcm-armv8-win.S
[553/1249] Compiling armv8-mont-apple.S
[554/1249] Compiling armv4-mont-linux.S
[555/1249] Compiling aesv8-gcm-armv8-apple.S
[556/1249] Compiling aesv8-gcm-armv8-linux.S
[557/1249] Compiling aesv8-armv8-apple.S
[558/1249] Compiling aesv8-armv8-linux.S
[559/1249] Compiling aesv8-armv7-linux.S
[560/1249] Compiling aesv8-armv8-win.S
[561/1249] Compiling aesni-x86_64-apple.S
[561/1249] Compiling aesni-x86_64-linux.S
[563/1249] Compiling aesni-x86-apple.S
[564/1249] Compiling aesni-x86-linux.S
[565/1249] Compiling aesni-gcm-x86_64-linux.S
[566/1249] Compiling aes-gcm-avx2-x86_64-apple.S
[566/1249] Compiling aesni-gcm-x86_64-apple.S
[568/1249] Compiling aes-gcm-avx2-x86_64-linux.S
[569/1249] Compiling aes-gcm-avx10-x86_64-linux.S
[570/1249] Compiling aes-gcm-avx10-x86_64-apple.S
[571/1249] Compiling x_x509a.cc
[572/1249] Compiling x_x509.cc
[573/1249] Compiling x_req.cc
[574/1249] Compiling x_val.cc
[575/1249] Compiling x_pubkey.cc
[576/1249] Compiling x_spki.cc
[577/1249] Compiling x_name.cc
[578/1249] Compiling x_sig.cc
[579/1249] Compiling x_exten.cc
[580/1249] Compiling x509rset.cc
[581/1249] Compiling x_all.cc
[582/1249] Compiling x_crl.cc
[583/1249] Compiling x_algor.cc
[584/1249] Compiling x509spki.cc
[585/1249] Compiling x_attrib.cc
[586/1249] Compiling x509name.cc
[587/1249] Compiling x509cset.cc
[588/1249] Compiling x509_vpm.cc
[589/1249] Compiling x509_trs.cc
[590/1249] Compiling x509_v3.cc
[591/1249] Compiling x509_set.cc
[592/1249] Compiling x509_vfy.cc
[593/1249] Compiling x509_txt.cc
[594/1249] Compiling x509_req.cc
[595/1249] Compiling x509_obj.cc
[596/1249] Compiling x509_def.cc
[597/1249] Compiling x509_lu.cc
[598/1249] Compiling x509_cmp.cc
[599/1249] Compiling x509_d2.cc
[600/1249] Compiling x509_ext.cc
[601/1249] Compiling x509_att.cc
[602/1249] Compiling x509.cc
[603/1249] Compiling v3_utl.cc
[604/1249] Compiling v3_skey.cc
[605/1249] Compiling v3_purp.cc
[606/1249] Compiling v3_prn.cc
[607/1249] Compiling v3_pmaps.cc
[608/1249] Compiling v3_pcons.cc
[609/1249] Compiling v3_ocsp.cc
[610/1249] Compiling v3_ncons.cc
[611/1249] Compiling v3_lib.cc
[612/1249] Compiling v3_int.cc
[613/1249] Compiling v3_info.cc
[614/1249] Compiling v3_ia5.cc
[615/1249] Compiling v3_genn.cc
[616/1249] Compiling v3_extku.cc
[617/1249] Compiling v3_enum.cc
[618/1249] Compiling v3_crld.cc
[619/1249] Compiling v3_bitst.cc
[620/1249] Compiling v3_conf.cc
[621/1249] Compiling v3_cpols.cc
[622/1249] Compiling v3_bcons.cc
[623/1249] Compiling v3_alt.cc
[624/1249] Compiling v3_akey.cc
[625/1249] Compiling v3_akeya.cc
[626/1249] Compiling t_x509a.cc
[627/1249] Compiling i2d_pr.cc
[628/1249] Compiling t_x509.cc
[629/1249] Compiling t_crl.cc
[630/1249] Compiling rsa_pss.cc
[631/1249] Compiling t_req.cc
[632/1249] Compiling name_print.cc
[633/1249] Compiling policy.cc
[634/1249] Compiling by_file.cc
[635/1249] Compiling by_dir.cc
[636/1249] Compiling asn1_gen.cc
[636/1249] Compiling algorithm.cc
[638/1249] Compiling a_verify.cc
[639/1249] Compiling a_digest.cc
[640/1249] Compiling a_sign.cc
[641/1249] Compiling voprf.cc
[642/1249] Compiling thread_win.cc
[643/1249] Compiling thread_pthread.cc
[644/1249] Compiling thread_none.cc
[645/1249] Compiling thread.cc
[646/1249] Compiling stack.cc
[647/1249] Compiling trust_token.cc
[648/1249] Compiling pmbtoken.cc
[649/1249] Compiling sha512.cc
[650/1249] Compiling siphash.cc
[651/1249] Compiling sha256.cc
[652/1249] Compiling slhdsa.cc
[653/1249] Compiling sha1.cc
[654/1249] Compiling rsa_print.cc
[655/1249] Compiling spake2plus.cc
[656/1249] Compiling rsa_extra.cc
[657/1249] Compiling rsa_crypt.cc
[658/1249] Compiling refcount.cc
[659/1249] Compiling rc4.cc
[660/1249] Compiling windows.cc
[661/1249] Compiling trusty.cc
[662/1249] Compiling rand.cc
[663/1249] Compiling urandom.cc
[664/1249] Compiling rsa_asn1.cc
[665/1249] Compiling getentropy.cc
[666/1249] Compiling ios.cc
[667/1249] Compiling passive.cc
[668/1249] Compiling forkunsafe.cc
[669/1249] Compiling poly1305_arm_asm.S
[670/1249] Compiling deterministic.cc
[671/1249] Compiling fork_detect.cc
[672/1249] Compiling poly1305_vec.cc
[673/1249] Compiling pool.cc
[674/1249] Compiling poly1305_arm.cc
[675/1249] Compiling poly1305.cc
[676/1249] Compiling pkcs7.cc
[677/1249] Compiling pkcs8_x509.cc
[678/1249] Compiling p5_pbev2.cc
[679/1249] Compiling pkcs7_x509.cc
[680/1249] Compiling pkcs8.cc
[681/1249] Compiling pem_xaux.cc
[682/1249] Compiling pem_x509.cc
[683/1249] Compiling pem_pkey.cc
[684/1249] Compiling pem_oth.cc
[685/1249] Compiling pem_pk8.cc
[686/1249] Compiling pem_info.cc
[687/1249] Compiling pem_lib.cc
[688/1249] Compiling mlkem.cc
[689/1249] Compiling pem_all.cc
[690/1249] Compiling obj_xref.cc
[691/1249] Compiling obj.cc
[692/1249] Compiling poly_rq_mul.S
[693/1249] Compiling mldsa.cc
[694/1249] Compiling fips_shared_support.cc
[695/1249] Compiling mem.cc
[696/1249] Compiling md4.cc
[697/1249] Compiling lhash.cc
[698/1249] Compiling md5.cc
[699/1249] Compiling kyber.cc
[700/1249] Compiling ex_data.cc
[701/1249] Compiling hrss.cc
[702/1249] Compiling sign.cc
[703/1249] Compiling scrypt.cc
[704/1249] Compiling print.cc
[705/1249] Compiling hpke.cc
[706/1249] Compiling pbkdf.cc
[707/1249] Compiling p_x25519.cc
[708/1249] Compiling p_x25519_asn1.cc
[709/1249] Compiling p_rsa_asn1.cc
[710/1249] Compiling p_rsa.cc
[711/1249] Compiling p_hkdf.cc
[712/1249] Compiling p_ed25519.cc
[713/1249] Compiling p_ed25519_asn1.cc
[714/1249] Compiling p_ec.cc
[715/1249] Compiling p_ec_asn1.cc
[716/1249] Compiling p_dh_asn1.cc
[717/1249] Compiling p_dh.cc
[718/1249] Compiling evp_ctx.cc
[719/1249] Compiling p_dsa_asn1.cc
[720/1249] Compiling evp_asn1.cc
[721/1249] Compiling err.cc
[722/1249] Compiling engine.cc
[723/1249] Compiling evp.cc
[724/1249] Compiling ecdh.cc
[725/1249] Compiling hash_to_curve.cc
[725/1249] Compiling ecdsa_asn1.cc
[727/1249] Compiling ec_derive.cc
[728/1249] Compiling dsa.cc
[729/1249] Compiling dsa_asn1.cc
[730/1249] Compiling params.cc
[731/1249] Compiling ec_asn1.cc
[732/1249] Compiling digest_extra.cc
[733/1249] Compiling bcm.cc
[734/1249] Compiling x25519-asm-arm.S
[735/1249] Compiling des.cc
[736/1249] Compiling dh_asn1.cc
[737/1249] Compiling curve25519_64_adx.cc
[738/1249] Compiling spake25519.cc
[739/1249] Compiling crypto.cc
[740/1249] Compiling cpu_intel.cc
[741/1249] Compiling cpu_arm_linux.cc
[742/1249] Compiling curve25519.cc
[743/1249] Compiling cpu_arm_freebsd.cc
[744/1249] Compiling cpu_aarch64_win.cc
[745/1249] Compiling cpu_aarch64_sysreg.cc
[746/1249] Compiling cpu_aarch64_openbsd.cc
[747/1249] Compiling cpu_aarch64_fuchsia.cc
[748/1249] Compiling cpu_aarch64_linux.cc
[749/1249] Compiling get_cipher.cc
[750/1249] Compiling cpu_aarch64_apple.cc
[751/1249] Compiling tls_cbc.cc
[752/1249] Compiling conf.cc
[753/1249] Compiling e_tls.cc
[754/1249] Compiling e_rc4.cc
[755/1249] Compiling e_null.cc
[756/1249] Compiling e_rc2.cc
[757/1249] Compiling e_aesctrhmac.cc
[757/1249] Compiling e_des.cc
[757/1249] Compiling e_aesgcmsiv.cc
[760/1249] Compiling e_chacha20poly1305.cc
[761/1249] Compiling derive_key.cc
[762/1249] Compiling chacha.cc
[763/1249] Compiling buf.cc
[764/1249] Compiling unicode.cc
[765/1249] Compiling cbs.cc
[766/1249] Compiling ber.cc
[767/1249] Compiling asn1_compat.cc
[768/1249] Compiling cbb.cc
[769/1249] Compiling bn_asn1.cc
[770/1249] Compiling convert.cc
[771/1249] Compiling blake2.cc
[772/1249] Compiling socket_helper.cc
[773/1249] Compiling socket.cc
[774/1249] Compiling printf.cc
[775/1249] Compiling pair.cc
[776/1249] Compiling hexdump.cc
[777/1249] Compiling file.cc
[778/1249] Compiling fd.cc
[779/1249] Compiling errno.cc
[780/1249] Compiling connect.cc
[781/1249] Compiling bio_mem.cc
[782/1249] Compiling bio.cc
[783/1249] Compiling base64.cc
[784/1249] Compiling tasn_typ.cc
[785/1249] Compiling tasn_utl.cc
[786/1249] Compiling tasn_fre.cc
[787/1249] Compiling tasn_new.cc
[788/1249] Compiling tasn_enc.cc
[789/1249] Compiling f_string.cc
[790/1249] Compiling posix_time.cc
[791/1249] Compiling tasn_dec.cc
[792/1249] Compiling f_int.cc
[793/1249] Compiling asn_pack.cc
[794/1249] Compiling asn1_par.cc
[795/1249] Compiling asn1_lib.cc
[796/1249] Compiling a_utctm.cc
[797/1249] Compiling a_type.cc
[798/1249] Compiling a_time.cc
[799/1249] Compiling a_octet.cc
[800/1249] Compiling a_strnid.cc
[801/1249] Compiling a_strex.cc
[802/1249] Compiling a_object.cc
[803/1249] Compiling a_i2d_fp.cc
[804/1249] Compiling a_dup.cc
[805/1249] Compiling a_mbstr.cc
[806/1249] Compiling CGoogleGaxCRC32C CGoogleGaxCRC32C.c
[807/1249] Compiling a_d2i_fp.cc
[808/1249] Compiling a_int.cc
[809/1249] Compiling a_gentm.cc
[810/1249] Compiling fiat_p256_adx_mul.S
[811/1249] Compiling fiat_curve25519_adx_square.S
[811/1249] Compiling fiat_p256_adx_sqr.S
[813/1249] Compiling a_bitstr.cc
[814/1249] Compiling a_bool.cc
[815/1249] Compiling CCryptoBoringSSLShims shims.c
[816/1249] Compiling md5-x86_64-apple.S
[816/1249] Compiling md5-x86_64-linux.S
[818/1249] Compiling fiat_curve25519_adx_mul.S
[819/1249] Compiling md5-586-linux.S
[820/1249] Compiling md5-586-apple.S
[821/1249] Compiling chacha20_poly1305_x86_64-linux.S
[822/1249] Compiling chacha20_poly1305_armv8-win.S
[823/1249] Compiling chacha20_poly1305_x86_64-apple.S
[824/1249] Compiling chacha20_poly1305_armv8-apple.S
[825/1249] Compiling chacha20_poly1305_armv8-linux.S
[826/1249] Compiling chacha-x86_64-linux.S
[827/1249] Compiling chacha-x86_64-apple.S
[828/1249] Compiling chacha-x86-linux.S
[829/1249] Compiling err_data.cc
[830/1249] Compiling chacha-armv8-win.S
[831/1249] Compiling chacha-armv8-linux.S
[832/1249] Compiling chacha-x86-apple.S
[833/1249] Compiling chacha-armv8-apple.S
[834/1249] Compiling chacha-armv4-linux.S
[835/1249] Compiling aes128gcmsiv-x86_64-linux.S
[836/1249] Compiling aes128gcmsiv-x86_64-apple.S
[837/1249] Compiling x86_64-mont5-apple.S
[838/1249] Compiling x86_64-mont5-linux.S
[839/1249] Compiling x86_64-mont-linux.S
[840/1249] Compiling x86_64-mont-apple.S
[841/1249] Compiling x86-mont-linux.S
[842/1249] Compiling x86-mont-apple.S
[843/1249] Compiling vpaes-x86_64-linux.S
[844/1249] Compiling vpaes-x86_64-apple.S
[845/1249] Compiling vpaes-x86-linux.S
[846/1249] Compiling vpaes-x86-apple.S
[846/1249] Compiling vpaes-armv8-win.S
[848/1249] Compiling vpaes-armv7-linux.S
[849/1249] Compiling vpaes-armv8-linux.S
[850/1249] Compiling vpaes-armv8-apple.S
[851/1249] Compiling sha512-x86_64-linux.S
[852/1249] Compiling sha512-x86_64-apple.S
[853/1249] Compiling sha512-armv8-win.S
[854/1249] Compiling sha512-armv8-apple.S
[855/1249] Compiling sha512-armv8-linux.S
[856/1249] Compiling sha512-armv4-linux.S
[857/1249] Compiling sha512-586-apple.S
[858/1249] Compiling sha512-586-linux.S
[859/1249] Compiling sha256-x86_64-linux.S
[860/1249] Compiling sha256-armv8-win.S
[861/1249] Compiling sha256-armv8-apple.S
[862/1249] Compiling sha256-x86_64-apple.S
[863/1249] Compiling sha256-armv8-linux.S
[864/1249] Compiling sha256-armv4-linux.S
[865/1249] Compiling sha256-586-apple.S
[866/1249] Compiling sha256-586-linux.S
[867/1249] Compiling sha1-x86_64-linux.S
[868/1249] Compiling sha1-x86_64-apple.S
[869/1249] Compiling sha1-armv8-win.S
[870/1249] Compiling sha1-armv8-linux.S
[871/1249] Compiling sha1-armv8-apple.S
[872/1249] Compiling sha1-armv4-large-linux.S
[873/1249] Compiling sha1-586-linux.S
[874/1249] Compiling sha1-586-apple.S
[875/1249] Compiling rsaz-avx2-linux.S
[876/1249] Compiling rdrand-x86_64-linux.S
[877/1249] Compiling rsaz-avx2-apple.S
[877/1249] Compiling rdrand-x86_64-apple.S
[879/1249] Compiling p256_beeu-x86_64-asm-linux.S
[880/1249] Compiling p256_beeu-x86_64-asm-apple.S
[881/1249] Compiling p256_beeu-armv8-asm-linux.S
[882/1249] Compiling p256_beeu-armv8-asm-win.S
[883/1249] Compiling p256_beeu-armv8-asm-apple.S
[884/1249] Compiling p256-x86_64-asm-linux.S
[885/1249] Compiling p256-x86_64-asm-apple.S
[886/1249] Compiling p256-armv8-asm-win.S
[887/1249] Compiling p256-armv8-asm-linux.S
[888/1249] Compiling p256-armv8-asm-apple.S
[889/1249] Compiling ghashv8-armv8-win.S
[890/1249] Compiling ghashv8-armv8-linux.S
[891/1249] Compiling ghashv8-armv7-linux.S
[892/1249] Compiling ghashv8-armv8-apple.S
[893/1249] Compiling ghash-x86_64-linux.S
[894/1249] Compiling c-nioatomics.c
[895/1249] Compiling ghash-x86_64-apple.S
[896/1249] Compiling ghash-x86-linux.S
[897/1249] Compiling ghash-x86-apple.S
[898/1249] Compiling ghash-ssse3-x86-linux.S
[899/1249] Compiling ghash-ssse3-x86_64-apple.S
[900/1249] Compiling ghash-ssse3-x86_64-linux.S
[901/1249] Compiling ghash-ssse3-x86-apple.S
[902/1249] Compiling ghash-neon-armv8-win.S
[903/1249] Compiling ghash-neon-armv8-linux.S
[904/1249] Compiling ghash-neon-armv8-apple.S
[905/1249] Compiling co-586-linux.S
[906/1249] Compiling ghash-armv4-linux.S
[907/1249] Compiling co-586-apple.S
[908/1249] Compiling bn-armv8-linux.S
[909/1249] Compiling bsaes-armv7-linux.S
[910/1249] Compiling bn-armv8-win.S
[911/1249] Compiling bn-586-linux.S
[912/1249] Compiling bn-586-apple.S
[913/1249] Compiling bn-armv8-apple.S
[914/1249] Compiling armv8-mont-win.S
[914/1249] Compiling armv8-mont-apple.S
[916/1249] Compiling armv8-mont-linux.S
[917/1249] Compiling armv4-mont-linux.S
[918/1249] Compiling aesv8-gcm-armv8-apple.S
[919/1249] Compiling aesv8-gcm-armv8-win.S
[920/1249] Compiling aesv8-gcm-armv8-linux.S
[921/1249] Compiling c-atomics.c
[922/1249] Compiling aesv8-armv8-win.S
[923/1249] Compiling aesv8-armv8-linux.S
[924/1249] Compiling aesv8-armv8-apple.S
[925/1256] Compiling aesv8-armv7-linux.S
[925/1256] Compiling aesni-x86_64-linux.S
[927/1256] Compiling aesni-x86_64-apple.S
[928/1256] Compiling aesni-x86-linux.S
[929/1256] Compiling aesni-x86-apple.S
[930/1256] Compiling aesni-gcm-x86_64-apple.S
[930/1256] Compiling aesni-gcm-x86_64-linux.S
[932/1256] Compiling aes-gcm-avx2-x86_64-linux.S
[933/1256] Compiling aes-gcm-avx512-x86_64-apple.S
[934/1256] Compiling aes-gcm-avx512-x86_64-linux.S
[935/1256] Compiling aes-gcm-avx2-x86_64-apple.S
[937/1256] Compiling NIOConcurrencyHelpers atomics.swift
[938/1256] Compiling NIOConcurrencyHelpers NIOLock.swift
[939/1256] Compiling NIOConcurrencyHelpers NIOLockedValueBox.swift
[940/1256] Emitting module NIOConcurrencyHelpers
[941/1256] Compiling NIOConcurrencyHelpers NIOAtomic.swift
[942/1256] Compiling NIOConcurrencyHelpers lock.swift
[943/1256] Compiling NIOConcurrencyHelpers NIOThreadPoolWorkAvailable.swift
[944/1257] Compiling xwing.cc
[945/1257] Wrapping AST for NIOConcurrencyHelpers for debugging
[946/1257] Compiling x_spki.cc
[947/1257] Compiling x_x509a.cc
[948/1257] Compiling x_pubkey.cc
[949/1257] Compiling x_req.cc
[950/1257] Compiling x_sig.cc
[951/1257] Compiling x_x509.cc
[952/1257] Compiling x_name.cc
[953/1257] Compiling x_exten.cc
[954/1257] Compiling x_crl.cc
[955/1257] Compiling x_attrib.cc
[956/1257] Compiling x509spki.cc
[957/1257] Compiling x_all.cc
[958/1257] Compiling x_algor.cc
[959/1257] Compiling x509rset.cc
[960/1257] Compiling x509name.cc
[961/1257] Compiling x509cset.cc
[962/1257] Compiling x509_vpm.cc
[963/1257] Compiling x509_txt.cc
[964/1257] Compiling x509_v3.cc
[965/1257] Compiling x509_trs.cc
[966/1257] Compiling x509_set.cc
[967/1257] Compiling x509_vfy.cc
[968/1257] Compiling x509_req.cc
[969/1257] Compiling x509_obj.cc
[970/1257] Compiling x509_def.cc
[971/1257] Compiling x509_ext.cc
[972/1257] Compiling x509_lu.cc
[973/1257] Compiling x509_d2.cc
[974/1257] Compiling x509_cmp.cc
[975/1257] Compiling x509_att.cc
[976/1257] Compiling x509.cc
[977/1257] Compiling v3_utl.cc
[978/1257] Compiling v3_prn.cc
[979/1257] Compiling v3_skey.cc
[980/1257] Compiling v3_purp.cc
[981/1257] Compiling v3_pmaps.cc
[982/1257] Compiling v3_ocsp.cc
[983/1257] Compiling v3_pcons.cc
[984/1257] Compiling v3_ncons.cc
[985/1257] Compiling v3_lib.cc
[986/1257] Compiling v3_int.cc
[987/1257] Compiling v3_ia5.cc
[988/1257] Compiling v3_info.cc
[989/1257] Compiling v3_genn.cc
[990/1257] Compiling v3_extku.cc
[991/1257] Compiling v3_enum.cc
[992/1257] Compiling v3_crld.cc
[993/1257] Compiling v3_cpols.cc
[994/1257] Compiling v3_bitst.cc
[995/1257] Compiling v3_bcons.cc
[996/1257] Compiling v3_conf.cc
[997/1257] Compiling v3_alt.cc
[998/1257] Compiling v3_akeya.cc
[999/1257] Compiling v3_akey.cc
[1000/1257] Compiling t_x509a.cc
[1001/1257] Compiling i2d_pr.cc
[1002/1257] Compiling t_x509.cc
[1003/1257] Compiling t_crl.cc
[1004/1257] Compiling t_req.cc
[1005/1257] Compiling rsa_pss.cc
[1006/1257] Compiling policy.cc
[1007/1257] Compiling name_print.cc
[1008/1257] Compiling by_file.cc
[1009/1257] Compiling algorithm.cc
[1010/1257] Compiling a_verify.cc
[1011/1257] Compiling by_dir.cc
[1012/1257] Compiling asn1_gen.cc
[1013/1257] Compiling a_sign.cc
[1014/1257] Compiling a_digest.cc
[1015/1257] Compiling voprf.cc
[1016/1257] Compiling thread_win.cc
[1017/1257] Compiling thread_none.cc
[1018/1257] Compiling thread_pthread.cc
[1019/1257] Compiling trust_token.cc
[1020/1257] Compiling thread.cc
[1021/1257] Compiling stack.cc
[1022/1257] Compiling pmbtoken.cc
[1023/1257] Compiling spake2plus.cc
[1024/1257] Compiling siphash.cc
[1025/1257] Compiling sha512.cc
[1026/1257] Compiling sha256.cc
[1027/1257] Compiling sha1.cc
[1028/1257] Compiling rsa_print.cc
[1029/1257] Compiling slhdsa.cc
[1030/1257] Compiling rsa_extra.cc
[1031/1257] Compiling rc4.cc
[1032/1257] Compiling windows.cc
[1033/1257] Compiling refcount.cc
[1034/1257] Compiling rsa_crypt.cc
[1035/1257] Compiling trusty.cc
[1036/1257] Compiling urandom.cc
[1037/1257] Compiling rand.cc
[1038/1257] Compiling rsa_asn1.cc
[1039/1257] Compiling ios.cc
[1040/1257] Compiling passive.cc
[1041/1257] Compiling getentropy.cc
[1042/1257] Compiling poly1305_arm_asm.S
[1043/1257] Compiling deterministic.cc
[1044/1257] Compiling forkunsafe.cc
[1045/1257] Compiling fork_detect.cc
[1046/1257] Compiling poly1305_arm.cc
[1047/1257] Compiling poly1305_vec.cc
[1048/1257] Compiling pool.cc
[1049/1257] Compiling poly1305.cc
[1050/1257] Compiling pkcs8.cc
[1051/1257] Compiling pkcs8_x509.cc
[1052/1257] Compiling p5_pbev2.cc
[1053/1257] Compiling pkcs7_x509.cc
[1054/1257] Compiling pkcs7.cc
[1055/1257] Compiling pem_xaux.cc
[1056/1257] Compiling pem_x509.cc
[1057/1257] Compiling pem_pkey.cc
[1058/1257] Compiling pem_oth.cc
[1059/1257] Compiling pem_pk8.cc
[1060/1257] Compiling mlkem.cc
[1061/1257] Compiling pem_lib.cc
[1062/1257] Compiling pem_info.cc
[1063/1257] Compiling obj_xref.cc
[1064/1257] Compiling pem_all.cc
[1065/1257] Compiling obj.cc
[1066/1257] Compiling poly_rq_mul.S
[1067/1257] Compiling mldsa.cc
[1068/1257] Compiling mem.cc
[1069/1257] Compiling fips_shared_support.cc
[1070/1257] Compiling lhash.cc
[1071/1257] Compiling md5.cc
[1072/1257] Compiling md4.cc
[1073/1257] Compiling fuzzer_mode.cc
[1074/1257] Compiling kyber.cc
[1075/1257] Compiling ex_data.cc
[1076/1257] Compiling hrss.cc
[1077/1257] Compiling hpke.cc
[1078/1257] Compiling scrypt.cc
[1079/1257] Compiling pbkdf.cc
[1080/1257] Compiling print.cc
[1081/1257] Compiling sign.cc
[1082/1257] Compiling p_x25519_asn1.cc
[1083/1257] Compiling p_x25519.cc
[1084/1257] Compiling p_rsa_asn1.cc
[1085/1257] Compiling p_rsa.cc
[1086/1257] Compiling p_ed25519_asn1.cc
[1087/1257] Compiling p_hkdf.cc
[1088/1257] Compiling p_ed25519.cc
[1089/1257] Compiling p_ec.cc
[1090/1257] Compiling p_ec_asn1.cc
[1091/1257] Compiling p_dsa_asn1.cc
[1092/1257] Compiling p_dh_asn1.cc
[1093/1257] Compiling p_dh.cc
[1094/1257] Compiling engine.cc
[1095/1257] Compiling evp_ctx.cc
[1096/1257] Compiling err.cc
[1097/1257] Compiling evp_asn1.cc
[1098/1257] Compiling evp.cc
[1099/1257] Compiling ecdh.cc
[1100/1257] Compiling ecdsa_p1363.cc
[1101/1257] Compiling ec_derive.cc
[1102/1257] Compiling ecdsa_asn1.cc
[1103/1257] Compiling hash_to_curve.cc
[1104/1257] Compiling dsa.cc
[1105/1257] Compiling ec_asn1.cc
[1106/1257] Compiling dsa_asn1.cc
[1107/1257] Compiling digest_extra.cc
[1108/1257] Compiling x25519-asm-arm.S
[1109/1257] Compiling params.cc
[1110/1257] Compiling des.cc
[1111/1257] Compiling curve25519_64_adx.cc
[1112/1257] Compiling dh_asn1.cc
[1112/1257] Compiling spake25519.cc
[1114/1257] Compiling crypto.cc
[1115/1257] Compiling curve25519.cc
[1116/1257] Compiling cpu_intel.cc
[1117/1257] Compiling cpu_aarch64_sysreg.cc
[1118/1257] Compiling cpu_arm_linux.cc
[1119/1257] Compiling cpu_aarch64_win.cc
[1120/1257] Compiling cpu_arm_freebsd.cc
[1121/1257] Compiling cpu_aarch64_openbsd.cc
[1122/1257] Compiling cpu_aarch64_fuchsia.cc
[1123/1257] Compiling cpu_aarch64_apple.cc
[1124/1257] Compiling cpu_aarch64_linux.cc
[1125/1257] Compiling conf.cc
[1126/1257] Compiling tls_cbc.cc
[1127/1257] Compiling get_cipher.cc
[1128/1257] Compiling e_tls.cc
[1129/1257] Compiling cms.cc
[1130/1257] Compiling e_rc4.cc
[1131/1257] Compiling e_rc2.cc
[1132/1257] Compiling e_des.cc
[1133/1257] Compiling e_null.cc
[1134/1257] Compiling e_aesgcmsiv.cc
[1135/1257] Compiling e_aesctrhmac.cc
[1136/1257] Compiling e_aeseax.cc
[1137/1257] Compiling e_chacha20poly1305.cc
[1138/1257] Compiling derive_key.cc
[1139/1257] Compiling chacha.cc
[1140/1257] Compiling unicode.cc
[1141/1257] Compiling cbb.cc
[1142/1257] Compiling buf.cc
[1143/1257] Compiling ber.cc
[1144/1257] Compiling sqrt.cc
[1145/1257] Compiling asn1_compat.cc
[1146/1257] Compiling cbs.cc
[1147/1257] Compiling exponentiation.cc
[1148/1257] Compiling div.cc
[1149/1257] Compiling blake2.cc
[1150/1257] Compiling convert.cc
[1151/1257] Compiling printf.cc
[1152/1257] Compiling bn_asn1.cc
[1153/1257] Compiling hexdump.cc
[1154/1257] Compiling file.cc
[1155/1257] Compiling pair.cc
[1156/1257] Compiling fd.cc
[1157/1257] Compiling bio_mem.cc
[1158/1257] Compiling errno.cc
[1159/1257] Compiling base64.cc
[1160/1257] Compiling bio.cc
[1161/1257] Compiling tasn_typ.cc
[1162/1257] Compiling tasn_utl.cc
[1163/1257] Compiling tasn_fre.cc
[1164/1257] Compiling posix_time.cc
[1165/1257] Compiling tasn_enc.cc
[1166/1257] Compiling tasn_new.cc
[1167/1257] Compiling f_string.cc
[1168/1257] Compiling f_int.cc
[1169/1257] Compiling tasn_dec.cc
[1170/1257] Compiling asn_pack.cc
[1171/1257] Compiling asn1_par.cc
[1172/1257] Compiling asn1_lib.cc
[1173/1257] Compiling a_utctm.cc
[1174/1257] Compiling bcm.cc
[1175/1257] Compiling a_time.cc
[1175/1257] Write sources
[1179/1257] Compiling a_octet.cc
[1180/1257] Write sources
[1191/1257] Compiling a_strnid.cc
[1192/1275] Compiling a_strex.cc
[1194/1300] Compiling Algorithms Cycle.swift
[1195/1300] Compiling Algorithms EitherSequence.swift
[1195/1302] Compiling a_object.cc
[1197/1302] Compiling Algorithms Reductions.swift
[1198/1302] Compiling Algorithms Rotate.swift
[1199/1302] Compiling Algorithms FirstNonNil.swift
[1200/1302] Compiling Algorithms RandomSample.swift
[1201/1302] Compiling Algorithms FlattenCollection.swift
[1202/1302] Compiling Algorithms Grouped.swift
[1202/1302] Compiling a_mbstr.cc
[1203/1302] Compiling a_i2d_fp.cc
[1205/1302] Compiling Atomics IntegerOperations.swift
[1206/1302] Compiling Atomics Unmanaged extensions.swift
[1207/1302] Compiling Algorithms Partition.swift
[1208/1302] Compiling Algorithms Permutations.swift
[1209/1302] Compiling Algorithms Product.swift
[1209/1302] Compiling a_int.cc
[1214/1313] Compiling Algorithms Compacted.swift
[1218/1313] Compiling Algorithms Split.swift
[1219/1313] Compiling Algorithms Stride.swift
[1220/1313] Compiling Algorithms Suffix.swift
[1223/1313] Compiling Algorithms Indexed.swift
[1224/1313] Compiling Algorithms Intersperse.swift
[1228/1313] Compiling Algorithms Trim.swift
[1229/1313] Compiling Algorithms Unique.swift
[1230/1313] Compiling Algorithms Windows.swift
[1233/1313] Compiling Algorithms Chunked.swift
[1234/1313] Compiling Algorithms Combinations.swift
[1235/1313] Compiling Algorithms Joined.swift
[1236/1313] Compiling Algorithms Keyed.swift
[1237/1313] Compiling Algorithms MinMax.swift
[1238/1313] Compiling CryptoBoringWrapper RandomBytes.swift
[1239/1313] Compiling CryptoBoringWrapper BoringSSLAEAD.swift
[1240/1313] Compiling CryptoBoringWrapper FiniteFieldArithmeticContext.swift
[1241/1313] Compiling CryptoBoringWrapper EllipticCurvePoint.swift
[1242/1313] Compiling CryptoBoringWrapper ArbitraryPrecisionInteger.swift
[1243/1313] Compiling CryptoBoringWrapper CryptoKitErrors_boring.swift
[1244/1313] Emitting module CryptoBoringWrapper
[1245/1313] Compiling CryptoBoringWrapper EllipticCurve.swift
[1246/1314] Wrapping AST for CryptoBoringWrapper for debugging
[1248/1398] Compiling Crypto ASN1BitString.swift
[1249/1398] Compiling Crypto ASN1Boolean.swift
[1250/1398] Compiling Crypto ASN1Identifier.swift
[1251/1398] Compiling Crypto Nonces.swift
[1252/1398] Compiling Crypto ASN1.swift
[1253/1398] Compiling Crypto ASN1Any.swift
[1254/1398] Emitting module Atomics
[1255/1399] Wrapping AST for Atomics for debugging
[1257/1400] Emitting module Algorithms
[1258/1464] Wrapping AST for Algorithms for debugging
[1260/1464] Compiling NIOCore NIOCoreSendableMetatype.swift
[1261/1464] Compiling NIOCore NIODecodedAsyncSequence.swift
[1262/1464] Compiling NIOCore NIOLoopBound.swift
[1263/1464] Compiling NIOCore NIOPooledRecvBufferAllocator.swift
[1264/1464] Compiling NIOCore NIOScheduledCallback.swift
[1265/1464] Compiling NIOCore NIOSendable.swift
[1266/1464] Compiling NIOCore NIOSplitLinesMessageDecoder.swift
[1267/1464] Compiling NIOCore NIOTransportAccessibleChannelCore.swift
[1268/1464] Compiling NIOCore RecvByteBufferAllocator.swift
[1269/1472] Compiling NIOCore EventLoopFuture+Deprecated.swift
[1270/1472] Compiling NIOCore EventLoopFuture+WithEventLoop.swift
[1271/1472] Compiling NIOCore EventLoopFuture.swift
[1272/1472] Compiling NIOCore FileDescriptor.swift
[1273/1472] Compiling NIOCore FileHandle.swift
[1274/1472] Compiling NIOCore FileRegion.swift
[1275/1472] Compiling NIOCore GlobalSingletons.swift
[1276/1472] Compiling NIOCore IO.swift
[1277/1472] Compiling NIOCore IOData.swift
[1278/1472] Compiling Crypto CryptoKitErrors.swift
[1279/1472] Compiling Crypto Digest_boring.swift
[1280/1472] Compiling Crypto Digest.swift
[1281/1472] Compiling Crypto Digests.swift
[1282/1472] Compiling Crypto HashFunctions.swift
[1283/1472] Compiling Crypto HashFunctions_SHA2.swift
[1284/1472] Compiling Crypto HashFunctions_SHA3.swift
[1285/1472] Compiling Crypto Digest_xkcp.swift
[1286/1472] Compiling Crypto HPKE-AEAD.swift
[1287/1472] Compiling Crypto HPKE-Ciphersuite.swift
[1288/1472] Compiling Crypto HPKE-KDF.swift
[1289/1472] Compiling Crypto HPKE-KexKeyDerivation.swift
[1290/1472] Compiling NIOCore NIOAsyncSequenceProducer.swift
[1291/1472] Compiling NIOCore NIOAsyncSequenceProducerStrategies.swift
[1292/1472] Compiling NIOCore NIOAsyncWriter.swift
[1293/1472] Compiling NIOCore CircularBuffer.swift
[1294/1472] Compiling NIOCore Codec.swift
[1295/1472] Compiling NIOCore ConvenienceOptionSupport.swift
[1296/1472] Compiling NIOCore DeadChannel.swift
[1297/1472] Compiling NIOCore DispatchQueue+WithFuture.swift
[1298/1472] Compiling NIOCore EventLoop+Deprecated.swift
[1299/1472] Compiling NIOCore EventLoop+SerialExecutor.swift
[1300/1472] Compiling NIOCore EventLoop.swift
[1301/1472] Compiling NIOCore EventLoopFuture+AssumeIsolated.swift
[1302/1483] Compiling NIOCore NIOThrowingAsyncSequenceProducer.swift
[1303/1483] Compiling NIOCore BSDSocketAPI.swift
[1304/1483] Compiling NIOCore ByteBuffer-aux.swift
[1305/1483] Compiling NIOCore ByteBuffer-binaryEncodedLengthPrefix.swift
[1306/1483] Compiling NIOCore ByteBuffer-conversions.swift
[1307/1483] Compiling NIOCore ByteBuffer-core.swift
[1308/1483] Compiling NIOCore ByteBuffer-hex.swift
[1309/1483] Compiling NIOCore ByteBuffer-int.swift
[1310/1483] Compiling NIOCore ByteBuffer-lengthPrefix.swift
[1311/1483] Compiling NIOCore ByteBuffer-multi-int.swift
[1312/1483] Compiling NIOCore ByteBuffer-quicBinaryEncodingStrategy.swift
[1313/1483] Compiling NIOCore ByteBuffer-views.swift
[1314/1483] Emitting module Crypto
[1315/1483] Compiling NIOCore IPProtocol.swift
[1316/1483] Compiling NIOCore IntegerBitPacking.swift
[1317/1483] Compiling NIOCore IntegerTypes.swift
[1318/1483] Compiling NIOCore Interfaces.swift
[1319/1483] Compiling NIOCore Linux.swift
[1320/1483] Compiling NIOCore MarkedCircularBuffer.swift
[1321/1483] Compiling NIOCore MulticastChannel.swift
[1322/1483] Compiling NIOCore NIOAny.swift
[1323/1483] Compiling NIOCore NIOCloseOnErrorHandler.swift
[1351/1483] Compiling NIOCore SingleStepByteToMessageDecoder.swift
[1352/1483] Compiling NIOCore SocketAddresses.swift
[1353/1483] Compiling NIOCore SocketOptionProvider.swift
[1354/1483] Compiling NIOCore SystemCallHelpers.swift
[1355/1483] Compiling NIOCore TimeAmount+Duration.swift
[1356/1483] Compiling NIOCore TypeAssistedChannelHandler.swift
[1357/1483] Compiling NIOCore UniversalBootstrapSupport.swift
[1358/1483] Compiling NIOCore Utilities.swift
[1359/1483] Compiling NIOCore Channel.swift
[1360/1483] Compiling NIOCore ChannelHandler.swift
[1361/1483] Compiling NIOCore ChannelHandlers.swift
[1362/1483] Compiling NIOCore ChannelInvoker.swift
[1363/1483] Compiling NIOCore ChannelOption.swift
[1364/1483] Compiling NIOCore ChannelPipeline.swift
[1365/1483] Compiling NIOCore AddressedEnvelope.swift
[1366/1483] Compiling NIOCore AsyncAwaitSupport.swift
[1367/1483] Compiling NIOCore AsyncChannel.swift
[1368/1483] Compiling NIOCore AsyncChannelHandler.swift
[1369/1483] Compiling NIOCore AsyncChannelInboundStream.swift
[1370/1483] Compiling NIOCore AsyncChannelOutboundWriter.swift
[1380/1483] Compiling Crypto Signature.swift
[1381/1483] Compiling Crypto CryptoKitErrors_boring.swift
[1382/1483] Compiling Crypto Optional+withUnsafeBytes_boring.swift
[1383/1483] Compiling Crypto RNG_boring.swift
[1384/1483] Compiling Crypto SafeCompare_boring.swift
[1385/1483] Compiling Crypto Zeroization_boring.swift
[1386/1483] Compiling Crypto _CryptoModuleAnchor.swift
[1387/1483] Compiling Crypto PrettyBytes.swift
[1388/1483] Compiling Crypto SafeCompare.swift
[1389/1483] Compiling Crypto SecureBytes.swift
[1390/1483] Compiling Crypto Zeroization.swift
[1399/1484] Wrapping AST for Crypto for debugging
[1401/1546] Emitting module CryptoExtras
[1402/1554] Compiling CryptoExtras ARCServer.swift
[1403/1554] Compiling CryptoExtras ChaCha20CTR_boring.swift
[1404/1554] Compiling CryptoExtras ChaCha20CTR.swift
[1405/1554] Compiling CryptoExtras BoringSSLSHA512256Context.swift
[1406/1554] Compiling CryptoExtras BoringSSLSHA512256HashFunction.swift
[1407/1554] Compiling CryptoExtras SHA512256.swift
[1408/1554] Compiling CryptoExtras SHA512256Digest.swift
[1409/1554] Compiling CryptoExtras Curve25519+PEM.swift
[1410/1554] Compiling CryptoExtras ObjectIdentifier.swift
[1411/1554] Compiling CryptoExtras ThreadOps.swift
[1412/1554] Compiling CryptoExtras ThreadPosix.swift
[1413/1554] Compiling CryptoExtras ThreadSpecific.swift
[1414/1554] Compiling CryptoExtras ThreadWindows.swift
[1415/1554] Compiling CryptoExtras DLEQ.swift
[1416/1554] Compiling CryptoExtras Prover.swift
[1417/1554] Compiling CryptoExtras Verifier.swift
[1418/1554] Compiling CryptoExtras ZKPToolbox.swift
[1419/1554] Compiling CryptoExtras AES_CBC.swift
[1420/1554] Compiling CryptoExtras AES_CFB.swift
[1421/1554] Compiling CryptoExtras AES_CTR.swift
[1422/1554] Compiling CryptoExtras AES_GCM_SIV.swift
[1423/1554] Compiling CryptoExtras Block Function.swift
[1424/1554] Compiling CryptoExtras AES_CBC_boring.swift
[1425/1554] Compiling CryptoExtras AES_CFB_boring.swift
[1426/1554] Compiling CryptoExtras AES_CTR_boring.swift
[1427/1554] Compiling CryptoExtras AES_GCM_SIV_boring.swift
[1428/1554] Compiling CryptoExtras CMAC.swift
[1429/1554] Compiling CryptoExtras ARC+API.swift
[1430/1554] Compiling CryptoExtras ARC.swift
[1431/1554] Compiling CryptoExtras ARCCredential.swift
[1432/1554] Compiling CryptoExtras ARCEncoding.swift
[1433/1554] Compiling CryptoExtras ARCPrecredential.swift
[1434/1554] Compiling CryptoExtras ARCPresentation.swift
[1435/1554] Compiling CryptoExtras ARCRequest.swift
[1436/1554] Compiling CryptoExtras ARCResponse.swift
[1437/1554] Compiling CryptoExtras PBKDF2.swift
[1438/1554] Compiling CryptoExtras Scrypt_boring.swift
[1439/1554] Compiling CryptoExtras Scrypt.swift
[1440/1554] Compiling CryptoExtras OPRF.swift
[1441/1554] Compiling CryptoExtras OPRFClient.swift
[1442/1554] Compiling CryptoExtras OPRFServer.swift
[1443/1554] Compiling CryptoExtras VOPRF+API.swift
[1444/1554] Compiling CryptoExtras VOPRFClient.swift
[1445/1554] Compiling CryptoExtras VOPRFServer.swift
[1446/1554] Compiling CryptoExtras PKCS8DERRepresentation.swift
[1447/1554] Compiling CryptoExtras PKCS8PrivateKey.swift
[1448/1554] Compiling CryptoExtras RFC8410AlgorithmIdentifier.swift
[1449/1554] Compiling CryptoExtras ECToolbox_boring.swift
[1450/1554] Compiling CryptoExtras ECToolbox.swift
[1451/1554] Compiling CryptoExtras HashToField.swift
[1452/1554] Compiling CryptoExtras KDF.swift
[1453/1554] Compiling CryptoExtras PBKDF2_boring.swift
[1454/1554] Compiling CryptoExtras PBKDF2_commoncrypto.swift
[1455/1554] Compiling CryptoExtras Data+Extensions.swift
[1456/1554] Compiling CryptoExtras DigestType.swift
[1457/1554] Compiling CryptoExtras Error.swift
[1458/1554] Compiling CryptoExtras I2OSP.swift
[1459/1554] Compiling CryptoExtras IntegerEncoding.swift
[1460/1554] Compiling CryptoExtras PEMDocument.swift
[1461/1554] Compiling CryptoExtras PrettyBytes.swift
[1462/1554] Compiling CryptoExtras SubjectPublicKeyInfo.swift
[1463/1554] Compiling CryptoExtras BoringSSLPassphraseCallbackManager.swift
[1464/1554] Compiling CryptoExtras RSA+BlindSigning.swift
[1465/1554] Compiling CryptoExtras RSA.swift
[1466/1554] Compiling CryptoExtras RSA_boring.swift
[1467/1554] Compiling CryptoExtras Reexport.swift
[1468/1554] Compiling CryptoExtras Zeroization_boring.swift
[1469/1554] Compiling CryptoExtras BoringSSLHelpers.swift
[1470/1554] Compiling CryptoExtras CryptoKitErrors_boring.swift
[1471/1555] Wrapping AST for CryptoExtras for debugging
[1473/1557] Emitting module _CryptoExtras
[1474/1557] Compiling _CryptoExtras Exports.swift
[1475/1558] Wrapping AST for _CryptoExtras for debugging
[1477/1653] Compiling X509 CertificateSerialNumber.swift
[1478/1653] Compiling X509 CertificateVersion.swift
[1479/1653] Compiling X509 CMSAttribute.swift
[1480/1653] Compiling X509 CMSContentInfo.swift
[1481/1653] Compiling X509 CMSEncapsulatedContentInfo.swift
[1482/1653] Compiling X509 OneOfPolicies.swift
[1483/1653] Compiling X509 PolicyBuilder.swift
[1484/1653] Compiling X509 BasicConstraintsPolicy.swift
[1485/1653] Compiling X509 DNSNames.swift
[1486/1653] Compiling X509 ExpiryPolicy.swift
[1487/1653] Compiling X509 IPConstraints.swift
[1488/1653] Compiling X509 NameConstraintsPolicy.swift
[1489/1653] Compiling X509 RFC5280Policy.swift
[1490/1653] Compiling X509 URIConstraints.swift
[1491/1653] Compiling X509 VersionPolicy.swift
[1492/1653] Compiling X509 ServerIdentityPolicy.swift
[1493/1653] Compiling X509 TrustRootLoading.swift
[1494/1653] Compiling X509 UnverifiedChain.swift
[1495/1653] Compiling X509 CSRAttribute.swift
[1496/1653] Compiling X509 CSRAttributes.swift
[1497/1653] Compiling X509 CSRVersion.swift
[1498/1653] Compiling X509 CertificateSigningRequest.swift
[1499/1653] Compiling X509 CertificationRequestInfo.swift
[1500/1653] Compiling X509 ExtensionRequest.swift
[1501/1653] Compiling X509 Certificate.swift
[1502/1653] Compiling X509 CertificatePrivateKey.swift
[1503/1653] Compiling X509 CertificatePublicKey.swift
[1504/1653] Emitting module NIOCore
[1505/1668] Wrapping AST for NIOCore for debugging
[1507/1711] Compiling NIOFoundationEssentialsCompat Codable+ByteBuffer.swift
[1508/1711] Emitting module NIOEmbedded
[1509/1711] Compiling NIOEmbedded AsyncTestingChannel.swift
[1510/1711] Compiling X509 CMSIssuerAndSerialNumber.swift
[1511/1711] Compiling X509 CMSOperations.swift
[1512/1711] Compiling X509 CMSSignature.swift
[1513/1711] Compiling X509 CMSSignedData.swift
[1514/1711] Compiling X509 CMSSignerIdentifier.swift
[1515/1711] Compiling X509 CMSSignerInfo.swift
[1516/1711] Compiling X509 CMSVersion.swift
[1517/1711] Compiling X509 Curve25519+DER.swift
[1518/1711] Compiling X509 CustomPrivateKey.swift
[1519/1711] Compiling X509 Digests.swift
[1520/1711] Compiling X509 DistinguishedName.swift
[1521/1711] Compiling X509 CommonName.swift
[1522/1711] Compiling X509 CountryName.swift
[1523/1711] Compiling X509 DNBuilder.swift
[1524/1724] Emitting module NIOFoundationEssentialsCompat
[1525/1724] Compiling NIOFoundationEssentialsCompat ByteBuffer-foundation.swift
[1526/1725] Wrapping AST for NIOFoundationEssentialsCompat for debugging
[1528/1725] Compiling NIOPosix PendingWritesManager.swift
[1529/1725] Compiling NIOPosix PipeChannel.swift
[1530/1725] Compiling NIOPosix PipePair.swift
[1531/1725] Compiling NIOPosix Pool.swift
[1532/1725] Compiling NIOPosix PosixSingletons+ConcurrencyTakeOver.swift
[1533/1725] Compiling NIOPosix PosixSingletons.swift
[1534/1725] Compiling NIOPosix RawSocketBootstrap.swift
[1535/1725] Compiling NIOPosix Resolver.swift
[1536/1725] Compiling NIOPosix Selectable.swift
[1537/1725] Compiling NIOPosix SelectableChannel.swift
[1538/1725] Compiling NIOPosix SelectableEventLoop.swift
[1539/1725] Compiling NIOPosix SelectorEpoll.swift
[1540/1725] Compiling NIOPosix SelectorGeneric.swift
[1541/1725] Compiling NIOPosix SelectorKqueue.swift
[1542/1725] Compiling NIOPosix HappyEyeballs.swift
[1543/1725] Compiling NIOPosix IO.swift
[1544/1725] Compiling NIOPosix IntegerBitPacking.swift
[1545/1725] Compiling NIOPosix IntegerTypes.swift
[1546/1725] Compiling NIOPosix Linux.swift
[1547/1725] Compiling NIOPosix LinuxCPUSet.swift
[1548/1725] Compiling NIOPosix LinuxUring.swift
[1549/1725] Compiling NIOPosix MultiThreadedEventLoopGroup.swift
[1550/1725] Compiling NIOPosix NIOPosixSendableMetatype.swift
[1551/1725] Compiling NIOPosix NIORandomizedDNSResolver.swift
[1552/1725] Compiling NIOPosix NIOThreadPool.swift
[1553/1725] Compiling NIOPosix NonBlockingFileIO.swift
[1554/1725] Compiling NIOPosix PendingDatagramWritesManager.swift
[1562/1725] Compiling X509 OCSPExtensionID.swift
[1563/1725] Compiling X509 OCSPNonce.swift
[1564/1725] Compiling X509 OCSPPolicy.swift
[1565/1725] Compiling X509 OCSPRequest.swift
[1566/1725] Compiling X509 OCSPResponse.swift
[1567/1725] Compiling X509 OCSPResponseBytes.swift
[1568/1725] Compiling X509 OCSPResponseData.swift
[1569/1725] Compiling X509 OCSPResponseStatus.swift
[1570/1725] Compiling X509 OCSPSignature.swift
[1571/1725] Compiling X509 OCSPSingleRequest.swift
[1572/1725] Compiling X509 OCSPSingleResponse.swift
[1573/1725] Compiling X509 OCSPTBSRequest.swift
[1574/1725] Compiling X509 OCSPVersion.swift
[1575/1732] Compiling NIOEmbedded Embedded.swift
[1576/1732] Compiling NIOEmbedded AsyncTestingEventLoop.swift
[1577/1733] Wrapping AST for NIOEmbedded for debugging
[1579/1733] Compiling NIOPosix VsockChannelEvents.swift
[1580/1733] Compiling NIOPosix Windows.swift
[1581/1733] Compiling X509 RDNAttribute.swift
[1582/1733] Compiling X509 RandomNumberGenerator+bytes.swift
[1583/1733] Compiling X509 RelativeDistinguishedName.swift
[1584/1733] Compiling X509 SEC1PrivateKey.swift
[1585/1733] Compiling X509 SecKeyWrapper.swift
[1586/1733] Compiling X509 Signature.swift
[1587/1733] Compiling X509 SignatureAlgorithm.swift
[1588/1733] Compiling X509 AllOfPolicies.swift
[1589/1733] Compiling X509 AnyPolicy.swift
[1590/1733] Compiling X509 CertificateStore.swift
[1591/1733] Compiling X509 CustomCertificateStore.swift
[1592/1733] Compiling NIOPosix SelectorUring.swift
[1593/1733] Compiling NIOPosix SelectorWSAPoll.swift
[1594/1733] Compiling NIOPosix ServerSocket.swift
[1595/1733] Compiling NIOPosix Socket.swift
[1596/1733] Compiling NIOPosix SocketChannel.swift
[1597/1733] Compiling NIOPosix SocketProtocols.swift
[1598/1733] Compiling NIOPosix StructuredConcurrencyHelpers.swift
[1599/1733] Compiling NIOPosix System.swift
[1600/1733] Compiling NIOPosix Thread.swift
[1601/1733] Compiling NIOPosix ThreadPosix.swift
[1602/1733] Compiling NIOPosix ThreadWindows.swift
[1603/1733] Compiling NIOPosix Utilities.swift
[1604/1733] Compiling NIOPosix VsockAddress.swift
[1612/1733] Emitting module NIOPosix
[1613/1733] Compiling NIOPosix BSDSocketAPICommon.swift
[1614/1733] Compiling NIOPosix BSDSocketAPIPosix.swift
[1615/1733] Compiling NIOPosix BSDSocketAPIWindows.swift
[1616/1733] Compiling NIOPosix BaseSocket.swift
[1617/1733] Compiling NIOPosix BaseSocketChannel+AccessibleTransport.swift
[1618/1733] Compiling NIOPosix BaseSocketChannel+SocketOptionProvider.swift
[1619/1733] Compiling NIOPosix BaseSocketChannel.swift
[1641/1733] Compiling NIOPosix BaseStreamSocketChannel.swift
[1642/1733] Compiling NIOPosix Bootstrap.swift
[1643/1733] Compiling NIOPosix ControlMessage.swift
[1644/1733] Compiling NIOPosix DatagramVectorReadManager.swift
[1645/1733] Compiling NIOPosix Errors+Any.swift
[1646/1733] Compiling NIOPosix FileDescriptor.swift
[1647/1733] Compiling NIOPosix GetaddrinfoResolver.swift
[1662/1733] Emitting module X509
[1670/1734] Wrapping AST for NIOPosix for debugging
[1672/1736] Compiling NIO Exports.swift
[1673/1736] Emitting module NIO
[1674/1741] Wrapping AST for NIO for debugging
[1676/1776] Compiling X509 ValidatedCertificateChain.swift
[1677/1776] Compiling X509 VerificationDiagnostic.swift
[1678/1776] Compiling X509 Verifier.swift
[1679/1776] Compiling X509 VerifierPolicy.swift
[1680/1776] Compiling X509 AlgorithmIdentifier.swift
[1681/1776] Compiling X509 ECDSASignature.swift
[1682/1776] Compiling X509 RSAPKCS1PublicKey.swift
[1683/1776] Compiling X509 SubjectPublicKeyInfo.swift
[1684/1776] Compiling X509 TBSCertificate.swift
[1685/1776] Compiling X509 Time.swift
[1686/1776] Compiling X509 TimeCalculations.swift
[1687/1776] Compiling X509 Validity.swift
[1688/1776] Compiling X509 X509SendableMetatype.swift
[1690/1777] Compiling NIOTLS TLSEvents.swift
[1691/1777] Emitting module NIOTLS
[1692/1777] Compiling NIOTLS ApplicationProtocolNegotiationHandler.swift
[1693/1777] Compiling NIOFoundationCompat WaitSpinningRunLoop.swift
[1694/1777] Compiling NIOFoundationCompat JSONSerialization+ByteBuffer.swift
[1695/1777] Compiling NIOFoundationCompat Exports.swift
[1696/1777] Compiling NIOSOCKS ClientStateMachine.swift
[1697/1778] Emitting module NIOFoundationCompat
[1698/1779] Emitting module NIOSOCKS
[1699/1779] Wrapping AST for X509 for debugging
[1701/1779] Compiling NIOSOCKS SelectedAuthenticationMethod.swift
[1702/1794] Compiling JWTKit SubjectClaim.swift
[1703/1794] Compiling JWTKit TenantIDClaim.swift
[1703/1846] Wrapping AST for NIOFoundationCompat for debugging
[1705/1846] Compiling NIOSOCKS ServerStateMachine.swift
[1706/1846] Compiling JWTKit LocaleClaim.swift
[1707/1846] Compiling JWTKit NotBeforeClaim.swift
[1708/1846] Compiling JWTKit IDClaim.swift
[1709/1846] Compiling JWTKit IssuedAtClaim.swift
[1710/1848] Compiling NIOSOCKS SOCKSResponse.swift
[1711/1848] Compiling JWTKit ECDSA.swift
[1712/1848] Compiling JWTKit ECDSACurve.swift
[1713/1848] Compiling JWTKit ECDSACurveType.swift
[1714/1848] Compiling JWTKit ECDSAError.swift
[1715/1848] Compiling NIOTLS NIOTypedApplicationProtocolNegotiationHandler.swift
[1716/1848] Compiling NIOTLS ProtocolNegotiationHandlerStateMachine.swift
[1717/1848] Compiling NIOTLS SNIHandler.swift
[1719/1850] Wrapping AST for NIOSOCKS for debugging
[1720/1850] Wrapping AST for NIOTLS for debugging
[1722/1880] Compiling NIOSSL SSLPKCS12Bundle.swift
[1723/1880] Compiling NIOSSL LinuxCABundle.swift
[1724/1880] Compiling JWTKit JWTSerializer.swift
[1725/1880] Compiling JWTKit JWTSigner.swift
[1726/1880] Compiling JWTKit JWTKeyCollection+MLDSA.swift
[1727/1880] Compiling JWTKit MLDSA.swift
[1728/1880] Compiling JWTKit MLDSA65+MLDSAKey.swift
[1729/1880] Compiling JWTKit MLDSA87+MLDSAKey.swift
[1730/1880] Compiling JWTKit MLDSAError.swift
[1731/1880] Compiling JWTKit MLDSAKey.swift
[1732/1880] Compiling JWTKit MLDSASigner.swift
[1733/1880] Compiling JWTKit MLDSAType.swift
[1734/1880] Compiling JWTKit JWTKeyCollection+UnsecuredNone.swift
[1735/1880] Compiling JWTKit UnsecuredNoneSigner.swift
[1736/1880] Compiling JWTKit JWTKeyCollection+RSA.swift
[1737/1880] Compiling JWTKit RSA.swift
[1738/1880] Compiling JWTKit RSAError.swift
[1739/1880] Compiling JWTKit RSASigner.swift
[1740/1880] Compiling JWTKit Base64URL.swift
[1741/1880] Compiling JWTKit CryptoSigner.swift
[1742/1889] Compiling NIOSSL SSLConnection.swift
[1743/1889] Compiling NIOSSL SSLContext.swift
[1744/1889] Compiling NIOSSL SSLCertificateExtensions.swift
[1745/1889] Compiling NIOSSL SSLCertificateName.swift
[1746/1889] Compiling NIOSSL SSLErrors.swift
[1747/1889] Compiling NIOSSL SSLInit.swift
[1748/1889] Compiling NIOSSL FreeBSDCABundle.swift
[1749/1889] Compiling NIOSSL IdentityVerification.swift
[1750/1889] Compiling NIOSSL SSLCertificate.swift
[1755/1889] Compiling NIOSSL NIOSSLClientHandler.swift
[1756/1889] Compiling NIOSSL NIOSSLHandler+Configuration.swift
[1757/1889] Compiling NIOSSL NIOSSLHandler.swift
[1758/1889] Compiling NIOSSL NIOSSLServerHandler.swift
[1759/1889] Compiling NIOSSL ObjectIdentifier.swift
[1760/1889] Compiling NIOSSL PosixPort.swift
[1761/1889] Compiling NIOSSL AndroidCABundle.swift
[1762/1889] Compiling NIOSSL ByteBufferBIO.swift
[1763/1889] Compiling NIOSSL CustomPrivateKey.swift
[1771/1889] Emitting module JWTKit
[1772/1889] Compiling NIOSSL SSLCallbacks.swift
[1773/1889] Compiling NIOSSL SSLPrivateKey.swift
[1774/1889] Compiling NIOSSL SSLPublicKey.swift
[1775/1889] Compiling NIOSSL SecurityFrameworkCertificateVerification.swift
[1776/1889] Compiling NIOSSL String+unsafeUninitializedCapacity.swift
[1777/1889] Compiling NIOSSL SubjectAlternativeName.swift
[1778/1889] Compiling NIOSSL NIOSSLSecureBytes.swift
[1779/1889] Compiling NIOSSL RNG.swift
[1780/1889] Compiling NIOSSL SafeCompare.swift
[1781/1889] Compiling JWTKit JWTKeyCollection+EdDSA.swift
[1784/1889] Emitting module NIOHTTP1
[1788/1890] Compiling JWTKit JWTAlgorithm.swift
[1789/1890] Compiling JWTKit JWTError.swift
[1790/1890] Compiling JWTKit JWTHeader+CommonFields.swift
[1791/1890] Compiling JWTKit JWTHeader.swift
[1792/1890] Compiling JWTKit JWTHeaderField.swift
[1793/1890] Compiling JWTKit JWTKeyCollection.swift
[1794/1890] Compiling JWTKit JWTParser+MandatoryVerificationFields.swift
[1795/1890] Compiling JWTKit JWTParser.swift
[1796/1890] Compiling JWTKit JWTPayload.swift
[1797/1890] Compiling JWTKit HMAC.swift
[1798/1890] Compiling JWTKit HMACError.swift
[1799/1890] Compiling JWTKit HMACSigner.swift
[1800/1890] Compiling JWTKit JWTKeyCollection+HMAC.swift
[1801/1890] Compiling JWTKit Insecure.swift
[1802/1890] Compiling JWTKit JWK.swift
[1803/1890] Compiling JWTKit JWKIdentifier.swift
[1804/1890] Compiling JWTKit JWKS.swift
[1805/1890] Compiling JWTKit JWKSigner.swift
[1806/1890] Wrapping AST for NIOHTTP1 for debugging
[1812/1911] Compiling NIOHTTPCompression HTTPDecompressor.swift
[1813/1911] Compiling NIOHPACK IndexedHeaderTable.swift
[1814/1912] Compiling NIOHPACK DynamicHeaderTable.swift
[1815/1912] Compiling NIOHPACK HPACKDecoder.swift
[1816/1912] Compiling NIOHPACK IntegerCoding.swift
[1817/1912] Emitting module NIOHTTPCompression
[1818/1912] Compiling NIOHPACK HuffmanTables.swift
[1819/1912] Emitting module NIOHPACK
[1820/1912] Compiling NIOHTTPCompression HTTPCompression.swift
[1821/1912] Compiling NIOHTTPCompression HTTPDecompression.swift
[1822/1912] Compiling NIOHPACK HuffmanCoding.swift
[1823/1912] Compiling NIOHTTPCompression HTTPResponseCompressor.swift
[1824/1912] Compiling NIOHTTPCompression HTTPRequestCompressor.swift
[1825/1913] Compiling NIOHPACK StaticHeaderTable.swift
[1827/1913] Compiling JWTKit CustomizedJSONCoders.swift
[1828/1913] Compiling JWTKit Utilities.swift
[1829/1913] Compiling JWTKit AppleIdentityToken.swift
[1830/1913] Compiling JWTKit FirebaseAuthIdentityToken.swift
[1831/1913] Compiling JWTKit GoogleIdentityToken.swift
[1832/1913] Compiling JWTKit MicrosoftIdentityToken.swift
[1833/1913] Compiling JWTKit EmptyPolicy.swift
[1834/1913] Compiling JWTKit ValidationTimePayload.swift
[1835/1913] Compiling JWTKit X5CVerifier.swift
[1835/1913] Wrapping AST for NIOHTTPCompression for debugging
[1842/1914] Compiling NIOHPACK HPACKEncoder.swift
[1843/1914] Compiling NIOHPACK HPACKErrors.swift
[1844/1914] Compiling NIOHPACK HPACKHeader.swift
[1845/1914] Compiling NIOHPACK HeaderTables.swift
[1845/1914] Wrapping AST for JWTKit for debugging
[1856/1915] Wrapping AST for NIOHPACK for debugging
[1858/1978] Compiling NIOHTTP2 ContentLengthVerifier.swift
[1859/1978] Compiling NIOHTTP2 HTTP2FrameParser.swift
[1860/1978] Compiling NIOHTTP2 HTTP2PingData.swift
[1861/1978] Compiling NIOHTTP2 HTTP2PipelineHelpers.swift
[1862/1978] Compiling NIOHTTP2 QuiescingState.swift
[1863/1978] Compiling NIOHTTP2 RemotelyQuiescingState.swift
[1864/1978] Compiling NIOHTTP2 SendAndReceiveGoawayState.swift
[1865/1978] Compiling NIOHTTP2 StateMachineResult.swift
[1866/1978] Emitting module NIOSSL
[1867/1978] Compiling NIOHTTP2 HasFlowControlWindows.swift
[1868/1978] Compiling NIOHTTP2 HasLocalSettings.swift
[1869/1978] Compiling NIOHTTP2 HasRemoteSettings.swift
[1870/1978] Compiling NIOHTTP2 LocallyQuiescingState.swift
[1871/1978] Compiling NIOHTTP2 HTTP2UserEvents.swift
[1872/1978] Compiling NIOHTTP2 InboundEventBuffer.swift
[1873/1978] Compiling NIOHTTP2 InboundWindowManager.swift
[1874/1978] Compiling NIOHTTP2 MultiplexerAbstractChannel.swift
[1876/1979] Compiling NIOHTTP2 MaySendFrames.swift
[1877/1979] Compiling NIOHTTP2 SendingDataState.swift
[1878/1979] Compiling NIOHTTP2 SendingGoawayState.swift
[1879/1979] Compiling NIOHTTP2 SendingHeadersState.swift
[1880/1979] Compiling NIOHTTP2 SendingPushPromiseState.swift
[1881/1979] Compiling NIOHTTP2 SendingRstStreamState.swift
[1882/1979] Compiling NIOHTTP2 SendingWindowUpdateState.swift
[1883/1979] Compiling NIOHTTP2 HTTP2SettingsState.swift
[1884/1979] Compiling NIOHTTP2 HasExtendedConnectSettings.swift
[1884/1987] Wrapping AST for NIOSSL for debugging
[1886/1987] Compiling NIOHTTP2 HTTP2StreamMultiplexer.swift
[1887/1987] Compiling NIOHTTP2 HTTP2ToHTTP1Codec.swift
[1892/1987] Compiling NIOHTTP2 NIOHTTP2FrameDelegate.swift
[1893/1987] Compiling NIOHTTP2 NIOHTTP2ServerConnectionManagementHandler+StateMachine.swift
[1903/1987] Compiling NIOHTTP2 DOSHeuristics.swift
[1904/1987] Compiling NIOHTTP2 Error+Any.swift
[1905/1987] Compiling NIOHTTP2 ConcurrentStreamBuffer.swift
[1906/1987] Compiling NIOHTTP2 ControlFrameBuffer.swift
[1907/1987] Compiling NIOHTTP2 OutboundFlowControlBuffer.swift
[1908/1987] Compiling NIOHTTP2 OutboundFrameBuffer.swift
[1909/1987] Compiling NIOHTTP2 GlitchesMonitor.swift
[1910/1987] Compiling NIOHTTP2 HPACKHeaders+Validation.swift
[1911/1987] Compiling NIOHTTP2 HTTP2ChannelHandler+InboundStreamMultiplexer.swift
[1912/1987] Compiling NIOHTTP2 NIOHTTP2ServerConnectionManagementHandler.swift
[1913/1987] Compiling NIOHTTP2 StreamChannelFlowController.swift
[1914/1987] Compiling NIOHTTP2 StreamChannelList.swift
[1915/1987] Compiling NIOHTTP2 StreamMap.swift
[1916/1987] Compiling NIOHTTP2 StreamStateMachine.swift
[1917/1987] Compiling NIOHTTP2 Timer.swift
[1918/1987] Compiling NIOHTTP2 UnsafeTransfer.swift
[1919/1987] Compiling NIOHTTP2 WatermarkedFlowController.swift
[1920/1987] Compiling NIOHTTP2 ConnectionStateMachine.swift
[1921/1987] Compiling NIOHTTP2 ConnectionStreamsState.swift
[1922/1987] Compiling NIOHTTP2 MayReceiveFrames.swift
[1923/1987] Compiling NIOHTTP2 ReceivingDataState.swift
[1924/1987] Compiling NIOHTTP2 ReceivingGoAwayState.swift
[1925/1987] Compiling NIOHTTP2 ReceivingHeadersState.swift
[1926/1987] Compiling NIOHTTP2 ReceivingPushPromiseState.swift
[1927/1987] Compiling NIOHTTP2 ReceivingRstStreamState.swift
[1928/1987] Compiling NIOHTTP2 ReceivingWindowUpdateState.swift
[1929/1987] Emitting module NIOHTTP2
[1933/1987] Compiling NIOHTTP2 HTTP2Settings.swift
[1934/1987] Compiling NIOHTTP2 HTTP2Stream.swift
[1935/1987] Compiling NIOHTTP2 HTTP2StreamChannel+OutboundStreamMultiplexer.swift
[1936/1987] Compiling NIOHTTP2 HTTP2StreamChannel.swift
[1937/1987] Compiling NIOHTTP2 HTTP2StreamDelegate.swift
[1938/1987] Compiling NIOHTTP2 HTTP2StreamID.swift
[1939/1987] Compiling NIOHTTP2 HTTP2ChannelHandler+InlineStreamMultiplexer.swift
[1940/1987] Compiling NIOHTTP2 HTTP2ChannelHandler.swift
[1941/1987] Compiling NIOHTTP2 HTTP2CommonInboundStreamMultiplexer.swift
[1942/1987] Compiling NIOHTTP2 HTTP2ConnectionStateChange.swift
[1943/1987] Compiling NIOHTTP2 HTTP2Error.swift
[1944/1987] Compiling NIOHTTP2 HTTP2ErrorCode.swift
[1945/1987] Compiling NIOHTTP2 HTTP2FlowControlWindow.swift
[1946/1987] Compiling NIOHTTP2 HTTP2Frame.swift
[1947/1987] Compiling NIOHTTP2 HTTP2FrameEncoder.swift
[1948/1988] Wrapping AST for NIOHTTP2 for debugging
[1950/2052] Emitting module AsyncHTTPClient
[1951/2060] Compiling AsyncHTTPClient HTTPClientResponse.swift
[1952/2060] Compiling AsyncHTTPClient SingleIteratorPrecondition.swift
[1953/2060] Compiling AsyncHTTPClient Transaction+StateMachine.swift
[1954/2060] Compiling AsyncHTTPClient Transaction.swift
[1955/2060] Compiling AsyncHTTPClient Base64.swift
[1956/2060] Compiling AsyncHTTPClient BasicAuth.swift
[1957/2060] Compiling AsyncHTTPClient BestEffortHashableTLSConfiguration.swift
[1958/2060] Compiling AsyncHTTPClient Configuration+BrowserLike.swift
[1959/2060] Compiling AsyncHTTPClient ConnectionPool.swift
[1960/2060] Compiling AsyncHTTPClient AnyAsyncSequence.swift
[1961/2060] Compiling AsyncHTTPClient AnyAsyncSequenceProucerDelete.swift
[1962/2060] Compiling AsyncHTTPClient AsyncLazySequence.swift
[1963/2060] Compiling AsyncHTTPClient HTTPClient+execute.swift
[1964/2060] Compiling AsyncHTTPClient HTTPClient+shutdown.swift
[1965/2060] Compiling AsyncHTTPClient HTTPClient+tracing.swift
[1966/2060] Compiling AsyncHTTPClient HTTPClientRequest+Prepared.swift
[1967/2060] Compiling AsyncHTTPClient HTTPClientRequest+auth.swift
[1968/2060] Compiling AsyncHTTPClient HTTPClientRequest.swift
[1969/2060] Compiling AsyncHTTPClient HTTP1ProxyConnectHandler.swift
[1970/2060] Compiling AsyncHTTPClient SOCKSEventsHandler.swift
[1971/2060] Compiling AsyncHTTPClient TLSEventsHandler.swift
[1972/2060] Compiling AsyncHTTPClient HTTP1ClientChannelHandler.swift
[1973/2060] Compiling AsyncHTTPClient HTTP1Connection.swift
[1974/2060] Compiling AsyncHTTPClient HTTP1ConnectionStateMachine.swift
[1975/2060] Compiling AsyncHTTPClient HTTP2ClientRequestHandler.swift
[1976/2060] Compiling AsyncHTTPClient HTTP2Connection.swift
[1977/2060] Compiling AsyncHTTPClient HTTP2IdleHandler.swift
[1978/2060] Compiling AsyncHTTPClient RequestValidation.swift
[1979/2060] Compiling AsyncHTTPClient SSLContextCache.swift
[1980/2060] Compiling AsyncHTTPClient Scheme.swift
[1981/2060] Compiling AsyncHTTPClient Singleton.swift
[1982/2060] Compiling AsyncHTTPClient StringConvertibleInstances.swift
[1983/2060] Compiling AsyncHTTPClient StructuredConcurrencyHelpers.swift
[1984/2060] Compiling AsyncHTTPClient TracingSupport.swift
[1985/2060] Compiling AsyncHTTPClient Utils.swift
[1986/2060] Compiling AsyncHTTPClient HTTPConnectionEvent.swift
[1987/2060] Compiling AsyncHTTPClient HTTPConnectionPool+Factory.swift
[1988/2060] Compiling AsyncHTTPClient HTTPConnectionPool+Manager.swift
[1989/2060] Compiling AsyncHTTPClient HTTPConnectionPool.swift
[1990/2060] Compiling AsyncHTTPClient HTTPExecutableRequest.swift
[1991/2060] Compiling AsyncHTTPClient HTTPRequestStateMachine+Demand.swift
[1992/2060] Compiling AsyncHTTPClient HTTPRequestStateMachine.swift
[1993/2060] Compiling AsyncHTTPClient RequestBodyLength.swift
[1994/2060] Compiling AsyncHTTPClient RequestFramingMetadata.swift
[1995/2060] Compiling AsyncHTTPClient LRUCache.swift
[1996/2060] Compiling AsyncHTTPClient NIOLoopBound+Execute.swift
[1997/2060] Compiling AsyncHTTPClient NWErrorHandler.swift
[1998/2060] Compiling AsyncHTTPClient NWWaitingHandler.swift
[1999/2060] Compiling AsyncHTTPClient TLSConfiguration.swift
[2000/2060] Compiling AsyncHTTPClient RedirectState.swift
[2001/2060] Compiling AsyncHTTPClient RequestBag+StateMachine.swift
[2002/2060] Compiling AsyncHTTPClient RequestBag+Tracing.swift
[2003/2060] Compiling AsyncHTTPClient RequestBag.swift
[2004/2060] Compiling AsyncHTTPClient DeconstructedURL.swift
[2005/2060] Compiling AsyncHTTPClient FileDownloadDelegate.swift
[2006/2060] Compiling AsyncHTTPClient FoundationExtensions.swift
[2007/2060] Compiling AsyncHTTPClient HTTPClient+HTTPCookie.swift
[2008/2060] Compiling AsyncHTTPClient HTTPClient+Proxy.swift
[2009/2060] Compiling AsyncHTTPClient HTTPClient+StructuredConcurrency.swift
[2010/2060] Compiling AsyncHTTPClient HTTPClient.swift
[2011/2060] Compiling AsyncHTTPClient HTTPClientConfiguration+SwiftConfiguration.swift
[2012/2060] Compiling AsyncHTTPClient HTTPHandler.swift
[2013/2060] Compiling AsyncHTTPClient RequestOptions.swift
[2014/2060] Compiling AsyncHTTPClient HTTPConnectionPool+Backoff.swift
[2015/2060] Compiling AsyncHTTPClient HTTPConnectionPool+HTTP1Connections.swift
[2016/2060] Compiling AsyncHTTPClient HTTPConnectionPool+HTTP1StateMachine.swift
[2017/2060] Compiling AsyncHTTPClient HTTPConnectionPool+HTTP2Connections.swift
[2018/2060] Compiling AsyncHTTPClient HTTPConnectionPool+HTTP2StateMachine.swift
[2019/2060] Compiling AsyncHTTPClient HTTPConnectionPool+RequestQueue.swift
[2020/2060] Compiling AsyncHTTPClient HTTPConnectionPool+StateMachine.swift
[2021/2060] Compiling AsyncHTTPClient ConnectionTarget.swift
[2022/2061] Wrapping AST for AsyncHTTPClient for debugging
[2024/2084] Compiling GoogleAuth AnonymousCredentials.swift
[2025/2084] Compiling GoogleAuth ApiKeyCredentials.swift
[2026/2084] Compiling GoogleAuth ExternalAccountCredentials.swift
[2027/2084] Compiling GoogleAuth SubjectTokenProvider.swift
[2028/2084] Compiling GoogleAuth MDSAccessTokenProvider.swift
[2029/2084] Compiling GoogleAuth MDSCredentials.swift
[2030/2087] Compiling GoogleAuth UserAccountData.swift
[2031/2087] Compiling GoogleAuth UserAccountTokenProvider.swift
[2032/2087] Compiling GoogleAuth UserCredentials.swift
[2033/2087] Emitting module GoogleAuth
[2034/2087] Compiling GoogleAuth ADC.swift
[2035/2087] Compiling GoogleAuth ADCPath.swift
[2036/2087] Compiling GoogleAuth ADCResolver.swift
[2037/2087] Compiling GoogleAuth AuthHeaders.swift
[2038/2087] Compiling GoogleAuth CredentialParserRegistry.swift
[2039/2087] Compiling GoogleAuth Credentials.swift
[2040/2087] Compiling GoogleAuth CredentialsError.swift
[2041/2087] Compiling GoogleAuth AuthHTTPClient.swift
[2042/2087] Compiling GoogleAuth AuthHTTPError.swift
[2043/2087] Compiling GoogleAuth RetryEngine.swift
[2044/2087] Compiling GoogleAuth ServiceAccountCredentials.swift
[2045/2087] Compiling GoogleAuth ServiceAccountData.swift
[2046/2087] Compiling GoogleAuth ServiceAccountTokenProvider.swift
[2047/2087] Compiling GoogleAuth STSHandler.swift
[2048/2087] Compiling GoogleAuth TokenCache.swift
[2049/2087] Compiling GoogleAuth PackageVersion.swift
[2050/2088] Wrapping AST for GoogleAuth for debugging
[2052/2146] Compiling GoogleGax Pagination.swift
/host/spi-builder-workspace/.build/checkouts/swift-google-gax/Sources/GoogleGax/Pagination.swift:44:22: error: cannot convert '@Sendable (String) async throws -> (response: ResponseType, items: [Item], nextToken: String)' to 'nonisolated(nonsending) @Sendable (String) async throws -> (response: ResponseType, items: [Item], nextToken: String)' because crossing of an isolation boundary requires parameter and result types to conform to 'Sendable' protocol
42 | ) where ResponseType: _PaginatedResponse<Item> {
43 | self.initialPageToken = initialPageToken ?? ""
44 | self.fetchPage = { token in
| |- error: cannot convert '@Sendable (String) async throws -> (response: ResponseType, items: [Item], nextToken: String)' to 'nonisolated(nonsending) @Sendable (String) async throws -> (response: ResponseType, items: [Item], nextToken: String)' because crossing of an isolation boundary requires parameter and result types to conform to 'Sendable' protocol
| `- note: type 'Item' does not conform to 'Sendable' protocol
45 | let response = try await listRpc(token)
46 | return (response, response._getPaginatedItems(), response._nextPageToken())
[2053/2146] Compiling GoogleGax PollingBackoffPolicy.swift
/host/spi-builder-workspace/.build/checkouts/swift-google-gax/Sources/GoogleGax/Pagination.swift:44:22: error: cannot convert '@Sendable (String) async throws -> (response: ResponseType, items: [Item], nextToken: String)' to 'nonisolated(nonsending) @Sendable (String) async throws -> (response: ResponseType, items: [Item], nextToken: String)' because crossing of an isolation boundary requires parameter and result types to conform to 'Sendable' protocol
42 | ) where ResponseType: _PaginatedResponse<Item> {
43 | self.initialPageToken = initialPageToken ?? ""
44 | self.fetchPage = { token in
| |- error: cannot convert '@Sendable (String) async throws -> (response: ResponseType, items: [Item], nextToken: String)' to 'nonisolated(nonsending) @Sendable (String) async throws -> (response: ResponseType, items: [Item], nextToken: String)' because crossing of an isolation boundary requires parameter and result types to conform to 'Sendable' protocol
| `- note: type 'Item' does not conform to 'Sendable' protocol
45 | let response = try await listRpc(token)
46 | return (response, response._getPaginatedItems(), response._nextPageToken())
[2054/2146] Compiling GoogleGax PollingErrorPolicy.swift
/host/spi-builder-workspace/.build/checkouts/swift-google-gax/Sources/GoogleGax/Pagination.swift:44:22: error: cannot convert '@Sendable (String) async throws -> (response: ResponseType, items: [Item], nextToken: String)' to 'nonisolated(nonsending) @Sendable (String) async throws -> (response: ResponseType, items: [Item], nextToken: String)' because crossing of an isolation boundary requires parameter and result types to conform to 'Sendable' protocol
42 | ) where ResponseType: _PaginatedResponse<Item> {
43 | self.initialPageToken = initialPageToken ?? ""
44 | self.fetchPage = { token in
| |- error: cannot convert '@Sendable (String) async throws -> (response: ResponseType, items: [Item], nextToken: String)' to 'nonisolated(nonsending) @Sendable (String) async throws -> (response: ResponseType, items: [Item], nextToken: String)' because crossing of an isolation boundary requires parameter and result types to conform to 'Sendable' protocol
| `- note: type 'Item' does not conform to 'Sendable' protocol
45 | let response = try await listRpc(token)
46 | return (response, response._getPaginatedItems(), response._nextPageToken())
[2055/2146] Compiling GoogleGax PollingResult.swift
/host/spi-builder-workspace/.build/checkouts/swift-google-gax/Sources/GoogleGax/Pagination.swift:44:22: error: cannot convert '@Sendable (String) async throws -> (response: ResponseType, items: [Item], nextToken: String)' to 'nonisolated(nonsending) @Sendable (String) async throws -> (response: ResponseType, items: [Item], nextToken: String)' because crossing of an isolation boundary requires parameter and result types to conform to 'Sendable' protocol
42 | ) where ResponseType: _PaginatedResponse<Item> {
43 | self.initialPageToken = initialPageToken ?? ""
44 | self.fetchPage = { token in
| |- error: cannot convert '@Sendable (String) async throws -> (response: ResponseType, items: [Item], nextToken: String)' to 'nonisolated(nonsending) @Sendable (String) async throws -> (response: ResponseType, items: [Item], nextToken: String)' because crossing of an isolation boundary requires parameter and result types to conform to 'Sendable' protocol
| `- note: type 'Item' does not conform to 'Sendable' protocol
45 | let response = try await listRpc(token)
46 | return (response, response._getPaginatedItems(), response._nextPageToken())
[2056/2146] Compiling GoogleGax PollingState.swift
/host/spi-builder-workspace/.build/checkouts/swift-google-gax/Sources/GoogleGax/Pagination.swift:44:22: error: cannot convert '@Sendable (String) async throws -> (response: ResponseType, items: [Item], nextToken: String)' to 'nonisolated(nonsending) @Sendable (String) async throws -> (response: ResponseType, items: [Item], nextToken: String)' because crossing of an isolation boundary requires parameter and result types to conform to 'Sendable' protocol
42 | ) where ResponseType: _PaginatedResponse<Item> {
43 | self.initialPageToken = initialPageToken ?? ""
44 | self.fetchPage = { token in
| |- error: cannot convert '@Sendable (String) async throws -> (response: ResponseType, items: [Item], nextToken: String)' to 'nonisolated(nonsending) @Sendable (String) async throws -> (response: ResponseType, items: [Item], nextToken: String)' because crossing of an isolation boundary requires parameter and result types to conform to 'Sendable' protocol
| `- note: type 'Item' does not conform to 'Sendable' protocol
45 | let response = try await listRpc(token)
46 | return (response, response._getPaginatedItems(), response._nextPageToken())
[2057/2146] Compiling GoogleGax ProtobufConversionError.swift
/host/spi-builder-workspace/.build/checkouts/swift-google-gax/Sources/GoogleGax/Pagination.swift:44:22: error: cannot convert '@Sendable (String) async throws -> (response: ResponseType, items: [Item], nextToken: String)' to 'nonisolated(nonsending) @Sendable (String) async throws -> (response: ResponseType, items: [Item], nextToken: String)' because crossing of an isolation boundary requires parameter and result types to conform to 'Sendable' protocol
42 | ) where ResponseType: _PaginatedResponse<Item> {
43 | self.initialPageToken = initialPageToken ?? ""
44 | self.fetchPage = { token in
| |- error: cannot convert '@Sendable (String) async throws -> (response: ResponseType, items: [Item], nextToken: String)' to 'nonisolated(nonsending) @Sendable (String) async throws -> (response: ResponseType, items: [Item], nextToken: String)' because crossing of an isolation boundary requires parameter and result types to conform to 'Sendable' protocol
| `- note: type 'Item' does not conform to 'Sendable' protocol
45 | let response = try await listRpc(token)
46 | return (response, response._getPaginatedItems(), response._nextPageToken())
[2058/2146] Compiling GoogleGax QueryParameter.swift
/host/spi-builder-workspace/.build/checkouts/swift-google-gax/Sources/GoogleGax/Pagination.swift:44:22: error: cannot convert '@Sendable (String) async throws -> (response: ResponseType, items: [Item], nextToken: String)' to 'nonisolated(nonsending) @Sendable (String) async throws -> (response: ResponseType, items: [Item], nextToken: String)' because crossing of an isolation boundary requires parameter and result types to conform to 'Sendable' protocol
42 | ) where ResponseType: _PaginatedResponse<Item> {
43 | self.initialPageToken = initialPageToken ?? ""
44 | self.fetchPage = { token in
| |- error: cannot convert '@Sendable (String) async throws -> (response: ResponseType, items: [Item], nextToken: String)' to 'nonisolated(nonsending) @Sendable (String) async throws -> (response: ResponseType, items: [Item], nextToken: String)' because crossing of an isolation boundary requires parameter and result types to conform to 'Sendable' protocol
| `- note: type 'Item' does not conform to 'Sendable' protocol
45 | let response = try await listRpc(token)
46 | return (response, response._getPaginatedItems(), response._nextPageToken())
[2059/2146] Compiling GoogleGax RequestError.swift
/host/spi-builder-workspace/.build/checkouts/swift-google-gax/Sources/GoogleGax/Pagination.swift:44:22: error: cannot convert '@Sendable (String) async throws -> (response: ResponseType, items: [Item], nextToken: String)' to 'nonisolated(nonsending) @Sendable (String) async throws -> (response: ResponseType, items: [Item], nextToken: String)' because crossing of an isolation boundary requires parameter and result types to conform to 'Sendable' protocol
42 | ) where ResponseType: _PaginatedResponse<Item> {
43 | self.initialPageToken = initialPageToken ?? ""
44 | self.fetchPage = { token in
| |- error: cannot convert '@Sendable (String) async throws -> (response: ResponseType, items: [Item], nextToken: String)' to 'nonisolated(nonsending) @Sendable (String) async throws -> (response: ResponseType, items: [Item], nextToken: String)' because crossing of an isolation boundary requires parameter and result types to conform to 'Sendable' protocol
| `- note: type 'Item' does not conform to 'Sendable' protocol
45 | let response = try await listRpc(token)
46 | return (response, response._getPaginatedItems(), response._nextPageToken())
[2060/2154] Compiling GoogleGax AIP194+PollingErrorPolicy.swift
[2061/2154] Compiling GoogleGax AIP194+RetryPolicy.swift
[2062/2154] Compiling GoogleGax AIP194.swift
[2063/2154] Compiling GoogleGax AdaptiveThrottler.swift
[2064/2154] Compiling GoogleGax AlwaysPoll.swift
[2065/2154] Compiling GoogleGax AlwaysRetry.swift
[2066/2154] Compiling GoogleGax ApiClientHeader.swift
[2067/2154] Compiling GoogleGax BackoffPolicy.swift
[2068/2154] Compiling GoogleGax BasePollingErrorPolicy.swift
[2069/2154] Compiling GoogleGax LimitedAttemptCount+PollingErrorPolicy.swift
[2070/2154] Compiling GoogleGax LimitedAttemptCount+RetryPolicy.swift
[2071/2154] Compiling GoogleGax LimitedAttemptCount.swift
[2072/2154] Compiling GoogleGax LimitedElapsedTime+PollingErrorPolicy.swift
[2073/2154] Compiling GoogleGax LimitedElapsedTime+RetryPolicy.swift
[2074/2154] Compiling GoogleGax LimitedElapsedTime.swift
[2075/2154] Compiling GoogleGax LongRunningOperations.swift
[2076/2154] Compiling GoogleGax NeverRetry.swift
[2077/2154] Emitting module GoogleGax
[2078/2154] Compiling GoogleGax RequestOptions.swift
[2079/2154] Compiling GoogleGax RetryLoop.swift
[2080/2154] Compiling GoogleGax RetryPolicy.swift
[2081/2154] Compiling GoogleGax RetryResult.swift
[2082/2154] Compiling GoogleGax RetryState.swift
[2083/2154] Compiling GoogleGax RetryThrottler.swift
[2084/2154] Compiling GoogleGax RetryThrottlerError.swift
[2085/2154] Compiling GoogleGax RoutingMatcher.swift
[2086/2154] Compiling GoogleGax ContinueOnIO.swift
[2087/2154] Compiling GoogleGax CredentialsProtocol.swift
[2088/2154] Compiling GoogleGax ErrorWrapper.swift
[2089/2154] Compiling GoogleGax ExponentialBackoff+BackoffPolicy.swift
[2090/2154] Compiling GoogleGax ExponentialBackoff+PollingBackoffPolicy.swift
[2091/2154] Compiling GoogleGax ExponentialBackoff.swift
[2092/2154] Compiling GoogleGax HTTPClient.swift
[2093/2154] Compiling GoogleGax HTTPClientHolder.swift
[2094/2154] Compiling GoogleGax BaseRetryPolicy.swift
[2095/2154] Compiling GoogleGax BindingError.swift
[2096/2154] Compiling GoogleGax CRC32C.swift
[2097/2154] Compiling GoogleGax CircuitBreaker.swift
[2098/2154] Compiling GoogleGax ClientError.swift
[2099/2154] Compiling GoogleGax ClientOptions.swift
[2100/2154] Compiling GoogleGax ContinueOnIO+PollingErrorPolicy.swift
[2101/2154] Compiling GoogleGax ContinueOnIO+RetryPolicy.swift
[2102/2154] Compiling GoogleGax ServiceError.swift
[2103/2154] Compiling GoogleGax StatusDetail.swift
[2104/2154] Compiling GoogleGax StrictIdempotency.swift
[2105/2154] Compiling GoogleGax ThrottleResult.swift
[2106/2154] Compiling GoogleGax TooManyRequests+PollingErrorPolicy.swift
[2107/2154] Compiling GoogleGax TooManyRequests+RetryPolicy.swift
[2108/2154] Compiling GoogleGax TooManyRequests.swift
[2109/2154] Compiling GoogleGax PackageVersion.swift
[2110/2154] Compiling GoogleGax HTTPClientProtocol.swift
[2111/2154] Compiling GoogleGax HTTPClientRequest.swift
[2112/2154] Compiling GoogleGax HTTPClientResponse.swift
[2113/2154] Compiling GoogleGax HTTPHeaders.swift
[2114/2154] Compiling GoogleGax HTTPResponseBody.swift
[2115/2154] Compiling GoogleGax HeaderNames.swift
[2116/2154] Compiling GoogleGax Host.swift
[2117/2154] Compiling GoogleGax InProgressResult.swift
BUILD FAILURE 6.2 android