Build Information
Failed to build PageSheet, reference 1.2.5 (3a2dd5), with Swift 6.4 for macOS (Xcode) using Xcode 27.0 on 18 Sep 2026 03:41:33 UTC.
Build Command
env DEVELOPER_DIR=/Applications/Xcode-27.0.0-Release.Candidate.app xcrun xcodebuild -IDEClonedSourcePackagesDirPathOverride=$PWD/.dependencies -skipMacroValidation -skipPackagePluginValidation -derivedDataPath $PWD/.derivedData build -scheme PageSheet-Package -destination platform=macOS,arch=arm64Build Log
========================================
RunAll
========================================
Builder version: 5.1.0
Interrupt handler set up.
========================================
Checkout
========================================
Clone URL: https://github.com/ericlewis/PageSheet.git
Reference: 1.2.5
Initialized empty Git repository in /Users/admin/builder/spi-builder-workspace/.git/
From https://github.com/ericlewis/PageSheet
* tag 1.2.5 -> FETCH_HEAD
HEAD is now at 3a2dd57 chore: internal organization
Cloned https://github.com/ericlewis/PageSheet.git
Revision (git rev-parse @):
3a2dd57c136ab173d7bc3baea78fc07454762375
SUCCESS checkout https://github.com/ericlewis/PageSheet.git at 1.2.5
========================================
Build
========================================
Selected platform: macosXcodebuild
Swift version: 6.4
Building package at path: $PWD
https://github.com/ericlewis/PageSheet.git
Command line invocation:
/Applications/Xcode-27.0.0-Release.Candidate.app/Contents/Developer/usr/bin/xcodebuild -IDEClonedSourcePackagesDirPathOverride=/Users/admin/builder/spi-builder-workspace/.dependencies -resolvePackageDependencies
Resolve Package Graph
Fetching from https://github.com/ericlewis/ViewModifierBuilder
Creating working copy of package ‘ViewModifierBuilder’
Checking out 0.9.0 of package ‘ViewModifierBuilder’
Resolve Package Graph
Resolved source packages:
PageSheet: /Users/admin/builder/spi-builder-workspace
ViewModifierBuilder: https://github.com/ericlewis/ViewModifierBuilder @ 0.9.0
resolved source packages: PageSheet, ViewModifierBuilder
2026-09-17 23:40:37.629 xcodebuild[525:3010] [MT] IDERunDestination: Supported platforms for the buildables in the current scheme is empty.
{
"dependencies" : [
{
"identity" : "viewmodifierbuilder",
"requirement" : {
"range" : [
{
"lower_bound" : "0.1.0",
"upper_bound" : "1.0.0"
}
]
},
"type" : "sourceControl",
"url" : "https://github.com/ericlewis/ViewModifierBuilder"
}
],
"manifest_display_name" : "PageSheet",
"name" : "PageSheet",
"path" : "/Users/admin/builder/spi-builder-workspace",
"platforms" : [
{
"name" : "ios",
"version" : "15.0"
}
],
"products" : [
{
"name" : "PageSheet",
"targets" : [
"PageSheet"
],
"type" : {
"library" : [
"automatic"
]
}
},
{
"name" : "PageSheetCore",
"targets" : [
"PageSheetCore"
],
"type" : {
"library" : [
"automatic"
]
}
},
{
"name" : "PageSheetPlus",
"targets" : [
"PageSheetPlus"
],
"type" : {
"library" : [
"automatic"
]
}
}
],
"targets" : [
{
"c99name" : "PageSheetPlus",
"module_type" : "SwiftTarget",
"name" : "PageSheetPlus",
"path" : "Sources/PageSheetPlus",
"product_dependencies" : [
"ViewModifierBuilder"
],
"product_memberships" : [
"PageSheet",
"PageSheetPlus"
],
"sources" : [
"ViewModifierBuilder+PageSheet.swift"
],
"target_dependencies" : [
"PageSheetCore"
],
"type" : "library"
},
{
"c99name" : "PageSheetCore",
"module_type" : "SwiftTarget",
"name" : "PageSheetCore",
"path" : "Sources/PageSheetCore",
"product_memberships" : [
"PageSheet",
"PageSheetCore",
"PageSheetPlus"
],
"sources" : [
"EnvironmentValues+PageSheet.swift",
"PageSheet.swift",
"PageSheetView.swift",
"View+PageSheet.swift"
],
"type" : "library"
},
{
"c99name" : "PageSheet",
"module_type" : "SwiftTarget",
"name" : "PageSheet",
"path" : "Sources/PageSheet",
"product_memberships" : [
"PageSheet"
],
"sources" : [
"combined.swift"
],
"target_dependencies" : [
"PageSheetPlus"
],
"type" : "library"
}
],
"tools_version" : "5.5"
}
{
"workspace" : {
"name" : "PageSheet",
"schemes" : [
"PageSheet",
"PageSheet-Package",
"PageSheetCore",
"PageSheetPlus"
]
}
}
2026-09-17 23:41:18.583 xcodebuild[680:4265] [MT] IDERunDestination: Supported platforms for the buildables in the current scheme is empty.
Running build ...
env DEVELOPER_DIR=/Applications/Xcode-27.0.0-Release.Candidate.app xcrun xcodebuild -IDEClonedSourcePackagesDirPathOverride=$PWD/.dependencies -skipMacroValidation -skipPackagePluginValidation -derivedDataPath $PWD/.derivedData build -scheme PageSheet-Package -destination platform=macOS,arch=arm64
Command line invocation:
/Applications/Xcode-27.0.0-Release.Candidate.app/Contents/Developer/usr/bin/xcodebuild -IDEClonedSourcePackagesDirPathOverride=/Users/admin/builder/spi-builder-workspace/.dependencies -skipMacroValidation -skipPackagePluginValidation -derivedDataPath /Users/admin/builder/spi-builder-workspace/.derivedData build -scheme PageSheet-Package -destination platform=macOS,arch=arm64
Resolve Package Graph
Resolve Package Graph
Resolved source packages:
ViewModifierBuilder: https://github.com/ericlewis/ViewModifierBuilder @ 0.9.0
PageSheet: /Users/admin/builder/spi-builder-workspace
ComputePackagePrebuildTargetDependencyGraph
Prepare packages
CreateBuildRequest
SendProjectDescription
CreateBuildOperation
ComputeTargetDependencyGraph
note: Building targets in dependency order
note: Target dependency graph (8 targets)
Target 'PageSheetPlus-product' in project 'PageSheet'
➜ Explicit dependency on target 'PageSheetPlus' in project 'PageSheet'
➜ Explicit dependency on target 'PageSheetCore' in project 'PageSheet'
➜ Explicit dependency on target 'ViewModifierBuilder-product' in project 'ViewModifierBuilder'
Target 'PageSheetCore-product' in project 'PageSheet'
➜ Explicit dependency on target 'PageSheetCore' in project 'PageSheet'
Target 'PageSheet-product' in project 'PageSheet'
➜ Explicit dependency on target 'PageSheet' in project 'PageSheet'
➜ Explicit dependency on target 'PageSheetCore' in project 'PageSheet'
➜ Explicit dependency on target 'PageSheetPlus' in project 'PageSheet'
➜ Explicit dependency on target 'ViewModifierBuilder-product' in project 'ViewModifierBuilder'
Target 'PageSheet' in project 'PageSheet'
➜ Explicit dependency on target 'PageSheetCore' in project 'PageSheet'
➜ Explicit dependency on target 'PageSheetPlus' in project 'PageSheet'
➜ Explicit dependency on target 'ViewModifierBuilder-product' in project 'ViewModifierBuilder'
Target 'PageSheetPlus' in project 'PageSheet'
➜ Explicit dependency on target 'PageSheetCore' in project 'PageSheet'
➜ Explicit dependency on target 'ViewModifierBuilder-product' in project 'ViewModifierBuilder'
Target 'ViewModifierBuilder-product' in project 'ViewModifierBuilder'
➜ Explicit dependency on target 'ViewModifierBuilder' in project 'ViewModifierBuilder'
Target 'ViewModifierBuilder' in project 'ViewModifierBuilder' (no dependencies)
Target 'PageSheetCore' in project 'PageSheet' (no dependencies)
GatherProvisioningInputs
CreateBuildDescription
ExecuteExternalTool /Applications/Xcode-27.0.0-Release.Candidate.app/Contents/Developer/Toolchains/XcodeDefault.xctoolchain/usr/bin/swiftc --version
ExecuteExternalTool /Applications/Xcode-27.0.0-Release.Candidate.app/Contents/Developer/Toolchains/XcodeDefault.xctoolchain/usr/bin/clang -v -E -dM -isysroot /Applications/Xcode-27.0.0-Release.Candidate.app/Contents/Developer/Platforms/MacOSX.platform/Developer/SDKs/MacOSX27.0.sdk -x c -c /dev/null
ExecuteExternalTool /Applications/Xcode-27.0.0-Release.Candidate.app/Contents/Developer/Toolchains/XcodeDefault.xctoolchain/usr/bin/ld -version_details
ReadFileContents /Applications/Xcode-27.0.0-Release.Candidate.app/Contents/Developer/Toolchains/XcodeDefault.xctoolchain/usr/share/docc/features.json
Build description signature: 4c63345b95e4f05c817a4a7c211956d9
Build description path: /Users/admin/builder/spi-builder-workspace/.derivedData/Build/Intermediates.noindex/XCBuildData/4c63345b95e4f05c817a4a7c211956d9.xcbuilddata
CreateBuildDirectory /Users/admin/builder/spi-builder-workspace/.derivedData/ModuleCache.noindex
cd /Users/admin/builder/spi-builder-workspace/.swiftpm/xcode
builtin-create-build-directory /Users/admin/builder/spi-builder-workspace/.derivedData/ModuleCache.noindex
CreateBuildDirectory /Users/admin/builder/spi-builder-workspace/.derivedData/CompilationCache.noindex
cd /Users/admin/builder/spi-builder-workspace/.swiftpm/xcode
builtin-create-build-directory /Users/admin/builder/spi-builder-workspace/.derivedData/CompilationCache.noindex
CreateBuildDirectory /Users/admin/builder/spi-builder-workspace/.derivedData/SDKExplicitPrecompiledModules
cd /Users/admin/builder/spi-builder-workspace/.swiftpm/xcode
builtin-create-build-directory /Users/admin/builder/spi-builder-workspace/.derivedData/SDKExplicitPrecompiledModules
CreateBuildDirectory /Users/admin/builder/spi-builder-workspace/.derivedData/Build/Intermediates.noindex
cd /Users/admin/builder/spi-builder-workspace/.swiftpm/xcode
builtin-create-build-directory /Users/admin/builder/spi-builder-workspace/.derivedData/Build/Intermediates.noindex
CreateBuildDirectory /Users/admin/builder/spi-builder-workspace/.derivedData/Build/Products
cd /Users/admin/builder/spi-builder-workspace/.swiftpm/xcode
builtin-create-build-directory /Users/admin/builder/spi-builder-workspace/.derivedData/Build/Products
ClangStatCache /Applications/Xcode-27.0.0-Release.Candidate.app/Contents/Developer/Toolchains/XcodeDefault.xctoolchain/usr/bin/clang-stat-cache /Applications/Xcode-27.0.0-Release.Candidate.app/Contents/Developer/Platforms/MacOSX.platform/Developer/SDKs/MacOSX27.0.sdk /Users/admin/builder/spi-builder-workspace/.derivedData/SDKStatCaches.noindex/macosx27.0-26A425-e829b21a6f8c9b70876ba0858053c0446a22442a12e9d48fe1a705f55a1adfc4.sdkstatcache
cd /Users/admin/builder/spi-builder-workspace/.swiftpm/xcode
/Applications/Xcode-27.0.0-Release.Candidate.app/Contents/Developer/Toolchains/XcodeDefault.xctoolchain/usr/bin/clang-stat-cache /Applications/Xcode-27.0.0-Release.Candidate.app/Contents/Developer/Platforms/MacOSX.platform/Developer/SDKs/MacOSX27.0.sdk -o /Users/admin/builder/spi-builder-workspace/.derivedData/SDKStatCaches.noindex/macosx27.0-26A425-e829b21a6f8c9b70876ba0858053c0446a22442a12e9d48fe1a705f55a1adfc4.sdkstatcache
CreateBuildDirectory /Users/admin/builder/spi-builder-workspace/.derivedData/Build/Intermediates.noindex/SwiftExplicitPrecompiledModules
cd /Users/admin/builder/spi-builder-workspace/.swiftpm/xcode
builtin-create-build-directory /Users/admin/builder/spi-builder-workspace/.derivedData/Build/Intermediates.noindex/SwiftExplicitPrecompiledModules
CreateBuildDirectory /Users/admin/builder/spi-builder-workspace/.derivedData/Build/Intermediates.noindex/ExplicitPrecompiledModules
cd /Users/admin/builder/spi-builder-workspace/.swiftpm/xcode
builtin-create-build-directory /Users/admin/builder/spi-builder-workspace/.derivedData/Build/Intermediates.noindex/ExplicitPrecompiledModules
CreateBuildDirectory /Users/admin/builder/spi-builder-workspace/.derivedData/Build/Intermediates.noindex/PrecompiledHeaders
cd /Users/admin/builder/spi-builder-workspace/.swiftpm/xcode
builtin-create-build-directory /Users/admin/builder/spi-builder-workspace/.derivedData/Build/Intermediates.noindex/PrecompiledHeaders
CreateBuildDirectory /Users/admin/builder/spi-builder-workspace/.derivedData/Build/Intermediates.noindex/EagerLinkingTBDs/Debug
cd /Users/admin/builder/spi-builder-workspace/.swiftpm/xcode
builtin-create-build-directory /Users/admin/builder/spi-builder-workspace/.derivedData/Build/Intermediates.noindex/EagerLinkingTBDs/Debug
CreateBuildDirectory /Users/admin/builder/spi-builder-workspace/.derivedData/Build/Products/Debug
cd /Users/admin/builder/spi-builder-workspace/.swiftpm/xcode
builtin-create-build-directory /Users/admin/builder/spi-builder-workspace/.derivedData/Build/Products/Debug
CreateBuildDirectory /Users/admin/builder/spi-builder-workspace/.derivedData/Build/Products/Debug/PackageFrameworks
cd /Users/admin/builder/spi-builder-workspace/.swiftpm/xcode
builtin-create-build-directory /Users/admin/builder/spi-builder-workspace/.derivedData/Build/Products/Debug/PackageFrameworks
WriteAuxiliaryFile /Users/admin/builder/spi-builder-workspace/.derivedData/Build/Intermediates.noindex/ViewModifierBuilder.build/Debug/ViewModifierBuilder-t.build/ViewModifierBuilder.DependencyStaticMetadataFileList (in target 'ViewModifierBuilder' from project 'ViewModifierBuilder')
cd /Users/admin/builder/spi-builder-workspace/.dependencies/checkouts/ViewModifierBuilder
write-file /Users/admin/builder/spi-builder-workspace/.derivedData/Build/Intermediates.noindex/ViewModifierBuilder.build/Debug/ViewModifierBuilder-t.build/ViewModifierBuilder.DependencyStaticMetadataFileList
WriteAuxiliaryFile /Users/admin/builder/spi-builder-workspace/.derivedData/Build/Intermediates.noindex/ViewModifierBuilder.build/Debug/ViewModifierBuilder-t.build/ViewModifierBuilder.modulemap (in target 'ViewModifierBuilder' from project 'ViewModifierBuilder')
cd /Users/admin/builder/spi-builder-workspace/.dependencies/checkouts/ViewModifierBuilder
write-file /Users/admin/builder/spi-builder-workspace/.derivedData/Build/Intermediates.noindex/ViewModifierBuilder.build/Debug/ViewModifierBuilder-t.build/ViewModifierBuilder.modulemap
WriteAuxiliaryFile /Users/admin/builder/spi-builder-workspace/.derivedData/Build/Intermediates.noindex/ViewModifierBuilder.build/Debug/ViewModifierBuilder-t.build/ViewModifierBuilder.DependencyMetadataFileList (in target 'ViewModifierBuilder' from project 'ViewModifierBuilder')
cd /Users/admin/builder/spi-builder-workspace/.dependencies/checkouts/ViewModifierBuilder
write-file /Users/admin/builder/spi-builder-workspace/.derivedData/Build/Intermediates.noindex/ViewModifierBuilder.build/Debug/ViewModifierBuilder-t.build/ViewModifierBuilder.DependencyMetadataFileList
WriteAuxiliaryFile /Users/admin/builder/spi-builder-workspace/.derivedData/Build/Intermediates.noindex/ViewModifierBuilder.build/Debug/ViewModifierBuilder-t.build/Objects-normal/arm64/ViewModifierBuilder.LinkFileList (in target 'ViewModifierBuilder' from project 'ViewModifierBuilder')
cd /Users/admin/builder/spi-builder-workspace/.dependencies/checkouts/ViewModifierBuilder
write-file /Users/admin/builder/spi-builder-workspace/.derivedData/Build/Intermediates.noindex/ViewModifierBuilder.build/Debug/ViewModifierBuilder-t.build/Objects-normal/arm64/ViewModifierBuilder.LinkFileList
WriteAuxiliaryFile /Users/admin/builder/spi-builder-workspace/.derivedData/Build/Intermediates.noindex/ViewModifierBuilder.build/Debug/ViewModifierBuilder-t.build/Objects-normal/arm64/ViewModifierBuilder-OutputFileMap.json (in target 'ViewModifierBuilder' from project 'ViewModifierBuilder')
cd /Users/admin/builder/spi-builder-workspace/.dependencies/checkouts/ViewModifierBuilder
write-file /Users/admin/builder/spi-builder-workspace/.derivedData/Build/Intermediates.noindex/ViewModifierBuilder.build/Debug/ViewModifierBuilder-t.build/Objects-normal/arm64/ViewModifierBuilder-OutputFileMap.json
WriteAuxiliaryFile /Users/admin/builder/spi-builder-workspace/.derivedData/Build/Intermediates.noindex/ViewModifierBuilder.build/Debug/ViewModifierBuilder-t.build/Objects-normal/arm64/ViewModifierBuilder_const_extract_protocols.json (in target 'ViewModifierBuilder' from project 'ViewModifierBuilder')
cd /Users/admin/builder/spi-builder-workspace/.dependencies/checkouts/ViewModifierBuilder
write-file /Users/admin/builder/spi-builder-workspace/.derivedData/Build/Intermediates.noindex/ViewModifierBuilder.build/Debug/ViewModifierBuilder-t.build/Objects-normal/arm64/ViewModifierBuilder_const_extract_protocols.json
WriteAuxiliaryFile /Users/admin/builder/spi-builder-workspace/.derivedData/Build/Intermediates.noindex/ViewModifierBuilder.build/Debug/ViewModifierBuilder-t.build/Objects-normal/arm64/ViewModifierBuilder.SwiftConstValuesFileList (in target 'ViewModifierBuilder' from project 'ViewModifierBuilder')
cd /Users/admin/builder/spi-builder-workspace/.dependencies/checkouts/ViewModifierBuilder
write-file /Users/admin/builder/spi-builder-workspace/.derivedData/Build/Intermediates.noindex/ViewModifierBuilder.build/Debug/ViewModifierBuilder-t.build/Objects-normal/arm64/ViewModifierBuilder.SwiftConstValuesFileList
WriteAuxiliaryFile /Users/admin/builder/spi-builder-workspace/.derivedData/Build/Intermediates.noindex/ViewModifierBuilder.build/Debug/ViewModifierBuilder-t.build/Objects-normal/arm64/ViewModifierBuilder.SwiftFileList (in target 'ViewModifierBuilder' from project 'ViewModifierBuilder')
cd /Users/admin/builder/spi-builder-workspace/.dependencies/checkouts/ViewModifierBuilder
write-file /Users/admin/builder/spi-builder-workspace/.derivedData/Build/Intermediates.noindex/ViewModifierBuilder.build/Debug/ViewModifierBuilder-t.build/Objects-normal/arm64/ViewModifierBuilder.SwiftFileList
WriteAuxiliaryFile /Users/admin/builder/spi-builder-workspace/.derivedData/Build/Intermediates.noindex/PageSheet.build/Debug/PageSheetPlus-t.build/PageSheetPlus.modulemap (in target 'PageSheetPlus' from project 'PageSheet')
cd /Users/admin/builder/spi-builder-workspace
write-file /Users/admin/builder/spi-builder-workspace/.derivedData/Build/Intermediates.noindex/PageSheet.build/Debug/PageSheetPlus-t.build/PageSheetPlus.modulemap
WriteAuxiliaryFile /Users/admin/builder/spi-builder-workspace/.derivedData/Build/Intermediates.noindex/PageSheet.build/Debug/PageSheetPlus-t.build/PageSheetPlus.DependencyStaticMetadataFileList (in target 'PageSheetPlus' from project 'PageSheet')
cd /Users/admin/builder/spi-builder-workspace
write-file /Users/admin/builder/spi-builder-workspace/.derivedData/Build/Intermediates.noindex/PageSheet.build/Debug/PageSheetPlus-t.build/PageSheetPlus.DependencyStaticMetadataFileList
WriteAuxiliaryFile /Users/admin/builder/spi-builder-workspace/.derivedData/Build/Intermediates.noindex/PageSheet.build/Debug/PageSheetPlus-t.build/PageSheetPlus.DependencyMetadataFileList (in target 'PageSheetPlus' from project 'PageSheet')
cd /Users/admin/builder/spi-builder-workspace
write-file /Users/admin/builder/spi-builder-workspace/.derivedData/Build/Intermediates.noindex/PageSheet.build/Debug/PageSheetPlus-t.build/PageSheetPlus.DependencyMetadataFileList
WriteAuxiliaryFile /Users/admin/builder/spi-builder-workspace/.derivedData/Build/Intermediates.noindex/PageSheet.build/Debug/PageSheetPlus-t.build/Objects-normal/arm64/PageSheetPlus.LinkFileList (in target 'PageSheetPlus' from project 'PageSheet')
cd /Users/admin/builder/spi-builder-workspace
write-file /Users/admin/builder/spi-builder-workspace/.derivedData/Build/Intermediates.noindex/PageSheet.build/Debug/PageSheetPlus-t.build/Objects-normal/arm64/PageSheetPlus.LinkFileList
WriteAuxiliaryFile /Users/admin/builder/spi-builder-workspace/.derivedData/Build/Intermediates.noindex/PageSheet.build/Debug/PageSheetPlus-t.build/Objects-normal/arm64/PageSheetPlus_const_extract_protocols.json (in target 'PageSheetPlus' from project 'PageSheet')
cd /Users/admin/builder/spi-builder-workspace
write-file /Users/admin/builder/spi-builder-workspace/.derivedData/Build/Intermediates.noindex/PageSheet.build/Debug/PageSheetPlus-t.build/Objects-normal/arm64/PageSheetPlus_const_extract_protocols.json
WriteAuxiliaryFile /Users/admin/builder/spi-builder-workspace/.derivedData/Build/Intermediates.noindex/PageSheet.build/Debug/PageSheetPlus-t.build/Objects-normal/arm64/PageSheetPlus.SwiftConstValuesFileList (in target 'PageSheetPlus' from project 'PageSheet')
cd /Users/admin/builder/spi-builder-workspace
write-file /Users/admin/builder/spi-builder-workspace/.derivedData/Build/Intermediates.noindex/PageSheet.build/Debug/PageSheetPlus-t.build/Objects-normal/arm64/PageSheetPlus.SwiftConstValuesFileList
WriteAuxiliaryFile /Users/admin/builder/spi-builder-workspace/.derivedData/Build/Intermediates.noindex/PageSheet.build/Debug/PageSheetPlus-t.build/Objects-normal/arm64/PageSheetPlus.SwiftFileList (in target 'PageSheetPlus' from project 'PageSheet')
cd /Users/admin/builder/spi-builder-workspace
write-file /Users/admin/builder/spi-builder-workspace/.derivedData/Build/Intermediates.noindex/PageSheet.build/Debug/PageSheetPlus-t.build/Objects-normal/arm64/PageSheetPlus.SwiftFileList
WriteAuxiliaryFile /Users/admin/builder/spi-builder-workspace/.derivedData/Build/Intermediates.noindex/PageSheet.build/Debug/PageSheetPlus-t.build/Objects-normal/arm64/PageSheetPlus-OutputFileMap.json (in target 'PageSheetPlus' from project 'PageSheet')
cd /Users/admin/builder/spi-builder-workspace
write-file /Users/admin/builder/spi-builder-workspace/.derivedData/Build/Intermediates.noindex/PageSheet.build/Debug/PageSheetPlus-t.build/Objects-normal/arm64/PageSheetPlus-OutputFileMap.json
Copy /Users/admin/builder/spi-builder-workspace/.derivedData/Build/Intermediates.noindex/GeneratedModuleMaps/ViewModifierBuilder.modulemap /Users/admin/builder/spi-builder-workspace/.derivedData/Build/Intermediates.noindex/ViewModifierBuilder.build/Debug/ViewModifierBuilder-t.build/ViewModifierBuilder.modulemap (in target 'ViewModifierBuilder' from project 'ViewModifierBuilder')
cd /Users/admin/builder/spi-builder-workspace/.dependencies/checkouts/ViewModifierBuilder
builtin-copy -exclude .DS_Store -exclude CVS -exclude .svn -exclude .git -exclude .hg -resolve-src-symlinks /Users/admin/builder/spi-builder-workspace/.derivedData/Build/Intermediates.noindex/ViewModifierBuilder.build/Debug/ViewModifierBuilder-t.build/ViewModifierBuilder.modulemap /Users/admin/builder/spi-builder-workspace/.derivedData/Build/Intermediates.noindex/GeneratedModuleMaps
WriteAuxiliaryFile /Users/admin/builder/spi-builder-workspace/.derivedData/Build/Intermediates.noindex/PageSheet.build/Debug/PageSheetCore-t.build/PageSheetCore.modulemap (in target 'PageSheetCore' from project 'PageSheet')
cd /Users/admin/builder/spi-builder-workspace
write-file /Users/admin/builder/spi-builder-workspace/.derivedData/Build/Intermediates.noindex/PageSheet.build/Debug/PageSheetCore-t.build/PageSheetCore.modulemap
Copy /Users/admin/builder/spi-builder-workspace/.derivedData/Build/Intermediates.noindex/GeneratedModuleMaps/PageSheetPlus.modulemap /Users/admin/builder/spi-builder-workspace/.derivedData/Build/Intermediates.noindex/PageSheet.build/Debug/PageSheetPlus-t.build/PageSheetPlus.modulemap (in target 'PageSheetPlus' from project 'PageSheet')
cd /Users/admin/builder/spi-builder-workspace
builtin-copy -exclude .DS_Store -exclude CVS -exclude .svn -exclude .git -exclude .hg -resolve-src-symlinks /Users/admin/builder/spi-builder-workspace/.derivedData/Build/Intermediates.noindex/PageSheet.build/Debug/PageSheetPlus-t.build/PageSheetPlus.modulemap /Users/admin/builder/spi-builder-workspace/.derivedData/Build/Intermediates.noindex/GeneratedModuleMaps
WriteAuxiliaryFile /Users/admin/builder/spi-builder-workspace/.derivedData/Build/Intermediates.noindex/PageSheet.build/Debug/PageSheetCore-t.build/PageSheetCore.DependencyStaticMetadataFileList (in target 'PageSheetCore' from project 'PageSheet')
cd /Users/admin/builder/spi-builder-workspace
write-file /Users/admin/builder/spi-builder-workspace/.derivedData/Build/Intermediates.noindex/PageSheet.build/Debug/PageSheetCore-t.build/PageSheetCore.DependencyStaticMetadataFileList
WriteAuxiliaryFile /Users/admin/builder/spi-builder-workspace/.derivedData/Build/Intermediates.noindex/PageSheet.build/Debug/PageSheetCore-t.build/PageSheetCore.DependencyMetadataFileList (in target 'PageSheetCore' from project 'PageSheet')
cd /Users/admin/builder/spi-builder-workspace
write-file /Users/admin/builder/spi-builder-workspace/.derivedData/Build/Intermediates.noindex/PageSheet.build/Debug/PageSheetCore-t.build/PageSheetCore.DependencyMetadataFileList
WriteAuxiliaryFile /Users/admin/builder/spi-builder-workspace/.derivedData/Build/Intermediates.noindex/PageSheet.build/Debug/PageSheetCore-t.build/Objects-normal/arm64/PageSheetCore_const_extract_protocols.json (in target 'PageSheetCore' from project 'PageSheet')
cd /Users/admin/builder/spi-builder-workspace
write-file /Users/admin/builder/spi-builder-workspace/.derivedData/Build/Intermediates.noindex/PageSheet.build/Debug/PageSheetCore-t.build/Objects-normal/arm64/PageSheetCore_const_extract_protocols.json
WriteAuxiliaryFile /Users/admin/builder/spi-builder-workspace/.derivedData/Build/Intermediates.noindex/PageSheet.build/Debug/PageSheetCore-t.build/Objects-normal/arm64/PageSheetCore.SwiftConstValuesFileList (in target 'PageSheetCore' from project 'PageSheet')
cd /Users/admin/builder/spi-builder-workspace
write-file /Users/admin/builder/spi-builder-workspace/.derivedData/Build/Intermediates.noindex/PageSheet.build/Debug/PageSheetCore-t.build/Objects-normal/arm64/PageSheetCore.SwiftConstValuesFileList
WriteAuxiliaryFile /Users/admin/builder/spi-builder-workspace/.derivedData/Build/Intermediates.noindex/PageSheet.build/Debug/PageSheetCore-t.build/Objects-normal/arm64/PageSheetCore.SwiftFileList (in target 'PageSheetCore' from project 'PageSheet')
cd /Users/admin/builder/spi-builder-workspace
write-file /Users/admin/builder/spi-builder-workspace/.derivedData/Build/Intermediates.noindex/PageSheet.build/Debug/PageSheetCore-t.build/Objects-normal/arm64/PageSheetCore.SwiftFileList
WriteAuxiliaryFile /Users/admin/builder/spi-builder-workspace/.derivedData/Build/Intermediates.noindex/PageSheet.build/Debug/PageSheetCore-t.build/Objects-normal/arm64/PageSheetCore.LinkFileList (in target 'PageSheetCore' from project 'PageSheet')
cd /Users/admin/builder/spi-builder-workspace
write-file /Users/admin/builder/spi-builder-workspace/.derivedData/Build/Intermediates.noindex/PageSheet.build/Debug/PageSheetCore-t.build/Objects-normal/arm64/PageSheetCore.LinkFileList
WriteAuxiliaryFile /Users/admin/builder/spi-builder-workspace/.derivedData/Build/Intermediates.noindex/PageSheet.build/Debug/PageSheetCore-t.build/Objects-normal/arm64/PageSheetCore-OutputFileMap.json (in target 'PageSheetCore' from project 'PageSheet')
cd /Users/admin/builder/spi-builder-workspace
write-file /Users/admin/builder/spi-builder-workspace/.derivedData/Build/Intermediates.noindex/PageSheet.build/Debug/PageSheetCore-t.build/Objects-normal/arm64/PageSheetCore-OutputFileMap.json
Copy /Users/admin/builder/spi-builder-workspace/.derivedData/Build/Intermediates.noindex/GeneratedModuleMaps/PageSheetCore.modulemap /Users/admin/builder/spi-builder-workspace/.derivedData/Build/Intermediates.noindex/PageSheet.build/Debug/PageSheetCore-t.build/PageSheetCore.modulemap (in target 'PageSheetCore' from project 'PageSheet')
cd /Users/admin/builder/spi-builder-workspace
builtin-copy -exclude .DS_Store -exclude CVS -exclude .svn -exclude .git -exclude .hg -resolve-src-symlinks /Users/admin/builder/spi-builder-workspace/.derivedData/Build/Intermediates.noindex/PageSheet.build/Debug/PageSheetCore-t.build/PageSheetCore.modulemap /Users/admin/builder/spi-builder-workspace/.derivedData/Build/Intermediates.noindex/GeneratedModuleMaps
WriteAuxiliaryFile /Users/admin/builder/spi-builder-workspace/.derivedData/Build/Intermediates.noindex/PageSheet.build/Debug/PageSheet-t.build/PageSheet.modulemap (in target 'PageSheet' from project 'PageSheet')
cd /Users/admin/builder/spi-builder-workspace
write-file /Users/admin/builder/spi-builder-workspace/.derivedData/Build/Intermediates.noindex/PageSheet.build/Debug/PageSheet-t.build/PageSheet.modulemap
WriteAuxiliaryFile /Users/admin/builder/spi-builder-workspace/.derivedData/Build/Intermediates.noindex/PageSheet.build/Debug/PageSheet-t.build/PageSheet.DependencyStaticMetadataFileList (in target 'PageSheet' from project 'PageSheet')
cd /Users/admin/builder/spi-builder-workspace
write-file /Users/admin/builder/spi-builder-workspace/.derivedData/Build/Intermediates.noindex/PageSheet.build/Debug/PageSheet-t.build/PageSheet.DependencyStaticMetadataFileList
WriteAuxiliaryFile /Users/admin/builder/spi-builder-workspace/.derivedData/Build/Intermediates.noindex/PageSheet.build/Debug/PageSheet-t.build/PageSheet.DependencyMetadataFileList (in target 'PageSheet' from project 'PageSheet')
cd /Users/admin/builder/spi-builder-workspace
write-file /Users/admin/builder/spi-builder-workspace/.derivedData/Build/Intermediates.noindex/PageSheet.build/Debug/PageSheet-t.build/PageSheet.DependencyMetadataFileList
WriteAuxiliaryFile /Users/admin/builder/spi-builder-workspace/.derivedData/Build/Intermediates.noindex/PageSheet.build/Debug/PageSheet-t.build/Objects-normal/arm64/PageSheet_const_extract_protocols.json (in target 'PageSheet' from project 'PageSheet')
cd /Users/admin/builder/spi-builder-workspace
write-file /Users/admin/builder/spi-builder-workspace/.derivedData/Build/Intermediates.noindex/PageSheet.build/Debug/PageSheet-t.build/Objects-normal/arm64/PageSheet_const_extract_protocols.json
WriteAuxiliaryFile /Users/admin/builder/spi-builder-workspace/.derivedData/Build/Intermediates.noindex/PageSheet.build/Debug/PageSheet-t.build/Objects-normal/arm64/PageSheet.SwiftFileList (in target 'PageSheet' from project 'PageSheet')
cd /Users/admin/builder/spi-builder-workspace
write-file /Users/admin/builder/spi-builder-workspace/.derivedData/Build/Intermediates.noindex/PageSheet.build/Debug/PageSheet-t.build/Objects-normal/arm64/PageSheet.SwiftFileList
WriteAuxiliaryFile /Users/admin/builder/spi-builder-workspace/.derivedData/Build/Intermediates.noindex/PageSheet.build/Debug/PageSheet-t.build/Objects-normal/arm64/PageSheet.SwiftConstValuesFileList (in target 'PageSheet' from project 'PageSheet')
cd /Users/admin/builder/spi-builder-workspace
write-file /Users/admin/builder/spi-builder-workspace/.derivedData/Build/Intermediates.noindex/PageSheet.build/Debug/PageSheet-t.build/Objects-normal/arm64/PageSheet.SwiftConstValuesFileList
WriteAuxiliaryFile /Users/admin/builder/spi-builder-workspace/.derivedData/Build/Intermediates.noindex/PageSheet.build/Debug/PageSheet-t.build/Objects-normal/arm64/PageSheet.LinkFileList (in target 'PageSheet' from project 'PageSheet')
cd /Users/admin/builder/spi-builder-workspace
write-file /Users/admin/builder/spi-builder-workspace/.derivedData/Build/Intermediates.noindex/PageSheet.build/Debug/PageSheet-t.build/Objects-normal/arm64/PageSheet.LinkFileList
WriteAuxiliaryFile /Users/admin/builder/spi-builder-workspace/.derivedData/Build/Intermediates.noindex/PageSheet.build/Debug/PageSheet-t.build/Objects-normal/arm64/PageSheet-OutputFileMap.json (in target 'PageSheet' from project 'PageSheet')
cd /Users/admin/builder/spi-builder-workspace
write-file /Users/admin/builder/spi-builder-workspace/.derivedData/Build/Intermediates.noindex/PageSheet.build/Debug/PageSheet-t.build/Objects-normal/arm64/PageSheet-OutputFileMap.json
Copy /Users/admin/builder/spi-builder-workspace/.derivedData/Build/Intermediates.noindex/GeneratedModuleMaps/PageSheet.modulemap /Users/admin/builder/spi-builder-workspace/.derivedData/Build/Intermediates.noindex/PageSheet.build/Debug/PageSheet-t.build/PageSheet.modulemap (in target 'PageSheet' from project 'PageSheet')
cd /Users/admin/builder/spi-builder-workspace
builtin-copy -exclude .DS_Store -exclude CVS -exclude .svn -exclude .git -exclude .hg -resolve-src-symlinks /Users/admin/builder/spi-builder-workspace/.derivedData/Build/Intermediates.noindex/PageSheet.build/Debug/PageSheet-t.build/PageSheet.modulemap /Users/admin/builder/spi-builder-workspace/.derivedData/Build/Intermediates.noindex/GeneratedModuleMaps
SwiftDriver PageSheetCore normal arm64 com.apple.xcode.tools.swift.compiler (in target 'PageSheetCore' from project 'PageSheet')
cd /Users/admin/builder/spi-builder-workspace/.swiftpm/xcode
builtin-SwiftDriver -- /Applications/Xcode-27.0.0-Release.Candidate.app/Contents/Developer/Toolchains/XcodeDefault.xctoolchain/usr/bin/swiftc -parse-as-library -module-name PageSheetCore -Onone @/Users/admin/builder/spi-builder-workspace/.derivedData/Build/Intermediates.noindex/PageSheet.build/Debug/PageSheetCore-t.build/Objects-normal/arm64/PageSheetCore.SwiftFileList -DSWIFT_PACKAGE -DDEBUG -DSWIFT_MODULE_RESOURCE_BUNDLE_UNAVAILABLE -DXcode -plugin-path /Applications/Xcode-27.0.0-Release.Candidate.app/Contents/Developer/Toolchains/XcodeDefault.xctoolchain/usr/lib/swift/host/plugins/testing -enable-experimental-feature DebugDescriptionMacro -sdk /Applications/Xcode-27.0.0-Release.Candidate.app/Contents/Developer/Platforms/MacOSX.platform/Developer/SDKs/MacOSX27.0.sdk -target arm64-apple-macos12.0 -g -module-cache-path /Users/admin/builder/spi-builder-workspace/.derivedData/ModuleCache.noindex -Xfrontend -serialize-debugging-options -enable-testing -index-store-path /Users/admin/builder/spi-builder-workspace/.derivedData/Index.noindex/DataStore -Xcc -D_LIBCPP_HARDENING_MODE\=_LIBCPP_HARDENING_MODE_DEBUG -swift-version 5 -I /Users/admin/builder/spi-builder-workspace/.derivedData/Build/Products/Debug -Isystem /Applications/Xcode-27.0.0-Release.Candidate.app/Contents/Developer/Platforms/MacOSX.platform/Developer/usr/lib -F /Users/admin/builder/spi-builder-workspace/.derivedData/Build/Products/Debug -F /Applications/Xcode-27.0.0-Release.Candidate.app/Contents/Developer/Platforms/MacOSX.platform/Developer/Library/Frameworks -c -j10 -enable-batch-mode -incremental -Xcc -ivfsstatcache -Xcc /Users/admin/builder/spi-builder-workspace/.derivedData/SDKStatCaches.noindex/macosx27.0-26A425-e829b21a6f8c9b70876ba0858053c0446a22442a12e9d48fe1a705f55a1adfc4.sdkstatcache -output-file-map /Users/admin/builder/spi-builder-workspace/.derivedData/Build/Intermediates.noindex/PageSheet.build/Debug/PageSheetCore-t.build/Objects-normal/arm64/PageSheetCore-OutputFileMap.json -save-temps -no-color-diagnostics -explicit-module-build -module-cache-path /Users/admin/builder/spi-builder-workspace/.derivedData/Build/Intermediates.noindex/SwiftExplicitPrecompiledModules -clang-scanner-module-cache-path /Users/admin/builder/spi-builder-workspace/.derivedData/ModuleCache.noindex -sdk-module-cache-path /Users/admin/builder/spi-builder-workspace/.derivedData/SDKExplicitPrecompiledModules -emit-dependencies -emit-module -emit-module-path /Users/admin/builder/spi-builder-workspace/.derivedData/Build/Intermediates.noindex/PageSheet.build/Debug/PageSheetCore-t.build/Objects-normal/arm64/PageSheetCore.swiftmodule -serialize-diagnostics -dependency-scan-serialize-diagnostics-path /Users/admin/builder/spi-builder-workspace/.derivedData/Build/Intermediates.noindex/PageSheet.build/Debug/PageSheetCore-t.build/Objects-normal/arm64/PageSheetCore-dependency-scan.dia -validate-clang-modules-once -clang-build-session-file /Users/admin/builder/spi-builder-workspace/.derivedData/ModuleCache.noindex/Session.modulevalidation -Xcc -fmodules-prune-interval\=86400 -Xcc -fmodules-prune-after\=345600 -emit-const-values -const-gather-protocols-list /Users/admin/builder/spi-builder-workspace/.derivedData/Build/Intermediates.noindex/PageSheet.build/Debug/PageSheetCore-t.build/Objects-normal/arm64/PageSheetCore_const_extract_protocols.json -Xcc -I/Users/admin/builder/spi-builder-workspace/.derivedData/Build/Products/Debug/include -Xcc -I/Users/admin/builder/spi-builder-workspace/.derivedData/Build/Intermediates.noindex/PageSheet.build/Debug/PageSheetCore-t.build/DerivedSources-normal/arm64 -Xcc -I/Users/admin/builder/spi-builder-workspace/.derivedData/Build/Intermediates.noindex/PageSheet.build/Debug/PageSheetCore-t.build/DerivedSources/arm64 -Xcc -I/Users/admin/builder/spi-builder-workspace/.derivedData/Build/Intermediates.noindex/PageSheet.build/Debug/PageSheetCore-t.build/DerivedSources -Xcc -DSWIFT_PACKAGE -Xcc -DDEBUG\=1 -emit-objc-header -emit-objc-header-path /Users/admin/builder/spi-builder-workspace/.derivedData/Build/Intermediates.noindex/PageSheet.build/Debug/PageSheetCore-t.build/Objects-normal/arm64/PageSheetCore-Swift.h -working-directory /Users/admin/builder/spi-builder-workspace/.swiftpm/xcode -experimental-emit-module-separately -disable-cmo
SwiftDriver ViewModifierBuilder normal arm64 com.apple.xcode.tools.swift.compiler (in target 'ViewModifierBuilder' from project 'ViewModifierBuilder')
cd /Users/admin/builder/spi-builder-workspace/.swiftpm/xcode
builtin-SwiftDriver -- /Applications/Xcode-27.0.0-Release.Candidate.app/Contents/Developer/Toolchains/XcodeDefault.xctoolchain/usr/bin/swiftc -parse-as-library -module-name ViewModifierBuilder -Onone @/Users/admin/builder/spi-builder-workspace/.derivedData/Build/Intermediates.noindex/ViewModifierBuilder.build/Debug/ViewModifierBuilder-t.build/Objects-normal/arm64/ViewModifierBuilder.SwiftFileList -DSWIFT_PACKAGE -DDEBUG -DSWIFT_MODULE_RESOURCE_BUNDLE_UNAVAILABLE -DXcode -plugin-path /Applications/Xcode-27.0.0-Release.Candidate.app/Contents/Developer/Toolchains/XcodeDefault.xctoolchain/usr/lib/swift/host/plugins/testing -enable-experimental-feature DebugDescriptionMacro -sdk /Applications/Xcode-27.0.0-Release.Candidate.app/Contents/Developer/Platforms/MacOSX.platform/Developer/SDKs/MacOSX27.0.sdk -target arm64-apple-macos12.0 -g -module-cache-path /Users/admin/builder/spi-builder-workspace/.derivedData/ModuleCache.noindex -Xfrontend -serialize-debugging-options -enable-testing -suppress-warnings -index-store-path /Users/admin/builder/spi-builder-workspace/.derivedData/Index.noindex/DataStore -Xcc -D_LIBCPP_HARDENING_MODE\=_LIBCPP_HARDENING_MODE_DEBUG -swift-version 5 -I /Users/admin/builder/spi-builder-workspace/.derivedData/Build/Products/Debug -Isystem /Applications/Xcode-27.0.0-Release.Candidate.app/Contents/Developer/Platforms/MacOSX.platform/Developer/usr/lib -F /Users/admin/builder/spi-builder-workspace/.derivedData/Build/Products/Debug -F /Applications/Xcode-27.0.0-Release.Candidate.app/Contents/Developer/Platforms/MacOSX.platform/Developer/Library/Frameworks -c -j10 -enable-batch-mode -incremental -Xcc -ivfsstatcache -Xcc /Users/admin/builder/spi-builder-workspace/.derivedData/SDKStatCaches.noindex/macosx27.0-26A425-e829b21a6f8c9b70876ba0858053c0446a22442a12e9d48fe1a705f55a1adfc4.sdkstatcache -output-file-map /Users/admin/builder/spi-builder-workspace/.derivedData/Build/Intermediates.noindex/ViewModifierBuilder.build/Debug/ViewModifierBuilder-t.build/Objects-normal/arm64/ViewModifierBuilder-OutputFileMap.json -save-temps -no-color-diagnostics -explicit-module-build -module-cache-path /Users/admin/builder/spi-builder-workspace/.derivedData/Build/Intermediates.noindex/SwiftExplicitPrecompiledModules -clang-scanner-module-cache-path /Users/admin/builder/spi-builder-workspace/.derivedData/ModuleCache.noindex -sdk-module-cache-path /Users/admin/builder/spi-builder-workspace/.derivedData/SDKExplicitPrecompiledModules -emit-dependencies -emit-module -emit-module-path /Users/admin/builder/spi-builder-workspace/.derivedData/Build/Intermediates.noindex/ViewModifierBuilder.build/Debug/ViewModifierBuilder-t.build/Objects-normal/arm64/ViewModifierBuilder.swiftmodule -serialize-diagnostics -dependency-scan-serialize-diagnostics-path /Users/admin/builder/spi-builder-workspace/.derivedData/Build/Intermediates.noindex/ViewModifierBuilder.build/Debug/ViewModifierBuilder-t.build/Objects-normal/arm64/ViewModifierBuilder-dependency-scan.dia -validate-clang-modules-once -clang-build-session-file /Users/admin/builder/spi-builder-workspace/.derivedData/ModuleCache.noindex/Session.modulevalidation -Xcc -fmodules-prune-interval\=86400 -Xcc -fmodules-prune-after\=345600 -emit-const-values -const-gather-protocols-list /Users/admin/builder/spi-builder-workspace/.derivedData/Build/Intermediates.noindex/ViewModifierBuilder.build/Debug/ViewModifierBuilder-t.build/Objects-normal/arm64/ViewModifierBuilder_const_extract_protocols.json -Xcc -I/Users/admin/builder/spi-builder-workspace/.derivedData/Build/Products/Debug/include -Xcc -I/Users/admin/builder/spi-builder-workspace/.derivedData/Build/Intermediates.noindex/ViewModifierBuilder.build/Debug/ViewModifierBuilder-t.build/DerivedSources-normal/arm64 -Xcc -I/Users/admin/builder/spi-builder-workspace/.derivedData/Build/Intermediates.noindex/ViewModifierBuilder.build/Debug/ViewModifierBuilder-t.build/DerivedSources/arm64 -Xcc -I/Users/admin/builder/spi-builder-workspace/.derivedData/Build/Intermediates.noindex/ViewModifierBuilder.build/Debug/ViewModifierBuilder-t.build/DerivedSources -Xcc -DSWIFT_PACKAGE -Xcc -DDEBUG\=1 -emit-objc-header -emit-objc-header-path /Users/admin/builder/spi-builder-workspace/.derivedData/Build/Intermediates.noindex/ViewModifierBuilder.build/Debug/ViewModifierBuilder-t.build/Objects-normal/arm64/ViewModifierBuilder-Swift.h -working-directory /Users/admin/builder/spi-builder-workspace/.swiftpm/xcode -experimental-emit-module-separately -disable-cmo
SwiftExplicitDependencyGeneratePcm arm64 /Users/admin/builder/spi-builder-workspace/.derivedData/SDKExplicitPrecompiledModules/_SwiftConcurrencyShims-BLUUWKI6AGMD7TJ4RGYS7DP6T.pcm
SwiftExplicitDependencyGeneratePcm arm64 /Users/admin/builder/spi-builder-workspace/.derivedData/SDKExplicitPrecompiledModules/_Builtin_float-105CRCDRP90FQCQO5ZX1LHV7H.pcm
SwiftExplicitDependencyGeneratePcm arm64 /Users/admin/builder/spi-builder-workspace/.derivedData/SDKExplicitPrecompiledModules/_Builtin_stdarg-7CFWA9OSW5N24E7PG4ZOCF1VH.pcm
SwiftExplicitDependencyGeneratePcm arm64 /Users/admin/builder/spi-builder-workspace/.derivedData/SDKExplicitPrecompiledModules/ptrcheck-DHLCBWKPNUZOYTPJ1J3QVTCXK.pcm
SwiftExplicitDependencyGeneratePcm arm64 /Users/admin/builder/spi-builder-workspace/.derivedData/SDKExplicitPrecompiledModules/DeveloperToolsSupport-13SNQ6N57G3DOS3KQA7V91OE7.pcm
SwiftExplicitDependencyGeneratePcm arm64 /Users/admin/builder/spi-builder-workspace/.derivedData/SDKExplicitPrecompiledModules/_Builtin_stdbool-KYV2HKP8IKLKMKQS9DGA2GUQ.pcm
SwiftExplicitDependencyGeneratePcm arm64 /Users/admin/builder/spi-builder-workspace/.derivedData/SDKExplicitPrecompiledModules/_Builtin_stddef-3GI9GOKXSW3QCTFOI1USFLDZO.pcm
SwiftExplicitDependencyGeneratePcm arm64 /Users/admin/builder/spi-builder-workspace/.derivedData/SDKExplicitPrecompiledModules/ptrauth-2W92ZJRLNJU99RJUQGGJG3OC3.pcm
SwiftExplicitDependencyGeneratePcm arm64 /Users/admin/builder/spi-builder-workspace/.derivedData/SDKExplicitPrecompiledModules/_AvailabilityInternal-CJTV5E7EL3MWRA437DUFPBVN2.pcm
SwiftExplicitDependencyGeneratePcm arm64 /Users/admin/builder/spi-builder-workspace/.derivedData/SDKExplicitPrecompiledModules/SwiftShims-C4V0DQ62WSTCYBYGILXXGQNO3.pcm
SwiftExplicitDependencyGeneratePcm arm64 /Users/admin/builder/spi-builder-workspace/.derivedData/SDKExplicitPrecompiledModules/_DarwinFoundation1-7PRJIG163YE9KSKYA3BS35ZZP.pcm
SwiftExplicitDependencyGeneratePcm arm64 /Users/admin/builder/spi-builder-workspace/.derivedData/SDKExplicitPrecompiledModules/_DarwinFoundation2-94WUUGE4H5R03OWXE0QFZX1DN.pcm
SwiftExplicitDependencyGeneratePcm arm64 /Users/admin/builder/spi-builder-workspace/.derivedData/SDKExplicitPrecompiledModules/_Builtin_limits-AXGUGXBFPC0I7QDLJFB0K341Y.pcm
SwiftExplicitDependencyGeneratePcm arm64 /Users/admin/builder/spi-builder-workspace/.derivedData/SDKExplicitPrecompiledModules/sys_types-F4RNCN6UR5R5OWTLTOUM7TN3E.pcm
SwiftExplicitDependencyGeneratePcm arm64 /Users/admin/builder/spi-builder-workspace/.derivedData/SDKExplicitPrecompiledModules/_Builtin_tgmath-52XE6HC8DWOG6S7B5QAI046D1.pcm
SwiftExplicitDependencyGeneratePcm arm64 /Users/admin/builder/spi-builder-workspace/.derivedData/SDKExplicitPrecompiledModules/_Builtin_stdint-22CBBOK8BNSF0UELDCAXSHGB.pcm
SwiftExplicitDependencyGeneratePcm arm64 /Users/admin/builder/spi-builder-workspace/.derivedData/SDKExplicitPrecompiledModules/string_h-10WPXBF3YFYMX5HUAW06LSABR.pcm
SwiftExplicitDependencyGeneratePcm arm64 /Users/admin/builder/spi-builder-workspace/.derivedData/SDKExplicitPrecompiledModules/_Builtin_stdatomic-8LN7S35C6I48KJOCW7VPXX04X.pcm
SwiftExplicitDependencyGeneratePcm arm64 /Users/admin/builder/spi-builder-workspace/.derivedData/SDKExplicitPrecompiledModules/libDER-5RCYOD0PCUUY2UGMBNE9LI8N9.pcm
SwiftExplicitDependencyGeneratePcm arm64 /Users/admin/builder/spi-builder-workspace/.derivedData/SDKExplicitPrecompiledModules/_Builtin_intrinsics-4O6R03GTH5FLWSHEUBP0Z3GZ2.pcm
SwiftExplicitDependencyGeneratePcm arm64 /Users/admin/builder/spi-builder-workspace/.derivedData/SDKExplicitPrecompiledModules/_DarwinFoundation3-32PO5Q4RCB6WXH5VFO3HA3AVS.pcm
SwiftExplicitDependencyGeneratePcm arm64 /Users/admin/builder/spi-builder-workspace/.derivedData/SDKExplicitPrecompiledModules/_Builtin_inttypes-1U6AP9A8AJ4G9WD98E9RHLGTJ.pcm
SwiftExplicitDependencyGeneratePcm arm64 /Users/admin/builder/spi-builder-workspace/.derivedData/SDKExplicitPrecompiledModules/Darwin-1RAAWNGKQM8YGHV0YJNNN5YDY.pcm
SwiftExplicitDependencyGeneratePcm arm64 /Users/admin/builder/spi-builder-workspace/.derivedData/SDKExplicitPrecompiledModules/simd-A9TKR8OE9APRJ1RNS7F0OBY4Q.pcm
SwiftExplicitDependencyGeneratePcm arm64 /Users/admin/builder/spi-builder-workspace/.derivedData/SDKExplicitPrecompiledModules/MachO-AWTJ65TFR7TMST2NUE6ZCC1SL.pcm
SwiftExplicitDependencyGeneratePcm arm64 /Users/admin/builder/spi-builder-workspace/.derivedData/SDKExplicitPrecompiledModules/libkern-22MDXN9G35RPO3OLKX9B2PN16.pcm
SwiftExplicitDependencyGeneratePcm arm64 /Users/admin/builder/spi-builder-workspace/.derivedData/SDKExplicitPrecompiledModules/launch-2XAORMJNLLVS0OVKC1M0752GY.pcm
SwiftExplicitDependencyGeneratePcm arm64 /Users/admin/builder/spi-builder-workspace/.derivedData/SDKExplicitPrecompiledModules/CUPS-45MNISAOHSEBD6VQA5G0MXN9H.pcm
SwiftExplicitDependencyGeneratePcm arm64 /Users/admin/builder/spi-builder-workspace/.derivedData/SDKExplicitPrecompiledModules/ObjectiveC-B89IQP2TC4CFSWOUMTUZRI1VZ.pcm
SwiftExplicitDependencyGeneratePcm arm64 /Users/admin/builder/spi-builder-workspace/.derivedData/SDKExplicitPrecompiledModules/Spatial-2JNOU2HNJ0Q174XCFCD0GCOUQ.pcm
SwiftExplicitDependencyGeneratePcm arm64 /Users/admin/builder/spi-builder-workspace/.derivedData/SDKExplicitPrecompiledModules/os_object-3KLCCI03OX6OQTLJ92KQH2KIO.pcm
SwiftExplicitDependencyGeneratePcm arm64 /Users/admin/builder/spi-builder-workspace/.derivedData/SDKExplicitPrecompiledModules/os_workgroup-10SJ5M8R2OB4BG1TPFL9SZMKV.pcm
SwiftExplicitDependencyGeneratePcm arm64 /Users/admin/builder/spi-builder-workspace/.derivedData/SDKExplicitPrecompiledModules/Dispatch-NAMWF9KN29KC7Z5OS3TTTAE8.pcm
SwiftExplicitDependencyGeneratePcm arm64 /Users/admin/builder/spi-builder-workspace/.derivedData/SDKExplicitPrecompiledModules/CoreFoundation-4ZIITQ30SOGUQE8KJAB99ZV0Q.pcm
SwiftExplicitDependencyGeneratePcm arm64 /Users/admin/builder/spi-builder-workspace/.derivedData/SDKExplicitPrecompiledModules/XPC-E1MSAZG4ZNL24S2WK6K6Y7GWW.pcm
SwiftExplicitDependencyGeneratePcm arm64 /Users/admin/builder/spi-builder-workspace/.derivedData/SDKExplicitPrecompiledModules/os-BYOEVK2GEMB4Q8WWHGZGREA00.pcm
SwiftExplicitDependencyGeneratePcm arm64 /Users/admin/builder/spi-builder-workspace/.derivedData/SDKExplicitPrecompiledModules/CoreAudioTypes-EEH2XZ47XX4YM3FOOISUYVRQE.pcm
SwiftExplicitDependencyGeneratePcm arm64 /Users/admin/builder/spi-builder-workspace/.derivedData/SDKExplicitPrecompiledModules/CFNetwork-CVHS5CT20191MFYXQIEDWSRGJ.pcm
SwiftExplicitDependencyGeneratePcm arm64 /Users/admin/builder/spi-builder-workspace/.derivedData/SDKExplicitPrecompiledModules/ColorSync-BBCIZDDQ6O3QECFAWJQ6RU4ZJ.pcm
SwiftExplicitDependencyGeneratePcm arm64 /Users/admin/builder/spi-builder-workspace/.derivedData/SDKExplicitPrecompiledModules/IOKit-6H3X691EDBH124EYTC2PEOP5T.pcm
SwiftExplicitDependencyGeneratePcm arm64 /Users/admin/builder/spi-builder-workspace/.derivedData/SDKExplicitPrecompiledModules/Security-ESPJ7FP0YAY1EL3VXBGY9MCZ8.pcm
SwiftExplicitDependencyGeneratePcm arm64 /Users/admin/builder/spi-builder-workspace/.derivedData/SDKExplicitPrecompiledModules/DiskArbitration-ZNZZU7T0SYELB0DAR56WQF0R.pcm
SwiftExplicitDependencyGeneratePcm arm64 /Users/admin/builder/spi-builder-workspace/.derivedData/SDKExplicitPrecompiledModules/CoreGraphics-5TRMNDB7ZP6FFMRNSZCWEOZMD.pcm
SwiftExplicitDependencyGeneratePcm arm64 /Users/admin/builder/spi-builder-workspace/.derivedData/SDKExplicitPrecompiledModules/CoreServices-CGCGY0FOMEQGSNMO3HQSC09XU.pcm
SwiftExplicitDependencyGeneratePcm arm64 /Users/admin/builder/spi-builder-workspace/.derivedData/SDKExplicitPrecompiledModules/ImageIO-88YNP2EU498GB5YXIFJ9ANNYW.pcm
SwiftExplicitDependencyGeneratePcm arm64 /Users/admin/builder/spi-builder-workspace/.derivedData/SDKExplicitPrecompiledModules/CoreText-C1WSF2HWGIKVJ2XHWBKXQBSEY.pcm
SwiftExplicitDependencyGeneratePcm arm64 /Users/admin/builder/spi-builder-workspace/.derivedData/SDKExplicitPrecompiledModules/Foundation-44WR0NU86C67CV5BW8W1MGKNG.pcm
SwiftExplicitDependencyGeneratePcm arm64 /Users/admin/builder/spi-builder-workspace/.derivedData/SDKExplicitPrecompiledModules/Accessibility-6F38G4T85MOHD9AA2EH4U2PJS.pcm
SwiftExplicitDependencyGeneratePcm arm64 /Users/admin/builder/spi-builder-workspace/.derivedData/SDKExplicitPrecompiledModules/IOSurface-1TUG4NQVIPJF59WSUNATZ447F.pcm
SwiftExplicitDependencyGeneratePcm arm64 /Users/admin/builder/spi-builder-workspace/.derivedData/SDKExplicitPrecompiledModules/DataDetection-5GDUUWT6YIA10PE5D9A8SXWZ9.pcm
SwiftExplicitDependencyGeneratePcm arm64 /Users/admin/builder/spi-builder-workspace/.derivedData/SDKExplicitPrecompiledModules/CoreAudio-8XPVZMQXZVBU162UQPW77JTL1.pcm
SwiftExplicitDependencyGeneratePcm arm64 /Users/admin/builder/spi-builder-workspace/.derivedData/SDKExplicitPrecompiledModules/CoreTransferable-2HJ1Z8HJBPECRD89AVJ0X7S63.pcm
SwiftExplicitDependencyGeneratePcm arm64 /Users/admin/builder/spi-builder-workspace/.derivedData/SDKExplicitPrecompiledModules/ApplicationServices-ALXSS633FQY42UMJSLR6MNLSK.pcm
SwiftExplicitDependencyGeneratePcm arm64 /Users/admin/builder/spi-builder-workspace/.derivedData/SDKExplicitPrecompiledModules/Symbols-2NFSQR6R0R96WH1KKGBXW1J.pcm
SwiftExplicitDependencyGeneratePcm arm64 /Users/admin/builder/spi-builder-workspace/.derivedData/SDKExplicitPrecompiledModules/UniformTypeIdentifiers-5LG8RE3Q01MBLZVRR3FFHHL5H.pcm
SwiftExplicitDependencyGeneratePcm arm64 /Users/admin/builder/spi-builder-workspace/.derivedData/SDKExplicitPrecompiledModules/CoreData-4EPJ39F9L3QQ9486B5AMG5G6J.pcm
SwiftExplicitDependencyGeneratePcm arm64 /Users/admin/builder/spi-builder-workspace/.derivedData/SDKExplicitPrecompiledModules/OSLog-1GSRGGGEESVJH9OULZA91RAA3.pcm
SwiftExplicitDependencyGeneratePcm arm64 /Users/admin/builder/spi-builder-workspace/.derivedData/SDKExplicitPrecompiledModules/OpenGL-FXV81CD8YS42YTVJKJH1VLGA.pcm
SwiftExplicitDependencyGeneratePcm arm64 /Users/admin/builder/spi-builder-workspace/.derivedData/SDKExplicitPrecompiledModules/Metal-KM8CI04R5X5OUWMGRMNZE4KP.pcm
SwiftExplicitDependencyGeneratePcm arm64 /Users/admin/builder/spi-builder-workspace/.derivedData/SDKExplicitPrecompiledModules/CoreVideo-11TKSDKW0L2K02H4B9ZHWLM3B.pcm
SwiftExplicitDependencyGeneratePcm arm64 /Users/admin/builder/spi-builder-workspace/.derivedData/SDKExplicitPrecompiledModules/CoreMedia-699WGYGEEF2LGFEEGSCM9Y1UF.pcm
SwiftExplicitDependencyGeneratePcm arm64 /Users/admin/builder/spi-builder-workspace/.derivedData/SDKExplicitPrecompiledModules/QuartzCore-AP21NXF3BYPWOG416U3DI6QME.pcm
SwiftExplicitDependencyGeneratePcm arm64 /Users/admin/builder/spi-builder-workspace/.derivedData/SDKExplicitPrecompiledModules/CoreImage-AKYY8VSFWQ6KIIXG3EQJ7PW5T.pcm
SwiftExplicitDependencyGeneratePcm arm64 /Users/admin/builder/spi-builder-workspace/.derivedData/SDKExplicitPrecompiledModules/SwiftUICore-ESLJM4CVIQEQNCRTK6KPAF1I7.pcm
SwiftExplicitDependencyGeneratePcm arm64 /Users/admin/builder/spi-builder-workspace/.derivedData/SDKExplicitPrecompiledModules/AppKit-C2WRQ26QXORUMMNQB0M8H4QYD.pcm
SwiftExplicitDependencyGeneratePcm arm64 /Users/admin/builder/spi-builder-workspace/.derivedData/SDKExplicitPrecompiledModules/SwiftUI-5IEOINZEJ69OCDVRMHPS5W4XI.pcm
SwiftEmitModule normal arm64 Emitting\ module\ for\ PageSheetCore (in target 'PageSheetCore' from project 'PageSheet')
/Users/admin/builder/spi-builder-workspace/Sources/PageSheetCore/PageSheet.swift:18:29: error: cannot find type 'UISheetPresentationController' in scope
16 | public enum PageSheet {
17 | /// An object that represents a height where a sheet naturally rests.
18 | public typealias Detent = UISheetPresentationController.Detent
| `- error: cannot find type 'UISheetPresentationController' in scope
19 |
20 | // MARK: - Configuration
/Users/admin/builder/spi-builder-workspace/Sources/PageSheetCore/EnvironmentValues+PageSheet.swift:3:16: error: type 'SelectedDetentIdentifier' does not conform to protocol 'EnvironmentKey'
1 | import SwiftUI
2 |
3 | private struct SelectedDetentIdentifier: EnvironmentKey {
| |- error: type 'SelectedDetentIdentifier' does not conform to protocol 'EnvironmentKey'
| `- note: add stubs for conformance
4 | static let defaultValue: PageSheet.Detent.Identifier? = nil
5 | }
SwiftUI.EnvironmentKey.Value:2:16: note: protocol requires nested type 'Value'
1 | protocol EnvironmentKey {
2 | associatedtype Value}
| `- note: protocol requires nested type 'Value'
3 |
/Users/admin/builder/spi-builder-workspace/Sources/PageSheetCore/PageSheet.swift:22:22: error: type 'PageSheet.Configuration' does not conform to protocol 'Equatable'
20 | // MARK: - Configuration
21 |
22 | fileprivate struct Configuration: Equatable {
| |- error: type 'PageSheet.Configuration' does not conform to protocol 'Equatable'
| `- note: add stubs for conformance
23 | var prefersGrabberVisible: Bool = false
24 | var detents: [Detent] = [.large()]
| `- note: stored property type '_' does not conform to protocol 'Equatable', preventing synthesized conformance of 'PageSheet.Configuration' to 'Equatable'
25 | var largestUndimmedDetentIdentifier: Detent.Identifier? = nil
| `- note: stored property type '_' does not conform to protocol 'Equatable', preventing synthesized conformance of 'PageSheet.Configuration' to 'Equatable'
26 | var selectedDetentIdentifier: Detent.Identifier? = nil
| `- note: stored property type '_' does not conform to protocol 'Equatable', preventing synthesized conformance of 'PageSheet.Configuration' to 'Equatable'
27 | var prefersEdgeAttachedInCompactHeight: Bool = false
28 | var widthFollowsPreferredContentSizeWhenEdgeAttached: Bool = false
Swift.==:1:24: note: candidate would match if 'PageSheet.Configuration' conformed to 'RawRepresentable'
1 | @inlinable public func == <T>(lhs: T, rhs: T) -> Bool where T : RawRepresentable, T.RawValue : Equatable
| `- note: candidate would match if 'PageSheet.Configuration' conformed to 'RawRepresentable'
Swift.FloatingPoint.==:2:20: note: candidate would match if 'PageSheet.Configuration' conformed to 'FloatingPoint'
1 | protocol FloatingPoint {
2 | public static func == (lhs: Self, rhs: Self) -> Bool}
| `- note: candidate would match if 'PageSheet.Configuration' conformed to 'FloatingPoint'
3 |
Swift.BinaryInteger.==:2:20: note: candidate would match if 'PageSheet.Configuration' conformed to 'BinaryInteger'
1 | protocol BinaryInteger {
2 | public static func == <Other>(lhs: Self, rhs: Other) -> Bool where Other : BinaryInteger}
| `- note: candidate would match if 'PageSheet.Configuration' conformed to 'BinaryInteger'
3 |
Swift._Pointer.==:2:20: note: candidate would match if 'PageSheet.Configuration' conformed to '_Pointer'
1 | protocol _Pointer {
2 | public static func == (lhs: Self, rhs: Self) -> Bool}
| `- note: candidate would match if 'PageSheet.Configuration' conformed to '_Pointer'
3 |
Swift._Pointer.==:2:31: note: candidate would match if 'PageSheet.Configuration' conformed to '_Pointer'
1 | protocol _Pointer {
2 | @inlinable public static func == <Other>(lhs: Self, rhs: Other) -> Bool where Other : _Pointer}
| `- note: candidate would match if 'PageSheet.Configuration' conformed to '_Pointer'
3 |
Swift.Strideable.==:2:31: note: candidate would match if 'PageSheet.Configuration' conformed to 'Strideable'
1 | protocol Strideable {
2 | @inlinable public static func == (x: Self, y: Self) -> Bool}
| `- note: candidate would match if 'PageSheet.Configuration' conformed to 'Strideable'
3 |
Swift.StringProtocol.==:2:31: note: candidate would match if 'PageSheet.Configuration' conformed to 'StringProtocol'
1 | protocol StringProtocol {
2 | @inlinable public static func == <RHS>(lhs: Self, rhs: RHS) -> Bool where RHS : StringProtocol}
| `- note: candidate would match if 'PageSheet.Configuration' conformed to 'StringProtocol'
3 |
Swift.SIMD.==:2:20: note: candidate would match if 'PageSheet.Configuration' conformed to 'SIMD'
1 | protocol SIMD {
2 | public static func == (a: Self, b: Self) -> Bool}
| `- note: candidate would match if 'PageSheet.Configuration' conformed to 'SIMD'
3 |
Foundation.AttributedStringProtocol.==:2:20: note: candidate would match if 'PageSheet.Configuration' conformed to 'AttributedStringProtocol'
1 | protocol AttributedStringProtocol {
2 | public static func == <RHS>(lhs: Self, rhs: RHS) -> Bool where RHS : AttributedStringProtocol}
| `- note: candidate would match if 'PageSheet.Configuration' conformed to 'AttributedStringProtocol'
3 |
Foundation._BridgedStoredNSError.==:2:20: note: candidate would match if 'PageSheet.Configuration' conformed to '_BridgedStoredNSError'
1 | protocol _BridgedStoredNSError {
2 | public static func == (lhs: Self, rhs: Self) -> Bool}
| `- note: candidate would match if 'PageSheet.Configuration' conformed to '_BridgedStoredNSError'
3 |
CoreFoundation._CFObject.==:2:20: note: candidate would match if 'PageSheet.Configuration' conformed to '_CFObject'
1 | protocol _CFObject {
2 | public static func == (left: Self, right: Self) -> Bool}
| `- note: candidate would match if 'PageSheet.Configuration' conformed to '_CFObject'
3 |
Swift.Equatable.==:2:13: note: protocol requires function '==' with type '(borrowing PageSheet.Configuration, borrowing PageSheet.Configuration) -> Bool'
1 | protocol Equatable {
2 | static func == (lhs: borrowing Self, rhs: borrowing Self) -> Bool}
| `- note: protocol requires function '==' with type '(borrowing PageSheet.Configuration, borrowing PageSheet.Configuration) -> Bool'
3 |
macro expansion @State:7:48: error: could not infer type for placeholder
`- /Users/admin/builder/spi-builder-workspace/Sources/PageSheetCore/PageSheet.swift:43:51: note: expanded code originates here
40 | private var configuration: Configuration = .default
41 |
42 | @State
| `- note: in expansion of macro 'State' on property 'selectedDetent' here
43 | private var selectedDetent: Detent.Identifier?
+--- macro expansion @State ----------------------------------------
| 5 |
| 6 | @SwiftUICore._StatePropertyWrapperStorage(initialValue: "JHMxM1BhZ2VTaGVldENvcmUwYUIwTzIxQ29uZmlndXJlZEhvc3RpbmdWaWV3VjE0c2VsZWN0ZWREZXRlbnQzM19BRTk1OTY0RDMxNDBCOTM4QkZEQTZDMzk4NDBDRDI0MExMNVN0YXRlZk1wXzIwX2luaXRpYWxTdG9yZWRWYWx1ZV9mTXVf")
| 7 | private var _selectedDetent: SwiftUICore.State<_>! = SwiftUICore._stateNil(of: {
| | `- error: could not infer type for placeholder
| 8 | SwiftUICore.State<Detent.Identifier?>(initialValue: nil)
| 9 | })
+-------------------------------------------------------------------
44 |
45 | let content: Content
/Users/admin/builder/spi-builder-workspace/Sources/PageSheetCore/PageSheet.swift:84:55: error: cannot find type 'UIHostingController' in scope
82 | // MARK: - HostingController
83 |
84 | fileprivate class HostingController<Content: View>: UIHostingController<Content>,
| `- error: cannot find type 'UIHostingController' in scope
85 | UISheetPresentationControllerDelegate
86 | {
/Users/admin/builder/spi-builder-workspace/Sources/PageSheetCore/PageSheet.swift:85:5: error: cannot find type 'UISheetPresentationControllerDelegate' in scope
83 |
84 | fileprivate class HostingController<Content: View>: UIHostingController<Content>,
85 | UISheetPresentationControllerDelegate
| `- error: cannot find type 'UISheetPresentationControllerDelegate' in scope
86 | {
87 | var configuration: Configuration = .default {
/Users/admin/builder/spi-builder-workspace/Sources/PageSheetCore/PageSheet.swift:89:29: error: value of type 'PageSheet.HostingController<Content>' has no member 'sheetPresentationController'
87 | var configuration: Configuration = .default {
88 | didSet {
89 | if let sheet = self.sheetPresentationController {
| `- error: value of type 'PageSheet.HostingController<Content>' has no member 'sheetPresentationController'
90 | if sheet.delegate == nil {
91 | sheet.delegate = self
/Users/admin/builder/spi-builder-workspace/Sources/PageSheetCore/PageSheet.swift:123:19: error: method does not override any method from its superclass
121 | }
122 |
123 | override func viewWillDisappear(_ animated: Bool) {
| `- error: method does not override any method from its superclass
124 | super.viewWillDisappear(animated)
125 |
/Users/admin/builder/spi-builder-workspace/Sources/PageSheetCore/PageSheet.swift:133:16: error: cannot find type 'UISheetPresentationController' in scope
131 |
132 | func sheetPresentationControllerDidChangeSelectedDetentIdentifier(
133 | _ sheet: UISheetPresentationController
| `- error: cannot find type 'UISheetPresentationController' in scope
134 | ) {
135 | self.selectedDetent = sheet.selectedDetentIdentifier
macro expansion @State:7:58: error: could not infer type for placeholder
`- /Users/admin/builder/spi-builder-workspace/Sources/PageSheetCore/PageSheet.swift:149:61: note: expanded code originates here
146 | var selectedDetent: Detent.Identifier?
147 |
148 | @State
| `- note: in expansion of macro 'State' on property 'selectedDetentIdentifier' here
149 | private var selectedDetentIdentifier: Detent.Identifier?
+--- macro expansion @State ----------------------------------------
| 5 |
| 6 | @SwiftUICore._StatePropertyWrapperStorage(initialValue: "JHMxM1BhZ2VTaGVldENvcmUwYUIwTzExSG9zdGluZ1ZpZXczM19BRTk1OTY0RDMxNDBCOTM4QkZEQTZDMzk4NDBDRDI0MExMVjI0c2VsZWN0ZWREZXRlbnRJZGVudGlmaWVyNVN0YXRlZk1wXzIwX2luaXRpYWxTdG9yZWRWYWx1ZV9mTXVf")
| 7 | private var _selectedDetentIdentifier: SwiftUICore.State<_>! = SwiftUICore._stateNil(of: {
| | `- error: could not infer type for placeholder
| 8 | SwiftUICore.State<Detent.Identifier?>(initialValue: nil)
| 9 | })
+-------------------------------------------------------------------
150 |
151 | let content: Content
/Users/admin/builder/spi-builder-workspace/Sources/PageSheetCore/PageSheet.swift:153:40: error: cannot find type 'Context' in scope
151 | let content: Content
152 |
153 | func makeUIViewController(context: Context) -> HostingController<Content> {
| `- error: cannot find type 'Context' in scope
154 | HostingController(
155 | rootView: content,
/Users/admin/builder/spi-builder-workspace/Sources/PageSheetCore/PageSheet.swift:160:84: error: cannot find type 'Context' in scope
158 | }
159 |
160 | func updateUIViewController(_ controller: HostingController<Content>, context: Context) {
| `- error: cannot find type 'Context' in scope
161 | if controller.configuration != configuration, configuration != .default {
162 | controller.configuration = configuration
/Users/admin/builder/spi-builder-workspace/Sources/PageSheetCore/PageSheet.swift:141:50: error: cannot find type 'UIViewControllerRepresentable' in scope
139 | // MARK: - HostingView
140 |
141 | fileprivate struct HostingView<Content: View>: UIViewControllerRepresentable {
| `- error: cannot find type 'UIViewControllerRepresentable' in scope
142 | @Binding
143 | var configuration: Configuration
/Users/admin/builder/spi-builder-workspace/Sources/PageSheetCore/PageSheet.swift:235:19: error: type 'PageSheet.Preference.Detents' does not conform to protocol 'PreferenceKey'
233 | }
234 |
235 | public struct Detents: AutomaticPreferenceKey {
| |- error: type 'PageSheet.Preference.Detents' does not conform to protocol 'PreferenceKey'
| `- note: add stubs for conformance
236 | public static var defaultValue: [PageSheet.Detent] = Configuration.default.detents
237 | }
SwiftUI.PreferenceKey.Value:2:16: note: protocol requires nested type 'Value'
1 | protocol PreferenceKey {
2 | associatedtype Value}
| `- note: protocol requires nested type 'Value'
3 |
/Users/admin/builder/spi-builder-workspace/Sources/PageSheetCore/PageSheet.swift:239:19: error: type 'PageSheet.Preference.LargestUndimmedDetentIdentifier' does not conform to protocol 'PreferenceKey'
237 | }
238 |
239 | public struct LargestUndimmedDetentIdentifier: AutomaticPreferenceKey {
| |- error: type 'PageSheet.Preference.LargestUndimmedDetentIdentifier' does not conform to protocol 'PreferenceKey'
| `- note: add stubs for conformance
240 | public static var defaultValue: Detent.Identifier? = Configuration.default
241 | .largestUndimmedDetentIdentifier
SwiftUI.PreferenceKey.Value:2:16: note: protocol requires nested type 'Value'
1 | protocol PreferenceKey {
2 | associatedtype Value}
| `- note: protocol requires nested type 'Value'
3 |
/Users/admin/builder/spi-builder-workspace/Sources/PageSheetCore/PageSheet.swift:244:19: error: type 'PageSheet.Preference.SelectedDetentIdentifier' does not conform to protocol 'PreferenceKey'
242 | }
243 |
244 | public struct SelectedDetentIdentifier: AutomaticPreferenceKey {
| |- error: type 'PageSheet.Preference.SelectedDetentIdentifier' does not conform to protocol 'PreferenceKey'
| `- note: add stubs for conformance
245 | public static var defaultValue: Detent.Identifier? = Configuration.default
246 | .selectedDetentIdentifier
SwiftUI.PreferenceKey.Value:2:16: note: protocol requires nested type 'Value'
1 | protocol PreferenceKey {
2 | associatedtype Value}
| `- note: protocol requires nested type 'Value'
3 |
/Users/admin/builder/spi-builder-workspace/Sources/PageSheetCore/PageSheet.swift:273:21: error: type 'SheetPreference' does not conform to protocol 'Hashable'
271 |
272 | /// Set of preferences that can be applied to a sheet presentation.
273 | @frozen public enum SheetPreference: Hashable {
| `- error: type 'SheetPreference' does not conform to protocol 'Hashable'
274 | /// Sets a Boolean value that determines whether the presenting sheet shows a grabber at the top.
275 | ///
:
287 | /// The array must contain at least one element. When you set this value, specify detents in order from smallest to largest height.
288 | ///
289 | case detents([PageSheet.Detent])
| `- note: associated value type '_' does not conform to protocol 'Hashable', preventing synthesized conformance of 'SheetPreference' to 'Hashable'
290 |
291 | /// Sets the largest detent that doesn’t dim the view underneath the presenting sheet.
:
298 | /// You can use this behavior for sheets with interactive content underneath them.
299 | ///
300 | case largestUndimmedDetent(id: PageSheet.Detent.Identifier?)
| `- note: associated value type '_' does not conform to protocol 'Hashable', preventing synthesized conformance of 'SheetPreference' to 'Hashable'
301 |
302 | /// Sets the identifier of the most recently selected detent on the presenting sheet.
:
306 | /// Detents can be modified using the ``PageSheetCore/SheetPreference/detents(_:)`` sheet preference.
307 | ///
308 | case selectedDetent(id: PageSheet.Detent.Identifier?)
| `- note: associated value type '_' does not conform to protocol 'Hashable', preventing synthesized conformance of 'SheetPreference' to 'Hashable'
309 |
310 | /// Sets a Boolean value that determines whether the presenting sheet attaches to the bottom edge of the screen in a compact-height size class.
/Users/admin/builder/spi-builder-workspace/Sources/PageSheetCore/PageSheet.swift:273:21: error: type 'SheetPreference' does not conform to protocol 'Equatable'
271 |
272 | /// Set of preferences that can be applied to a sheet presentation.
273 | @frozen public enum SheetPreference: Hashable {
| |- error: type 'SheetPreference' does not conform to protocol 'Equatable'
| `- note: add stubs for conformance
274 | /// Sets a Boolean value that determines whether the presenting sheet shows a grabber at the top.
275 | ///
:
287 | /// The array must contain at least one element. When you set this value, specify detents in order from smallest to largest height.
288 | ///
289 | case detents([PageSheet.Detent])
| `- note: associated value type '_' does not conform to protocol 'Equatable', preventing synthesized conformance of 'SheetPreference' to 'Equatable'
290 |
291 | /// Sets the largest detent that doesn’t dim the view underneath the presenting sheet.
:
298 | /// You can use this behavior for sheets with interactive content underneath them.
299 | ///
300 | case largestUndimmedDetent(id: PageSheet.Detent.Identifier?)
| `- note: associated value type '_' does not conform to protocol 'Equatable', preventing synthesized conformance of 'SheetPreference' to 'Equatable'
301 |
302 | /// Sets the identifier of the most recently selected detent on the presenting sheet.
:
306 | /// Detents can be modified using the ``PageSheetCore/SheetPreference/detents(_:)`` sheet preference.
307 | ///
308 | case selectedDetent(id: PageSheet.Detent.Identifier?)
| `- note: associated value type '_' does not conform to protocol 'Equatable', preventing synthesized conformance of 'SheetPreference' to 'Equatable'
309 |
310 | /// Sets a Boolean value that determines whether the presenting sheet attaches to the bottom edge of the screen in a compact-height size class.
Swift.==:1:24: note: candidate would match if 'SheetPreference' conformed to 'RawRepresentable'
1 | @inlinable public func == <T>(lhs: T, rhs: T) -> Bool where T : RawRepresentable, T.RawValue : Equatable
| `- note: candidate would match if 'SheetPreference' conformed to 'RawRepresentable'
Swift.FloatingPoint.==:2:20: note: candidate would match if 'SheetPreference' conformed to 'FloatingPoint'
1 | protocol FloatingPoint {
2 | public static func == (lhs: Self, rhs: Self) -> Bool}
| `- note: candidate would match if 'SheetPreference' conformed to 'FloatingPoint'
3 |
Swift.BinaryInteger.==:2:20: note: candidate would match if 'SheetPreference' conformed to 'BinaryInteger'
1 | protocol BinaryInteger {
2 | public static func == <Other>(lhs: Self, rhs: Other) -> Bool where Other : BinaryInteger}
| `- note: candidate would match if 'SheetPreference' conformed to 'BinaryInteger'
3 |
Swift._Pointer.==:2:20: note: candidate would match if 'SheetPreference' conformed to '_Pointer'
1 | protocol _Pointer {
2 | public static func == (lhs: Self, rhs: Self) -> Bool}
| `- note: candidate would match if 'SheetPreference' conformed to '_Pointer'
3 |
Swift._Pointer.==:2:31: note: candidate would match if 'SheetPreference' conformed to '_Pointer'
1 | protocol _Pointer {
2 | @inlinable public static func == <Other>(lhs: Self, rhs: Other) -> Bool where Other : _Pointer}
| `- note: candidate would match if 'SheetPreference' conformed to '_Pointer'
3 |
Swift.Strideable.==:2:31: note: candidate would match if 'SheetPreference' conformed to 'Strideable'
1 | protocol Strideable {
2 | @inlinable public static func == (x: Self, y: Self) -> Bool}
| `- note: candidate would match if 'SheetPreference' conformed to 'Strideable'
3 |
Swift.StringProtocol.==:2:31: note: candidate would match if 'SheetPreference' conformed to 'StringProtocol'
1 | protocol StringProtocol {
2 | @inlinable public static func == <RHS>(lhs: Self, rhs: RHS) -> Bool where RHS : StringProtocol}
| `- note: candidate would match if 'SheetPreference' conformed to 'StringProtocol'
3 |
Swift.SIMD.==:2:20: note: candidate would match if 'SheetPreference' conformed to 'SIMD'
1 | protocol SIMD {
2 | public static func == (a: Self, b: Self) -> Bool}
| `- note: candidate would match if 'SheetPreference' conformed to 'SIMD'
3 |
Foundation.AttributedStringProtocol.==:2:20: note: candidate would match if 'SheetPreference' conformed to 'AttributedStringProtocol'
1 | protocol AttributedStringProtocol {
2 | public static func == <RHS>(lhs: Self, rhs: RHS) -> Bool where RHS : AttributedStringProtocol}
| `- note: candidate would match if 'SheetPreference' conformed to 'AttributedStringProtocol'
3 |
Foundation._BridgedStoredNSError.==:2:20: note: candidate would match if 'SheetPreference' conformed to '_BridgedStoredNSError'
1 | protocol _BridgedStoredNSError {
2 | public static func == (lhs: Self, rhs: Self) -> Bool}
| `- note: candidate would match if 'SheetPreference' conformed to '_BridgedStoredNSError'
3 |
CoreFoundation._CFObject.==:2:20: note: candidate would match if 'SheetPreference' conformed to '_CFObject'
1 | protocol _CFObject {
2 | public static func == (left: Self, right: Self) -> Bool}
| `- note: candidate would match if 'SheetPreference' conformed to '_CFObject'
3 |
Swift.Equatable.==:2:13: note: protocol requires function '==' with type '(borrowing SheetPreference, borrowing SheetPreference) -> Bool'
1 | protocol Equatable {
2 | static func == (lhs: borrowing Self, rhs: borrowing Self) -> Bool}
| `- note: protocol requires function '==' with type '(borrowing SheetPreference, borrowing SheetPreference) -> Bool'
3 |
Failed frontend command:
SwiftCompile normal arm64 (in target 'PageSheetCore' from project 'PageSheet')
cd /Users/admin/builder/spi-builder-workspace/.swiftpm/xcode
/Applications/Xcode-27.0.0-Release.Candidate.app/Contents/Developer/Toolchains/XcodeDefault.xctoolchain/usr/bin/swift-frontend -frontend -emit-module -experimental-skip-non-inlinable-function-bodies-without-types /Users/admin/builder/spi-builder-workspace/Sources/PageSheetCore/EnvironmentValues+PageSheet.swift /Users/admin/builder/spi-builder-workspace/Sources/PageSheetCore/PageSheet.swift /Users/admin/builder/spi-builder-workspace/Sources/PageSheetCore/PageSheetView.swift /Users/admin/builder/spi-builder-workspace/Sources/PageSheetCore/View+PageSheet.swift -target arm64-apple-macos12.0 -disable-cross-import-overlay-search -load-resolved-plugin /Applications/Xcode-27.0.0-Release.Candidate.app/Contents/Developer/Platforms/MacOSX.platform/Developer/usr/lib/swift/host/plugins/libFoundationMacros.dylib\#/Applications/Xcode-27.0.0-Release.Candidate.app/Contents/Developer/Platforms/MacOSX.platform/Developer/usr/bin/swift-plugin-server\#FoundationMacros -load-resolved-plugin /Applications/Xcode-27.0.0-Release.Candidate.app/Contents/Developer/Platforms/MacOSX.platform/Developer/usr/lib/swift/host/plugins/libObservationMacros.dylib\#/Applications/Xcode-27.0.0-Release.Candidate.app/Contents/Developer/Platforms/MacOSX.platform/Developer/usr/bin/swift-plugin-server\#ObservationMacros -load-resolved-plugin /Applications/Xcode-27.0.0-Release.Candidate.app/Contents/Developer/Platforms/MacOSX.platform/Developer/usr/lib/swift/host/plugins/libPreviewsMacros.dylib\#/Applications/Xcode-27.0.0-Release.Candidate.app/Contents/Developer/Platforms/MacOSX.platform/Developer/usr/bin/swift-plugin-server\#PreviewsMacros -load-resolved-plugin /Applications/Xcode-27.0.0-Release.Candidate.app/Contents/Developer/Platforms/MacOSX.platform/Developer/usr/lib/swift/host/plugins/libSwiftMacros.dylib\#/Applications/Xcode-27.0.0-Release.Candidate.app/Contents/Developer/Platforms/MacOSX.platform/Developer/usr/bin/swift-plugin-server\#SwiftMacros -load-resolved-plugin /Applications/Xcode-27.0.0-Release.Candidate.app/Contents/Developer/Platforms/MacOSX.platform/Developer/usr/lib/swift/host/plugins/libSwiftUIMacros.dylib\#/Applications/Xcode-27.0.0-Release.Candidate.app/Contents/Developer/Platforms/MacOSX.platform/Developer/usr/bin/swift-plugin-server\#SwiftUIMacros -disable-implicit-swift-modules -Xcc -fno-implicit-modules -Xcc -fno-implicit-module-maps -explicit-swift-module-map-file /Users/admin/builder/spi-builder-workspace/.derivedData/Build/Intermediates.noindex/PageSheet.build/Debug/PageSheetCore-t.build/Objects-normal/arm64/PageSheetCore-dependencies-1.json -Xllvm -aarch64-use-tbi -enable-objc-interop -stack-check -sdk /Applications/Xcode-27.0.0-Release.Candidate.app/Contents/Developer/Platforms/MacOSX.platform/Developer/SDKs/MacOSX27.0.sdk -I /Users/admin/builder/spi-builder-workspace/.derivedData/Build/Products/Debug -Isystem /Applications/Xcode-27.0.0-Release.Candidate.app/Contents/Developer/Platforms/MacOSX.platform/Developer/usr/lib -F /Users/admin/builder/spi-builder-workspace/.derivedData/Build/Products/Debug -F /Applications/Xcode-27.0.0-Release.Candidate.app/Contents/Developer/Platforms/MacOSX.platform/Developer/Library/Frameworks -module-cache-path /Users/admin/builder/spi-builder-workspace/.derivedData/Build/Intermediates.noindex/SwiftExplicitPrecompiledModules -no-color-diagnostics -Xcc -fno-color-diagnostics -enable-testing -g -debug-info-format\=dwarf -dwarf-version\=4 -swift-version 5 -Onone -D SWIFT_PACKAGE -D DEBUG -D SWIFT_MODULE_RESOURCE_BUNDLE_UNAVAILABLE -D Xcode -serialize-debugging-options -enable-experimental-feature DebugDescriptionMacro -empty-abi-descriptor -validate-clang-modules-once -clang-build-session-file /Users/admin/builder/spi-builder-workspace/.derivedData/ModuleCache.noindex/Session.modulevalidation -Xcc -working-directory -Xcc /Users/admin/builder/spi-builder-workspace/.swiftpm/xcode -enable-anonymous-context-mangled-names -file-compilation-dir /Users/admin/builder/spi-builder-workspace/.swiftpm/xcode -Xcc -D_LIBCPP_HARDENING_MODE\=_LIBCPP_HARDENING_MODE_DEBUG -Xcc -ivfsstatcache -Xcc /Users/admin/builder/spi-builder-workspace/.derivedData/SDKStatCaches.noindex/macosx27.0-26A425-e829b21a6f8c9b70876ba0858053c0446a22442a12e9d48fe1a705f55a1adfc4.sdkstatcache -Xcc -fmodules-prune-interval\=86400 -Xcc -fmodules-prune-after\=345600 -Xcc -I/Users/admin/builder/spi-builder-workspace/.derivedData/Build/Products/Debug/include -Xcc -I/Users/admin/builder/spi-builder-workspace/.derivedData/Build/Intermediates.noindex/PageSheet.build/Debug/PageSheetCore-t.build/DerivedSources-normal/arm64 -Xcc -I/Users/admin/builder/spi-builder-workspace/.derivedData/Build/Intermediates.noindex/PageSheet.build/Debug/PageSheetCore-t.build/DerivedSources/arm64 -Xcc -I/Users/admin/builder/spi-builder-workspace/.derivedData/Build/Intermediates.noindex/PageSheet.build/Debug/PageSheetCore-t.build/DerivedSources -Xcc -DSWIFT_PACKAGE -Xcc -DDEBUG\=1 -no-auto-bridging-header-chaining -module-name PageSheetCore -const-gather-protocols-file /Users/admin/builder/spi-builder-workspace/.derivedData/Build/Intermediates.noindex/PageSheet.build/Debug/PageSheetCore-t.build/Objects-normal/arm64/PageSheetCore_const_extract_protocols.json -disable-clang-spi -clang-target arm64-apple-macos27.0 -target-sdk-version 27.0 -target-sdk-name macosx27.0 -in-process-plugin-server-path /Applications/Xcode-27.0.0-Release.Candidate.app/Contents/Developer/Toolchains/XcodeDefault.xctoolchain/usr/lib/swift/host/libSwiftInProcPluginServer.dylib -emit-module-doc-path /Users/admin/builder/spi-builder-workspace/.derivedData/Build/Intermediates.noindex/PageSheet.build/Debug/PageSheetCore-t.build/Objects-normal/arm64/PageSheetCore.swiftdoc -emit-module-source-info-path /Users/admin/builder/spi-builder-workspace/.derivedData/Build/Intermediates.noindex/PageSheet.build/Debug/PageSheetCore-t.build/Objects-normal/arm64/PageSheetCore.swiftsourceinfo -emit-objc-header-path /Users/admin/builder/spi-builder-workspace/.derivedData/Build/Intermediates.noindex/PageSheet.build/Debug/PageSheetCore-t.build/Objects-normal/arm64/PageSheetCore-Swift.h -serialize-diagnostics-path /Users/admin/builder/spi-builder-workspace/.derivedData/Build/Intermediates.noindex/PageSheet.build/Debug/PageSheetCore-t.build/Objects-normal/arm64/PageSheetCore-primary-emit-module.dia -emit-dependencies-path /Users/admin/builder/spi-builder-workspace/.derivedData/Build/Intermediates.noindex/PageSheet.build/Debug/PageSheetCore-t.build/Objects-normal/arm64/PageSheetCore-primary-emit-module.d -parse-as-library -o /Users/admin/builder/spi-builder-workspace/.derivedData/Build/Intermediates.noindex/PageSheet.build/Debug/PageSheetCore-t.build/Objects-normal/arm64/PageSheetCore.swiftmodule -emit-abi-descriptor-path /Users/admin/builder/spi-builder-workspace/.derivedData/Build/Intermediates.noindex/PageSheet.build/Debug/PageSheetCore-t.build/Objects-normal/arm64/PageSheetCore.abi.json
SwiftCompile normal arm64 Compiling\ EnvironmentValues+PageSheet.swift /Users/admin/builder/spi-builder-workspace/Sources/PageSheetCore/EnvironmentValues+PageSheet.swift (in target 'PageSheetCore' from project 'PageSheet')
SwiftCompile normal arm64 /Users/admin/builder/spi-builder-workspace/Sources/PageSheetCore/EnvironmentValues+PageSheet.swift (in target 'PageSheetCore' from project 'PageSheet')
cd /Users/admin/builder/spi-builder-workspace/.swiftpm/xcode
builtin-SwiftPerFileCompile EnvironmentValues+PageSheet.swift
/Users/admin/builder/spi-builder-workspace/Sources/PageSheetCore/PageSheet.swift:18:29: error: cannot find type 'UISheetPresentationController' in scope
16 | public enum PageSheet {
17 | /// An object that represents a height where a sheet naturally rests.
18 | public typealias Detent = UISheetPresentationController.Detent
| `- error: cannot find type 'UISheetPresentationController' in scope
19 |
20 | // MARK: - Configuration
SwiftEmitModule normal arm64 Emitting\ module\ for\ ViewModifierBuilder (in target 'ViewModifierBuilder' from project 'ViewModifierBuilder')
SwiftCompile normal arm64 (in target 'ViewModifierBuilder' from project 'ViewModifierBuilder')
cd /Users/admin/builder/spi-builder-workspace/.swiftpm/xcode
SwiftCompile normal arm64 Compiling\ PageSheet.swift /Users/admin/builder/spi-builder-workspace/Sources/PageSheetCore/PageSheet.swift (in target 'PageSheetCore' from project 'PageSheet')
/Users/admin/builder/spi-builder-workspace/Sources/PageSheetCore/PageSheet.swift:18:29: error: cannot find type 'UISheetPresentationController' in scope
16 | public enum PageSheet {
17 | /// An object that represents a height where a sheet naturally rests.
18 | public typealias Detent = UISheetPresentationController.Detent
| `- error: cannot find type 'UISheetPresentationController' in scope
19 |
20 | // MARK: - Configuration
/Users/admin/builder/spi-builder-workspace/Sources/PageSheetCore/PageSheet.swift:22:22: error: type 'PageSheet.Configuration' does not conform to protocol 'Equatable'
20 | // MARK: - Configuration
21 |
22 | fileprivate struct Configuration: Equatable {
| |- error: type 'PageSheet.Configuration' does not conform to protocol 'Equatable'
| `- note: add stubs for conformance
23 | var prefersGrabberVisible: Bool = false
24 | var detents: [Detent] = [.large()]
| `- note: stored property type '_' does not conform to protocol 'Equatable', preventing synthesized conformance of 'PageSheet.Configuration' to 'Equatable'
25 | var largestUndimmedDetentIdentifier: Detent.Identifier? = nil
| `- note: stored property type '_' does not conform to protocol 'Equatable', preventing synthesized conformance of 'PageSheet.Configuration' to 'Equatable'
26 | var selectedDetentIdentifier: Detent.Identifier? = nil
| `- note: stored property type '_' does not conform to protocol 'Equatable', preventing synthesized conformance of 'PageSheet.Configuration' to 'Equatable'
27 | var prefersEdgeAttachedInCompactHeight: Bool = false
28 | var widthFollowsPreferredContentSizeWhenEdgeAttached: Bool = false
Swift.==:1:24: note: candidate would match if 'PageSheet.Configuration' conformed to 'RawRepresentable'
1 | @inlinable public func == <T>(lhs: T, rhs: T) -> Bool where T : RawRepresentable, T.RawValue : Equatable
| `- note: candidate would match if 'PageSheet.Configuration' conformed to 'RawRepresentable'
Swift.FloatingPoint.==:2:20: note: candidate would match if 'PageSheet.Configuration' conformed to 'FloatingPoint'
1 | protocol FloatingPoint {
2 | public static func == (lhs: Self, rhs: Self) -> Bool}
| `- note: candidate would match if 'PageSheet.Configuration' conformed to 'FloatingPoint'
3 |
Swift.BinaryInteger.==:2:20: note: candidate would match if 'PageSheet.Configuration' conformed to 'BinaryInteger'
1 | protocol BinaryInteger {
2 | public static func == <Other>(lhs: Self, rhs: Other) -> Bool where Other : BinaryInteger}
| `- note: candidate would match if 'PageSheet.Configuration' conformed to 'BinaryInteger'
3 |
Swift._Pointer.==:2:20: note: candidate would match if 'PageSheet.Configuration' conformed to '_Pointer'
1 | protocol _Pointer {
2 | public static func == (lhs: Self, rhs: Self) -> Bool}
| `- note: candidate would match if 'PageSheet.Configuration' conformed to '_Pointer'
3 |
Swift._Pointer.==:2:31: note: candidate would match if 'PageSheet.Configuration' conformed to '_Pointer'
1 | protocol _Pointer {
2 | @inlinable public static func == <Other>(lhs: Self, rhs: Other) -> Bool where Other : _Pointer}
| `- note: candidate would match if 'PageSheet.Configuration' conformed to '_Pointer'
3 |
Swift.Strideable.==:2:31: note: candidate would match if 'PageSheet.Configuration' conformed to 'Strideable'
1 | protocol Strideable {
2 | @inlinable public static func == (x: Self, y: Self) -> Bool}
| `- note: candidate would match if 'PageSheet.Configuration' conformed to 'Strideable'
3 |
Swift.StringProtocol.==:2:31: note: candidate would match if 'PageSheet.Configuration' conformed to 'StringProtocol'
1 | protocol StringProtocol {
2 | @inlinable public static func == <RHS>(lhs: Self, rhs: RHS) -> Bool where RHS : StringProtocol}
| `- note: candidate would match if 'PageSheet.Configuration' conformed to 'StringProtocol'
3 |
Swift.SIMD.==:2:20: note: candidate would match if 'PageSheet.Configuration' conformed to 'SIMD'
1 | protocol SIMD {
2 | public static func == (a: Self, b: Self) -> Bool}
| `- note: candidate would match if 'PageSheet.Configuration' conformed to 'SIMD'
3 |
Foundation.AttributedStringProtocol.==:2:20: note: candidate would match if 'PageSheet.Configuration' conformed to 'AttributedStringProtocol'
1 | protocol AttributedStringProtocol {
2 | public static func == <RHS>(lhs: Self, rhs: RHS) -> Bool where RHS : AttributedStringProtocol}
| `- note: candidate would match if 'PageSheet.Configuration' conformed to 'AttributedStringProtocol'
3 |
Foundation._BridgedStoredNSError.==:2:20: note: candidate would match if 'PageSheet.Configuration' conformed to '_BridgedStoredNSError'
1 | protocol _BridgedStoredNSError {
2 | public static func == (lhs: Self, rhs: Self) -> Bool}
| `- note: candidate would match if 'PageSheet.Configuration' conformed to '_BridgedStoredNSError'
3 |
CoreFoundation._CFObject.==:2:20: note: candidate would match if 'PageSheet.Configuration' conformed to '_CFObject'
1 | protocol _CFObject {
2 | public static func == (left: Self, right: Self) -> Bool}
| `- note: candidate would match if 'PageSheet.Configuration' conformed to '_CFObject'
3 |
Swift.Equatable.==:2:13: note: protocol requires function '==' with type '(borrowing PageSheet.Configuration, borrowing PageSheet.Configuration) -> Bool'
1 | protocol Equatable {
2 | static func == (lhs: borrowing Self, rhs: borrowing Self) -> Bool}
| `- note: protocol requires function '==' with type '(borrowing PageSheet.Configuration, borrowing PageSheet.Configuration) -> Bool'
3 |
macro expansion @State:7:48: error: could not infer type for placeholder
`- /Users/admin/builder/spi-builder-workspace/Sources/PageSheetCore/PageSheet.swift:43:51: note: expanded code originates here
40 | private var configuration: Configuration = .default
41 |
42 | @State
| `- note: in expansion of macro 'State' on property 'selectedDetent' here
43 | private var selectedDetent: Detent.Identifier?
+--- macro expansion @State ----------------------------------------
| 5 |
| 6 | @SwiftUICore._StatePropertyWrapperStorage(initialValue: "JHMxM1BhZ2VTaGVldENvcmUwYUIwTzIxQ29uZmlndXJlZEhvc3RpbmdWaWV3VjE0c2VsZWN0ZWREZXRlbnQzM19BRTk1OTY0RDMxNDBCOTM4QkZEQTZDMzk4NDBDRDI0MExMNVN0YXRlZk1wXzIwX2luaXRpYWxTdG9yZWRWYWx1ZV9mTXVf")
| 7 | private var _selectedDetent: SwiftUICore.State<_>! = SwiftUICore._stateNil(of: {
| | `- error: could not infer type for placeholder
| 8 | SwiftUICore.State<Detent.Identifier?>(initialValue: nil)
| 9 | })
+-------------------------------------------------------------------
44 |
45 | let content: Content
/Users/admin/builder/spi-builder-workspace/Sources/PageSheetCore/PageSheet.swift:84:55: error: cannot find type 'UIHostingController' in scope
82 | // MARK: - HostingController
83 |
84 | fileprivate class HostingController<Content: View>: UIHostingController<Content>,
| `- error: cannot find type 'UIHostingController' in scope
85 | UISheetPresentationControllerDelegate
86 | {
/Users/admin/builder/spi-builder-workspace/Sources/PageSheetCore/PageSheet.swift:85:5: error: cannot find type 'UISheetPresentationControllerDelegate' in scope
83 |
84 | fileprivate class HostingController<Content: View>: UIHostingController<Content>,
85 | UISheetPresentationControllerDelegate
| `- error: cannot find type 'UISheetPresentationControllerDelegate' in scope
86 | {
87 | var configuration: Configuration = .default {
/Users/admin/builder/spi-builder-workspace/Sources/PageSheetCore/PageSheet.swift:89:29: error: value of type 'PageSheet.HostingController<Content>' has no member 'sheetPresentationController'
87 | var configuration: Configuration = .default {
88 | didSet {
89 | if let sheet = self.sheetPresentationController {
| `- error: value of type 'PageSheet.HostingController<Content>' has no member 'sheetPresentationController'
90 | if sheet.delegate == nil {
91 | sheet.delegate = self
/Users/admin/builder/spi-builder-workspace/Sources/PageSheetCore/PageSheet.swift:123:19: error: method does not override any method from its superclass
121 | }
122 |
123 | override func viewWillDisappear(_ animated: Bool) {
| `- error: method does not override any method from its superclass
124 | super.viewWillDisappear(animated)
125 |
/Users/admin/builder/spi-builder-workspace/Sources/PageSheetCore/PageSheet.swift:133:16: error: cannot find type 'UISheetPresentationController' in scope
131 |
132 | func sheetPresentationControllerDidChangeSelectedDetentIdentifier(
133 | _ sheet: UISheetPresentationController
| `- error: cannot find type 'UISheetPresentationController' in scope
134 | ) {
135 | self.selectedDetent = sheet.selectedDetentIdentifier
SwiftCompile normal arm64 /Users/admin/builder/spi-builder-workspace/Sources/PageSheetCore/PageSheet.swift (in target 'PageSheetCore' from project 'PageSheet')
cd /Users/admin/builder/spi-builder-workspace/.swiftpm/xcode
builtin-SwiftPerFileCompile PageSheet.swift
macro expansion @State:7:58: error: could not infer type for placeholder
`- /Users/admin/builder/spi-builder-workspace/Sources/PageSheetCore/PageSheet.swift:149:61: note: expanded code originates here
146 | var selectedDetent: Detent.Identifier?
147 |
148 | @State
| `- note: in expansion of macro 'State' on property 'selectedDetentIdentifier' here
149 | private var selectedDetentIdentifier: Detent.Identifier?
+--- macro expansion @State ----------------------------------------
| 5 |
| 6 | @SwiftUICore._StatePropertyWrapperStorage(initialValue: "JHMxM1BhZ2VTaGVldENvcmUwYUIwTzExSG9zdGluZ1ZpZXczM19BRTk1OTY0RDMxNDBCOTM4QkZEQTZDMzk4NDBDRDI0MExMVjI0c2VsZWN0ZWREZXRlbnRJZGVudGlmaWVyNVN0YXRlZk1wXzIwX2luaXRpYWxTdG9yZWRWYWx1ZV9mTXVf")
| 7 | private var _selectedDetentIdentifier: SwiftUICore.State<_>! = SwiftUICore._stateNil(of: {
| | `- error: could not infer type for placeholder
| 8 | SwiftUICore.State<Detent.Identifier?>(initialValue: nil)
| 9 | })
+-------------------------------------------------------------------
150 |
151 | let content: Content
/Users/admin/builder/spi-builder-workspace/Sources/PageSheetCore/PageSheet.swift:153:40: error: cannot find type 'Context' in scope
151 | let content: Content
152 |
153 | func makeUIViewController(context: Context) -> HostingController<Content> {
| `- error: cannot find type 'Context' in scope
154 | HostingController(
155 | rootView: content,
/Users/admin/builder/spi-builder-workspace/Sources/PageSheetCore/PageSheet.swift:160:84: error: cannot find type 'Context' in scope
158 | }
159 |
160 | func updateUIViewController(_ controller: HostingController<Content>, context: Context) {
| `- error: cannot find type 'Context' in scope
161 | if controller.configuration != configuration, configuration != .default {
162 | controller.configuration = configuration
/Users/admin/builder/spi-builder-workspace/Sources/PageSheetCore/PageSheet.swift:141:50: error: cannot find type 'UIViewControllerRepresentable' in scope
139 | // MARK: - HostingView
140 |
141 | fileprivate struct HostingView<Content: View>: UIViewControllerRepresentable {
| `- error: cannot find type 'UIViewControllerRepresentable' in scope
142 | @Binding
143 | var configuration: Configuration
/Users/admin/builder/spi-builder-workspace/Sources/PageSheetCore/PageSheet.swift:235:19: error: type 'PageSheet.Preference.Detents' does not conform to protocol 'PreferenceKey'
233 | }
234 |
235 | public struct Detents: AutomaticPreferenceKey {
| |- error: type 'PageSheet.Preference.Detents' does not conform to protocol 'PreferenceKey'
| `- note: add stubs for conformance
236 | public static var defaultValue: [PageSheet.Detent] = Configuration.default.detents
237 | }
SwiftUI.PreferenceKey.Value:2:16: note: protocol requires nested type 'Value'
1 | protocol PreferenceKey {
2 | associatedtype Value}
| `- note: protocol requires nested type 'Value'
3 |
/Users/admin/builder/spi-builder-workspace/Sources/PageSheetCore/PageSheet.swift:239:19: error: type 'PageSheet.Preference.LargestUndimmedDetentIdentifier' does not conform to protocol 'PreferenceKey'
237 | }
238 |
239 | public struct LargestUndimmedDetentIdentifier: AutomaticPreferenceKey {
| |- error: type 'PageSheet.Preference.LargestUndimmedDetentIdentifier' does not conform to protocol 'PreferenceKey'
| `- note: add stubs for conformance
240 | public static var defaultValue: Detent.Identifier? = Configuration.default
241 | .largestUndimmedDetentIdentifier
SwiftUI.PreferenceKey.Value:2:16: note: protocol requires nested type 'Value'
1 | protocol PreferenceKey {
2 | associatedtype Value}
| `- note: protocol requires nested type 'Value'
3 |
/Users/admin/builder/spi-builder-workspace/Sources/PageSheetCore/PageSheet.swift:244:19: error: type 'PageSheet.Preference.SelectedDetentIdentifier' does not conform to protocol 'PreferenceKey'
242 | }
243 |
244 | public struct SelectedDetentIdentifier: AutomaticPreferenceKey {
| |- error: type 'PageSheet.Preference.SelectedDetentIdentifier' does not conform to protocol 'PreferenceKey'
| `- note: add stubs for conformance
245 | public static var defaultValue: Detent.Identifier? = Configuration.default
246 | .selectedDetentIdentifier
SwiftUI.PreferenceKey.Value:2:16: note: protocol requires nested type 'Value'
1 | protocol PreferenceKey {
2 | associatedtype Value}
| `- note: protocol requires nested type 'Value'
3 |
/Users/admin/builder/spi-builder-workspace/Sources/PageSheetCore/PageSheet.swift:273:21: error: type 'SheetPreference' does not conform to protocol 'Hashable'
271 |
272 | /// Set of preferences that can be applied to a sheet presentation.
273 | @frozen public enum SheetPreference: Hashable {
| `- error: type 'SheetPreference' does not conform to protocol 'Hashable'
274 | /// Sets a Boolean value that determines whether the presenting sheet shows a grabber at the top.
275 | ///
:
287 | /// The array must contain at least one element. When you set this value, specify detents in order from smallest to largest height.
288 | ///
289 | case detents([PageSheet.Detent])
| `- note: associated value type '_' does not conform to protocol 'Hashable', preventing synthesized conformance of 'SheetPreference' to 'Hashable'
290 |
291 | /// Sets the largest detent that doesn’t dim the view underneath the presenting sheet.
:
298 | /// You can use this behavior for sheets with interactive content underneath them.
299 | ///
300 | case largestUndimmedDetent(id: PageSheet.Detent.Identifier?)
| `- note: associated value type '_' does not conform to protocol 'Hashable', preventing synthesized conformance of 'SheetPreference' to 'Hashable'
301 |
302 | /// Sets the identifier of the most recently selected detent on the presenting sheet.
:
306 | /// Detents can be modified using the ``PageSheetCore/SheetPreference/detents(_:)`` sheet preference.
307 | ///
308 | case selectedDetent(id: PageSheet.Detent.Identifier?)
| `- note: associated value type '_' does not conform to protocol 'Hashable', preventing synthesized conformance of 'SheetPreference' to 'Hashable'
309 |
310 | /// Sets a Boolean value that determines whether the presenting sheet attaches to the bottom edge of the screen in a compact-height size class.
SwiftCompile normal arm64 Compiling\ View+Modifiers.swift /Users/admin/builder/spi-builder-workspace/.dependencies/checkouts/ViewModifierBuilder/Sources/View+Modifiers.swift (in target 'ViewModifierBuilder' from project 'ViewModifierBuilder')
SwiftCompile normal arm64 /Users/admin/builder/spi-builder-workspace/.dependencies/checkouts/ViewModifierBuilder/Sources/View+Modifiers.swift (in target 'ViewModifierBuilder' from project 'ViewModifierBuilder')
cd /Users/admin/builder/spi-builder-workspace/.swiftpm/xcode
builtin-SwiftPerFileCompile View+Modifiers.swift
SwiftCompile normal arm64 Compiling\ ViewModifiersViewModifier.swift /Users/admin/builder/spi-builder-workspace/.dependencies/checkouts/ViewModifierBuilder/Sources/ViewModifiersViewModifier.swift (in target 'ViewModifierBuilder' from project 'ViewModifierBuilder')
SwiftCompile normal arm64 /Users/admin/builder/spi-builder-workspace/.dependencies/checkouts/ViewModifierBuilder/Sources/ViewModifiersViewModifier.swift (in target 'ViewModifierBuilder' from project 'ViewModifierBuilder')
cd /Users/admin/builder/spi-builder-workspace/.swiftpm/xcode
builtin-SwiftPerFileCompile ViewModifiersViewModifier.swift
SwiftCompile normal arm64 Compiling\ ViewModifierBuilder.swift /Users/admin/builder/spi-builder-workspace/.dependencies/checkouts/ViewModifierBuilder/Sources/ViewModifierBuilder.swift (in target 'ViewModifierBuilder' from project 'ViewModifierBuilder')
SwiftCompile normal arm64 /Users/admin/builder/spi-builder-workspace/.dependencies/checkouts/ViewModifierBuilder/Sources/ViewModifierBuilder.swift (in target 'ViewModifierBuilder' from project 'ViewModifierBuilder')
cd /Users/admin/builder/spi-builder-workspace/.swiftpm/xcode
builtin-SwiftPerFileCompile ViewModifierBuilder.swift
SwiftCompile normal arm64 Compiling\ PageSheetView.swift /Users/admin/builder/spi-builder-workspace/Sources/PageSheetCore/PageSheetView.swift (in target 'PageSheetCore' from project 'PageSheet')
SwiftCompile normal arm64 /Users/admin/builder/spi-builder-workspace/Sources/PageSheetCore/PageSheetView.swift (in target 'PageSheetCore' from project 'PageSheet')
cd /Users/admin/builder/spi-builder-workspace/.swiftpm/xcode
builtin-SwiftPerFileCompile PageSheetView.swift
SwiftCompile normal arm64 Compiling\ View+PageSheet.swift /Users/admin/builder/spi-builder-workspace/Sources/PageSheetCore/View+PageSheet.swift (in target 'PageSheetCore' from project 'PageSheet')
SwiftCompile normal arm64 /Users/admin/builder/spi-builder-workspace/Sources/PageSheetCore/View+PageSheet.swift (in target 'PageSheetCore' from project 'PageSheet')
cd /Users/admin/builder/spi-builder-workspace/.swiftpm/xcode
builtin-SwiftPerFileCompile View+PageSheet.swift
SwiftDriverJobDiscovery normal arm64 Emitting module for ViewModifierBuilder (in target 'ViewModifierBuilder' from project 'ViewModifierBuilder')
SwiftDriver\ Compilation\ Requirements ViewModifierBuilder normal arm64 com.apple.xcode.tools.swift.compiler (in target 'ViewModifierBuilder' from project 'ViewModifierBuilder')
cd /Users/admin/builder/spi-builder-workspace/.swiftpm/xcode
builtin-Swift-Compilation-Requirements -- /Applications/Xcode-27.0.0-Release.Candidate.app/Contents/Developer/Toolchains/XcodeDefault.xctoolchain/usr/bin/swiftc -parse-as-library -module-name ViewModifierBuilder -Onone @/Users/admin/builder/spi-builder-workspace/.derivedData/Build/Intermediates.noindex/ViewModifierBuilder.build/Debug/ViewModifierBuilder-t.build/Objects-normal/arm64/ViewModifierBuilder.SwiftFileList -DSWIFT_PACKAGE -DDEBUG -DSWIFT_MODULE_RESOURCE_BUNDLE_UNAVAILABLE -DXcode -plugin-path /Applications/Xcode-27.0.0-Release.Candidate.app/Contents/Developer/Toolchains/XcodeDefault.xctoolchain/usr/lib/swift/host/plugins/testing -enable-experimental-feature DebugDescriptionMacro -sdk /Applications/Xcode-27.0.0-Release.Candidate.app/Contents/Developer/Platforms/MacOSX.platform/Developer/SDKs/MacOSX27.0.sdk -target arm64-apple-macos12.0 -g -module-cache-path /Users/admin/builder/spi-builder-workspace/.derivedData/ModuleCache.noindex -Xfrontend -serialize-debugging-options -enable-testing -suppress-warnings -index-store-path /Users/admin/builder/spi-builder-workspace/.derivedData/Index.noindex/DataStore -Xcc -D_LIBCPP_HARDENING_MODE\=_LIBCPP_HARDENING_MODE_DEBUG -swift-version 5 -I /Users/admin/builder/spi-builder-workspace/.derivedData/Build/Products/Debug -Isystem /Applications/Xcode-27.0.0-Release.Candidate.app/Contents/Developer/Platforms/MacOSX.platform/Developer/usr/lib -F /Users/admin/builder/spi-builder-workspace/.derivedData/Build/Products/Debug -F /Applications/Xcode-27.0.0-Release.Candidate.app/Contents/Developer/Platforms/MacOSX.platform/Developer/Library/Frameworks -c -j10 -enable-batch-mode -incremental -Xcc -ivfsstatcache -Xcc /Users/admin/builder/spi-builder-workspace/.derivedData/SDKStatCaches.noindex/macosx27.0-26A425-e829b21a6f8c9b70876ba0858053c0446a22442a12e9d48fe1a705f55a1adfc4.sdkstatcache -output-file-map /Users/admin/builder/spi-builder-workspace/.derivedData/Build/Intermediates.noindex/ViewModifierBuilder.build/Debug/ViewModifierBuilder-t.build/Objects-normal/arm64/ViewModifierBuilder-OutputFileMap.json -save-temps -no-color-diagnostics -explicit-module-build -module-cache-path /Users/admin/builder/spi-builder-workspace/.derivedData/Build/Intermediates.noindex/SwiftExplicitPrecompiledModules -clang-scanner-module-cache-path /Users/admin/builder/spi-builder-workspace/.derivedData/ModuleCache.noindex -sdk-module-cache-path /Users/admin/builder/spi-builder-workspace/.derivedData/SDKExplicitPrecompiledModules -emit-dependencies -emit-module -emit-module-path /Users/admin/builder/spi-builder-workspace/.derivedData/Build/Intermediates.noindex/ViewModifierBuilder.build/Debug/ViewModifierBuilder-t.build/Objects-normal/arm64/ViewModifierBuilder.swiftmodule -serialize-diagnostics -dependency-scan-serialize-diagnostics-path /Users/admin/builder/spi-builder-workspace/.derivedData/Build/Intermediates.noindex/ViewModifierBuilder.build/Debug/ViewModifierBuilder-t.build/Objects-normal/arm64/ViewModifierBuilder-dependency-scan.dia -validate-clang-modules-once -clang-build-session-file /Users/admin/builder/spi-builder-workspace/.derivedData/ModuleCache.noindex/Session.modulevalidation -Xcc -fmodules-prune-interval\=86400 -Xcc -fmodules-prune-after\=345600 -emit-const-values -const-gather-protocols-list /Users/admin/builder/spi-builder-workspace/.derivedData/Build/Intermediates.noindex/ViewModifierBuilder.build/Debug/ViewModifierBuilder-t.build/Objects-normal/arm64/ViewModifierBuilder_const_extract_protocols.json -Xcc -I/Users/admin/builder/spi-builder-workspace/.derivedData/Build/Products/Debug/include -Xcc -I/Users/admin/builder/spi-builder-workspace/.derivedData/Build/Intermediates.noindex/ViewModifierBuilder.build/Debug/ViewModifierBuilder-t.build/DerivedSources-normal/arm64 -Xcc -I/Users/admin/builder/spi-builder-workspace/.derivedData/Build/Intermediates.noindex/ViewModifierBuilder.build/Debug/ViewModifierBuilder-t.build/DerivedSources/arm64 -Xcc -I/Users/admin/builder/spi-builder-workspace/.derivedData/Build/Intermediates.noindex/ViewModifierBuilder.build/Debug/ViewModifierBuilder-t.build/DerivedSources -Xcc -DSWIFT_PACKAGE -Xcc -DDEBUG\=1 -emit-objc-header -emit-objc-header-path /Users/admin/builder/spi-builder-workspace/.derivedData/Build/Intermediates.noindex/ViewModifierBuilder.build/Debug/ViewModifierBuilder-t.build/Objects-normal/arm64/ViewModifierBuilder-Swift.h -working-directory /Users/admin/builder/spi-builder-workspace/.swiftpm/xcode -experimental-emit-module-separately -disable-cmo
SwiftMergeGeneratedHeaders /Users/admin/builder/spi-builder-workspace/.derivedData/Build/Intermediates.noindex/GeneratedModuleMaps/ViewModifierBuilder-Swift.h /Users/admin/builder/spi-builder-workspace/.derivedData/Build/Intermediates.noindex/ViewModifierBuilder.build/Debug/ViewModifierBuilder-t.build/Objects-normal/arm64/ViewModifierBuilder-Swift.h (in target 'ViewModifierBuilder' from project 'ViewModifierBuilder')
cd /Users/admin/builder/spi-builder-workspace/.dependencies/checkouts/ViewModifierBuilder
builtin-swiftHeaderTool -arch arm64 /Users/admin/builder/spi-builder-workspace/.derivedData/Build/Intermediates.noindex/ViewModifierBuilder.build/Debug/ViewModifierBuilder-t.build/Objects-normal/arm64/ViewModifierBuilder-Swift.h -o /Users/admin/builder/spi-builder-workspace/.derivedData/Build/Intermediates.noindex/GeneratedModuleMaps/ViewModifierBuilder-Swift.h
Copy /Users/admin/builder/spi-builder-workspace/.derivedData/Build/Products/Debug/ViewModifierBuilder.swiftmodule/arm64-apple-macos.swiftmodule /Users/admin/builder/spi-builder-workspace/.derivedData/Build/Intermediates.noindex/ViewModifierBuilder.build/Debug/ViewModifierBuilder-t.build/Objects-normal/arm64/ViewModifierBuilder.swiftmodule (in target 'ViewModifierBuilder' from project 'ViewModifierBuilder')
cd /Users/admin/builder/spi-builder-workspace/.dependencies/checkouts/ViewModifierBuilder
builtin-copy -exclude .DS_Store -exclude CVS -exclude .svn -exclude .git -exclude .hg -resolve-src-symlinks -rename /Users/admin/builder/spi-builder-workspace/.derivedData/Build/Intermediates.noindex/ViewModifierBuilder.build/Debug/ViewModifierBuilder-t.build/Objects-normal/arm64/ViewModifierBuilder.swiftmodule /Users/admin/builder/spi-builder-workspace/.derivedData/Build/Products/Debug/ViewModifierBuilder.swiftmodule/arm64-apple-macos.swiftmodule
Copy /Users/admin/builder/spi-builder-workspace/.derivedData/Build/Products/Debug/ViewModifierBuilder.swiftmodule/arm64-apple-macos.swiftdoc /Users/admin/builder/spi-builder-workspace/.derivedData/Build/Intermediates.noindex/ViewModifierBuilder.build/Debug/ViewModifierBuilder-t.build/Objects-normal/arm64/ViewModifierBuilder.swiftdoc (in target 'ViewModifierBuilder' from project 'ViewModifierBuilder')
cd /Users/admin/builder/spi-builder-workspace/.dependencies/checkouts/ViewModifierBuilder
builtin-copy -exclude .DS_Store -exclude CVS -exclude .svn -exclude .git -exclude .hg -resolve-src-symlinks -rename /Users/admin/builder/spi-builder-workspace/.derivedData/Build/Intermediates.noindex/ViewModifierBuilder.build/Debug/ViewModifierBuilder-t.build/Objects-normal/arm64/ViewModifierBuilder.swiftdoc /Users/admin/builder/spi-builder-workspace/.derivedData/Build/Products/Debug/ViewModifierBuilder.swiftmodule/arm64-apple-macos.swiftdoc
Copy /Users/admin/builder/spi-builder-workspace/.derivedData/Build/Products/Debug/ViewModifierBuilder.swiftmodule/arm64-apple-macos.abi.json /Users/admin/builder/spi-builder-workspace/.derivedData/Build/Intermediates.noindex/ViewModifierBuilder.build/Debug/ViewModifierBuilder-t.build/Objects-normal/arm64/ViewModifierBuilder.abi.json (in target 'ViewModifierBuilder' from project 'ViewModifierBuilder')
cd /Users/admin/builder/spi-builder-workspace/.dependencies/checkouts/ViewModifierBuilder
builtin-copy -exclude .DS_Store -exclude CVS -exclude .svn -exclude .git -exclude .hg -resolve-src-symlinks -rename /Users/admin/builder/spi-builder-workspace/.derivedData/Build/Intermediates.noindex/ViewModifierBuilder.build/Debug/ViewModifierBuilder-t.build/Objects-normal/arm64/ViewModifierBuilder.abi.json /Users/admin/builder/spi-builder-workspace/.derivedData/Build/Products/Debug/ViewModifierBuilder.swiftmodule/arm64-apple-macos.abi.json
Copy /Users/admin/builder/spi-builder-workspace/.derivedData/Build/Products/Debug/ViewModifierBuilder.swiftmodule/Project/arm64-apple-macos.swiftsourceinfo /Users/admin/builder/spi-builder-workspace/.derivedData/Build/Intermediates.noindex/ViewModifierBuilder.build/Debug/ViewModifierBuilder-t.build/Objects-normal/arm64/ViewModifierBuilder.swiftsourceinfo (in target 'ViewModifierBuilder' from project 'ViewModifierBuilder')
cd /Users/admin/builder/spi-builder-workspace/.dependencies/checkouts/ViewModifierBuilder
builtin-copy -exclude .DS_Store -exclude CVS -exclude .svn -exclude .git -exclude .hg -resolve-src-symlinks -rename /Users/admin/builder/spi-builder-workspace/.derivedData/Build/Intermediates.noindex/ViewModifierBuilder.build/Debug/ViewModifierBuilder-t.build/Objects-normal/arm64/ViewModifierBuilder.swiftsourceinfo /Users/admin/builder/spi-builder-workspace/.derivedData/Build/Products/Debug/ViewModifierBuilder.swiftmodule/Project/arm64-apple-macos.swiftsourceinfo
PruneExplicitPrecompiledModules /Users/admin/builder/spi-builder-workspace/.derivedData/Build/Intermediates.noindex/ExplicitPrecompiledModules
PruneExplicitPrecompiledModules /Users/admin/builder/spi-builder-workspace/.derivedData/SDKExplicitPrecompiledModules
PruneExplicitPrecompiledModules /Users/admin/builder/spi-builder-workspace/.derivedData/Build/Intermediates.noindex/SwiftExplicitPrecompiledModules
2026-09-17 23:41:20.769 xcodebuild[681:4307] [MT] IDERunDestination: Supported platforms for the buildables in the current scheme is empty.
--- xcodebuild: WARNING: Using the first of multiple matching destinations:
{ platform:macOS, arch:arm64, id:e2dd0bfe6d4739e50383ad33204539b75989defa, name:My Mac }
{ platform:macOS, arch:arm64, variant:Mac Catalyst, id:e2dd0bfe6d4739e50383ad33204539b75989defa, name:My Mac }
{ platform:macOS, arch:arm64, variant:DriverKit, id:e2dd0bfe6d4739e50383ad33204539b75989defa, name:My Mac }
{ platform:macOS, arch:arm64, variant:Designed for [iPad,iPhone], id:e2dd0bfe6d4739e50383ad33204539b75989defa, name:My Mac }
** BUILD FAILED **
The following build commands failed:
SwiftCompile normal arm64 (in target 'PageSheetCore' from project 'PageSheet')
SwiftEmitModule normal arm64 Emitting\ module\ for\ PageSheetCore (in target 'PageSheetCore' from project 'PageSheet')
Building workspace PageSheet with scheme PageSheet-Package
(3 failures)
Command line invocation:
/Applications/Xcode-27.0.0-Release.Candidate.app/Contents/Developer/usr/bin/xcodebuild -IDEClonedSourcePackagesDirPathOverride=/Users/admin/builder/spi-builder-workspace/.dependencies -resolvePackageDependencies
Resolve Package Graph
Resolved source packages:
PageSheet: /Users/admin/builder/spi-builder-workspace
ViewModifierBuilder: https://github.com/ericlewis/ViewModifierBuilder @ 0.9.0
resolved source packages: PageSheet, ViewModifierBuilder
2026-09-17 23:41:29.812 xcodebuild[782:4816] [MT] IDERunDestination: Supported platforms for the buildables in the current scheme is empty.
{
"dependencies" : [
{
"identity" : "viewmodifierbuilder",
"requirement" : {
"range" : [
{
"lower_bound" : "0.1.0",
"upper_bound" : "1.0.0"
}
]
},
"type" : "sourceControl",
"url" : "https://github.com/ericlewis/ViewModifierBuilder"
}
],
"manifest_display_name" : "PageSheet",
"name" : "PageSheet",
"path" : "/Users/admin/builder/spi-builder-workspace",
"platforms" : [
{
"name" : "ios",
"version" : "15.0"
}
],
"products" : [
{
"name" : "PageSheet",
"targets" : [
"PageSheet"
],
"type" : {
"library" : [
"automatic"
]
}
},
{
"name" : "PageSheetCore",
"targets" : [
"PageSheetCore"
],
"type" : {
"library" : [
"automatic"
]
}
},
{
"name" : "PageSheetPlus",
"targets" : [
"PageSheetPlus"
],
"type" : {
"library" : [
"automatic"
]
}
}
],
"targets" : [
{
"c99name" : "PageSheetPlus",
"module_type" : "SwiftTarget",
"name" : "PageSheetPlus",
"path" : "Sources/PageSheetPlus",
"product_dependencies" : [
"ViewModifierBuilder"
],
"product_memberships" : [
"PageSheet",
"PageSheetPlus"
],
"sources" : [
"ViewModifierBuilder+PageSheet.swift"
],
"target_dependencies" : [
"PageSheetCore"
],
"type" : "library"
},
{
"c99name" : "PageSheetCore",
"module_type" : "SwiftTarget",
"name" : "PageSheetCore",
"path" : "Sources/PageSheetCore",
"product_memberships" : [
"PageSheet",
"PageSheetCore",
"PageSheetPlus"
],
"sources" : [
"EnvironmentValues+PageSheet.swift",
"PageSheet.swift",
"PageSheetView.swift",
"View+PageSheet.swift"
],
"type" : "library"
},
{
"c99name" : "PageSheet",
"module_type" : "SwiftTarget",
"name" : "PageSheet",
"path" : "Sources/PageSheet",
"product_memberships" : [
"PageSheet"
],
"sources" : [
"combined.swift"
],
"target_dependencies" : [
"PageSheetPlus"
],
"type" : "library"
}
],
"tools_version" : "5.5"
}
{
"workspace" : {
"name" : "PageSheet",
"schemes" : [
"PageSheet",
"PageSheet-Package",
"PageSheetCore",
"PageSheetPlus"
]
}
}
2026-09-17 23:41:31.066 xcodebuild[790:4887] [MT] IDERunDestination: Supported platforms for the buildables in the current scheme is empty.
Running build ...
env DEVELOPER_DIR=/Applications/Xcode-27.0.0-Release.Candidate.app xcrun xcodebuild -IDEClonedSourcePackagesDirPathOverride=$PWD/.dependencies -skipMacroValidation -skipPackagePluginValidation -derivedDataPath $PWD/.derivedData build -scheme PageSheet-Package -destination platform=macOS,arch=arm64
Command line invocation:
/Applications/Xcode-27.0.0-Release.Candidate.app/Contents/Developer/usr/bin/xcodebuild -IDEClonedSourcePackagesDirPathOverride=/Users/admin/builder/spi-builder-workspace/.dependencies -skipMacroValidation -skipPackagePluginValidation -derivedDataPath /Users/admin/builder/spi-builder-workspace/.derivedData build -scheme PageSheet-Package -destination platform=macOS,arch=arm64
Resolve Package Graph
Resolved source packages:
ViewModifierBuilder: https://github.com/ericlewis/ViewModifierBuilder @ 0.9.0
PageSheet: /Users/admin/builder/spi-builder-workspace
ComputePackagePrebuildTargetDependencyGraph
Prepare packages
CreateBuildRequest
SendProjectDescription
CreateBuildOperation
ComputeTargetDependencyGraph
note: Building targets in dependency order
note: Target dependency graph (8 targets)
Target 'PageSheetPlus-product' in project 'PageSheet'
➜ Explicit dependency on target 'PageSheetPlus' in project 'PageSheet'
➜ Explicit dependency on target 'PageSheetCore' in project 'PageSheet'
➜ Explicit dependency on target 'ViewModifierBuilder-product' in project 'ViewModifierBuilder'
Target 'PageSheetCore-product' in project 'PageSheet'
➜ Explicit dependency on target 'PageSheetCore' in project 'PageSheet'
Target 'PageSheet-product' in project 'PageSheet'
➜ Explicit dependency on target 'PageSheet' in project 'PageSheet'
➜ Explicit dependency on target 'PageSheetCore' in project 'PageSheet'
➜ Explicit dependency on target 'PageSheetPlus' in project 'PageSheet'
➜ Explicit dependency on target 'ViewModifierBuilder-product' in project 'ViewModifierBuilder'
Target 'PageSheet' in project 'PageSheet'
➜ Explicit dependency on target 'PageSheetCore' in project 'PageSheet'
➜ Explicit dependency on target 'PageSheetPlus' in project 'PageSheet'
➜ Explicit dependency on target 'ViewModifierBuilder-product' in project 'ViewModifierBuilder'
Target 'PageSheetPlus' in project 'PageSheet'
➜ Explicit dependency on target 'PageSheetCore' in project 'PageSheet'
➜ Explicit dependency on target 'ViewModifierBuilder-product' in project 'ViewModifierBuilder'
Target 'ViewModifierBuilder-product' in project 'ViewModifierBuilder'
➜ Explicit dependency on target 'ViewModifierBuilder' in project 'ViewModifierBuilder'
Target 'ViewModifierBuilder' in project 'ViewModifierBuilder' (no dependencies)
Target 'PageSheetCore' in project 'PageSheet' (no dependencies)
GatherProvisioningInputs
CreateBuildDescription
ClangStatCache /Applications/Xcode-27.0.0-Release.Candidate.app/Contents/Developer/Toolchains/XcodeDefault.xctoolchain/usr/bin/clang-stat-cache /Applications/Xcode-27.0.0-Release.Candidate.app/Contents/Developer/Platforms/MacOSX.platform/Developer/SDKs/MacOSX27.0.sdk /Users/admin/builder/spi-builder-workspace/.derivedData/SDKStatCaches.noindex/macosx27.0-26A425-e829b21a6f8c9b70876ba0858053c0446a22442a12e9d48fe1a705f55a1adfc4.sdkstatcache
cd /Users/admin/builder/spi-builder-workspace/.swiftpm/xcode
/Applications/Xcode-27.0.0-Release.Candidate.app/Contents/Developer/Toolchains/XcodeDefault.xctoolchain/usr/bin/clang-stat-cache /Applications/Xcode-27.0.0-Release.Candidate.app/Contents/Developer/Platforms/MacOSX.platform/Developer/SDKs/MacOSX27.0.sdk -o /Users/admin/builder/spi-builder-workspace/.derivedData/SDKStatCaches.noindex/macosx27.0-26A425-e829b21a6f8c9b70876ba0858053c0446a22442a12e9d48fe1a705f55a1adfc4.sdkstatcache
SwiftDriver PageSheetCore normal arm64 com.apple.xcode.tools.swift.compiler (in target 'PageSheetCore' from project 'PageSheet')
cd /Users/admin/builder/spi-builder-workspace/.swiftpm/xcode
builtin-SwiftDriver -- /Applications/Xcode-27.0.0-Release.Candidate.app/Contents/Developer/Toolchains/XcodeDefault.xctoolchain/usr/bin/swiftc -parse-as-library -module-name PageSheetCore -Onone @/Users/admin/builder/spi-builder-workspace/.derivedData/Build/Intermediates.noindex/PageSheet.build/Debug/PageSheetCore-t.build/Objects-normal/arm64/PageSheetCore.SwiftFileList -DSWIFT_PACKAGE -DDEBUG -DSWIFT_MODULE_RESOURCE_BUNDLE_UNAVAILABLE -DXcode -plugin-path /Applications/Xcode-27.0.0-Release.Candidate.app/Contents/Developer/Toolchains/XcodeDefault.xctoolchain/usr/lib/swift/host/plugins/testing -enable-experimental-feature DebugDescriptionMacro -sdk /Applications/Xcode-27.0.0-Release.Candidate.app/Contents/Developer/Platforms/MacOSX.platform/Developer/SDKs/MacOSX27.0.sdk -target arm64-apple-macos12.0 -g -module-cache-path /Users/admin/builder/spi-builder-workspace/.derivedData/ModuleCache.noindex -Xfrontend -serialize-debugging-options -enable-testing -index-store-path /Users/admin/builder/spi-builder-workspace/.derivedData/Index.noindex/DataStore -Xcc -D_LIBCPP_HARDENING_MODE\=_LIBCPP_HARDENING_MODE_DEBUG -swift-version 5 -I /Users/admin/builder/spi-builder-workspace/.derivedData/Build/Products/Debug -Isystem /Applications/Xcode-27.0.0-Release.Candidate.app/Contents/Developer/Platforms/MacOSX.platform/Developer/usr/lib -F /Users/admin/builder/spi-builder-workspace/.derivedData/Build/Products/Debug -F /Applications/Xcode-27.0.0-Release.Candidate.app/Contents/Developer/Platforms/MacOSX.platform/Developer/Library/Frameworks -c -j10 -enable-batch-mode -incremental -Xcc -ivfsstatcache -Xcc /Users/admin/builder/spi-builder-workspace/.derivedData/SDKStatCaches.noindex/macosx27.0-26A425-e829b21a6f8c9b70876ba0858053c0446a22442a12e9d48fe1a705f55a1adfc4.sdkstatcache -output-file-map /Users/admin/builder/spi-builder-workspace/.derivedData/Build/Intermediates.noindex/PageSheet.build/Debug/PageSheetCore-t.build/Objects-normal/arm64/PageSheetCore-OutputFileMap.json -save-temps -no-color-diagnostics -explicit-module-build -module-cache-path /Users/admin/builder/spi-builder-workspace/.derivedData/Build/Intermediates.noindex/SwiftExplicitPrecompiledModules -clang-scanner-module-cache-path /Users/admin/builder/spi-builder-workspace/.derivedData/ModuleCache.noindex -sdk-module-cache-path /Users/admin/builder/spi-builder-workspace/.derivedData/SDKExplicitPrecompiledModules -emit-dependencies -emit-module -emit-module-path /Users/admin/builder/spi-builder-workspace/.derivedData/Build/Intermediates.noindex/PageSheet.build/Debug/PageSheetCore-t.build/Objects-normal/arm64/PageSheetCore.swiftmodule -serialize-diagnostics -dependency-scan-serialize-diagnostics-path /Users/admin/builder/spi-builder-workspace/.derivedData/Build/Intermediates.noindex/PageSheet.build/Debug/PageSheetCore-t.build/Objects-normal/arm64/PageSheetCore-dependency-scan.dia -validate-clang-modules-once -clang-build-session-file /Users/admin/builder/spi-builder-workspace/.derivedData/ModuleCache.noindex/Session.modulevalidation -Xcc -fmodules-prune-interval\=86400 -Xcc -fmodules-prune-after\=345600 -emit-const-values -const-gather-protocols-list /Users/admin/builder/spi-builder-workspace/.derivedData/Build/Intermediates.noindex/PageSheet.build/Debug/PageSheetCore-t.build/Objects-normal/arm64/PageSheetCore_const_extract_protocols.json -Xcc -I/Users/admin/builder/spi-builder-workspace/.derivedData/Build/Products/Debug/include -Xcc -I/Users/admin/builder/spi-builder-workspace/.derivedData/Build/Intermediates.noindex/PageSheet.build/Debug/PageSheetCore-t.build/DerivedSources-normal/arm64 -Xcc -I/Users/admin/builder/spi-builder-workspace/.derivedData/Build/Intermediates.noindex/PageSheet.build/Debug/PageSheetCore-t.build/DerivedSources/arm64 -Xcc -I/Users/admin/builder/spi-builder-workspace/.derivedData/Build/Intermediates.noindex/PageSheet.build/Debug/PageSheetCore-t.build/DerivedSources -Xcc -DSWIFT_PACKAGE -Xcc -DDEBUG\=1 -emit-objc-header -emit-objc-header-path /Users/admin/builder/spi-builder-workspace/.derivedData/Build/Intermediates.noindex/PageSheet.build/Debug/PageSheetCore-t.build/Objects-normal/arm64/PageSheetCore-Swift.h -working-directory /Users/admin/builder/spi-builder-workspace/.swiftpm/xcode -experimental-emit-module-separately -disable-cmo
SwiftDriver ViewModifierBuilder normal arm64 com.apple.xcode.tools.swift.compiler (in target 'ViewModifierBuilder' from project 'ViewModifierBuilder')
cd /Users/admin/builder/spi-builder-workspace/.swiftpm/xcode
builtin-SwiftDriver -- /Applications/Xcode-27.0.0-Release.Candidate.app/Contents/Developer/Toolchains/XcodeDefault.xctoolchain/usr/bin/swiftc -parse-as-library -module-name ViewModifierBuilder -Onone @/Users/admin/builder/spi-builder-workspace/.derivedData/Build/Intermediates.noindex/ViewModifierBuilder.build/Debug/ViewModifierBuilder-t.build/Objects-normal/arm64/ViewModifierBuilder.SwiftFileList -DSWIFT_PACKAGE -DDEBUG -DSWIFT_MODULE_RESOURCE_BUNDLE_UNAVAILABLE -DXcode -plugin-path /Applications/Xcode-27.0.0-Release.Candidate.app/Contents/Developer/Toolchains/XcodeDefault.xctoolchain/usr/lib/swift/host/plugins/testing -enable-experimental-feature DebugDescriptionMacro -sdk /Applications/Xcode-27.0.0-Release.Candidate.app/Contents/Developer/Platforms/MacOSX.platform/Developer/SDKs/MacOSX27.0.sdk -target arm64-apple-macos12.0 -g -module-cache-path /Users/admin/builder/spi-builder-workspace/.derivedData/ModuleCache.noindex -Xfrontend -serialize-debugging-options -enable-testing -suppress-warnings -index-store-path /Users/admin/builder/spi-builder-workspace/.derivedData/Index.noindex/DataStore -Xcc -D_LIBCPP_HARDENING_MODE\=_LIBCPP_HARDENING_MODE_DEBUG -swift-version 5 -I /Users/admin/builder/spi-builder-workspace/.derivedData/Build/Products/Debug -Isystem /Applications/Xcode-27.0.0-Release.Candidate.app/Contents/Developer/Platforms/MacOSX.platform/Developer/usr/lib -F /Users/admin/builder/spi-builder-workspace/.derivedData/Build/Products/Debug -F /Applications/Xcode-27.0.0-Release.Candidate.app/Contents/Developer/Platforms/MacOSX.platform/Developer/Library/Frameworks -c -j10 -enable-batch-mode -incremental -Xcc -ivfsstatcache -Xcc /Users/admin/builder/spi-builder-workspace/.derivedData/SDKStatCaches.noindex/macosx27.0-26A425-e829b21a6f8c9b70876ba0858053c0446a22442a12e9d48fe1a705f55a1adfc4.sdkstatcache -output-file-map /Users/admin/builder/spi-builder-workspace/.derivedData/Build/Intermediates.noindex/ViewModifierBuilder.build/Debug/ViewModifierBuilder-t.build/Objects-normal/arm64/ViewModifierBuilder-OutputFileMap.json -save-temps -no-color-diagnostics -explicit-module-build -module-cache-path /Users/admin/builder/spi-builder-workspace/.derivedData/Build/Intermediates.noindex/SwiftExplicitPrecompiledModules -clang-scanner-module-cache-path /Users/admin/builder/spi-builder-workspace/.derivedData/ModuleCache.noindex -sdk-module-cache-path /Users/admin/builder/spi-builder-workspace/.derivedData/SDKExplicitPrecompiledModules -emit-dependencies -emit-module -emit-module-path /Users/admin/builder/spi-builder-workspace/.derivedData/Build/Intermediates.noindex/ViewModifierBuilder.build/Debug/ViewModifierBuilder-t.build/Objects-normal/arm64/ViewModifierBuilder.swiftmodule -serialize-diagnostics -dependency-scan-serialize-diagnostics-path /Users/admin/builder/spi-builder-workspace/.derivedData/Build/Intermediates.noindex/ViewModifierBuilder.build/Debug/ViewModifierBuilder-t.build/Objects-normal/arm64/ViewModifierBuilder-dependency-scan.dia -validate-clang-modules-once -clang-build-session-file /Users/admin/builder/spi-builder-workspace/.derivedData/ModuleCache.noindex/Session.modulevalidation -Xcc -fmodules-prune-interval\=86400 -Xcc -fmodules-prune-after\=345600 -emit-const-values -const-gather-protocols-list /Users/admin/builder/spi-builder-workspace/.derivedData/Build/Intermediates.noindex/ViewModifierBuilder.build/Debug/ViewModifierBuilder-t.build/Objects-normal/arm64/ViewModifierBuilder_const_extract_protocols.json -Xcc -I/Users/admin/builder/spi-builder-workspace/.derivedData/Build/Products/Debug/include -Xcc -I/Users/admin/builder/spi-builder-workspace/.derivedData/Build/Intermediates.noindex/ViewModifierBuilder.build/Debug/ViewModifierBuilder-t.build/DerivedSources-normal/arm64 -Xcc -I/Users/admin/builder/spi-builder-workspace/.derivedData/Build/Intermediates.noindex/ViewModifierBuilder.build/Debug/ViewModifierBuilder-t.build/DerivedSources/arm64 -Xcc -I/Users/admin/builder/spi-builder-workspace/.derivedData/Build/Intermediates.noindex/ViewModifierBuilder.build/Debug/ViewModifierBuilder-t.build/DerivedSources -Xcc -DSWIFT_PACKAGE -Xcc -DDEBUG\=1 -emit-objc-header -emit-objc-header-path /Users/admin/builder/spi-builder-workspace/.derivedData/Build/Intermediates.noindex/ViewModifierBuilder.build/Debug/ViewModifierBuilder-t.build/Objects-normal/arm64/ViewModifierBuilder-Swift.h -working-directory /Users/admin/builder/spi-builder-workspace/.swiftpm/xcode -experimental-emit-module-separately -disable-cmo
SwiftCompile normal arm64 Compiling\ View+Modifiers.swift /Users/admin/builder/spi-builder-workspace/.dependencies/checkouts/ViewModifierBuilder/Sources/View+Modifiers.swift (in target 'ViewModifierBuilder' from project 'ViewModifierBuilder')
SwiftCompile normal arm64 /Users/admin/builder/spi-builder-workspace/.dependencies/checkouts/ViewModifierBuilder/Sources/View+Modifiers.swift (in target 'ViewModifierBuilder' from project 'ViewModifierBuilder')
cd /Users/admin/builder/spi-builder-workspace/.swiftpm/xcode
builtin-SwiftPerFileCompile View+Modifiers.swift
SwiftEmitModule normal arm64 Emitting\ module\ for\ ViewModifierBuilder (in target 'ViewModifierBuilder' from project 'ViewModifierBuilder')
SwiftCompile normal arm64 (in target 'ViewModifierBuilder' from project 'ViewModifierBuilder')
cd /Users/admin/builder/spi-builder-workspace/.swiftpm/xcode
SwiftCompile normal arm64 Compiling\ ViewModifiersViewModifier.swift /Users/admin/builder/spi-builder-workspace/.dependencies/checkouts/ViewModifierBuilder/Sources/ViewModifiersViewModifier.swift (in target 'ViewModifierBuilder' from project 'ViewModifierBuilder')
SwiftCompile normal arm64 /Users/admin/builder/spi-builder-workspace/.dependencies/checkouts/ViewModifierBuilder/Sources/ViewModifiersViewModifier.swift (in target 'ViewModifierBuilder' from project 'ViewModifierBuilder')
cd /Users/admin/builder/spi-builder-workspace/.swiftpm/xcode
builtin-SwiftPerFileCompile ViewModifiersViewModifier.swift
SwiftCompile normal arm64 Compiling\ ViewModifierBuilder.swift /Users/admin/builder/spi-builder-workspace/.dependencies/checkouts/ViewModifierBuilder/Sources/ViewModifierBuilder.swift (in target 'ViewModifierBuilder' from project 'ViewModifierBuilder')
SwiftCompile normal arm64 /Users/admin/builder/spi-builder-workspace/.dependencies/checkouts/ViewModifierBuilder/Sources/ViewModifierBuilder.swift (in target 'ViewModifierBuilder' from project 'ViewModifierBuilder')
cd /Users/admin/builder/spi-builder-workspace/.swiftpm/xcode
builtin-SwiftPerFileCompile ViewModifierBuilder.swift
SwiftCompile normal arm64 Compiling\ EnvironmentValues+PageSheet.swift /Users/admin/builder/spi-builder-workspace/Sources/PageSheetCore/EnvironmentValues+PageSheet.swift (in target 'PageSheetCore' from project 'PageSheet')
/Users/admin/builder/spi-builder-workspace/Sources/PageSheetCore/PageSheet.swift:18:29: error: cannot find type 'UISheetPresentationController' in scope
16 | public enum PageSheet {
17 | /// An object that represents a height where a sheet naturally rests.
18 | public typealias Detent = UISheetPresentationController.Detent
| `- error: cannot find type 'UISheetPresentationController' in scope
19 |
20 | // MARK: - Configuration
SwiftCompile normal arm64 /Users/admin/builder/spi-builder-workspace/Sources/PageSheetCore/EnvironmentValues+PageSheet.swift (in target 'PageSheetCore' from project 'PageSheet')
cd /Users/admin/builder/spi-builder-workspace/.swiftpm/xcode
builtin-SwiftPerFileCompile EnvironmentValues+PageSheet.swift
SwiftCompile normal arm64 Compiling\ PageSheet.swift /Users/admin/builder/spi-builder-workspace/Sources/PageSheetCore/PageSheet.swift (in target 'PageSheetCore' from project 'PageSheet')
/Users/admin/builder/spi-builder-workspace/Sources/PageSheetCore/PageSheet.swift:18:29: error: cannot find type 'UISheetPresentationController' in scope
16 | public enum PageSheet {
17 | /// An object that represents a height where a sheet naturally rests.
18 | public typealias Detent = UISheetPresentationController.Detent
| `- error: cannot find type 'UISheetPresentationController' in scope
19 |
20 | // MARK: - Configuration
/Users/admin/builder/spi-builder-workspace/Sources/PageSheetCore/PageSheet.swift:22:22: error: type 'PageSheet.Configuration' does not conform to protocol 'Equatable'
20 | // MARK: - Configuration
21 |
22 | fileprivate struct Configuration: Equatable {
| |- error: type 'PageSheet.Configuration' does not conform to protocol 'Equatable'
| `- note: add stubs for conformance
23 | var prefersGrabberVisible: Bool = false
24 | var detents: [Detent] = [.large()]
| `- note: stored property type '_' does not conform to protocol 'Equatable', preventing synthesized conformance of 'PageSheet.Configuration' to 'Equatable'
25 | var largestUndimmedDetentIdentifier: Detent.Identifier? = nil
| `- note: stored property type '_' does not conform to protocol 'Equatable', preventing synthesized conformance of 'PageSheet.Configuration' to 'Equatable'
26 | var selectedDetentIdentifier: Detent.Identifier? = nil
| `- note: stored property type '_' does not conform to protocol 'Equatable', preventing synthesized conformance of 'PageSheet.Configuration' to 'Equatable'
27 | var prefersEdgeAttachedInCompactHeight: Bool = false
28 | var widthFollowsPreferredContentSizeWhenEdgeAttached: Bool = false
Swift.==:1:24: note: candidate would match if 'PageSheet.Configuration' conformed to 'RawRepresentable'
1 | @inlinable public func == <T>(lhs: T, rhs: T) -> Bool where T : RawRepresentable, T.RawValue : Equatable
| `- note: candidate would match if 'PageSheet.Configuration' conformed to 'RawRepresentable'
Swift.FloatingPoint.==:2:20: note: candidate would match if 'PageSheet.Configuration' conformed to 'FloatingPoint'
1 | protocol FloatingPoint {
2 | public static func == (lhs: Self, rhs: Self) -> Bool}
| `- note: candidate would match if 'PageSheet.Configuration' conformed to 'FloatingPoint'
3 |
Swift.BinaryInteger.==:2:20: note: candidate would match if 'PageSheet.Configuration' conformed to 'BinaryInteger'
1 | protocol BinaryInteger {
2 | public static func == <Other>(lhs: Self, rhs: Other) -> Bool where Other : BinaryInteger}
| `- note: candidate would match if 'PageSheet.Configuration' conformed to 'BinaryInteger'
3 |
Swift._Pointer.==:2:20: note: candidate would match if 'PageSheet.Configuration' conformed to '_Pointer'
1 | protocol _Pointer {
2 | public static func == (lhs: Self, rhs: Self) -> Bool}
| `- note: candidate would match if 'PageSheet.Configuration' conformed to '_Pointer'
3 |
Swift._Pointer.==:2:31: note: candidate would match if 'PageSheet.Configuration' conformed to '_Pointer'
1 | protocol _Pointer {
2 | @inlinable public static func == <Other>(lhs: Self, rhs: Other) -> Bool where Other : _Pointer}
| `- note: candidate would match if 'PageSheet.Configuration' conformed to '_Pointer'
3 |
Swift.Strideable.==:2:31: note: candidate would match if 'PageSheet.Configuration' conformed to 'Strideable'
1 | protocol Strideable {
2 | @inlinable public static func == (x: Self, y: Self) -> Bool}
| `- note: candidate would match if 'PageSheet.Configuration' conformed to 'Strideable'
3 |
Swift.StringProtocol.==:2:31: note: candidate would match if 'PageSheet.Configuration' conformed to 'StringProtocol'
1 | protocol StringProtocol {
2 | @inlinable public static func == <RHS>(lhs: Self, rhs: RHS) -> Bool where RHS : StringProtocol}
| `- note: candidate would match if 'PageSheet.Configuration' conformed to 'StringProtocol'
3 |
Swift.SIMD.==:2:20: note: candidate would match if 'PageSheet.Configuration' conformed to 'SIMD'
1 | protocol SIMD {
2 | public static func == (a: Self, b: Self) -> Bool}
| `- note: candidate would match if 'PageSheet.Configuration' conformed to 'SIMD'
3 |
Foundation.AttributedStringProtocol.==:2:20: note: candidate would match if 'PageSheet.Configuration' conformed to 'AttributedStringProtocol'
1 | protocol AttributedStringProtocol {
2 | public static func == <RHS>(lhs: Self, rhs: RHS) -> Bool where RHS : AttributedStringProtocol}
| `- note: candidate would match if 'PageSheet.Configuration' conformed to 'AttributedStringProtocol'
3 |
Foundation._BridgedStoredNSError.==:2:20: note: candidate would match if 'PageSheet.Configuration' conformed to '_BridgedStoredNSError'
1 | protocol _BridgedStoredNSError {
2 | public static func == (lhs: Self, rhs: Self) -> Bool}
| `- note: candidate would match if 'PageSheet.Configuration' conformed to '_BridgedStoredNSError'
3 |
CoreFoundation._CFObject.==:2:20: note: candidate would match if 'PageSheet.Configuration' conformed to '_CFObject'
1 | protocol _CFObject {
2 | public static func == (left: Self, right: Self) -> Bool}
| `- note: candidate would match if 'PageSheet.Configuration' conformed to '_CFObject'
3 |
Swift.Equatable.==:2:13: note: protocol requires function '==' with type '(borrowing PageSheet.Configuration, borrowing PageSheet.Configuration) -> Bool'
1 | protocol Equatable {
2 | static func == (lhs: borrowing Self, rhs: borrowing Self) -> Bool}
| `- note: protocol requires function '==' with type '(borrowing PageSheet.Configuration, borrowing PageSheet.Configuration) -> Bool'
3 |
macro expansion @State:7:48: error: could not infer type for placeholder
`- /Users/admin/builder/spi-builder-workspace/Sources/PageSheetCore/PageSheet.swift:43:51: note: expanded code originates here
40 | private var configuration: Configuration = .default
41 |
42 | @State
| `- note: in expansion of macro 'State' on property 'selectedDetent' here
43 | private var selectedDetent: Detent.Identifier?
+--- macro expansion @State ----------------------------------------
| 5 |
| 6 | @SwiftUICore._StatePropertyWrapperStorage(initialValue: "JHMxM1BhZ2VTaGVldENvcmUwYUIwTzIxQ29uZmlndXJlZEhvc3RpbmdWaWV3VjE0c2VsZWN0ZWREZXRlbnQzM19BRTk1OTY0RDMxNDBCOTM4QkZEQTZDMzk4NDBDRDI0MExMNVN0YXRlZk1wXzIwX2luaXRpYWxTdG9yZWRWYWx1ZV9mTXVf")
| 7 | private var _selectedDetent: SwiftUICore.State<_>! = SwiftUICore._stateNil(of: {
| | `- error: could not infer type for placeholder
| 8 | SwiftUICore.State<Detent.Identifier?>(initialValue: nil)
| 9 | })
+-------------------------------------------------------------------
44 |
45 | let content: Content
/Users/admin/builder/spi-builder-workspace/Sources/PageSheetCore/PageSheet.swift:84:55: error: cannot find type 'UIHostingController' in scope
82 | // MARK: - HostingController
83 |
84 | fileprivate class HostingController<Content: View>: UIHostingController<Content>,
| `- error: cannot find type 'UIHostingController' in scope
85 | UISheetPresentationControllerDelegate
86 | {
/Users/admin/builder/spi-builder-workspace/Sources/PageSheetCore/PageSheet.swift:85:5: error: cannot find type 'UISheetPresentationControllerDelegate' in scope
83 |
84 | fileprivate class HostingController<Content: View>: UIHostingController<Content>,
85 | UISheetPresentationControllerDelegate
| `- error: cannot find type 'UISheetPresentationControllerDelegate' in scope
86 | {
87 | var configuration: Configuration = .default {
/Users/admin/builder/spi-builder-workspace/Sources/PageSheetCore/PageSheet.swift:89:29: error: value of type 'PageSheet.HostingController<Content>' has no member 'sheetPresentationController'
87 | var configuration: Configuration = .default {
88 | didSet {
89 | if let sheet = self.sheetPresentationController {
| `- error: value of type 'PageSheet.HostingController<Content>' has no member 'sheetPresentationController'
90 | if sheet.delegate == nil {
91 | sheet.delegate = self
/Users/admin/builder/spi-builder-workspace/Sources/PageSheetCore/PageSheet.swift:123:19: error: method does not override any method from its superclass
121 | }
122 |
123 | override func viewWillDisappear(_ animated: Bool) {
| `- error: method does not override any method from its superclass
124 | super.viewWillDisappear(animated)
125 |
/Users/admin/builder/spi-builder-workspace/Sources/PageSheetCore/PageSheet.swift:133:16: error: cannot find type 'UISheetPresentationController' in scope
131 |
132 | func sheetPresentationControllerDidChangeSelectedDetentIdentifier(
133 | _ sheet: UISheetPresentationController
| `- error: cannot find type 'UISheetPresentationController' in scope
134 | ) {
135 | self.selectedDetent = sheet.selectedDetentIdentifier
SwiftCompile normal arm64 /Users/admin/builder/spi-builder-workspace/Sources/PageSheetCore/PageSheet.swift (in target 'PageSheetCore' from project 'PageSheet')
cd /Users/admin/builder/spi-builder-workspace/.swiftpm/xcode
builtin-SwiftPerFileCompile PageSheet.swift
macro expansion @State:7:58: error: could not infer type for placeholder
`- /Users/admin/builder/spi-builder-workspace/Sources/PageSheetCore/PageSheet.swift:149:61: note: expanded code originates here
146 | var selectedDetent: Detent.Identifier?
147 |
148 | @State
| `- note: in expansion of macro 'State' on property 'selectedDetentIdentifier' here
149 | private var selectedDetentIdentifier: Detent.Identifier?
+--- macro expansion @State ----------------------------------------
| 5 |
| 6 | @SwiftUICore._StatePropertyWrapperStorage(initialValue: "JHMxM1BhZ2VTaGVldENvcmUwYUIwTzExSG9zdGluZ1ZpZXczM19BRTk1OTY0RDMxNDBCOTM4QkZEQTZDMzk4NDBDRDI0MExMVjI0c2VsZWN0ZWREZXRlbnRJZGVudGlmaWVyNVN0YXRlZk1wXzIwX2luaXRpYWxTdG9yZWRWYWx1ZV9mTXVf")
| 7 | private var _selectedDetentIdentifier: SwiftUICore.State<_>! = SwiftUICore._stateNil(of: {
| | `- error: could not infer type for placeholder
| 8 | SwiftUICore.State<Detent.Identifier?>(initialValue: nil)
| 9 | })
+-------------------------------------------------------------------
150 |
151 | let content: Content
/Users/admin/builder/spi-builder-workspace/Sources/PageSheetCore/PageSheet.swift:153:40: error: cannot find type 'Context' in scope
151 | let content: Content
152 |
153 | func makeUIViewController(context: Context) -> HostingController<Content> {
| `- error: cannot find type 'Context' in scope
154 | HostingController(
155 | rootView: content,
/Users/admin/builder/spi-builder-workspace/Sources/PageSheetCore/PageSheet.swift:160:84: error: cannot find type 'Context' in scope
158 | }
159 |
160 | func updateUIViewController(_ controller: HostingController<Content>, context: Context) {
| `- error: cannot find type 'Context' in scope
161 | if controller.configuration != configuration, configuration != .default {
162 | controller.configuration = configuration
/Users/admin/builder/spi-builder-workspace/Sources/PageSheetCore/PageSheet.swift:141:50: error: cannot find type 'UIViewControllerRepresentable' in scope
139 | // MARK: - HostingView
140 |
141 | fileprivate struct HostingView<Content: View>: UIViewControllerRepresentable {
| `- error: cannot find type 'UIViewControllerRepresentable' in scope
142 | @Binding
143 | var configuration: Configuration
/Users/admin/builder/spi-builder-workspace/Sources/PageSheetCore/PageSheet.swift:235:19: error: type 'PageSheet.Preference.Detents' does not conform to protocol 'PreferenceKey'
233 | }
234 |
235 | public struct Detents: AutomaticPreferenceKey {
| |- error: type 'PageSheet.Preference.Detents' does not conform to protocol 'PreferenceKey'
| `- note: add stubs for conformance
236 | public static var defaultValue: [PageSheet.Detent] = Configuration.default.detents
237 | }
SwiftUI.PreferenceKey.Value:2:16: note: protocol requires nested type 'Value'
1 | protocol PreferenceKey {
2 | associatedtype Value}
| `- note: protocol requires nested type 'Value'
3 |
/Users/admin/builder/spi-builder-workspace/Sources/PageSheetCore/PageSheet.swift:239:19: error: type 'PageSheet.Preference.LargestUndimmedDetentIdentifier' does not conform to protocol 'PreferenceKey'
237 | }
238 |
239 | public struct LargestUndimmedDetentIdentifier: AutomaticPreferenceKey {
| |- error: type 'PageSheet.Preference.LargestUndimmedDetentIdentifier' does not conform to protocol 'PreferenceKey'
| `- note: add stubs for conformance
240 | public static var defaultValue: Detent.Identifier? = Configuration.default
241 | .largestUndimmedDetentIdentifier
SwiftUI.PreferenceKey.Value:2:16: note: protocol requires nested type 'Value'
1 | protocol PreferenceKey {
2 | associatedtype Value}
| `- note: protocol requires nested type 'Value'
3 |
/Users/admin/builder/spi-builder-workspace/Sources/PageSheetCore/PageSheet.swift:244:19: error: type 'PageSheet.Preference.SelectedDetentIdentifier' does not conform to protocol 'PreferenceKey'
242 | }
243 |
244 | public struct SelectedDetentIdentifier: AutomaticPreferenceKey {
| |- error: type 'PageSheet.Preference.SelectedDetentIdentifier' does not conform to protocol 'PreferenceKey'
| `- note: add stubs for conformance
245 | public static var defaultValue: Detent.Identifier? = Configuration.default
246 | .selectedDetentIdentifier
SwiftUI.PreferenceKey.Value:2:16: note: protocol requires nested type 'Value'
1 | protocol PreferenceKey {
2 | associatedtype Value}
| `- note: protocol requires nested type 'Value'
3 |
/Users/admin/builder/spi-builder-workspace/Sources/PageSheetCore/PageSheet.swift:273:21: error: type 'SheetPreference' does not conform to protocol 'Hashable'
271 |
272 | /// Set of preferences that can be applied to a sheet presentation.
273 | @frozen public enum SheetPreference: Hashable {
| `- error: type 'SheetPreference' does not conform to protocol 'Hashable'
274 | /// Sets a Boolean value that determines whether the presenting sheet shows a grabber at the top.
275 | ///
:
287 | /// The array must contain at least one element. When you set this value, specify detents in order from smallest to largest height.
288 | ///
289 | case detents([PageSheet.Detent])
| `- note: associated value type '_' does not conform to protocol 'Hashable', preventing synthesized conformance of 'SheetPreference' to 'Hashable'
290 |
291 | /// Sets the largest detent that doesn’t dim the view underneath the presenting sheet.
:
298 | /// You can use this behavior for sheets with interactive content underneath them.
299 | ///
300 | case largestUndimmedDetent(id: PageSheet.Detent.Identifier?)
| `- note: associated value type '_' does not conform to protocol 'Hashable', preventing synthesized conformance of 'SheetPreference' to 'Hashable'
301 |
302 | /// Sets the identifier of the most recently selected detent on the presenting sheet.
:
306 | /// Detents can be modified using the ``PageSheetCore/SheetPreference/detents(_:)`` sheet preference.
307 | ///
308 | case selectedDetent(id: PageSheet.Detent.Identifier?)
| `- note: associated value type '_' does not conform to protocol 'Hashable', preventing synthesized conformance of 'SheetPreference' to 'Hashable'
309 |
310 | /// Sets a Boolean value that determines whether the presenting sheet attaches to the bottom edge of the screen in a compact-height size class.
SwiftEmitModule normal arm64 Emitting\ module\ for\ PageSheetCore (in target 'PageSheetCore' from project 'PageSheet')
/Users/admin/builder/spi-builder-workspace/Sources/PageSheetCore/PageSheet.swift:18:29: error: cannot find type 'UISheetPresentationController' in scope
16 | public enum PageSheet {
17 | /// An object that represents a height where a sheet naturally rests.
18 | public typealias Detent = UISheetPresentationController.Detent
| `- error: cannot find type 'UISheetPresentationController' in scope
19 |
20 | // MARK: - Configuration
/Users/admin/builder/spi-builder-workspace/Sources/PageSheetCore/EnvironmentValues+PageSheet.swift:3:16: error: type 'SelectedDetentIdentifier' does not conform to protocol 'EnvironmentKey'
1 | import SwiftUI
2 |
3 | private struct SelectedDetentIdentifier: EnvironmentKey {
| |- error: type 'SelectedDetentIdentifier' does not conform to protocol 'EnvironmentKey'
| `- note: add stubs for conformance
4 | static let defaultValue: PageSheet.Detent.Identifier? = nil
5 | }
SwiftUI.EnvironmentKey.Value:2:16: note: protocol requires nested type 'Value'
1 | protocol EnvironmentKey {
2 | associatedtype Value}
| `- note: protocol requires nested type 'Value'
3 |
/Users/admin/builder/spi-builder-workspace/Sources/PageSheetCore/PageSheet.swift:22:22: error: type 'PageSheet.Configuration' does not conform to protocol 'Equatable'
20 | // MARK: - Configuration
21 |
22 | fileprivate struct Configuration: Equatable {
| |- error: type 'PageSheet.Configuration' does not conform to protocol 'Equatable'
| `- note: add stubs for conformance
23 | var prefersGrabberVisible: Bool = false
24 | var detents: [Detent] = [.large()]
| `- note: stored property type '_' does not conform to protocol 'Equatable', preventing synthesized conformance of 'PageSheet.Configuration' to 'Equatable'
25 | var largestUndimmedDetentIdentifier: Detent.Identifier? = nil
| `- note: stored property type '_' does not conform to protocol 'Equatable', preventing synthesized conformance of 'PageSheet.Configuration' to 'Equatable'
26 | var selectedDetentIdentifier: Detent.Identifier? = nil
| `- note: stored property type '_' does not conform to protocol 'Equatable', preventing synthesized conformance of 'PageSheet.Configuration' to 'Equatable'
27 | var prefersEdgeAttachedInCompactHeight: Bool = false
28 | var widthFollowsPreferredContentSizeWhenEdgeAttached: Bool = false
Swift.==:1:24: note: candidate would match if 'PageSheet.Configuration' conformed to 'RawRepresentable'
1 | @inlinable public func == <T>(lhs: T, rhs: T) -> Bool where T : RawRepresentable, T.RawValue : Equatable
| `- note: candidate would match if 'PageSheet.Configuration' conformed to 'RawRepresentable'
Swift.FloatingPoint.==:2:20: note: candidate would match if 'PageSheet.Configuration' conformed to 'FloatingPoint'
1 | protocol FloatingPoint {
2 | public static func == (lhs: Self, rhs: Self) -> Bool}
| `- note: candidate would match if 'PageSheet.Configuration' conformed to 'FloatingPoint'
3 |
Swift.BinaryInteger.==:2:20: note: candidate would match if 'PageSheet.Configuration' conformed to 'BinaryInteger'
1 | protocol BinaryInteger {
2 | public static func == <Other>(lhs: Self, rhs: Other) -> Bool where Other : BinaryInteger}
| `- note: candidate would match if 'PageSheet.Configuration' conformed to 'BinaryInteger'
3 |
Swift._Pointer.==:2:20: note: candidate would match if 'PageSheet.Configuration' conformed to '_Pointer'
1 | protocol _Pointer {
2 | public static func == (lhs: Self, rhs: Self) -> Bool}
| `- note: candidate would match if 'PageSheet.Configuration' conformed to '_Pointer'
3 |
Swift._Pointer.==:2:31: note: candidate would match if 'PageSheet.Configuration' conformed to '_Pointer'
1 | protocol _Pointer {
2 | @inlinable public static func == <Other>(lhs: Self, rhs: Other) -> Bool where Other : _Pointer}
| `- note: candidate would match if 'PageSheet.Configuration' conformed to '_Pointer'
3 |
Swift.Strideable.==:2:31: note: candidate would match if 'PageSheet.Configuration' conformed to 'Strideable'
1 | protocol Strideable {
2 | @inlinable public static func == (x: Self, y: Self) -> Bool}
| `- note: candidate would match if 'PageSheet.Configuration' conformed to 'Strideable'
3 |
Swift.StringProtocol.==:2:31: note: candidate would match if 'PageSheet.Configuration' conformed to 'StringProtocol'
1 | protocol StringProtocol {
2 | @inlinable public static func == <RHS>(lhs: Self, rhs: RHS) -> Bool where RHS : StringProtocol}
| `- note: candidate would match if 'PageSheet.Configuration' conformed to 'StringProtocol'
3 |
Swift.SIMD.==:2:20: note: candidate would match if 'PageSheet.Configuration' conformed to 'SIMD'
1 | protocol SIMD {
2 | public static func == (a: Self, b: Self) -> Bool}
| `- note: candidate would match if 'PageSheet.Configuration' conformed to 'SIMD'
3 |
Foundation.AttributedStringProtocol.==:2:20: note: candidate would match if 'PageSheet.Configuration' conformed to 'AttributedStringProtocol'
1 | protocol AttributedStringProtocol {
2 | public static func == <RHS>(lhs: Self, rhs: RHS) -> Bool where RHS : AttributedStringProtocol}
| `- note: candidate would match if 'PageSheet.Configuration' conformed to 'AttributedStringProtocol'
3 |
Foundation._BridgedStoredNSError.==:2:20: note: candidate would match if 'PageSheet.Configuration' conformed to '_BridgedStoredNSError'
1 | protocol _BridgedStoredNSError {
2 | public static func == (lhs: Self, rhs: Self) -> Bool}
| `- note: candidate would match if 'PageSheet.Configuration' conformed to '_BridgedStoredNSError'
3 |
CoreFoundation._CFObject.==:2:20: note: candidate would match if 'PageSheet.Configuration' conformed to '_CFObject'
1 | protocol _CFObject {
2 | public static func == (left: Self, right: Self) -> Bool}
| `- note: candidate would match if 'PageSheet.Configuration' conformed to '_CFObject'
3 |
Swift.Equatable.==:2:13: note: protocol requires function '==' with type '(borrowing PageSheet.Configuration, borrowing PageSheet.Configuration) -> Bool'
1 | protocol Equatable {
2 | static func == (lhs: borrowing Self, rhs: borrowing Self) -> Bool}
| `- note: protocol requires function '==' with type '(borrowing PageSheet.Configuration, borrowing PageSheet.Configuration) -> Bool'
3 |
macro expansion @State:7:48: error: could not infer type for placeholder
`- /Users/admin/builder/spi-builder-workspace/Sources/PageSheetCore/PageSheet.swift:43:51: note: expanded code originates here
40 | private var configuration: Configuration = .default
41 |
42 | @State
| `- note: in expansion of macro 'State' on property 'selectedDetent' here
43 | private var selectedDetent: Detent.Identifier?
+--- macro expansion @State ----------------------------------------
| 5 |
| 6 | @SwiftUICore._StatePropertyWrapperStorage(initialValue: "JHMxM1BhZ2VTaGVldENvcmUwYUIwTzIxQ29uZmlndXJlZEhvc3RpbmdWaWV3VjE0c2VsZWN0ZWREZXRlbnQzM19BRTk1OTY0RDMxNDBCOTM4QkZEQTZDMzk4NDBDRDI0MExMNVN0YXRlZk1wXzIwX2luaXRpYWxTdG9yZWRWYWx1ZV9mTXVf")
| 7 | private var _selectedDetent: SwiftUICore.State<_>! = SwiftUICore._stateNil(of: {
| | `- error: could not infer type for placeholder
| 8 | SwiftUICore.State<Detent.Identifier?>(initialValue: nil)
| 9 | })
+-------------------------------------------------------------------
44 |
45 | let content: Content
/Users/admin/builder/spi-builder-workspace/Sources/PageSheetCore/PageSheet.swift:84:55: error: cannot find type 'UIHostingController' in scope
82 | // MARK: - HostingController
83 |
84 | fileprivate class HostingController<Content: View>: UIHostingController<Content>,
| `- error: cannot find type 'UIHostingController' in scope
85 | UISheetPresentationControllerDelegate
86 | {
/Users/admin/builder/spi-builder-workspace/Sources/PageSheetCore/PageSheet.swift:85:5: error: cannot find type 'UISheetPresentationControllerDelegate' in scope
83 |
84 | fileprivate class HostingController<Content: View>: UIHostingController<Content>,
85 | UISheetPresentationControllerDelegate
| `- error: cannot find type 'UISheetPresentationControllerDelegate' in scope
86 | {
87 | var configuration: Configuration = .default {
/Users/admin/builder/spi-builder-workspace/Sources/PageSheetCore/PageSheet.swift:89:29: error: value of type 'PageSheet.HostingController<Content>' has no member 'sheetPresentationController'
87 | var configuration: Configuration = .default {
88 | didSet {
89 | if let sheet = self.sheetPresentationController {
| `- error: value of type 'PageSheet.HostingController<Content>' has no member 'sheetPresentationController'
90 | if sheet.delegate == nil {
91 | sheet.delegate = self
/Users/admin/builder/spi-builder-workspace/Sources/PageSheetCore/PageSheet.swift:123:19: error: method does not override any method from its superclass
121 | }
122 |
123 | override func viewWillDisappear(_ animated: Bool) {
| `- error: method does not override any method from its superclass
124 | super.viewWillDisappear(animated)
125 |
/Users/admin/builder/spi-builder-workspace/Sources/PageSheetCore/PageSheet.swift:133:16: error: cannot find type 'UISheetPresentationController' in scope
131 |
132 | func sheetPresentationControllerDidChangeSelectedDetentIdentifier(
133 | _ sheet: UISheetPresentationController
| `- error: cannot find type 'UISheetPresentationController' in scope
134 | ) {
135 | self.selectedDetent = sheet.selectedDetentIdentifier
macro expansion @State:7:58: error: could not infer type for placeholder
`- /Users/admin/builder/spi-builder-workspace/Sources/PageSheetCore/PageSheet.swift:149:61: note: expanded code originates here
146 | var selectedDetent: Detent.Identifier?
147 |
148 | @State
| `- note: in expansion of macro 'State' on property 'selectedDetentIdentifier' here
149 | private var selectedDetentIdentifier: Detent.Identifier?
+--- macro expansion @State ----------------------------------------
| 5 |
| 6 | @SwiftUICore._StatePropertyWrapperStorage(initialValue: "JHMxM1BhZ2VTaGVldENvcmUwYUIwTzExSG9zdGluZ1ZpZXczM19BRTk1OTY0RDMxNDBCOTM4QkZEQTZDMzk4NDBDRDI0MExMVjI0c2VsZWN0ZWREZXRlbnRJZGVudGlmaWVyNVN0YXRlZk1wXzIwX2luaXRpYWxTdG9yZWRWYWx1ZV9mTXVf")
| 7 | private var _selectedDetentIdentifier: SwiftUICore.State<_>! = SwiftUICore._stateNil(of: {
| | `- error: could not infer type for placeholder
| 8 | SwiftUICore.State<Detent.Identifier?>(initialValue: nil)
| 9 | })
+-------------------------------------------------------------------
150 |
151 | let content: Content
/Users/admin/builder/spi-builder-workspace/Sources/PageSheetCore/PageSheet.swift:153:40: error: cannot find type 'Context' in scope
151 | let content: Content
152 |
153 | func makeUIViewController(context: Context) -> HostingController<Content> {
| `- error: cannot find type 'Context' in scope
154 | HostingController(
155 | rootView: content,
/Users/admin/builder/spi-builder-workspace/Sources/PageSheetCore/PageSheet.swift:160:84: error: cannot find type 'Context' in scope
158 | }
159 |
160 | func updateUIViewController(_ controller: HostingController<Content>, context: Context) {
| `- error: cannot find type 'Context' in scope
161 | if controller.configuration != configuration, configuration != .default {
162 | controller.configuration = configuration
/Users/admin/builder/spi-builder-workspace/Sources/PageSheetCore/PageSheet.swift:141:50: error: cannot find type 'UIViewControllerRepresentable' in scope
139 | // MARK: - HostingView
140 |
141 | fileprivate struct HostingView<Content: View>: UIViewControllerRepresentable {
| `- error: cannot find type 'UIViewControllerRepresentable' in scope
142 | @Binding
143 | var configuration: Configuration
/Users/admin/builder/spi-builder-workspace/Sources/PageSheetCore/PageSheet.swift:235:19: error: type 'PageSheet.Preference.Detents' does not conform to protocol 'PreferenceKey'
233 | }
234 |
235 | public struct Detents: AutomaticPreferenceKey {
| |- error: type 'PageSheet.Preference.Detents' does not conform to protocol 'PreferenceKey'
| `- note: add stubs for conformance
236 | public static var defaultValue: [PageSheet.Detent] = Configuration.default.detents
237 | }
SwiftUI.PreferenceKey.Value:2:16: note: protocol requires nested type 'Value'
1 | protocol PreferenceKey {
2 | associatedtype Value}
| `- note: protocol requires nested type 'Value'
3 |
/Users/admin/builder/spi-builder-workspace/Sources/PageSheetCore/PageSheet.swift:239:19: error: type 'PageSheet.Preference.LargestUndimmedDetentIdentifier' does not conform to protocol 'PreferenceKey'
237 | }
238 |
239 | public struct LargestUndimmedDetentIdentifier: AutomaticPreferenceKey {
| |- error: type 'PageSheet.Preference.LargestUndimmedDetentIdentifier' does not conform to protocol 'PreferenceKey'
| `- note: add stubs for conformance
240 | public static var defaultValue: Detent.Identifier? = Configuration.default
241 | .largestUndimmedDetentIdentifier
SwiftUI.PreferenceKey.Value:2:16: note: protocol requires nested type 'Value'
1 | protocol PreferenceKey {
2 | associatedtype Value}
| `- note: protocol requires nested type 'Value'
3 |
/Users/admin/builder/spi-builder-workspace/Sources/PageSheetCore/PageSheet.swift:244:19: error: type 'PageSheet.Preference.SelectedDetentIdentifier' does not conform to protocol 'PreferenceKey'
242 | }
243 |
244 | public struct SelectedDetentIdentifier: AutomaticPreferenceKey {
| |- error: type 'PageSheet.Preference.SelectedDetentIdentifier' does not conform to protocol 'PreferenceKey'
| `- note: add stubs for conformance
245 | public static var defaultValue: Detent.Identifier? = Configuration.default
246 | .selectedDetentIdentifier
SwiftUI.PreferenceKey.Value:2:16: note: protocol requires nested type 'Value'
1 | protocol PreferenceKey {
2 | associatedtype Value}
| `- note: protocol requires nested type 'Value'
3 |
/Users/admin/builder/spi-builder-workspace/Sources/PageSheetCore/PageSheet.swift:273:21: error: type 'SheetPreference' does not conform to protocol 'Hashable'
271 |
272 | /// Set of preferences that can be applied to a sheet presentation.
273 | @frozen public enum SheetPreference: Hashable {
| `- error: type 'SheetPreference' does not conform to protocol 'Hashable'
274 | /// Sets a Boolean value that determines whether the presenting sheet shows a grabber at the top.
275 | ///
:
287 | /// The array must contain at least one element. When you set this value, specify detents in order from smallest to largest height.
288 | ///
289 | case detents([PageSheet.Detent])
| `- note: associated value type '_' does not conform to protocol 'Hashable', preventing synthesized conformance of 'SheetPreference' to 'Hashable'
290 |
291 | /// Sets the largest detent that doesn’t dim the view underneath the presenting sheet.
:
298 | /// You can use this behavior for sheets with interactive content underneath them.
299 | ///
300 | case largestUndimmedDetent(id: PageSheet.Detent.Identifier?)
| `- note: associated value type '_' does not conform to protocol 'Hashable', preventing synthesized conformance of 'SheetPreference' to 'Hashable'
301 |
302 | /// Sets the identifier of the most recently selected detent on the presenting sheet.
:
306 | /// Detents can be modified using the ``PageSheetCore/SheetPreference/detents(_:)`` sheet preference.
307 | ///
308 | case selectedDetent(id: PageSheet.Detent.Identifier?)
| `- note: associated value type '_' does not conform to protocol 'Hashable', preventing synthesized conformance of 'SheetPreference' to 'Hashable'
309 |
310 | /// Sets a Boolean value that determines whether the presenting sheet attaches to the bottom edge of the screen in a compact-height size class.
/Users/admin/builder/spi-builder-workspace/Sources/PageSheetCore/PageSheet.swift:273:21: error: type 'SheetPreference' does not conform to protocol 'Equatable'
271 |
272 | /// Set of preferences that can be applied to a sheet presentation.
273 | @frozen public enum SheetPreference: Hashable {
| |- error: type 'SheetPreference' does not conform to protocol 'Equatable'
| `- note: add stubs for conformance
274 | /// Sets a Boolean value that determines whether the presenting sheet shows a grabber at the top.
275 | ///
:
287 | /// The array must contain at least one element. When you set this value, specify detents in order from smallest to largest height.
288 | ///
289 | case detents([PageSheet.Detent])
| `- note: associated value type '_' does not conform to protocol 'Equatable', preventing synthesized conformance of 'SheetPreference' to 'Equatable'
290 |
291 | /// Sets the largest detent that doesn’t dim the view underneath the presenting sheet.
:
298 | /// You can use this behavior for sheets with interactive content underneath them.
299 | ///
300 | case largestUndimmedDetent(id: PageSheet.Detent.Identifier?)
| `- note: associated value type '_' does not conform to protocol 'Equatable', preventing synthesized conformance of 'SheetPreference' to 'Equatable'
301 |
302 | /// Sets the identifier of the most recently selected detent on the presenting sheet.
:
306 | /// Detents can be modified using the ``PageSheetCore/SheetPreference/detents(_:)`` sheet preference.
307 | ///
308 | case selectedDetent(id: PageSheet.Detent.Identifier?)
| `- note: associated value type '_' does not conform to protocol 'Equatable', preventing synthesized conformance of 'SheetPreference' to 'Equatable'
309 |
310 | /// Sets a Boolean value that determines whether the presenting sheet attaches to the bottom edge of the screen in a compact-height size class.
Swift.==:1:24: note: candidate would match if 'SheetPreference' conformed to 'RawRepresentable'
1 | @inlinable public func == <T>(lhs: T, rhs: T) -> Bool where T : RawRepresentable, T.RawValue : Equatable
| `- note: candidate would match if 'SheetPreference' conformed to 'RawRepresentable'
Swift.FloatingPoint.==:2:20: note: candidate would match if 'SheetPreference' conformed to 'FloatingPoint'
1 | protocol FloatingPoint {
2 | public static func == (lhs: Self, rhs: Self) -> Bool}
| `- note: candidate would match if 'SheetPreference' conformed to 'FloatingPoint'
3 |
Swift.BinaryInteger.==:2:20: note: candidate would match if 'SheetPreference' conformed to 'BinaryInteger'
1 | protocol BinaryInteger {
2 | public static func == <Other>(lhs: Self, rhs: Other) -> Bool where Other : BinaryInteger}
| `- note: candidate would match if 'SheetPreference' conformed to 'BinaryInteger'
3 |
Swift._Pointer.==:2:20: note: candidate would match if 'SheetPreference' conformed to '_Pointer'
1 | protocol _Pointer {
2 | public static func == (lhs: Self, rhs: Self) -> Bool}
| `- note: candidate would match if 'SheetPreference' conformed to '_Pointer'
3 |
Swift._Pointer.==:2:31: note: candidate would match if 'SheetPreference' conformed to '_Pointer'
1 | protocol _Pointer {
2 | @inlinable public static func == <Other>(lhs: Self, rhs: Other) -> Bool where Other : _Pointer}
| `- note: candidate would match if 'SheetPreference' conformed to '_Pointer'
3 |
Swift.Strideable.==:2:31: note: candidate would match if 'SheetPreference' conformed to 'Strideable'
1 | protocol Strideable {
2 | @inlinable public static func == (x: Self, y: Self) -> Bool}
| `- note: candidate would match if 'SheetPreference' conformed to 'Strideable'
3 |
Swift.StringProtocol.==:2:31: note: candidate would match if 'SheetPreference' conformed to 'StringProtocol'
1 | protocol StringProtocol {
2 | @inlinable public static func == <RHS>(lhs: Self, rhs: RHS) -> Bool where RHS : StringProtocol}
| `- note: candidate would match if 'SheetPreference' conformed to 'StringProtocol'
3 |
Swift.SIMD.==:2:20: note: candidate would match if 'SheetPreference' conformed to 'SIMD'
1 | protocol SIMD {
2 | public static func == (a: Self, b: Self) -> Bool}
| `- note: candidate would match if 'SheetPreference' conformed to 'SIMD'
3 |
Foundation.AttributedStringProtocol.==:2:20: note: candidate would match if 'SheetPreference' conformed to 'AttributedStringProtocol'
1 | protocol AttributedStringProtocol {
2 | public static func == <RHS>(lhs: Self, rhs: RHS) -> Bool where RHS : AttributedStringProtocol}
| `- note: candidate would match if 'SheetPreference' conformed to 'AttributedStringProtocol'
3 |
Foundation._BridgedStoredNSError.==:2:20: note: candidate would match if 'SheetPreference' conformed to '_BridgedStoredNSError'
1 | protocol _BridgedStoredNSError {
2 | public static func == (lhs: Self, rhs: Self) -> Bool}
| `- note: candidate would match if 'SheetPreference' conformed to '_BridgedStoredNSError'
3 |
CoreFoundation._CFObject.==:2:20: note: candidate would match if 'SheetPreference' conformed to '_CFObject'
1 | protocol _CFObject {
2 | public static func == (left: Self, right: Self) -> Bool}
| `- note: candidate would match if 'SheetPreference' conformed to '_CFObject'
3 |
Swift.Equatable.==:2:13: note: protocol requires function '==' with type '(borrowing SheetPreference, borrowing SheetPreference) -> Bool'
1 | protocol Equatable {
2 | static func == (lhs: borrowing Self, rhs: borrowing Self) -> Bool}
| `- note: protocol requires function '==' with type '(borrowing SheetPreference, borrowing SheetPreference) -> Bool'
3 |
Failed frontend command:
/Applications/Xcode-27.0.0-Release.Candidate.app/Contents/Developer/Toolchains/XcodeDefault.xctoolchain/usr/bin/swift-frontend -frontend -emit-module -experimental-skip-non-inlinable-function-bodies-without-types /Users/admin/builder/spi-builder-workspace/Sources/PageSheetCore/EnvironmentValues+PageSheet.swift /Users/admin/builder/spi-builder-workspace/Sources/PageSheetCore/PageSheet.swift /Users/admin/builder/spi-builder-workspace/Sources/PageSheetCore/PageSheetView.swift /Users/admin/builder/spi-builder-workspace/Sources/PageSheetCore/View+PageSheet.swift -target arm64-apple-macos12.0 -disable-cross-import-overlay-search -load-resolved-plugin /Applications/Xcode-27.0.0-Release.Candidate.app/Contents/Developer/Platforms/MacOSX.platform/Developer/usr/lib/swift/host/plugins/libFoundationMacros.dylib\#/Applications/Xcode-27.0.0-Release.Candidate.app/Contents/Developer/Platforms/MacOSX.platform/Developer/usr/bin/swift-plugin-server\#FoundationMacros -load-resolved-plugin /Applications/Xcode-27.0.0-Release.Candidate.app/Contents/Developer/Platforms/MacOSX.platform/Developer/usr/lib/swift/host/plugins/libObservationMacros.dylib\#/Applications/Xcode-27.0.0-Release.Candidate.app/Contents/Developer/Platforms/MacOSX.platform/Developer/usr/bin/swift-plugin-server\#ObservationMacros -load-resolved-plugin /Applications/Xcode-27.0.0-Release.Candidate.app/Contents/Developer/Platforms/MacOSX.platform/Developer/usr/lib/swift/host/plugins/libPreviewsMacros.dylib\#/Applications/Xcode-27.0.0-Release.Candidate.app/Contents/Developer/Platforms/MacOSX.platform/Developer/usr/bin/swift-plugin-server\#PreviewsMacros -load-resolved-plugin /Applications/Xcode-27.0.0-Release.Candidate.app/Contents/Developer/Platforms/MacOSX.platform/Developer/usr/lib/swift/host/plugins/libSwiftMacros.dylib\#/Applications/Xcode-27.0.0-Release.Candidate.app/Contents/Developer/Platforms/MacOSX.platform/Developer/usr/bin/swift-plugin-server\#SwiftMacros -load-resolved-plugin /Applications/Xcode-27.0.0-Release.Candidate.app/Contents/Developer/Platforms/MacOSX.platform/Developer/usr/lib/swift/host/plugins/libSwiftUIMacros.dylib\#/Applications/Xcode-27.0.0-Release.Candidate.app/Contents/Developer/Platforms/MacOSX.platform/Developer/usr/bin/swift-plugin-server\#SwiftUIMacros -disable-implicit-swift-modules -Xcc -fno-implicit-modules -Xcc -fno-implicit-module-maps -explicit-swift-module-map-file /Users/admin/builder/spi-builder-workspace/.derivedData/Build/Intermediates.noindex/PageSheet.build/Debug/PageSheetCore-t.build/Objects-normal/arm64/PageSheetCore-dependencies-1.json -Xllvm -aarch64-use-tbi -enable-objc-interop -stack-check -sdk /Applications/Xcode-27.0.0-Release.Candidate.app/Contents/Developer/Platforms/MacOSX.platform/Developer/SDKs/MacOSX27.0.sdk -I /Users/admin/builder/spi-builder-workspace/.derivedData/Build/Products/Debug -Isystem /Applications/Xcode-27.0.0-Release.Candidate.app/Contents/Developer/Platforms/MacOSX.platform/Developer/usr/lib -F /Users/admin/builder/spi-builder-workspace/.derivedData/Build/Products/Debug -F /Applications/Xcode-27.0.0-Release.Candidate.app/Contents/Developer/Platforms/MacOSX.platform/Developer/Library/Frameworks -module-cache-path /Users/admin/builder/spi-builder-workspace/.derivedData/Build/Intermediates.noindex/SwiftExplicitPrecompiledModules -no-color-diagnostics -Xcc -fno-color-diagnostics -enable-testing -g -debug-info-format\=dwarf -dwarf-version\=4 -swift-version 5 -Onone -D SWIFT_PACKAGE -D DEBUG -D SWIFT_MODULE_RESOURCE_BUNDLE_UNAVAILABLE -D Xcode -serialize-debugging-options -enable-experimental-feature DebugDescriptionMacro -empty-abi-descriptor -validate-clang-modules-once -clang-build-session-file /Users/admin/builder/spi-builder-workspace/.derivedData/ModuleCache.noindex/Session.modulevalidation -Xcc -working-directory -Xcc /Users/admin/builder/spi-builder-workspace/.swiftpm/xcode -enable-anonymous-context-mangled-names -file-compilation-dir /Users/admin/builder/spi-builder-workspace/.swiftpm/xcode -Xcc -D_LIBCPP_HARDENING_MODE\=_LIBCPP_HARDENING_MODE_DEBUG -Xcc -ivfsstatcache -Xcc /Users/admin/builder/spi-builder-workspace/.derivedData/SDKStatCaches.noindex/macosx27.0-26A425-e829b21a6f8c9b70876ba0858053c0446a22442a12e9d48fe1a705f55a1adfc4.sdkstatcache -Xcc -fmodules-prune-interval\=86400 -Xcc -fmodules-prune-after\=345600 -Xcc -I/Users/admin/builder/spi-builder-workspace/.derivedData/Build/Products/Debug/include -Xcc -I/Users/admin/builder/spi-builder-workspace/.derivedData/Build/Intermediates.noindex/PageSheet.build/Debug/PageSheetCore-t.build/DerivedSources-normal/arm64 -Xcc -I/Users/admin/builder/spi-builder-workspace/.derivedData/Build/Intermediates.noindex/PageSheet.build/Debug/PageSheetCore-t.build/DerivedSources/arm64 -Xcc -I/Users/admin/builder/spi-builder-workspace/.derivedData/Build/Intermediates.noindex/PageSheet.build/Debug/PageSheetCore-t.build/DerivedSources -Xcc -DSWIFT_PACKAGE -Xcc -DDEBUG\=1 -no-auto-bridging-header-chaining -module-name PageSheetCore -const-gather-protocols-file /Users/admin/builder/spi-builder-workspace/.derivedData/Build/Intermediates.noindex/PageSheet.build/Debug/PageSheetCore-t.build/Objects-normal/arm64/PageSheetCore_const_extract_protocols.json -disable-clang-spi -clang-target arm64-apple-macos27.0 -target-sdk-version 27.0 -target-sdk-name macosx27.0 -in-process-plugin-server-path /Applications/Xcode-27.0.0-Release.Candidate.app/Contents/Developer/Toolchains/XcodeDefault.xctoolchain/usr/lib/swift/host/libSwiftInProcPluginServer.dylib -emit-module-doc-path /Users/admin/builder/spi-builder-workspace/.derivedData/Build/Intermediates.noindex/PageSheet.build/Debug/PageSheetCore-t.build/Objects-normal/arm64/PageSheetCore.swiftdoc -emit-module-source-info-path /Users/admin/builder/spi-builder-workspace/.derivedData/Build/Intermediates.noindex/PageSheet.build/Debug/PageSheetCore-t.build/Objects-normal/arm64/PageSheetCore.swiftsourceinfo -emit-objc-header-path /Users/admin/builder/spi-builder-workspace/.derivedData/Build/Intermediates.noindex/PageSheet.build/Debug/PageSheetCore-t.build/Objects-normal/arm64/PageSheetCore-Swift.h -serialize-diagnostics-path /Users/admin/builder/spi-builder-workspace/.derivedData/Build/Intermediates.noindex/PageSheet.build/Debug/PageSheetCore-t.build/Objects-normal/arm64/PageSheetCore-primary-emit-module.dia -emit-dependencies-path /Users/admin/builder/spi-builder-workspace/.derivedData/Build/Intermediates.noindex/PageSheet.build/Debug/PageSheetCore-t.build/Objects-normal/arm64/PageSheetCore-primary-emit-module.d -parse-as-library -o /Users/admin/builder/spi-builder-workspace/.derivedData/Build/Intermediates.noindex/PageSheet.build/Debug/PageSheetCore-t.build/Objects-normal/arm64/PageSheetCore.swiftmodule -emit-abi-descriptor-path /Users/admin/builder/spi-builder-workspace/.derivedData/Build/Intermediates.noindex/PageSheet.build/Debug/PageSheetCore-t.build/Objects-normal/arm64/PageSheetCore.abi.json
SwiftCompile normal arm64 (in target 'PageSheetCore' from project 'PageSheet')
cd /Users/admin/builder/spi-builder-workspace/.swiftpm/xcode
SwiftCompile normal arm64 Compiling\ View+PageSheet.swift /Users/admin/builder/spi-builder-workspace/Sources/PageSheetCore/View+PageSheet.swift (in target 'PageSheetCore' from project 'PageSheet')
SwiftCompile normal arm64 /Users/admin/builder/spi-builder-workspace/Sources/PageSheetCore/View+PageSheet.swift (in target 'PageSheetCore' from project 'PageSheet')
cd /Users/admin/builder/spi-builder-workspace/.swiftpm/xcode
builtin-SwiftPerFileCompile View+PageSheet.swift
SwiftCompile normal arm64 Compiling\ PageSheetView.swift /Users/admin/builder/spi-builder-workspace/Sources/PageSheetCore/PageSheetView.swift (in target 'PageSheetCore' from project 'PageSheet')
SwiftCompile normal arm64 /Users/admin/builder/spi-builder-workspace/Sources/PageSheetCore/PageSheetView.swift (in target 'PageSheetCore' from project 'PageSheet')
cd /Users/admin/builder/spi-builder-workspace/.swiftpm/xcode
builtin-SwiftPerFileCompile PageSheetView.swift
PruneExplicitPrecompiledModules /Users/admin/builder/spi-builder-workspace/.derivedData/Build/Intermediates.noindex/SwiftExplicitPrecompiledModules
PruneExplicitPrecompiledModules /Users/admin/builder/spi-builder-workspace/.derivedData/Build/Intermediates.noindex/ExplicitPrecompiledModules
PruneExplicitPrecompiledModules /Users/admin/builder/spi-builder-workspace/.derivedData/SDKExplicitPrecompiledModules
2026-09-17 23:41:32.041 xcodebuild[791:4915] [MT] IDERunDestination: Supported platforms for the buildables in the current scheme is empty.
--- xcodebuild: WARNING: Using the first of multiple matching destinations:
{ platform:macOS, arch:arm64, id:e2dd0bfe6d4739e50383ad33204539b75989defa, name:My Mac }
{ platform:macOS, arch:arm64, variant:Mac Catalyst, id:e2dd0bfe6d4739e50383ad33204539b75989defa, name:My Mac }
{ platform:macOS, arch:arm64, variant:DriverKit, id:e2dd0bfe6d4739e50383ad33204539b75989defa, name:My Mac }
{ platform:macOS, arch:arm64, variant:Designed for [iPad,iPhone], id:e2dd0bfe6d4739e50383ad33204539b75989defa, name:My Mac }
** BUILD FAILED **
The following build commands failed:
SwiftEmitModule normal arm64 Emitting\ module\ for\ PageSheetCore (in target 'PageSheetCore' from project 'PageSheet')
SwiftCompile normal arm64 (in target 'PageSheetCore' from project 'PageSheet')
Building workspace PageSheet with scheme PageSheet-Package
(3 failures)
BUILD FAILURE 6.4 macosXcodebuild