Build Information
Failed to build URLSchemeRouter, reference 1.0.1 (c55e98), with Swift 6.4 for watchOS using Xcode 27.0 on 20 Sep 2026 18:22:04 UTC.
Build Command
env DEVELOPER_DIR=/Applications/Xcode-27.0.0-Release.Candidate.app xcrun xcodebuild -IDEClonedSourcePackagesDirPathOverride=$PWD/.dependencies -skipMacroValidation -skipPackagePluginValidation -derivedDataPath $PWD/.derivedData build -scheme URLSchemeRouter -destination generic/platform=watchOSBuild Log
WriteAuxiliaryFile /Users/admin/builder/spi-builder-workspace/.derivedData/Build/Intermediates.noindex/URLQueryItemCoder.build/Debug-watchos/URLQueryItemCoder-t.build/Objects-normal/arm64/URLQueryItemCoder.SwiftConstValuesFileList (in target 'URLQueryItemCoder' from project 'URLQueryItemCoder')
cd /Users/admin/builder/spi-builder-workspace/.dependencies/checkouts/URLQueryItemCoder
write-file /Users/admin/builder/spi-builder-workspace/.derivedData/Build/Intermediates.noindex/URLQueryItemCoder.build/Debug-watchos/URLQueryItemCoder-t.build/Objects-normal/arm64/URLQueryItemCoder.SwiftConstValuesFileList
WriteAuxiliaryFile /Users/admin/builder/spi-builder-workspace/.derivedData/Build/Intermediates.noindex/URLQueryItemCoder.build/Debug-watchos/URLQueryItemCoder-t.build/Objects-normal/arm64/URLQueryItemCoder.LinkFileList (in target 'URLQueryItemCoder' from project 'URLQueryItemCoder')
cd /Users/admin/builder/spi-builder-workspace/.dependencies/checkouts/URLQueryItemCoder
write-file /Users/admin/builder/spi-builder-workspace/.derivedData/Build/Intermediates.noindex/URLQueryItemCoder.build/Debug-watchos/URLQueryItemCoder-t.build/Objects-normal/arm64/URLQueryItemCoder.LinkFileList
Copy /Users/admin/builder/spi-builder-workspace/.derivedData/Build/Intermediates.noindex/GeneratedModuleMaps-watchos/URLQueryItemCoder.modulemap /Users/admin/builder/spi-builder-workspace/.derivedData/Build/Intermediates.noindex/URLQueryItemCoder.build/Debug-watchos/URLQueryItemCoder-t.build/URLQueryItemCoder.modulemap (in target 'URLQueryItemCoder' from project 'URLQueryItemCoder')
cd /Users/admin/builder/spi-builder-workspace/.dependencies/checkouts/URLQueryItemCoder
builtin-copy -exclude .DS_Store -exclude CVS -exclude .svn -exclude .git -exclude .hg -resolve-src-symlinks /Users/admin/builder/spi-builder-workspace/.derivedData/Build/Intermediates.noindex/URLQueryItemCoder.build/Debug-watchos/URLQueryItemCoder-t.build/URLQueryItemCoder.modulemap /Users/admin/builder/spi-builder-workspace/.derivedData/Build/Intermediates.noindex/GeneratedModuleMaps-watchos
WriteAuxiliaryFile /Users/admin/builder/spi-builder-workspace/.derivedData/Build/Intermediates.noindex/URLQueryItemCoder.build/Debug-watchos/URLQueryItemCoder-t.build/Objects-normal/arm64/URLQueryItemCoder-OutputFileMap.json (in target 'URLQueryItemCoder' from project 'URLQueryItemCoder')
cd /Users/admin/builder/spi-builder-workspace/.dependencies/checkouts/URLQueryItemCoder
write-file /Users/admin/builder/spi-builder-workspace/.derivedData/Build/Intermediates.noindex/URLQueryItemCoder.build/Debug-watchos/URLQueryItemCoder-t.build/Objects-normal/arm64/URLQueryItemCoder-OutputFileMap.json
SwiftDriver URLQueryItemCoder normal arm64_32 com.apple.xcode.tools.swift.compiler (in target 'URLQueryItemCoder' from project 'URLQueryItemCoder')
cd /Users/admin/builder/spi-builder-workspace/.swiftpm/xcode
builtin-SwiftDriver -- /Applications/Xcode-27.0.0-Release.Candidate.app/Contents/Developer/Toolchains/XcodeDefault.xctoolchain/usr/bin/swiftc -parse-as-library -module-name URLQueryItemCoder -Onone @/Users/admin/builder/spi-builder-workspace/.derivedData/Build/Intermediates.noindex/URLQueryItemCoder.build/Debug-watchos/URLQueryItemCoder-t.build/Objects-normal/arm64_32/URLQueryItemCoder.SwiftFileList -DSWIFT_PACKAGE -DDEBUG -DSWIFT_MODULE_RESOURCE_BUNDLE_UNAVAILABLE -DXcode -plugin-path /Applications/Xcode-27.0.0-Release.Candidate.app/Contents/Developer/Toolchains/XcodeDefault.xctoolchain/usr/lib/swift/host/plugins/testing -enable-experimental-feature DebugDescriptionMacro -sdk /Applications/Xcode-27.0.0-Release.Candidate.app/Contents/Developer/Platforms/WatchOS.platform/Developer/SDKs/WatchOS27.0.sdk -target arm64_32-apple-watchos9.0 -g -module-cache-path /Users/admin/builder/spi-builder-workspace/.derivedData/ModuleCache.noindex -Xfrontend -serialize-debugging-options -profile-coverage-mapping -profile-generate -enable-testing -suppress-warnings -index-store-path /Users/admin/builder/spi-builder-workspace/.derivedData/Index.noindex/DataStore -Xcc -D_LIBCPP_HARDENING_MODE\=_LIBCPP_HARDENING_MODE_DEBUG -swift-version 5 -I /Users/admin/builder/spi-builder-workspace/.derivedData/Build/Products/Debug-watchos -Isystem /Applications/Xcode-27.0.0-Release.Candidate.app/Contents/Developer/Platforms/WatchOS.platform/Developer/usr/lib -F /Users/admin/builder/spi-builder-workspace/.derivedData/Build/Products/Debug-watchos -F /Applications/Xcode-27.0.0-Release.Candidate.app/Contents/Developer/Platforms/WatchOS.platform/Developer/Library/Frameworks -F /Applications/Xcode-27.0.0-Release.Candidate.app/Contents/Developer/Platforms/WatchOS.platform/Developer/SDKs/WatchOS27.0.sdk/Developer/Library/Frameworks -c -j10 -enable-batch-mode -incremental -Xcc -ivfsstatcache -Xcc /Users/admin/builder/spi-builder-workspace/.derivedData/SDKStatCaches.noindex/watchos27.0-24R360-e829b21a6f8c9b70876ba0858053c04477534ef55a1706bf4c1112bbb242f0a2.sdkstatcache -output-file-map /Users/admin/builder/spi-builder-workspace/.derivedData/Build/Intermediates.noindex/URLQueryItemCoder.build/Debug-watchos/URLQueryItemCoder-t.build/Objects-normal/arm64_32/URLQueryItemCoder-OutputFileMap.json -save-temps -no-color-diagnostics -explicit-module-build -module-cache-path /Users/admin/builder/spi-builder-workspace/.derivedData/Build/Intermediates.noindex/SwiftExplicitPrecompiledModules -clang-scanner-module-cache-path /Users/admin/builder/spi-builder-workspace/.derivedData/ModuleCache.noindex -sdk-module-cache-path /Users/admin/builder/spi-builder-workspace/.derivedData/SDKExplicitPrecompiledModules -emit-dependencies -emit-module -emit-module-path /Users/admin/builder/spi-builder-workspace/.derivedData/Build/Intermediates.noindex/URLQueryItemCoder.build/Debug-watchos/URLQueryItemCoder-t.build/Objects-normal/arm64_32/URLQueryItemCoder.swiftmodule -serialize-diagnostics -dependency-scan-serialize-diagnostics-path /Users/admin/builder/spi-builder-workspace/.derivedData/Build/Intermediates.noindex/URLQueryItemCoder.build/Debug-watchos/URLQueryItemCoder-t.build/Objects-normal/arm64_32/URLQueryItemCoder-dependency-scan.dia -validate-clang-modules-once -clang-build-session-file /Users/admin/builder/spi-builder-workspace/.derivedData/ModuleCache.noindex/Session.modulevalidation -Xcc -fmodules-prune-interval\=86400 -Xcc -fmodules-prune-after\=345600 -emit-const-values -const-gather-protocols-list /Users/admin/builder/spi-builder-workspace/.derivedData/Build/Intermediates.noindex/URLQueryItemCoder.build/Debug-watchos/URLQueryItemCoder-t.build/Objects-normal/arm64_32/URLQueryItemCoder_const_extract_protocols.json -Xcc -I/Users/admin/builder/spi-builder-workspace/.derivedData/Build/Products/Debug-watchos/include -Xcc -I/Users/admin/builder/spi-builder-workspace/.derivedData/Build/Intermediates.noindex/URLQueryItemCoder.build/Debug-watchos/URLQueryItemCoder-t.build/DerivedSources-normal/arm64_32 -Xcc -I/Users/admin/builder/spi-builder-workspace/.derivedData/Build/Intermediates.noindex/URLQueryItemCoder.build/Debug-watchos/URLQueryItemCoder-t.build/DerivedSources/arm64_32 -Xcc -I/Users/admin/builder/spi-builder-workspace/.derivedData/Build/Intermediates.noindex/URLQueryItemCoder.build/Debug-watchos/URLQueryItemCoder-t.build/DerivedSources -Xcc -DSWIFT_PACKAGE -Xcc -DDEBUG\=1 -emit-objc-header -emit-objc-header-path /Users/admin/builder/spi-builder-workspace/.derivedData/Build/Intermediates.noindex/URLQueryItemCoder.build/Debug-watchos/URLQueryItemCoder-t.build/Objects-normal/arm64_32/URLQueryItemCoder-Swift.h -working-directory /Users/admin/builder/spi-builder-workspace/.swiftpm/xcode -experimental-emit-module-separately -disable-cmo
SwiftDriver URLQueryItemCoder normal arm64 com.apple.xcode.tools.swift.compiler (in target 'URLQueryItemCoder' from project 'URLQueryItemCoder')
cd /Users/admin/builder/spi-builder-workspace/.swiftpm/xcode
builtin-SwiftDriver -- /Applications/Xcode-27.0.0-Release.Candidate.app/Contents/Developer/Toolchains/XcodeDefault.xctoolchain/usr/bin/swiftc -parse-as-library -module-name URLQueryItemCoder -Onone @/Users/admin/builder/spi-builder-workspace/.derivedData/Build/Intermediates.noindex/URLQueryItemCoder.build/Debug-watchos/URLQueryItemCoder-t.build/Objects-normal/arm64/URLQueryItemCoder.SwiftFileList -DSWIFT_PACKAGE -DDEBUG -DSWIFT_MODULE_RESOURCE_BUNDLE_UNAVAILABLE -DXcode -plugin-path /Applications/Xcode-27.0.0-Release.Candidate.app/Contents/Developer/Toolchains/XcodeDefault.xctoolchain/usr/lib/swift/host/plugins/testing -enable-experimental-feature DebugDescriptionMacro -sdk /Applications/Xcode-27.0.0-Release.Candidate.app/Contents/Developer/Platforms/WatchOS.platform/Developer/SDKs/WatchOS27.0.sdk -target arm64-apple-watchos9.0 -g -module-cache-path /Users/admin/builder/spi-builder-workspace/.derivedData/ModuleCache.noindex -Xfrontend -serialize-debugging-options -profile-coverage-mapping -profile-generate -enable-testing -suppress-warnings -index-store-path /Users/admin/builder/spi-builder-workspace/.derivedData/Index.noindex/DataStore -Xcc -D_LIBCPP_HARDENING_MODE\=_LIBCPP_HARDENING_MODE_DEBUG -swift-version 5 -I /Users/admin/builder/spi-builder-workspace/.derivedData/Build/Products/Debug-watchos -Isystem /Applications/Xcode-27.0.0-Release.Candidate.app/Contents/Developer/Platforms/WatchOS.platform/Developer/usr/lib -F /Users/admin/builder/spi-builder-workspace/.derivedData/Build/Products/Debug-watchos -F /Applications/Xcode-27.0.0-Release.Candidate.app/Contents/Developer/Platforms/WatchOS.platform/Developer/Library/Frameworks -F /Applications/Xcode-27.0.0-Release.Candidate.app/Contents/Developer/Platforms/WatchOS.platform/Developer/SDKs/WatchOS27.0.sdk/Developer/Library/Frameworks -c -j10 -enable-batch-mode -incremental -Xcc -ivfsstatcache -Xcc /Users/admin/builder/spi-builder-workspace/.derivedData/SDKStatCaches.noindex/watchos27.0-24R360-e829b21a6f8c9b70876ba0858053c04477534ef55a1706bf4c1112bbb242f0a2.sdkstatcache -output-file-map /Users/admin/builder/spi-builder-workspace/.derivedData/Build/Intermediates.noindex/URLQueryItemCoder.build/Debug-watchos/URLQueryItemCoder-t.build/Objects-normal/arm64/URLQueryItemCoder-OutputFileMap.json -save-temps -no-color-diagnostics -explicit-module-build -module-cache-path /Users/admin/builder/spi-builder-workspace/.derivedData/Build/Intermediates.noindex/SwiftExplicitPrecompiledModules -clang-scanner-module-cache-path /Users/admin/builder/spi-builder-workspace/.derivedData/ModuleCache.noindex -sdk-module-cache-path /Users/admin/builder/spi-builder-workspace/.derivedData/SDKExplicitPrecompiledModules -emit-dependencies -emit-module -emit-module-path /Users/admin/builder/spi-builder-workspace/.derivedData/Build/Intermediates.noindex/URLQueryItemCoder.build/Debug-watchos/URLQueryItemCoder-t.build/Objects-normal/arm64/URLQueryItemCoder.swiftmodule -serialize-diagnostics -dependency-scan-serialize-diagnostics-path /Users/admin/builder/spi-builder-workspace/.derivedData/Build/Intermediates.noindex/URLQueryItemCoder.build/Debug-watchos/URLQueryItemCoder-t.build/Objects-normal/arm64/URLQueryItemCoder-dependency-scan.dia -validate-clang-modules-once -clang-build-session-file /Users/admin/builder/spi-builder-workspace/.derivedData/ModuleCache.noindex/Session.modulevalidation -Xcc -fmodules-prune-interval\=86400 -Xcc -fmodules-prune-after\=345600 -emit-const-values -const-gather-protocols-list /Users/admin/builder/spi-builder-workspace/.derivedData/Build/Intermediates.noindex/URLQueryItemCoder.build/Debug-watchos/URLQueryItemCoder-t.build/Objects-normal/arm64/URLQueryItemCoder_const_extract_protocols.json -Xcc -I/Users/admin/builder/spi-builder-workspace/.derivedData/Build/Products/Debug-watchos/include -Xcc -I/Users/admin/builder/spi-builder-workspace/.derivedData/Build/Intermediates.noindex/URLQueryItemCoder.build/Debug-watchos/URLQueryItemCoder-t.build/DerivedSources-normal/arm64 -Xcc -I/Users/admin/builder/spi-builder-workspace/.derivedData/Build/Intermediates.noindex/URLQueryItemCoder.build/Debug-watchos/URLQueryItemCoder-t.build/DerivedSources/arm64 -Xcc -I/Users/admin/builder/spi-builder-workspace/.derivedData/Build/Intermediates.noindex/URLQueryItemCoder.build/Debug-watchos/URLQueryItemCoder-t.build/DerivedSources -Xcc -DSWIFT_PACKAGE -Xcc -DDEBUG\=1 -emit-objc-header -emit-objc-header-path /Users/admin/builder/spi-builder-workspace/.derivedData/Build/Intermediates.noindex/URLQueryItemCoder.build/Debug-watchos/URLQueryItemCoder-t.build/Objects-normal/arm64/URLQueryItemCoder-Swift.h -working-directory /Users/admin/builder/spi-builder-workspace/.swiftpm/xcode -experimental-emit-module-separately -disable-cmo
SwiftExplicitDependencyGeneratePcm arm64 /Users/admin/builder/spi-builder-workspace/.derivedData/SDKExplicitPrecompiledModules/_Builtin_stddef-1FU30Y8SWFB7OUUHMJQH5J6FM.pcm
SwiftExplicitDependencyGeneratePcm arm64 /Users/admin/builder/spi-builder-workspace/.derivedData/SDKExplicitPrecompiledModules/ptrcheck-AIF0NDOYZ8ORBNHQAQR5NNB8M.pcm
SwiftExplicitDependencyGeneratePcm arm64 /Users/admin/builder/spi-builder-workspace/.derivedData/SDKExplicitPrecompiledModules/_Builtin_float-C0CW5Q4HGBQYKE77TC42IAFB5.pcm
SwiftExplicitDependencyGeneratePcm arm64 /Users/admin/builder/spi-builder-workspace/.derivedData/SDKExplicitPrecompiledModules/ptrauth-3TZ9WJCGLYD25HQPWH4968ONX.pcm
SwiftExplicitDependencyGeneratePcm arm64 /Users/admin/builder/spi-builder-workspace/.derivedData/SDKExplicitPrecompiledModules/_AvailabilityInternal-BUNV3UXM65NT37THI4W1AM0SF.pcm
SwiftExplicitDependencyGeneratePcm arm64 /Users/admin/builder/spi-builder-workspace/.derivedData/SDKExplicitPrecompiledModules/_Builtin_stdbool-83J96QSOFE9VX04AAS6310UAE.pcm
SwiftExplicitDependencyGeneratePcm arm64 /Users/admin/builder/spi-builder-workspace/.derivedData/SDKExplicitPrecompiledModules/_SwiftConcurrencyShims-659N52XSKR5F0QSB880BH2FJR.pcm
SwiftExplicitDependencyGeneratePcm arm64 /Users/admin/builder/spi-builder-workspace/.derivedData/SDKExplicitPrecompiledModules/_Builtin_stdarg-A7UU8LE6MP85SM26YO7PBZNUQ.pcm
SwiftExplicitDependencyGeneratePcm arm64 /Users/admin/builder/spi-builder-workspace/.derivedData/SDKExplicitPrecompiledModules/SwiftShims-4MXFZPV6FEB0XBYXCGPWAMQGL.pcm
SwiftExplicitDependencyGeneratePcm arm64_32 /Users/admin/builder/spi-builder-workspace/.derivedData/SDKExplicitPrecompiledModules/ptrauth-BFXF358ME5AK535N5A9Z766WU.pcm
SwiftExplicitDependencyGeneratePcm arm64_32 /Users/admin/builder/spi-builder-workspace/.derivedData/SDKExplicitPrecompiledModules/_SwiftConcurrencyShims-6RTBPQ03V7BM9SPRK8SUE055H.pcm
SwiftExplicitDependencyGeneratePcm arm64_32 /Users/admin/builder/spi-builder-workspace/.derivedData/SDKExplicitPrecompiledModules/_Builtin_stddef-H44EFHQX6XSS5MZ7QP6YJZ76.pcm
SwiftExplicitDependencyGeneratePcm arm64_32 /Users/admin/builder/spi-builder-workspace/.derivedData/SDKExplicitPrecompiledModules/_Builtin_stdbool-A967K8W8YUYEC9SN52KJ7OO88.pcm
SwiftExplicitDependencyGeneratePcm arm64_32 /Users/admin/builder/spi-builder-workspace/.derivedData/SDKExplicitPrecompiledModules/ptrcheck-7ELIH9BTIGVKX3UBITM9N72WD.pcm
SwiftExplicitDependencyGeneratePcm arm64_32 /Users/admin/builder/spi-builder-workspace/.derivedData/SDKExplicitPrecompiledModules/_AvailabilityInternal-244WAN3Z1QBT7PIA64EZEFY1R.pcm
SwiftExplicitDependencyGeneratePcm arm64_32 /Users/admin/builder/spi-builder-workspace/.derivedData/SDKExplicitPrecompiledModules/SwiftShims-9CQQGWTSNTN9EB5NSHDWUJICH.pcm
SwiftExplicitDependencyGeneratePcm arm64_32 /Users/admin/builder/spi-builder-workspace/.derivedData/SDKExplicitPrecompiledModules/_Builtin_stdarg-D305JG44A2WPI6CJY37X3QJE8.pcm
SwiftExplicitDependencyGeneratePcm arm64_32 /Users/admin/builder/spi-builder-workspace/.derivedData/SDKExplicitPrecompiledModules/_Builtin_float-6KO8O3PEWRCA4WC6PPLOYO6WJ.pcm
SwiftExplicitDependencyGeneratePcm arm64 /Users/admin/builder/spi-builder-workspace/.derivedData/SDKExplicitPrecompiledModules/_DarwinFoundation1-7SPX3MD0HMP55E4OLNCPNDQ53.pcm
SwiftExplicitDependencyGeneratePcm arm64_32 /Users/admin/builder/spi-builder-workspace/.derivedData/SDKExplicitPrecompiledModules/_DarwinFoundation1-2GWF9RFMPLQW4PDHS3NARVI3G.pcm
SwiftExplicitDependencyGeneratePcm arm64 /Users/admin/builder/spi-builder-workspace/.derivedData/SDKExplicitPrecompiledModules/_Builtin_limits-9GWPA2B0H20DYUNYHYCWKABJG.pcm
SwiftExplicitDependencyGeneratePcm arm64 /Users/admin/builder/spi-builder-workspace/.derivedData/SDKExplicitPrecompiledModules/_DarwinFoundation2-D0XAPJU49S5E9XMKYOFGSTB1Q.pcm
SwiftExplicitDependencyGeneratePcm arm64_32 /Users/admin/builder/spi-builder-workspace/.derivedData/SDKExplicitPrecompiledModules/_Builtin_limits-3VKBU2AFTD65PAJZ5CJ3LHFM2.pcm
SwiftExplicitDependencyGeneratePcm arm64_32 /Users/admin/builder/spi-builder-workspace/.derivedData/SDKExplicitPrecompiledModules/_DarwinFoundation2-9MY8GOSYRO0M9MKNXF6D3MBNK.pcm
SwiftExplicitDependencyGeneratePcm arm64 /Users/admin/builder/spi-builder-workspace/.derivedData/SDKExplicitPrecompiledModules/_Builtin_stdint-8XMILLJZEGRN2XG7XZUXZ5RLX.pcm
SwiftExplicitDependencyGeneratePcm arm64 /Users/admin/builder/spi-builder-workspace/.derivedData/SDKExplicitPrecompiledModules/string_h-E6PRXK75PHIPCZFWOFCQ3QBMK.pcm
SwiftExplicitDependencyGeneratePcm arm64 /Users/admin/builder/spi-builder-workspace/.derivedData/SDKExplicitPrecompiledModules/sys_types-2KXQLI78OUCDP779AE68GZJ2.pcm
SwiftExplicitDependencyGeneratePcm arm64_32 /Users/admin/builder/spi-builder-workspace/.derivedData/SDKExplicitPrecompiledModules/string_h-BFVLUQUSBZWYMLCU9QI7VZALW.pcm
SwiftExplicitDependencyGeneratePcm arm64_32 /Users/admin/builder/spi-builder-workspace/.derivedData/SDKExplicitPrecompiledModules/sys_types-8TLLMW08ZJWDGIIPKOYFGHHZW.pcm
SwiftExplicitDependencyGeneratePcm arm64_32 /Users/admin/builder/spi-builder-workspace/.derivedData/SDKExplicitPrecompiledModules/_Builtin_stdint-1HMXWI3V0V4TXHRWZOMZGZ80Y.pcm
SwiftExplicitDependencyGeneratePcm arm64 /Users/admin/builder/spi-builder-workspace/.derivedData/SDKExplicitPrecompiledModules/_DarwinFoundation3-B97LRG0E9GON2NUE65TVG81HU.pcm
SwiftExplicitDependencyGeneratePcm arm64_32 /Users/admin/builder/spi-builder-workspace/.derivedData/SDKExplicitPrecompiledModules/_DarwinFoundation3-3DUTYQDQSD9HUAAVY947NMWOI.pcm
SwiftExplicitDependencyGeneratePcm arm64 /Users/admin/builder/spi-builder-workspace/.derivedData/SDKExplicitPrecompiledModules/_Builtin_inttypes-3UQSCM7WNM9EK4HZML8TY5J3D.pcm
SwiftExplicitDependencyGeneratePcm arm64_32 /Users/admin/builder/spi-builder-workspace/.derivedData/SDKExplicitPrecompiledModules/_Builtin_inttypes-D2KPCR4PEX9AQA33NGLUT5SBR.pcm
SwiftExplicitDependencyGeneratePcm arm64 /Users/admin/builder/spi-builder-workspace/.derivedData/SDKExplicitPrecompiledModules/Darwin-3984OXKFNSPE77NT743WK8SEX.pcm
SwiftExplicitDependencyGeneratePcm arm64_32 /Users/admin/builder/spi-builder-workspace/.derivedData/SDKExplicitPrecompiledModules/Darwin-3FVT1SKLN2ZQ5RVOABMTQBB34.pcm
SwiftExplicitDependencyGeneratePcm arm64 /Users/admin/builder/spi-builder-workspace/.derivedData/SDKExplicitPrecompiledModules/ObjectiveC-72IVD3VS2RS8Q28D9PIMY0KQP.pcm
SwiftExplicitDependencyGeneratePcm arm64_32 /Users/admin/builder/spi-builder-workspace/.derivedData/SDKExplicitPrecompiledModules/ObjectiveC-6IJNELR2E80E7LUKESVCP2KET.pcm
SwiftExplicitDependencyGeneratePcm arm64 /Users/admin/builder/spi-builder-workspace/.derivedData/SDKExplicitPrecompiledModules/os_object-3SDKD7F87FTZ26OON37DRYT6O.pcm
SwiftExplicitDependencyGeneratePcm arm64_32 /Users/admin/builder/spi-builder-workspace/.derivedData/SDKExplicitPrecompiledModules/os_object-5YWTC6L4756IWSTPGXS5NM0D0.pcm
SwiftExplicitDependencyGeneratePcm arm64 /Users/admin/builder/spi-builder-workspace/.derivedData/SDKExplicitPrecompiledModules/os_workgroup-89GG5G7YC2D0ZTK6AZXXQ20DH.pcm
SwiftExplicitDependencyGeneratePcm arm64_32 /Users/admin/builder/spi-builder-workspace/.derivedData/SDKExplicitPrecompiledModules/os_workgroup-5JHTPDMNBUNHLJI8LPHKQK1JK.pcm
SwiftExplicitDependencyGeneratePcm arm64 /Users/admin/builder/spi-builder-workspace/.derivedData/SDKExplicitPrecompiledModules/Dispatch-1NLJOVAK60XP0DUB05XA59EIM.pcm
SwiftExplicitDependencyGeneratePcm arm64_32 /Users/admin/builder/spi-builder-workspace/.derivedData/SDKExplicitPrecompiledModules/Dispatch-2P62F1T4XV63S4P99TUDTOK2Q.pcm
SwiftExplicitDependencyGeneratePcm arm64 /Users/admin/builder/spi-builder-workspace/.derivedData/SDKExplicitPrecompiledModules/XPC-40DR0X1DHKGCV4J1IOLFS8MOU.pcm
SwiftExplicitDependencyGeneratePcm arm64 /Users/admin/builder/spi-builder-workspace/.derivedData/SDKExplicitPrecompiledModules/CoreFoundation-8T2L24YC5NU7WO6WQJWRY7W08.pcm
SwiftExplicitDependencyGeneratePcm arm64_32 /Users/admin/builder/spi-builder-workspace/.derivedData/SDKExplicitPrecompiledModules/CoreFoundation-8E6Y4BA3EXYKUGJ24GT9LGV3N.pcm
SwiftExplicitDependencyGeneratePcm arm64_32 /Users/admin/builder/spi-builder-workspace/.derivedData/SDKExplicitPrecompiledModules/XPC-81Y45QFY96XYYFCW2GT6FY8S4.pcm
SwiftExplicitDependencyGeneratePcm arm64 /Users/admin/builder/spi-builder-workspace/.derivedData/SDKExplicitPrecompiledModules/Security-6RZ6YBRU8WCUHRFFRVUK5WKMM.pcm
SwiftExplicitDependencyGeneratePcm arm64_32 /Users/admin/builder/spi-builder-workspace/.derivedData/SDKExplicitPrecompiledModules/Security-D7TOWF88VWF67TB9HAFP5UWB1.pcm
SwiftExplicitDependencyGeneratePcm arm64 /Users/admin/builder/spi-builder-workspace/.derivedData/SDKExplicitPrecompiledModules/Foundation-DLBKUSGXN8QHAT8W0OARR9S8A.pcm
SwiftExplicitDependencyGeneratePcm arm64_32 /Users/admin/builder/spi-builder-workspace/.derivedData/SDKExplicitPrecompiledModules/Foundation-BJ2VQGI3OGR34500MEQ1VKHPH.pcm
SwiftEmitModule normal arm64 Emitting\ module\ for\ URLQueryItemCoder (in target 'URLQueryItemCoder' from project 'URLQueryItemCoder')
SwiftCompile normal arm64 (in target 'URLQueryItemCoder' from project 'URLQueryItemCoder')
cd /Users/admin/builder/spi-builder-workspace/.swiftpm/xcode
SwiftCompile normal arm64 Compiling\ URLQueryItemEncoder.swift,\ DecodingError+Context+Predefined.swift,\ String+SnakeCase.swift /Users/admin/builder/spi-builder-workspace/.dependencies/checkouts/URLQueryItemCoder/Sources/URLQueryItemCoder/Encoder/URLQueryItemEncoder.swift /Users/admin/builder/spi-builder-workspace/.dependencies/checkouts/URLQueryItemCoder/Sources/URLQueryItemCoder/Extensions/Standard\ Library/DecodingError+Context+Predefined.swift /Users/admin/builder/spi-builder-workspace/.dependencies/checkouts/URLQueryItemCoder/Sources/URLQueryItemCoder/Extensions/Standard\ Library/String+SnakeCase.swift (in target 'URLQueryItemCoder' from project 'URLQueryItemCoder')
SwiftCompile normal arm64 /Users/admin/builder/spi-builder-workspace/.dependencies/checkouts/URLQueryItemCoder/Sources/URLQueryItemCoder/Encoder/URLQueryItemEncoder.swift (in target 'URLQueryItemCoder' from project 'URLQueryItemCoder')
cd /Users/admin/builder/spi-builder-workspace/.swiftpm/xcode
builtin-SwiftPerFileCompile URLQueryItemEncoder.swift
SwiftCompile normal arm64 /Users/admin/builder/spi-builder-workspace/.dependencies/checkouts/URLQueryItemCoder/Sources/URLQueryItemCoder/Extensions/Standard\ Library/DecodingError+Context+Predefined.swift (in target 'URLQueryItemCoder' from project 'URLQueryItemCoder')
cd /Users/admin/builder/spi-builder-workspace/.swiftpm/xcode
builtin-SwiftPerFileCompile DecodingError+Context+Predefined.swift
SwiftCompile normal arm64 /Users/admin/builder/spi-builder-workspace/.dependencies/checkouts/URLQueryItemCoder/Sources/URLQueryItemCoder/Extensions/Standard\ Library/String+SnakeCase.swift (in target 'URLQueryItemCoder' from project 'URLQueryItemCoder')
cd /Users/admin/builder/spi-builder-workspace/.swiftpm/xcode
builtin-SwiftPerFileCompile String+SnakeCase.swift
SwiftCompile normal arm64 Compiling\ EncodingContainer.swift,\ EncodingPrimitiveValue.swift,\ LowLevelEncoder.swift /Users/admin/builder/spi-builder-workspace/.dependencies/checkouts/URLQueryItemCoder/Sources/URLQueryItemCoder/Encoder/Generic\ Implementation/EncodingContainer.swift /Users/admin/builder/spi-builder-workspace/.dependencies/checkouts/URLQueryItemCoder/Sources/URLQueryItemCoder/Encoder/Generic\ Implementation/EncodingPrimitiveValue.swift /Users/admin/builder/spi-builder-workspace/.dependencies/checkouts/URLQueryItemCoder/Sources/URLQueryItemCoder/Encoder/Generic\ Implementation/LowLevelEncoder.swift (in target 'URLQueryItemCoder' from project 'URLQueryItemCoder')
SwiftCompile normal arm64 /Users/admin/builder/spi-builder-workspace/.dependencies/checkouts/URLQueryItemCoder/Sources/URLQueryItemCoder/Encoder/Generic\ Implementation/EncodingContainer.swift (in target 'URLQueryItemCoder' from project 'URLQueryItemCoder')
cd /Users/admin/builder/spi-builder-workspace/.swiftpm/xcode
builtin-SwiftPerFileCompile EncodingContainer.swift
SwiftCompile normal arm64 /Users/admin/builder/spi-builder-workspace/.dependencies/checkouts/URLQueryItemCoder/Sources/URLQueryItemCoder/Encoder/Generic\ Implementation/EncodingPrimitiveValue.swift (in target 'URLQueryItemCoder' from project 'URLQueryItemCoder')
cd /Users/admin/builder/spi-builder-workspace/.swiftpm/xcode
builtin-SwiftPerFileCompile EncodingPrimitiveValue.swift
SwiftCompile normal arm64 /Users/admin/builder/spi-builder-workspace/.dependencies/checkouts/URLQueryItemCoder/Sources/URLQueryItemCoder/Encoder/Generic\ Implementation/LowLevelEncoder.swift (in target 'URLQueryItemCoder' from project 'URLQueryItemCoder')
cd /Users/admin/builder/spi-builder-workspace/.swiftpm/xcode
builtin-SwiftPerFileCompile LowLevelEncoder.swift
SwiftCompile normal arm64 Compiling\ DataEncodingStrategy.swift,\ DateEncodingStrategy.swift,\ EncodingStrategies.swift /Users/admin/builder/spi-builder-workspace/.dependencies/checkouts/URLQueryItemCoder/Sources/URLQueryItemCoder/Encoder/Generic\ Implementation/Strategies/DataEncodingStrategy.swift /Users/admin/builder/spi-builder-workspace/.dependencies/checkouts/URLQueryItemCoder/Sources/URLQueryItemCoder/Encoder/Generic\ Implementation/Strategies/DateEncodingStrategy.swift /Users/admin/builder/spi-builder-workspace/.dependencies/checkouts/URLQueryItemCoder/Sources/URLQueryItemCoder/Encoder/Generic\ Implementation/Strategies/EncodingStrategies.swift (in target 'URLQueryItemCoder' from project 'URLQueryItemCoder')
SwiftCompile normal arm64 /Users/admin/builder/spi-builder-workspace/.dependencies/checkouts/URLQueryItemCoder/Sources/URLQueryItemCoder/Encoder/Generic\ Implementation/Strategies/DataEncodingStrategy.swift (in target 'URLQueryItemCoder' from project 'URLQueryItemCoder')
cd /Users/admin/builder/spi-builder-workspace/.swiftpm/xcode
builtin-SwiftPerFileCompile DataEncodingStrategy.swift
SwiftCompile normal arm64 /Users/admin/builder/spi-builder-workspace/.dependencies/checkouts/URLQueryItemCoder/Sources/URLQueryItemCoder/Encoder/Generic\ Implementation/Strategies/DateEncodingStrategy.swift (in target 'URLQueryItemCoder' from project 'URLQueryItemCoder')
cd /Users/admin/builder/spi-builder-workspace/.swiftpm/xcode
builtin-SwiftPerFileCompile DateEncodingStrategy.swift
SwiftCompile normal arm64 /Users/admin/builder/spi-builder-workspace/.dependencies/checkouts/URLQueryItemCoder/Sources/URLQueryItemCoder/Encoder/Generic\ Implementation/Strategies/EncodingStrategies.swift (in target 'URLQueryItemCoder' from project 'URLQueryItemCoder')
cd /Users/admin/builder/spi-builder-workspace/.swiftpm/xcode
builtin-SwiftPerFileCompile EncodingStrategies.swift
SwiftCompile normal arm64 Compiling\ EncodingContainer+Keyed.swift,\ EncodingContainer+SingleValue.swift,\ EncodingContainer+Unkeyed.swift /Users/admin/builder/spi-builder-workspace/.dependencies/checkouts/URLQueryItemCoder/Sources/URLQueryItemCoder/Encoder/Generic\ Implementation/EncodingContainer+Keyed.swift /Users/admin/builder/spi-builder-workspace/.dependencies/checkouts/URLQueryItemCoder/Sources/URLQueryItemCoder/Encoder/Generic\ Implementation/EncodingContainer+SingleValue.swift /Users/admin/builder/spi-builder-workspace/.dependencies/checkouts/URLQueryItemCoder/Sources/URLQueryItemCoder/Encoder/Generic\ Implementation/EncodingContainer+Unkeyed.swift (in target 'URLQueryItemCoder' from project 'URLQueryItemCoder')
SwiftCompile normal arm64 /Users/admin/builder/spi-builder-workspace/.dependencies/checkouts/URLQueryItemCoder/Sources/URLQueryItemCoder/Encoder/Generic\ Implementation/EncodingContainer+Keyed.swift (in target 'URLQueryItemCoder' from project 'URLQueryItemCoder')
cd /Users/admin/builder/spi-builder-workspace/.swiftpm/xcode
builtin-SwiftPerFileCompile EncodingContainer+Keyed.swift
SwiftCompile normal arm64 /Users/admin/builder/spi-builder-workspace/.dependencies/checkouts/URLQueryItemCoder/Sources/URLQueryItemCoder/Encoder/Generic\ Implementation/EncodingContainer+SingleValue.swift (in target 'URLQueryItemCoder' from project 'URLQueryItemCoder')
cd /Users/admin/builder/spi-builder-workspace/.swiftpm/xcode
builtin-SwiftPerFileCompile EncodingContainer+SingleValue.swift
SwiftCompile normal arm64 /Users/admin/builder/spi-builder-workspace/.dependencies/checkouts/URLQueryItemCoder/Sources/URLQueryItemCoder/Encoder/Generic\ Implementation/EncodingContainer+Unkeyed.swift (in target 'URLQueryItemCoder' from project 'URLQueryItemCoder')
cd /Users/admin/builder/spi-builder-workspace/.swiftpm/xcode
builtin-SwiftPerFileCompile EncodingContainer+Unkeyed.swift
SwiftCompile normal arm64 Compiling\ StringlyKeyedDecodingContainerWrapper.swift,\ URLQueryItemDecoder.swift,\ EncodingContainer+Keyed+Wrapper.swift /Users/admin/builder/spi-builder-workspace/.dependencies/checkouts/URLQueryItemCoder/Sources/URLQueryItemCoder/Decoder/Generic\ Implementation/StringlyKeyedDecodingContainerWrapper.swift /Users/admin/builder/spi-builder-workspace/.dependencies/checkouts/URLQueryItemCoder/Sources/URLQueryItemCoder/Decoder/URLQueryItemDecoder.swift /Users/admin/builder/spi-builder-workspace/.dependencies/checkouts/URLQueryItemCoder/Sources/URLQueryItemCoder/Encoder/Generic\ Implementation/EncodingContainer+Keyed+Wrapper.swift (in target 'URLQueryItemCoder' from project 'URLQueryItemCoder')
SwiftCompile normal arm64 /Users/admin/builder/spi-builder-workspace/.dependencies/checkouts/URLQueryItemCoder/Sources/URLQueryItemCoder/Decoder/Generic\ Implementation/StringlyKeyedDecodingContainerWrapper.swift (in target 'URLQueryItemCoder' from project 'URLQueryItemCoder')
cd /Users/admin/builder/spi-builder-workspace/.swiftpm/xcode
builtin-SwiftPerFileCompile StringlyKeyedDecodingContainerWrapper.swift
SwiftCompile normal arm64 /Users/admin/builder/spi-builder-workspace/.dependencies/checkouts/URLQueryItemCoder/Sources/URLQueryItemCoder/Decoder/URLQueryItemDecoder.swift (in target 'URLQueryItemCoder' from project 'URLQueryItemCoder')
cd /Users/admin/builder/spi-builder-workspace/.swiftpm/xcode
builtin-SwiftPerFileCompile URLQueryItemDecoder.swift
SwiftCompile normal arm64 /Users/admin/builder/spi-builder-workspace/.dependencies/checkouts/URLQueryItemCoder/Sources/URLQueryItemCoder/Encoder/Generic\ Implementation/EncodingContainer+Keyed+Wrapper.swift (in target 'URLQueryItemCoder' from project 'URLQueryItemCoder')
cd /Users/admin/builder/spi-builder-workspace/.swiftpm/xcode
builtin-SwiftPerFileCompile EncodingContainer+Keyed+Wrapper.swift
SwiftCompile normal arm64 Compiling\ IntCodingKey.swift,\ StringCodingKey.swift,\ DecodingContainer+MultiValue.swift /Users/admin/builder/spi-builder-workspace/.dependencies/checkouts/URLQueryItemCoder/Sources/URLQueryItemCoder/Common/IntCodingKey.swift /Users/admin/builder/spi-builder-workspace/.dependencies/checkouts/URLQueryItemCoder/Sources/URLQueryItemCoder/Common/StringCodingKey.swift /Users/admin/builder/spi-builder-workspace/.dependencies/checkouts/URLQueryItemCoder/Sources/URLQueryItemCoder/Decoder/Generic\ Implementation/DecodingContainer+MultiValue.swift (in target 'URLQueryItemCoder' from project 'URLQueryItemCoder')
SwiftCompile normal arm64 /Users/admin/builder/spi-builder-workspace/.dependencies/checkouts/URLQueryItemCoder/Sources/URLQueryItemCoder/Common/IntCodingKey.swift (in target 'URLQueryItemCoder' from project 'URLQueryItemCoder')
cd /Users/admin/builder/spi-builder-workspace/.swiftpm/xcode
builtin-SwiftPerFileCompile IntCodingKey.swift
SwiftCompile normal arm64 /Users/admin/builder/spi-builder-workspace/.dependencies/checkouts/URLQueryItemCoder/Sources/URLQueryItemCoder/Common/StringCodingKey.swift (in target 'URLQueryItemCoder' from project 'URLQueryItemCoder')
cd /Users/admin/builder/spi-builder-workspace/.swiftpm/xcode
builtin-SwiftPerFileCompile StringCodingKey.swift
SwiftCompile normal arm64 /Users/admin/builder/spi-builder-workspace/.dependencies/checkouts/URLQueryItemCoder/Sources/URLQueryItemCoder/Decoder/Generic\ Implementation/DecodingContainer+MultiValue.swift (in target 'URLQueryItemCoder' from project 'URLQueryItemCoder')
cd /Users/admin/builder/spi-builder-workspace/.swiftpm/xcode
builtin-SwiftPerFileCompile DecodingContainer+MultiValue.swift
SwiftCompile normal arm64 Compiling\ KeyEncodingStrategy.swift,\ NonConformingFloatEncodingStrategy.swift,\ URLQueryItemEncoder+OutputFormatting.swift /Users/admin/builder/spi-builder-workspace/.dependencies/checkouts/URLQueryItemCoder/Sources/URLQueryItemCoder/Encoder/Generic\ Implementation/Strategies/KeyEncodingStrategy.swift /Users/admin/builder/spi-builder-workspace/.dependencies/checkouts/URLQueryItemCoder/Sources/URLQueryItemCoder/Encoder/Generic\ Implementation/Strategies/NonConformingFloatEncodingStrategy.swift /Users/admin/builder/spi-builder-workspace/.dependencies/checkouts/URLQueryItemCoder/Sources/URLQueryItemCoder/Encoder/URLQueryItemEncoder+OutputFormatting.swift (in target 'URLQueryItemCoder' from project 'URLQueryItemCoder')
SwiftCompile normal arm64 /Users/admin/builder/spi-builder-workspace/.dependencies/checkouts/URLQueryItemCoder/Sources/URLQueryItemCoder/Encoder/Generic\ Implementation/Strategies/KeyEncodingStrategy.swift (in target 'URLQueryItemCoder' from project 'URLQueryItemCoder')
cd /Users/admin/builder/spi-builder-workspace/.swiftpm/xcode
builtin-SwiftPerFileCompile KeyEncodingStrategy.swift
SwiftCompile normal arm64 /Users/admin/builder/spi-builder-workspace/.dependencies/checkouts/URLQueryItemCoder/Sources/URLQueryItemCoder/Encoder/Generic\ Implementation/Strategies/NonConformingFloatEncodingStrategy.swift (in target 'URLQueryItemCoder' from project 'URLQueryItemCoder')
cd /Users/admin/builder/spi-builder-workspace/.swiftpm/xcode
builtin-SwiftPerFileCompile NonConformingFloatEncodingStrategy.swift
SwiftCompile normal arm64 /Users/admin/builder/spi-builder-workspace/.dependencies/checkouts/URLQueryItemCoder/Sources/URLQueryItemCoder/Encoder/URLQueryItemEncoder+OutputFormatting.swift (in target 'URLQueryItemCoder' from project 'URLQueryItemCoder')
cd /Users/admin/builder/spi-builder-workspace/.swiftpm/xcode
builtin-SwiftPerFileCompile URLQueryItemEncoder+OutputFormatting.swift
SwiftCompile normal arm64 Compiling\ DecodingStrategies.swift,\ KeyDecodingStrategy.swift,\ NonConformingFloatDecodingStrategy.swift /Users/admin/builder/spi-builder-workspace/.dependencies/checkouts/URLQueryItemCoder/Sources/URLQueryItemCoder/Decoder/Generic\ Implementation/Strategies/DecodingStrategies.swift /Users/admin/builder/spi-builder-workspace/.dependencies/checkouts/URLQueryItemCoder/Sources/URLQueryItemCoder/Decoder/Generic\ Implementation/Strategies/KeyDecodingStrategy.swift /Users/admin/builder/spi-builder-workspace/.dependencies/checkouts/URLQueryItemCoder/Sources/URLQueryItemCoder/Decoder/Generic\ Implementation/Strategies/NonConformingFloatDecodingStrategy.swift (in target 'URLQueryItemCoder' from project 'URLQueryItemCoder')
SwiftCompile normal arm64 /Users/admin/builder/spi-builder-workspace/.dependencies/checkouts/URLQueryItemCoder/Sources/URLQueryItemCoder/Decoder/Generic\ Implementation/Strategies/DecodingStrategies.swift (in target 'URLQueryItemCoder' from project 'URLQueryItemCoder')
cd /Users/admin/builder/spi-builder-workspace/.swiftpm/xcode
builtin-SwiftPerFileCompile DecodingStrategies.swift
SwiftCompile normal arm64 /Users/admin/builder/spi-builder-workspace/.dependencies/checkouts/URLQueryItemCoder/Sources/URLQueryItemCoder/Decoder/Generic\ Implementation/Strategies/KeyDecodingStrategy.swift (in target 'URLQueryItemCoder' from project 'URLQueryItemCoder')
cd /Users/admin/builder/spi-builder-workspace/.swiftpm/xcode
builtin-SwiftPerFileCompile KeyDecodingStrategy.swift
SwiftCompile normal arm64 /Users/admin/builder/spi-builder-workspace/.dependencies/checkouts/URLQueryItemCoder/Sources/URLQueryItemCoder/Decoder/Generic\ Implementation/Strategies/NonConformingFloatDecodingStrategy.swift (in target 'URLQueryItemCoder' from project 'URLQueryItemCoder')
cd /Users/admin/builder/spi-builder-workspace/.swiftpm/xcode
builtin-SwiftPerFileCompile NonConformingFloatDecodingStrategy.swift
SwiftCompile normal arm64 Compiling\ DecodingContainer+SingleValue.swift,\ DecodingContainer.swift,\ DecodingPrimitiveValue.swift /Users/admin/builder/spi-builder-workspace/.dependencies/checkouts/URLQueryItemCoder/Sources/URLQueryItemCoder/Decoder/Generic\ Implementation/DecodingContainer+SingleValue.swift /Users/admin/builder/spi-builder-workspace/.dependencies/checkouts/URLQueryItemCoder/Sources/URLQueryItemCoder/Decoder/Generic\ Implementation/DecodingContainer.swift /Users/admin/builder/spi-builder-workspace/.dependencies/checkouts/URLQueryItemCoder/Sources/URLQueryItemCoder/Decoder/Generic\ Implementation/DecodingPrimitiveValue.swift (in target 'URLQueryItemCoder' from project 'URLQueryItemCoder')
SwiftCompile normal arm64 /Users/admin/builder/spi-builder-workspace/.dependencies/checkouts/URLQueryItemCoder/Sources/URLQueryItemCoder/Decoder/Generic\ Implementation/DecodingContainer+SingleValue.swift (in target 'URLQueryItemCoder' from project 'URLQueryItemCoder')
cd /Users/admin/builder/spi-builder-workspace/.swiftpm/xcode
builtin-SwiftPerFileCompile DecodingContainer+SingleValue.swift
SwiftCompile normal arm64 /Users/admin/builder/spi-builder-workspace/.dependencies/checkouts/URLQueryItemCoder/Sources/URLQueryItemCoder/Decoder/Generic\ Implementation/DecodingContainer.swift (in target 'URLQueryItemCoder' from project 'URLQueryItemCoder')
cd /Users/admin/builder/spi-builder-workspace/.swiftpm/xcode
builtin-SwiftPerFileCompile DecodingContainer.swift
SwiftCompile normal arm64 /Users/admin/builder/spi-builder-workspace/.dependencies/checkouts/URLQueryItemCoder/Sources/URLQueryItemCoder/Decoder/Generic\ Implementation/DecodingPrimitiveValue.swift (in target 'URLQueryItemCoder' from project 'URLQueryItemCoder')
cd /Users/admin/builder/spi-builder-workspace/.swiftpm/xcode
builtin-SwiftPerFileCompile DecodingPrimitiveValue.swift
SwiftEmitModule normal arm64_32 Emitting\ module\ for\ URLQueryItemCoder (in target 'URLQueryItemCoder' from project 'URLQueryItemCoder')
SwiftCompile normal arm64_32 (in target 'URLQueryItemCoder' from project 'URLQueryItemCoder')
cd /Users/admin/builder/spi-builder-workspace/.swiftpm/xcode
SwiftDriverJobDiscovery normal arm64 Emitting module for URLQueryItemCoder (in target 'URLQueryItemCoder' from project 'URLQueryItemCoder')
SwiftDriver\ Compilation\ Requirements URLQueryItemCoder normal arm64 com.apple.xcode.tools.swift.compiler (in target 'URLQueryItemCoder' from project 'URLQueryItemCoder')
cd /Users/admin/builder/spi-builder-workspace/.swiftpm/xcode
builtin-Swift-Compilation-Requirements -- /Applications/Xcode-27.0.0-Release.Candidate.app/Contents/Developer/Toolchains/XcodeDefault.xctoolchain/usr/bin/swiftc -parse-as-library -module-name URLQueryItemCoder -Onone @/Users/admin/builder/spi-builder-workspace/.derivedData/Build/Intermediates.noindex/URLQueryItemCoder.build/Debug-watchos/URLQueryItemCoder-t.build/Objects-normal/arm64/URLQueryItemCoder.SwiftFileList -DSWIFT_PACKAGE -DDEBUG -DSWIFT_MODULE_RESOURCE_BUNDLE_UNAVAILABLE -DXcode -plugin-path /Applications/Xcode-27.0.0-Release.Candidate.app/Contents/Developer/Toolchains/XcodeDefault.xctoolchain/usr/lib/swift/host/plugins/testing -enable-experimental-feature DebugDescriptionMacro -sdk /Applications/Xcode-27.0.0-Release.Candidate.app/Contents/Developer/Platforms/WatchOS.platform/Developer/SDKs/WatchOS27.0.sdk -target arm64-apple-watchos9.0 -g -module-cache-path /Users/admin/builder/spi-builder-workspace/.derivedData/ModuleCache.noindex -Xfrontend -serialize-debugging-options -profile-coverage-mapping -profile-generate -enable-testing -suppress-warnings -index-store-path /Users/admin/builder/spi-builder-workspace/.derivedData/Index.noindex/DataStore -Xcc -D_LIBCPP_HARDENING_MODE\=_LIBCPP_HARDENING_MODE_DEBUG -swift-version 5 -I /Users/admin/builder/spi-builder-workspace/.derivedData/Build/Products/Debug-watchos -Isystem /Applications/Xcode-27.0.0-Release.Candidate.app/Contents/Developer/Platforms/WatchOS.platform/Developer/usr/lib -F /Users/admin/builder/spi-builder-workspace/.derivedData/Build/Products/Debug-watchos -F /Applications/Xcode-27.0.0-Release.Candidate.app/Contents/Developer/Platforms/WatchOS.platform/Developer/Library/Frameworks -F /Applications/Xcode-27.0.0-Release.Candidate.app/Contents/Developer/Platforms/WatchOS.platform/Developer/SDKs/WatchOS27.0.sdk/Developer/Library/Frameworks -c -j10 -enable-batch-mode -incremental -Xcc -ivfsstatcache -Xcc /Users/admin/builder/spi-builder-workspace/.derivedData/SDKStatCaches.noindex/watchos27.0-24R360-e829b21a6f8c9b70876ba0858053c04477534ef55a1706bf4c1112bbb242f0a2.sdkstatcache -output-file-map /Users/admin/builder/spi-builder-workspace/.derivedData/Build/Intermediates.noindex/URLQueryItemCoder.build/Debug-watchos/URLQueryItemCoder-t.build/Objects-normal/arm64/URLQueryItemCoder-OutputFileMap.json -save-temps -no-color-diagnostics -explicit-module-build -module-cache-path /Users/admin/builder/spi-builder-workspace/.derivedData/Build/Intermediates.noindex/SwiftExplicitPrecompiledModules -clang-scanner-module-cache-path /Users/admin/builder/spi-builder-workspace/.derivedData/ModuleCache.noindex -sdk-module-cache-path /Users/admin/builder/spi-builder-workspace/.derivedData/SDKExplicitPrecompiledModules -emit-dependencies -emit-module -emit-module-path /Users/admin/builder/spi-builder-workspace/.derivedData/Build/Intermediates.noindex/URLQueryItemCoder.build/Debug-watchos/URLQueryItemCoder-t.build/Objects-normal/arm64/URLQueryItemCoder.swiftmodule -serialize-diagnostics -dependency-scan-serialize-diagnostics-path /Users/admin/builder/spi-builder-workspace/.derivedData/Build/Intermediates.noindex/URLQueryItemCoder.build/Debug-watchos/URLQueryItemCoder-t.build/Objects-normal/arm64/URLQueryItemCoder-dependency-scan.dia -validate-clang-modules-once -clang-build-session-file /Users/admin/builder/spi-builder-workspace/.derivedData/ModuleCache.noindex/Session.modulevalidation -Xcc -fmodules-prune-interval\=86400 -Xcc -fmodules-prune-after\=345600 -emit-const-values -const-gather-protocols-list /Users/admin/builder/spi-builder-workspace/.derivedData/Build/Intermediates.noindex/URLQueryItemCoder.build/Debug-watchos/URLQueryItemCoder-t.build/Objects-normal/arm64/URLQueryItemCoder_const_extract_protocols.json -Xcc -I/Users/admin/builder/spi-builder-workspace/.derivedData/Build/Products/Debug-watchos/include -Xcc -I/Users/admin/builder/spi-builder-workspace/.derivedData/Build/Intermediates.noindex/URLQueryItemCoder.build/Debug-watchos/URLQueryItemCoder-t.build/DerivedSources-normal/arm64 -Xcc -I/Users/admin/builder/spi-builder-workspace/.derivedData/Build/Intermediates.noindex/URLQueryItemCoder.build/Debug-watchos/URLQueryItemCoder-t.build/DerivedSources/arm64 -Xcc -I/Users/admin/builder/spi-builder-workspace/.derivedData/Build/Intermediates.noindex/URLQueryItemCoder.build/Debug-watchos/URLQueryItemCoder-t.build/DerivedSources -Xcc -DSWIFT_PACKAGE -Xcc -DDEBUG\=1 -emit-objc-header -emit-objc-header-path /Users/admin/builder/spi-builder-workspace/.derivedData/Build/Intermediates.noindex/URLQueryItemCoder.build/Debug-watchos/URLQueryItemCoder-t.build/Objects-normal/arm64/URLQueryItemCoder-Swift.h -working-directory /Users/admin/builder/spi-builder-workspace/.swiftpm/xcode -experimental-emit-module-separately -disable-cmo
SwiftDriverJobDiscovery normal arm64 Compiling KeyEncodingStrategy.swift, NonConformingFloatEncodingStrategy.swift, URLQueryItemEncoder+OutputFormatting.swift (in target 'URLQueryItemCoder' from project 'URLQueryItemCoder')
SwiftCompile normal arm64_32 Compiling\ StringlyKeyedDecodingContainerWrapper.swift,\ URLQueryItemDecoder.swift,\ EncodingContainer+Keyed+Wrapper.swift /Users/admin/builder/spi-builder-workspace/.dependencies/checkouts/URLQueryItemCoder/Sources/URLQueryItemCoder/Decoder/Generic\ Implementation/StringlyKeyedDecodingContainerWrapper.swift /Users/admin/builder/spi-builder-workspace/.dependencies/checkouts/URLQueryItemCoder/Sources/URLQueryItemCoder/Decoder/URLQueryItemDecoder.swift /Users/admin/builder/spi-builder-workspace/.dependencies/checkouts/URLQueryItemCoder/Sources/URLQueryItemCoder/Encoder/Generic\ Implementation/EncodingContainer+Keyed+Wrapper.swift (in target 'URLQueryItemCoder' from project 'URLQueryItemCoder')
SwiftCompile normal arm64_32 /Users/admin/builder/spi-builder-workspace/.dependencies/checkouts/URLQueryItemCoder/Sources/URLQueryItemCoder/Decoder/Generic\ Implementation/StringlyKeyedDecodingContainerWrapper.swift (in target 'URLQueryItemCoder' from project 'URLQueryItemCoder')
cd /Users/admin/builder/spi-builder-workspace/.swiftpm/xcode
builtin-SwiftPerFileCompile StringlyKeyedDecodingContainerWrapper.swift
SwiftCompile normal arm64_32 /Users/admin/builder/spi-builder-workspace/.dependencies/checkouts/URLQueryItemCoder/Sources/URLQueryItemCoder/Decoder/URLQueryItemDecoder.swift (in target 'URLQueryItemCoder' from project 'URLQueryItemCoder')
cd /Users/admin/builder/spi-builder-workspace/.swiftpm/xcode
builtin-SwiftPerFileCompile URLQueryItemDecoder.swift
SwiftCompile normal arm64_32 /Users/admin/builder/spi-builder-workspace/.dependencies/checkouts/URLQueryItemCoder/Sources/URLQueryItemCoder/Encoder/Generic\ Implementation/EncodingContainer+Keyed+Wrapper.swift (in target 'URLQueryItemCoder' from project 'URLQueryItemCoder')
cd /Users/admin/builder/spi-builder-workspace/.swiftpm/xcode
builtin-SwiftPerFileCompile EncodingContainer+Keyed+Wrapper.swift
Copy /Users/admin/builder/spi-builder-workspace/.derivedData/Build/Products/Debug-watchos/URLQueryItemCoder.swiftmodule/arm64-apple-watchos.swiftmodule /Users/admin/builder/spi-builder-workspace/.derivedData/Build/Intermediates.noindex/URLQueryItemCoder.build/Debug-watchos/URLQueryItemCoder-t.build/Objects-normal/arm64/URLQueryItemCoder.swiftmodule (in target 'URLQueryItemCoder' from project 'URLQueryItemCoder')
cd /Users/admin/builder/spi-builder-workspace/.dependencies/checkouts/URLQueryItemCoder
builtin-copy -exclude .DS_Store -exclude CVS -exclude .svn -exclude .git -exclude .hg -resolve-src-symlinks -rename /Users/admin/builder/spi-builder-workspace/.derivedData/Build/Intermediates.noindex/URLQueryItemCoder.build/Debug-watchos/URLQueryItemCoder-t.build/Objects-normal/arm64/URLQueryItemCoder.swiftmodule /Users/admin/builder/spi-builder-workspace/.derivedData/Build/Products/Debug-watchos/URLQueryItemCoder.swiftmodule/arm64-apple-watchos.swiftmodule
SwiftDriverJobDiscovery normal arm64 Compiling DecodingStrategies.swift, KeyDecodingStrategy.swift, NonConformingFloatDecodingStrategy.swift (in target 'URLQueryItemCoder' from project 'URLQueryItemCoder')
Copy /Users/admin/builder/spi-builder-workspace/.derivedData/Build/Products/Debug-watchos/URLQueryItemCoder.swiftmodule/arm64-apple-watchos.swiftdoc /Users/admin/builder/spi-builder-workspace/.derivedData/Build/Intermediates.noindex/URLQueryItemCoder.build/Debug-watchos/URLQueryItemCoder-t.build/Objects-normal/arm64/URLQueryItemCoder.swiftdoc (in target 'URLQueryItemCoder' from project 'URLQueryItemCoder')
cd /Users/admin/builder/spi-builder-workspace/.dependencies/checkouts/URLQueryItemCoder
builtin-copy -exclude .DS_Store -exclude CVS -exclude .svn -exclude .git -exclude .hg -resolve-src-symlinks -rename /Users/admin/builder/spi-builder-workspace/.derivedData/Build/Intermediates.noindex/URLQueryItemCoder.build/Debug-watchos/URLQueryItemCoder-t.build/Objects-normal/arm64/URLQueryItemCoder.swiftdoc /Users/admin/builder/spi-builder-workspace/.derivedData/Build/Products/Debug-watchos/URLQueryItemCoder.swiftmodule/arm64-apple-watchos.swiftdoc
Copy /Users/admin/builder/spi-builder-workspace/.derivedData/Build/Products/Debug-watchos/URLQueryItemCoder.swiftmodule/arm64-apple-watchos.abi.json /Users/admin/builder/spi-builder-workspace/.derivedData/Build/Intermediates.noindex/URLQueryItemCoder.build/Debug-watchos/URLQueryItemCoder-t.build/Objects-normal/arm64/URLQueryItemCoder.abi.json (in target 'URLQueryItemCoder' from project 'URLQueryItemCoder')
cd /Users/admin/builder/spi-builder-workspace/.dependencies/checkouts/URLQueryItemCoder
builtin-copy -exclude .DS_Store -exclude CVS -exclude .svn -exclude .git -exclude .hg -resolve-src-symlinks -rename /Users/admin/builder/spi-builder-workspace/.derivedData/Build/Intermediates.noindex/URLQueryItemCoder.build/Debug-watchos/URLQueryItemCoder-t.build/Objects-normal/arm64/URLQueryItemCoder.abi.json /Users/admin/builder/spi-builder-workspace/.derivedData/Build/Products/Debug-watchos/URLQueryItemCoder.swiftmodule/arm64-apple-watchos.abi.json
Copy /Users/admin/builder/spi-builder-workspace/.derivedData/Build/Products/Debug-watchos/URLQueryItemCoder.swiftmodule/Project/arm64-apple-watchos.swiftsourceinfo /Users/admin/builder/spi-builder-workspace/.derivedData/Build/Intermediates.noindex/URLQueryItemCoder.build/Debug-watchos/URLQueryItemCoder-t.build/Objects-normal/arm64/URLQueryItemCoder.swiftsourceinfo (in target 'URLQueryItemCoder' from project 'URLQueryItemCoder')
cd /Users/admin/builder/spi-builder-workspace/.dependencies/checkouts/URLQueryItemCoder
builtin-copy -exclude .DS_Store -exclude CVS -exclude .svn -exclude .git -exclude .hg -resolve-src-symlinks -rename /Users/admin/builder/spi-builder-workspace/.derivedData/Build/Intermediates.noindex/URLQueryItemCoder.build/Debug-watchos/URLQueryItemCoder-t.build/Objects-normal/arm64/URLQueryItemCoder.swiftsourceinfo /Users/admin/builder/spi-builder-workspace/.derivedData/Build/Products/Debug-watchos/URLQueryItemCoder.swiftmodule/Project/arm64-apple-watchos.swiftsourceinfo
SwiftCompile normal arm64_32 Compiling\ KeyEncodingStrategy.swift,\ NonConformingFloatEncodingStrategy.swift,\ URLQueryItemEncoder+OutputFormatting.swift /Users/admin/builder/spi-builder-workspace/.dependencies/checkouts/URLQueryItemCoder/Sources/URLQueryItemCoder/Encoder/Generic\ Implementation/Strategies/KeyEncodingStrategy.swift /Users/admin/builder/spi-builder-workspace/.dependencies/checkouts/URLQueryItemCoder/Sources/URLQueryItemCoder/Encoder/Generic\ Implementation/Strategies/NonConformingFloatEncodingStrategy.swift /Users/admin/builder/spi-builder-workspace/.dependencies/checkouts/URLQueryItemCoder/Sources/URLQueryItemCoder/Encoder/URLQueryItemEncoder+OutputFormatting.swift (in target 'URLQueryItemCoder' from project 'URLQueryItemCoder')
SwiftCompile normal arm64_32 /Users/admin/builder/spi-builder-workspace/.dependencies/checkouts/URLQueryItemCoder/Sources/URLQueryItemCoder/Encoder/Generic\ Implementation/Strategies/KeyEncodingStrategy.swift (in target 'URLQueryItemCoder' from project 'URLQueryItemCoder')
cd /Users/admin/builder/spi-builder-workspace/.swiftpm/xcode
builtin-SwiftPerFileCompile KeyEncodingStrategy.swift
SwiftCompile normal arm64_32 /Users/admin/builder/spi-builder-workspace/.dependencies/checkouts/URLQueryItemCoder/Sources/URLQueryItemCoder/Encoder/Generic\ Implementation/Strategies/NonConformingFloatEncodingStrategy.swift (in target 'URLQueryItemCoder' from project 'URLQueryItemCoder')
cd /Users/admin/builder/spi-builder-workspace/.swiftpm/xcode
builtin-SwiftPerFileCompile NonConformingFloatEncodingStrategy.swift
SwiftCompile normal arm64_32 /Users/admin/builder/spi-builder-workspace/.dependencies/checkouts/URLQueryItemCoder/Sources/URLQueryItemCoder/Encoder/URLQueryItemEncoder+OutputFormatting.swift (in target 'URLQueryItemCoder' from project 'URLQueryItemCoder')
cd /Users/admin/builder/spi-builder-workspace/.swiftpm/xcode
builtin-SwiftPerFileCompile URLQueryItemEncoder+OutputFormatting.swift
SwiftCompile normal arm64_32 Compiling\ DecodingContainer+SingleValue.swift,\ DecodingContainer.swift,\ DecodingPrimitiveValue.swift /Users/admin/builder/spi-builder-workspace/.dependencies/checkouts/URLQueryItemCoder/Sources/URLQueryItemCoder/Decoder/Generic\ Implementation/DecodingContainer+SingleValue.swift /Users/admin/builder/spi-builder-workspace/.dependencies/checkouts/URLQueryItemCoder/Sources/URLQueryItemCoder/Decoder/Generic\ Implementation/DecodingContainer.swift /Users/admin/builder/spi-builder-workspace/.dependencies/checkouts/URLQueryItemCoder/Sources/URLQueryItemCoder/Decoder/Generic\ Implementation/DecodingPrimitiveValue.swift (in target 'URLQueryItemCoder' from project 'URLQueryItemCoder')
SwiftCompile normal arm64_32 /Users/admin/builder/spi-builder-workspace/.dependencies/checkouts/URLQueryItemCoder/Sources/URLQueryItemCoder/Decoder/Generic\ Implementation/DecodingContainer+SingleValue.swift (in target 'URLQueryItemCoder' from project 'URLQueryItemCoder')
cd /Users/admin/builder/spi-builder-workspace/.swiftpm/xcode
builtin-SwiftPerFileCompile DecodingContainer+SingleValue.swift
SwiftCompile normal arm64_32 /Users/admin/builder/spi-builder-workspace/.dependencies/checkouts/URLQueryItemCoder/Sources/URLQueryItemCoder/Decoder/Generic\ Implementation/DecodingContainer.swift (in target 'URLQueryItemCoder' from project 'URLQueryItemCoder')
cd /Users/admin/builder/spi-builder-workspace/.swiftpm/xcode
builtin-SwiftPerFileCompile DecodingContainer.swift
SwiftCompile normal arm64_32 /Users/admin/builder/spi-builder-workspace/.dependencies/checkouts/URLQueryItemCoder/Sources/URLQueryItemCoder/Decoder/Generic\ Implementation/DecodingPrimitiveValue.swift (in target 'URLQueryItemCoder' from project 'URLQueryItemCoder')
cd /Users/admin/builder/spi-builder-workspace/.swiftpm/xcode
builtin-SwiftPerFileCompile DecodingPrimitiveValue.swift
SwiftDriverJobDiscovery normal arm64_32 Emitting module for URLQueryItemCoder (in target 'URLQueryItemCoder' from project 'URLQueryItemCoder')
SwiftDriver\ Compilation\ Requirements URLQueryItemCoder normal arm64_32 com.apple.xcode.tools.swift.compiler (in target 'URLQueryItemCoder' from project 'URLQueryItemCoder')
cd /Users/admin/builder/spi-builder-workspace/.swiftpm/xcode
builtin-Swift-Compilation-Requirements -- /Applications/Xcode-27.0.0-Release.Candidate.app/Contents/Developer/Toolchains/XcodeDefault.xctoolchain/usr/bin/swiftc -parse-as-library -module-name URLQueryItemCoder -Onone @/Users/admin/builder/spi-builder-workspace/.derivedData/Build/Intermediates.noindex/URLQueryItemCoder.build/Debug-watchos/URLQueryItemCoder-t.build/Objects-normal/arm64_32/URLQueryItemCoder.SwiftFileList -DSWIFT_PACKAGE -DDEBUG -DSWIFT_MODULE_RESOURCE_BUNDLE_UNAVAILABLE -DXcode -plugin-path /Applications/Xcode-27.0.0-Release.Candidate.app/Contents/Developer/Toolchains/XcodeDefault.xctoolchain/usr/lib/swift/host/plugins/testing -enable-experimental-feature DebugDescriptionMacro -sdk /Applications/Xcode-27.0.0-Release.Candidate.app/Contents/Developer/Platforms/WatchOS.platform/Developer/SDKs/WatchOS27.0.sdk -target arm64_32-apple-watchos9.0 -g -module-cache-path /Users/admin/builder/spi-builder-workspace/.derivedData/ModuleCache.noindex -Xfrontend -serialize-debugging-options -profile-coverage-mapping -profile-generate -enable-testing -suppress-warnings -index-store-path /Users/admin/builder/spi-builder-workspace/.derivedData/Index.noindex/DataStore -Xcc -D_LIBCPP_HARDENING_MODE\=_LIBCPP_HARDENING_MODE_DEBUG -swift-version 5 -I /Users/admin/builder/spi-builder-workspace/.derivedData/Build/Products/Debug-watchos -Isystem /Applications/Xcode-27.0.0-Release.Candidate.app/Contents/Developer/Platforms/WatchOS.platform/Developer/usr/lib -F /Users/admin/builder/spi-builder-workspace/.derivedData/Build/Products/Debug-watchos -F /Applications/Xcode-27.0.0-Release.Candidate.app/Contents/Developer/Platforms/WatchOS.platform/Developer/Library/Frameworks -F /Applications/Xcode-27.0.0-Release.Candidate.app/Contents/Developer/Platforms/WatchOS.platform/Developer/SDKs/WatchOS27.0.sdk/Developer/Library/Frameworks -c -j10 -enable-batch-mode -incremental -Xcc -ivfsstatcache -Xcc /Users/admin/builder/spi-builder-workspace/.derivedData/SDKStatCaches.noindex/watchos27.0-24R360-e829b21a6f8c9b70876ba0858053c04477534ef55a1706bf4c1112bbb242f0a2.sdkstatcache -output-file-map /Users/admin/builder/spi-builder-workspace/.derivedData/Build/Intermediates.noindex/URLQueryItemCoder.build/Debug-watchos/URLQueryItemCoder-t.build/Objects-normal/arm64_32/URLQueryItemCoder-OutputFileMap.json -save-temps -no-color-diagnostics -explicit-module-build -module-cache-path /Users/admin/builder/spi-builder-workspace/.derivedData/Build/Intermediates.noindex/SwiftExplicitPrecompiledModules -clang-scanner-module-cache-path /Users/admin/builder/spi-builder-workspace/.derivedData/ModuleCache.noindex -sdk-module-cache-path /Users/admin/builder/spi-builder-workspace/.derivedData/SDKExplicitPrecompiledModules -emit-dependencies -emit-module -emit-module-path /Users/admin/builder/spi-builder-workspace/.derivedData/Build/Intermediates.noindex/URLQueryItemCoder.build/Debug-watchos/URLQueryItemCoder-t.build/Objects-normal/arm64_32/URLQueryItemCoder.swiftmodule -serialize-diagnostics -dependency-scan-serialize-diagnostics-path /Users/admin/builder/spi-builder-workspace/.derivedData/Build/Intermediates.noindex/URLQueryItemCoder.build/Debug-watchos/URLQueryItemCoder-t.build/Objects-normal/arm64_32/URLQueryItemCoder-dependency-scan.dia -validate-clang-modules-once -clang-build-session-file /Users/admin/builder/spi-builder-workspace/.derivedData/ModuleCache.noindex/Session.modulevalidation -Xcc -fmodules-prune-interval\=86400 -Xcc -fmodules-prune-after\=345600 -emit-const-values -const-gather-protocols-list /Users/admin/builder/spi-builder-workspace/.derivedData/Build/Intermediates.noindex/URLQueryItemCoder.build/Debug-watchos/URLQueryItemCoder-t.build/Objects-normal/arm64_32/URLQueryItemCoder_const_extract_protocols.json -Xcc -I/Users/admin/builder/spi-builder-workspace/.derivedData/Build/Products/Debug-watchos/include -Xcc -I/Users/admin/builder/spi-builder-workspace/.derivedData/Build/Intermediates.noindex/URLQueryItemCoder.build/Debug-watchos/URLQueryItemCoder-t.build/DerivedSources-normal/arm64_32 -Xcc -I/Users/admin/builder/spi-builder-workspace/.derivedData/Build/Intermediates.noindex/URLQueryItemCoder.build/Debug-watchos/URLQueryItemCoder-t.build/DerivedSources/arm64_32 -Xcc -I/Users/admin/builder/spi-builder-workspace/.derivedData/Build/Intermediates.noindex/URLQueryItemCoder.build/Debug-watchos/URLQueryItemCoder-t.build/DerivedSources -Xcc -DSWIFT_PACKAGE -Xcc -DDEBUG\=1 -emit-objc-header -emit-objc-header-path /Users/admin/builder/spi-builder-workspace/.derivedData/Build/Intermediates.noindex/URLQueryItemCoder.build/Debug-watchos/URLQueryItemCoder-t.build/Objects-normal/arm64_32/URLQueryItemCoder-Swift.h -working-directory /Users/admin/builder/spi-builder-workspace/.swiftpm/xcode -experimental-emit-module-separately -disable-cmo
SwiftDriverJobDiscovery normal arm64 Compiling EncodingContainer.swift, EncodingPrimitiveValue.swift, LowLevelEncoder.swift (in target 'URLQueryItemCoder' from project 'URLQueryItemCoder')
SwiftCompile normal arm64_32 Compiling\ LowLevelDecoder.swift,\ DataDecodingStrategy.swift,\ DateDecodingStrategy.swift /Users/admin/builder/spi-builder-workspace/.dependencies/checkouts/URLQueryItemCoder/Sources/URLQueryItemCoder/Decoder/Generic\ Implementation/LowLevelDecoder.swift /Users/admin/builder/spi-builder-workspace/.dependencies/checkouts/URLQueryItemCoder/Sources/URLQueryItemCoder/Decoder/Generic\ Implementation/Strategies/DataDecodingStrategy.swift /Users/admin/builder/spi-builder-workspace/.dependencies/checkouts/URLQueryItemCoder/Sources/URLQueryItemCoder/Decoder/Generic\ Implementation/Strategies/DateDecodingStrategy.swift (in target 'URLQueryItemCoder' from project 'URLQueryItemCoder')
SwiftCompile normal arm64_32 /Users/admin/builder/spi-builder-workspace/.dependencies/checkouts/URLQueryItemCoder/Sources/URLQueryItemCoder/Decoder/Generic\ Implementation/LowLevelDecoder.swift (in target 'URLQueryItemCoder' from project 'URLQueryItemCoder')
cd /Users/admin/builder/spi-builder-workspace/.swiftpm/xcode
builtin-SwiftPerFileCompile LowLevelDecoder.swift
SwiftCompile normal arm64_32 /Users/admin/builder/spi-builder-workspace/.dependencies/checkouts/URLQueryItemCoder/Sources/URLQueryItemCoder/Decoder/Generic\ Implementation/Strategies/DataDecodingStrategy.swift (in target 'URLQueryItemCoder' from project 'URLQueryItemCoder')
cd /Users/admin/builder/spi-builder-workspace/.swiftpm/xcode
builtin-SwiftPerFileCompile DataDecodingStrategy.swift
SwiftCompile normal arm64_32 /Users/admin/builder/spi-builder-workspace/.dependencies/checkouts/URLQueryItemCoder/Sources/URLQueryItemCoder/Decoder/Generic\ Implementation/Strategies/DateDecodingStrategy.swift (in target 'URLQueryItemCoder' from project 'URLQueryItemCoder')
cd /Users/admin/builder/spi-builder-workspace/.swiftpm/xcode
builtin-SwiftPerFileCompile DateDecodingStrategy.swift
SwiftMergeGeneratedHeaders /Users/admin/builder/spi-builder-workspace/.derivedData/Build/Intermediates.noindex/GeneratedModuleMaps-watchos/URLQueryItemCoder-Swift.h /Users/admin/builder/spi-builder-workspace/.derivedData/Build/Intermediates.noindex/URLQueryItemCoder.build/Debug-watchos/URLQueryItemCoder-t.build/Objects-normal/arm64/URLQueryItemCoder-Swift.h /Users/admin/builder/spi-builder-workspace/.derivedData/Build/Intermediates.noindex/URLQueryItemCoder.build/Debug-watchos/URLQueryItemCoder-t.build/Objects-normal/arm64_32/URLQueryItemCoder-Swift.h (in target 'URLQueryItemCoder' from project 'URLQueryItemCoder')
cd /Users/admin/builder/spi-builder-workspace/.dependencies/checkouts/URLQueryItemCoder
builtin-swiftHeaderTool -arch arm64 /Users/admin/builder/spi-builder-workspace/.derivedData/Build/Intermediates.noindex/URLQueryItemCoder.build/Debug-watchos/URLQueryItemCoder-t.build/Objects-normal/arm64/URLQueryItemCoder-Swift.h -arch arm64_32 /Users/admin/builder/spi-builder-workspace/.derivedData/Build/Intermediates.noindex/URLQueryItemCoder.build/Debug-watchos/URLQueryItemCoder-t.build/Objects-normal/arm64_32/URLQueryItemCoder-Swift.h -o /Users/admin/builder/spi-builder-workspace/.derivedData/Build/Intermediates.noindex/GeneratedModuleMaps-watchos/URLQueryItemCoder-Swift.h
SwiftDriverJobDiscovery normal arm64 Compiling DataEncodingStrategy.swift, DateEncodingStrategy.swift, EncodingStrategies.swift (in target 'URLQueryItemCoder' from project 'URLQueryItemCoder')
Copy /Users/admin/builder/spi-builder-workspace/.derivedData/Build/Products/Debug-watchos/URLQueryItemCoder.swiftmodule/arm64_32-apple-watchos.swiftmodule /Users/admin/builder/spi-builder-workspace/.derivedData/Build/Intermediates.noindex/URLQueryItemCoder.build/Debug-watchos/URLQueryItemCoder-t.build/Objects-normal/arm64_32/URLQueryItemCoder.swiftmodule (in target 'URLQueryItemCoder' from project 'URLQueryItemCoder')
cd /Users/admin/builder/spi-builder-workspace/.dependencies/checkouts/URLQueryItemCoder
builtin-copy -exclude .DS_Store -exclude CVS -exclude .svn -exclude .git -exclude .hg -resolve-src-symlinks -rename /Users/admin/builder/spi-builder-workspace/.derivedData/Build/Intermediates.noindex/URLQueryItemCoder.build/Debug-watchos/URLQueryItemCoder-t.build/Objects-normal/arm64_32/URLQueryItemCoder.swiftmodule /Users/admin/builder/spi-builder-workspace/.derivedData/Build/Products/Debug-watchos/URLQueryItemCoder.swiftmodule/arm64_32-apple-watchos.swiftmodule
Copy /Users/admin/builder/spi-builder-workspace/.derivedData/Build/Products/Debug-watchos/URLQueryItemCoder.swiftmodule/arm64_32-apple-watchos.swiftdoc /Users/admin/builder/spi-builder-workspace/.derivedData/Build/Intermediates.noindex/URLQueryItemCoder.build/Debug-watchos/URLQueryItemCoder-t.build/Objects-normal/arm64_32/URLQueryItemCoder.swiftdoc (in target 'URLQueryItemCoder' from project 'URLQueryItemCoder')
cd /Users/admin/builder/spi-builder-workspace/.dependencies/checkouts/URLQueryItemCoder
builtin-copy -exclude .DS_Store -exclude CVS -exclude .svn -exclude .git -exclude .hg -resolve-src-symlinks -rename /Users/admin/builder/spi-builder-workspace/.derivedData/Build/Intermediates.noindex/URLQueryItemCoder.build/Debug-watchos/URLQueryItemCoder-t.build/Objects-normal/arm64_32/URLQueryItemCoder.swiftdoc /Users/admin/builder/spi-builder-workspace/.derivedData/Build/Products/Debug-watchos/URLQueryItemCoder.swiftmodule/arm64_32-apple-watchos.swiftdoc
Copy /Users/admin/builder/spi-builder-workspace/.derivedData/Build/Products/Debug-watchos/URLQueryItemCoder.swiftmodule/arm64_32-apple-watchos.abi.json /Users/admin/builder/spi-builder-workspace/.derivedData/Build/Intermediates.noindex/URLQueryItemCoder.build/Debug-watchos/URLQueryItemCoder-t.build/Objects-normal/arm64_32/URLQueryItemCoder.abi.json (in target 'URLQueryItemCoder' from project 'URLQueryItemCoder')
cd /Users/admin/builder/spi-builder-workspace/.dependencies/checkouts/URLQueryItemCoder
builtin-copy -exclude .DS_Store -exclude CVS -exclude .svn -exclude .git -exclude .hg -resolve-src-symlinks -rename /Users/admin/builder/spi-builder-workspace/.derivedData/Build/Intermediates.noindex/URLQueryItemCoder.build/Debug-watchos/URLQueryItemCoder-t.build/Objects-normal/arm64_32/URLQueryItemCoder.abi.json /Users/admin/builder/spi-builder-workspace/.derivedData/Build/Products/Debug-watchos/URLQueryItemCoder.swiftmodule/arm64_32-apple-watchos.abi.json
Copy /Users/admin/builder/spi-builder-workspace/.derivedData/Build/Products/Debug-watchos/URLQueryItemCoder.swiftmodule/Project/arm64_32-apple-watchos.swiftsourceinfo /Users/admin/builder/spi-builder-workspace/.derivedData/Build/Intermediates.noindex/URLQueryItemCoder.build/Debug-watchos/URLQueryItemCoder-t.build/Objects-normal/arm64_32/URLQueryItemCoder.swiftsourceinfo (in target 'URLQueryItemCoder' from project 'URLQueryItemCoder')
cd /Users/admin/builder/spi-builder-workspace/.dependencies/checkouts/URLQueryItemCoder
builtin-copy -exclude .DS_Store -exclude CVS -exclude .svn -exclude .git -exclude .hg -resolve-src-symlinks -rename /Users/admin/builder/spi-builder-workspace/.derivedData/Build/Intermediates.noindex/URLQueryItemCoder.build/Debug-watchos/URLQueryItemCoder-t.build/Objects-normal/arm64_32/URLQueryItemCoder.swiftsourceinfo /Users/admin/builder/spi-builder-workspace/.derivedData/Build/Products/Debug-watchos/URLQueryItemCoder.swiftmodule/Project/arm64_32-apple-watchos.swiftsourceinfo
SwiftCompile normal arm64_32 Compiling\ EncodingContainer+Keyed.swift,\ EncodingContainer+SingleValue.swift,\ EncodingContainer+Unkeyed.swift /Users/admin/builder/spi-builder-workspace/.dependencies/checkouts/URLQueryItemCoder/Sources/URLQueryItemCoder/Encoder/Generic\ Implementation/EncodingContainer+Keyed.swift /Users/admin/builder/spi-builder-workspace/.dependencies/checkouts/URLQueryItemCoder/Sources/URLQueryItemCoder/Encoder/Generic\ Implementation/EncodingContainer+SingleValue.swift /Users/admin/builder/spi-builder-workspace/.dependencies/checkouts/URLQueryItemCoder/Sources/URLQueryItemCoder/Encoder/Generic\ Implementation/EncodingContainer+Unkeyed.swift (in target 'URLQueryItemCoder' from project 'URLQueryItemCoder')
SwiftCompile normal arm64_32 /Users/admin/builder/spi-builder-workspace/.dependencies/checkouts/URLQueryItemCoder/Sources/URLQueryItemCoder/Encoder/Generic\ Implementation/EncodingContainer+Keyed.swift (in target 'URLQueryItemCoder' from project 'URLQueryItemCoder')
cd /Users/admin/builder/spi-builder-workspace/.swiftpm/xcode
builtin-SwiftPerFileCompile EncodingContainer+Keyed.swift
SwiftCompile normal arm64_32 /Users/admin/builder/spi-builder-workspace/.dependencies/checkouts/URLQueryItemCoder/Sources/URLQueryItemCoder/Encoder/Generic\ Implementation/EncodingContainer+SingleValue.swift (in target 'URLQueryItemCoder' from project 'URLQueryItemCoder')
cd /Users/admin/builder/spi-builder-workspace/.swiftpm/xcode
builtin-SwiftPerFileCompile EncodingContainer+SingleValue.swift
SwiftCompile normal arm64_32 /Users/admin/builder/spi-builder-workspace/.dependencies/checkouts/URLQueryItemCoder/Sources/URLQueryItemCoder/Encoder/Generic\ Implementation/EncodingContainer+Unkeyed.swift (in target 'URLQueryItemCoder' from project 'URLQueryItemCoder')
cd /Users/admin/builder/spi-builder-workspace/.swiftpm/xcode
builtin-SwiftPerFileCompile EncodingContainer+Unkeyed.swift
SwiftDriverJobDiscovery normal arm64 Compiling DecodingContainer+SingleValue.swift, DecodingContainer.swift, DecodingPrimitiveValue.swift (in target 'URLQueryItemCoder' from project 'URLQueryItemCoder')
SwiftCompile normal arm64_32 Compiling\ URLQueryItemEncoder.swift,\ DecodingError+Context+Predefined.swift,\ String+SnakeCase.swift /Users/admin/builder/spi-builder-workspace/.dependencies/checkouts/URLQueryItemCoder/Sources/URLQueryItemCoder/Encoder/URLQueryItemEncoder.swift /Users/admin/builder/spi-builder-workspace/.dependencies/checkouts/URLQueryItemCoder/Sources/URLQueryItemCoder/Extensions/Standard\ Library/DecodingError+Context+Predefined.swift /Users/admin/builder/spi-builder-workspace/.dependencies/checkouts/URLQueryItemCoder/Sources/URLQueryItemCoder/Extensions/Standard\ Library/String+SnakeCase.swift (in target 'URLQueryItemCoder' from project 'URLQueryItemCoder')
SwiftCompile normal arm64_32 /Users/admin/builder/spi-builder-workspace/.dependencies/checkouts/URLQueryItemCoder/Sources/URLQueryItemCoder/Encoder/URLQueryItemEncoder.swift (in target 'URLQueryItemCoder' from project 'URLQueryItemCoder')
cd /Users/admin/builder/spi-builder-workspace/.swiftpm/xcode
builtin-SwiftPerFileCompile URLQueryItemEncoder.swift
SwiftCompile normal arm64_32 /Users/admin/builder/spi-builder-workspace/.dependencies/checkouts/URLQueryItemCoder/Sources/URLQueryItemCoder/Extensions/Standard\ Library/DecodingError+Context+Predefined.swift (in target 'URLQueryItemCoder' from project 'URLQueryItemCoder')
cd /Users/admin/builder/spi-builder-workspace/.swiftpm/xcode
builtin-SwiftPerFileCompile DecodingError+Context+Predefined.swift
SwiftCompile normal arm64_32 /Users/admin/builder/spi-builder-workspace/.dependencies/checkouts/URLQueryItemCoder/Sources/URLQueryItemCoder/Extensions/Standard\ Library/String+SnakeCase.swift (in target 'URLQueryItemCoder' from project 'URLQueryItemCoder')
cd /Users/admin/builder/spi-builder-workspace/.swiftpm/xcode
builtin-SwiftPerFileCompile String+SnakeCase.swift
SwiftCompile normal arm64_32 Compiling\ DecodingStrategies.swift,\ KeyDecodingStrategy.swift,\ NonConformingFloatDecodingStrategy.swift /Users/admin/builder/spi-builder-workspace/.dependencies/checkouts/URLQueryItemCoder/Sources/URLQueryItemCoder/Decoder/Generic\ Implementation/Strategies/DecodingStrategies.swift /Users/admin/builder/spi-builder-workspace/.dependencies/checkouts/URLQueryItemCoder/Sources/URLQueryItemCoder/Decoder/Generic\ Implementation/Strategies/KeyDecodingStrategy.swift /Users/admin/builder/spi-builder-workspace/.dependencies/checkouts/URLQueryItemCoder/Sources/URLQueryItemCoder/Decoder/Generic\ Implementation/Strategies/NonConformingFloatDecodingStrategy.swift (in target 'URLQueryItemCoder' from project 'URLQueryItemCoder')
SwiftCompile normal arm64_32 /Users/admin/builder/spi-builder-workspace/.dependencies/checkouts/URLQueryItemCoder/Sources/URLQueryItemCoder/Decoder/Generic\ Implementation/Strategies/DecodingStrategies.swift (in target 'URLQueryItemCoder' from project 'URLQueryItemCoder')
cd /Users/admin/builder/spi-builder-workspace/.swiftpm/xcode
builtin-SwiftPerFileCompile DecodingStrategies.swift
SwiftCompile normal arm64_32 /Users/admin/builder/spi-builder-workspace/.dependencies/checkouts/URLQueryItemCoder/Sources/URLQueryItemCoder/Decoder/Generic\ Implementation/Strategies/KeyDecodingStrategy.swift (in target 'URLQueryItemCoder' from project 'URLQueryItemCoder')
cd /Users/admin/builder/spi-builder-workspace/.swiftpm/xcode
builtin-SwiftPerFileCompile KeyDecodingStrategy.swift
SwiftCompile normal arm64_32 /Users/admin/builder/spi-builder-workspace/.dependencies/checkouts/URLQueryItemCoder/Sources/URLQueryItemCoder/Decoder/Generic\ Implementation/Strategies/NonConformingFloatDecodingStrategy.swift (in target 'URLQueryItemCoder' from project 'URLQueryItemCoder')
cd /Users/admin/builder/spi-builder-workspace/.swiftpm/xcode
builtin-SwiftPerFileCompile NonConformingFloatDecodingStrategy.swift
SwiftCompile normal arm64_32 Compiling\ EncodingContainer.swift,\ EncodingPrimitiveValue.swift,\ LowLevelEncoder.swift /Users/admin/builder/spi-builder-workspace/.dependencies/checkouts/URLQueryItemCoder/Sources/URLQueryItemCoder/Encoder/Generic\ Implementation/EncodingContainer.swift /Users/admin/builder/spi-builder-workspace/.dependencies/checkouts/URLQueryItemCoder/Sources/URLQueryItemCoder/Encoder/Generic\ Implementation/EncodingPrimitiveValue.swift /Users/admin/builder/spi-builder-workspace/.dependencies/checkouts/URLQueryItemCoder/Sources/URLQueryItemCoder/Encoder/Generic\ Implementation/LowLevelEncoder.swift (in target 'URLQueryItemCoder' from project 'URLQueryItemCoder')
SwiftCompile normal arm64_32 /Users/admin/builder/spi-builder-workspace/.dependencies/checkouts/URLQueryItemCoder/Sources/URLQueryItemCoder/Encoder/Generic\ Implementation/EncodingContainer.swift (in target 'URLQueryItemCoder' from project 'URLQueryItemCoder')
cd /Users/admin/builder/spi-builder-workspace/.swiftpm/xcode
builtin-SwiftPerFileCompile EncodingContainer.swift
SwiftCompile normal arm64_32 /Users/admin/builder/spi-builder-workspace/.dependencies/checkouts/URLQueryItemCoder/Sources/URLQueryItemCoder/Encoder/Generic\ Implementation/EncodingPrimitiveValue.swift (in target 'URLQueryItemCoder' from project 'URLQueryItemCoder')
cd /Users/admin/builder/spi-builder-workspace/.swiftpm/xcode
builtin-SwiftPerFileCompile EncodingPrimitiveValue.swift
SwiftCompile normal arm64_32 /Users/admin/builder/spi-builder-workspace/.dependencies/checkouts/URLQueryItemCoder/Sources/URLQueryItemCoder/Encoder/Generic\ Implementation/LowLevelEncoder.swift (in target 'URLQueryItemCoder' from project 'URLQueryItemCoder')
cd /Users/admin/builder/spi-builder-workspace/.swiftpm/xcode
builtin-SwiftPerFileCompile LowLevelEncoder.swift
SwiftDriverJobDiscovery normal arm64 Compiling IntCodingKey.swift, StringCodingKey.swift, DecodingContainer+MultiValue.swift (in target 'URLQueryItemCoder' from project 'URLQueryItemCoder')
SwiftCompile normal arm64_32 Compiling\ IntCodingKey.swift,\ StringCodingKey.swift,\ DecodingContainer+MultiValue.swift /Users/admin/builder/spi-builder-workspace/.dependencies/checkouts/URLQueryItemCoder/Sources/URLQueryItemCoder/Common/IntCodingKey.swift /Users/admin/builder/spi-builder-workspace/.dependencies/checkouts/URLQueryItemCoder/Sources/URLQueryItemCoder/Common/StringCodingKey.swift /Users/admin/builder/spi-builder-workspace/.dependencies/checkouts/URLQueryItemCoder/Sources/URLQueryItemCoder/Decoder/Generic\ Implementation/DecodingContainer+MultiValue.swift (in target 'URLQueryItemCoder' from project 'URLQueryItemCoder')
SwiftCompile normal arm64_32 /Users/admin/builder/spi-builder-workspace/.dependencies/checkouts/URLQueryItemCoder/Sources/URLQueryItemCoder/Common/IntCodingKey.swift (in target 'URLQueryItemCoder' from project 'URLQueryItemCoder')
cd /Users/admin/builder/spi-builder-workspace/.swiftpm/xcode
builtin-SwiftPerFileCompile IntCodingKey.swift
SwiftCompile normal arm64_32 /Users/admin/builder/spi-builder-workspace/.dependencies/checkouts/URLQueryItemCoder/Sources/URLQueryItemCoder/Common/StringCodingKey.swift (in target 'URLQueryItemCoder' from project 'URLQueryItemCoder')
cd /Users/admin/builder/spi-builder-workspace/.swiftpm/xcode
builtin-SwiftPerFileCompile StringCodingKey.swift
SwiftCompile normal arm64_32 /Users/admin/builder/spi-builder-workspace/.dependencies/checkouts/URLQueryItemCoder/Sources/URLQueryItemCoder/Decoder/Generic\ Implementation/DecodingContainer+MultiValue.swift (in target 'URLQueryItemCoder' from project 'URLQueryItemCoder')
cd /Users/admin/builder/spi-builder-workspace/.swiftpm/xcode
builtin-SwiftPerFileCompile DecodingContainer+MultiValue.swift
SwiftDriverJobDiscovery normal arm64 Compiling EncodingContainer+Keyed.swift, EncodingContainer+SingleValue.swift, EncodingContainer+Unkeyed.swift (in target 'URLQueryItemCoder' from project 'URLQueryItemCoder')
SwiftCompile normal arm64_32 Compiling\ DataEncodingStrategy.swift,\ DateEncodingStrategy.swift,\ EncodingStrategies.swift /Users/admin/builder/spi-builder-workspace/.dependencies/checkouts/URLQueryItemCoder/Sources/URLQueryItemCoder/Encoder/Generic\ Implementation/Strategies/DataEncodingStrategy.swift /Users/admin/builder/spi-builder-workspace/.dependencies/checkouts/URLQueryItemCoder/Sources/URLQueryItemCoder/Encoder/Generic\ Implementation/Strategies/DateEncodingStrategy.swift /Users/admin/builder/spi-builder-workspace/.dependencies/checkouts/URLQueryItemCoder/Sources/URLQueryItemCoder/Encoder/Generic\ Implementation/Strategies/EncodingStrategies.swift (in target 'URLQueryItemCoder' from project 'URLQueryItemCoder')
SwiftCompile normal arm64_32 /Users/admin/builder/spi-builder-workspace/.dependencies/checkouts/URLQueryItemCoder/Sources/URLQueryItemCoder/Encoder/Generic\ Implementation/Strategies/DataEncodingStrategy.swift (in target 'URLQueryItemCoder' from project 'URLQueryItemCoder')
cd /Users/admin/builder/spi-builder-workspace/.swiftpm/xcode
builtin-SwiftPerFileCompile DataEncodingStrategy.swift
SwiftCompile normal arm64_32 /Users/admin/builder/spi-builder-workspace/.dependencies/checkouts/URLQueryItemCoder/Sources/URLQueryItemCoder/Encoder/Generic\ Implementation/Strategies/DateEncodingStrategy.swift (in target 'URLQueryItemCoder' from project 'URLQueryItemCoder')
cd /Users/admin/builder/spi-builder-workspace/.swiftpm/xcode
builtin-SwiftPerFileCompile DateEncodingStrategy.swift
SwiftCompile normal arm64_32 /Users/admin/builder/spi-builder-workspace/.dependencies/checkouts/URLQueryItemCoder/Sources/URLQueryItemCoder/Encoder/Generic\ Implementation/Strategies/EncodingStrategies.swift (in target 'URLQueryItemCoder' from project 'URLQueryItemCoder')
cd /Users/admin/builder/spi-builder-workspace/.swiftpm/xcode
builtin-SwiftPerFileCompile EncodingStrategies.swift
SwiftDriverJobDiscovery normal arm64 Compiling StringlyKeyedDecodingContainerWrapper.swift, URLQueryItemDecoder.swift, EncodingContainer+Keyed+Wrapper.swift (in target 'URLQueryItemCoder' from project 'URLQueryItemCoder')
SwiftDriverJobDiscovery normal arm64 Compiling URLQueryItemEncoder.swift, DecodingError+Context+Predefined.swift, String+SnakeCase.swift (in target 'URLQueryItemCoder' from project 'URLQueryItemCoder')
SwiftDriverJobDiscovery normal arm64_32 Compiling KeyEncodingStrategy.swift, NonConformingFloatEncodingStrategy.swift, URLQueryItemEncoder+OutputFormatting.swift (in target 'URLQueryItemCoder' from project 'URLQueryItemCoder')
SwiftCompile normal arm64 Compiling\ LowLevelDecoder.swift,\ DataDecodingStrategy.swift,\ DateDecodingStrategy.swift /Users/admin/builder/spi-builder-workspace/.dependencies/checkouts/URLQueryItemCoder/Sources/URLQueryItemCoder/Decoder/Generic\ Implementation/LowLevelDecoder.swift /Users/admin/builder/spi-builder-workspace/.dependencies/checkouts/URLQueryItemCoder/Sources/URLQueryItemCoder/Decoder/Generic\ Implementation/Strategies/DataDecodingStrategy.swift /Users/admin/builder/spi-builder-workspace/.dependencies/checkouts/URLQueryItemCoder/Sources/URLQueryItemCoder/Decoder/Generic\ Implementation/Strategies/DateDecodingStrategy.swift (in target 'URLQueryItemCoder' from project 'URLQueryItemCoder')
SwiftCompile normal arm64 /Users/admin/builder/spi-builder-workspace/.dependencies/checkouts/URLQueryItemCoder/Sources/URLQueryItemCoder/Decoder/Generic\ Implementation/LowLevelDecoder.swift (in target 'URLQueryItemCoder' from project 'URLQueryItemCoder')
cd /Users/admin/builder/spi-builder-workspace/.swiftpm/xcode
builtin-SwiftPerFileCompile LowLevelDecoder.swift
SwiftCompile normal arm64 /Users/admin/builder/spi-builder-workspace/.dependencies/checkouts/URLQueryItemCoder/Sources/URLQueryItemCoder/Decoder/Generic\ Implementation/Strategies/DataDecodingStrategy.swift (in target 'URLQueryItemCoder' from project 'URLQueryItemCoder')
cd /Users/admin/builder/spi-builder-workspace/.swiftpm/xcode
builtin-SwiftPerFileCompile DataDecodingStrategy.swift
SwiftCompile normal arm64 /Users/admin/builder/spi-builder-workspace/.dependencies/checkouts/URLQueryItemCoder/Sources/URLQueryItemCoder/Decoder/Generic\ Implementation/Strategies/DateDecodingStrategy.swift (in target 'URLQueryItemCoder' from project 'URLQueryItemCoder')
cd /Users/admin/builder/spi-builder-workspace/.swiftpm/xcode
builtin-SwiftPerFileCompile DateDecodingStrategy.swift
SwiftDriverJobDiscovery normal arm64_32 Compiling DecodingStrategies.swift, KeyDecodingStrategy.swift, NonConformingFloatDecodingStrategy.swift (in target 'URLQueryItemCoder' from project 'URLQueryItemCoder')
SwiftDriver URLSchemeRouter normal arm64 com.apple.xcode.tools.swift.compiler (in target 'URLSchemeRouter' from project 'URLSchemeRouter')
cd /Users/admin/builder/spi-builder-workspace/.swiftpm/xcode
builtin-SwiftDriver -- /Applications/Xcode-27.0.0-Release.Candidate.app/Contents/Developer/Toolchains/XcodeDefault.xctoolchain/usr/bin/swiftc -parse-as-library -module-name URLSchemeRouter -Onone @/Users/admin/builder/spi-builder-workspace/.derivedData/Build/Intermediates.noindex/URLSchemeRouter.build/Debug-watchos/URLSchemeRouter-t.build/Objects-normal/arm64/URLSchemeRouter.SwiftFileList -DSWIFT_PACKAGE -DDEBUG -DSWIFT_MODULE_RESOURCE_BUNDLE_UNAVAILABLE -DXcode -plugin-path /Applications/Xcode-27.0.0-Release.Candidate.app/Contents/Developer/Toolchains/XcodeDefault.xctoolchain/usr/lib/swift/host/plugins/testing -enable-experimental-feature DebugDescriptionMacro -sdk /Applications/Xcode-27.0.0-Release.Candidate.app/Contents/Developer/Platforms/WatchOS.platform/Developer/SDKs/WatchOS27.0.sdk -target arm64-apple-watchos9.0 -g -module-cache-path /Users/admin/builder/spi-builder-workspace/.derivedData/ModuleCache.noindex -Xfrontend -serialize-debugging-options -profile-coverage-mapping -profile-generate -enable-testing -index-store-path /Users/admin/builder/spi-builder-workspace/.derivedData/Index.noindex/DataStore -Xcc -D_LIBCPP_HARDENING_MODE\=_LIBCPP_HARDENING_MODE_DEBUG -swift-version 5 -I /Users/admin/builder/spi-builder-workspace/.derivedData/Build/Products/Debug-watchos -Isystem /Applications/Xcode-27.0.0-Release.Candidate.app/Contents/Developer/Platforms/WatchOS.platform/Developer/usr/lib -F /Users/admin/builder/spi-builder-workspace/.derivedData/Build/Products/Debug-watchos/PackageFrameworks -F /Users/admin/builder/spi-builder-workspace/.derivedData/Build/Products/Debug-watchos -F /Applications/Xcode-27.0.0-Release.Candidate.app/Contents/Developer/Platforms/WatchOS.platform/Developer/Library/Frameworks -F /Applications/Xcode-27.0.0-Release.Candidate.app/Contents/Developer/Platforms/WatchOS.platform/Developer/SDKs/WatchOS27.0.sdk/Developer/Library/Frameworks -c -j10 -enable-batch-mode -incremental -Xcc -ivfsstatcache -Xcc /Users/admin/builder/spi-builder-workspace/.derivedData/SDKStatCaches.noindex/watchos27.0-24R360-e829b21a6f8c9b70876ba0858053c04477534ef55a1706bf4c1112bbb242f0a2.sdkstatcache -output-file-map /Users/admin/builder/spi-builder-workspace/.derivedData/Build/Intermediates.noindex/URLSchemeRouter.build/Debug-watchos/URLSchemeRouter-t.build/Objects-normal/arm64/URLSchemeRouter-OutputFileMap.json -save-temps -no-color-diagnostics -explicit-module-build -module-cache-path /Users/admin/builder/spi-builder-workspace/.derivedData/Build/Intermediates.noindex/SwiftExplicitPrecompiledModules -clang-scanner-module-cache-path /Users/admin/builder/spi-builder-workspace/.derivedData/ModuleCache.noindex -sdk-module-cache-path /Users/admin/builder/spi-builder-workspace/.derivedData/SDKExplicitPrecompiledModules -emit-dependencies -emit-module -emit-module-path /Users/admin/builder/spi-builder-workspace/.derivedData/Build/Intermediates.noindex/URLSchemeRouter.build/Debug-watchos/URLSchemeRouter-t.build/Objects-normal/arm64/URLSchemeRouter.swiftmodule -serialize-diagnostics -dependency-scan-serialize-diagnostics-path /Users/admin/builder/spi-builder-workspace/.derivedData/Build/Intermediates.noindex/URLSchemeRouter.build/Debug-watchos/URLSchemeRouter-t.build/Objects-normal/arm64/URLSchemeRouter-dependency-scan.dia -validate-clang-modules-once -clang-build-session-file /Users/admin/builder/spi-builder-workspace/.derivedData/ModuleCache.noindex/Session.modulevalidation -Xcc -fmodules-prune-interval\=86400 -Xcc -fmodules-prune-after\=345600 -package-name spi_builder_workspace -emit-const-values -const-gather-protocols-list /Users/admin/builder/spi-builder-workspace/.derivedData/Build/Intermediates.noindex/URLSchemeRouter.build/Debug-watchos/URLSchemeRouter-t.build/Objects-normal/arm64/URLSchemeRouter_const_extract_protocols.json -Xcc -I/Users/admin/builder/spi-builder-workspace/.derivedData/Build/Products/Debug-watchos/include -Xcc -I/Users/admin/builder/spi-builder-workspace/.derivedData/Build/Intermediates.noindex/URLSchemeRouter.build/Debug-watchos/URLSchemeRouter-t.build/DerivedSources-normal/arm64 -Xcc -I/Users/admin/builder/spi-builder-workspace/.derivedData/Build/Intermediates.noindex/URLSchemeRouter.build/Debug-watchos/URLSchemeRouter-t.build/DerivedSources/arm64 -Xcc -I/Users/admin/builder/spi-builder-workspace/.derivedData/Build/Intermediates.noindex/URLSchemeRouter.build/Debug-watchos/URLSchemeRouter-t.build/DerivedSources -Xcc -DSWIFT_PACKAGE -Xcc -DDEBUG\=1 -emit-objc-header -emit-objc-header-path /Users/admin/builder/spi-builder-workspace/.derivedData/Build/Intermediates.noindex/URLSchemeRouter.build/Debug-watchos/URLSchemeRouter-t.build/Objects-normal/arm64/URLSchemeRouter-Swift.h -working-directory /Users/admin/builder/spi-builder-workspace/.swiftpm/xcode -experimental-emit-module-separately -disable-cmo
SwiftDriver URLSchemeRouter normal arm64_32 com.apple.xcode.tools.swift.compiler (in target 'URLSchemeRouter' from project 'URLSchemeRouter')
cd /Users/admin/builder/spi-builder-workspace/.swiftpm/xcode
builtin-SwiftDriver -- /Applications/Xcode-27.0.0-Release.Candidate.app/Contents/Developer/Toolchains/XcodeDefault.xctoolchain/usr/bin/swiftc -parse-as-library -module-name URLSchemeRouter -Onone @/Users/admin/builder/spi-builder-workspace/.derivedData/Build/Intermediates.noindex/URLSchemeRouter.build/Debug-watchos/URLSchemeRouter-t.build/Objects-normal/arm64_32/URLSchemeRouter.SwiftFileList -DSWIFT_PACKAGE -DDEBUG -DSWIFT_MODULE_RESOURCE_BUNDLE_UNAVAILABLE -DXcode -plugin-path /Applications/Xcode-27.0.0-Release.Candidate.app/Contents/Developer/Toolchains/XcodeDefault.xctoolchain/usr/lib/swift/host/plugins/testing -enable-experimental-feature DebugDescriptionMacro -sdk /Applications/Xcode-27.0.0-Release.Candidate.app/Contents/Developer/Platforms/WatchOS.platform/Developer/SDKs/WatchOS27.0.sdk -target arm64_32-apple-watchos9.0 -g -module-cache-path /Users/admin/builder/spi-builder-workspace/.derivedData/ModuleCache.noindex -Xfrontend -serialize-debugging-options -profile-coverage-mapping -profile-generate -enable-testing -index-store-path /Users/admin/builder/spi-builder-workspace/.derivedData/Index.noindex/DataStore -Xcc -D_LIBCPP_HARDENING_MODE\=_LIBCPP_HARDENING_MODE_DEBUG -swift-version 5 -I /Users/admin/builder/spi-builder-workspace/.derivedData/Build/Products/Debug-watchos -Isystem /Applications/Xcode-27.0.0-Release.Candidate.app/Contents/Developer/Platforms/WatchOS.platform/Developer/usr/lib -F /Users/admin/builder/spi-builder-workspace/.derivedData/Build/Products/Debug-watchos/PackageFrameworks -F /Users/admin/builder/spi-builder-workspace/.derivedData/Build/Products/Debug-watchos -F /Applications/Xcode-27.0.0-Release.Candidate.app/Contents/Developer/Platforms/WatchOS.platform/Developer/Library/Frameworks -F /Applications/Xcode-27.0.0-Release.Candidate.app/Contents/Developer/Platforms/WatchOS.platform/Developer/SDKs/WatchOS27.0.sdk/Developer/Library/Frameworks -c -j10 -enable-batch-mode -incremental -Xcc -ivfsstatcache -Xcc /Users/admin/builder/spi-builder-workspace/.derivedData/SDKStatCaches.noindex/watchos27.0-24R360-e829b21a6f8c9b70876ba0858053c04477534ef55a1706bf4c1112bbb242f0a2.sdkstatcache -output-file-map /Users/admin/builder/spi-builder-workspace/.derivedData/Build/Intermediates.noindex/URLSchemeRouter.build/Debug-watchos/URLSchemeRouter-t.build/Objects-normal/arm64_32/URLSchemeRouter-OutputFileMap.json -save-temps -no-color-diagnostics -explicit-module-build -module-cache-path /Users/admin/builder/spi-builder-workspace/.derivedData/Build/Intermediates.noindex/SwiftExplicitPrecompiledModules -clang-scanner-module-cache-path /Users/admin/builder/spi-builder-workspace/.derivedData/ModuleCache.noindex -sdk-module-cache-path /Users/admin/builder/spi-builder-workspace/.derivedData/SDKExplicitPrecompiledModules -emit-dependencies -emit-module -emit-module-path /Users/admin/builder/spi-builder-workspace/.derivedData/Build/Intermediates.noindex/URLSchemeRouter.build/Debug-watchos/URLSchemeRouter-t.build/Objects-normal/arm64_32/URLSchemeRouter.swiftmodule -serialize-diagnostics -dependency-scan-serialize-diagnostics-path /Users/admin/builder/spi-builder-workspace/.derivedData/Build/Intermediates.noindex/URLSchemeRouter.build/Debug-watchos/URLSchemeRouter-t.build/Objects-normal/arm64_32/URLSchemeRouter-dependency-scan.dia -validate-clang-modules-once -clang-build-session-file /Users/admin/builder/spi-builder-workspace/.derivedData/ModuleCache.noindex/Session.modulevalidation -Xcc -fmodules-prune-interval\=86400 -Xcc -fmodules-prune-after\=345600 -package-name spi_builder_workspace -emit-const-values -const-gather-protocols-list /Users/admin/builder/spi-builder-workspace/.derivedData/Build/Intermediates.noindex/URLSchemeRouter.build/Debug-watchos/URLSchemeRouter-t.build/Objects-normal/arm64_32/URLSchemeRouter_const_extract_protocols.json -Xcc -I/Users/admin/builder/spi-builder-workspace/.derivedData/Build/Products/Debug-watchos/include -Xcc -I/Users/admin/builder/spi-builder-workspace/.derivedData/Build/Intermediates.noindex/URLSchemeRouter.build/Debug-watchos/URLSchemeRouter-t.build/DerivedSources-normal/arm64_32 -Xcc -I/Users/admin/builder/spi-builder-workspace/.derivedData/Build/Intermediates.noindex/URLSchemeRouter.build/Debug-watchos/URLSchemeRouter-t.build/DerivedSources/arm64_32 -Xcc -I/Users/admin/builder/spi-builder-workspace/.derivedData/Build/Intermediates.noindex/URLSchemeRouter.build/Debug-watchos/URLSchemeRouter-t.build/DerivedSources -Xcc -DSWIFT_PACKAGE -Xcc -DDEBUG\=1 -emit-objc-header -emit-objc-header-path /Users/admin/builder/spi-builder-workspace/.derivedData/Build/Intermediates.noindex/URLSchemeRouter.build/Debug-watchos/URLSchemeRouter-t.build/Objects-normal/arm64_32/URLSchemeRouter-Swift.h -working-directory /Users/admin/builder/spi-builder-workspace/.swiftpm/xcode -experimental-emit-module-separately -disable-cmo
SwiftDriverJobDiscovery normal arm64 Compiling LowLevelDecoder.swift, DataDecodingStrategy.swift, DateDecodingStrategy.swift (in target 'URLQueryItemCoder' from project 'URLQueryItemCoder')
SwiftDriverJobDiscovery normal arm64_32 Compiling DataEncodingStrategy.swift, DateEncodingStrategy.swift, EncodingStrategies.swift (in target 'URLQueryItemCoder' from project 'URLQueryItemCoder')
SwiftDriver\ Compilation URLQueryItemCoder normal arm64 com.apple.xcode.tools.swift.compiler (in target 'URLQueryItemCoder' from project 'URLQueryItemCoder')
cd /Users/admin/builder/spi-builder-workspace/.swiftpm/xcode
builtin-Swift-Compilation -- /Applications/Xcode-27.0.0-Release.Candidate.app/Contents/Developer/Toolchains/XcodeDefault.xctoolchain/usr/bin/swiftc -parse-as-library -module-name URLQueryItemCoder -Onone @/Users/admin/builder/spi-builder-workspace/.derivedData/Build/Intermediates.noindex/URLQueryItemCoder.build/Debug-watchos/URLQueryItemCoder-t.build/Objects-normal/arm64/URLQueryItemCoder.SwiftFileList -DSWIFT_PACKAGE -DDEBUG -DSWIFT_MODULE_RESOURCE_BUNDLE_UNAVAILABLE -DXcode -plugin-path /Applications/Xcode-27.0.0-Release.Candidate.app/Contents/Developer/Toolchains/XcodeDefault.xctoolchain/usr/lib/swift/host/plugins/testing -enable-experimental-feature DebugDescriptionMacro -sdk /Applications/Xcode-27.0.0-Release.Candidate.app/Contents/Developer/Platforms/WatchOS.platform/Developer/SDKs/WatchOS27.0.sdk -target arm64-apple-watchos9.0 -g -module-cache-path /Users/admin/builder/spi-builder-workspace/.derivedData/ModuleCache.noindex -Xfrontend -serialize-debugging-options -profile-coverage-mapping -profile-generate -enable-testing -suppress-warnings -index-store-path /Users/admin/builder/spi-builder-workspace/.derivedData/Index.noindex/DataStore -Xcc -D_LIBCPP_HARDENING_MODE\=_LIBCPP_HARDENING_MODE_DEBUG -swift-version 5 -I /Users/admin/builder/spi-builder-workspace/.derivedData/Build/Products/Debug-watchos -Isystem /Applications/Xcode-27.0.0-Release.Candidate.app/Contents/Developer/Platforms/WatchOS.platform/Developer/usr/lib -F /Users/admin/builder/spi-builder-workspace/.derivedData/Build/Products/Debug-watchos -F /Applications/Xcode-27.0.0-Release.Candidate.app/Contents/Developer/Platforms/WatchOS.platform/Developer/Library/Frameworks -F /Applications/Xcode-27.0.0-Release.Candidate.app/Contents/Developer/Platforms/WatchOS.platform/Developer/SDKs/WatchOS27.0.sdk/Developer/Library/Frameworks -c -j10 -enable-batch-mode -incremental -Xcc -ivfsstatcache -Xcc /Users/admin/builder/spi-builder-workspace/.derivedData/SDKStatCaches.noindex/watchos27.0-24R360-e829b21a6f8c9b70876ba0858053c04477534ef55a1706bf4c1112bbb242f0a2.sdkstatcache -output-file-map /Users/admin/builder/spi-builder-workspace/.derivedData/Build/Intermediates.noindex/URLQueryItemCoder.build/Debug-watchos/URLQueryItemCoder-t.build/Objects-normal/arm64/URLQueryItemCoder-OutputFileMap.json -save-temps -no-color-diagnostics -explicit-module-build -module-cache-path /Users/admin/builder/spi-builder-workspace/.derivedData/Build/Intermediates.noindex/SwiftExplicitPrecompiledModules -clang-scanner-module-cache-path /Users/admin/builder/spi-builder-workspace/.derivedData/ModuleCache.noindex -sdk-module-cache-path /Users/admin/builder/spi-builder-workspace/.derivedData/SDKExplicitPrecompiledModules -emit-dependencies -emit-module -emit-module-path /Users/admin/builder/spi-builder-workspace/.derivedData/Build/Intermediates.noindex/URLQueryItemCoder.build/Debug-watchos/URLQueryItemCoder-t.build/Objects-normal/arm64/URLQueryItemCoder.swiftmodule -serialize-diagnostics -dependency-scan-serialize-diagnostics-path /Users/admin/builder/spi-builder-workspace/.derivedData/Build/Intermediates.noindex/URLQueryItemCoder.build/Debug-watchos/URLQueryItemCoder-t.build/Objects-normal/arm64/URLQueryItemCoder-dependency-scan.dia -validate-clang-modules-once -clang-build-session-file /Users/admin/builder/spi-builder-workspace/.derivedData/ModuleCache.noindex/Session.modulevalidation -Xcc -fmodules-prune-interval\=86400 -Xcc -fmodules-prune-after\=345600 -emit-const-values -const-gather-protocols-list /Users/admin/builder/spi-builder-workspace/.derivedData/Build/Intermediates.noindex/URLQueryItemCoder.build/Debug-watchos/URLQueryItemCoder-t.build/Objects-normal/arm64/URLQueryItemCoder_const_extract_protocols.json -Xcc -I/Users/admin/builder/spi-builder-workspace/.derivedData/Build/Products/Debug-watchos/include -Xcc -I/Users/admin/builder/spi-builder-workspace/.derivedData/Build/Intermediates.noindex/URLQueryItemCoder.build/Debug-watchos/URLQueryItemCoder-t.build/DerivedSources-normal/arm64 -Xcc -I/Users/admin/builder/spi-builder-workspace/.derivedData/Build/Intermediates.noindex/URLQueryItemCoder.build/Debug-watchos/URLQueryItemCoder-t.build/DerivedSources/arm64 -Xcc -I/Users/admin/builder/spi-builder-workspace/.derivedData/Build/Intermediates.noindex/URLQueryItemCoder.build/Debug-watchos/URLQueryItemCoder-t.build/DerivedSources -Xcc -DSWIFT_PACKAGE -Xcc -DDEBUG\=1 -emit-objc-header -emit-objc-header-path /Users/admin/builder/spi-builder-workspace/.derivedData/Build/Intermediates.noindex/URLQueryItemCoder.build/Debug-watchos/URLQueryItemCoder-t.build/Objects-normal/arm64/URLQueryItemCoder-Swift.h -working-directory /Users/admin/builder/spi-builder-workspace/.swiftpm/xcode -experimental-emit-module-separately -disable-cmo
SwiftDriverJobDiscovery normal arm64_32 Compiling LowLevelDecoder.swift, DataDecodingStrategy.swift, DateDecodingStrategy.swift (in target 'URLQueryItemCoder' from project 'URLQueryItemCoder')
Ld /Users/admin/builder/spi-builder-workspace/.derivedData/Build/Intermediates.noindex/URLQueryItemCoder.build/Debug-watchos/URLQueryItemCoder-t.build/Objects-normal/arm64/Binary/URLQueryItemCoder.o normal arm64 (in target 'URLQueryItemCoder' from project 'URLQueryItemCoder')
cd /Users/admin/builder/spi-builder-workspace/.dependencies/checkouts/URLQueryItemCoder
/Applications/Xcode-27.0.0-Release.Candidate.app/Contents/Developer/Toolchains/XcodeDefault.xctoolchain/usr/bin/clang -Xlinker -reproducible -target arm64-apple-watchos9.0 -r -isysroot /Applications/Xcode-27.0.0-Release.Candidate.app/Contents/Developer/Platforms/WatchOS.platform/Developer/SDKs/WatchOS27.0.sdk -O0 -w -Xlinker -no_warn_duplicate_libraries -F/Users/admin/builder/spi-builder-workspace/.derivedData/Build/Intermediates.noindex/EagerLinkingTBDs/Debug-watchos -F/Users/admin/builder/spi-builder-workspace/.derivedData/Build/Products/Debug-watchos -iframework /Applications/Xcode-27.0.0-Release.Candidate.app/Contents/Developer/Platforms/WatchOS.platform/Developer/Library/Frameworks -iframework /Applications/Xcode-27.0.0-Release.Candidate.app/Contents/Developer/Platforms/WatchOS.platform/Developer/SDKs/WatchOS27.0.sdk/Developer/Library/Frameworks -filelist /Users/admin/builder/spi-builder-workspace/.derivedData/Build/Intermediates.noindex/URLQueryItemCoder.build/Debug-watchos/URLQueryItemCoder-t.build/Objects-normal/arm64/URLQueryItemCoder.LinkFileList -nostdlib -Xlinker -object_path_lto -Xlinker /Users/admin/builder/spi-builder-workspace/.derivedData/Build/Intermediates.noindex/URLQueryItemCoder.build/Debug-watchos/URLQueryItemCoder-t.build/Objects-normal/arm64/URLQueryItemCoder_lto.o -Xlinker -no_deduplicate -Xlinker -debug_variant -Xlinker -dependency_info -Xlinker /Users/admin/builder/spi-builder-workspace/.derivedData/Build/Intermediates.noindex/URLQueryItemCoder.build/Debug-watchos/URLQueryItemCoder-t.build/Objects-normal/arm64/URLQueryItemCoder_dependency_info.dat -fobjc-link-runtime -L/Applications/Xcode-27.0.0-Release.Candidate.app/Contents/Developer/Toolchains/XcodeDefault.xctoolchain/usr/lib/swift/watchos -L/usr/lib/swift -Xlinker -add_ast_path -Xlinker /Users/admin/builder/spi-builder-workspace/.derivedData/Build/Intermediates.noindex/URLQueryItemCoder.build/Debug-watchos/URLQueryItemCoder-t.build/Objects-normal/arm64/URLQueryItemCoder.swiftmodule -o /Users/admin/builder/spi-builder-workspace/.derivedData/Build/Intermediates.noindex/URLQueryItemCoder.build/Debug-watchos/URLQueryItemCoder-t.build/Objects-normal/arm64/Binary/URLQueryItemCoder.o
SwiftDriverJobDiscovery normal arm64_32 Compiling EncodingContainer.swift, EncodingPrimitiveValue.swift, LowLevelEncoder.swift (in target 'URLQueryItemCoder' from project 'URLQueryItemCoder')
SwiftDriverJobDiscovery normal arm64_32 Compiling DecodingContainer+SingleValue.swift, DecodingContainer.swift, DecodingPrimitiveValue.swift (in target 'URLQueryItemCoder' from project 'URLQueryItemCoder')
SwiftDriverJobDiscovery normal arm64_32 Compiling StringlyKeyedDecodingContainerWrapper.swift, URLQueryItemDecoder.swift, EncodingContainer+Keyed+Wrapper.swift (in target 'URLQueryItemCoder' from project 'URLQueryItemCoder')
SwiftDriverJobDiscovery normal arm64_32 Compiling URLQueryItemEncoder.swift, DecodingError+Context+Predefined.swift, String+SnakeCase.swift (in target 'URLQueryItemCoder' from project 'URLQueryItemCoder')
SwiftDriverJobDiscovery normal arm64_32 Compiling EncodingContainer+Keyed.swift, EncodingContainer+SingleValue.swift, EncodingContainer+Unkeyed.swift (in target 'URLQueryItemCoder' from project 'URLQueryItemCoder')
SwiftDriverJobDiscovery normal arm64_32 Compiling IntCodingKey.swift, StringCodingKey.swift, DecodingContainer+MultiValue.swift (in target 'URLQueryItemCoder' from project 'URLQueryItemCoder')
SwiftDriver\ Compilation URLQueryItemCoder normal arm64_32 com.apple.xcode.tools.swift.compiler (in target 'URLQueryItemCoder' from project 'URLQueryItemCoder')
cd /Users/admin/builder/spi-builder-workspace/.swiftpm/xcode
builtin-Swift-Compilation -- /Applications/Xcode-27.0.0-Release.Candidate.app/Contents/Developer/Toolchains/XcodeDefault.xctoolchain/usr/bin/swiftc -parse-as-library -module-name URLQueryItemCoder -Onone @/Users/admin/builder/spi-builder-workspace/.derivedData/Build/Intermediates.noindex/URLQueryItemCoder.build/Debug-watchos/URLQueryItemCoder-t.build/Objects-normal/arm64_32/URLQueryItemCoder.SwiftFileList -DSWIFT_PACKAGE -DDEBUG -DSWIFT_MODULE_RESOURCE_BUNDLE_UNAVAILABLE -DXcode -plugin-path /Applications/Xcode-27.0.0-Release.Candidate.app/Contents/Developer/Toolchains/XcodeDefault.xctoolchain/usr/lib/swift/host/plugins/testing -enable-experimental-feature DebugDescriptionMacro -sdk /Applications/Xcode-27.0.0-Release.Candidate.app/Contents/Developer/Platforms/WatchOS.platform/Developer/SDKs/WatchOS27.0.sdk -target arm64_32-apple-watchos9.0 -g -module-cache-path /Users/admin/builder/spi-builder-workspace/.derivedData/ModuleCache.noindex -Xfrontend -serialize-debugging-options -profile-coverage-mapping -profile-generate -enable-testing -suppress-warnings -index-store-path /Users/admin/builder/spi-builder-workspace/.derivedData/Index.noindex/DataStore -Xcc -D_LIBCPP_HARDENING_MODE\=_LIBCPP_HARDENING_MODE_DEBUG -swift-version 5 -I /Users/admin/builder/spi-builder-workspace/.derivedData/Build/Products/Debug-watchos -Isystem /Applications/Xcode-27.0.0-Release.Candidate.app/Contents/Developer/Platforms/WatchOS.platform/Developer/usr/lib -F /Users/admin/builder/spi-builder-workspace/.derivedData/Build/Products/Debug-watchos -F /Applications/Xcode-27.0.0-Release.Candidate.app/Contents/Developer/Platforms/WatchOS.platform/Developer/Library/Frameworks -F /Applications/Xcode-27.0.0-Release.Candidate.app/Contents/Developer/Platforms/WatchOS.platform/Developer/SDKs/WatchOS27.0.sdk/Developer/Library/Frameworks -c -j10 -enable-batch-mode -incremental -Xcc -ivfsstatcache -Xcc /Users/admin/builder/spi-builder-workspace/.derivedData/SDKStatCaches.noindex/watchos27.0-24R360-e829b21a6f8c9b70876ba0858053c04477534ef55a1706bf4c1112bbb242f0a2.sdkstatcache -output-file-map /Users/admin/builder/spi-builder-workspace/.derivedData/Build/Intermediates.noindex/URLQueryItemCoder.build/Debug-watchos/URLQueryItemCoder-t.build/Objects-normal/arm64_32/URLQueryItemCoder-OutputFileMap.json -save-temps -no-color-diagnostics -explicit-module-build -module-cache-path /Users/admin/builder/spi-builder-workspace/.derivedData/Build/Intermediates.noindex/SwiftExplicitPrecompiledModules -clang-scanner-module-cache-path /Users/admin/builder/spi-builder-workspace/.derivedData/ModuleCache.noindex -sdk-module-cache-path /Users/admin/builder/spi-builder-workspace/.derivedData/SDKExplicitPrecompiledModules -emit-dependencies -emit-module -emit-module-path /Users/admin/builder/spi-builder-workspace/.derivedData/Build/Intermediates.noindex/URLQueryItemCoder.build/Debug-watchos/URLQueryItemCoder-t.build/Objects-normal/arm64_32/URLQueryItemCoder.swiftmodule -serialize-diagnostics -dependency-scan-serialize-diagnostics-path /Users/admin/builder/spi-builder-workspace/.derivedData/Build/Intermediates.noindex/URLQueryItemCoder.build/Debug-watchos/URLQueryItemCoder-t.build/Objects-normal/arm64_32/URLQueryItemCoder-dependency-scan.dia -validate-clang-modules-once -clang-build-session-file /Users/admin/builder/spi-builder-workspace/.derivedData/ModuleCache.noindex/Session.modulevalidation -Xcc -fmodules-prune-interval\=86400 -Xcc -fmodules-prune-after\=345600 -emit-const-values -const-gather-protocols-list /Users/admin/builder/spi-builder-workspace/.derivedData/Build/Intermediates.noindex/URLQueryItemCoder.build/Debug-watchos/URLQueryItemCoder-t.build/Objects-normal/arm64_32/URLQueryItemCoder_const_extract_protocols.json -Xcc -I/Users/admin/builder/spi-builder-workspace/.derivedData/Build/Products/Debug-watchos/include -Xcc -I/Users/admin/builder/spi-builder-workspace/.derivedData/Build/Intermediates.noindex/URLQueryItemCoder.build/Debug-watchos/URLQueryItemCoder-t.build/DerivedSources-normal/arm64_32 -Xcc -I/Users/admin/builder/spi-builder-workspace/.derivedData/Build/Intermediates.noindex/URLQueryItemCoder.build/Debug-watchos/URLQueryItemCoder-t.build/DerivedSources/arm64_32 -Xcc -I/Users/admin/builder/spi-builder-workspace/.derivedData/Build/Intermediates.noindex/URLQueryItemCoder.build/Debug-watchos/URLQueryItemCoder-t.build/DerivedSources -Xcc -DSWIFT_PACKAGE -Xcc -DDEBUG\=1 -emit-objc-header -emit-objc-header-path /Users/admin/builder/spi-builder-workspace/.derivedData/Build/Intermediates.noindex/URLQueryItemCoder.build/Debug-watchos/URLQueryItemCoder-t.build/Objects-normal/arm64_32/URLQueryItemCoder-Swift.h -working-directory /Users/admin/builder/spi-builder-workspace/.swiftpm/xcode -experimental-emit-module-separately -disable-cmo
Ld /Users/admin/builder/spi-builder-workspace/.derivedData/Build/Intermediates.noindex/URLQueryItemCoder.build/Debug-watchos/URLQueryItemCoder-t.build/Objects-normal/arm64_32/Binary/URLQueryItemCoder.o normal arm64_32 (in target 'URLQueryItemCoder' from project 'URLQueryItemCoder')
cd /Users/admin/builder/spi-builder-workspace/.dependencies/checkouts/URLQueryItemCoder
/Applications/Xcode-27.0.0-Release.Candidate.app/Contents/Developer/Toolchains/XcodeDefault.xctoolchain/usr/bin/clang -Xlinker -reproducible -target arm64_32-apple-watchos9.0 -r -isysroot /Applications/Xcode-27.0.0-Release.Candidate.app/Contents/Developer/Platforms/WatchOS.platform/Developer/SDKs/WatchOS27.0.sdk -O0 -w -Xlinker -no_warn_duplicate_libraries -F/Users/admin/builder/spi-builder-workspace/.derivedData/Build/Intermediates.noindex/EagerLinkingTBDs/Debug-watchos -F/Users/admin/builder/spi-builder-workspace/.derivedData/Build/Products/Debug-watchos -iframework /Applications/Xcode-27.0.0-Release.Candidate.app/Contents/Developer/Platforms/WatchOS.platform/Developer/Library/Frameworks -iframework /Applications/Xcode-27.0.0-Release.Candidate.app/Contents/Developer/Platforms/WatchOS.platform/Developer/SDKs/WatchOS27.0.sdk/Developer/Library/Frameworks -filelist /Users/admin/builder/spi-builder-workspace/.derivedData/Build/Intermediates.noindex/URLQueryItemCoder.build/Debug-watchos/URLQueryItemCoder-t.build/Objects-normal/arm64_32/URLQueryItemCoder.LinkFileList -nostdlib -Xlinker -object_path_lto -Xlinker /Users/admin/builder/spi-builder-workspace/.derivedData/Build/Intermediates.noindex/URLQueryItemCoder.build/Debug-watchos/URLQueryItemCoder-t.build/Objects-normal/arm64_32/URLQueryItemCoder_lto.o -Xlinker -no_deduplicate -Xlinker -debug_variant -Xlinker -dependency_info -Xlinker /Users/admin/builder/spi-builder-workspace/.derivedData/Build/Intermediates.noindex/URLQueryItemCoder.build/Debug-watchos/URLQueryItemCoder-t.build/Objects-normal/arm64_32/URLQueryItemCoder_dependency_info.dat -fobjc-link-runtime -L/Applications/Xcode-27.0.0-Release.Candidate.app/Contents/Developer/Toolchains/XcodeDefault.xctoolchain/usr/lib/swift/watchos -L/usr/lib/swift -Xlinker -add_ast_path -Xlinker /Users/admin/builder/spi-builder-workspace/.derivedData/Build/Intermediates.noindex/URLQueryItemCoder.build/Debug-watchos/URLQueryItemCoder-t.build/Objects-normal/arm64_32/URLQueryItemCoder.swiftmodule -o /Users/admin/builder/spi-builder-workspace/.derivedData/Build/Intermediates.noindex/URLQueryItemCoder.build/Debug-watchos/URLQueryItemCoder-t.build/Objects-normal/arm64_32/Binary/URLQueryItemCoder.o
CreateUniversalBinary /Users/admin/builder/spi-builder-workspace/.derivedData/Build/Products/Debug-watchos/URLQueryItemCoder.o normal arm64\ arm64_32 (in target 'URLQueryItemCoder' from project 'URLQueryItemCoder')
cd /Users/admin/builder/spi-builder-workspace/.dependencies/checkouts/URLQueryItemCoder
/Applications/Xcode-27.0.0-Release.Candidate.app/Contents/Developer/Toolchains/XcodeDefault.xctoolchain/usr/bin/lipo -create /Users/admin/builder/spi-builder-workspace/.derivedData/Build/Intermediates.noindex/URLQueryItemCoder.build/Debug-watchos/URLQueryItemCoder-t.build/Objects-normal/arm64/Binary/URLQueryItemCoder.o /Users/admin/builder/spi-builder-workspace/.derivedData/Build/Intermediates.noindex/URLQueryItemCoder.build/Debug-watchos/URLQueryItemCoder-t.build/Objects-normal/arm64_32/Binary/URLQueryItemCoder.o -output /Users/admin/builder/spi-builder-workspace/.derivedData/Build/Products/Debug-watchos/URLQueryItemCoder.o
ExtractAppIntentsMetadata (in target 'URLQueryItemCoder' from project 'URLQueryItemCoder')
cd /Users/admin/builder/spi-builder-workspace/.dependencies/checkouts/URLQueryItemCoder
/Applications/Xcode-27.0.0-Release.Candidate.app/Contents/Developer/Toolchains/XcodeDefault.xctoolchain/usr/bin/appintentsmetadataprocessor --toolchain-dir /var/run/com.apple.security.cryptexd/mnt/com.apple.MobileAsset.MetalToolchain-v27.1.266.1.iY3U43/Metal.xctoolchain --module-name URLQueryItemCoder --sdk-root /Applications/Xcode-27.0.0-Release.Candidate.app/Contents/Developer/Platforms/WatchOS.platform/Developer/SDKs/WatchOS27.0.sdk --xcode-version 27A266a --platform-family watchOS --deployment-target 9.0 --bundle-identifier urlqueryitemcoder.URLQueryItemCoder --output /Users/admin/builder/spi-builder-workspace/.derivedData/Build/Products/Debug-watchos/URLQueryItemCoder.appintents --target-triple arm64-apple-watchos9.0 --target-triple arm64_32-apple-watchos9.0 --binary-file /Users/admin/builder/spi-builder-workspace/.derivedData/Build/Products/Debug-watchos/URLQueryItemCoder.o --dependency-file /Users/admin/builder/spi-builder-workspace/.derivedData/Build/Intermediates.noindex/URLQueryItemCoder.build/Debug-watchos/URLQueryItemCoder-t.build/Objects-normal/arm64/URLQueryItemCoder_dependency_info.dat --dependency-file /Users/admin/builder/spi-builder-workspace/.derivedData/Build/Intermediates.noindex/URLQueryItemCoder.build/Debug-watchos/URLQueryItemCoder-t.build/Objects-normal/arm64_32/URLQueryItemCoder_dependency_info.dat --stringsdata-file /Users/admin/builder/spi-builder-workspace/.derivedData/Build/Intermediates.noindex/URLQueryItemCoder.build/Debug-watchos/URLQueryItemCoder-t.build/Objects-normal/arm64/ExtractedAppShortcutsMetadata.stringsdata --stringsdata-file /Users/admin/builder/spi-builder-workspace/.derivedData/Build/Intermediates.noindex/URLQueryItemCoder.build/Debug-watchos/URLQueryItemCoder-t.build/Objects-normal/arm64_32/ExtractedAppShortcutsMetadata.stringsdata --source-file-list /Users/admin/builder/spi-builder-workspace/.derivedData/Build/Intermediates.noindex/URLQueryItemCoder.build/Debug-watchos/URLQueryItemCoder-t.build/Objects-normal/arm64/URLQueryItemCoder.SwiftFileList --source-file-list /Users/admin/builder/spi-builder-workspace/.derivedData/Build/Intermediates.noindex/URLQueryItemCoder.build/Debug-watchos/URLQueryItemCoder-t.build/Objects-normal/arm64_32/URLQueryItemCoder.SwiftFileList --metadata-file-list /Users/admin/builder/spi-builder-workspace/.derivedData/Build/Intermediates.noindex/URLQueryItemCoder.build/Debug-watchos/URLQueryItemCoder-t.build/URLQueryItemCoder.DependencyMetadataFileList --static-metadata-file-list /Users/admin/builder/spi-builder-workspace/.derivedData/Build/Intermediates.noindex/URLQueryItemCoder.build/Debug-watchos/URLQueryItemCoder-t.build/URLQueryItemCoder.DependencyStaticMetadataFileList --swift-const-vals-list /Users/admin/builder/spi-builder-workspace/.derivedData/Build/Intermediates.noindex/URLQueryItemCoder.build/Debug-watchos/URLQueryItemCoder-t.build/Objects-normal/arm64/URLQueryItemCoder.SwiftConstValuesFileList --swift-const-vals-list /Users/admin/builder/spi-builder-workspace/.derivedData/Build/Intermediates.noindex/URLQueryItemCoder.build/Debug-watchos/URLQueryItemCoder-t.build/Objects-normal/arm64_32/URLQueryItemCoder.SwiftConstValuesFileList --force --compile-time-extraction --deployment-aware-processing --no-app-shortcuts-localization
2026-09-20 14:21:56.700 appintentsmetadataprocessor[782:4733] Starting appintentsmetadataprocessor export
2026-09-20 14:21:56.817 appintentsmetadataprocessor[782:4733] Extracted no relevant App Intents symbols, skipping writing output
SwiftExplicitDependencyGeneratePcm arm64_32 /Users/admin/builder/spi-builder-workspace/.derivedData/SDKExplicitPrecompiledModules/_Builtin_stdatomic-1TY035TURL76BF2U98PZPPZRX.pcm
SwiftExplicitDependencyGeneratePcm arm64_32 /Users/admin/builder/spi-builder-workspace/.derivedData/SDKExplicitPrecompiledModules/_Builtin_intrinsics-196IIAKDQVU42DLOZP9OQCV76.pcm
SwiftExplicitDependencyGeneratePcm arm64_32 /Users/admin/builder/spi-builder-workspace/.derivedData/SDKExplicitPrecompiledModules/UIUtilities-9YFVNIMRC5HRVOIARNWHP1E3H.pcm
SwiftExplicitDependencyGeneratePcm arm64_32 /Users/admin/builder/spi-builder-workspace/.derivedData/SDKExplicitPrecompiledModules/CoreTransferable-5D4IR6X37682FPHJ5CBPTKQV6.pcm
SwiftExplicitDependencyGeneratePcm arm64_32 /Users/admin/builder/spi-builder-workspace/.derivedData/SDKExplicitPrecompiledModules/UserNotifications-6TBN8TEAKO014N1T2QD926XED.pcm
SwiftExplicitDependencyGeneratePcm arm64_32 /Users/admin/builder/spi-builder-workspace/.derivedData/SDKExplicitPrecompiledModules/DataDetection-U9BF7WHFVA6BZGFXXXP272PS.pcm
SwiftExplicitDependencyGeneratePcm arm64_32 /Users/admin/builder/spi-builder-workspace/.derivedData/SDKExplicitPrecompiledModules/DeveloperToolsSupport-DZU5G1OCMNWU0AQRULIFHUJ1Z.pcm
SwiftExplicitDependencyGeneratePcm arm64_32 /Users/admin/builder/spi-builder-workspace/.derivedData/SDKExplicitPrecompiledModules/UniformTypeIdentifiers-CJZ3NTHPSBH4XWX5EVOG56UZS.pcm
SwiftExplicitDependencyGeneratePcm arm64_32 /Users/admin/builder/spi-builder-workspace/.derivedData/SDKExplicitPrecompiledModules/_LocationEssentials-AQ1OL9QKC3LQLY5CNSRM1HB53.pcm
SwiftExplicitDependencyGeneratePcm arm64_32 /Users/admin/builder/spi-builder-workspace/.derivedData/SDKExplicitPrecompiledModules/_Builtin_tgmath-23PGCKURCQILXMK0MYZRYDCOU.pcm
SwiftExplicitDependencyGeneratePcm arm64 /Users/admin/builder/spi-builder-workspace/.derivedData/SDKExplicitPrecompiledModules/MachO-2U90NNSAQILBNBPS1SA4F8TYP.pcm
SwiftExplicitDependencyGeneratePcm arm64 /Users/admin/builder/spi-builder-workspace/.derivedData/SDKExplicitPrecompiledModules/CoreTransferable-9PPG3SLJ55T4LITIFYX2M0NOZ.pcm
SwiftExplicitDependencyGeneratePcm arm64 /Users/admin/builder/spi-builder-workspace/.derivedData/SDKExplicitPrecompiledModules/DeveloperToolsSupport-E7CNISCB36UE8XQ9IOHK9XDX1.pcm
SwiftExplicitDependencyGeneratePcm arm64 /Users/admin/builder/spi-builder-workspace/.derivedData/SDKExplicitPrecompiledModules/_Builtin_stdatomic-7JEFA3KBJJJN6TKJWY3OG1VG5.pcm
SwiftExplicitDependencyGeneratePcm arm64 /Users/admin/builder/spi-builder-workspace/.derivedData/SDKExplicitPrecompiledModules/UserNotifications-ARAH8MEQ0C2L0FBO39HITJMAO.pcm
SwiftExplicitDependencyGeneratePcm arm64 /Users/admin/builder/spi-builder-workspace/.derivedData/SDKExplicitPrecompiledModules/_LocationEssentials-5ZZDGDXB6HLQUC72SJW7YJ7MK.pcm
SwiftExplicitDependencyGeneratePcm arm64 /Users/admin/builder/spi-builder-workspace/.derivedData/SDKExplicitPrecompiledModules/UIUtilities-IR7RNW23VAUKYI9MLCS9NL9A.pcm
SwiftExplicitDependencyGeneratePcm arm64 /Users/admin/builder/spi-builder-workspace/.derivedData/SDKExplicitPrecompiledModules/CoreGraphics-DWNZ73GEH98SBJXZ7DEXB420K.pcm
SwiftExplicitDependencyGeneratePcm arm64 /Users/admin/builder/spi-builder-workspace/.derivedData/SDKExplicitPrecompiledModules/DataDetection-7BNVI1SZW5ISQL5SX4WL2X7I5.pcm
SwiftExplicitDependencyGeneratePcm arm64 /Users/admin/builder/spi-builder-workspace/.derivedData/SDKExplicitPrecompiledModules/_Builtin_intrinsics-75960HIPCIYA06IUW8FIIPQT.pcm
SwiftExplicitDependencyGeneratePcm arm64 /Users/admin/builder/spi-builder-workspace/.derivedData/SDKExplicitPrecompiledModules/_Builtin_tgmath-8NQ96OZ0YHXEC24JI95P01UF8.pcm
SwiftExplicitDependencyGeneratePcm arm64_32 /Users/admin/builder/spi-builder-workspace/.derivedData/SDKExplicitPrecompiledModules/CoreGraphics-9FDXYX6BKBUT6TJ2VF819E7T5.pcm
SwiftExplicitDependencyGeneratePcm arm64_32 /Users/admin/builder/spi-builder-workspace/.derivedData/SDKExplicitPrecompiledModules/Symbols-1H97WMG76HU94F5VGJR19PXFY.pcm
SwiftExplicitDependencyGeneratePcm arm64 /Users/admin/builder/spi-builder-workspace/.derivedData/SDKExplicitPrecompiledModules/Symbols-3EFABTJ9L5PQDJ7RQCYQWEJMM.pcm
SwiftExplicitDependencyGeneratePcm arm64 /Users/admin/builder/spi-builder-workspace/.derivedData/SDKExplicitPrecompiledModules/os-5DIL6Z9LFIGLMZAHM7X2T5435.pcm
SwiftExplicitDependencyGeneratePcm arm64 /Users/admin/builder/spi-builder-workspace/.derivedData/SDKExplicitPrecompiledModules/CoreLocation-ACKJ9K7ABI14F97Y46Y6SRR17.pcm
SwiftExplicitDependencyGeneratePcm arm64 /Users/admin/builder/spi-builder-workspace/.derivedData/SDKExplicitPrecompiledModules/UniformTypeIdentifiers-8L08Q8DQJV8C4AW84YVGFGTRN.pcm
SwiftExplicitDependencyGeneratePcm arm64_32 /Users/admin/builder/spi-builder-workspace/.derivedData/SDKExplicitPrecompiledModules/CoreLocation-8XU5YMYM4P11RQMYCQAG65ITK.pcm
SwiftExplicitDependencyGeneratePcm arm64_32 /Users/admin/builder/spi-builder-workspace/.derivedData/SDKExplicitPrecompiledModules/MachO-56838ZJ0NC1EBAJ0O6O8QMPDX.pcm
SwiftExplicitDependencyGeneratePcm arm64 /Users/admin/builder/spi-builder-workspace/.derivedData/SDKExplicitPrecompiledModules/Accessibility-27QMG6ZQ1NKYTNBYFPM1XKNFC.pcm
SwiftExplicitDependencyGeneratePcm arm64 /Users/admin/builder/spi-builder-workspace/.derivedData/SDKExplicitPrecompiledModules/CoreText-970YJN6NIYGK1316L35Z0O8QT.pcm
SwiftExplicitDependencyGeneratePcm arm64 /Users/admin/builder/spi-builder-workspace/.derivedData/SDKExplicitPrecompiledModules/CoreVideo-8MRR5MNWUOAW2DBPGUQ8FKK4.pcm
SwiftExplicitDependencyGeneratePcm arm64 /Users/admin/builder/spi-builder-workspace/.derivedData/SDKExplicitPrecompiledModules/OSLog-B7VGO357Y3GJG35TST7DKDSI3.pcm
SwiftExplicitDependencyGeneratePcm arm64_32 /Users/admin/builder/spi-builder-workspace/.derivedData/SDKExplicitPrecompiledModules/simd-21UNWYOBUZI1LVSQ99S1XBLMO.pcm
SwiftExplicitDependencyGeneratePcm arm64 /Users/admin/builder/spi-builder-workspace/.derivedData/SDKExplicitPrecompiledModules/CoreMotion-6RD5K48QT1F4L9CATNFD2O7YB.pcm
SwiftExplicitDependencyGeneratePcm arm64_32 /Users/admin/builder/spi-builder-workspace/.derivedData/SDKExplicitPrecompiledModules/CoreText-C9X2REPZN2V5BSU4G80FCETDR.pcm
SwiftExplicitDependencyGeneratePcm arm64_32 /Users/admin/builder/spi-builder-workspace/.derivedData/SDKExplicitPrecompiledModules/Accessibility-F385OMZ5GYBUY5O4QAJB4NRII.pcm
SwiftExplicitDependencyGeneratePcm arm64_32 /Users/admin/builder/spi-builder-workspace/.derivedData/SDKExplicitPrecompiledModules/CoreMotion-1XGTVTE5PP32UHME8AC63TL6.pcm
SwiftExplicitDependencyGeneratePcm arm64_32 /Users/admin/builder/spi-builder-workspace/.derivedData/SDKExplicitPrecompiledModules/os-E5IGB442IA6SBB25TTCOLK2OC.pcm
SwiftExplicitDependencyGeneratePcm arm64_32 /Users/admin/builder/spi-builder-workspace/.derivedData/SDKExplicitPrecompiledModules/CoreVideo-2P8HI0403J99LBDPKNFJ5D4DL.pcm
SwiftExplicitDependencyGeneratePcm arm64 /Users/admin/builder/spi-builder-workspace/.derivedData/SDKExplicitPrecompiledModules/QuartzCore-94KFMWNOU7ZLUZNB4T5DLZC9D.pcm
SwiftExplicitDependencyGeneratePcm arm64 /Users/admin/builder/spi-builder-workspace/.derivedData/SDKExplicitPrecompiledModules/simd-EH08NODU6574T74ZKU61VP9BW.pcm
SwiftExplicitDependencyGeneratePcm arm64_32 /Users/admin/builder/spi-builder-workspace/.derivedData/SDKExplicitPrecompiledModules/OSLog-D9AVFY0KWO7RVBIQ73CBIJVCN.pcm
SwiftExplicitDependencyGeneratePcm arm64_32 /Users/admin/builder/spi-builder-workspace/.derivedData/SDKExplicitPrecompiledModules/QuartzCore-6375NPYACK5NYVHPMC1QQ8MC2.pcm
SwiftExplicitDependencyGeneratePcm arm64 /Users/admin/builder/spi-builder-workspace/.derivedData/SDKExplicitPrecompiledModules/SwiftUICore-C1DST1IX2Z0PTH5SJJZ1IULRB.pcm
SwiftExplicitDependencyGeneratePcm arm64 /Users/admin/builder/spi-builder-workspace/.derivedData/SDKExplicitPrecompiledModules/UIKit-27R3P1YMV4C6JLDT661G3MRIA.pcm
SwiftExplicitDependencyGeneratePcm arm64_32 /Users/admin/builder/spi-builder-workspace/.derivedData/SDKExplicitPrecompiledModules/SwiftUICore-3Q7WLRD8MR9R3NGIPUBQCP6F6.pcm
SwiftExplicitDependencyGeneratePcm arm64_32 /Users/admin/builder/spi-builder-workspace/.derivedData/SDKExplicitPrecompiledModules/UIKit-6PPV7YPZ89CZPHYAP072QH8B6.pcm
SwiftExplicitDependencyGeneratePcm arm64_32 /Users/admin/builder/spi-builder-workspace/.derivedData/SDKExplicitPrecompiledModules/Spatial-CWVWNML3T0NXVHZDKVLD3X1YZ.pcm
SwiftExplicitDependencyGeneratePcm arm64 /Users/admin/builder/spi-builder-workspace/.derivedData/SDKExplicitPrecompiledModules/Spatial-44FJGYXFAT2AQAW9Z6T7YS02U.pcm
SwiftEmitModule normal arm64 Emitting\ module\ for\ URLSchemeRouter (in target 'URLSchemeRouter' from project 'URLSchemeRouter')
SwiftCompile normal arm64 (in target 'URLSchemeRouter' from project 'URLSchemeRouter')
cd /Users/admin/builder/spi-builder-workspace/.swiftpm/xcode
SwiftCompile normal arm64 Compiling\ URLSchemeRouter.swift /Users/admin/builder/spi-builder-workspace/Sources/URLSchemeRouter/URLSchemeRouter.swift (in target 'URLSchemeRouter' from project 'URLSchemeRouter')
SwiftCompile normal arm64 /Users/admin/builder/spi-builder-workspace/Sources/URLSchemeRouter/URLSchemeRouter.swift (in target 'URLSchemeRouter' from project 'URLSchemeRouter')
cd /Users/admin/builder/spi-builder-workspace/.swiftpm/xcode
builtin-SwiftPerFileCompile URLSchemeRouter.swift
/Users/admin/builder/spi-builder-workspace/Sources/URLSchemeRouter/URLSchemeRouter.swift:28:21: error: 'UIApplication' is unavailable in watchOS
26 | decoder = URLQueryItemDecoder(strategies: queryItemDecodingStrategies)
27 | #if canImport(UIKit)
28 | openURL = { UIApplication.shared.open($0) }
| `- error: 'UIApplication' is unavailable in watchOS
29 | #elseif canImport(Cocoa)
30 | openURL = { NSWorkspace.shared.open($0) }
/Applications/Xcode-27.0.0-Release.Candidate.app/Contents/Developer/Platforms/WatchOS.platform/Developer/SDKs/WatchOS27.0.sdk/System/Library/Frameworks/UIKit.framework/Headers/UIApplication.h:85:12: note: 'UIApplication' has been explicitly marked unavailable here
83 |
84 | UIKIT_EXTERN API_AVAILABLE(ios(2.0)) API_UNAVAILABLE(watchos) NS_SWIFT_UI_ACTOR
85 | @interface UIApplication : UIResponder
| `- note: 'UIApplication' has been explicitly marked unavailable here
86 |
87 | @property(class, nonatomic, readonly) UIApplication *sharedApplication NS_EXTENSION_UNAVAILABLE_IOS("Use view controller based solutions where appropriate instead.");
/Users/admin/builder/spi-builder-workspace/Sources/URLSchemeRouter/URLSchemeRouter.swift:28:42: error: 'open(_:options:completionHandler:)' is unavailable in watchOS
26 | decoder = URLQueryItemDecoder(strategies: queryItemDecodingStrategies)
27 | #if canImport(UIKit)
28 | openURL = { UIApplication.shared.open($0) }
| `- error: 'open(_:options:completionHandler:)' is unavailable in watchOS
29 | #elseif canImport(Cocoa)
30 | openURL = { NSWorkspace.shared.open($0) }
/Applications/Xcode-27.0.0-Release.Candidate.app/Contents/Developer/Platforms/WatchOS.platform/Developer/SDKs/WatchOS27.0.sdk/System/Library/Frameworks/UIKit.framework/Headers/UIApplication.h:104:1: note: 'open(_:options:completionHandler:)' has been explicitly marked unavailable here
102 | // than returning a result.
103 | // The completion handler is called on the main queue.
104 | - (void)openURL:(NSURL*)url options:(NSDictionary<UIApplicationOpenExternalURLOptionsKey, id> *)options completionHandler:(void (^ __nullable NS_SWIFT_UI_ACTOR)(BOOL success))completion API_AVAILABLE(ios(10.0)) API_UNAVAILABLE(watchos);
| `- note: 'open(_:options:completionHandler:)' has been explicitly marked unavailable here
105 |
106 | - (void)sendEvent:(UIEvent *)event;
Failed frontend command:
/Applications/Xcode-27.0.0-Release.Candidate.app/Contents/Developer/Toolchains/XcodeDefault.xctoolchain/usr/bin/swift-frontend -frontend -c -primary-file /Users/admin/builder/spi-builder-workspace/Sources/URLSchemeRouter/URLSchemeRouter.swift -emit-dependencies-path /Users/admin/builder/spi-builder-workspace/.derivedData/Build/Intermediates.noindex/URLSchemeRouter.build/Debug-watchos/URLSchemeRouter-t.build/Objects-normal/arm64/URLSchemeRouter.d -emit-const-values-path /Users/admin/builder/spi-builder-workspace/.derivedData/Build/Intermediates.noindex/URLSchemeRouter.build/Debug-watchos/URLSchemeRouter-t.build/Objects-normal/arm64/URLSchemeRouter.swiftconstvalues -emit-reference-dependencies-path /Users/admin/builder/spi-builder-workspace/.derivedData/Build/Intermediates.noindex/URLSchemeRouter.build/Debug-watchos/URLSchemeRouter-t.build/Objects-normal/arm64/URLSchemeRouter.swiftdeps -serialize-diagnostics-path /Users/admin/builder/spi-builder-workspace/.derivedData/Build/Intermediates.noindex/URLSchemeRouter.build/Debug-watchos/URLSchemeRouter-t.build/Objects-normal/arm64/URLSchemeRouter.dia -target arm64-apple-watchos9.0 -module-can-import-version UIKit 9127.0.84.1 9127.0.84 -disable-cross-import-overlay-search -load-resolved-plugin /Applications/Xcode-27.0.0-Release.Candidate.app/Contents/Developer/Platforms/WatchOS.platform/Developer/usr/lib/swift/host/plugins/libFoundationMacros.dylib\#/Applications/Xcode-27.0.0-Release.Candidate.app/Contents/Developer/Platforms/WatchOS.platform/Developer/usr/bin/swift-plugin-server\#FoundationMacros -load-resolved-plugin /Applications/Xcode-27.0.0-Release.Candidate.app/Contents/Developer/Platforms/WatchOS.platform/Developer/usr/lib/swift/host/plugins/libObservationMacros.dylib\#/Applications/Xcode-27.0.0-Release.Candidate.app/Contents/Developer/Platforms/WatchOS.platform/Developer/usr/bin/swift-plugin-server\#ObservationMacros -load-resolved-plugin /Applications/Xcode-27.0.0-Release.Candidate.app/Contents/Developer/Platforms/WatchOS.platform/Developer/usr/lib/swift/host/plugins/libSwiftMacros.dylib\#/Applications/Xcode-27.0.0-Release.Candidate.app/Contents/Developer/Platforms/WatchOS.platform/Developer/usr/bin/swift-plugin-server\#SwiftMacros -load-resolved-plugin /Applications/Xcode-27.0.0-Release.Candidate.app/Contents/Developer/Platforms/WatchOS.platform/Developer/usr/lib/swift/host/plugins/libSwiftUIMacros.dylib\#/Applications/Xcode-27.0.0-Release.Candidate.app/Contents/Developer/Platforms/WatchOS.platform/Developer/usr/bin/swift-plugin-server\#SwiftUIMacros -disable-implicit-swift-modules -Xcc -fno-implicit-modules -Xcc -fno-implicit-module-maps -explicit-swift-module-map-file /Users/admin/builder/spi-builder-workspace/.derivedData/Build/Intermediates.noindex/URLSchemeRouter.build/Debug-watchos/URLSchemeRouter-t.build/Objects-normal/arm64/URLSchemeRouter-dependencies-2.json -Xllvm -aarch64-use-tbi -enable-objc-interop -stack-check -sdk /Applications/Xcode-27.0.0-Release.Candidate.app/Contents/Developer/Platforms/WatchOS.platform/Developer/SDKs/WatchOS27.0.sdk -I /Users/admin/builder/spi-builder-workspace/.derivedData/Build/Products/Debug-watchos -Isystem /Applications/Xcode-27.0.0-Release.Candidate.app/Contents/Developer/Platforms/WatchOS.platform/Developer/usr/lib -F /Users/admin/builder/spi-builder-workspace/.derivedData/Build/Products/Debug-watchos/PackageFrameworks -F /Users/admin/builder/spi-builder-workspace/.derivedData/Build/Products/Debug-watchos -F /Applications/Xcode-27.0.0-Release.Candidate.app/Contents/Developer/Platforms/WatchOS.platform/Developer/Library/Frameworks -F /Applications/Xcode-27.0.0-Release.Candidate.app/Contents/Developer/Platforms/WatchOS.platform/Developer/SDKs/WatchOS27.0.sdk/Developer/Library/Frameworks -module-cache-path /Users/admin/builder/spi-builder-workspace/.derivedData/Build/Intermediates.noindex/SwiftExplicitPrecompiledModules -no-color-diagnostics -Xcc -fno-color-diagnostics -enable-testing -g -debug-info-format\=dwarf -dwarf-version\=4 -profile-generate -profile-coverage-mapping -swift-version 5 -Onone -D SWIFT_PACKAGE -D DEBUG -D SWIFT_MODULE_RESOURCE_BUNDLE_UNAVAILABLE -D Xcode -serialize-debugging-options -enable-experimental-feature DebugDescriptionMacro -empty-abi-descriptor -validate-clang-modules-once -clang-build-session-file /Users/admin/builder/spi-builder-workspace/.derivedData/ModuleCache.noindex/Session.modulevalidation -Xcc -working-directory -Xcc /Users/admin/builder/spi-builder-workspace/.swiftpm/xcode -enable-anonymous-context-mangled-names -file-compilation-dir /Users/admin/builder/spi-builder-workspace/.swiftpm/xcode -Xcc -D_LIBCPP_HARDENING_MODE\=_LIBCPP_HARDENING_MODE_DEBUG -Xcc -ivfsstatcache -Xcc /Users/admin/builder/spi-builder-workspace/.derivedData/SDKStatCaches.noindex/watchos27.0-24R360-e829b21a6f8c9b70876ba0858053c04477534ef55a1706bf4c1112bbb242f0a2.sdkstatcache -Xcc -fmodules-prune-interval\=86400 -Xcc -fmodules-prune-after\=345600 -Xcc -I/Users/admin/builder/spi-builder-workspace/.derivedData/Build/Products/Debug-watchos/include -Xcc -I/Users/admin/builder/spi-builder-workspace/.derivedData/Build/Intermediates.noindex/URLSchemeRouter.build/Debug-watchos/URLSchemeRouter-t.build/DerivedSources-normal/arm64 -Xcc -I/Users/admin/builder/spi-builder-workspace/.derivedData/Build/Intermediates.noindex/URLSchemeRouter.build/Debug-watchos/URLSchemeRouter-t.build/DerivedSources/arm64 -Xcc -I/Users/admin/builder/spi-builder-workspace/.derivedData/Build/Intermediates.noindex/URLSchemeRouter.build/Debug-watchos/URLSchemeRouter-t.build/DerivedSources -Xcc -DSWIFT_PACKAGE -Xcc -DDEBUG\=1 -no-auto-bridging-header-chaining -module-name URLSchemeRouter -package-name spi_builder_workspace -const-gather-protocols-file /Users/admin/builder/spi-builder-workspace/.derivedData/Build/Intermediates.noindex/URLSchemeRouter.build/Debug-watchos/URLSchemeRouter-t.build/Objects-normal/arm64/URLSchemeRouter_const_extract_protocols.json -disable-clang-spi -clang-target arm64-apple-watchos27.0 -target-sdk-version 27.0 -target-sdk-name watchos27.0 -in-process-plugin-server-path /Applications/Xcode-27.0.0-Release.Candidate.app/Contents/Developer/Toolchains/XcodeDefault.xctoolchain/usr/lib/swift/host/libSwiftInProcPluginServer.dylib -parse-as-library -o /Users/admin/builder/spi-builder-workspace/.derivedData/Build/Intermediates.noindex/URLSchemeRouter.build/Debug-watchos/URLSchemeRouter-t.build/Objects-normal/arm64/URLSchemeRouter.o -debug-module-path /Users/admin/builder/spi-builder-workspace/.derivedData/Build/Intermediates.noindex/URLSchemeRouter.build/Debug-watchos/URLSchemeRouter-t.build/Objects-normal/arm64/URLSchemeRouter.swiftmodule -index-unit-output-path /URLSchemeRouter.build/Debug-watchos/URLSchemeRouter-t.build/Objects-normal/arm64/URLSchemeRouter.o -index-store-path /Users/admin/builder/spi-builder-workspace/.derivedData/Index.noindex/DataStore -index-system-modules
SwiftCompile normal arm64_32 Compiling\ URLSchemeRouter.swift /Users/admin/builder/spi-builder-workspace/Sources/URLSchemeRouter/URLSchemeRouter.swift (in target 'URLSchemeRouter' from project 'URLSchemeRouter')
/Users/admin/builder/spi-builder-workspace/Sources/URLSchemeRouter/URLSchemeRouter.swift:28:21: error: 'UIApplication' is unavailable in watchOS
26 | decoder = URLQueryItemDecoder(strategies: queryItemDecodingStrategies)
27 | #if canImport(UIKit)
28 | openURL = { UIApplication.shared.open($0) }
| `- error: 'UIApplication' is unavailable in watchOS
29 | #elseif canImport(Cocoa)
30 | openURL = { NSWorkspace.shared.open($0) }
/Applications/Xcode-27.0.0-Release.Candidate.app/Contents/Developer/Platforms/WatchOS.platform/Developer/SDKs/WatchOS27.0.sdk/System/Library/Frameworks/UIKit.framework/Headers/UIApplication.h:85:12: note: 'UIApplication' has been explicitly marked unavailable here
83 |
84 | UIKIT_EXTERN API_AVAILABLE(ios(2.0)) API_UNAVAILABLE(watchos) NS_SWIFT_UI_ACTOR
85 | @interface UIApplication : UIResponder
| `- note: 'UIApplication' has been explicitly marked unavailable here
86 |
87 | @property(class, nonatomic, readonly) UIApplication *sharedApplication NS_EXTENSION_UNAVAILABLE_IOS("Use view controller based solutions where appropriate instead.");
/Users/admin/builder/spi-builder-workspace/Sources/URLSchemeRouter/URLSchemeRouter.swift:28:42: error: 'open(_:options:completionHandler:)' is unavailable in watchOS
26 | decoder = URLQueryItemDecoder(strategies: queryItemDecodingStrategies)
27 | #if canImport(UIKit)
28 | openURL = { UIApplication.shared.open($0) }
| `- error: 'open(_:options:completionHandler:)' is unavailable in watchOS
29 | #elseif canImport(Cocoa)
30 | openURL = { NSWorkspace.shared.open($0) }
/Applications/Xcode-27.0.0-Release.Candidate.app/Contents/Developer/Platforms/WatchOS.platform/Developer/SDKs/WatchOS27.0.sdk/System/Library/Frameworks/UIKit.framework/Headers/UIApplication.h:104:1: note: 'open(_:options:completionHandler:)' has been explicitly marked unavailable here
102 | // than returning a result.
103 | // The completion handler is called on the main queue.
104 | - (void)openURL:(NSURL*)url options:(NSDictionary<UIApplicationOpenExternalURLOptionsKey, id> *)options completionHandler:(void (^ __nullable NS_SWIFT_UI_ACTOR)(BOOL success))completion API_AVAILABLE(ios(10.0)) API_UNAVAILABLE(watchos);
| `- note: 'open(_:options:completionHandler:)' has been explicitly marked unavailable here
105 |
106 | - (void)sendEvent:(UIEvent *)event;
Failed frontend command:
/Applications/Xcode-27.0.0-Release.Candidate.app/Contents/Developer/Toolchains/XcodeDefault.xctoolchain/usr/bin/swift-frontend -frontend -c -primary-file /Users/admin/builder/spi-builder-workspace/Sources/URLSchemeRouter/URLSchemeRouter.swift -emit-dependencies-path /Users/admin/builder/spi-builder-workspace/.derivedData/Build/Intermediates.noindex/URLSchemeRouter.build/Debug-watchos/URLSchemeRouter-t.build/Objects-normal/arm64_32/URLSchemeRouter.d -emit-const-values-path /Users/admin/builder/spi-builder-workspace/.derivedData/Build/Intermediates.noindex/URLSchemeRouter.build/Debug-watchos/URLSchemeRouter-t.build/Objects-normal/arm64_32/URLSchemeRouter.swiftconstvalues -emit-reference-dependencies-path /Users/admin/builder/spi-builder-workspace/.derivedData/Build/Intermediates.noindex/URLSchemeRouter.build/Debug-watchos/URLSchemeRouter-t.build/Objects-normal/arm64_32/URLSchemeRouter.swiftdeps -serialize-diagnostics-path /Users/admin/builder/spi-builder-workspace/.derivedData/Build/Intermediates.noindex/URLSchemeRouter.build/Debug-watchos/URLSchemeRouter-t.build/Objects-normal/arm64_32/URLSchemeRouter.dia -target arm64_32-apple-watchos9.0 -module-can-import-version UIKit 9127.0.84.1 9127.0.84 -disable-cross-import-overlay-search -load-resolved-plugin /Applications/Xcode-27.0.0-Release.Candidate.app/Contents/Developer/Platforms/WatchOS.platform/Developer/usr/lib/swift/host/plugins/libFoundationMacros.dylib\#/Applications/Xcode-27.0.0-Release.Candidate.app/Contents/Developer/Platforms/WatchOS.platform/Developer/usr/bin/swift-plugin-server\#FoundationMacros -load-resolved-plugin /Applications/Xcode-27.0.0-Release.Candidate.app/Contents/Developer/Platforms/WatchOS.platform/Developer/usr/lib/swift/host/plugins/libObservationMacros.dylib\#/Applications/Xcode-27.0.0-Release.Candidate.app/Contents/Developer/Platforms/WatchOS.platform/Developer/usr/bin/swift-plugin-server\#ObservationMacros -load-resolved-plugin /Applications/Xcode-27.0.0-Release.Candidate.app/Contents/Developer/Platforms/WatchOS.platform/Developer/usr/lib/swift/host/plugins/libSwiftMacros.dylib\#/Applications/Xcode-27.0.0-Release.Candidate.app/Contents/Developer/Platforms/WatchOS.platform/Developer/usr/bin/swift-plugin-server\#SwiftMacros -load-resolved-plugin /Applications/Xcode-27.0.0-Release.Candidate.app/Contents/Developer/Platforms/WatchOS.platform/Developer/usr/lib/swift/host/plugins/libSwiftUIMacros.dylib\#/Applications/Xcode-27.0.0-Release.Candidate.app/Contents/Developer/Platforms/WatchOS.platform/Developer/usr/bin/swift-plugin-server\#SwiftUIMacros -disable-implicit-swift-modules -Xcc -fno-implicit-modules -Xcc -fno-implicit-module-maps -explicit-swift-module-map-file /Users/admin/builder/spi-builder-workspace/.derivedData/Build/Intermediates.noindex/URLSchemeRouter.build/Debug-watchos/URLSchemeRouter-t.build/Objects-normal/arm64_32/URLSchemeRouter-dependencies-1.json -enable-objc-interop -sdk /Applications/Xcode-27.0.0-Release.Candidate.app/Contents/Developer/Platforms/WatchOS.platform/Developer/SDKs/WatchOS27.0.sdk -I /Users/admin/builder/spi-builder-workspace/.derivedData/Build/Products/Debug-watchos -Isystem /Applications/Xcode-27.0.0-Release.Candidate.app/Contents/Developer/Platforms/WatchOS.platform/Developer/usr/lib -F /Users/admin/builder/spi-builder-workspace/.derivedData/Build/Products/Debug-watchos/PackageFrameworks -F /Users/admin/builder/spi-builder-workspace/.derivedData/Build/Products/Debug-watchos -F /Applications/Xcode-27.0.0-Release.Candidate.app/Contents/Developer/Platforms/WatchOS.platform/Developer/Library/Frameworks -F /Applications/Xcode-27.0.0-Release.Candidate.app/Contents/Developer/Platforms/WatchOS.platform/Developer/SDKs/WatchOS27.0.sdk/Developer/Library/Frameworks -module-cache-path /Users/admin/builder/spi-builder-workspace/.derivedData/Build/Intermediates.noindex/SwiftExplicitPrecompiledModules -no-color-diagnostics -Xcc -fno-color-diagnostics -enable-testing -g -debug-info-format\=dwarf -dwarf-version\=4 -profile-generate -profile-coverage-mapping -swift-version 5 -Onone -D SWIFT_PACKAGE -D DEBUG -D SWIFT_MODULE_RESOURCE_BUNDLE_UNAVAILABLE -D Xcode -serialize-debugging-options -enable-experimental-feature DebugDescriptionMacro -empty-abi-descriptor -validate-clang-modules-once -clang-build-session-file /Users/admin/builder/spi-builder-workspace/.derivedData/ModuleCache.noindex/Session.modulevalidation -Xcc -working-directory -Xcc /Users/admin/builder/spi-builder-workspace/.swiftpm/xcode -enable-anonymous-context-mangled-names -file-compilation-dir /Users/admin/builder/spi-builder-workspace/.swiftpm/xcode -Xcc -D_LIBCPP_HARDENING_MODE\=_LIBCPP_HARDENING_MODE_DEBUG -Xcc -ivfsstatcache -Xcc /Users/admin/builder/spi-builder-workspace/.derivedData/SDKStatCaches.noindex/watchos27.0-24R360-e829b21a6f8c9b70876ba0858053c04477534ef55a1706bf4c1112bbb242f0a2.sdkstatcache -Xcc -fmodules-prune-interval\=86400 -Xcc -fmodules-prune-after\=345600 -Xcc -I/Users/admin/builder/spi-builder-workspace/.derivedData/Build/Products/Debug-watchos/include -Xcc -I/Users/admin/builder/spi-builder-workspace/.derivedData/Build/Intermediates.noindex/URLSchemeRouter.build/Debug-watchos/URLSchemeRouter-t.build/DerivedSources-normal/arm64_32 -Xcc -I/Users/admin/builder/spi-builder-workspace/.derivedData/Build/Intermediates.noindex/URLSchemeRouter.build/Debug-watchos/URLSchemeRouter-t.build/DerivedSources/arm64_32 -Xcc -I/Users/admin/builder/spi-builder-workspace/.derivedData/Build/Intermediates.noindex/URLSchemeRouter.build/Debug-watchos/URLSchemeRouter-t.build/DerivedSources -Xcc -DSWIFT_PACKAGE -Xcc -DDEBUG\=1 -no-auto-bridging-header-chaining -module-name URLSchemeRouter -package-name spi_builder_workspace -const-gather-protocols-file /Users/admin/builder/spi-builder-workspace/.derivedData/Build/Intermediates.noindex/URLSchemeRouter.build/Debug-watchos/URLSchemeRouter-t.build/Objects-normal/arm64_32/URLSchemeRouter_const_extract_protocols.json -disable-clang-spi -clang-target arm64_32-apple-watchos27.0 -target-sdk-version 27.0 -target-sdk-name watchos27.0 -in-process-plugin-server-path /Applications/Xcode-27.0.0-Release.Candidate.app/Contents/Developer/Toolchains/XcodeDefault.xctoolchain/usr/lib/swift/host/libSwiftInProcPluginServer.dylib -parse-as-library -o /Users/admin/builder/spi-builder-workspace/.derivedData/Build/Intermediates.noindex/URLSchemeRouter.build/Debug-watchos/URLSchemeRouter-t.build/Objects-normal/arm64_32/URLSchemeRouter.o -debug-module-path /Users/admin/builder/spi-builder-workspace/.derivedData/Build/Intermediates.noindex/URLSchemeRouter.build/Debug-watchos/URLSchemeRouter-t.build/Objects-normal/arm64_32/URLSchemeRouter.swiftmodule -index-unit-output-path /URLSchemeRouter.build/Debug-watchos/URLSchemeRouter-t.build/Objects-normal/arm64_32/URLSchemeRouter.o -index-store-path /Users/admin/builder/spi-builder-workspace/.derivedData/Index.noindex/DataStore -index-system-modules
SwiftCompile normal arm64_32 /Users/admin/builder/spi-builder-workspace/Sources/URLSchemeRouter/URLSchemeRouter.swift (in target 'URLSchemeRouter' from project 'URLSchemeRouter')
cd /Users/admin/builder/spi-builder-workspace/.swiftpm/xcode
builtin-SwiftPerFileCompile URLSchemeRouter.swift
SwiftEmitModule normal arm64_32 Emitting\ module\ for\ URLSchemeRouter (in target 'URLSchemeRouter' from project 'URLSchemeRouter')
SwiftCompile normal arm64_32 (in target 'URLSchemeRouter' from project 'URLSchemeRouter')
cd /Users/admin/builder/spi-builder-workspace/.swiftpm/xcode
SwiftDriverJobDiscovery normal arm64 Emitting module for URLSchemeRouter (in target 'URLSchemeRouter' from project 'URLSchemeRouter')
SwiftDriver\ Compilation\ Requirements URLSchemeRouter normal arm64 com.apple.xcode.tools.swift.compiler (in target 'URLSchemeRouter' from project 'URLSchemeRouter')
cd /Users/admin/builder/spi-builder-workspace/.swiftpm/xcode
builtin-Swift-Compilation-Requirements -- /Applications/Xcode-27.0.0-Release.Candidate.app/Contents/Developer/Toolchains/XcodeDefault.xctoolchain/usr/bin/swiftc -parse-as-library -module-name URLSchemeRouter -Onone @/Users/admin/builder/spi-builder-workspace/.derivedData/Build/Intermediates.noindex/URLSchemeRouter.build/Debug-watchos/URLSchemeRouter-t.build/Objects-normal/arm64/URLSchemeRouter.SwiftFileList -DSWIFT_PACKAGE -DDEBUG -DSWIFT_MODULE_RESOURCE_BUNDLE_UNAVAILABLE -DXcode -plugin-path /Applications/Xcode-27.0.0-Release.Candidate.app/Contents/Developer/Toolchains/XcodeDefault.xctoolchain/usr/lib/swift/host/plugins/testing -enable-experimental-feature DebugDescriptionMacro -sdk /Applications/Xcode-27.0.0-Release.Candidate.app/Contents/Developer/Platforms/WatchOS.platform/Developer/SDKs/WatchOS27.0.sdk -target arm64-apple-watchos9.0 -g -module-cache-path /Users/admin/builder/spi-builder-workspace/.derivedData/ModuleCache.noindex -Xfrontend -serialize-debugging-options -profile-coverage-mapping -profile-generate -enable-testing -index-store-path /Users/admin/builder/spi-builder-workspace/.derivedData/Index.noindex/DataStore -Xcc -D_LIBCPP_HARDENING_MODE\=_LIBCPP_HARDENING_MODE_DEBUG -swift-version 5 -I /Users/admin/builder/spi-builder-workspace/.derivedData/Build/Products/Debug-watchos -Isystem /Applications/Xcode-27.0.0-Release.Candidate.app/Contents/Developer/Platforms/WatchOS.platform/Developer/usr/lib -F /Users/admin/builder/spi-builder-workspace/.derivedData/Build/Products/Debug-watchos/PackageFrameworks -F /Users/admin/builder/spi-builder-workspace/.derivedData/Build/Products/Debug-watchos -F /Applications/Xcode-27.0.0-Release.Candidate.app/Contents/Developer/Platforms/WatchOS.platform/Developer/Library/Frameworks -F /Applications/Xcode-27.0.0-Release.Candidate.app/Contents/Developer/Platforms/WatchOS.platform/Developer/SDKs/WatchOS27.0.sdk/Developer/Library/Frameworks -c -j10 -enable-batch-mode -incremental -Xcc -ivfsstatcache -Xcc /Users/admin/builder/spi-builder-workspace/.derivedData/SDKStatCaches.noindex/watchos27.0-24R360-e829b21a6f8c9b70876ba0858053c04477534ef55a1706bf4c1112bbb242f0a2.sdkstatcache -output-file-map /Users/admin/builder/spi-builder-workspace/.derivedData/Build/Intermediates.noindex/URLSchemeRouter.build/Debug-watchos/URLSchemeRouter-t.build/Objects-normal/arm64/URLSchemeRouter-OutputFileMap.json -save-temps -no-color-diagnostics -explicit-module-build -module-cache-path /Users/admin/builder/spi-builder-workspace/.derivedData/Build/Intermediates.noindex/SwiftExplicitPrecompiledModules -clang-scanner-module-cache-path /Users/admin/builder/spi-builder-workspace/.derivedData/ModuleCache.noindex -sdk-module-cache-path /Users/admin/builder/spi-builder-workspace/.derivedData/SDKExplicitPrecompiledModules -emit-dependencies -emit-module -emit-module-path /Users/admin/builder/spi-builder-workspace/.derivedData/Build/Intermediates.noindex/URLSchemeRouter.build/Debug-watchos/URLSchemeRouter-t.build/Objects-normal/arm64/URLSchemeRouter.swiftmodule -serialize-diagnostics -dependency-scan-serialize-diagnostics-path /Users/admin/builder/spi-builder-workspace/.derivedData/Build/Intermediates.noindex/URLSchemeRouter.build/Debug-watchos/URLSchemeRouter-t.build/Objects-normal/arm64/URLSchemeRouter-dependency-scan.dia -validate-clang-modules-once -clang-build-session-file /Users/admin/builder/spi-builder-workspace/.derivedData/ModuleCache.noindex/Session.modulevalidation -Xcc -fmodules-prune-interval\=86400 -Xcc -fmodules-prune-after\=345600 -package-name spi_builder_workspace -emit-const-values -const-gather-protocols-list /Users/admin/builder/spi-builder-workspace/.derivedData/Build/Intermediates.noindex/URLSchemeRouter.build/Debug-watchos/URLSchemeRouter-t.build/Objects-normal/arm64/URLSchemeRouter_const_extract_protocols.json -Xcc -I/Users/admin/builder/spi-builder-workspace/.derivedData/Build/Products/Debug-watchos/include -Xcc -I/Users/admin/builder/spi-builder-workspace/.derivedData/Build/Intermediates.noindex/URLSchemeRouter.build/Debug-watchos/URLSchemeRouter-t.build/DerivedSources-normal/arm64 -Xcc -I/Users/admin/builder/spi-builder-workspace/.derivedData/Build/Intermediates.noindex/URLSchemeRouter.build/Debug-watchos/URLSchemeRouter-t.build/DerivedSources/arm64 -Xcc -I/Users/admin/builder/spi-builder-workspace/.derivedData/Build/Intermediates.noindex/URLSchemeRouter.build/Debug-watchos/URLSchemeRouter-t.build/DerivedSources -Xcc -DSWIFT_PACKAGE -Xcc -DDEBUG\=1 -emit-objc-header -emit-objc-header-path /Users/admin/builder/spi-builder-workspace/.derivedData/Build/Intermediates.noindex/URLSchemeRouter.build/Debug-watchos/URLSchemeRouter-t.build/Objects-normal/arm64/URLSchemeRouter-Swift.h -working-directory /Users/admin/builder/spi-builder-workspace/.swiftpm/xcode -experimental-emit-module-separately -disable-cmo
Copy /Users/admin/builder/spi-builder-workspace/.derivedData/Build/Products/Debug-watchos/URLSchemeRouter.swiftmodule/arm64-apple-watchos.abi.json /Users/admin/builder/spi-builder-workspace/.derivedData/Build/Intermediates.noindex/URLSchemeRouter.build/Debug-watchos/URLSchemeRouter-t.build/Objects-normal/arm64/URLSchemeRouter.abi.json (in target 'URLSchemeRouter' from project 'URLSchemeRouter')
cd /Users/admin/builder/spi-builder-workspace
builtin-copy -exclude .DS_Store -exclude CVS -exclude .svn -exclude .git -exclude .hg -resolve-src-symlinks -rename /Users/admin/builder/spi-builder-workspace/.derivedData/Build/Intermediates.noindex/URLSchemeRouter.build/Debug-watchos/URLSchemeRouter-t.build/Objects-normal/arm64/URLSchemeRouter.abi.json /Users/admin/builder/spi-builder-workspace/.derivedData/Build/Products/Debug-watchos/URLSchemeRouter.swiftmodule/arm64-apple-watchos.abi.json
Copy /Users/admin/builder/spi-builder-workspace/.derivedData/Build/Products/Debug-watchos/URLSchemeRouter.swiftmodule/arm64-apple-watchos.swiftmodule /Users/admin/builder/spi-builder-workspace/.derivedData/Build/Intermediates.noindex/URLSchemeRouter.build/Debug-watchos/URLSchemeRouter-t.build/Objects-normal/arm64/URLSchemeRouter.swiftmodule (in target 'URLSchemeRouter' from project 'URLSchemeRouter')
cd /Users/admin/builder/spi-builder-workspace
builtin-copy -exclude .DS_Store -exclude CVS -exclude .svn -exclude .git -exclude .hg -resolve-src-symlinks -rename /Users/admin/builder/spi-builder-workspace/.derivedData/Build/Intermediates.noindex/URLSchemeRouter.build/Debug-watchos/URLSchemeRouter-t.build/Objects-normal/arm64/URLSchemeRouter.swiftmodule /Users/admin/builder/spi-builder-workspace/.derivedData/Build/Products/Debug-watchos/URLSchemeRouter.swiftmodule/arm64-apple-watchos.swiftmodule
Copy /Users/admin/builder/spi-builder-workspace/.derivedData/Build/Products/Debug-watchos/URLSchemeRouter.swiftmodule/arm64-apple-watchos.swiftdoc /Users/admin/builder/spi-builder-workspace/.derivedData/Build/Intermediates.noindex/URLSchemeRouter.build/Debug-watchos/URLSchemeRouter-t.build/Objects-normal/arm64/URLSchemeRouter.swiftdoc (in target 'URLSchemeRouter' from project 'URLSchemeRouter')
cd /Users/admin/builder/spi-builder-workspace
builtin-copy -exclude .DS_Store -exclude CVS -exclude .svn -exclude .git -exclude .hg -resolve-src-symlinks -rename /Users/admin/builder/spi-builder-workspace/.derivedData/Build/Intermediates.noindex/URLSchemeRouter.build/Debug-watchos/URLSchemeRouter-t.build/Objects-normal/arm64/URLSchemeRouter.swiftdoc /Users/admin/builder/spi-builder-workspace/.derivedData/Build/Products/Debug-watchos/URLSchemeRouter.swiftmodule/arm64-apple-watchos.swiftdoc
Copy /Users/admin/builder/spi-builder-workspace/.derivedData/Build/Products/Debug-watchos/URLSchemeRouter.swiftmodule/Project/arm64-apple-watchos.swiftsourceinfo /Users/admin/builder/spi-builder-workspace/.derivedData/Build/Intermediates.noindex/URLSchemeRouter.build/Debug-watchos/URLSchemeRouter-t.build/Objects-normal/arm64/URLSchemeRouter.swiftsourceinfo (in target 'URLSchemeRouter' from project 'URLSchemeRouter')
cd /Users/admin/builder/spi-builder-workspace
builtin-copy -exclude .DS_Store -exclude CVS -exclude .svn -exclude .git -exclude .hg -resolve-src-symlinks -rename /Users/admin/builder/spi-builder-workspace/.derivedData/Build/Intermediates.noindex/URLSchemeRouter.build/Debug-watchos/URLSchemeRouter-t.build/Objects-normal/arm64/URLSchemeRouter.swiftsourceinfo /Users/admin/builder/spi-builder-workspace/.derivedData/Build/Products/Debug-watchos/URLSchemeRouter.swiftmodule/Project/arm64-apple-watchos.swiftsourceinfo
SwiftDriverJobDiscovery normal arm64_32 Emitting module for URLSchemeRouter (in target 'URLSchemeRouter' from project 'URLSchemeRouter')
SwiftDriver\ Compilation\ Requirements URLSchemeRouter normal arm64_32 com.apple.xcode.tools.swift.compiler (in target 'URLSchemeRouter' from project 'URLSchemeRouter')
cd /Users/admin/builder/spi-builder-workspace/.swiftpm/xcode
builtin-Swift-Compilation-Requirements -- /Applications/Xcode-27.0.0-Release.Candidate.app/Contents/Developer/Toolchains/XcodeDefault.xctoolchain/usr/bin/swiftc -parse-as-library -module-name URLSchemeRouter -Onone @/Users/admin/builder/spi-builder-workspace/.derivedData/Build/Intermediates.noindex/URLSchemeRouter.build/Debug-watchos/URLSchemeRouter-t.build/Objects-normal/arm64_32/URLSchemeRouter.SwiftFileList -DSWIFT_PACKAGE -DDEBUG -DSWIFT_MODULE_RESOURCE_BUNDLE_UNAVAILABLE -DXcode -plugin-path /Applications/Xcode-27.0.0-Release.Candidate.app/Contents/Developer/Toolchains/XcodeDefault.xctoolchain/usr/lib/swift/host/plugins/testing -enable-experimental-feature DebugDescriptionMacro -sdk /Applications/Xcode-27.0.0-Release.Candidate.app/Contents/Developer/Platforms/WatchOS.platform/Developer/SDKs/WatchOS27.0.sdk -target arm64_32-apple-watchos9.0 -g -module-cache-path /Users/admin/builder/spi-builder-workspace/.derivedData/ModuleCache.noindex -Xfrontend -serialize-debugging-options -profile-coverage-mapping -profile-generate -enable-testing -index-store-path /Users/admin/builder/spi-builder-workspace/.derivedData/Index.noindex/DataStore -Xcc -D_LIBCPP_HARDENING_MODE\=_LIBCPP_HARDENING_MODE_DEBUG -swift-version 5 -I /Users/admin/builder/spi-builder-workspace/.derivedData/Build/Products/Debug-watchos -Isystem /Applications/Xcode-27.0.0-Release.Candidate.app/Contents/Developer/Platforms/WatchOS.platform/Developer/usr/lib -F /Users/admin/builder/spi-builder-workspace/.derivedData/Build/Products/Debug-watchos/PackageFrameworks -F /Users/admin/builder/spi-builder-workspace/.derivedData/Build/Products/Debug-watchos -F /Applications/Xcode-27.0.0-Release.Candidate.app/Contents/Developer/Platforms/WatchOS.platform/Developer/Library/Frameworks -F /Applications/Xcode-27.0.0-Release.Candidate.app/Contents/Developer/Platforms/WatchOS.platform/Developer/SDKs/WatchOS27.0.sdk/Developer/Library/Frameworks -c -j10 -enable-batch-mode -incremental -Xcc -ivfsstatcache -Xcc /Users/admin/builder/spi-builder-workspace/.derivedData/SDKStatCaches.noindex/watchos27.0-24R360-e829b21a6f8c9b70876ba0858053c04477534ef55a1706bf4c1112bbb242f0a2.sdkstatcache -output-file-map /Users/admin/builder/spi-builder-workspace/.derivedData/Build/Intermediates.noindex/URLSchemeRouter.build/Debug-watchos/URLSchemeRouter-t.build/Objects-normal/arm64_32/URLSchemeRouter-OutputFileMap.json -save-temps -no-color-diagnostics -explicit-module-build -module-cache-path /Users/admin/builder/spi-builder-workspace/.derivedData/Build/Intermediates.noindex/SwiftExplicitPrecompiledModules -clang-scanner-module-cache-path /Users/admin/builder/spi-builder-workspace/.derivedData/ModuleCache.noindex -sdk-module-cache-path /Users/admin/builder/spi-builder-workspace/.derivedData/SDKExplicitPrecompiledModules -emit-dependencies -emit-module -emit-module-path /Users/admin/builder/spi-builder-workspace/.derivedData/Build/Intermediates.noindex/URLSchemeRouter.build/Debug-watchos/URLSchemeRouter-t.build/Objects-normal/arm64_32/URLSchemeRouter.swiftmodule -serialize-diagnostics -dependency-scan-serialize-diagnostics-path /Users/admin/builder/spi-builder-workspace/.derivedData/Build/Intermediates.noindex/URLSchemeRouter.build/Debug-watchos/URLSchemeRouter-t.build/Objects-normal/arm64_32/URLSchemeRouter-dependency-scan.dia -validate-clang-modules-once -clang-build-session-file /Users/admin/builder/spi-builder-workspace/.derivedData/ModuleCache.noindex/Session.modulevalidation -Xcc -fmodules-prune-interval\=86400 -Xcc -fmodules-prune-after\=345600 -package-name spi_builder_workspace -emit-const-values -const-gather-protocols-list /Users/admin/builder/spi-builder-workspace/.derivedData/Build/Intermediates.noindex/URLSchemeRouter.build/Debug-watchos/URLSchemeRouter-t.build/Objects-normal/arm64_32/URLSchemeRouter_const_extract_protocols.json -Xcc -I/Users/admin/builder/spi-builder-workspace/.derivedData/Build/Products/Debug-watchos/include -Xcc -I/Users/admin/builder/spi-builder-workspace/.derivedData/Build/Intermediates.noindex/URLSchemeRouter.build/Debug-watchos/URLSchemeRouter-t.build/DerivedSources-normal/arm64_32 -Xcc -I/Users/admin/builder/spi-builder-workspace/.derivedData/Build/Intermediates.noindex/URLSchemeRouter.build/Debug-watchos/URLSchemeRouter-t.build/DerivedSources/arm64_32 -Xcc -I/Users/admin/builder/spi-builder-workspace/.derivedData/Build/Intermediates.noindex/URLSchemeRouter.build/Debug-watchos/URLSchemeRouter-t.build/DerivedSources -Xcc -DSWIFT_PACKAGE -Xcc -DDEBUG\=1 -emit-objc-header -emit-objc-header-path /Users/admin/builder/spi-builder-workspace/.derivedData/Build/Intermediates.noindex/URLSchemeRouter.build/Debug-watchos/URLSchemeRouter-t.build/Objects-normal/arm64_32/URLSchemeRouter-Swift.h -working-directory /Users/admin/builder/spi-builder-workspace/.swiftpm/xcode -experimental-emit-module-separately -disable-cmo
SwiftMergeGeneratedHeaders /Users/admin/builder/spi-builder-workspace/.derivedData/Build/Intermediates.noindex/GeneratedModuleMaps-watchos/URLSchemeRouter-Swift.h /Users/admin/builder/spi-builder-workspace/.derivedData/Build/Intermediates.noindex/URLSchemeRouter.build/Debug-watchos/URLSchemeRouter-t.build/Objects-normal/arm64/URLSchemeRouter-Swift.h /Users/admin/builder/spi-builder-workspace/.derivedData/Build/Intermediates.noindex/URLSchemeRouter.build/Debug-watchos/URLSchemeRouter-t.build/Objects-normal/arm64_32/URLSchemeRouter-Swift.h (in target 'URLSchemeRouter' from project 'URLSchemeRouter')
cd /Users/admin/builder/spi-builder-workspace
builtin-swiftHeaderTool -arch arm64 /Users/admin/builder/spi-builder-workspace/.derivedData/Build/Intermediates.noindex/URLSchemeRouter.build/Debug-watchos/URLSchemeRouter-t.build/Objects-normal/arm64/URLSchemeRouter-Swift.h -arch arm64_32 /Users/admin/builder/spi-builder-workspace/.derivedData/Build/Intermediates.noindex/URLSchemeRouter.build/Debug-watchos/URLSchemeRouter-t.build/Objects-normal/arm64_32/URLSchemeRouter-Swift.h -o /Users/admin/builder/spi-builder-workspace/.derivedData/Build/Intermediates.noindex/GeneratedModuleMaps-watchos/URLSchemeRouter-Swift.h
Copy /Users/admin/builder/spi-builder-workspace/.derivedData/Build/Products/Debug-watchos/URLSchemeRouter.swiftmodule/arm64_32-apple-watchos.swiftdoc /Users/admin/builder/spi-builder-workspace/.derivedData/Build/Intermediates.noindex/URLSchemeRouter.build/Debug-watchos/URLSchemeRouter-t.build/Objects-normal/arm64_32/URLSchemeRouter.swiftdoc (in target 'URLSchemeRouter' from project 'URLSchemeRouter')
cd /Users/admin/builder/spi-builder-workspace
builtin-copy -exclude .DS_Store -exclude CVS -exclude .svn -exclude .git -exclude .hg -resolve-src-symlinks -rename /Users/admin/builder/spi-builder-workspace/.derivedData/Build/Intermediates.noindex/URLSchemeRouter.build/Debug-watchos/URLSchemeRouter-t.build/Objects-normal/arm64_32/URLSchemeRouter.swiftdoc /Users/admin/builder/spi-builder-workspace/.derivedData/Build/Products/Debug-watchos/URLSchemeRouter.swiftmodule/arm64_32-apple-watchos.swiftdoc
Copy /Users/admin/builder/spi-builder-workspace/.derivedData/Build/Products/Debug-watchos/URLSchemeRouter.swiftmodule/arm64_32-apple-watchos.abi.json /Users/admin/builder/spi-builder-workspace/.derivedData/Build/Intermediates.noindex/URLSchemeRouter.build/Debug-watchos/URLSchemeRouter-t.build/Objects-normal/arm64_32/URLSchemeRouter.abi.json (in target 'URLSchemeRouter' from project 'URLSchemeRouter')
cd /Users/admin/builder/spi-builder-workspace
builtin-copy -exclude .DS_Store -exclude CVS -exclude .svn -exclude .git -exclude .hg -resolve-src-symlinks -rename /Users/admin/builder/spi-builder-workspace/.derivedData/Build/Intermediates.noindex/URLSchemeRouter.build/Debug-watchos/URLSchemeRouter-t.build/Objects-normal/arm64_32/URLSchemeRouter.abi.json /Users/admin/builder/spi-builder-workspace/.derivedData/Build/Products/Debug-watchos/URLSchemeRouter.swiftmodule/arm64_32-apple-watchos.abi.json
Copy /Users/admin/builder/spi-builder-workspace/.derivedData/Build/Products/Debug-watchos/URLSchemeRouter.swiftmodule/Project/arm64_32-apple-watchos.swiftsourceinfo /Users/admin/builder/spi-builder-workspace/.derivedData/Build/Intermediates.noindex/URLSchemeRouter.build/Debug-watchos/URLSchemeRouter-t.build/Objects-normal/arm64_32/URLSchemeRouter.swiftsourceinfo (in target 'URLSchemeRouter' from project 'URLSchemeRouter')
cd /Users/admin/builder/spi-builder-workspace
builtin-copy -exclude .DS_Store -exclude CVS -exclude .svn -exclude .git -exclude .hg -resolve-src-symlinks -rename /Users/admin/builder/spi-builder-workspace/.derivedData/Build/Intermediates.noindex/URLSchemeRouter.build/Debug-watchos/URLSchemeRouter-t.build/Objects-normal/arm64_32/URLSchemeRouter.swiftsourceinfo /Users/admin/builder/spi-builder-workspace/.derivedData/Build/Products/Debug-watchos/URLSchemeRouter.swiftmodule/Project/arm64_32-apple-watchos.swiftsourceinfo
Copy /Users/admin/builder/spi-builder-workspace/.derivedData/Build/Products/Debug-watchos/URLSchemeRouter.swiftmodule/arm64_32-apple-watchos.swiftmodule /Users/admin/builder/spi-builder-workspace/.derivedData/Build/Intermediates.noindex/URLSchemeRouter.build/Debug-watchos/URLSchemeRouter-t.build/Objects-normal/arm64_32/URLSchemeRouter.swiftmodule (in target 'URLSchemeRouter' from project 'URLSchemeRouter')
cd /Users/admin/builder/spi-builder-workspace
builtin-copy -exclude .DS_Store -exclude CVS -exclude .svn -exclude .git -exclude .hg -resolve-src-symlinks -rename /Users/admin/builder/spi-builder-workspace/.derivedData/Build/Intermediates.noindex/URLSchemeRouter.build/Debug-watchos/URLSchemeRouter-t.build/Objects-normal/arm64_32/URLSchemeRouter.swiftmodule /Users/admin/builder/spi-builder-workspace/.derivedData/Build/Products/Debug-watchos/URLSchemeRouter.swiftmodule/arm64_32-apple-watchos.swiftmodule
PruneExplicitPrecompiledModules /Users/admin/builder/spi-builder-workspace/.derivedData/Build/Intermediates.noindex/ExplicitPrecompiledModules
PruneExplicitPrecompiledModules /Users/admin/builder/spi-builder-workspace/.derivedData/Build/Intermediates.noindex/SwiftExplicitPrecompiledModules
PruneExplicitPrecompiledModules /Users/admin/builder/spi-builder-workspace/.derivedData/SDKExplicitPrecompiledModules
2026-09-20 14:21:50.448 xcodebuild[660:4008] [MT] IDERunDestination: Supported platforms for the buildables in the current scheme is empty.
** BUILD FAILED **
The following build commands failed:
SwiftCompile normal arm64 /Users/admin/builder/spi-builder-workspace/Sources/URLSchemeRouter/URLSchemeRouter.swift (in target 'URLSchemeRouter' from project 'URLSchemeRouter')
SwiftCompile normal arm64 Compiling\ URLSchemeRouter.swift /Users/admin/builder/spi-builder-workspace/Sources/URLSchemeRouter/URLSchemeRouter.swift (in target 'URLSchemeRouter' from project 'URLSchemeRouter')
SwiftCompile normal arm64_32 Compiling\ URLSchemeRouter.swift /Users/admin/builder/spi-builder-workspace/Sources/URLSchemeRouter/URLSchemeRouter.swift (in target 'URLSchemeRouter' from project 'URLSchemeRouter')
SwiftCompile normal arm64_32 /Users/admin/builder/spi-builder-workspace/Sources/URLSchemeRouter/URLSchemeRouter.swift (in target 'URLSchemeRouter' from project 'URLSchemeRouter')
Building workspace URLSchemeRouter with scheme URLSchemeRouter
(5 failures)
Command line invocation:
/Applications/Xcode-27.0.0-Release.Candidate.app/Contents/Developer/usr/bin/xcodebuild -IDEClonedSourcePackagesDirPathOverride=/Users/admin/builder/spi-builder-workspace/.dependencies -resolvePackageDependencies
Resolve Package Graph
Resolved source packages:
URLSchemeRouter: /Users/admin/builder/spi-builder-workspace
URLQueryItemCoder: https://github.com/kylehughes/URLQueryItemCoder.git @ 1.0.0
resolved source packages: URLSchemeRouter, URLQueryItemCoder
2026-09-20 14:22:00.281 xcodebuild[839:4894] [MT] IDERunDestination: Supported platforms for the buildables in the current scheme is empty.
{
"dependencies" : [
{
"identity" : "urlqueryitemcoder",
"requirement" : {
"range" : [
{
"lower_bound" : "1.0.0",
"upper_bound" : "2.0.0"
}
]
},
"type" : "sourceControl",
"url" : "https://github.com/kylehughes/URLQueryItemCoder.git"
}
],
"manifest_display_name" : "URLSchemeRouter",
"name" : "URLSchemeRouter",
"path" : "/Users/admin/builder/spi-builder-workspace",
"platforms" : [
{
"name" : "ios",
"version" : "13.0"
},
{
"name" : "macos",
"version" : "10.15"
},
{
"name" : "tvos",
"version" : "13.0"
}
],
"products" : [
{
"name" : "URLSchemeRouter",
"targets" : [
"URLSchemeRouter"
],
"type" : {
"library" : [
"automatic"
]
}
}
],
"targets" : [
{
"c99name" : "URLSchemeRouterTests",
"module_type" : "SwiftTarget",
"name" : "URLSchemeRouterTests",
"path" : "Tests/URLSchemeRouterTests",
"sources" : [
"URLSchemeRouterTests.swift"
],
"target_dependencies" : [
"URLSchemeRouter"
],
"type" : "test"
},
{
"c99name" : "URLSchemeRouter",
"module_type" : "SwiftTarget",
"name" : "URLSchemeRouter",
"path" : "Sources/URLSchemeRouter",
"product_dependencies" : [
"URLQueryItemCoder"
],
"product_memberships" : [
"URLSchemeRouter"
],
"sources" : [
"URLSchemeRouter.swift"
],
"type" : "library"
}
],
"tools_version" : "5.9"
}
{
"workspace" : {
"name" : "URLSchemeRouter",
"schemes" : [
"URLSchemeRouter"
]
}
}
2026-09-20 14:22:01.662 xcodebuild[847:4961] [MT] IDERunDestination: Supported platforms for the buildables in the current scheme is empty.
Running build ...
env DEVELOPER_DIR=/Applications/Xcode-27.0.0-Release.Candidate.app xcrun xcodebuild -IDEClonedSourcePackagesDirPathOverride=$PWD/.dependencies -skipMacroValidation -skipPackagePluginValidation -derivedDataPath $PWD/.derivedData build -scheme URLSchemeRouter -destination generic/platform=watchOS
Command line invocation:
/Applications/Xcode-27.0.0-Release.Candidate.app/Contents/Developer/usr/bin/xcodebuild -IDEClonedSourcePackagesDirPathOverride=/Users/admin/builder/spi-builder-workspace/.dependencies -skipMacroValidation -skipPackagePluginValidation -derivedDataPath /Users/admin/builder/spi-builder-workspace/.derivedData build -scheme URLSchemeRouter -destination generic/platform=watchOS
Resolve Package Graph
Resolved source packages:
URLQueryItemCoder: https://github.com/kylehughes/URLQueryItemCoder.git @ 1.0.0
URLSchemeRouter: /Users/admin/builder/spi-builder-workspace
ComputePackagePrebuildTargetDependencyGraph
Prepare packages
CreateBuildRequest
SendProjectDescription
CreateBuildOperation
ComputeTargetDependencyGraph
note: Building targets in dependency order
note: Target dependency graph (4 targets)
Target 'URLSchemeRouter-product' in project 'URLSchemeRouter'
➜ Explicit dependency on target 'URLSchemeRouter' in project 'URLSchemeRouter'
➜ Explicit dependency on target 'URLQueryItemCoder-product' in project 'URLQueryItemCoder'
Target 'URLSchemeRouter' in project 'URLSchemeRouter'
➜ Explicit dependency on target 'URLQueryItemCoder-product' in project 'URLQueryItemCoder'
Target 'URLQueryItemCoder-product' in project 'URLQueryItemCoder'
➜ Explicit dependency on target 'URLQueryItemCoder' in project 'URLQueryItemCoder'
Target 'URLQueryItemCoder' in project 'URLQueryItemCoder' (no dependencies)
GatherProvisioningInputs
CreateBuildDescription
ClangStatCache /Applications/Xcode-27.0.0-Release.Candidate.app/Contents/Developer/Toolchains/XcodeDefault.xctoolchain/usr/bin/clang-stat-cache /Applications/Xcode-27.0.0-Release.Candidate.app/Contents/Developer/Platforms/WatchOS.platform/Developer/SDKs/WatchOS27.0.sdk /Users/admin/builder/spi-builder-workspace/.derivedData/SDKStatCaches.noindex/watchos27.0-24R360-e829b21a6f8c9b70876ba0858053c04477534ef55a1706bf4c1112bbb242f0a2.sdkstatcache
cd /Users/admin/builder/spi-builder-workspace/.swiftpm/xcode
/Applications/Xcode-27.0.0-Release.Candidate.app/Contents/Developer/Toolchains/XcodeDefault.xctoolchain/usr/bin/clang-stat-cache /Applications/Xcode-27.0.0-Release.Candidate.app/Contents/Developer/Platforms/WatchOS.platform/Developer/SDKs/WatchOS27.0.sdk -o /Users/admin/builder/spi-builder-workspace/.derivedData/SDKStatCaches.noindex/watchos27.0-24R360-e829b21a6f8c9b70876ba0858053c04477534ef55a1706bf4c1112bbb242f0a2.sdkstatcache
SwiftDriver URLSchemeRouter normal arm64 com.apple.xcode.tools.swift.compiler (in target 'URLSchemeRouter' from project 'URLSchemeRouter')
cd /Users/admin/builder/spi-builder-workspace/.swiftpm/xcode
builtin-SwiftDriver -- /Applications/Xcode-27.0.0-Release.Candidate.app/Contents/Developer/Toolchains/XcodeDefault.xctoolchain/usr/bin/swiftc -parse-as-library -module-name URLSchemeRouter -Onone @/Users/admin/builder/spi-builder-workspace/.derivedData/Build/Intermediates.noindex/URLSchemeRouter.build/Debug-watchos/URLSchemeRouter-t.build/Objects-normal/arm64/URLSchemeRouter.SwiftFileList -DSWIFT_PACKAGE -DDEBUG -DSWIFT_MODULE_RESOURCE_BUNDLE_UNAVAILABLE -DXcode -plugin-path /Applications/Xcode-27.0.0-Release.Candidate.app/Contents/Developer/Toolchains/XcodeDefault.xctoolchain/usr/lib/swift/host/plugins/testing -enable-experimental-feature DebugDescriptionMacro -sdk /Applications/Xcode-27.0.0-Release.Candidate.app/Contents/Developer/Platforms/WatchOS.platform/Developer/SDKs/WatchOS27.0.sdk -target arm64-apple-watchos9.0 -g -module-cache-path /Users/admin/builder/spi-builder-workspace/.derivedData/ModuleCache.noindex -Xfrontend -serialize-debugging-options -profile-coverage-mapping -profile-generate -enable-testing -index-store-path /Users/admin/builder/spi-builder-workspace/.derivedData/Index.noindex/DataStore -Xcc -D_LIBCPP_HARDENING_MODE\=_LIBCPP_HARDENING_MODE_DEBUG -swift-version 5 -I /Users/admin/builder/spi-builder-workspace/.derivedData/Build/Products/Debug-watchos -Isystem /Applications/Xcode-27.0.0-Release.Candidate.app/Contents/Developer/Platforms/WatchOS.platform/Developer/usr/lib -F /Users/admin/builder/spi-builder-workspace/.derivedData/Build/Products/Debug-watchos/PackageFrameworks -F /Users/admin/builder/spi-builder-workspace/.derivedData/Build/Products/Debug-watchos -F /Applications/Xcode-27.0.0-Release.Candidate.app/Contents/Developer/Platforms/WatchOS.platform/Developer/Library/Frameworks -F /Applications/Xcode-27.0.0-Release.Candidate.app/Contents/Developer/Platforms/WatchOS.platform/Developer/SDKs/WatchOS27.0.sdk/Developer/Library/Frameworks -c -j10 -enable-batch-mode -incremental -Xcc -ivfsstatcache -Xcc /Users/admin/builder/spi-builder-workspace/.derivedData/SDKStatCaches.noindex/watchos27.0-24R360-e829b21a6f8c9b70876ba0858053c04477534ef55a1706bf4c1112bbb242f0a2.sdkstatcache -output-file-map /Users/admin/builder/spi-builder-workspace/.derivedData/Build/Intermediates.noindex/URLSchemeRouter.build/Debug-watchos/URLSchemeRouter-t.build/Objects-normal/arm64/URLSchemeRouter-OutputFileMap.json -save-temps -no-color-diagnostics -explicit-module-build -module-cache-path /Users/admin/builder/spi-builder-workspace/.derivedData/Build/Intermediates.noindex/SwiftExplicitPrecompiledModules -clang-scanner-module-cache-path /Users/admin/builder/spi-builder-workspace/.derivedData/ModuleCache.noindex -sdk-module-cache-path /Users/admin/builder/spi-builder-workspace/.derivedData/SDKExplicitPrecompiledModules -emit-dependencies -emit-module -emit-module-path /Users/admin/builder/spi-builder-workspace/.derivedData/Build/Intermediates.noindex/URLSchemeRouter.build/Debug-watchos/URLSchemeRouter-t.build/Objects-normal/arm64/URLSchemeRouter.swiftmodule -serialize-diagnostics -dependency-scan-serialize-diagnostics-path /Users/admin/builder/spi-builder-workspace/.derivedData/Build/Intermediates.noindex/URLSchemeRouter.build/Debug-watchos/URLSchemeRouter-t.build/Objects-normal/arm64/URLSchemeRouter-dependency-scan.dia -validate-clang-modules-once -clang-build-session-file /Users/admin/builder/spi-builder-workspace/.derivedData/ModuleCache.noindex/Session.modulevalidation -Xcc -fmodules-prune-interval\=86400 -Xcc -fmodules-prune-after\=345600 -package-name spi_builder_workspace -emit-const-values -const-gather-protocols-list /Users/admin/builder/spi-builder-workspace/.derivedData/Build/Intermediates.noindex/URLSchemeRouter.build/Debug-watchos/URLSchemeRouter-t.build/Objects-normal/arm64/URLSchemeRouter_const_extract_protocols.json -Xcc -I/Users/admin/builder/spi-builder-workspace/.derivedData/Build/Products/Debug-watchos/include -Xcc -I/Users/admin/builder/spi-builder-workspace/.derivedData/Build/Intermediates.noindex/URLSchemeRouter.build/Debug-watchos/URLSchemeRouter-t.build/DerivedSources-normal/arm64 -Xcc -I/Users/admin/builder/spi-builder-workspace/.derivedData/Build/Intermediates.noindex/URLSchemeRouter.build/Debug-watchos/URLSchemeRouter-t.build/DerivedSources/arm64 -Xcc -I/Users/admin/builder/spi-builder-workspace/.derivedData/Build/Intermediates.noindex/URLSchemeRouter.build/Debug-watchos/URLSchemeRouter-t.build/DerivedSources -Xcc -DSWIFT_PACKAGE -Xcc -DDEBUG\=1 -emit-objc-header -emit-objc-header-path /Users/admin/builder/spi-builder-workspace/.derivedData/Build/Intermediates.noindex/URLSchemeRouter.build/Debug-watchos/URLSchemeRouter-t.build/Objects-normal/arm64/URLSchemeRouter-Swift.h -working-directory /Users/admin/builder/spi-builder-workspace/.swiftpm/xcode -experimental-emit-module-separately -disable-cmo
SwiftDriver URLSchemeRouter normal arm64_32 com.apple.xcode.tools.swift.compiler (in target 'URLSchemeRouter' from project 'URLSchemeRouter')
cd /Users/admin/builder/spi-builder-workspace/.swiftpm/xcode
builtin-SwiftDriver -- /Applications/Xcode-27.0.0-Release.Candidate.app/Contents/Developer/Toolchains/XcodeDefault.xctoolchain/usr/bin/swiftc -parse-as-library -module-name URLSchemeRouter -Onone @/Users/admin/builder/spi-builder-workspace/.derivedData/Build/Intermediates.noindex/URLSchemeRouter.build/Debug-watchos/URLSchemeRouter-t.build/Objects-normal/arm64_32/URLSchemeRouter.SwiftFileList -DSWIFT_PACKAGE -DDEBUG -DSWIFT_MODULE_RESOURCE_BUNDLE_UNAVAILABLE -DXcode -plugin-path /Applications/Xcode-27.0.0-Release.Candidate.app/Contents/Developer/Toolchains/XcodeDefault.xctoolchain/usr/lib/swift/host/plugins/testing -enable-experimental-feature DebugDescriptionMacro -sdk /Applications/Xcode-27.0.0-Release.Candidate.app/Contents/Developer/Platforms/WatchOS.platform/Developer/SDKs/WatchOS27.0.sdk -target arm64_32-apple-watchos9.0 -g -module-cache-path /Users/admin/builder/spi-builder-workspace/.derivedData/ModuleCache.noindex -Xfrontend -serialize-debugging-options -profile-coverage-mapping -profile-generate -enable-testing -index-store-path /Users/admin/builder/spi-builder-workspace/.derivedData/Index.noindex/DataStore -Xcc -D_LIBCPP_HARDENING_MODE\=_LIBCPP_HARDENING_MODE_DEBUG -swift-version 5 -I /Users/admin/builder/spi-builder-workspace/.derivedData/Build/Products/Debug-watchos -Isystem /Applications/Xcode-27.0.0-Release.Candidate.app/Contents/Developer/Platforms/WatchOS.platform/Developer/usr/lib -F /Users/admin/builder/spi-builder-workspace/.derivedData/Build/Products/Debug-watchos/PackageFrameworks -F /Users/admin/builder/spi-builder-workspace/.derivedData/Build/Products/Debug-watchos -F /Applications/Xcode-27.0.0-Release.Candidate.app/Contents/Developer/Platforms/WatchOS.platform/Developer/Library/Frameworks -F /Applications/Xcode-27.0.0-Release.Candidate.app/Contents/Developer/Platforms/WatchOS.platform/Developer/SDKs/WatchOS27.0.sdk/Developer/Library/Frameworks -c -j10 -enable-batch-mode -incremental -Xcc -ivfsstatcache -Xcc /Users/admin/builder/spi-builder-workspace/.derivedData/SDKStatCaches.noindex/watchos27.0-24R360-e829b21a6f8c9b70876ba0858053c04477534ef55a1706bf4c1112bbb242f0a2.sdkstatcache -output-file-map /Users/admin/builder/spi-builder-workspace/.derivedData/Build/Intermediates.noindex/URLSchemeRouter.build/Debug-watchos/URLSchemeRouter-t.build/Objects-normal/arm64_32/URLSchemeRouter-OutputFileMap.json -save-temps -no-color-diagnostics -explicit-module-build -module-cache-path /Users/admin/builder/spi-builder-workspace/.derivedData/Build/Intermediates.noindex/SwiftExplicitPrecompiledModules -clang-scanner-module-cache-path /Users/admin/builder/spi-builder-workspace/.derivedData/ModuleCache.noindex -sdk-module-cache-path /Users/admin/builder/spi-builder-workspace/.derivedData/SDKExplicitPrecompiledModules -emit-dependencies -emit-module -emit-module-path /Users/admin/builder/spi-builder-workspace/.derivedData/Build/Intermediates.noindex/URLSchemeRouter.build/Debug-watchos/URLSchemeRouter-t.build/Objects-normal/arm64_32/URLSchemeRouter.swiftmodule -serialize-diagnostics -dependency-scan-serialize-diagnostics-path /Users/admin/builder/spi-builder-workspace/.derivedData/Build/Intermediates.noindex/URLSchemeRouter.build/Debug-watchos/URLSchemeRouter-t.build/Objects-normal/arm64_32/URLSchemeRouter-dependency-scan.dia -validate-clang-modules-once -clang-build-session-file /Users/admin/builder/spi-builder-workspace/.derivedData/ModuleCache.noindex/Session.modulevalidation -Xcc -fmodules-prune-interval\=86400 -Xcc -fmodules-prune-after\=345600 -package-name spi_builder_workspace -emit-const-values -const-gather-protocols-list /Users/admin/builder/spi-builder-workspace/.derivedData/Build/Intermediates.noindex/URLSchemeRouter.build/Debug-watchos/URLSchemeRouter-t.build/Objects-normal/arm64_32/URLSchemeRouter_const_extract_protocols.json -Xcc -I/Users/admin/builder/spi-builder-workspace/.derivedData/Build/Products/Debug-watchos/include -Xcc -I/Users/admin/builder/spi-builder-workspace/.derivedData/Build/Intermediates.noindex/URLSchemeRouter.build/Debug-watchos/URLSchemeRouter-t.build/DerivedSources-normal/arm64_32 -Xcc -I/Users/admin/builder/spi-builder-workspace/.derivedData/Build/Intermediates.noindex/URLSchemeRouter.build/Debug-watchos/URLSchemeRouter-t.build/DerivedSources/arm64_32 -Xcc -I/Users/admin/builder/spi-builder-workspace/.derivedData/Build/Intermediates.noindex/URLSchemeRouter.build/Debug-watchos/URLSchemeRouter-t.build/DerivedSources -Xcc -DSWIFT_PACKAGE -Xcc -DDEBUG\=1 -emit-objc-header -emit-objc-header-path /Users/admin/builder/spi-builder-workspace/.derivedData/Build/Intermediates.noindex/URLSchemeRouter.build/Debug-watchos/URLSchemeRouter-t.build/Objects-normal/arm64_32/URLSchemeRouter-Swift.h -working-directory /Users/admin/builder/spi-builder-workspace/.swiftpm/xcode -experimental-emit-module-separately -disable-cmo
SwiftEmitModule normal arm64_32 Emitting\ module\ for\ URLSchemeRouter (in target 'URLSchemeRouter' from project 'URLSchemeRouter')
SwiftCompile normal arm64_32 (in target 'URLSchemeRouter' from project 'URLSchemeRouter')
cd /Users/admin/builder/spi-builder-workspace/.swiftpm/xcode
SwiftEmitModule normal arm64 Emitting\ module\ for\ URLSchemeRouter (in target 'URLSchemeRouter' from project 'URLSchemeRouter')
SwiftCompile normal arm64 (in target 'URLSchemeRouter' from project 'URLSchemeRouter')
cd /Users/admin/builder/spi-builder-workspace/.swiftpm/xcode
SwiftCompile normal arm64 Compiling\ URLSchemeRouter.swift /Users/admin/builder/spi-builder-workspace/Sources/URLSchemeRouter/URLSchemeRouter.swift (in target 'URLSchemeRouter' from project 'URLSchemeRouter')
SwiftCompile normal arm64 /Users/admin/builder/spi-builder-workspace/Sources/URLSchemeRouter/URLSchemeRouter.swift (in target 'URLSchemeRouter' from project 'URLSchemeRouter')
cd /Users/admin/builder/spi-builder-workspace/.swiftpm/xcode
builtin-SwiftPerFileCompile URLSchemeRouter.swift
/Users/admin/builder/spi-builder-workspace/Sources/URLSchemeRouter/URLSchemeRouter.swift:28:21: error: 'UIApplication' is unavailable in watchOS
26 | decoder = URLQueryItemDecoder(strategies: queryItemDecodingStrategies)
27 | #if canImport(UIKit)
28 | openURL = { UIApplication.shared.open($0) }
| `- error: 'UIApplication' is unavailable in watchOS
29 | #elseif canImport(Cocoa)
30 | openURL = { NSWorkspace.shared.open($0) }
/Applications/Xcode-27.0.0-Release.Candidate.app/Contents/Developer/Platforms/WatchOS.platform/Developer/SDKs/WatchOS27.0.sdk/System/Library/Frameworks/UIKit.framework/Headers/UIApplication.h:85:12: note: 'UIApplication' has been explicitly marked unavailable here
83 |
84 | UIKIT_EXTERN API_AVAILABLE(ios(2.0)) API_UNAVAILABLE(watchos) NS_SWIFT_UI_ACTOR
85 | @interface UIApplication : UIResponder
| `- note: 'UIApplication' has been explicitly marked unavailable here
86 |
87 | @property(class, nonatomic, readonly) UIApplication *sharedApplication NS_EXTENSION_UNAVAILABLE_IOS("Use view controller based solutions where appropriate instead.");
/Users/admin/builder/spi-builder-workspace/Sources/URLSchemeRouter/URLSchemeRouter.swift:28:42: error: 'open(_:options:completionHandler:)' is unavailable in watchOS
26 | decoder = URLQueryItemDecoder(strategies: queryItemDecodingStrategies)
27 | #if canImport(UIKit)
28 | openURL = { UIApplication.shared.open($0) }
| `- error: 'open(_:options:completionHandler:)' is unavailable in watchOS
29 | #elseif canImport(Cocoa)
30 | openURL = { NSWorkspace.shared.open($0) }
/Applications/Xcode-27.0.0-Release.Candidate.app/Contents/Developer/Platforms/WatchOS.platform/Developer/SDKs/WatchOS27.0.sdk/System/Library/Frameworks/UIKit.framework/Headers/UIApplication.h:104:1: note: 'open(_:options:completionHandler:)' has been explicitly marked unavailable here
102 | // than returning a result.
103 | // The completion handler is called on the main queue.
104 | - (void)openURL:(NSURL*)url options:(NSDictionary<UIApplicationOpenExternalURLOptionsKey, id> *)options completionHandler:(void (^ __nullable NS_SWIFT_UI_ACTOR)(BOOL success))completion API_AVAILABLE(ios(10.0)) API_UNAVAILABLE(watchos);
| `- note: 'open(_:options:completionHandler:)' has been explicitly marked unavailable here
105 |
106 | - (void)sendEvent:(UIEvent *)event;
Failed frontend command:
/Applications/Xcode-27.0.0-Release.Candidate.app/Contents/Developer/Toolchains/XcodeDefault.xctoolchain/usr/bin/swift-frontend -frontend -c -primary-file /Users/admin/builder/spi-builder-workspace/Sources/URLSchemeRouter/URLSchemeRouter.swift -emit-dependencies-path /Users/admin/builder/spi-builder-workspace/.derivedData/Build/Intermediates.noindex/URLSchemeRouter.build/Debug-watchos/URLSchemeRouter-t.build/Objects-normal/arm64/URLSchemeRouter.d -emit-const-values-path /Users/admin/builder/spi-builder-workspace/.derivedData/Build/Intermediates.noindex/URLSchemeRouter.build/Debug-watchos/URLSchemeRouter-t.build/Objects-normal/arm64/URLSchemeRouter.swiftconstvalues -emit-reference-dependencies-path /Users/admin/builder/spi-builder-workspace/.derivedData/Build/Intermediates.noindex/URLSchemeRouter.build/Debug-watchos/URLSchemeRouter-t.build/Objects-normal/arm64/URLSchemeRouter.swiftdeps -serialize-diagnostics-path /Users/admin/builder/spi-builder-workspace/.derivedData/Build/Intermediates.noindex/URLSchemeRouter.build/Debug-watchos/URLSchemeRouter-t.build/Objects-normal/arm64/URLSchemeRouter.dia -target arm64-apple-watchos9.0 -module-can-import-version UIKit 9127.0.84.1 9127.0.84 -disable-cross-import-overlay-search -load-resolved-plugin /Applications/Xcode-27.0.0-Release.Candidate.app/Contents/Developer/Platforms/WatchOS.platform/Developer/usr/lib/swift/host/plugins/libFoundationMacros.dylib\#/Applications/Xcode-27.0.0-Release.Candidate.app/Contents/Developer/Platforms/WatchOS.platform/Developer/usr/bin/swift-plugin-server\#FoundationMacros -load-resolved-plugin /Applications/Xcode-27.0.0-Release.Candidate.app/Contents/Developer/Platforms/WatchOS.platform/Developer/usr/lib/swift/host/plugins/libObservationMacros.dylib\#/Applications/Xcode-27.0.0-Release.Candidate.app/Contents/Developer/Platforms/WatchOS.platform/Developer/usr/bin/swift-plugin-server\#ObservationMacros -load-resolved-plugin /Applications/Xcode-27.0.0-Release.Candidate.app/Contents/Developer/Platforms/WatchOS.platform/Developer/usr/lib/swift/host/plugins/libSwiftMacros.dylib\#/Applications/Xcode-27.0.0-Release.Candidate.app/Contents/Developer/Platforms/WatchOS.platform/Developer/usr/bin/swift-plugin-server\#SwiftMacros -load-resolved-plugin /Applications/Xcode-27.0.0-Release.Candidate.app/Contents/Developer/Platforms/WatchOS.platform/Developer/usr/lib/swift/host/plugins/libSwiftUIMacros.dylib\#/Applications/Xcode-27.0.0-Release.Candidate.app/Contents/Developer/Platforms/WatchOS.platform/Developer/usr/bin/swift-plugin-server\#SwiftUIMacros -disable-implicit-swift-modules -Xcc -fno-implicit-modules -Xcc -fno-implicit-module-maps -explicit-swift-module-map-file /Users/admin/builder/spi-builder-workspace/.derivedData/Build/Intermediates.noindex/URLSchemeRouter.build/Debug-watchos/URLSchemeRouter-t.build/Objects-normal/arm64/URLSchemeRouter-dependencies-2.json -Xllvm -aarch64-use-tbi -enable-objc-interop -stack-check -sdk /Applications/Xcode-27.0.0-Release.Candidate.app/Contents/Developer/Platforms/WatchOS.platform/Developer/SDKs/WatchOS27.0.sdk -I /Users/admin/builder/spi-builder-workspace/.derivedData/Build/Products/Debug-watchos -Isystem /Applications/Xcode-27.0.0-Release.Candidate.app/Contents/Developer/Platforms/WatchOS.platform/Developer/usr/lib -F /Users/admin/builder/spi-builder-workspace/.derivedData/Build/Products/Debug-watchos/PackageFrameworks -F /Users/admin/builder/spi-builder-workspace/.derivedData/Build/Products/Debug-watchos -F /Applications/Xcode-27.0.0-Release.Candidate.app/Contents/Developer/Platforms/WatchOS.platform/Developer/Library/Frameworks -F /Applications/Xcode-27.0.0-Release.Candidate.app/Contents/Developer/Platforms/WatchOS.platform/Developer/SDKs/WatchOS27.0.sdk/Developer/Library/Frameworks -module-cache-path /Users/admin/builder/spi-builder-workspace/.derivedData/Build/Intermediates.noindex/SwiftExplicitPrecompiledModules -no-color-diagnostics -Xcc -fno-color-diagnostics -enable-testing -g -debug-info-format\=dwarf -dwarf-version\=4 -profile-generate -profile-coverage-mapping -swift-version 5 -Onone -D SWIFT_PACKAGE -D DEBUG -D SWIFT_MODULE_RESOURCE_BUNDLE_UNAVAILABLE -D Xcode -serialize-debugging-options -enable-experimental-feature DebugDescriptionMacro -empty-abi-descriptor -validate-clang-modules-once -clang-build-session-file /Users/admin/builder/spi-builder-workspace/.derivedData/ModuleCache.noindex/Session.modulevalidation -Xcc -working-directory -Xcc /Users/admin/builder/spi-builder-workspace/.swiftpm/xcode -enable-anonymous-context-mangled-names -file-compilation-dir /Users/admin/builder/spi-builder-workspace/.swiftpm/xcode -Xcc -D_LIBCPP_HARDENING_MODE\=_LIBCPP_HARDENING_MODE_DEBUG -Xcc -ivfsstatcache -Xcc /Users/admin/builder/spi-builder-workspace/.derivedData/SDKStatCaches.noindex/watchos27.0-24R360-e829b21a6f8c9b70876ba0858053c04477534ef55a1706bf4c1112bbb242f0a2.sdkstatcache -Xcc -fmodules-prune-interval\=86400 -Xcc -fmodules-prune-after\=345600 -Xcc -I/Users/admin/builder/spi-builder-workspace/.derivedData/Build/Products/Debug-watchos/include -Xcc -I/Users/admin/builder/spi-builder-workspace/.derivedData/Build/Intermediates.noindex/URLSchemeRouter.build/Debug-watchos/URLSchemeRouter-t.build/DerivedSources-normal/arm64 -Xcc -I/Users/admin/builder/spi-builder-workspace/.derivedData/Build/Intermediates.noindex/URLSchemeRouter.build/Debug-watchos/URLSchemeRouter-t.build/DerivedSources/arm64 -Xcc -I/Users/admin/builder/spi-builder-workspace/.derivedData/Build/Intermediates.noindex/URLSchemeRouter.build/Debug-watchos/URLSchemeRouter-t.build/DerivedSources -Xcc -DSWIFT_PACKAGE -Xcc -DDEBUG\=1 -no-auto-bridging-header-chaining -module-name URLSchemeRouter -package-name spi_builder_workspace -const-gather-protocols-file /Users/admin/builder/spi-builder-workspace/.derivedData/Build/Intermediates.noindex/URLSchemeRouter.build/Debug-watchos/URLSchemeRouter-t.build/Objects-normal/arm64/URLSchemeRouter_const_extract_protocols.json -disable-clang-spi -clang-target arm64-apple-watchos27.0 -target-sdk-version 27.0 -target-sdk-name watchos27.0 -in-process-plugin-server-path /Applications/Xcode-27.0.0-Release.Candidate.app/Contents/Developer/Toolchains/XcodeDefault.xctoolchain/usr/lib/swift/host/libSwiftInProcPluginServer.dylib -parse-as-library -o /Users/admin/builder/spi-builder-workspace/.derivedData/Build/Intermediates.noindex/URLSchemeRouter.build/Debug-watchos/URLSchemeRouter-t.build/Objects-normal/arm64/URLSchemeRouter.o -debug-module-path /Users/admin/builder/spi-builder-workspace/.derivedData/Build/Intermediates.noindex/URLSchemeRouter.build/Debug-watchos/URLSchemeRouter-t.build/Objects-normal/arm64/URLSchemeRouter.swiftmodule -index-unit-output-path /URLSchemeRouter.build/Debug-watchos/URLSchemeRouter-t.build/Objects-normal/arm64/URLSchemeRouter.o -index-store-path /Users/admin/builder/spi-builder-workspace/.derivedData/Index.noindex/DataStore -index-system-modules
SwiftCompile normal arm64_32 Compiling\ URLSchemeRouter.swift /Users/admin/builder/spi-builder-workspace/Sources/URLSchemeRouter/URLSchemeRouter.swift (in target 'URLSchemeRouter' from project 'URLSchemeRouter')
SwiftCompile normal arm64_32 /Users/admin/builder/spi-builder-workspace/Sources/URLSchemeRouter/URLSchemeRouter.swift (in target 'URLSchemeRouter' from project 'URLSchemeRouter')
cd /Users/admin/builder/spi-builder-workspace/.swiftpm/xcode
builtin-SwiftPerFileCompile URLSchemeRouter.swift
/Users/admin/builder/spi-builder-workspace/Sources/URLSchemeRouter/URLSchemeRouter.swift:28:21: error: 'UIApplication' is unavailable in watchOS
26 | decoder = URLQueryItemDecoder(strategies: queryItemDecodingStrategies)
27 | #if canImport(UIKit)
28 | openURL = { UIApplication.shared.open($0) }
| `- error: 'UIApplication' is unavailable in watchOS
29 | #elseif canImport(Cocoa)
30 | openURL = { NSWorkspace.shared.open($0) }
/Applications/Xcode-27.0.0-Release.Candidate.app/Contents/Developer/Platforms/WatchOS.platform/Developer/SDKs/WatchOS27.0.sdk/System/Library/Frameworks/UIKit.framework/Headers/UIApplication.h:85:12: note: 'UIApplication' has been explicitly marked unavailable here
83 |
84 | UIKIT_EXTERN API_AVAILABLE(ios(2.0)) API_UNAVAILABLE(watchos) NS_SWIFT_UI_ACTOR
85 | @interface UIApplication : UIResponder
| `- note: 'UIApplication' has been explicitly marked unavailable here
86 |
87 | @property(class, nonatomic, readonly) UIApplication *sharedApplication NS_EXTENSION_UNAVAILABLE_IOS("Use view controller based solutions where appropriate instead.");
/Users/admin/builder/spi-builder-workspace/Sources/URLSchemeRouter/URLSchemeRouter.swift:28:42: error: 'open(_:options:completionHandler:)' is unavailable in watchOS
26 | decoder = URLQueryItemDecoder(strategies: queryItemDecodingStrategies)
27 | #if canImport(UIKit)
28 | openURL = { UIApplication.shared.open($0) }
| `- error: 'open(_:options:completionHandler:)' is unavailable in watchOS
29 | #elseif canImport(Cocoa)
30 | openURL = { NSWorkspace.shared.open($0) }
/Applications/Xcode-27.0.0-Release.Candidate.app/Contents/Developer/Platforms/WatchOS.platform/Developer/SDKs/WatchOS27.0.sdk/System/Library/Frameworks/UIKit.framework/Headers/UIApplication.h:104:1: note: 'open(_:options:completionHandler:)' has been explicitly marked unavailable here
102 | // than returning a result.
103 | // The completion handler is called on the main queue.
104 | - (void)openURL:(NSURL*)url options:(NSDictionary<UIApplicationOpenExternalURLOptionsKey, id> *)options completionHandler:(void (^ __nullable NS_SWIFT_UI_ACTOR)(BOOL success))completion API_AVAILABLE(ios(10.0)) API_UNAVAILABLE(watchos);
| `- note: 'open(_:options:completionHandler:)' has been explicitly marked unavailable here
105 |
106 | - (void)sendEvent:(UIEvent *)event;
Failed frontend command:
/Applications/Xcode-27.0.0-Release.Candidate.app/Contents/Developer/Toolchains/XcodeDefault.xctoolchain/usr/bin/swift-frontend -frontend -c -primary-file /Users/admin/builder/spi-builder-workspace/Sources/URLSchemeRouter/URLSchemeRouter.swift -emit-dependencies-path /Users/admin/builder/spi-builder-workspace/.derivedData/Build/Intermediates.noindex/URLSchemeRouter.build/Debug-watchos/URLSchemeRouter-t.build/Objects-normal/arm64_32/URLSchemeRouter.d -emit-const-values-path /Users/admin/builder/spi-builder-workspace/.derivedData/Build/Intermediates.noindex/URLSchemeRouter.build/Debug-watchos/URLSchemeRouter-t.build/Objects-normal/arm64_32/URLSchemeRouter.swiftconstvalues -emit-reference-dependencies-path /Users/admin/builder/spi-builder-workspace/.derivedData/Build/Intermediates.noindex/URLSchemeRouter.build/Debug-watchos/URLSchemeRouter-t.build/Objects-normal/arm64_32/URLSchemeRouter.swiftdeps -serialize-diagnostics-path /Users/admin/builder/spi-builder-workspace/.derivedData/Build/Intermediates.noindex/URLSchemeRouter.build/Debug-watchos/URLSchemeRouter-t.build/Objects-normal/arm64_32/URLSchemeRouter.dia -target arm64_32-apple-watchos9.0 -module-can-import-version UIKit 9127.0.84.1 9127.0.84 -disable-cross-import-overlay-search -load-resolved-plugin /Applications/Xcode-27.0.0-Release.Candidate.app/Contents/Developer/Platforms/WatchOS.platform/Developer/usr/lib/swift/host/plugins/libFoundationMacros.dylib\#/Applications/Xcode-27.0.0-Release.Candidate.app/Contents/Developer/Platforms/WatchOS.platform/Developer/usr/bin/swift-plugin-server\#FoundationMacros -load-resolved-plugin /Applications/Xcode-27.0.0-Release.Candidate.app/Contents/Developer/Platforms/WatchOS.platform/Developer/usr/lib/swift/host/plugins/libObservationMacros.dylib\#/Applications/Xcode-27.0.0-Release.Candidate.app/Contents/Developer/Platforms/WatchOS.platform/Developer/usr/bin/swift-plugin-server\#ObservationMacros -load-resolved-plugin /Applications/Xcode-27.0.0-Release.Candidate.app/Contents/Developer/Platforms/WatchOS.platform/Developer/usr/lib/swift/host/plugins/libSwiftMacros.dylib\#/Applications/Xcode-27.0.0-Release.Candidate.app/Contents/Developer/Platforms/WatchOS.platform/Developer/usr/bin/swift-plugin-server\#SwiftMacros -load-resolved-plugin /Applications/Xcode-27.0.0-Release.Candidate.app/Contents/Developer/Platforms/WatchOS.platform/Developer/usr/lib/swift/host/plugins/libSwiftUIMacros.dylib\#/Applications/Xcode-27.0.0-Release.Candidate.app/Contents/Developer/Platforms/WatchOS.platform/Developer/usr/bin/swift-plugin-server\#SwiftUIMacros -disable-implicit-swift-modules -Xcc -fno-implicit-modules -Xcc -fno-implicit-module-maps -explicit-swift-module-map-file /Users/admin/builder/spi-builder-workspace/.derivedData/Build/Intermediates.noindex/URLSchemeRouter.build/Debug-watchos/URLSchemeRouter-t.build/Objects-normal/arm64_32/URLSchemeRouter-dependencies-1.json -enable-objc-interop -sdk /Applications/Xcode-27.0.0-Release.Candidate.app/Contents/Developer/Platforms/WatchOS.platform/Developer/SDKs/WatchOS27.0.sdk -I /Users/admin/builder/spi-builder-workspace/.derivedData/Build/Products/Debug-watchos -Isystem /Applications/Xcode-27.0.0-Release.Candidate.app/Contents/Developer/Platforms/WatchOS.platform/Developer/usr/lib -F /Users/admin/builder/spi-builder-workspace/.derivedData/Build/Products/Debug-watchos/PackageFrameworks -F /Users/admin/builder/spi-builder-workspace/.derivedData/Build/Products/Debug-watchos -F /Applications/Xcode-27.0.0-Release.Candidate.app/Contents/Developer/Platforms/WatchOS.platform/Developer/Library/Frameworks -F /Applications/Xcode-27.0.0-Release.Candidate.app/Contents/Developer/Platforms/WatchOS.platform/Developer/SDKs/WatchOS27.0.sdk/Developer/Library/Frameworks -module-cache-path /Users/admin/builder/spi-builder-workspace/.derivedData/Build/Intermediates.noindex/SwiftExplicitPrecompiledModules -no-color-diagnostics -Xcc -fno-color-diagnostics -enable-testing -g -debug-info-format\=dwarf -dwarf-version\=4 -profile-generate -profile-coverage-mapping -swift-version 5 -Onone -D SWIFT_PACKAGE -D DEBUG -D SWIFT_MODULE_RESOURCE_BUNDLE_UNAVAILABLE -D Xcode -serialize-debugging-options -enable-experimental-feature DebugDescriptionMacro -empty-abi-descriptor -validate-clang-modules-once -clang-build-session-file /Users/admin/builder/spi-builder-workspace/.derivedData/ModuleCache.noindex/Session.modulevalidation -Xcc -working-directory -Xcc /Users/admin/builder/spi-builder-workspace/.swiftpm/xcode -enable-anonymous-context-mangled-names -file-compilation-dir /Users/admin/builder/spi-builder-workspace/.swiftpm/xcode -Xcc -D_LIBCPP_HARDENING_MODE\=_LIBCPP_HARDENING_MODE_DEBUG -Xcc -ivfsstatcache -Xcc /Users/admin/builder/spi-builder-workspace/.derivedData/SDKStatCaches.noindex/watchos27.0-24R360-e829b21a6f8c9b70876ba0858053c04477534ef55a1706bf4c1112bbb242f0a2.sdkstatcache -Xcc -fmodules-prune-interval\=86400 -Xcc -fmodules-prune-after\=345600 -Xcc -I/Users/admin/builder/spi-builder-workspace/.derivedData/Build/Products/Debug-watchos/include -Xcc -I/Users/admin/builder/spi-builder-workspace/.derivedData/Build/Intermediates.noindex/URLSchemeRouter.build/Debug-watchos/URLSchemeRouter-t.build/DerivedSources-normal/arm64_32 -Xcc -I/Users/admin/builder/spi-builder-workspace/.derivedData/Build/Intermediates.noindex/URLSchemeRouter.build/Debug-watchos/URLSchemeRouter-t.build/DerivedSources/arm64_32 -Xcc -I/Users/admin/builder/spi-builder-workspace/.derivedData/Build/Intermediates.noindex/URLSchemeRouter.build/Debug-watchos/URLSchemeRouter-t.build/DerivedSources -Xcc -DSWIFT_PACKAGE -Xcc -DDEBUG\=1 -no-auto-bridging-header-chaining -module-name URLSchemeRouter -package-name spi_builder_workspace -const-gather-protocols-file /Users/admin/builder/spi-builder-workspace/.derivedData/Build/Intermediates.noindex/URLSchemeRouter.build/Debug-watchos/URLSchemeRouter-t.build/Objects-normal/arm64_32/URLSchemeRouter_const_extract_protocols.json -disable-clang-spi -clang-target arm64_32-apple-watchos27.0 -target-sdk-version 27.0 -target-sdk-name watchos27.0 -in-process-plugin-server-path /Applications/Xcode-27.0.0-Release.Candidate.app/Contents/Developer/Toolchains/XcodeDefault.xctoolchain/usr/lib/swift/host/libSwiftInProcPluginServer.dylib -parse-as-library -o /Users/admin/builder/spi-builder-workspace/.derivedData/Build/Intermediates.noindex/URLSchemeRouter.build/Debug-watchos/URLSchemeRouter-t.build/Objects-normal/arm64_32/URLSchemeRouter.o -debug-module-path /Users/admin/builder/spi-builder-workspace/.derivedData/Build/Intermediates.noindex/URLSchemeRouter.build/Debug-watchos/URLSchemeRouter-t.build/Objects-normal/arm64_32/URLSchemeRouter.swiftmodule -index-unit-output-path /URLSchemeRouter.build/Debug-watchos/URLSchemeRouter-t.build/Objects-normal/arm64_32/URLSchemeRouter.o -index-store-path /Users/admin/builder/spi-builder-workspace/.derivedData/Index.noindex/DataStore -index-system-modules
PruneExplicitPrecompiledModules /Users/admin/builder/spi-builder-workspace/.derivedData/Build/Intermediates.noindex/ExplicitPrecompiledModules
PruneExplicitPrecompiledModules /Users/admin/builder/spi-builder-workspace/.derivedData/SDKExplicitPrecompiledModules
PruneExplicitPrecompiledModules /Users/admin/builder/spi-builder-workspace/.derivedData/Build/Intermediates.noindex/SwiftExplicitPrecompiledModules
2026-09-20 14:22:02.774 xcodebuild[848:4983] [MT] IDERunDestination: Supported platforms for the buildables in the current scheme is empty.
** BUILD FAILED **
The following build commands failed:
SwiftCompile normal arm64 /Users/admin/builder/spi-builder-workspace/Sources/URLSchemeRouter/URLSchemeRouter.swift (in target 'URLSchemeRouter' from project 'URLSchemeRouter')
SwiftCompile normal arm64 Compiling\ URLSchemeRouter.swift /Users/admin/builder/spi-builder-workspace/Sources/URLSchemeRouter/URLSchemeRouter.swift (in target 'URLSchemeRouter' from project 'URLSchemeRouter')
SwiftCompile normal arm64_32 /Users/admin/builder/spi-builder-workspace/Sources/URLSchemeRouter/URLSchemeRouter.swift (in target 'URLSchemeRouter' from project 'URLSchemeRouter')
SwiftCompile normal arm64_32 Compiling\ URLSchemeRouter.swift /Users/admin/builder/spi-builder-workspace/Sources/URLSchemeRouter/URLSchemeRouter.swift (in target 'URLSchemeRouter' from project 'URLSchemeRouter')
Building workspace URLSchemeRouter with scheme URLSchemeRouter
(5 failures)
BUILD FAILURE 6.4 watchOS