Build Information
Failed to build MoreWindows with Swift 5.10 for Linux.
Build Command
bash -c docker run --rm -v "checkouts-4606859-1":/host -w "$workDir" registry.gitlab.com/finestructure/spi-images:basic-5.10-latest swift build --triple x86_64-unknown-linux-gnu 2>&1
Build Log
========================================
RunAll
========================================
Builder version: 4.41.1
Interrupt handler set up.
========================================
Checkout
========================================
Clone URL: https://github.com/ryanslikesocool/MoreWindows.git
Reference: main
Initialized empty Git repository in /host/spi-builder-workspace/.git/
hint: Using 'master' as the name for the initial branch. This default branch name
hint: is subject to change. To configure the initial branch name to use in all
hint: of your new repositories, which will suppress this warning, call:
hint:
hint: git config --global init.defaultBranch <name>
hint:
hint: Names commonly chosen instead of 'master' are 'main', 'trunk' and
hint: 'development'. The just-created branch can be renamed via this command:
hint:
hint: git branch -m <name>
From https://github.com/ryanslikesocool/MoreWindows
* branch main -> FETCH_HEAD
* [new branch] main -> origin/main
HEAD is now at 91b4871 Update README.md
Cloned https://github.com/ryanslikesocool/MoreWindows.git
Revision (git rev-parse @):
91b48718f2015f1901ad5e85bdb7d33f60c5e86c
SUCCESS checkout https://github.com/ryanslikesocool/MoreWindows.git at main
========================================
Build
========================================
Selected platform: linux
Swift version: 5.10
Building package at path: $workDir
https://github.com/ryanslikesocool/MoreWindows.git
Running build ...
bash -c docker run --rm -v "checkouts-4606859-1":/host -w "$workDir" registry.gitlab.com/finestructure/spi-images:basic-5.10-latest swift build --triple x86_64-unknown-linux-gnu 2>&1
Building for debugging...
[0/5] Write sources
[4/5] Write swift-version-24593BA9C3E375BF.txt
[6/20] Compiling _MoreWindowsCommon AppIconOptionsKey.swift
/host/spi-builder-workspace/Sources/_MoreWindowsCommon/Data/DismissWindowAction.swift:1:8: error: no such module 'AppKit'
import AppKit
^
[7/20] Compiling _MoreWindowsCommon AppVersionOptionsKey.swift
/host/spi-builder-workspace/Sources/_MoreWindowsCommon/Data/DismissWindowAction.swift:1:8: error: no such module 'AppKit'
import AppKit
^
[8/21] Compiling _MoreWindowsCommon Divided.swift
/host/spi-builder-workspace/Sources/_MoreWindowsCommon/Data/DismissWindowAction.swift:1:8: error: no such module 'AppKit'
import AppKit
^
error: emit-module command failed with exit code 1 (use -v to see invocation)
[9/21] Emitting module _MoreWindowsCommon
/host/spi-builder-workspace/Sources/_MoreWindowsCommon/Data/DismissWindowAction.swift:1:8: error: no such module 'AppKit'
import AppKit
^
[10/21] Compiling _MoreWindowsCommon AppIconOptions.swift
/host/spi-builder-workspace/Sources/_MoreWindowsCommon/Data/DismissWindowAction.swift:1:8: error: no such module 'AppKit'
import AppKit
^
[11/21] Compiling _MoreWindowsCommon AppVersionOptions.swift
/host/spi-builder-workspace/Sources/_MoreWindowsCommon/Data/DismissWindowAction.swift:1:8: error: no such module 'AppKit'
import AppKit
^
[12/21] Compiling _MoreWindowsCommon DismissWindowAction.swift
/host/spi-builder-workspace/Sources/_MoreWindowsCommon/Data/DismissWindowAction.swift:1:8: error: no such module 'AppKit'
import AppKit
^
[13/21] Compiling _MoreWindowsCommon PathReductionMode.swift
/host/spi-builder-workspace/Sources/_MoreWindowsCommon/Data/DismissWindowAction.swift:1:8: error: no such module 'AppKit'
import AppKit
^
[14/21] Compiling _MoreWindowsCommon AppIconView.swift
/host/spi-builder-workspace/Sources/_MoreWindowsCommon/Data/DismissWindowAction.swift:1:8: error: no such module 'AppKit'
import AppKit
^
[15/21] Compiling _MoreWindowsCommon AppVersionView.swift
/host/spi-builder-workspace/Sources/_MoreWindowsCommon/Data/DismissWindowAction.swift:1:8: error: no such module 'AppKit'
import AppKit
^
[16/21] Compiling _MoreWindowsCommon PathReductionOption.swift
/host/spi-builder-workspace/Sources/_MoreWindowsCommon/Data/DismissWindowAction.swift:1:8: error: no such module 'AppKit'
import AppKit
^
[17/21] Compiling _MoreWindowsCommon WindowType.swift
/host/spi-builder-workspace/Sources/_MoreWindowsCommon/Data/DismissWindowAction.swift:1:8: error: no such module 'AppKit'
import AppKit
^
[18/21] Compiling _MoreWindowsCommon DismissWindowKey.swift
/host/spi-builder-workspace/Sources/_MoreWindowsCommon/Data/DismissWindowAction.swift:1:8: error: no such module 'AppKit'
import AppKit
^
[19/21] Compiling _MoreWindowsCommon Logger+Extension.swift
/host/spi-builder-workspace/Sources/_MoreWindowsCommon/Data/DismissWindowAction.swift:1:8: error: no such module 'AppKit'
import AppKit
^
[20/21] Compiling _MoreWindowsCommon URL+Extension.swift
/host/spi-builder-workspace/Sources/_MoreWindowsCommon/Data/DismissWindowAction.swift:1:8: error: no such module 'AppKit'
import AppKit
^
[21/21] Compiling _MoreWindowsCommon AppInformation.swift
/host/spi-builder-workspace/Sources/_MoreWindowsCommon/Data/DismissWindowAction.swift:1:8: error: no such module 'AppKit'
import AppKit
^
error: fatalError
BUILD FAILURE 5.10 linux