The Swift Package Index logo.Swift Package Index

Build Information

Failed to build Plato, reference main (ee0a30), with Swift 6.4 for Android on 20 Sep 2026 16:29:22 UTC.

Build Command

bash -c docker run --pull=always --rm -v "checkouts-54344847-0":/host -w "$PWD" -e JAVA_HOME="/root/.sdkman/candidates/java/current" -e SPI_BUILD="1" -e SPI_PROCESSING="1" registry.gitlab.com/saguaro1/spi-images:android-6.4-latest swift build --swift-sdk aarch64-unknown-linux-android28 2>&1

Build Log

========================================
RunAll
========================================
Builder version: 5.1.0
Interrupt handler set up.
========================================
Checkout
========================================
Clone URL: https://github.com/pedroesli/Plato.git
Reference: main
Initialized empty Git repository in /host/spi-builder-workspace/.git/
hint: Using 'master' as the name for the initial branch. This default branch name
hint: is subject to change. To configure the initial branch name to use in all
hint: of your new repositories, which will suppress this warning, call:
hint:
hint: 	git config --global init.defaultBranch <name>
hint:
hint: Names commonly chosen instead of 'master' are 'main', 'trunk' and
hint: 'development'. The just-created branch can be renamed via this command:
hint:
hint: 	git branch -m <name>
From https://github.com/pedroesli/Plato
 * branch            main       -> FETCH_HEAD
 * [new branch]      main       -> origin/main
HEAD is now at ee0a30d Create LICENSE
Cloned https://github.com/pedroesli/Plato.git
Revision (git rev-parse @):
ee0a30d707fd45516726d30fab3a37797cd09bad
SUCCESS checkout https://github.com/pedroesli/Plato.git at main
========================================
Build
========================================
Selected platform:         android
Swift version:             6.4
Building package at path:  $PWD
https://github.com/pedroesli/Plato.git
Running build ...
bash -c docker run --pull=always --rm -v "checkouts-54344847-0":/host -w "$PWD" -e JAVA_HOME="/root/.sdkman/candidates/java/current" -e SPI_BUILD="1" -e SPI_PROCESSING="1" registry.gitlab.com/saguaro1/spi-images:android-6.4-latest swift build --swift-sdk aarch64-unknown-linux-android28 2>&1
android-6.4-latest: Pulling from saguaro1/spi-images
Digest: sha256:abadcff584c273feba50641b454858d377ba30b35ea7287a94f45ebd8afd0ea0
Status: Image is up to date for registry.gitlab.com/saguaro1/spi-images:android-6.4-latest
Fetching https://github.com/antlr/antlr4
[1/173045] Fetching antlr4
Fetched https://github.com/antlr/antlr4 (3.58s)
Computing version for https://github.com/antlr/antlr4
Computed https://github.com/antlr/antlr4 at 4.13.2 (4.62s)
Creating working copy for https://github.com/antlr/antlr4
Working copy of https://github.com/antlr/antlr4 resolved at 4.13.2
warning: 'spi-builder-workspace': found 4 file(s) which are unhandled; explicitly declare them as resources or exclude from the target
    /host/spi-builder-workspace/Sources/PlatoCore/Parser/Plato.interp
    /host/spi-builder-workspace/Sources/PlatoCore/Parser/Plato.tokens
    /host/spi-builder-workspace/Sources/PlatoCore/Parser/PlatoLexer.interp
    /host/spi-builder-workspace/Sources/PlatoCore/Parser/PlatoLexer.tokens
Building for debugging...
[Pre-planning 1 / 125]
[Planning deferred tasks]
[31 / 53] Antlr4
[40 / 62] Antlr4
[41 / 62] Antlr4
[46 / 63] PlatoCore
error: SwiftCompile normal aarch64 /host/spi-builder-workspace/Sources/PlatoCore/Functions/Native/Math/CosFunc.swift failed with a nonzero exit code. Command line:     cd /host
    builtin-SwiftPerFileCompile CosFunc.swift
error: SwiftCompile normal aarch64 /host/spi-builder-workspace/Sources/PlatoCore/Functions/Native/Math/CoshFunc.swift failed with a nonzero exit code. Command line:     cd /host
    builtin-SwiftPerFileCompile CoshFunc.swift
error: SwiftCompile normal aarch64 /host/spi-builder-workspace/Sources/PlatoCore/Functions/Native/Math/ExpFunc.swift failed with a nonzero exit code. Command line:     cd /host
    builtin-SwiftPerFileCompile ExpFunc.swift
error: SwiftCompile normal aarch64 /host/spi-builder-workspace/Sources/PlatoCore/Functions/Native/Math/GammaFunc.swift failed with a nonzero exit code. Command line:     cd /host
    builtin-SwiftPerFileCompile GammaFunc.swift
error: SwiftCompile normal aarch64 /host/spi-builder-workspace/Sources/PlatoCore/Functions/Native/Math/Log10Func.swift failed with a nonzero exit code. Command line:     cd /host
    builtin-SwiftPerFileCompile Log10Func.swift
error: SwiftCompile normal aarch64 /host/spi-builder-workspace/Sources/PlatoCore/Functions/Native/Math/Log2Func.swift failed with a nonzero exit code. Command line:     cd /host
    builtin-SwiftPerFileCompile Log2Func.swift
error: SwiftCompile normal aarch64 /host/spi-builder-workspace/Sources/PlatoCore/Functions/Native/Math/LogFunc.swift failed with a nonzero exit code. Command line:     cd /host
    builtin-SwiftPerFileCompile LogFunc.swift
error: SwiftCompile normal aarch64 /host/spi-builder-workspace/Sources/PlatoCore/Functions/Native/Math/LogGammaFunc.swift failed with a nonzero exit code. Command line:     cd /host
    builtin-SwiftPerFileCompile LogGammaFunc.swift
error: SwiftCompile normal aarch64 /host/spi-builder-workspace/Sources/PlatoCore/Functions/Native/Math/PowFunc.swift failed with a nonzero exit code. Command line:     cd /host
    builtin-SwiftPerFileCompile PowFunc.swift
error: SwiftCompile normal aarch64 /host/spi-builder-workspace/Sources/PlatoCore/Functions/Native/Math/SinFunc.swift failed with a nonzero exit code. Command line:     cd /host
    builtin-SwiftPerFileCompile SinFunc.swift
/host/spi-builder-workspace/Sources/PlatoCore/Functions/Native/Math/AcosFunc.swift:8:8: error: no such module 'Darwin'
 6 | //
 7 |
 8 | import Darwin
   |        `- error: no such module 'Darwin'
 9 |
10 | public struct AcosFunc: FunctionResultHandling {
Failed frontend command:
/root/.local/share/swiftly/toolchains/6.4.x-snapshot-2026-09-04/usr/bin/swift-frontend -frontend -c /host/spi-builder-workspace/Sources/PlatoCore/BailErrorStrategy.swift /host/spi-builder-workspace/Sources/PlatoCore/CommandType.swift /host/spi-builder-workspace/Sources/PlatoCore/DefaultPrintHandler.swift /host/spi-builder-workspace/Sources/PlatoCore/Extensions/PlatoParser+Extensions.swift /host/spi-builder-workspace/Sources/PlatoCore/Functions/CallParameter.swift /host/spi-builder-workspace/Sources/PlatoCore/Functions/Function.swift /host/spi-builder-workspace/Sources/PlatoCore/Functions/FunctionPolymorphism.swift /host/spi-builder-workspace/Sources/PlatoCore/Functions/FunctionScope.swift /host/spi-builder-workspace/Sources/PlatoCore/Functions/Native/DefaultNativeFunctionHandler.swift /host/spi-builder-workspace/Sources/PlatoCore/Functions/Native/Foundation/PrintFunc.swift /host/spi-builder-workspace/Sources/PlatoCore/Functions/Native/Foundation/RandomFunc.swift /host/spi-builder-workspace/Sources/PlatoCore/Functions/Native/Foundation/ReadLineFunc.swift /host/spi-builder-workspace/Sources/PlatoCore/Functions/Native/FunctionError.swift /host/spi-builder-workspace/Sources/PlatoCore/Functions/Native/FunctionResultHandling.swift /host/spi-builder-workspace/Sources/PlatoCore/Functions/Native/Math/AcosFunc.swift /host/spi-builder-workspace/Sources/PlatoCore/Functions/Native/Math/AcoshFunc.swift /host/spi-builder-workspace/Sources/PlatoCore/Functions/Native/Math/AsinFunc.swift /host/spi-builder-workspace/Sources/PlatoCore/Functions/Native/Math/AsinhFunc.swift /host/spi-builder-workspace/Sources/PlatoCore/Functions/Native/Math/AtanFunc.swift /host/spi-builder-workspace/Sources/PlatoCore/Functions/Native/Math/AtanhFunc.swift -primary-file /host/spi-builder-workspace/Sources/PlatoCore/Functions/Native/Math/CosFunc.swift -primary-file /host/spi-builder-workspace/Sources/PlatoCore/Functions/Native/Math/CoshFunc.swift -primary-file /host/spi-builder-workspace/Sources/PlatoCore/Functions/Native/Math/ExpFunc.swift -primary-file /host/spi-builder-workspace/Sources/PlatoCore/Functions/Native/Math/GammaFunc.swift -primary-file /host/spi-builder-workspace/Sources/PlatoCore/Functions/Native/Math/Log10Func.swift -primary-file /host/spi-builder-workspace/Sources/PlatoCore/Functions/Native/Math/Log2Func.swift -primary-file /host/spi-builder-workspace/Sources/PlatoCore/Functions/Native/Math/LogFunc.swift -primary-file /host/spi-builder-workspace/Sources/PlatoCore/Functions/Native/Math/LogGammaFunc.swift -primary-file /host/spi-builder-workspace/Sources/PlatoCore/Functions/Native/Math/PowFunc.swift -primary-file /host/spi-builder-workspace/Sources/PlatoCore/Functions/Native/Math/SinFunc.swift /host/spi-builder-workspace/Sources/PlatoCore/Functions/Native/Math/SinhFunc.swift /host/spi-builder-workspace/Sources/PlatoCore/Functions/Native/Math/SqrtFunc.swift /host/spi-builder-workspace/Sources/PlatoCore/Functions/Native/Math/TanFunc.swift /host/spi-builder-workspace/Sources/PlatoCore/Functions/Native/Math/TanhFunc.swift /host/spi-builder-workspace/Sources/PlatoCore/Functions/Native/NativeFunctionHandling.swift /host/spi-builder-workspace/Sources/PlatoCore/Functions/Native/TypeFunctions/ArrayFunc.swift /host/spi-builder-workspace/Sources/PlatoCore/Functions/Native/TypeFunctions/BoolFunc.swift /host/spi-builder-workspace/Sources/PlatoCore/Functions/Native/TypeFunctions/DoubleFunc.swift /host/spi-builder-workspace/Sources/PlatoCore/Functions/Native/TypeFunctions/FloatFunc.swift /host/spi-builder-workspace/Sources/PlatoCore/Functions/Native/TypeFunctions/IntFunc.swift /host/spi-builder-workspace/Sources/PlatoCore/Functions/Native/TypeFunctions/StringFunc.swift /host/spi-builder-workspace/Sources/PlatoCore/Functions/Parameter.swift /host/spi-builder-workspace/Sources/PlatoCore/IDValidator.swift /host/spi-builder-workspace/Sources/PlatoCore/Operations/ArithmeticOperations/AddOperation.swift /host/spi-builder-workspace/Sources/PlatoCore/Operations/ArithmeticOperations/DivideOperation.swift /host/spi-builder-workspace/Sources/PlatoCore/Operations/ArithmeticOperations/ExponentOperation.swift /host/spi-builder-workspace/Sources/PlatoCore/Operations/ArithmeticOperations/ModuloOperation.swift /host/spi-builder-workspace/Sources/PlatoCore/Operations/ArithmeticOperations/MultiplyOperation.swift /host/spi-builder-workspace/Sources/PlatoCore/Operations/ArithmeticOperations/SubtractOperation.swift /host/spi-builder-workspace/Sources/PlatoCore/Operations/BaseOperation.swift /host/spi-builder-workspace/Sources/PlatoCore/Operations/BooleanOperations/AndOperation.swift /host/spi-builder-workspace/Sources/PlatoCore/Operations/BooleanOperations/DifferentOperation.swift /host/spi-builder-workspace/Sources/PlatoCore/Operations/BooleanOperations/EqualOperation.swift /host/spi-builder-workspace/Sources/PlatoCore/Operations/BooleanOperations/GreaterThanEqualOperation.swift /host/spi-builder-workspace/Sources/PlatoCore/Operations/BooleanOperations/GreaterThanOperation.swift /host/spi-builder-workspace/Sources/PlatoCore/Operations/BooleanOperations/LessThanEqualOperation.swift /host/spi-builder-workspace/Sources/PlatoCore/Operations/BooleanOperations/LessThanOperation.swift /host/spi-builder-workspace/Sources/PlatoCore/Operations/BooleanOperations/OrOperation.swift /host/spi-builder-workspace/Sources/PlatoCore/Operations/OperationError.swift /host/spi-builder-workspace/Sources/PlatoCore/Operations/OperationType.swift /host/spi-builder-workspace/Sources/PlatoCore/Parser/PlatoBaseVisitor.swift /host/spi-builder-workspace/Sources/PlatoCore/Parser/PlatoLexer.swift /host/spi-builder-workspace/Sources/PlatoCore/Parser/PlatoParser.swift /host/spi-builder-workspace/Sources/PlatoCore/Parser/PlatoVisitor.swift /host/spi-builder-workspace/Sources/PlatoCore/PlatoConfiguration.swift /host/spi-builder-workspace/Sources/PlatoCore/PlatoContinuation.swift /host/spi-builder-workspace/Sources/PlatoCore/PlatoError.swift /host/spi-builder-workspace/Sources/PlatoCore/PlatoInterpreter.swift /host/spi-builder-workspace/Sources/PlatoCore/PrintValue.swift /host/spi-builder-workspace/Sources/PlatoCore/ReservedKeywords.swift /host/spi-builder-workspace/Sources/PlatoCore/Stack.swift /host/spi-builder-workspace/Sources/PlatoCore/Value/ArrayValue.swift /host/spi-builder-workspace/Sources/PlatoCore/Value/Value.swift /host/spi-builder-workspace/Sources/PlatoCore/Value/ValueType.swift /host/spi-builder-workspace/Sources/PlatoCore/Variable/Variable.swift /host/spi-builder-workspace/Sources/PlatoCore/Variable/VariableScope.swift /host/spi-builder-workspace/Sources/PlatoCore/Variable/VariableType.swift -supplementary-output-file-map /host/spi-builder-workspace/.build/out/Intermediates.noindex/Plato.build/Debug-android-aarch64/PlatoCore-t.build/Objects-normal/aarch64/supplementaryOutputs-11 -target aarch64-unknown-linux-android28 -Xllvm -aarch64-use-tbi -disable-objc-interop -sdk /android-ndk/android-ndk-r27d/toolchains/llvm/prebuilt/linux-x86_64/sysroot -sysroot /android-ndk/android-ndk-r27d/toolchains/llvm/prebuilt/linux-x86_64/sysroot -I /host/spi-builder-workspace/.build/out/Products/Debug-android-aarch64 -module-cache-path /host/spi-builder-workspace/.build/out/ModuleCache.noindex -color-diagnostics -Xcc -fcolor-diagnostics -enable-testing -g -debug-info-format\=dwarf -dwarf-version\=4 -swift-version 5 -Onone -D SWIFT_PACKAGE -D DEBUG -D SWIFT_MODULE_RESOURCE_BUNDLE_UNAVAILABLE -D Xcode -serialize-debugging-options -enable-experimental-feature DebugDescriptionMacro -empty-abi-descriptor -external-plugin-path /root/.local/share/swiftly/toolchains/6.4.x-snapshot-2026-09-04/usr/lib/swift/host/plugins/testing\#/root/.local/share/swiftly/toolchains/6.4.x-snapshot-2026-09-04/usr/bin/swift-plugin-server -validate-clang-modules-once -clang-build-session-file /host/spi-builder-workspace/.build/out/ModuleCache.noindex/Session.modulevalidation -Xcc -working-directory -Xcc /host -resource-dir /root/.swiftpm/swift-sdks/swift-6.4.x-DEVELOPMENT-SNAPSHOT-2026-09-04-a_android.artifactbundle/swift-android/swift-resources/usr/lib/swift-aarch64 -enable-anonymous-context-mangled-names -file-compilation-dir /host -Xcc -resource-dir -Xcc /android-ndk/android-ndk-r27d/toolchains/llvm/prebuilt/linux-x86_64/lib/clang/18 -Xcc -fno-omit-frame-pointer -Xcc -D_LIBCPP_HARDENING_MODE\=_LIBCPP_HARDENING_MODE_DEBUG -Xcc -fmodules-prune-interval\=86400 -Xcc -fmodules-prune-after\=345600 -Xcc -I/host/spi-builder-workspace/.build/out/Products/Debug-android-aarch64/include -Xcc -I/host/spi-builder-workspace/.build/out/Intermediates.noindex/Plato.build/Debug-android-aarch64/PlatoCore-t.build/DerivedSources-normal/aarch64 -Xcc -I/host/spi-builder-workspace/.build/out/Intermediates.noindex/Plato.build/Debug-android-aarch64/PlatoCore-t.build/DerivedSources/aarch64 -Xcc -I/host/spi-builder-workspace/.build/out/Intermediates.noindex/Plato.build/Debug-android-aarch64/PlatoCore-t.build/DerivedSources -Xcc -DSWIFT_PACKAGE -Xcc -DDEBUG\=1 -no-auto-bridging-header-chaining -module-name PlatoCore -package-name spi_builder_workspace -const-gather-protocols-file /host/spi-builder-workspace/.build/out/Intermediates.noindex/Plato.build/Debug-android-aarch64/PlatoCore-t.build/Objects-normal/aarch64/PlatoCore_const_extract_protocols.json -in-process-plugin-server-path /root/.local/share/swiftly/toolchains/6.4.x-snapshot-2026-09-04/usr/lib/swift/host/libSwiftInProcPluginServer.so -plugin-path /root/.local/share/swiftly/toolchains/6.4.x-snapshot-2026-09-04/usr/lib/swift/host/plugins -plugin-path /root/.local/share/swiftly/toolchains/6.4.x-snapshot-2026-09-04/usr/local/lib/swift/host/plugins -parse-as-library -o /host/spi-builder-workspace/.build/out/Intermediates.noindex/Plato.build/Debug-android-aarch64/PlatoCore-t.build/Objects-normal/aarch64/CosFunc.o -o /host/spi-builder-workspace/.build/out/Intermediates.noindex/Plato.build/Debug-android-aarch64/PlatoCore-t.build/Objects-normal/aarch64/CoshFunc.o -o /host/spi-builder-workspace/.build/out/Intermediates.noindex/Plato.build/Debug-android-aarch64/PlatoCore-t.build/Objects-normal/aarch64/ExpFunc.o -o /host/spi-builder-workspace/.build/out/Intermediates.noindex/Plato.build/Debug-android-aarch64/PlatoCore-t.build/Objects-normal/aarch64/GammaFunc.o -o /host/spi-builder-workspace/.build/out/Intermediates.noindex/Plato.build/Debug-android-aarch64/PlatoCore-t.build/Objects-normal/aarch64/Log10Func.o -o /host/spi-builder-workspace/.build/out/Intermediates.noindex/Plato.build/Debug-android-aarch64/PlatoCore-t.build/Objects-normal/aarch64/Log2Func.o -o /host/spi-builder-workspace/.build/out/Intermediates.noindex/Plato.build/Debug-android-aarch64/PlatoCore-t.build/Objects-normal/aarch64/LogFunc.o -o /host/spi-builder-workspace/.build/out/Intermediates.noindex/Plato.build/Debug-android-aarch64/PlatoCore-t.build/Objects-normal/aarch64/LogGammaFunc.o -o /host/spi-builder-workspace/.build/out/Intermediates.noindex/Plato.build/Debug-android-aarch64/PlatoCore-t.build/Objects-normal/aarch64/PowFunc.o -o /host/spi-builder-workspace/.build/out/Intermediates.noindex/Plato.build/Debug-android-aarch64/PlatoCore-t.build/Objects-normal/aarch64/SinFunc.o -index-unit-output-path /Plato.build/Debug-android-aarch64/PlatoCore-t.build/Objects-normal/aarch64/CosFunc.o -index-unit-output-path /Plato.build/Debug-android-aarch64/PlatoCore-t.build/Objects-normal/aarch64/CoshFunc.o -index-unit-output-path /Plato.build/Debug-android-aarch64/PlatoCore-t.build/Objects-normal/aarch64/ExpFunc.o -index-unit-output-path /Plato.build/Debug-android-aarch64/PlatoCore-t.build/Objects-normal/aarch64/GammaFunc.o -index-unit-output-path /Plato.build/Debug-android-aarch64/PlatoCore-t.build/Objects-normal/aarch64/Log10Func.o -index-unit-output-path /Plato.build/Debug-android-aarch64/PlatoCore-t.build/Objects-normal/aarch64/Log2Func.o -index-unit-output-path /Plato.build/Debug-android-aarch64/PlatoCore-t.build/Objects-normal/aarch64/LogFunc.o -index-unit-output-path /Plato.build/Debug-android-aarch64/PlatoCore-t.build/Objects-normal/aarch64/LogGammaFunc.o -index-unit-output-path /Plato.build/Debug-android-aarch64/PlatoCore-t.build/Objects-normal/aarch64/PowFunc.o -index-unit-output-path /Plato.build/Debug-android-aarch64/PlatoCore-t.build/Objects-normal/aarch64/SinFunc.o -index-store-path /host/spi-builder-workspace/.build/out -index-system-modules
[56 / 73] PlatoCore
error: SwiftCompile normal aarch64 /host/spi-builder-workspace/Sources/PlatoCore/Operations/BooleanOperations/AndOperation.swift failed with a nonzero exit code. Command line:     cd /host
    builtin-SwiftPerFileCompile AndOperation.swift
error: SwiftCompile normal aarch64 /host/spi-builder-workspace/Sources/PlatoCore/Operations/BooleanOperations/DifferentOperation.swift failed with a nonzero exit code. Command line:     cd /host
    builtin-SwiftPerFileCompile DifferentOperation.swift
error: SwiftCompile normal aarch64 /host/spi-builder-workspace/Sources/PlatoCore/Operations/BooleanOperations/EqualOperation.swift failed with a nonzero exit code. Command line:     cd /host
    builtin-SwiftPerFileCompile EqualOperation.swift
error: SwiftCompile normal aarch64 /host/spi-builder-workspace/Sources/PlatoCore/Operations/BooleanOperations/GreaterThanEqualOperation.swift failed with a nonzero exit code. Command line:     cd /host
    builtin-SwiftPerFileCompile GreaterThanEqualOperation.swift
error: SwiftCompile normal aarch64 /host/spi-builder-workspace/Sources/PlatoCore/Operations/BooleanOperations/GreaterThanOperation.swift failed with a nonzero exit code. Command line:     cd /host
    builtin-SwiftPerFileCompile GreaterThanOperation.swift
error: SwiftCompile normal aarch64 /host/spi-builder-workspace/Sources/PlatoCore/Operations/BooleanOperations/LessThanEqualOperation.swift failed with a nonzero exit code. Command line:     cd /host
    builtin-SwiftPerFileCompile LessThanEqualOperation.swift
error: SwiftCompile normal aarch64 /host/spi-builder-workspace/Sources/PlatoCore/Operations/BooleanOperations/LessThanOperation.swift failed with a nonzero exit code. Command line:     cd /host
    builtin-SwiftPerFileCompile LessThanOperation.swift
error: SwiftCompile normal aarch64 /host/spi-builder-workspace/Sources/PlatoCore/Operations/BooleanOperations/OrOperation.swift failed with a nonzero exit code. Command line:     cd /host
    builtin-SwiftPerFileCompile OrOperation.swift
error: SwiftCompile normal aarch64 /host/spi-builder-workspace/Sources/PlatoCore/Operations/OperationError.swift failed with a nonzero exit code. Command line:     cd /host
    builtin-SwiftPerFileCompile OperationError.swift
/host/spi-builder-workspace/Sources/PlatoCore/Functions/Native/Math/AcosFunc.swift:8:8: error: no such module 'Darwin'
 6 | //
 7 |
 8 | import Darwin
   |        `- error: no such module 'Darwin'
 9 |
10 | public struct AcosFunc: FunctionResultHandling {
Failed frontend command:
/root/.local/share/swiftly/toolchains/6.4.x-snapshot-2026-09-04/usr/bin/swift-frontend -frontend -c /host/spi-builder-workspace/Sources/PlatoCore/BailErrorStrategy.swift /host/spi-builder-workspace/Sources/PlatoCore/CommandType.swift /host/spi-builder-workspace/Sources/PlatoCore/DefaultPrintHandler.swift /host/spi-builder-workspace/Sources/PlatoCore/Extensions/PlatoParser+Extensions.swift /host/spi-builder-workspace/Sources/PlatoCore/Functions/CallParameter.swift /host/spi-builder-workspace/Sources/PlatoCore/Functions/Function.swift /host/spi-builder-workspace/Sources/PlatoCore/Functions/FunctionPolymorphism.swift /host/spi-builder-workspace/Sources/PlatoCore/Functions/FunctionScope.swift /host/spi-builder-workspace/Sources/PlatoCore/Functions/Native/DefaultNativeFunctionHandler.swift /host/spi-builder-workspace/Sources/PlatoCore/Functions/Native/Foundation/PrintFunc.swift /host/spi-builder-workspace/Sources/PlatoCore/Functions/Native/Foundation/RandomFunc.swift /host/spi-builder-workspace/Sources/PlatoCore/Functions/Native/Foundation/ReadLineFunc.swift /host/spi-builder-workspace/Sources/PlatoCore/Functions/Native/FunctionError.swift /host/spi-builder-workspace/Sources/PlatoCore/Functions/Native/FunctionResultHandling.swift /host/spi-builder-workspace/Sources/PlatoCore/Functions/Native/Math/AcosFunc.swift /host/spi-builder-workspace/Sources/PlatoCore/Functions/Native/Math/AcoshFunc.swift /host/spi-builder-workspace/Sources/PlatoCore/Functions/Native/Math/AsinFunc.swift /host/spi-builder-workspace/Sources/PlatoCore/Functions/Native/Math/AsinhFunc.swift /host/spi-builder-workspace/Sources/PlatoCore/Functions/Native/Math/AtanFunc.swift /host/spi-builder-workspace/Sources/PlatoCore/Functions/Native/Math/AtanhFunc.swift /host/spi-builder-workspace/Sources/PlatoCore/Functions/Native/Math/CosFunc.swift /host/spi-builder-workspace/Sources/PlatoCore/Functions/Native/Math/CoshFunc.swift /host/spi-builder-workspace/Sources/PlatoCore/Functions/Native/Math/ExpFunc.swift /host/spi-builder-workspace/Sources/PlatoCore/Functions/Native/Math/GammaFunc.swift /host/spi-builder-workspace/Sources/PlatoCore/Functions/Native/Math/Log10Func.swift /host/spi-builder-workspace/Sources/PlatoCore/Functions/Native/Math/Log2Func.swift /host/spi-builder-workspace/Sources/PlatoCore/Functions/Native/Math/LogFunc.swift /host/spi-builder-workspace/Sources/PlatoCore/Functions/Native/Math/LogGammaFunc.swift /host/spi-builder-workspace/Sources/PlatoCore/Functions/Native/Math/PowFunc.swift /host/spi-builder-workspace/Sources/PlatoCore/Functions/Native/Math/SinFunc.swift /host/spi-builder-workspace/Sources/PlatoCore/Functions/Native/Math/SinhFunc.swift /host/spi-builder-workspace/Sources/PlatoCore/Functions/Native/Math/SqrtFunc.swift /host/spi-builder-workspace/Sources/PlatoCore/Functions/Native/Math/TanFunc.swift /host/spi-builder-workspace/Sources/PlatoCore/Functions/Native/Math/TanhFunc.swift /host/spi-builder-workspace/Sources/PlatoCore/Functions/Native/NativeFunctionHandling.swift /host/spi-builder-workspace/Sources/PlatoCore/Functions/Native/TypeFunctions/ArrayFunc.swift /host/spi-builder-workspace/Sources/PlatoCore/Functions/Native/TypeFunctions/BoolFunc.swift /host/spi-builder-workspace/Sources/PlatoCore/Functions/Native/TypeFunctions/DoubleFunc.swift /host/spi-builder-workspace/Sources/PlatoCore/Functions/Native/TypeFunctions/FloatFunc.swift /host/spi-builder-workspace/Sources/PlatoCore/Functions/Native/TypeFunctions/IntFunc.swift /host/spi-builder-workspace/Sources/PlatoCore/Functions/Native/TypeFunctions/StringFunc.swift /host/spi-builder-workspace/Sources/PlatoCore/Functions/Parameter.swift /host/spi-builder-workspace/Sources/PlatoCore/IDValidator.swift /host/spi-builder-workspace/Sources/PlatoCore/Operations/ArithmeticOperations/AddOperation.swift /host/spi-builder-workspace/Sources/PlatoCore/Operations/ArithmeticOperations/DivideOperation.swift /host/spi-builder-workspace/Sources/PlatoCore/Operations/ArithmeticOperations/ExponentOperation.swift /host/spi-builder-workspace/Sources/PlatoCore/Operations/ArithmeticOperations/ModuloOperation.swift /host/spi-builder-workspace/Sources/PlatoCore/Operations/ArithmeticOperations/MultiplyOperation.swift /host/spi-builder-workspace/Sources/PlatoCore/Operations/ArithmeticOperations/SubtractOperation.swift /host/spi-builder-workspace/Sources/PlatoCore/Operations/BaseOperation.swift -primary-file /host/spi-builder-workspace/Sources/PlatoCore/Operations/BooleanOperations/AndOperation.swift -primary-file /host/spi-builder-workspace/Sources/PlatoCore/Operations/BooleanOperations/DifferentOperation.swift -primary-file /host/spi-builder-workspace/Sources/PlatoCore/Operations/BooleanOperations/EqualOperation.swift -primary-file /host/spi-builder-workspace/Sources/PlatoCore/Operations/BooleanOperations/GreaterThanEqualOperation.swift -primary-file /host/spi-builder-workspace/Sources/PlatoCore/Operations/BooleanOperations/GreaterThanOperation.swift -primary-file /host/spi-builder-workspace/Sources/PlatoCore/Operations/BooleanOperations/LessThanEqualOperation.swift -primary-file /host/spi-builder-workspace/Sources/PlatoCore/Operations/BooleanOperations/LessThanOperation.swift -primary-file /host/spi-builder-workspace/Sources/PlatoCore/Operations/BooleanOperations/OrOperation.swift -primary-file /host/spi-builder-workspace/Sources/PlatoCore/Operations/OperationError.swift /host/spi-builder-workspace/Sources/PlatoCore/Operations/OperationType.swift /host/spi-builder-workspace/Sources/PlatoCore/Parser/PlatoBaseVisitor.swift /host/spi-builder-workspace/Sources/PlatoCore/Parser/PlatoLexer.swift /host/spi-builder-workspace/Sources/PlatoCore/Parser/PlatoParser.swift /host/spi-builder-workspace/Sources/PlatoCore/Parser/PlatoVisitor.swift /host/spi-builder-workspace/Sources/PlatoCore/PlatoConfiguration.swift /host/spi-builder-workspace/Sources/PlatoCore/PlatoContinuation.swift /host/spi-builder-workspace/Sources/PlatoCore/PlatoError.swift /host/spi-builder-workspace/Sources/PlatoCore/PlatoInterpreter.swift /host/spi-builder-workspace/Sources/PlatoCore/PrintValue.swift /host/spi-builder-workspace/Sources/PlatoCore/ReservedKeywords.swift /host/spi-builder-workspace/Sources/PlatoCore/Stack.swift /host/spi-builder-workspace/Sources/PlatoCore/Value/ArrayValue.swift /host/spi-builder-workspace/Sources/PlatoCore/Value/Value.swift /host/spi-builder-workspace/Sources/PlatoCore/Value/ValueType.swift /host/spi-builder-workspace/Sources/PlatoCore/Variable/Variable.swift /host/spi-builder-workspace/Sources/PlatoCore/Variable/VariableScope.swift /host/spi-builder-workspace/Sources/PlatoCore/Variable/VariableType.swift -supplementary-output-file-map /host/spi-builder-workspace/.build/out/Intermediates.noindex/Plato.build/Debug-android-aarch64/PlatoCore-t.build/Objects-normal/aarch64/supplementaryOutputs-14 -target aarch64-unknown-linux-android28 -Xllvm -aarch64-use-tbi -disable-objc-interop -sdk /android-ndk/android-ndk-r27d/toolchains/llvm/prebuilt/linux-x86_64/sysroot -sysroot /android-ndk/android-ndk-r27d/toolchains/llvm/prebuilt/linux-x86_64/sysroot -I /host/spi-builder-workspace/.build/out/Products/Debug-android-aarch64 -module-cache-path /host/spi-builder-workspace/.build/out/ModuleCache.noindex -color-diagnostics -Xcc -fcolor-diagnostics -enable-testing -g -debug-info-format\=dwarf -dwarf-version\=4 -swift-version 5 -Onone -D SWIFT_PACKAGE -D DEBUG -D SWIFT_MODULE_RESOURCE_BUNDLE_UNAVAILABLE -D Xcode -serialize-debugging-options -enable-experimental-feature DebugDescriptionMacro -empty-abi-descriptor -external-plugin-path /root/.local/share/swiftly/toolchains/6.4.x-snapshot-2026-09-04/usr/lib/swift/host/plugins/testing\#/root/.local/share/swiftly/toolchains/6.4.x-snapshot-2026-09-04/usr/bin/swift-plugin-server -validate-clang-modules-once -clang-build-session-file /host/spi-builder-workspace/.build/out/ModuleCache.noindex/Session.modulevalidation -Xcc -working-directory -Xcc /host -resource-dir /root/.swiftpm/swift-sdks/swift-6.4.x-DEVELOPMENT-SNAPSHOT-2026-09-04-a_android.artifactbundle/swift-android/swift-resources/usr/lib/swift-aarch64 -enable-anonymous-context-mangled-names -file-compilation-dir /host -Xcc -resource-dir -Xcc /android-ndk/android-ndk-r27d/toolchains/llvm/prebuilt/linux-x86_64/lib/clang/18 -Xcc -fno-omit-frame-pointer -Xcc -D_LIBCPP_HARDENING_MODE\=_LIBCPP_HARDENING_MODE_DEBUG -Xcc -fmodules-prune-interval\=86400 -Xcc -fmodules-prune-after\=345600 -Xcc -I/host/spi-builder-workspace/.build/out/Products/Debug-android-aarch64/include -Xcc -I/host/spi-builder-workspace/.build/out/Intermediates.noindex/Plato.build/Debug-android-aarch64/PlatoCore-t.build/DerivedSources-normal/aarch64 -Xcc -I/host/spi-builder-workspace/.build/out/Intermediates.noindex/Plato.build/Debug-android-aarch64/PlatoCore-t.build/DerivedSources/aarch64 -Xcc -I/host/spi-builder-workspace/.build/out/Intermediates.noindex/Plato.build/Debug-android-aarch64/PlatoCore-t.build/DerivedSources -Xcc -DSWIFT_PACKAGE -Xcc -DDEBUG\=1 -no-auto-bridging-header-chaining -module-name PlatoCore -package-name spi_builder_workspace -const-gather-protocols-file /host/spi-builder-workspace/.build/out/Intermediates.noindex/Plato.build/Debug-android-aarch64/PlatoCore-t.build/Objects-normal/aarch64/PlatoCore_const_extract_protocols.json -in-process-plugin-server-path /root/.local/share/swiftly/toolchains/6.4.x-snapshot-2026-09-04/usr/lib/swift/host/libSwiftInProcPluginServer.so -plugin-path /root/.local/share/swiftly/toolchains/6.4.x-snapshot-2026-09-04/usr/lib/swift/host/plugins -plugin-path /root/.local/share/swiftly/toolchains/6.4.x-snapshot-2026-09-04/usr/local/lib/swift/host/plugins -parse-as-library -o /host/spi-builder-workspace/.build/out/Intermediates.noindex/Plato.build/Debug-android-aarch64/PlatoCore-t.build/Objects-normal/aarch64/AndOperation.o -o /host/spi-builder-workspace/.build/out/Intermediates.noindex/Plato.build/Debug-android-aarch64/PlatoCore-t.build/Objects-normal/aarch64/DifferentOperation.o -o /host/spi-builder-workspace/.build/out/Intermediates.noindex/Plato.build/Debug-android-aarch64/PlatoCore-t.build/Objects-normal/aarch64/EqualOperation.o -o /host/spi-builder-workspace/.build/out/Intermediates.noindex/Plato.build/Debug-android-aarch64/PlatoCore-t.build/Objects-normal/aarch64/GreaterThanEqualOperation.o -o /host/spi-builder-workspace/.build/out/Intermediates.noindex/Plato.build/Debug-android-aarch64/PlatoCore-t.build/Objects-normal/aarch64/GreaterThanOperation.o -o /host/spi-builder-workspace/.build/out/Intermediates.noindex/Plato.build/Debug-android-aarch64/PlatoCore-t.build/Objects-normal/aarch64/LessThanEqualOperation.o -o /host/spi-builder-workspace/.build/out/Intermediates.noindex/Plato.build/Debug-android-aarch64/PlatoCore-t.build/Objects-normal/aarch64/LessThanOperation.o -o /host/spi-builder-workspace/.build/out/Intermediates.noindex/Plato.build/Debug-android-aarch64/PlatoCore-t.build/Objects-normal/aarch64/OrOperation.o -o /host/spi-builder-workspace/.build/out/Intermediates.noindex/Plato.build/Debug-android-aarch64/PlatoCore-t.build/Objects-normal/aarch64/OperationError.o -index-unit-output-path /Plato.build/Debug-android-aarch64/PlatoCore-t.build/Objects-normal/aarch64/AndOperation.o -index-unit-output-path /Plato.build/Debug-android-aarch64/PlatoCore-t.build/Objects-normal/aarch64/DifferentOperation.o -index-unit-output-path /Plato.build/Debug-android-aarch64/PlatoCore-t.build/Objects-normal/aarch64/EqualOperation.o -index-unit-output-path /Plato.build/Debug-android-aarch64/PlatoCore-t.build/Objects-normal/aarch64/GreaterThanEqualOperation.o -index-unit-output-path /Plato.build/Debug-android-aarch64/PlatoCore-t.build/Objects-normal/aarch64/GreaterThanOperation.o -index-unit-output-path /Plato.build/Debug-android-aarch64/PlatoCore-t.build/Objects-normal/aarch64/LessThanEqualOperation.o -index-unit-output-path /Plato.build/Debug-android-aarch64/PlatoCore-t.build/Objects-normal/aarch64/LessThanOperation.o -index-unit-output-path /Plato.build/Debug-android-aarch64/PlatoCore-t.build/Objects-normal/aarch64/OrOperation.o -index-unit-output-path /Plato.build/Debug-android-aarch64/PlatoCore-t.build/Objects-normal/aarch64/OperationError.o -index-store-path /host/spi-builder-workspace/.build/out -index-system-modules
error: SwiftCompile normal aarch64 /host/spi-builder-workspace/Sources/PlatoCore/Functions/Native/Math/AcosFunc.swift failed with a nonzero exit code. Command line:     cd /host
    builtin-SwiftPerFileCompile AcosFunc.swift
/host/spi-builder-workspace/Sources/PlatoCore/Functions/Native/Math/AcosFunc.swift:8:8: error: no such module 'Darwin'
 6 | //
 7 |
 8 | import Darwin
   |        `- error: no such module 'Darwin'
 9 |
10 | public struct AcosFunc: FunctionResultHandling {
Failed frontend command:
/root/.local/share/swiftly/toolchains/6.4.x-snapshot-2026-09-04/usr/bin/swift-frontend -frontend -c /host/spi-builder-workspace/Sources/PlatoCore/BailErrorStrategy.swift /host/spi-builder-workspace/Sources/PlatoCore/CommandType.swift /host/spi-builder-workspace/Sources/PlatoCore/DefaultPrintHandler.swift /host/spi-builder-workspace/Sources/PlatoCore/Extensions/PlatoParser+Extensions.swift /host/spi-builder-workspace/Sources/PlatoCore/Functions/CallParameter.swift /host/spi-builder-workspace/Sources/PlatoCore/Functions/Function.swift /host/spi-builder-workspace/Sources/PlatoCore/Functions/FunctionPolymorphism.swift /host/spi-builder-workspace/Sources/PlatoCore/Functions/FunctionScope.swift /host/spi-builder-workspace/Sources/PlatoCore/Functions/Native/DefaultNativeFunctionHandler.swift /host/spi-builder-workspace/Sources/PlatoCore/Functions/Native/Foundation/PrintFunc.swift -primary-file /host/spi-builder-workspace/Sources/PlatoCore/Functions/Native/Foundation/RandomFunc.swift -primary-file /host/spi-builder-workspace/Sources/PlatoCore/Functions/Native/Foundation/ReadLineFunc.swift -primary-file /host/spi-builder-workspace/Sources/PlatoCore/Functions/Native/FunctionError.swift -primary-file /host/spi-builder-workspace/Sources/PlatoCore/Functions/Native/FunctionResultHandling.swift -primary-file /host/spi-builder-workspace/Sources/PlatoCore/Functions/Native/Math/AcosFunc.swift -primary-file /host/spi-builder-workspace/Sources/PlatoCore/Functions/Native/Math/AcoshFunc.swift -primary-file /host/spi-builder-workspace/Sources/PlatoCore/Functions/Native/Math/AsinFunc.swift -primary-file /host/spi-builder-workspace/Sources/PlatoCore/Functions/Native/Math/AsinhFunc.swift -primary-file /host/spi-builder-workspace/Sources/PlatoCore/Functions/Native/Math/AtanFunc.swift -primary-file /host/spi-builder-workspace/Sources/PlatoCore/Functions/Native/Math/AtanhFunc.swift /host/spi-builder-workspace/Sources/PlatoCore/Functions/Native/Math/CosFunc.swift /host/spi-builder-workspace/Sources/PlatoCore/Functions/Native/Math/CoshFunc.swift /host/spi-builder-workspace/Sources/PlatoCore/Functions/Native/Math/ExpFunc.swift /host/spi-builder-workspace/Sources/PlatoCore/Functions/Native/Math/GammaFunc.swift /host/spi-builder-workspace/Sources/PlatoCore/Functions/Native/Math/Log10Func.swift /host/spi-builder-workspace/Sources/PlatoCore/Functions/Native/Math/Log2Func.swift /host/spi-builder-workspace/Sources/PlatoCore/Functions/Native/Math/LogFunc.swift /host/spi-builder-workspace/Sources/PlatoCore/Functions/Native/Math/LogGammaFunc.swift /host/spi-builder-workspace/Sources/PlatoCore/Functions/Native/Math/PowFunc.swift /host/spi-builder-workspace/Sources/PlatoCore/Functions/Native/Math/SinFunc.swift /host/spi-builder-workspace/Sources/PlatoCore/Functions/Native/Math/SinhFunc.swift /host/spi-builder-workspace/Sources/PlatoCore/Functions/Native/Math/SqrtFunc.swift /host/spi-builder-workspace/Sources/PlatoCore/Functions/Native/Math/TanFunc.swift /host/spi-builder-workspace/Sources/PlatoCore/Functions/Native/Math/TanhFunc.swift /host/spi-builder-workspace/Sources/PlatoCore/Functions/Native/NativeFunctionHandling.swift /host/spi-builder-workspace/Sources/PlatoCore/Functions/Native/TypeFunctions/ArrayFunc.swift /host/spi-builder-workspace/Sources/PlatoCore/Functions/Native/TypeFunctions/BoolFunc.swift /host/spi-builder-workspace/Sources/PlatoCore/Functions/Native/TypeFunctions/DoubleFunc.swift /host/spi-builder-workspace/Sources/PlatoCore/Functions/Native/TypeFunctions/FloatFunc.swift /host/spi-builder-workspace/Sources/PlatoCore/Functions/Native/TypeFunctions/IntFunc.swift /host/spi-builder-workspace/Sources/PlatoCore/Functions/Native/TypeFunctions/StringFunc.swift /host/spi-builder-workspace/Sources/PlatoCore/Functions/Parameter.swift /host/spi-builder-workspace/Sources/PlatoCore/IDValidator.swift /host/spi-builder-workspace/Sources/PlatoCore/Operations/ArithmeticOperations/AddOperation.swift /host/spi-builder-workspace/Sources/PlatoCore/Operations/ArithmeticOperations/DivideOperation.swift /host/spi-builder-workspace/Sources/PlatoCore/Operations/ArithmeticOperations/ExponentOperation.swift /host/spi-builder-workspace/Sources/PlatoCore/Operations/ArithmeticOperations/ModuloOperation.swift /host/spi-builder-workspace/Sources/PlatoCore/Operations/ArithmeticOperations/MultiplyOperation.swift /host/spi-builder-workspace/Sources/PlatoCore/Operations/ArithmeticOperations/SubtractOperation.swift /host/spi-builder-workspace/Sources/PlatoCore/Operations/BaseOperation.swift /host/spi-builder-workspace/Sources/PlatoCore/Operations/BooleanOperations/AndOperation.swift /host/spi-builder-workspace/Sources/PlatoCore/Operations/BooleanOperations/DifferentOperation.swift /host/spi-builder-workspace/Sources/PlatoCore/Operations/BooleanOperations/EqualOperation.swift /host/spi-builder-workspace/Sources/PlatoCore/Operations/BooleanOperations/GreaterThanEqualOperation.swift /host/spi-builder-workspace/Sources/PlatoCore/Operations/BooleanOperations/GreaterThanOperation.swift /host/spi-builder-workspace/Sources/PlatoCore/Operations/BooleanOperations/LessThanEqualOperation.swift /host/spi-builder-workspace/Sources/PlatoCore/Operations/BooleanOperations/LessThanOperation.swift /host/spi-builder-workspace/Sources/PlatoCore/Operations/BooleanOperations/OrOperation.swift /host/spi-builder-workspace/Sources/PlatoCore/Operations/OperationError.swift /host/spi-builder-workspace/Sources/PlatoCore/Operations/OperationType.swift /host/spi-builder-workspace/Sources/PlatoCore/Parser/PlatoBaseVisitor.swift /host/spi-builder-workspace/Sources/PlatoCore/Parser/PlatoLexer.swift /host/spi-builder-workspace/Sources/PlatoCore/Parser/PlatoParser.swift /host/spi-builder-workspace/Sources/PlatoCore/Parser/PlatoVisitor.swift /host/spi-builder-workspace/Sources/PlatoCore/PlatoConfiguration.swift /host/spi-builder-workspace/Sources/PlatoCore/PlatoContinuation.swift /host/spi-builder-workspace/Sources/PlatoCore/PlatoError.swift /host/spi-builder-workspace/Sources/PlatoCore/PlatoInterpreter.swift /host/spi-builder-workspace/Sources/PlatoCore/PrintValue.swift /host/spi-builder-workspace/Sources/PlatoCore/ReservedKeywords.swift /host/spi-builder-workspace/Sources/PlatoCore/Stack.swift /host/spi-builder-workspace/Sources/PlatoCore/Value/ArrayValue.swift /host/spi-builder-workspace/Sources/PlatoCore/Value/Value.swift /host/spi-builder-workspace/Sources/PlatoCore/Value/ValueType.swift /host/spi-builder-workspace/Sources/PlatoCore/Variable/Variable.swift /host/spi-builder-workspace/Sources/PlatoCore/Variable/VariableScope.swift /host/spi-builder-workspace/Sources/PlatoCore/Variable/VariableType.swift -supplementary-output-file-map /host/spi-builder-workspace/.build/out/Intermediates.noindex/Plato.build/Debug-android-aarch64/PlatoCore-t.build/Objects-normal/aarch64/supplementaryOutputs-10 -target aarch64-unknown-linux-android28 -Xllvm -aarch64-use-tbi -disable-objc-interop -sdk /android-ndk/android-ndk-r27d/toolchains/llvm/prebuilt/linux-x86_64/sysroot -sysroot /android-ndk/android-ndk-r27d/toolchains/llvm/prebuilt/linux-x86_64/sysroot -I /host/spi-builder-workspace/.build/out/Products/Debug-android-aarch64 -module-cache-path /host/spi-builder-workspace/.build/out/ModuleCache.noindex -color-diagnostics -Xcc -fcolor-diagnostics -enable-testing -g -debug-info-format\=dwarf -dwarf-version\=4 -swift-version 5 -Onone -D SWIFT_PACKAGE -D DEBUG -D SWIFT_MODULE_RESOURCE_BUNDLE_UNAVAILABLE -D Xcode -serialize-debugging-options -enable-experimental-feature DebugDescriptionMacro -empty-abi-descriptor -external-plugin-path /root/.local/share/swiftly/toolchains/6.4.x-snapshot-2026-09-04/usr/lib/swift/host/plugins/testing\#/root/.local/share/swiftly/toolchains/6.4.x-snapshot-2026-09-04/usr/bin/swift-plugin-server -validate-clang-modules-once -clang-build-session-file /host/spi-builder-workspace/.build/out/ModuleCache.noindex/Session.modulevalidation -Xcc -working-directory -Xcc /host -resource-dir /root/.swiftpm/swift-sdks/swift-6.4.x-DEVELOPMENT-SNAPSHOT-2026-09-04-a_android.artifactbundle/swift-android/swift-resources/usr/lib/swift-aarch64 -enable-anonymous-context-mangled-names -file-compilation-dir /host -Xcc -resource-dir -Xcc /android-ndk/android-ndk-r27d/toolchains/llvm/prebuilt/linux-x86_64/lib/clang/18 -Xcc -fno-omit-frame-pointer -Xcc -D_LIBCPP_HARDENING_MODE\=_LIBCPP_HARDENING_MODE_DEBUG -Xcc -fmodules-prune-interval\=86400 -Xcc -fmodules-prune-after\=345600 -Xcc -I/host/spi-builder-workspace/.build/out/Products/Debug-android-aarch64/include -Xcc -I/host/spi-builder-workspace/.build/out/Intermediates.noindex/Plato.build/Debug-android-aarch64/PlatoCore-t.build/DerivedSources-normal/aarch64 -Xcc -I/host/spi-builder-workspace/.build/out/Intermediates.noindex/Plato.build/Debug-android-aarch64/PlatoCore-t.build/DerivedSources/aarch64 -Xcc -I/host/spi-builder-workspace/.build/out/Intermediates.noindex/Plato.build/Debug-android-aarch64/PlatoCore-t.build/DerivedSources -Xcc -DSWIFT_PACKAGE -Xcc -DDEBUG\=1 -no-auto-bridging-header-chaining -module-name PlatoCore -package-name spi_builder_workspace -const-gather-protocols-file /host/spi-builder-workspace/.build/out/Intermediates.noindex/Plato.build/Debug-android-aarch64/PlatoCore-t.build/Objects-normal/aarch64/PlatoCore_const_extract_protocols.json -in-process-plugin-server-path /root/.local/share/swiftly/toolchains/6.4.x-snapshot-2026-09-04/usr/lib/swift/host/libSwiftInProcPluginServer.so -plugin-path /root/.local/share/swiftly/toolchains/6.4.x-snapshot-2026-09-04/usr/lib/swift/host/plugins -plugin-path /root/.local/share/swiftly/toolchains/6.4.x-snapshot-2026-09-04/usr/local/lib/swift/host/plugins -parse-as-library -o /host/spi-builder-workspace/.build/out/Intermediates.noindex/Plato.build/Debug-android-aarch64/PlatoCore-t.build/Objects-normal/aarch64/RandomFunc.o -o /host/spi-builder-workspace/.build/out/Intermediates.noindex/Plato.build/Debug-android-aarch64/PlatoCore-t.build/Objects-normal/aarch64/ReadLineFunc.o -o /host/spi-builder-workspace/.build/out/Intermediates.noindex/Plato.build/Debug-android-aarch64/PlatoCore-t.build/Objects-normal/aarch64/FunctionError.o -o /host/spi-builder-workspace/.build/out/Intermediates.noindex/Plato.build/Debug-android-aarch64/PlatoCore-t.build/Objects-normal/aarch64/FunctionResultHandling.o -o /host/spi-builder-workspace/.build/out/Intermediates.noindex/Plato.build/Debug-android-aarch64/PlatoCore-t.build/Objects-normal/aarch64/AcosFunc.o -o /host/spi-builder-workspace/.build/out/Intermediates.noindex/Plato.build/Debug-android-aarch64/PlatoCore-t.build/Objects-normal/aarch64/AcoshFunc.o -o /host/spi-builder-workspace/.build/out/Intermediates.noindex/Plato.build/Debug-android-aarch64/PlatoCore-t.build/Objects-normal/aarch64/AsinFunc.o -o /host/spi-builder-workspace/.build/out/Intermediates.noindex/Plato.build/Debug-android-aarch64/PlatoCore-t.build/Objects-normal/aarch64/AsinhFunc.o -o /host/spi-builder-workspace/.build/out/Intermediates.noindex/Plato.build/Debug-android-aarch64/PlatoCore-t.build/Objects-normal/aarch64/AtanFunc.o -o /host/spi-builder-workspace/.build/out/Intermediates.noindex/Plato.build/Debug-android-aarch64/PlatoCore-t.build/Objects-normal/aarch64/AtanhFunc.o -index-unit-output-path /Plato.build/Debug-android-aarch64/PlatoCore-t.build/Objects-normal/aarch64/RandomFunc.o -index-unit-output-path /Plato.build/Debug-android-aarch64/PlatoCore-t.build/Objects-normal/aarch64/ReadLineFunc.o -index-unit-output-path /Plato.build/Debug-android-aarch64/PlatoCore-t.build/Objects-normal/aarch64/FunctionError.o -index-unit-output-path /Plato.build/Debug-android-aarch64/PlatoCore-t.build/Objects-normal/aarch64/FunctionResultHandling.o -index-unit-output-path /Plato.build/Debug-android-aarch64/PlatoCore-t.build/Objects-normal/aarch64/AcosFunc.o -index-unit-output-path /Plato.build/Debug-android-aarch64/PlatoCore-t.build/Objects-normal/aarch64/AcoshFunc.o -index-unit-output-path /Plato.build/Debug-android-aarch64/PlatoCore-t.build/Objects-normal/aarch64/AsinFunc.o -index-unit-output-path /Plato.build/Debug-android-aarch64/PlatoCore-t.build/Objects-normal/aarch64/AsinhFunc.o -index-unit-output-path /Plato.build/Debug-android-aarch64/PlatoCore-t.build/Objects-normal/aarch64/AtanFunc.o -index-unit-output-path /Plato.build/Debug-android-aarch64/PlatoCore-t.build/Objects-normal/aarch64/AtanhFunc.o -index-store-path /host/spi-builder-workspace/.build/out -index-system-modules
error: Build failed
BUILD FAILURE 6.4 android