Build Information
Failed to build CodableStrategies, reference 2.0.0 (149956), with Swift 6.3 for Wasm on 14 Sep 2026 09:32:27 UTC.
Build Command
bash -c docker run --pull=always --rm -v "checkouts-53886770-0":/host -w "$PWD" -e JAVA_HOME="/root/.sdkman/candidates/java/current" -e SPI_BUILD="1" -e SPI_PROCESSING="1" registry.gitlab.com/saguaro1/spi-images:wasm-6.3-latest swift build --swift-sdk swift-6.3.2-RELEASE_wasm 2>&1Build Log
========================================
RunAll
========================================
Builder version: 5.0.2
Interrupt handler set up.
========================================
Checkout
========================================
Clone URL: https://github.com/dankinsoid/CodableStrategies.git
Reference: 2.0.0
Initialized empty Git repository in /host/spi-builder-workspace/.git/
hint: Using 'master' as the name for the initial branch. This default branch name
hint: is subject to change. To configure the initial branch name to use in all
hint: of your new repositories, which will suppress this warning, call:
hint:
hint: git config --global init.defaultBranch <name>
hint:
hint: Names commonly chosen instead of 'master' are 'main', 'trunk' and
hint: 'development'. The just-created branch can be renamed via this command:
hint:
hint: git branch -m <name>
From https://github.com/dankinsoid/CodableStrategies
* tag 2.0.0 -> FETCH_HEAD
HEAD is now at 1499560 Rename CodableProxies to CodableStrategies, Proxy types to Decorator
Cloned https://github.com/dankinsoid/CodableStrategies.git
Revision (git rev-parse @):
1499560f7c47b716133a108f243294c1ceee8523
SUCCESS checkout https://github.com/dankinsoid/CodableStrategies.git at 2.0.0
========================================
Build
========================================
Selected platform: wasm
Swift version: 6.3
Building package at path: $PWD
https://github.com/dankinsoid/CodableStrategies.git
Running build ...
bash -c docker run --pull=always --rm -v "checkouts-53886770-0":/host -w "$PWD" -e JAVA_HOME="/root/.sdkman/candidates/java/current" -e SPI_BUILD="1" -e SPI_PROCESSING="1" registry.gitlab.com/saguaro1/spi-images:wasm-6.3-latest swift build --swift-sdk swift-6.3.2-RELEASE_wasm 2>&1
wasm-6.3-latest: Pulling from saguaro1/spi-images
Digest: sha256:253aad7f5b11d25cf9eaef34120b94cd8a325782929c57fb304a7711494a3f9a
Status: Image is up to date for registry.gitlab.com/saguaro1/spi-images:wasm-6.3-latest
Building for debugging...
[0/2] Write sources
[1/2] Write swift-version-24593BA9C3E375BF.txt
[3/37] Compiling CodableStrategies EncoderDecorator.swift
[4/37] Compiling CodableStrategies EncoderIntrospect.swift
[5/37] Compiling CodableStrategies EncoderWrapper.swift
[6/37] Compiling CodableStrategies ValueEncoder.swift
[7/37] Compiling CodableStrategies BoolCodingStrategy.swift
[8/37] Compiling CodableStrategies DateDecodingStrategies.swift
[9/37] Compiling CodableStrategies DecimalDecodingStrategies.swift
[10/37] Compiling CodableStrategies DecodingStrategy.swift
[11/37] Compiling CodableStrategies KeyDecodingStrategy.swift
[12/37] Compiling CodableStrategies NumericDeecodingStrategy.swift
[13/41] Emitting module CodableStrategies
[14/41] Compiling CodableStrategies OptionalDecodingStrategies.swift
[15/41] Compiling CodableStrategies URLDecodingStrategies.swift
[16/41] Compiling CodableStrategies BoolEncodingStrategy.swift
[17/41] Compiling CodableStrategies DataEncodingStrategies.swift
[18/41] Compiling CodableStrategies DateEncodingStrategies.swift
[19/41] Compiling CodableStrategies CoderDecorator.swift
/host/spi-builder-workspace/Sources/CodableStrategies/DecoderDecorator/DecoderIntrospect.swift:25:4: error: cannot find 'Thread' in scope
23 |
24 | static var current: DecodingStrategy {
25 | Thread.current.threadDictionary[ObjectIdentifier(DecodingStrategy.self)] as? DecodingStrategy ?? .default
| `- error: cannot find 'Thread' in scope
26 | }
27 |
/host/spi-builder-workspace/Sources/CodableStrategies/DecoderDecorator/DecoderIntrospect.swift:33:3: error: cannot find 'Thread' in scope
31 | ) rethrows -> T {
32 | let previousStrategy = current
33 | Thread.current.threadDictionary[ObjectIdentifier(DecodingStrategy.self)] = strategy
| `- error: cannot find 'Thread' in scope
34 | defer {
35 | Thread.current.threadDictionary[ObjectIdentifier(DecodingStrategy.self)] = previousStrategy
/host/spi-builder-workspace/Sources/CodableStrategies/DecoderDecorator/DecoderIntrospect.swift:35:4: error: cannot find 'Thread' in scope
33 | Thread.current.threadDictionary[ObjectIdentifier(DecodingStrategy.self)] = strategy
34 | defer {
35 | Thread.current.threadDictionary[ObjectIdentifier(DecodingStrategy.self)] = previousStrategy
| `- error: cannot find 'Thread' in scope
36 | }
37 | return try operation()
[20/41] Compiling CodableStrategies DecoderDecorator.swift
/host/spi-builder-workspace/Sources/CodableStrategies/DecoderDecorator/DecoderIntrospect.swift:25:4: error: cannot find 'Thread' in scope
23 |
24 | static var current: DecodingStrategy {
25 | Thread.current.threadDictionary[ObjectIdentifier(DecodingStrategy.self)] as? DecodingStrategy ?? .default
| `- error: cannot find 'Thread' in scope
26 | }
27 |
/host/spi-builder-workspace/Sources/CodableStrategies/DecoderDecorator/DecoderIntrospect.swift:33:3: error: cannot find 'Thread' in scope
31 | ) rethrows -> T {
32 | let previousStrategy = current
33 | Thread.current.threadDictionary[ObjectIdentifier(DecodingStrategy.self)] = strategy
| `- error: cannot find 'Thread' in scope
34 | defer {
35 | Thread.current.threadDictionary[ObjectIdentifier(DecodingStrategy.self)] = previousStrategy
/host/spi-builder-workspace/Sources/CodableStrategies/DecoderDecorator/DecoderIntrospect.swift:35:4: error: cannot find 'Thread' in scope
33 | Thread.current.threadDictionary[ObjectIdentifier(DecodingStrategy.self)] = strategy
34 | defer {
35 | Thread.current.threadDictionary[ObjectIdentifier(DecodingStrategy.self)] = previousStrategy
| `- error: cannot find 'Thread' in scope
36 | }
37 | return try operation()
[21/41] Compiling CodableStrategies DecoderIntrospect.swift
/host/spi-builder-workspace/Sources/CodableStrategies/DecoderDecorator/DecoderIntrospect.swift:25:4: error: cannot find 'Thread' in scope
23 |
24 | static var current: DecodingStrategy {
25 | Thread.current.threadDictionary[ObjectIdentifier(DecodingStrategy.self)] as? DecodingStrategy ?? .default
| `- error: cannot find 'Thread' in scope
26 | }
27 |
/host/spi-builder-workspace/Sources/CodableStrategies/DecoderDecorator/DecoderIntrospect.swift:33:3: error: cannot find 'Thread' in scope
31 | ) rethrows -> T {
32 | let previousStrategy = current
33 | Thread.current.threadDictionary[ObjectIdentifier(DecodingStrategy.self)] = strategy
| `- error: cannot find 'Thread' in scope
34 | defer {
35 | Thread.current.threadDictionary[ObjectIdentifier(DecodingStrategy.self)] = previousStrategy
/host/spi-builder-workspace/Sources/CodableStrategies/DecoderDecorator/DecoderIntrospect.swift:35:4: error: cannot find 'Thread' in scope
33 | Thread.current.threadDictionary[ObjectIdentifier(DecodingStrategy.self)] = strategy
34 | defer {
35 | Thread.current.threadDictionary[ObjectIdentifier(DecodingStrategy.self)] = previousStrategy
| `- error: cannot find 'Thread' in scope
36 | }
37 | return try operation()
[22/41] Compiling CodableStrategies DecoderWrapper.swift
/host/spi-builder-workspace/Sources/CodableStrategies/DecoderDecorator/DecoderIntrospect.swift:25:4: error: cannot find 'Thread' in scope
23 |
24 | static var current: DecodingStrategy {
25 | Thread.current.threadDictionary[ObjectIdentifier(DecodingStrategy.self)] as? DecodingStrategy ?? .default
| `- error: cannot find 'Thread' in scope
26 | }
27 |
/host/spi-builder-workspace/Sources/CodableStrategies/DecoderDecorator/DecoderIntrospect.swift:33:3: error: cannot find 'Thread' in scope
31 | ) rethrows -> T {
32 | let previousStrategy = current
33 | Thread.current.threadDictionary[ObjectIdentifier(DecodingStrategy.self)] = strategy
| `- error: cannot find 'Thread' in scope
34 | defer {
35 | Thread.current.threadDictionary[ObjectIdentifier(DecodingStrategy.self)] = previousStrategy
/host/spi-builder-workspace/Sources/CodableStrategies/DecoderDecorator/DecoderIntrospect.swift:35:4: error: cannot find 'Thread' in scope
33 | Thread.current.threadDictionary[ObjectIdentifier(DecodingStrategy.self)] = strategy
34 | defer {
35 | Thread.current.threadDictionary[ObjectIdentifier(DecodingStrategy.self)] = previousStrategy
| `- error: cannot find 'Thread' in scope
36 | }
37 | return try operation()
[23/41] Compiling CodableStrategies ValueDecoder.swift
/host/spi-builder-workspace/Sources/CodableStrategies/DecoderDecorator/DecoderIntrospect.swift:25:4: error: cannot find 'Thread' in scope
23 |
24 | static var current: DecodingStrategy {
25 | Thread.current.threadDictionary[ObjectIdentifier(DecodingStrategy.self)] as? DecodingStrategy ?? .default
| `- error: cannot find 'Thread' in scope
26 | }
27 |
/host/spi-builder-workspace/Sources/CodableStrategies/DecoderDecorator/DecoderIntrospect.swift:33:3: error: cannot find 'Thread' in scope
31 | ) rethrows -> T {
32 | let previousStrategy = current
33 | Thread.current.threadDictionary[ObjectIdentifier(DecodingStrategy.self)] = strategy
| `- error: cannot find 'Thread' in scope
34 | defer {
35 | Thread.current.threadDictionary[ObjectIdentifier(DecodingStrategy.self)] = previousStrategy
/host/spi-builder-workspace/Sources/CodableStrategies/DecoderDecorator/DecoderIntrospect.swift:35:4: error: cannot find 'Thread' in scope
33 | Thread.current.threadDictionary[ObjectIdentifier(DecodingStrategy.self)] = strategy
34 | defer {
35 | Thread.current.threadDictionary[ObjectIdentifier(DecodingStrategy.self)] = previousStrategy
| `- error: cannot find 'Thread' in scope
36 | }
37 | return try operation()
[24/41] Compiling CodableStrategies CodingStrategy.swift
[25/41] Compiling CodableStrategies DataCodingStrategies.swift
[26/41] Compiling CodableStrategies DateCodingStrategies.swift
[27/41] Compiling CodableStrategies DecimalCodingStrategies.swift
[28/41] Compiling CodableStrategies KeyCodingStrategies.swift
[29/41] Compiling CodableStrategies NumericCodingStrategy.swift
[30/41] Compiling CodableStrategies OptionalCodingStrategies.swift
[31/41] Compiling CodableStrategies URLCodingStrategies.swift
[32/41] Compiling CodableStrategies BoolDecodingStrategy.swift
[33/41] Compiling CodableStrategies DataDecodingStrategies.swift
[34/41] Compiling CodableStrategies DecimalEncodingStrategies.swift
[35/41] Compiling CodableStrategies EncodingStrategy.swift
[36/41] Compiling CodableStrategies KeyEncodingStrategy.swift
[37/41] Compiling CodableStrategies NumericEncodingStrategy.swift
[38/41] Compiling CodableStrategies OptionalEncodingStrategy.swift
[39/41] Compiling CodableStrategies URLEncodingStrategies.swift
[40/41] Compiling CodableStrategies AnyCodingKey.swift
[41/41] Compiling CodableStrategies ErrorsString.swift
BUILD FAILURE 6.3 wasm