The Swift Package Index logo.Swift Package Index

Build Information

Failed to build vincenty, reference 1.1.6 (7581e6), with Swift 6.4 for Wasm on 23 Sep 2026 19:55:35 UTC.

Build Command

bash -c docker run --pull=always --rm -v "checkouts-54344845-0":/host -w "$PWD" -e JAVA_HOME="/root/.sdkman/candidates/java/current" -e SPI_BUILD="1" -e SPI_PROCESSING="1" registry.gitlab.com/saguaro1/spi-images:wasm-6.4-latest swift build --swift-sdk swift-6.4.x-DEVELOPMENT-SNAPSHOT-2026-09-04-a_wasm 2>&1

Build Log

========================================
RunAll
========================================
Builder version: 5.1.0
Interrupt handler set up.
========================================
Checkout
========================================
Clone URL: https://github.com/dastrobu/vincenty.git
Reference: 1.1.6
Initialized empty Git repository in /host/spi-builder-workspace/.git/
hint: Using 'master' as the name for the initial branch. This default branch name
hint: is subject to change. To configure the initial branch name to use in all
hint: of your new repositories, which will suppress this warning, call:
hint:
hint: 	git config --global init.defaultBranch <name>
hint:
hint: Names commonly chosen instead of 'master' are 'main', 'trunk' and
hint: 'development'. The just-created branch can be renamed via this command:
hint:
hint: 	git branch -m <name>
From https://github.com/dastrobu/vincenty
 * tag               1.1.6      -> FETCH_HEAD
HEAD is now at 7581e6e release 1.1.6: fix CI simulator destination
Cloned https://github.com/dastrobu/vincenty.git
Revision (git rev-parse @):
7581e6e1e9fe678fcc97ab85b69615722b7c4063
SUCCESS checkout https://github.com/dastrobu/vincenty.git at 1.1.6
========================================
Build
========================================
Selected platform:         wasm
Swift version:             6.4
Building package at path:  $PWD
https://github.com/dastrobu/vincenty.git
Running build ...
bash -c docker run --pull=always --rm -v "checkouts-54344845-0":/host -w "$PWD" -e JAVA_HOME="/root/.sdkman/candidates/java/current" -e SPI_BUILD="1" -e SPI_PROCESSING="1" registry.gitlab.com/saguaro1/spi-images:wasm-6.4-latest swift build --swift-sdk swift-6.4.x-DEVELOPMENT-SNAPSHOT-2026-09-04-a_wasm 2>&1
wasm-6.4-latest: Pulling from saguaro1/spi-images
Digest: sha256:4328fdb43c680d205c1d6761b1e3267aa38277eefdda9ddfb17b6a0f1a77857a
Status: Image is up to date for registry.gitlab.com/saguaro1/spi-images:wasm-6.4-latest
Fetching https://github.com/dastrobu/geodesic.git
[1/265] Fetching geodesic
Fetched https://github.com/dastrobu/geodesic.git (0.45s)
Computing version for https://github.com/dastrobu/geodesic.git
Computed https://github.com/dastrobu/geodesic.git at 1.5.0 (0.61s)
Creating working copy for https://github.com/dastrobu/geodesic.git
Working copy of https://github.com/dastrobu/geodesic.git resolved at 1.5.0
Building for debugging...
[Planning deferred tasks]
[20 / 28] vincenty
error: SwiftCompile normal wasm32 /host/spi-builder-workspace/Sources/vincenty/vincenty.swift failed with a nonzero exit code. Command line:     cd /host
    builtin-SwiftPerFileCompile vincenty.swift
/host/spi-builder-workspace/Sources/vincenty/vincenty.swift:90:23: error: cannot find 'atan' in scope
 88 |     let C: Double = (A * A - B * B) / (B * B)
 89 |
 90 |     let u_x: Double = atan((1 - F) * tan(x.lat))
    |                       `- error: cannot find 'atan' in scope
 91 |     let sin_u_x: Double = sin(u_x)
 92 |     let cos_u_x: Double = cos(u_x)
/host/spi-builder-workspace/Sources/vincenty/vincenty.swift:90:38: error: cannot find 'tan' in scope
 88 |     let C: Double = (A * A - B * B) / (B * B)
 89 |
 90 |     let u_x: Double = atan((1 - F) * tan(x.lat))
    |                                      `- error: cannot find 'tan' in scope
 91 |     let sin_u_x: Double = sin(u_x)
 92 |     let cos_u_x: Double = cos(u_x)
/host/spi-builder-workspace/Sources/vincenty/vincenty.swift:91:27: error: cannot find 'sin' in scope
 89 |
 90 |     let u_x: Double = atan((1 - F) * tan(x.lat))
 91 |     let sin_u_x: Double = sin(u_x)
    |                           `- error: cannot find 'sin' in scope
 92 |     let cos_u_x: Double = cos(u_x)
 93 |
/host/spi-builder-workspace/Sources/vincenty/vincenty.swift:92:27: error: cannot find 'cos' in scope
 90 |     let u_x: Double = atan((1 - F) * tan(x.lat))
 91 |     let sin_u_x: Double = sin(u_x)
 92 |     let cos_u_x: Double = cos(u_x)
    |                           `- error: cannot find 'cos' in scope
 93 |
 94 |     let u_y: Double = atan((1 - F) * tan(y.lat))
/host/spi-builder-workspace/Sources/vincenty/vincenty.swift:94:23: error: cannot find 'atan' in scope
 92 |     let cos_u_x: Double = cos(u_x)
 93 |
 94 |     let u_y: Double = atan((1 - F) * tan(y.lat))
    |                       `- error: cannot find 'atan' in scope
 95 |     let sin_u_y: Double = sin(u_y)
 96 |     let cos_u_y: Double = cos(u_y)
/host/spi-builder-workspace/Sources/vincenty/vincenty.swift:94:38: error: cannot find 'tan' in scope
 92 |     let cos_u_x: Double = cos(u_x)
 93 |
 94 |     let u_y: Double = atan((1 - F) * tan(y.lat))
    |                                      `- error: cannot find 'tan' in scope
 95 |     let sin_u_y: Double = sin(u_y)
 96 |     let cos_u_y: Double = cos(u_y)
/host/spi-builder-workspace/Sources/vincenty/vincenty.swift:95:27: error: cannot find 'sin' in scope
 93 |
 94 |     let u_y: Double = atan((1 - F) * tan(y.lat))
 95 |     let sin_u_y: Double = sin(u_y)
    |                           `- error: cannot find 'sin' in scope
 96 |     let cos_u_y: Double = cos(u_y)
 97 |
/host/spi-builder-workspace/Sources/vincenty/vincenty.swift:96:27: error: cannot find 'cos' in scope
 94 |     let u_y: Double = atan((1 - F) * tan(y.lat))
 95 |     let sin_u_y: Double = sin(u_y)
 96 |     let cos_u_y: Double = cos(u_y)
    |                           `- error: cannot find 'cos' in scope
 97 |
 98 |     let l: Double = y.lon - x.lon
/host/spi-builder-workspace/Sources/vincenty/vincenty.swift:105:15: error: cannot find 'cos' in scope
103 |
104 |     for _ in 0..<maxIter {
105 |         tmp = cos(lambda)
    |               `- error: cannot find 'cos' in scope
106 |         q = cos_u_y * sin(lambda)
107 |         p = cos_u_x * sin_u_y - sin_u_x * cos_u_y * tmp
/host/spi-builder-workspace/Sources/vincenty/vincenty.swift:106:23: error: cannot find 'sin' in scope
104 |     for _ in 0..<maxIter {
105 |         tmp = cos(lambda)
106 |         q = cos_u_y * sin(lambda)
    |                       `- error: cannot find 'sin' in scope
107 |         p = cos_u_x * sin_u_y - sin_u_x * cos_u_y * tmp
108 |         sin_sigma = sqrt(q * q + p * p)
/host/spi-builder-workspace/Sources/vincenty/vincenty.swift:108:21: error: cannot find 'sqrt' in scope
106 |         q = cos_u_y * sin(lambda)
107 |         p = cos_u_x * sin_u_y - sin_u_x * cos_u_y * tmp
108 |         sin_sigma = sqrt(q * q + p * p)
    |                     `- error: cannot find 'sqrt' in scope
109 |         cos_sigma = sin_u_x * sin_u_y + cos_u_x * cos_u_y * tmp
110 |         sigma = atan2(sin_sigma, cos_sigma)
/host/spi-builder-workspace/Sources/vincenty/vincenty.swift:110:17: error: cannot find 'atan2' in scope
108 |         sin_sigma = sqrt(q * q + p * p)
109 |         cos_sigma = sin_u_x * sin_u_y + cos_u_x * cos_u_y * tmp
110 |         sigma = atan2(sin_sigma, cos_sigma)
    |                 `- error: cannot find 'atan2' in scope
111 |
112 |         // catch zero division problem
/host/spi-builder-workspace/Sources/vincenty/vincenty.swift:117:42: error: cannot find 'sin' in scope
115 |         }
116 |
117 |         sin_alpha = (cos_u_x * cos_u_y * sin(lambda)) / sin_sigma
    |                                          `- error: cannot find 'sin' in scope
118 |         cos2_alpha = 1 - sin_alpha * sin_alpha
119 |         cos_2sigma = cos_sigma - (2 * sin_u_x * sin_u_y) / cos2_alpha
/host/spi-builder-workspace/Sources/vincenty/vincenty.swift:135:12: error: cannot find 'fabs' in scope
133 |         )
134 |
135 |         if fabs(lambda - tmp) < tol {
    |            `- error: cannot find 'fabs' in scope
136 |             break
137 |         }
/host/spi-builder-workspace/Sources/vincenty/vincenty.swift:140:23: error: cannot find 'fabs' in scope
138 |
139 |     }
140 |     let eps: Double = fabs(lambda - tmp)
    |                       `- error: cannot find 'fabs' in scope
141 |     if eps >= tol {
142 |         throw ConvergenceError.notConverged(maxIter: maxIter, tol: tol, eps: eps)
/host/spi-builder-workspace/Sources/vincenty/vincenty.swift:164:9: error: cannot find 'atan2' in scope
162 |     // α = azimuths of the geodesic; α2 the direction P₁ P₂ produced
163 |     let a1 = abs(sinSq_sigma) < Double.leastNonzeroMagnitude ? 0 :
164 |         atan2(cos_u_y * sin(lambda), cos_u_x * sin_u_y - sin_u_x * cos_u_y * cos(lambda))
    |         `- error: cannot find 'atan2' in scope
165 |     let a2 = abs(sinSq_sigma) < Double.leastNonzeroMagnitude ? Double.pi :
166 |         atan2(cos_u_x * sin(lambda), -sin_u_x * cos_u_y + cos_u_x * sin_u_y * cos(lambda))
/host/spi-builder-workspace/Sources/vincenty/vincenty.swift:164:25: error: cannot find 'sin' in scope
162 |     // α = azimuths of the geodesic; α2 the direction P₁ P₂ produced
163 |     let a1 = abs(sinSq_sigma) < Double.leastNonzeroMagnitude ? 0 :
164 |         atan2(cos_u_y * sin(lambda), cos_u_x * sin_u_y - sin_u_x * cos_u_y * cos(lambda))
    |                         `- error: cannot find 'sin' in scope
165 |     let a2 = abs(sinSq_sigma) < Double.leastNonzeroMagnitude ? Double.pi :
166 |         atan2(cos_u_x * sin(lambda), -sin_u_x * cos_u_y + cos_u_x * sin_u_y * cos(lambda))
/host/spi-builder-workspace/Sources/vincenty/vincenty.swift:164:78: error: cannot find 'cos' in scope
162 |     // α = azimuths of the geodesic; α2 the direction P₁ P₂ produced
163 |     let a1 = abs(sinSq_sigma) < Double.leastNonzeroMagnitude ? 0 :
164 |         atan2(cos_u_y * sin(lambda), cos_u_x * sin_u_y - sin_u_x * cos_u_y * cos(lambda))
    |                                                                              `- error: cannot find 'cos' in scope
165 |     let a2 = abs(sinSq_sigma) < Double.leastNonzeroMagnitude ? Double.pi :
166 |         atan2(cos_u_x * sin(lambda), -sin_u_x * cos_u_y + cos_u_x * sin_u_y * cos(lambda))
/host/spi-builder-workspace/Sources/vincenty/vincenty.swift:166:9: error: cannot find 'atan2' in scope
164 |         atan2(cos_u_y * sin(lambda), cos_u_x * sin_u_y - sin_u_x * cos_u_y * cos(lambda))
165 |     let a2 = abs(sinSq_sigma) < Double.leastNonzeroMagnitude ? Double.pi :
166 |         atan2(cos_u_x * sin(lambda), -sin_u_x * cos_u_y + cos_u_x * sin_u_y * cos(lambda))
    |         `- error: cannot find 'atan2' in scope
167 |
168 |     let initialTrueTrack = abs(distance) < Double.leastNonzeroMagnitude ? Double.nan : wrap2pi(a1)
/host/spi-builder-workspace/Sources/vincenty/vincenty.swift:166:25: error: cannot find 'sin' in scope
164 |         atan2(cos_u_y * sin(lambda), cos_u_x * sin_u_y - sin_u_x * cos_u_y * cos(lambda))
165 |     let a2 = abs(sinSq_sigma) < Double.leastNonzeroMagnitude ? Double.pi :
166 |         atan2(cos_u_x * sin(lambda), -sin_u_x * cos_u_y + cos_u_x * sin_u_y * cos(lambda))
    |                         `- error: cannot find 'sin' in scope
167 |
168 |     let initialTrueTrack = abs(distance) < Double.leastNonzeroMagnitude ? Double.nan : wrap2pi(a1)
/host/spi-builder-workspace/Sources/vincenty/vincenty.swift:166:79: error: cannot find 'cos' in scope
164 |         atan2(cos_u_y * sin(lambda), cos_u_x * sin_u_y - sin_u_x * cos_u_y * cos(lambda))
165 |     let a2 = abs(sinSq_sigma) < Double.leastNonzeroMagnitude ? Double.pi :
166 |         atan2(cos_u_x * sin(lambda), -sin_u_x * cos_u_y + cos_u_x * sin_u_y * cos(lambda))
    |                                                                               `- error: cannot find 'cos' in scope
167 |
168 |     let initialTrueTrack = abs(distance) < Double.leastNonzeroMagnitude ? Double.nan : wrap2pi(a1)
Failed frontend command:
/usr/bin/swift-frontend -frontend -c -primary-file /host/spi-builder-workspace/Sources/vincenty/vincenty.swift -emit-dependencies-path /host/spi-builder-workspace/.build/out/Intermediates.noindex/vincenty.build/Debug-webassembly-wasm32/vincenty-t.build/Objects-normal/wasm32/vincenty.d -emit-const-values-path /host/spi-builder-workspace/.build/out/Intermediates.noindex/vincenty.build/Debug-webassembly-wasm32/vincenty-t.build/Objects-normal/wasm32/vincenty.swiftconstvalues -emit-reference-dependencies-path /host/spi-builder-workspace/.build/out/Intermediates.noindex/vincenty.build/Debug-webassembly-wasm32/vincenty-t.build/Objects-normal/wasm32/vincenty.swiftdeps -serialize-diagnostics-path /host/spi-builder-workspace/.build/out/Intermediates.noindex/vincenty.build/Debug-webassembly-wasm32/vincenty-t.build/Objects-normal/wasm32/vincenty.dia -target wasm32-unknown-wasip1 -disable-objc-interop -sdk /root/.swiftpm/swift-sdks/swift-6.4.x-DEVELOPMENT-SNAPSHOT-2026-09-04-a_wasm.artifactbundle/swift-6.4.x-DEVELOPMENT-SNAPSHOT-2026-09-04-a_wasm/wasm32-unknown-wasip1/WASI.sdk -sysroot /root/.swiftpm/swift-sdks/swift-6.4.x-DEVELOPMENT-SNAPSHOT-2026-09-04-a_wasm.artifactbundle/swift-6.4.x-DEVELOPMENT-SNAPSHOT-2026-09-04-a_wasm/wasm32-unknown-wasip1/WASI.sdk -I /host/spi-builder-workspace/.build/out/Products/Debug-webassembly-wasm32 -module-cache-path /host/spi-builder-workspace/.build/out/ModuleCache.noindex -color-diagnostics -Xcc -fcolor-diagnostics -enable-testing -g -debug-info-format\=dwarf -dwarf-version\=4 -swift-version 6 -Onone -D SWIFT_PACKAGE -D DEBUG -D SWIFT_MODULE_RESOURCE_BUNDLE_UNAVAILABLE -D Xcode -serialize-debugging-options -enable-experimental-feature DebugDescriptionMacro -empty-abi-descriptor -external-plugin-path /usr/lib/swift/host/plugins/testing\#/usr/bin/swift-plugin-server -validate-clang-modules-once -clang-build-session-file /host/spi-builder-workspace/.build/out/ModuleCache.noindex/Session.modulevalidation -Xcc -working-directory -Xcc /host -resource-dir /root/.swiftpm/swift-sdks/swift-6.4.x-DEVELOPMENT-SNAPSHOT-2026-09-04-a_wasm.artifactbundle/swift-6.4.x-DEVELOPMENT-SNAPSHOT-2026-09-04-a_wasm/wasm32-unknown-wasip1/swift.xctoolchain/usr/lib/swift_static -use-static-resource-dir -enable-anonymous-context-mangled-names -file-compilation-dir /host -Xcc -resource-dir -Xcc /root/.swiftpm/swift-sdks/swift-6.4.x-DEVELOPMENT-SNAPSHOT-2026-09-04-a_wasm.artifactbundle/swift-6.4.x-DEVELOPMENT-SNAPSHOT-2026-09-04-a_wasm/wasm32-unknown-wasip1/swift.xctoolchain/usr/lib/swift_static/clang -Xcc -D_LIBCPP_HARDENING_MODE\=_LIBCPP_HARDENING_MODE_DEBUG -Xcc -fmodules-prune-interval\=86400 -Xcc -fmodules-prune-after\=345600 -Xcc -I/host/spi-builder-workspace/.build/out/Products/Debug-webassembly-wasm32/include -Xcc -I/host/spi-builder-workspace/.build/out/Intermediates.noindex/vincenty.build/Debug-webassembly-wasm32/vincenty-t.build/DerivedSources-normal/wasm32 -Xcc -I/host/spi-builder-workspace/.build/out/Intermediates.noindex/vincenty.build/Debug-webassembly-wasm32/vincenty-t.build/DerivedSources/wasm32 -Xcc -I/host/spi-builder-workspace/.build/out/Intermediates.noindex/vincenty.build/Debug-webassembly-wasm32/vincenty-t.build/DerivedSources -Xcc -DSWIFT_PACKAGE -Xcc -DDEBUG\=1 -no-auto-bridging-header-chaining -module-name vincenty -package-name spi_builder_workspace -const-gather-protocols-file /host/spi-builder-workspace/.build/out/Intermediates.noindex/vincenty.build/Debug-webassembly-wasm32/vincenty-t.build/Objects-normal/wasm32/vincenty_const_extract_protocols.json -in-process-plugin-server-path /usr/lib/swift/host/libSwiftInProcPluginServer.so -plugin-path /usr/lib/swift/host/plugins -plugin-path /usr/local/lib/swift/host/plugins -parse-as-library -o /host/spi-builder-workspace/.build/out/Intermediates.noindex/vincenty.build/Debug-webassembly-wasm32/vincenty-t.build/Objects-normal/wasm32/vincenty.o -index-unit-output-path /vincenty.build/Debug-webassembly-wasm32/vincenty-t.build/Objects-normal/wasm32/vincenty.o -index-store-path /host/spi-builder-workspace/.build/out -index-system-modules
error: Build failed
BUILD FAILURE 6.4 wasm