Build Information
Failed to build WWJavaScriptContext_ChineseConvert, reference main (229637), with Swift 6.4 for watchOS using Xcode 27.0 on 22 Sep 2026 01:15:48 UTC.
Build Command
env DEVELOPER_DIR=/Applications/Xcode-27.0.0-Release.Candidate.app xcrun xcodebuild -IDEClonedSourcePackagesDirPathOverride=$PWD/.dependencies -skipMacroValidation -skipPackagePluginValidation -derivedDataPath $PWD/.derivedData build -scheme WWJavaScriptContext_ChineseConvert -destination generic/platform=watchOSBuild Log
========================================
RunAll
========================================
Builder version: 5.1.0
Interrupt handler set up.
========================================
Checkout
========================================
Clone URL: https://github.com/William-Weng/WWJavaScriptContext_ChineseConvert.git
Reference: main
Initialized empty Git repository in /Users/admin/builder/spi-builder-workspace/.git/
From https://github.com/William-Weng/WWJavaScriptContext_ChineseConvert
* branch main -> FETCH_HEAD
* [new branch] main -> origin/main
HEAD is now at 229637a - update ReadMe
Cloned https://github.com/William-Weng/WWJavaScriptContext_ChineseConvert.git
Revision (git rev-parse @):
229637a06f23702d48d6c4632e0544c27b75b148
SUCCESS checkout https://github.com/William-Weng/WWJavaScriptContext_ChineseConvert.git at main
========================================
Build
========================================
Selected platform: watchOS
Swift version: 6.4
Building package at path: $PWD
https://github.com/William-Weng/WWJavaScriptContext_ChineseConvert.git
Command line invocation:
/Applications/Xcode-27.0.0-Release.Candidate.app/Contents/Developer/usr/bin/xcodebuild -IDEClonedSourcePackagesDirPathOverride=/Users/admin/builder/spi-builder-workspace/.dependencies -resolvePackageDependencies
Resolve Package Graph
Fetching from https://github.com/William-Weng/WWJavaScriptContext
Creating working copy of package ‘WWJavaScriptContext’
Checking out 1.1.0 of package ‘WWJavaScriptContext’
Resolve Package Graph
Resolved source packages:
WWJavaScriptContext_ChineseConvert: /Users/admin/builder/spi-builder-workspace
WWJavaScriptContext: https://github.com/William-Weng/WWJavaScriptContext @ 1.1.0
resolved source packages: WWJavaScriptContext_ChineseConvert, WWJavaScriptContext
2026-09-21 21:14:59.001 xcodebuild[524:3002] [MT] IDERunDestination: Supported platforms for the buildables in the current scheme is empty.
{
"dependencies" : [
{
"identity" : "wwjavascriptcontext",
"requirement" : {
"range" : [
{
"lower_bound" : "1.0.3",
"upper_bound" : "2.0.0"
}
]
},
"type" : "sourceControl",
"url" : "https://github.com/William-Weng/WWJavaScriptContext"
}
],
"manifest_display_name" : "WWJavaScriptContext_ChineseConvert",
"name" : "WWJavaScriptContext_ChineseConvert",
"path" : "/Users/admin/builder/spi-builder-workspace",
"platforms" : [
{
"name" : "ios",
"version" : "15.0"
}
],
"products" : [
{
"name" : "WWJavaScriptContext_ChineseConvert",
"targets" : [
"WWJavaScriptContext_ChineseConvert"
],
"type" : {
"library" : [
"automatic"
]
}
}
],
"swift_languages_versions" : [
"5"
],
"targets" : [
{
"c99name" : "WWJavaScriptContext_ChineseConvert",
"module_type" : "SwiftTarget",
"name" : "WWJavaScriptContext_ChineseConvert",
"path" : "Sources/WWJavaScriptContext_ChineseConvert",
"product_dependencies" : [
"WWJavaScriptContext"
],
"product_memberships" : [
"WWJavaScriptContext_ChineseConvert"
],
"resources" : [
{
"path" : "/Users/admin/builder/spi-builder-workspace/Sources/WWJavaScriptContext_ChineseConvert/Privacy",
"rule" : {
"copy" : {
}
}
},
{
"path" : "/Users/admin/builder/spi-builder-workspace/Sources/WWJavaScriptContext_ChineseConvert/Script/OpenCC-JS-1.0.5.js",
"rule" : {
"process" : {
}
}
},
{
"path" : "/Users/admin/builder/spi-builder-workspace/Sources/WWJavaScriptContext_ChineseConvert/Script/jsSource.js",
"rule" : {
"process" : {
}
}
}
],
"sources" : [
"WWJavaScriptContext_ChineseConvert.swift"
],
"type" : "library"
}
],
"tools_version" : "5.7"
}
{
"workspace" : {
"name" : "WWJavaScriptContext_ChineseConvert",
"schemes" : [
"WWJavaScriptContext_ChineseConvert"
]
}
}
2026-09-21 21:15:40.543 xcodebuild[686:4280] [MT] IDERunDestination: Supported platforms for the buildables in the current scheme is empty.
Running build ...
env DEVELOPER_DIR=/Applications/Xcode-27.0.0-Release.Candidate.app xcrun xcodebuild -IDEClonedSourcePackagesDirPathOverride=$PWD/.dependencies -skipMacroValidation -skipPackagePluginValidation -derivedDataPath $PWD/.derivedData build -scheme WWJavaScriptContext_ChineseConvert -destination generic/platform=watchOS
Command line invocation:
/Applications/Xcode-27.0.0-Release.Candidate.app/Contents/Developer/usr/bin/xcodebuild -IDEClonedSourcePackagesDirPathOverride=/Users/admin/builder/spi-builder-workspace/.dependencies -skipMacroValidation -skipPackagePluginValidation -derivedDataPath /Users/admin/builder/spi-builder-workspace/.derivedData build -scheme WWJavaScriptContext_ChineseConvert -destination generic/platform=watchOS
Resolve Package Graph
Resolve Package Graph
Resolved source packages:
WWJavaScriptContext_ChineseConvert: /Users/admin/builder/spi-builder-workspace
WWJavaScriptContext: https://github.com/William-Weng/WWJavaScriptContext @ 1.1.0
ComputePackagePrebuildTargetDependencyGraph
Prepare packages
CreateBuildRequest
SendProjectDescription
CreateBuildOperation
ComputeTargetDependencyGraph
note: Building targets in dependency order
note: Target dependency graph (6 targets)
Target 'WWJavaScriptContext_ChineseConvert-product' in project 'WWJavaScriptContext_ChineseConvert'
➜ Explicit dependency on target 'WWJavaScriptContext_ChineseConvert' in project 'WWJavaScriptContext_ChineseConvert'
➜ Explicit dependency on target 'WWJavaScriptContext_ChineseConvert_WWJavaScriptContext_ChineseConvert' in project 'WWJavaScriptContext_ChineseConvert'
➜ Explicit dependency on target 'WWJavaScriptContext-product' in project 'WWJavaScriptContext'
Target 'WWJavaScriptContext_ChineseConvert' in project 'WWJavaScriptContext_ChineseConvert'
➜ Explicit dependency on target 'WWJavaScriptContext_ChineseConvert_WWJavaScriptContext_ChineseConvert' in project 'WWJavaScriptContext_ChineseConvert'
➜ Explicit dependency on target 'WWJavaScriptContext-product' in project 'WWJavaScriptContext'
Target 'WWJavaScriptContext-product' in project 'WWJavaScriptContext'
➜ Explicit dependency on target 'WWJavaScriptContext' in project 'WWJavaScriptContext'
➜ Explicit dependency on target 'WWJavaScriptContext_WWJavaScriptContext' in project 'WWJavaScriptContext'
Target 'WWJavaScriptContext' in project 'WWJavaScriptContext'
➜ Explicit dependency on target 'WWJavaScriptContext_WWJavaScriptContext' in project 'WWJavaScriptContext'
Target 'WWJavaScriptContext_WWJavaScriptContext' in project 'WWJavaScriptContext' (no dependencies)
Target 'WWJavaScriptContext_ChineseConvert_WWJavaScriptContext_ChineseConvert' in project 'WWJavaScriptContext_ChineseConvert' (no dependencies)
GatherProvisioningInputs
CreateBuildDescription
ExecuteExternalTool /Applications/Xcode-27.0.0-Release.Candidate.app/Contents/Developer/Toolchains/XcodeDefault.xctoolchain/usr/bin/clang -v -E -dM -isysroot /Applications/Xcode-27.0.0-Release.Candidate.app/Contents/Developer/Platforms/WatchOS.platform/Developer/SDKs/WatchOS27.0.sdk -x c -c /dev/null
ExecuteExternalTool /Applications/Xcode-27.0.0-Release.Candidate.app/Contents/Developer/Toolchains/XcodeDefault.xctoolchain/usr/bin/swiftc --version
ExecuteExternalTool /Applications/Xcode-27.0.0-Release.Candidate.app/Contents/Developer/Toolchains/XcodeDefault.xctoolchain/usr/bin/ld -version_details
Build description signature: 280ae6f825909b8f5bd5243b7666f6c7
Build description path: /Users/admin/builder/spi-builder-workspace/.derivedData/Build/Intermediates.noindex/XCBuildData/280ae6f825909b8f5bd5243b7666f6c7.xcbuilddata
CreateBuildDirectory /Users/admin/builder/spi-builder-workspace/.derivedData/ModuleCache.noindex
cd /Users/admin/builder/spi-builder-workspace/.swiftpm/xcode
builtin-create-build-directory /Users/admin/builder/spi-builder-workspace/.derivedData/ModuleCache.noindex
CreateBuildDirectory /Users/admin/builder/spi-builder-workspace/.derivedData/SDKExplicitPrecompiledModules
cd /Users/admin/builder/spi-builder-workspace/.swiftpm/xcode
builtin-create-build-directory /Users/admin/builder/spi-builder-workspace/.derivedData/SDKExplicitPrecompiledModules
CreateBuildDirectory /Users/admin/builder/spi-builder-workspace/.derivedData/CompilationCache.noindex
cd /Users/admin/builder/spi-builder-workspace/.swiftpm/xcode
builtin-create-build-directory /Users/admin/builder/spi-builder-workspace/.derivedData/CompilationCache.noindex
CreateBuildDirectory /Users/admin/builder/spi-builder-workspace/.derivedData/Build/Intermediates.noindex
cd /Users/admin/builder/spi-builder-workspace/.swiftpm/xcode
builtin-create-build-directory /Users/admin/builder/spi-builder-workspace/.derivedData/Build/Intermediates.noindex
CreateBuildDirectory /Users/admin/builder/spi-builder-workspace/.derivedData/Build/Products
cd /Users/admin/builder/spi-builder-workspace/.swiftpm/xcode
builtin-create-build-directory /Users/admin/builder/spi-builder-workspace/.derivedData/Build/Products
ClangStatCache /Applications/Xcode-27.0.0-Release.Candidate.app/Contents/Developer/Toolchains/XcodeDefault.xctoolchain/usr/bin/clang-stat-cache /Applications/Xcode-27.0.0-Release.Candidate.app/Contents/Developer/Platforms/WatchOS.platform/Developer/SDKs/WatchOS27.0.sdk /Users/admin/builder/spi-builder-workspace/.derivedData/SDKStatCaches.noindex/watchos27.0-24R360-e829b21a6f8c9b70876ba0858053c04477534ef55a1706bf4c1112bbb242f0a2.sdkstatcache
cd /Users/admin/builder/spi-builder-workspace/.swiftpm/xcode
/Applications/Xcode-27.0.0-Release.Candidate.app/Contents/Developer/Toolchains/XcodeDefault.xctoolchain/usr/bin/clang-stat-cache /Applications/Xcode-27.0.0-Release.Candidate.app/Contents/Developer/Platforms/WatchOS.platform/Developer/SDKs/WatchOS27.0.sdk -o /Users/admin/builder/spi-builder-workspace/.derivedData/SDKStatCaches.noindex/watchos27.0-24R360-e829b21a6f8c9b70876ba0858053c04477534ef55a1706bf4c1112bbb242f0a2.sdkstatcache
CreateBuildDirectory /Users/admin/builder/spi-builder-workspace/.derivedData/Build/Intermediates.noindex/SwiftExplicitPrecompiledModules
cd /Users/admin/builder/spi-builder-workspace/.swiftpm/xcode
builtin-create-build-directory /Users/admin/builder/spi-builder-workspace/.derivedData/Build/Intermediates.noindex/SwiftExplicitPrecompiledModules
CreateBuildDirectory /Users/admin/builder/spi-builder-workspace/.derivedData/Build/Intermediates.noindex/PrecompiledHeaders
cd /Users/admin/builder/spi-builder-workspace/.swiftpm/xcode
builtin-create-build-directory /Users/admin/builder/spi-builder-workspace/.derivedData/Build/Intermediates.noindex/PrecompiledHeaders
CreateBuildDirectory /Users/admin/builder/spi-builder-workspace/.derivedData/Build/Intermediates.noindex/ExplicitPrecompiledModules
cd /Users/admin/builder/spi-builder-workspace/.swiftpm/xcode
builtin-create-build-directory /Users/admin/builder/spi-builder-workspace/.derivedData/Build/Intermediates.noindex/ExplicitPrecompiledModules
CreateBuildDirectory /Users/admin/builder/spi-builder-workspace/.derivedData/Build/Products/Debug-watchos
cd /Users/admin/builder/spi-builder-workspace/.swiftpm/xcode
builtin-create-build-directory /Users/admin/builder/spi-builder-workspace/.derivedData/Build/Products/Debug-watchos
CreateBuildDirectory /Users/admin/builder/spi-builder-workspace/.derivedData/Build/Intermediates.noindex/EagerLinkingTBDs/Debug-watchos
cd /Users/admin/builder/spi-builder-workspace/.swiftpm/xcode
builtin-create-build-directory /Users/admin/builder/spi-builder-workspace/.derivedData/Build/Intermediates.noindex/EagerLinkingTBDs/Debug-watchos
CreateBuildDirectory /Users/admin/builder/spi-builder-workspace/.derivedData/Build/Products/Debug-watchos/PackageFrameworks
cd /Users/admin/builder/spi-builder-workspace/.swiftpm/xcode
builtin-create-build-directory /Users/admin/builder/spi-builder-workspace/.derivedData/Build/Products/Debug-watchos/PackageFrameworks
MkDir /Users/admin/builder/spi-builder-workspace/.derivedData/Build/Products/Debug-watchos/WWJavaScriptContext_WWJavaScriptContext.bundle (in target 'WWJavaScriptContext_WWJavaScriptContext' from project 'WWJavaScriptContext')
cd /Users/admin/builder/spi-builder-workspace/.dependencies/checkouts/WWJavaScriptContext
/bin/mkdir -p /Users/admin/builder/spi-builder-workspace/.derivedData/Build/Products/Debug-watchos/WWJavaScriptContext_WWJavaScriptContext.bundle
WriteAuxiliaryFile /Users/admin/builder/spi-builder-workspace/.derivedData/Build/Intermediates.noindex/WWJavaScriptContext.build/Debug-watchos/WWJavaScriptContext_WWJavaScriptContext-b.build/WWJavaScriptContext_WWJavaScriptContext.DependencyMetadataFileList (in target 'WWJavaScriptContext_WWJavaScriptContext' from project 'WWJavaScriptContext')
cd /Users/admin/builder/spi-builder-workspace/.dependencies/checkouts/WWJavaScriptContext
write-file /Users/admin/builder/spi-builder-workspace/.derivedData/Build/Intermediates.noindex/WWJavaScriptContext.build/Debug-watchos/WWJavaScriptContext_WWJavaScriptContext-b.build/WWJavaScriptContext_WWJavaScriptContext.DependencyMetadataFileList
WriteAuxiliaryFile /Users/admin/builder/spi-builder-workspace/.derivedData/Build/Intermediates.noindex/WWJavaScriptContext.build/Debug-watchos/WWJavaScriptContext_WWJavaScriptContext-b.build/WWJavaScriptContext_WWJavaScriptContext.DependencyStaticMetadataFileList (in target 'WWJavaScriptContext_WWJavaScriptContext' from project 'WWJavaScriptContext')
cd /Users/admin/builder/spi-builder-workspace/.dependencies/checkouts/WWJavaScriptContext
write-file /Users/admin/builder/spi-builder-workspace/.derivedData/Build/Intermediates.noindex/WWJavaScriptContext.build/Debug-watchos/WWJavaScriptContext_WWJavaScriptContext-b.build/WWJavaScriptContext_WWJavaScriptContext.DependencyStaticMetadataFileList
WriteAuxiliaryFile /Users/admin/builder/spi-builder-workspace/.derivedData/Build/Intermediates.noindex/WWJavaScriptContext.build/Debug-watchos/WWJavaScriptContext_WWJavaScriptContext-b.build/empty-WWJavaScriptContext_WWJavaScriptContext.plist (in target 'WWJavaScriptContext_WWJavaScriptContext' from project 'WWJavaScriptContext')
cd /Users/admin/builder/spi-builder-workspace/.dependencies/checkouts/WWJavaScriptContext
write-file /Users/admin/builder/spi-builder-workspace/.derivedData/Build/Intermediates.noindex/WWJavaScriptContext.build/Debug-watchos/WWJavaScriptContext_WWJavaScriptContext-b.build/empty-WWJavaScriptContext_WWJavaScriptContext.plist
WriteAuxiliaryFile /Users/admin/builder/spi-builder-workspace/.derivedData/Build/Intermediates.noindex/WWJavaScriptContext_ChineseConvert.build/Debug-watchos/WWJavaScriptContext_ChineseConvert_WWJavaScriptContext_ChineseConvert-b.build/WWJavaScriptContext_ChineseConvert_WWJavaScriptContext_ChineseConvert.DependencyStaticMetadataFileList (in target 'WWJavaScriptContext_ChineseConvert_WWJavaScriptContext_ChineseConvert' from project 'WWJavaScriptContext_ChineseConvert')
cd /Users/admin/builder/spi-builder-workspace
write-file /Users/admin/builder/spi-builder-workspace/.derivedData/Build/Intermediates.noindex/WWJavaScriptContext_ChineseConvert.build/Debug-watchos/WWJavaScriptContext_ChineseConvert_WWJavaScriptContext_ChineseConvert-b.build/WWJavaScriptContext_ChineseConvert_WWJavaScriptContext_ChineseConvert.DependencyStaticMetadataFileList
WriteAuxiliaryFile /Users/admin/builder/spi-builder-workspace/.derivedData/Build/Intermediates.noindex/WWJavaScriptContext_ChineseConvert.build/Debug-watchos/WWJavaScriptContext_ChineseConvert_WWJavaScriptContext_ChineseConvert-b.build/WWJavaScriptContext_ChineseConvert_WWJavaScriptContext_ChineseConvert.DependencyMetadataFileList (in target 'WWJavaScriptContext_ChineseConvert_WWJavaScriptContext_ChineseConvert' from project 'WWJavaScriptContext_ChineseConvert')
cd /Users/admin/builder/spi-builder-workspace
write-file /Users/admin/builder/spi-builder-workspace/.derivedData/Build/Intermediates.noindex/WWJavaScriptContext_ChineseConvert.build/Debug-watchos/WWJavaScriptContext_ChineseConvert_WWJavaScriptContext_ChineseConvert-b.build/WWJavaScriptContext_ChineseConvert_WWJavaScriptContext_ChineseConvert.DependencyMetadataFileList
WriteAuxiliaryFile /Users/admin/builder/spi-builder-workspace/.derivedData/Build/Intermediates.noindex/WWJavaScriptContext_ChineseConvert.build/Debug-watchos/WWJavaScriptContext_ChineseConvert_WWJavaScriptContext_ChineseConvert-b.build/empty-WWJavaScriptContext_ChineseConvert_WWJavaScriptContext_ChineseConvert.plist (in target 'WWJavaScriptContext_ChineseConvert_WWJavaScriptContext_ChineseConvert' from project 'WWJavaScriptContext_ChineseConvert')
cd /Users/admin/builder/spi-builder-workspace
write-file /Users/admin/builder/spi-builder-workspace/.derivedData/Build/Intermediates.noindex/WWJavaScriptContext_ChineseConvert.build/Debug-watchos/WWJavaScriptContext_ChineseConvert_WWJavaScriptContext_ChineseConvert-b.build/empty-WWJavaScriptContext_ChineseConvert_WWJavaScriptContext_ChineseConvert.plist
WriteAuxiliaryFile /Users/admin/builder/spi-builder-workspace/.derivedData/Build/Intermediates.noindex/WWJavaScriptContext_ChineseConvert.build/Debug-watchos/WWJavaScriptContext_ChineseConvert-t.build/WWJavaScriptContext_ChineseConvert.DependencyStaticMetadataFileList (in target 'WWJavaScriptContext_ChineseConvert' from project 'WWJavaScriptContext_ChineseConvert')
cd /Users/admin/builder/spi-builder-workspace
write-file /Users/admin/builder/spi-builder-workspace/.derivedData/Build/Intermediates.noindex/WWJavaScriptContext_ChineseConvert.build/Debug-watchos/WWJavaScriptContext_ChineseConvert-t.build/WWJavaScriptContext_ChineseConvert.DependencyStaticMetadataFileList
WriteAuxiliaryFile /Users/admin/builder/spi-builder-workspace/.derivedData/Build/Intermediates.noindex/WWJavaScriptContext_ChineseConvert.build/Debug-watchos/WWJavaScriptContext_ChineseConvert-t.build/WWJavaScriptContext_ChineseConvert.modulemap (in target 'WWJavaScriptContext_ChineseConvert' from project 'WWJavaScriptContext_ChineseConvert')
cd /Users/admin/builder/spi-builder-workspace
write-file /Users/admin/builder/spi-builder-workspace/.derivedData/Build/Intermediates.noindex/WWJavaScriptContext_ChineseConvert.build/Debug-watchos/WWJavaScriptContext_ChineseConvert-t.build/WWJavaScriptContext_ChineseConvert.modulemap
WriteAuxiliaryFile /Users/admin/builder/spi-builder-workspace/.derivedData/Build/Intermediates.noindex/WWJavaScriptContext_ChineseConvert.build/Debug-watchos/WWJavaScriptContext_ChineseConvert-t.build/WWJavaScriptContext_ChineseConvert.DependencyMetadataFileList (in target 'WWJavaScriptContext_ChineseConvert' from project 'WWJavaScriptContext_ChineseConvert')
cd /Users/admin/builder/spi-builder-workspace
write-file /Users/admin/builder/spi-builder-workspace/.derivedData/Build/Intermediates.noindex/WWJavaScriptContext_ChineseConvert.build/Debug-watchos/WWJavaScriptContext_ChineseConvert-t.build/WWJavaScriptContext_ChineseConvert.DependencyMetadataFileList
WriteAuxiliaryFile /Users/admin/builder/spi-builder-workspace/.derivedData/Build/Intermediates.noindex/WWJavaScriptContext_ChineseConvert.build/Debug-watchos/WWJavaScriptContext_ChineseConvert-t.build/Objects-normal/arm64/WWJavaScriptContext_ChineseConvert_const_extract_protocols.json (in target 'WWJavaScriptContext_ChineseConvert' from project 'WWJavaScriptContext_ChineseConvert')
cd /Users/admin/builder/spi-builder-workspace
write-file /Users/admin/builder/spi-builder-workspace/.derivedData/Build/Intermediates.noindex/WWJavaScriptContext_ChineseConvert.build/Debug-watchos/WWJavaScriptContext_ChineseConvert-t.build/Objects-normal/arm64/WWJavaScriptContext_ChineseConvert_const_extract_protocols.json
WriteAuxiliaryFile /Users/admin/builder/spi-builder-workspace/.derivedData/Build/Intermediates.noindex/WWJavaScriptContext_ChineseConvert.build/Debug-watchos/WWJavaScriptContext_ChineseConvert-t.build/Objects-normal/arm64/WWJavaScriptContext_ChineseConvert.SwiftFileList (in target 'WWJavaScriptContext_ChineseConvert' from project 'WWJavaScriptContext_ChineseConvert')
cd /Users/admin/builder/spi-builder-workspace
write-file /Users/admin/builder/spi-builder-workspace/.derivedData/Build/Intermediates.noindex/WWJavaScriptContext_ChineseConvert.build/Debug-watchos/WWJavaScriptContext_ChineseConvert-t.build/Objects-normal/arm64/WWJavaScriptContext_ChineseConvert.SwiftFileList
WriteAuxiliaryFile /Users/admin/builder/spi-builder-workspace/.derivedData/Build/Intermediates.noindex/WWJavaScriptContext_ChineseConvert.build/Debug-watchos/WWJavaScriptContext_ChineseConvert-t.build/Objects-normal/arm64_32/WWJavaScriptContext_ChineseConvert.SwiftFileList (in target 'WWJavaScriptContext_ChineseConvert' from project 'WWJavaScriptContext_ChineseConvert')
cd /Users/admin/builder/spi-builder-workspace
write-file /Users/admin/builder/spi-builder-workspace/.derivedData/Build/Intermediates.noindex/WWJavaScriptContext_ChineseConvert.build/Debug-watchos/WWJavaScriptContext_ChineseConvert-t.build/Objects-normal/arm64_32/WWJavaScriptContext_ChineseConvert.SwiftFileList
WriteAuxiliaryFile /Users/admin/builder/spi-builder-workspace/.derivedData/Build/Intermediates.noindex/WWJavaScriptContext_ChineseConvert.build/Debug-watchos/WWJavaScriptContext_ChineseConvert-t.build/Objects-normal/arm64_32/WWJavaScriptContext_ChineseConvert.LinkFileList (in target 'WWJavaScriptContext_ChineseConvert' from project 'WWJavaScriptContext_ChineseConvert')
cd /Users/admin/builder/spi-builder-workspace
write-file /Users/admin/builder/spi-builder-workspace/.derivedData/Build/Intermediates.noindex/WWJavaScriptContext_ChineseConvert.build/Debug-watchos/WWJavaScriptContext_ChineseConvert-t.build/Objects-normal/arm64_32/WWJavaScriptContext_ChineseConvert.LinkFileList
WriteAuxiliaryFile /Users/admin/builder/spi-builder-workspace/.derivedData/Build/Intermediates.noindex/WWJavaScriptContext_ChineseConvert.build/Debug-watchos/WWJavaScriptContext_ChineseConvert-t.build/Objects-normal/arm64_32/WWJavaScriptContext_ChineseConvert_const_extract_protocols.json (in target 'WWJavaScriptContext_ChineseConvert' from project 'WWJavaScriptContext_ChineseConvert')
cd /Users/admin/builder/spi-builder-workspace
write-file /Users/admin/builder/spi-builder-workspace/.derivedData/Build/Intermediates.noindex/WWJavaScriptContext_ChineseConvert.build/Debug-watchos/WWJavaScriptContext_ChineseConvert-t.build/Objects-normal/arm64_32/WWJavaScriptContext_ChineseConvert_const_extract_protocols.json
WriteAuxiliaryFile /Users/admin/builder/spi-builder-workspace/.derivedData/Build/Intermediates.noindex/WWJavaScriptContext_ChineseConvert.build/Debug-watchos/WWJavaScriptContext_ChineseConvert-t.build/Objects-normal/arm64_32/WWJavaScriptContext_ChineseConvert-OutputFileMap.json (in target 'WWJavaScriptContext_ChineseConvert' from project 'WWJavaScriptContext_ChineseConvert')
cd /Users/admin/builder/spi-builder-workspace
write-file /Users/admin/builder/spi-builder-workspace/.derivedData/Build/Intermediates.noindex/WWJavaScriptContext_ChineseConvert.build/Debug-watchos/WWJavaScriptContext_ChineseConvert-t.build/Objects-normal/arm64_32/WWJavaScriptContext_ChineseConvert-OutputFileMap.json
WriteAuxiliaryFile /Users/admin/builder/spi-builder-workspace/.derivedData/Build/Intermediates.noindex/WWJavaScriptContext_ChineseConvert.build/Debug-watchos/WWJavaScriptContext_ChineseConvert-t.build/Objects-normal/arm64_32/WWJavaScriptContext_ChineseConvert.SwiftConstValuesFileList (in target 'WWJavaScriptContext_ChineseConvert' from project 'WWJavaScriptContext_ChineseConvert')
cd /Users/admin/builder/spi-builder-workspace
write-file /Users/admin/builder/spi-builder-workspace/.derivedData/Build/Intermediates.noindex/WWJavaScriptContext_ChineseConvert.build/Debug-watchos/WWJavaScriptContext_ChineseConvert-t.build/Objects-normal/arm64_32/WWJavaScriptContext_ChineseConvert.SwiftConstValuesFileList
WriteAuxiliaryFile /Users/admin/builder/spi-builder-workspace/.derivedData/Build/Intermediates.noindex/WWJavaScriptContext_ChineseConvert.build/Debug-watchos/WWJavaScriptContext_ChineseConvert-t.build/Objects-normal/arm64/WWJavaScriptContext_ChineseConvert.SwiftConstValuesFileList (in target 'WWJavaScriptContext_ChineseConvert' from project 'WWJavaScriptContext_ChineseConvert')
cd /Users/admin/builder/spi-builder-workspace
write-file /Users/admin/builder/spi-builder-workspace/.derivedData/Build/Intermediates.noindex/WWJavaScriptContext_ChineseConvert.build/Debug-watchos/WWJavaScriptContext_ChineseConvert-t.build/Objects-normal/arm64/WWJavaScriptContext_ChineseConvert.SwiftConstValuesFileList
WriteAuxiliaryFile /Users/admin/builder/spi-builder-workspace/.derivedData/Build/Intermediates.noindex/WWJavaScriptContext_ChineseConvert.build/Debug-watchos/WWJavaScriptContext_ChineseConvert-t.build/Objects-normal/arm64/WWJavaScriptContext_ChineseConvert.LinkFileList (in target 'WWJavaScriptContext_ChineseConvert' from project 'WWJavaScriptContext_ChineseConvert')
cd /Users/admin/builder/spi-builder-workspace
write-file /Users/admin/builder/spi-builder-workspace/.derivedData/Build/Intermediates.noindex/WWJavaScriptContext_ChineseConvert.build/Debug-watchos/WWJavaScriptContext_ChineseConvert-t.build/Objects-normal/arm64/WWJavaScriptContext_ChineseConvert.LinkFileList
WriteAuxiliaryFile /Users/admin/builder/spi-builder-workspace/.derivedData/Build/Intermediates.noindex/WWJavaScriptContext_ChineseConvert.build/Debug-watchos/WWJavaScriptContext_ChineseConvert-t.build/Objects-normal/arm64/WWJavaScriptContext_ChineseConvert-OutputFileMap.json (in target 'WWJavaScriptContext_ChineseConvert' from project 'WWJavaScriptContext_ChineseConvert')
cd /Users/admin/builder/spi-builder-workspace
write-file /Users/admin/builder/spi-builder-workspace/.derivedData/Build/Intermediates.noindex/WWJavaScriptContext_ChineseConvert.build/Debug-watchos/WWJavaScriptContext_ChineseConvert-t.build/Objects-normal/arm64/WWJavaScriptContext_ChineseConvert-OutputFileMap.json
WriteAuxiliaryFile /Users/admin/builder/spi-builder-workspace/.derivedData/Build/Intermediates.noindex/WWJavaScriptContext_ChineseConvert.build/Debug-watchos/WWJavaScriptContext_ChineseConvert-t.build/DerivedSources/resource_bundle_accessor.swift (in target 'WWJavaScriptContext_ChineseConvert' from project 'WWJavaScriptContext_ChineseConvert')
cd /Users/admin/builder/spi-builder-workspace
write-file /Users/admin/builder/spi-builder-workspace/.derivedData/Build/Intermediates.noindex/WWJavaScriptContext_ChineseConvert.build/Debug-watchos/WWJavaScriptContext_ChineseConvert-t.build/DerivedSources/resource_bundle_accessor.swift
Copy /Users/admin/builder/spi-builder-workspace/.derivedData/Build/Intermediates.noindex/GeneratedModuleMaps-watchos/WWJavaScriptContext_ChineseConvert.modulemap /Users/admin/builder/spi-builder-workspace/.derivedData/Build/Intermediates.noindex/WWJavaScriptContext_ChineseConvert.build/Debug-watchos/WWJavaScriptContext_ChineseConvert-t.build/WWJavaScriptContext_ChineseConvert.modulemap (in target 'WWJavaScriptContext_ChineseConvert' from project 'WWJavaScriptContext_ChineseConvert')
cd /Users/admin/builder/spi-builder-workspace
builtin-copy -exclude .DS_Store -exclude CVS -exclude .svn -exclude .git -exclude .hg -resolve-src-symlinks /Users/admin/builder/spi-builder-workspace/.derivedData/Build/Intermediates.noindex/WWJavaScriptContext_ChineseConvert.build/Debug-watchos/WWJavaScriptContext_ChineseConvert-t.build/WWJavaScriptContext_ChineseConvert.modulemap /Users/admin/builder/spi-builder-workspace/.derivedData/Build/Intermediates.noindex/GeneratedModuleMaps-watchos
WriteAuxiliaryFile /Users/admin/builder/spi-builder-workspace/.derivedData/Build/Intermediates.noindex/WWJavaScriptContext.build/Debug-watchos/WWJavaScriptContext-t.build/WWJavaScriptContext.modulemap (in target 'WWJavaScriptContext' from project 'WWJavaScriptContext')
cd /Users/admin/builder/spi-builder-workspace/.dependencies/checkouts/WWJavaScriptContext
write-file /Users/admin/builder/spi-builder-workspace/.derivedData/Build/Intermediates.noindex/WWJavaScriptContext.build/Debug-watchos/WWJavaScriptContext-t.build/WWJavaScriptContext.modulemap
WriteAuxiliaryFile /Users/admin/builder/spi-builder-workspace/.derivedData/Build/Intermediates.noindex/WWJavaScriptContext.build/Debug-watchos/WWJavaScriptContext-t.build/WWJavaScriptContext.DependencyStaticMetadataFileList (in target 'WWJavaScriptContext' from project 'WWJavaScriptContext')
cd /Users/admin/builder/spi-builder-workspace/.dependencies/checkouts/WWJavaScriptContext
write-file /Users/admin/builder/spi-builder-workspace/.derivedData/Build/Intermediates.noindex/WWJavaScriptContext.build/Debug-watchos/WWJavaScriptContext-t.build/WWJavaScriptContext.DependencyStaticMetadataFileList
WriteAuxiliaryFile /Users/admin/builder/spi-builder-workspace/.derivedData/Build/Intermediates.noindex/WWJavaScriptContext.build/Debug-watchos/WWJavaScriptContext-t.build/WWJavaScriptContext.DependencyMetadataFileList (in target 'WWJavaScriptContext' from project 'WWJavaScriptContext')
cd /Users/admin/builder/spi-builder-workspace/.dependencies/checkouts/WWJavaScriptContext
write-file /Users/admin/builder/spi-builder-workspace/.derivedData/Build/Intermediates.noindex/WWJavaScriptContext.build/Debug-watchos/WWJavaScriptContext-t.build/WWJavaScriptContext.DependencyMetadataFileList
WriteAuxiliaryFile /Users/admin/builder/spi-builder-workspace/.derivedData/Build/Intermediates.noindex/WWJavaScriptContext.build/Debug-watchos/WWJavaScriptContext-t.build/Objects-normal/arm64_32/WWJavaScriptContext_const_extract_protocols.json (in target 'WWJavaScriptContext' from project 'WWJavaScriptContext')
cd /Users/admin/builder/spi-builder-workspace/.dependencies/checkouts/WWJavaScriptContext
write-file /Users/admin/builder/spi-builder-workspace/.derivedData/Build/Intermediates.noindex/WWJavaScriptContext.build/Debug-watchos/WWJavaScriptContext-t.build/Objects-normal/arm64_32/WWJavaScriptContext_const_extract_protocols.json
WriteAuxiliaryFile /Users/admin/builder/spi-builder-workspace/.derivedData/Build/Intermediates.noindex/WWJavaScriptContext.build/Debug-watchos/WWJavaScriptContext-t.build/Objects-normal/arm64_32/WWJavaScriptContext.SwiftFileList (in target 'WWJavaScriptContext' from project 'WWJavaScriptContext')
cd /Users/admin/builder/spi-builder-workspace/.dependencies/checkouts/WWJavaScriptContext
write-file /Users/admin/builder/spi-builder-workspace/.derivedData/Build/Intermediates.noindex/WWJavaScriptContext.build/Debug-watchos/WWJavaScriptContext-t.build/Objects-normal/arm64_32/WWJavaScriptContext.SwiftFileList
WriteAuxiliaryFile /Users/admin/builder/spi-builder-workspace/.derivedData/Build/Intermediates.noindex/WWJavaScriptContext.build/Debug-watchos/WWJavaScriptContext-t.build/Objects-normal/arm64_32/WWJavaScriptContext.SwiftConstValuesFileList (in target 'WWJavaScriptContext' from project 'WWJavaScriptContext')
cd /Users/admin/builder/spi-builder-workspace/.dependencies/checkouts/WWJavaScriptContext
write-file /Users/admin/builder/spi-builder-workspace/.derivedData/Build/Intermediates.noindex/WWJavaScriptContext.build/Debug-watchos/WWJavaScriptContext-t.build/Objects-normal/arm64_32/WWJavaScriptContext.SwiftConstValuesFileList
WriteAuxiliaryFile /Users/admin/builder/spi-builder-workspace/.derivedData/Build/Intermediates.noindex/WWJavaScriptContext.build/Debug-watchos/WWJavaScriptContext-t.build/Objects-normal/arm64_32/WWJavaScriptContext.LinkFileList (in target 'WWJavaScriptContext' from project 'WWJavaScriptContext')
cd /Users/admin/builder/spi-builder-workspace/.dependencies/checkouts/WWJavaScriptContext
write-file /Users/admin/builder/spi-builder-workspace/.derivedData/Build/Intermediates.noindex/WWJavaScriptContext.build/Debug-watchos/WWJavaScriptContext-t.build/Objects-normal/arm64_32/WWJavaScriptContext.LinkFileList
WriteAuxiliaryFile /Users/admin/builder/spi-builder-workspace/.derivedData/Build/Intermediates.noindex/WWJavaScriptContext.build/Debug-watchos/WWJavaScriptContext-t.build/Objects-normal/arm64_32/WWJavaScriptContext-OutputFileMap.json (in target 'WWJavaScriptContext' from project 'WWJavaScriptContext')
cd /Users/admin/builder/spi-builder-workspace/.dependencies/checkouts/WWJavaScriptContext
write-file /Users/admin/builder/spi-builder-workspace/.derivedData/Build/Intermediates.noindex/WWJavaScriptContext.build/Debug-watchos/WWJavaScriptContext-t.build/Objects-normal/arm64_32/WWJavaScriptContext-OutputFileMap.json
WriteAuxiliaryFile /Users/admin/builder/spi-builder-workspace/.derivedData/Build/Intermediates.noindex/WWJavaScriptContext.build/Debug-watchos/WWJavaScriptContext-t.build/Objects-normal/arm64/WWJavaScriptContext_const_extract_protocols.json (in target 'WWJavaScriptContext' from project 'WWJavaScriptContext')
cd /Users/admin/builder/spi-builder-workspace/.dependencies/checkouts/WWJavaScriptContext
write-file /Users/admin/builder/spi-builder-workspace/.derivedData/Build/Intermediates.noindex/WWJavaScriptContext.build/Debug-watchos/WWJavaScriptContext-t.build/Objects-normal/arm64/WWJavaScriptContext_const_extract_protocols.json
WriteAuxiliaryFile /Users/admin/builder/spi-builder-workspace/.derivedData/Build/Intermediates.noindex/WWJavaScriptContext.build/Debug-watchos/WWJavaScriptContext-t.build/Objects-normal/arm64/WWJavaScriptContext.SwiftFileList (in target 'WWJavaScriptContext' from project 'WWJavaScriptContext')
cd /Users/admin/builder/spi-builder-workspace/.dependencies/checkouts/WWJavaScriptContext
write-file /Users/admin/builder/spi-builder-workspace/.derivedData/Build/Intermediates.noindex/WWJavaScriptContext.build/Debug-watchos/WWJavaScriptContext-t.build/Objects-normal/arm64/WWJavaScriptContext.SwiftFileList
WriteAuxiliaryFile /Users/admin/builder/spi-builder-workspace/.derivedData/Build/Intermediates.noindex/WWJavaScriptContext.build/Debug-watchos/WWJavaScriptContext-t.build/Objects-normal/arm64/WWJavaScriptContext.SwiftConstValuesFileList (in target 'WWJavaScriptContext' from project 'WWJavaScriptContext')
cd /Users/admin/builder/spi-builder-workspace/.dependencies/checkouts/WWJavaScriptContext
write-file /Users/admin/builder/spi-builder-workspace/.derivedData/Build/Intermediates.noindex/WWJavaScriptContext.build/Debug-watchos/WWJavaScriptContext-t.build/Objects-normal/arm64/WWJavaScriptContext.SwiftConstValuesFileList
WriteAuxiliaryFile /Users/admin/builder/spi-builder-workspace/.derivedData/Build/Intermediates.noindex/WWJavaScriptContext.build/Debug-watchos/WWJavaScriptContext-t.build/Objects-normal/arm64/WWJavaScriptContext.LinkFileList (in target 'WWJavaScriptContext' from project 'WWJavaScriptContext')
cd /Users/admin/builder/spi-builder-workspace/.dependencies/checkouts/WWJavaScriptContext
write-file /Users/admin/builder/spi-builder-workspace/.derivedData/Build/Intermediates.noindex/WWJavaScriptContext.build/Debug-watchos/WWJavaScriptContext-t.build/Objects-normal/arm64/WWJavaScriptContext.LinkFileList
WriteAuxiliaryFile /Users/admin/builder/spi-builder-workspace/.derivedData/Build/Intermediates.noindex/WWJavaScriptContext.build/Debug-watchos/WWJavaScriptContext-t.build/Objects-normal/arm64/WWJavaScriptContext-OutputFileMap.json (in target 'WWJavaScriptContext' from project 'WWJavaScriptContext')
cd /Users/admin/builder/spi-builder-workspace/.dependencies/checkouts/WWJavaScriptContext
write-file /Users/admin/builder/spi-builder-workspace/.derivedData/Build/Intermediates.noindex/WWJavaScriptContext.build/Debug-watchos/WWJavaScriptContext-t.build/Objects-normal/arm64/WWJavaScriptContext-OutputFileMap.json
WriteAuxiliaryFile /Users/admin/builder/spi-builder-workspace/.derivedData/Build/Intermediates.noindex/WWJavaScriptContext.build/Debug-watchos/WWJavaScriptContext-t.build/DerivedSources/resource_bundle_accessor.swift (in target 'WWJavaScriptContext' from project 'WWJavaScriptContext')
cd /Users/admin/builder/spi-builder-workspace/.dependencies/checkouts/WWJavaScriptContext
write-file /Users/admin/builder/spi-builder-workspace/.derivedData/Build/Intermediates.noindex/WWJavaScriptContext.build/Debug-watchos/WWJavaScriptContext-t.build/DerivedSources/resource_bundle_accessor.swift
Copy /Users/admin/builder/spi-builder-workspace/.derivedData/Build/Intermediates.noindex/GeneratedModuleMaps-watchos/WWJavaScriptContext.modulemap /Users/admin/builder/spi-builder-workspace/.derivedData/Build/Intermediates.noindex/WWJavaScriptContext.build/Debug-watchos/WWJavaScriptContext-t.build/WWJavaScriptContext.modulemap (in target 'WWJavaScriptContext' from project 'WWJavaScriptContext')
cd /Users/admin/builder/spi-builder-workspace/.dependencies/checkouts/WWJavaScriptContext
builtin-copy -exclude .DS_Store -exclude CVS -exclude .svn -exclude .git -exclude .hg -resolve-src-symlinks /Users/admin/builder/spi-builder-workspace/.derivedData/Build/Intermediates.noindex/WWJavaScriptContext.build/Debug-watchos/WWJavaScriptContext-t.build/WWJavaScriptContext.modulemap /Users/admin/builder/spi-builder-workspace/.derivedData/Build/Intermediates.noindex/GeneratedModuleMaps-watchos
MkDir /Users/admin/builder/spi-builder-workspace/.derivedData/Build/Products/Debug-watchos/WWJavaScriptContext_ChineseConvert_WWJavaScriptContext_ChineseConvert.bundle (in target 'WWJavaScriptContext_ChineseConvert_WWJavaScriptContext_ChineseConvert' from project 'WWJavaScriptContext_ChineseConvert')
cd /Users/admin/builder/spi-builder-workspace
/bin/mkdir -p /Users/admin/builder/spi-builder-workspace/.derivedData/Build/Products/Debug-watchos/WWJavaScriptContext_ChineseConvert_WWJavaScriptContext_ChineseConvert.bundle
ProcessInfoPlistFile /Users/admin/builder/spi-builder-workspace/.derivedData/Build/Products/Debug-watchos/WWJavaScriptContext_WWJavaScriptContext.bundle/Info.plist /Users/admin/builder/spi-builder-workspace/.derivedData/Build/Intermediates.noindex/WWJavaScriptContext.build/Debug-watchos/WWJavaScriptContext_WWJavaScriptContext-b.build/empty-WWJavaScriptContext_WWJavaScriptContext.plist (in target 'WWJavaScriptContext_WWJavaScriptContext' from project 'WWJavaScriptContext')
cd /Users/admin/builder/spi-builder-workspace/.dependencies/checkouts/WWJavaScriptContext
builtin-infoPlistUtility /Users/admin/builder/spi-builder-workspace/.derivedData/Build/Intermediates.noindex/WWJavaScriptContext.build/Debug-watchos/WWJavaScriptContext_WWJavaScriptContext-b.build/empty-WWJavaScriptContext_WWJavaScriptContext.plist -producttype com.apple.product-type.bundle -expandbuildsettings -format binary -platform watchos -o /Users/admin/builder/spi-builder-workspace/.derivedData/Build/Products/Debug-watchos/WWJavaScriptContext_WWJavaScriptContext.bundle/Info.plist
CpResource /Users/admin/builder/spi-builder-workspace/.derivedData/Build/Products/Debug-watchos/WWJavaScriptContext_WWJavaScriptContext.bundle/Privacy /Users/admin/builder/spi-builder-workspace/.dependencies/checkouts/WWJavaScriptContext/Sources/WWJavaScriptContext/Privacy (in target 'WWJavaScriptContext_WWJavaScriptContext' from project 'WWJavaScriptContext')
cd /Users/admin/builder/spi-builder-workspace/.dependencies/checkouts/WWJavaScriptContext
builtin-copy -exclude .DS_Store -exclude CVS -exclude .svn -exclude .git -exclude .hg -resolve-src-symlinks /Users/admin/builder/spi-builder-workspace/.dependencies/checkouts/WWJavaScriptContext/Sources/WWJavaScriptContext/Privacy /Users/admin/builder/spi-builder-workspace/.derivedData/Build/Products/Debug-watchos/WWJavaScriptContext_WWJavaScriptContext.bundle
ProcessInfoPlistFile /Users/admin/builder/spi-builder-workspace/.derivedData/Build/Products/Debug-watchos/WWJavaScriptContext_ChineseConvert_WWJavaScriptContext_ChineseConvert.bundle/Info.plist /Users/admin/builder/spi-builder-workspace/.derivedData/Build/Intermediates.noindex/WWJavaScriptContext_ChineseConvert.build/Debug-watchos/WWJavaScriptContext_ChineseConvert_WWJavaScriptContext_ChineseConvert-b.build/empty-WWJavaScriptContext_ChineseConvert_WWJavaScriptContext_ChineseConvert.plist (in target 'WWJavaScriptContext_ChineseConvert_WWJavaScriptContext_ChineseConvert' from project 'WWJavaScriptContext_ChineseConvert')
cd /Users/admin/builder/spi-builder-workspace
builtin-infoPlistUtility /Users/admin/builder/spi-builder-workspace/.derivedData/Build/Intermediates.noindex/WWJavaScriptContext_ChineseConvert.build/Debug-watchos/WWJavaScriptContext_ChineseConvert_WWJavaScriptContext_ChineseConvert-b.build/empty-WWJavaScriptContext_ChineseConvert_WWJavaScriptContext_ChineseConvert.plist -producttype com.apple.product-type.bundle -expandbuildsettings -format binary -platform watchos -o /Users/admin/builder/spi-builder-workspace/.derivedData/Build/Products/Debug-watchos/WWJavaScriptContext_ChineseConvert_WWJavaScriptContext_ChineseConvert.bundle/Info.plist
CpResource /Users/admin/builder/spi-builder-workspace/.derivedData/Build/Products/Debug-watchos/WWJavaScriptContext_ChineseConvert_WWJavaScriptContext_ChineseConvert.bundle/jsSource.js /Users/admin/builder/spi-builder-workspace/Sources/WWJavaScriptContext_ChineseConvert/Script/jsSource.js (in target 'WWJavaScriptContext_ChineseConvert_WWJavaScriptContext_ChineseConvert' from project 'WWJavaScriptContext_ChineseConvert')
cd /Users/admin/builder/spi-builder-workspace
builtin-copy -exclude .DS_Store -exclude CVS -exclude .svn -exclude .git -exclude .hg -resolve-src-symlinks /Users/admin/builder/spi-builder-workspace/Sources/WWJavaScriptContext_ChineseConvert/Script/jsSource.js /Users/admin/builder/spi-builder-workspace/.derivedData/Build/Products/Debug-watchos/WWJavaScriptContext_ChineseConvert_WWJavaScriptContext_ChineseConvert.bundle
CpResource /Users/admin/builder/spi-builder-workspace/.derivedData/Build/Products/Debug-watchos/WWJavaScriptContext_ChineseConvert_WWJavaScriptContext_ChineseConvert.bundle/Privacy /Users/admin/builder/spi-builder-workspace/Sources/WWJavaScriptContext_ChineseConvert/Privacy (in target 'WWJavaScriptContext_ChineseConvert_WWJavaScriptContext_ChineseConvert' from project 'WWJavaScriptContext_ChineseConvert')
cd /Users/admin/builder/spi-builder-workspace
builtin-copy -exclude .DS_Store -exclude CVS -exclude .svn -exclude .git -exclude .hg -resolve-src-symlinks /Users/admin/builder/spi-builder-workspace/Sources/WWJavaScriptContext_ChineseConvert/Privacy /Users/admin/builder/spi-builder-workspace/.derivedData/Build/Products/Debug-watchos/WWJavaScriptContext_ChineseConvert_WWJavaScriptContext_ChineseConvert.bundle
CpResource /Users/admin/builder/spi-builder-workspace/.derivedData/Build/Products/Debug-watchos/WWJavaScriptContext_ChineseConvert_WWJavaScriptContext_ChineseConvert.bundle/OpenCC-JS-1.0.5.js /Users/admin/builder/spi-builder-workspace/Sources/WWJavaScriptContext_ChineseConvert/Script/OpenCC-JS-1.0.5.js (in target 'WWJavaScriptContext_ChineseConvert_WWJavaScriptContext_ChineseConvert' from project 'WWJavaScriptContext_ChineseConvert')
cd /Users/admin/builder/spi-builder-workspace
builtin-copy -exclude .DS_Store -exclude CVS -exclude .svn -exclude .git -exclude .hg -resolve-src-symlinks /Users/admin/builder/spi-builder-workspace/Sources/WWJavaScriptContext_ChineseConvert/Script/OpenCC-JS-1.0.5.js /Users/admin/builder/spi-builder-workspace/.derivedData/Build/Products/Debug-watchos/WWJavaScriptContext_ChineseConvert_WWJavaScriptContext_ChineseConvert.bundle
RegisterExecutionPolicyException /Users/admin/builder/spi-builder-workspace/.derivedData/Build/Products/Debug-watchos/WWJavaScriptContext_ChineseConvert_WWJavaScriptContext_ChineseConvert.bundle (in target 'WWJavaScriptContext_ChineseConvert_WWJavaScriptContext_ChineseConvert' from project 'WWJavaScriptContext_ChineseConvert')
cd /Users/admin/builder/spi-builder-workspace
builtin-RegisterExecutionPolicyException /Users/admin/builder/spi-builder-workspace/.derivedData/Build/Products/Debug-watchos/WWJavaScriptContext_ChineseConvert_WWJavaScriptContext_ChineseConvert.bundle
RegisterExecutionPolicyException /Users/admin/builder/spi-builder-workspace/.derivedData/Build/Products/Debug-watchos/WWJavaScriptContext_WWJavaScriptContext.bundle (in target 'WWJavaScriptContext_WWJavaScriptContext' from project 'WWJavaScriptContext')
cd /Users/admin/builder/spi-builder-workspace/.dependencies/checkouts/WWJavaScriptContext
builtin-RegisterExecutionPolicyException /Users/admin/builder/spi-builder-workspace/.derivedData/Build/Products/Debug-watchos/WWJavaScriptContext_WWJavaScriptContext.bundle
Touch /Users/admin/builder/spi-builder-workspace/.derivedData/Build/Products/Debug-watchos/WWJavaScriptContext_WWJavaScriptContext.bundle (in target 'WWJavaScriptContext_WWJavaScriptContext' from project 'WWJavaScriptContext')
cd /Users/admin/builder/spi-builder-workspace/.dependencies/checkouts/WWJavaScriptContext
/usr/bin/touch -c /Users/admin/builder/spi-builder-workspace/.derivedData/Build/Products/Debug-watchos/WWJavaScriptContext_WWJavaScriptContext.bundle
Touch /Users/admin/builder/spi-builder-workspace/.derivedData/Build/Products/Debug-watchos/WWJavaScriptContext_ChineseConvert_WWJavaScriptContext_ChineseConvert.bundle (in target 'WWJavaScriptContext_ChineseConvert_WWJavaScriptContext_ChineseConvert' from project 'WWJavaScriptContext_ChineseConvert')
cd /Users/admin/builder/spi-builder-workspace
/usr/bin/touch -c /Users/admin/builder/spi-builder-workspace/.derivedData/Build/Products/Debug-watchos/WWJavaScriptContext_ChineseConvert_WWJavaScriptContext_ChineseConvert.bundle
SwiftDriver WWJavaScriptContext normal arm64 com.apple.xcode.tools.swift.compiler (in target 'WWJavaScriptContext' from project 'WWJavaScriptContext')
cd /Users/admin/builder/spi-builder-workspace/.swiftpm/xcode
builtin-SwiftDriver -- /Applications/Xcode-27.0.0-Release.Candidate.app/Contents/Developer/Toolchains/XcodeDefault.xctoolchain/usr/bin/swiftc -parse-as-library -module-name WWJavaScriptContext -Onone @/Users/admin/builder/spi-builder-workspace/.derivedData/Build/Intermediates.noindex/WWJavaScriptContext.build/Debug-watchos/WWJavaScriptContext-t.build/Objects-normal/arm64/WWJavaScriptContext.SwiftFileList -DSWIFT_PACKAGE -DDEBUG -DSWIFT_MODULE_RESOURCE_BUNDLE_AVAILABLE -DXcode -plugin-path /Applications/Xcode-27.0.0-Release.Candidate.app/Contents/Developer/Toolchains/XcodeDefault.xctoolchain/usr/lib/swift/host/plugins/testing -enable-experimental-feature DebugDescriptionMacro -sdk /Applications/Xcode-27.0.0-Release.Candidate.app/Contents/Developer/Platforms/WatchOS.platform/Developer/SDKs/WatchOS27.0.sdk -target arm64-apple-watchos9.0 -g -module-cache-path /Users/admin/builder/spi-builder-workspace/.derivedData/ModuleCache.noindex -Xfrontend -serialize-debugging-options -enable-testing -suppress-warnings -index-store-path /Users/admin/builder/spi-builder-workspace/.derivedData/Index.noindex/DataStore -Xcc -D_LIBCPP_HARDENING_MODE\=_LIBCPP_HARDENING_MODE_DEBUG -swift-version 5 -I /Users/admin/builder/spi-builder-workspace/.derivedData/Build/Products/Debug-watchos -Isystem /Applications/Xcode-27.0.0-Release.Candidate.app/Contents/Developer/Platforms/WatchOS.platform/Developer/usr/lib -F /Users/admin/builder/spi-builder-workspace/.derivedData/Build/Products/Debug-watchos -F /Applications/Xcode-27.0.0-Release.Candidate.app/Contents/Developer/Platforms/WatchOS.platform/Developer/Library/Frameworks -F /Applications/Xcode-27.0.0-Release.Candidate.app/Contents/Developer/Platforms/WatchOS.platform/Developer/SDKs/WatchOS27.0.sdk/Developer/Library/Frameworks -c -j10 -enable-batch-mode -incremental -Xcc -ivfsstatcache -Xcc /Users/admin/builder/spi-builder-workspace/.derivedData/SDKStatCaches.noindex/watchos27.0-24R360-e829b21a6f8c9b70876ba0858053c04477534ef55a1706bf4c1112bbb242f0a2.sdkstatcache -output-file-map /Users/admin/builder/spi-builder-workspace/.derivedData/Build/Intermediates.noindex/WWJavaScriptContext.build/Debug-watchos/WWJavaScriptContext-t.build/Objects-normal/arm64/WWJavaScriptContext-OutputFileMap.json -save-temps -no-color-diagnostics -explicit-module-build -module-cache-path /Users/admin/builder/spi-builder-workspace/.derivedData/Build/Intermediates.noindex/SwiftExplicitPrecompiledModules -clang-scanner-module-cache-path /Users/admin/builder/spi-builder-workspace/.derivedData/ModuleCache.noindex -sdk-module-cache-path /Users/admin/builder/spi-builder-workspace/.derivedData/SDKExplicitPrecompiledModules -emit-dependencies -emit-module -emit-module-path /Users/admin/builder/spi-builder-workspace/.derivedData/Build/Intermediates.noindex/WWJavaScriptContext.build/Debug-watchos/WWJavaScriptContext-t.build/Objects-normal/arm64/WWJavaScriptContext.swiftmodule -serialize-diagnostics -dependency-scan-serialize-diagnostics-path /Users/admin/builder/spi-builder-workspace/.derivedData/Build/Intermediates.noindex/WWJavaScriptContext.build/Debug-watchos/WWJavaScriptContext-t.build/Objects-normal/arm64/WWJavaScriptContext-dependency-scan.dia -validate-clang-modules-once -clang-build-session-file /Users/admin/builder/spi-builder-workspace/.derivedData/ModuleCache.noindex/Session.modulevalidation -Xcc -fmodules-prune-interval\=86400 -Xcc -fmodules-prune-after\=345600 -emit-const-values -const-gather-protocols-list /Users/admin/builder/spi-builder-workspace/.derivedData/Build/Intermediates.noindex/WWJavaScriptContext.build/Debug-watchos/WWJavaScriptContext-t.build/Objects-normal/arm64/WWJavaScriptContext_const_extract_protocols.json -Xcc -I/Users/admin/builder/spi-builder-workspace/.derivedData/Build/Products/Debug-watchos/include -Xcc -I/Users/admin/builder/spi-builder-workspace/.derivedData/Build/Intermediates.noindex/WWJavaScriptContext.build/Debug-watchos/WWJavaScriptContext-t.build/DerivedSources-normal/arm64 -Xcc -I/Users/admin/builder/spi-builder-workspace/.derivedData/Build/Intermediates.noindex/WWJavaScriptContext.build/Debug-watchos/WWJavaScriptContext-t.build/DerivedSources/arm64 -Xcc -I/Users/admin/builder/spi-builder-workspace/.derivedData/Build/Intermediates.noindex/WWJavaScriptContext.build/Debug-watchos/WWJavaScriptContext-t.build/DerivedSources -Xcc -DSWIFT_PACKAGE -Xcc -DDEBUG\=1 -emit-objc-header -emit-objc-header-path /Users/admin/builder/spi-builder-workspace/.derivedData/Build/Intermediates.noindex/WWJavaScriptContext.build/Debug-watchos/WWJavaScriptContext-t.build/Objects-normal/arm64/WWJavaScriptContext-Swift.h -working-directory /Users/admin/builder/spi-builder-workspace/.swiftpm/xcode -experimental-emit-module-separately -disable-cmo
/Users/admin/builder/spi-builder-workspace/.dependencies/checkouts/WWJavaScriptContext/Sources/WWJavaScriptContext/JavaScriptContext.swift:9:8: error: Unable to resolve module dependency: 'JavaScriptCore' (in target 'WWJavaScriptContext' from project 'WWJavaScriptContext')
note: A dependency of main module 'WWJavaScriptContext'
/Users/admin/builder/spi-builder-workspace/.dependencies/checkouts/WWJavaScriptContext/Sources/WWJavaScriptContext/JavaScriptContext.swift:9:8: note: A dependency of main module 'WWJavaScriptContext'
import JavaScriptCore
^ (in target 'WWJavaScriptContext' from project 'WWJavaScriptContext')
SwiftDriver WWJavaScriptContext normal arm64_32 com.apple.xcode.tools.swift.compiler (in target 'WWJavaScriptContext' from project 'WWJavaScriptContext')
cd /Users/admin/builder/spi-builder-workspace/.swiftpm/xcode
builtin-SwiftDriver -- /Applications/Xcode-27.0.0-Release.Candidate.app/Contents/Developer/Toolchains/XcodeDefault.xctoolchain/usr/bin/swiftc -parse-as-library -module-name WWJavaScriptContext -Onone @/Users/admin/builder/spi-builder-workspace/.derivedData/Build/Intermediates.noindex/WWJavaScriptContext.build/Debug-watchos/WWJavaScriptContext-t.build/Objects-normal/arm64_32/WWJavaScriptContext.SwiftFileList -DSWIFT_PACKAGE -DDEBUG -DSWIFT_MODULE_RESOURCE_BUNDLE_AVAILABLE -DXcode -plugin-path /Applications/Xcode-27.0.0-Release.Candidate.app/Contents/Developer/Toolchains/XcodeDefault.xctoolchain/usr/lib/swift/host/plugins/testing -enable-experimental-feature DebugDescriptionMacro -sdk /Applications/Xcode-27.0.0-Release.Candidate.app/Contents/Developer/Platforms/WatchOS.platform/Developer/SDKs/WatchOS27.0.sdk -target arm64_32-apple-watchos9.0 -g -module-cache-path /Users/admin/builder/spi-builder-workspace/.derivedData/ModuleCache.noindex -Xfrontend -serialize-debugging-options -enable-testing -suppress-warnings -index-store-path /Users/admin/builder/spi-builder-workspace/.derivedData/Index.noindex/DataStore -Xcc -D_LIBCPP_HARDENING_MODE\=_LIBCPP_HARDENING_MODE_DEBUG -swift-version 5 -I /Users/admin/builder/spi-builder-workspace/.derivedData/Build/Products/Debug-watchos -Isystem /Applications/Xcode-27.0.0-Release.Candidate.app/Contents/Developer/Platforms/WatchOS.platform/Developer/usr/lib -F /Users/admin/builder/spi-builder-workspace/.derivedData/Build/Products/Debug-watchos -F /Applications/Xcode-27.0.0-Release.Candidate.app/Contents/Developer/Platforms/WatchOS.platform/Developer/Library/Frameworks -F /Applications/Xcode-27.0.0-Release.Candidate.app/Contents/Developer/Platforms/WatchOS.platform/Developer/SDKs/WatchOS27.0.sdk/Developer/Library/Frameworks -c -j10 -enable-batch-mode -incremental -Xcc -ivfsstatcache -Xcc /Users/admin/builder/spi-builder-workspace/.derivedData/SDKStatCaches.noindex/watchos27.0-24R360-e829b21a6f8c9b70876ba0858053c04477534ef55a1706bf4c1112bbb242f0a2.sdkstatcache -output-file-map /Users/admin/builder/spi-builder-workspace/.derivedData/Build/Intermediates.noindex/WWJavaScriptContext.build/Debug-watchos/WWJavaScriptContext-t.build/Objects-normal/arm64_32/WWJavaScriptContext-OutputFileMap.json -save-temps -no-color-diagnostics -explicit-module-build -module-cache-path /Users/admin/builder/spi-builder-workspace/.derivedData/Build/Intermediates.noindex/SwiftExplicitPrecompiledModules -clang-scanner-module-cache-path /Users/admin/builder/spi-builder-workspace/.derivedData/ModuleCache.noindex -sdk-module-cache-path /Users/admin/builder/spi-builder-workspace/.derivedData/SDKExplicitPrecompiledModules -emit-dependencies -emit-module -emit-module-path /Users/admin/builder/spi-builder-workspace/.derivedData/Build/Intermediates.noindex/WWJavaScriptContext.build/Debug-watchos/WWJavaScriptContext-t.build/Objects-normal/arm64_32/WWJavaScriptContext.swiftmodule -serialize-diagnostics -dependency-scan-serialize-diagnostics-path /Users/admin/builder/spi-builder-workspace/.derivedData/Build/Intermediates.noindex/WWJavaScriptContext.build/Debug-watchos/WWJavaScriptContext-t.build/Objects-normal/arm64_32/WWJavaScriptContext-dependency-scan.dia -validate-clang-modules-once -clang-build-session-file /Users/admin/builder/spi-builder-workspace/.derivedData/ModuleCache.noindex/Session.modulevalidation -Xcc -fmodules-prune-interval\=86400 -Xcc -fmodules-prune-after\=345600 -emit-const-values -const-gather-protocols-list /Users/admin/builder/spi-builder-workspace/.derivedData/Build/Intermediates.noindex/WWJavaScriptContext.build/Debug-watchos/WWJavaScriptContext-t.build/Objects-normal/arm64_32/WWJavaScriptContext_const_extract_protocols.json -Xcc -I/Users/admin/builder/spi-builder-workspace/.derivedData/Build/Products/Debug-watchos/include -Xcc -I/Users/admin/builder/spi-builder-workspace/.derivedData/Build/Intermediates.noindex/WWJavaScriptContext.build/Debug-watchos/WWJavaScriptContext-t.build/DerivedSources-normal/arm64_32 -Xcc -I/Users/admin/builder/spi-builder-workspace/.derivedData/Build/Intermediates.noindex/WWJavaScriptContext.build/Debug-watchos/WWJavaScriptContext-t.build/DerivedSources/arm64_32 -Xcc -I/Users/admin/builder/spi-builder-workspace/.derivedData/Build/Intermediates.noindex/WWJavaScriptContext.build/Debug-watchos/WWJavaScriptContext-t.build/DerivedSources -Xcc -DSWIFT_PACKAGE -Xcc -DDEBUG\=1 -emit-objc-header -emit-objc-header-path /Users/admin/builder/spi-builder-workspace/.derivedData/Build/Intermediates.noindex/WWJavaScriptContext.build/Debug-watchos/WWJavaScriptContext-t.build/Objects-normal/arm64_32/WWJavaScriptContext-Swift.h -working-directory /Users/admin/builder/spi-builder-workspace/.swiftpm/xcode -experimental-emit-module-separately -disable-cmo
/Users/admin/builder/spi-builder-workspace/.dependencies/checkouts/WWJavaScriptContext/Sources/WWJavaScriptContext/JavaScriptContext.swift:9:8: error: Unable to resolve module dependency: 'JavaScriptCore' (in target 'WWJavaScriptContext' from project 'WWJavaScriptContext')
note: A dependency of main module 'WWJavaScriptContext'
/Users/admin/builder/spi-builder-workspace/.dependencies/checkouts/WWJavaScriptContext/Sources/WWJavaScriptContext/JavaScriptContext.swift:9:8: note: A dependency of main module 'WWJavaScriptContext'
import JavaScriptCore
^ (in target 'WWJavaScriptContext' from project 'WWJavaScriptContext')
PruneExplicitPrecompiledModules /Users/admin/builder/spi-builder-workspace/.derivedData/Build/Intermediates.noindex/ExplicitPrecompiledModules
PruneExplicitPrecompiledModules /Users/admin/builder/spi-builder-workspace/.derivedData/SDKExplicitPrecompiledModules
PruneExplicitPrecompiledModules /Users/admin/builder/spi-builder-workspace/.derivedData/Build/Intermediates.noindex/SwiftExplicitPrecompiledModules
2026-09-21 21:15:42.752 xcodebuild[687:4328] [MT] IDERunDestination: Supported platforms for the buildables in the current scheme is empty.
** BUILD FAILED **
The following build commands failed:
SwiftDriver WWJavaScriptContext normal arm64 com.apple.xcode.tools.swift.compiler (in target 'WWJavaScriptContext' from project 'WWJavaScriptContext')
SwiftDriver WWJavaScriptContext normal arm64_32 com.apple.xcode.tools.swift.compiler (in target 'WWJavaScriptContext' from project 'WWJavaScriptContext')
Building workspace WWJavaScriptContext_ChineseConvert with scheme WWJavaScriptContext_ChineseConvert
(3 failures)
Command line invocation:
/Applications/Xcode-27.0.0-Release.Candidate.app/Contents/Developer/usr/bin/xcodebuild -IDEClonedSourcePackagesDirPathOverride=/Users/admin/builder/spi-builder-workspace/.dependencies -resolvePackageDependencies
Resolve Package Graph
Resolved source packages:
WWJavaScriptContext_ChineseConvert: /Users/admin/builder/spi-builder-workspace
WWJavaScriptContext: https://github.com/William-Weng/WWJavaScriptContext @ 1.1.0
resolved source packages: WWJavaScriptContext_ChineseConvert, WWJavaScriptContext
2026-09-21 21:15:45.755 xcodebuild[712:4557] [MT] IDERunDestination: Supported platforms for the buildables in the current scheme is empty.
{
"dependencies" : [
{
"identity" : "wwjavascriptcontext",
"requirement" : {
"range" : [
{
"lower_bound" : "1.0.3",
"upper_bound" : "2.0.0"
}
]
},
"type" : "sourceControl",
"url" : "https://github.com/William-Weng/WWJavaScriptContext"
}
],
"manifest_display_name" : "WWJavaScriptContext_ChineseConvert",
"name" : "WWJavaScriptContext_ChineseConvert",
"path" : "/Users/admin/builder/spi-builder-workspace",
"platforms" : [
{
"name" : "ios",
"version" : "15.0"
}
],
"products" : [
{
"name" : "WWJavaScriptContext_ChineseConvert",
"targets" : [
"WWJavaScriptContext_ChineseConvert"
],
"type" : {
"library" : [
"automatic"
]
}
}
],
"swift_languages_versions" : [
"5"
],
"targets" : [
{
"c99name" : "WWJavaScriptContext_ChineseConvert",
"module_type" : "SwiftTarget",
"name" : "WWJavaScriptContext_ChineseConvert",
"path" : "Sources/WWJavaScriptContext_ChineseConvert",
"product_dependencies" : [
"WWJavaScriptContext"
],
"product_memberships" : [
"WWJavaScriptContext_ChineseConvert"
],
"resources" : [
{
"path" : "/Users/admin/builder/spi-builder-workspace/Sources/WWJavaScriptContext_ChineseConvert/Privacy",
"rule" : {
"copy" : {
}
}
},
{
"path" : "/Users/admin/builder/spi-builder-workspace/Sources/WWJavaScriptContext_ChineseConvert/Script/OpenCC-JS-1.0.5.js",
"rule" : {
"process" : {
}
}
},
{
"path" : "/Users/admin/builder/spi-builder-workspace/Sources/WWJavaScriptContext_ChineseConvert/Script/jsSource.js",
"rule" : {
"process" : {
}
}
}
],
"sources" : [
"WWJavaScriptContext_ChineseConvert.swift"
],
"type" : "library"
}
],
"tools_version" : "5.7"
}
{
"workspace" : {
"name" : "WWJavaScriptContext_ChineseConvert",
"schemes" : [
"WWJavaScriptContext_ChineseConvert"
]
}
}
2026-09-21 21:15:46.973 xcodebuild[720:4614] [MT] IDERunDestination: Supported platforms for the buildables in the current scheme is empty.
Running build ...
env DEVELOPER_DIR=/Applications/Xcode-27.0.0-Release.Candidate.app xcrun xcodebuild -IDEClonedSourcePackagesDirPathOverride=$PWD/.dependencies -skipMacroValidation -skipPackagePluginValidation -derivedDataPath $PWD/.derivedData build -scheme WWJavaScriptContext_ChineseConvert -destination generic/platform=watchOS
Command line invocation:
/Applications/Xcode-27.0.0-Release.Candidate.app/Contents/Developer/usr/bin/xcodebuild -IDEClonedSourcePackagesDirPathOverride=/Users/admin/builder/spi-builder-workspace/.dependencies -skipMacroValidation -skipPackagePluginValidation -derivedDataPath /Users/admin/builder/spi-builder-workspace/.derivedData build -scheme WWJavaScriptContext_ChineseConvert -destination generic/platform=watchOS
Resolve Package Graph
Resolved source packages:
WWJavaScriptContext: https://github.com/William-Weng/WWJavaScriptContext @ 1.1.0
WWJavaScriptContext_ChineseConvert: /Users/admin/builder/spi-builder-workspace
ComputePackagePrebuildTargetDependencyGraph
Prepare packages
CreateBuildRequest
SendProjectDescription
CreateBuildOperation
ComputeTargetDependencyGraph
note: Building targets in dependency order
note: Target dependency graph (6 targets)
Target 'WWJavaScriptContext_ChineseConvert-product' in project 'WWJavaScriptContext_ChineseConvert'
➜ Explicit dependency on target 'WWJavaScriptContext_ChineseConvert' in project 'WWJavaScriptContext_ChineseConvert'
➜ Explicit dependency on target 'WWJavaScriptContext_ChineseConvert_WWJavaScriptContext_ChineseConvert' in project 'WWJavaScriptContext_ChineseConvert'
➜ Explicit dependency on target 'WWJavaScriptContext-product' in project 'WWJavaScriptContext'
Target 'WWJavaScriptContext_ChineseConvert' in project 'WWJavaScriptContext_ChineseConvert'
➜ Explicit dependency on target 'WWJavaScriptContext_ChineseConvert_WWJavaScriptContext_ChineseConvert' in project 'WWJavaScriptContext_ChineseConvert'
➜ Explicit dependency on target 'WWJavaScriptContext-product' in project 'WWJavaScriptContext'
Target 'WWJavaScriptContext-product' in project 'WWJavaScriptContext'
➜ Explicit dependency on target 'WWJavaScriptContext' in project 'WWJavaScriptContext'
➜ Explicit dependency on target 'WWJavaScriptContext_WWJavaScriptContext' in project 'WWJavaScriptContext'
Target 'WWJavaScriptContext' in project 'WWJavaScriptContext'
➜ Explicit dependency on target 'WWJavaScriptContext_WWJavaScriptContext' in project 'WWJavaScriptContext'
Target 'WWJavaScriptContext_WWJavaScriptContext' in project 'WWJavaScriptContext' (no dependencies)
Target 'WWJavaScriptContext_ChineseConvert_WWJavaScriptContext_ChineseConvert' in project 'WWJavaScriptContext_ChineseConvert' (no dependencies)
GatherProvisioningInputs
CreateBuildDescription
ClangStatCache /Applications/Xcode-27.0.0-Release.Candidate.app/Contents/Developer/Toolchains/XcodeDefault.xctoolchain/usr/bin/clang-stat-cache /Applications/Xcode-27.0.0-Release.Candidate.app/Contents/Developer/Platforms/WatchOS.platform/Developer/SDKs/WatchOS27.0.sdk /Users/admin/builder/spi-builder-workspace/.derivedData/SDKStatCaches.noindex/watchos27.0-24R360-e829b21a6f8c9b70876ba0858053c04477534ef55a1706bf4c1112bbb242f0a2.sdkstatcache
cd /Users/admin/builder/spi-builder-workspace/.swiftpm/xcode
/Applications/Xcode-27.0.0-Release.Candidate.app/Contents/Developer/Toolchains/XcodeDefault.xctoolchain/usr/bin/clang-stat-cache /Applications/Xcode-27.0.0-Release.Candidate.app/Contents/Developer/Platforms/WatchOS.platform/Developer/SDKs/WatchOS27.0.sdk -o /Users/admin/builder/spi-builder-workspace/.derivedData/SDKStatCaches.noindex/watchos27.0-24R360-e829b21a6f8c9b70876ba0858053c04477534ef55a1706bf4c1112bbb242f0a2.sdkstatcache
SwiftDriver WWJavaScriptContext normal arm64 com.apple.xcode.tools.swift.compiler (in target 'WWJavaScriptContext' from project 'WWJavaScriptContext')
cd /Users/admin/builder/spi-builder-workspace/.swiftpm/xcode
builtin-SwiftDriver -- /Applications/Xcode-27.0.0-Release.Candidate.app/Contents/Developer/Toolchains/XcodeDefault.xctoolchain/usr/bin/swiftc -parse-as-library -module-name WWJavaScriptContext -Onone @/Users/admin/builder/spi-builder-workspace/.derivedData/Build/Intermediates.noindex/WWJavaScriptContext.build/Debug-watchos/WWJavaScriptContext-t.build/Objects-normal/arm64/WWJavaScriptContext.SwiftFileList -DSWIFT_PACKAGE -DDEBUG -DSWIFT_MODULE_RESOURCE_BUNDLE_AVAILABLE -DXcode -plugin-path /Applications/Xcode-27.0.0-Release.Candidate.app/Contents/Developer/Toolchains/XcodeDefault.xctoolchain/usr/lib/swift/host/plugins/testing -enable-experimental-feature DebugDescriptionMacro -sdk /Applications/Xcode-27.0.0-Release.Candidate.app/Contents/Developer/Platforms/WatchOS.platform/Developer/SDKs/WatchOS27.0.sdk -target arm64-apple-watchos9.0 -g -module-cache-path /Users/admin/builder/spi-builder-workspace/.derivedData/ModuleCache.noindex -Xfrontend -serialize-debugging-options -enable-testing -suppress-warnings -index-store-path /Users/admin/builder/spi-builder-workspace/.derivedData/Index.noindex/DataStore -Xcc -D_LIBCPP_HARDENING_MODE\=_LIBCPP_HARDENING_MODE_DEBUG -swift-version 5 -I /Users/admin/builder/spi-builder-workspace/.derivedData/Build/Products/Debug-watchos -Isystem /Applications/Xcode-27.0.0-Release.Candidate.app/Contents/Developer/Platforms/WatchOS.platform/Developer/usr/lib -F /Users/admin/builder/spi-builder-workspace/.derivedData/Build/Products/Debug-watchos -F /Applications/Xcode-27.0.0-Release.Candidate.app/Contents/Developer/Platforms/WatchOS.platform/Developer/Library/Frameworks -F /Applications/Xcode-27.0.0-Release.Candidate.app/Contents/Developer/Platforms/WatchOS.platform/Developer/SDKs/WatchOS27.0.sdk/Developer/Library/Frameworks -c -j10 -enable-batch-mode -incremental -Xcc -ivfsstatcache -Xcc /Users/admin/builder/spi-builder-workspace/.derivedData/SDKStatCaches.noindex/watchos27.0-24R360-e829b21a6f8c9b70876ba0858053c04477534ef55a1706bf4c1112bbb242f0a2.sdkstatcache -output-file-map /Users/admin/builder/spi-builder-workspace/.derivedData/Build/Intermediates.noindex/WWJavaScriptContext.build/Debug-watchos/WWJavaScriptContext-t.build/Objects-normal/arm64/WWJavaScriptContext-OutputFileMap.json -save-temps -no-color-diagnostics -explicit-module-build -module-cache-path /Users/admin/builder/spi-builder-workspace/.derivedData/Build/Intermediates.noindex/SwiftExplicitPrecompiledModules -clang-scanner-module-cache-path /Users/admin/builder/spi-builder-workspace/.derivedData/ModuleCache.noindex -sdk-module-cache-path /Users/admin/builder/spi-builder-workspace/.derivedData/SDKExplicitPrecompiledModules -emit-dependencies -emit-module -emit-module-path /Users/admin/builder/spi-builder-workspace/.derivedData/Build/Intermediates.noindex/WWJavaScriptContext.build/Debug-watchos/WWJavaScriptContext-t.build/Objects-normal/arm64/WWJavaScriptContext.swiftmodule -serialize-diagnostics -dependency-scan-serialize-diagnostics-path /Users/admin/builder/spi-builder-workspace/.derivedData/Build/Intermediates.noindex/WWJavaScriptContext.build/Debug-watchos/WWJavaScriptContext-t.build/Objects-normal/arm64/WWJavaScriptContext-dependency-scan.dia -validate-clang-modules-once -clang-build-session-file /Users/admin/builder/spi-builder-workspace/.derivedData/ModuleCache.noindex/Session.modulevalidation -Xcc -fmodules-prune-interval\=86400 -Xcc -fmodules-prune-after\=345600 -emit-const-values -const-gather-protocols-list /Users/admin/builder/spi-builder-workspace/.derivedData/Build/Intermediates.noindex/WWJavaScriptContext.build/Debug-watchos/WWJavaScriptContext-t.build/Objects-normal/arm64/WWJavaScriptContext_const_extract_protocols.json -Xcc -I/Users/admin/builder/spi-builder-workspace/.derivedData/Build/Products/Debug-watchos/include -Xcc -I/Users/admin/builder/spi-builder-workspace/.derivedData/Build/Intermediates.noindex/WWJavaScriptContext.build/Debug-watchos/WWJavaScriptContext-t.build/DerivedSources-normal/arm64 -Xcc -I/Users/admin/builder/spi-builder-workspace/.derivedData/Build/Intermediates.noindex/WWJavaScriptContext.build/Debug-watchos/WWJavaScriptContext-t.build/DerivedSources/arm64 -Xcc -I/Users/admin/builder/spi-builder-workspace/.derivedData/Build/Intermediates.noindex/WWJavaScriptContext.build/Debug-watchos/WWJavaScriptContext-t.build/DerivedSources -Xcc -DSWIFT_PACKAGE -Xcc -DDEBUG\=1 -emit-objc-header -emit-objc-header-path /Users/admin/builder/spi-builder-workspace/.derivedData/Build/Intermediates.noindex/WWJavaScriptContext.build/Debug-watchos/WWJavaScriptContext-t.build/Objects-normal/arm64/WWJavaScriptContext-Swift.h -working-directory /Users/admin/builder/spi-builder-workspace/.swiftpm/xcode -experimental-emit-module-separately -disable-cmo
/Users/admin/builder/spi-builder-workspace/.dependencies/checkouts/WWJavaScriptContext/Sources/WWJavaScriptContext/JavaScriptContext.swift:9:8: error: Unable to resolve module dependency: 'JavaScriptCore' (in target 'WWJavaScriptContext' from project 'WWJavaScriptContext')
note: A dependency of main module 'WWJavaScriptContext'
/Users/admin/builder/spi-builder-workspace/.dependencies/checkouts/WWJavaScriptContext/Sources/WWJavaScriptContext/JavaScriptContext.swift:9:8: note: A dependency of main module 'WWJavaScriptContext'
import JavaScriptCore
^ (in target 'WWJavaScriptContext' from project 'WWJavaScriptContext')
SwiftDriver WWJavaScriptContext normal arm64_32 com.apple.xcode.tools.swift.compiler (in target 'WWJavaScriptContext' from project 'WWJavaScriptContext')
cd /Users/admin/builder/spi-builder-workspace/.swiftpm/xcode
builtin-SwiftDriver -- /Applications/Xcode-27.0.0-Release.Candidate.app/Contents/Developer/Toolchains/XcodeDefault.xctoolchain/usr/bin/swiftc -parse-as-library -module-name WWJavaScriptContext -Onone @/Users/admin/builder/spi-builder-workspace/.derivedData/Build/Intermediates.noindex/WWJavaScriptContext.build/Debug-watchos/WWJavaScriptContext-t.build/Objects-normal/arm64_32/WWJavaScriptContext.SwiftFileList -DSWIFT_PACKAGE -DDEBUG -DSWIFT_MODULE_RESOURCE_BUNDLE_AVAILABLE -DXcode -plugin-path /Applications/Xcode-27.0.0-Release.Candidate.app/Contents/Developer/Toolchains/XcodeDefault.xctoolchain/usr/lib/swift/host/plugins/testing -enable-experimental-feature DebugDescriptionMacro -sdk /Applications/Xcode-27.0.0-Release.Candidate.app/Contents/Developer/Platforms/WatchOS.platform/Developer/SDKs/WatchOS27.0.sdk -target arm64_32-apple-watchos9.0 -g -module-cache-path /Users/admin/builder/spi-builder-workspace/.derivedData/ModuleCache.noindex -Xfrontend -serialize-debugging-options -enable-testing -suppress-warnings -index-store-path /Users/admin/builder/spi-builder-workspace/.derivedData/Index.noindex/DataStore -Xcc -D_LIBCPP_HARDENING_MODE\=_LIBCPP_HARDENING_MODE_DEBUG -swift-version 5 -I /Users/admin/builder/spi-builder-workspace/.derivedData/Build/Products/Debug-watchos -Isystem /Applications/Xcode-27.0.0-Release.Candidate.app/Contents/Developer/Platforms/WatchOS.platform/Developer/usr/lib -F /Users/admin/builder/spi-builder-workspace/.derivedData/Build/Products/Debug-watchos -F /Applications/Xcode-27.0.0-Release.Candidate.app/Contents/Developer/Platforms/WatchOS.platform/Developer/Library/Frameworks -F /Applications/Xcode-27.0.0-Release.Candidate.app/Contents/Developer/Platforms/WatchOS.platform/Developer/SDKs/WatchOS27.0.sdk/Developer/Library/Frameworks -c -j10 -enable-batch-mode -incremental -Xcc -ivfsstatcache -Xcc /Users/admin/builder/spi-builder-workspace/.derivedData/SDKStatCaches.noindex/watchos27.0-24R360-e829b21a6f8c9b70876ba0858053c04477534ef55a1706bf4c1112bbb242f0a2.sdkstatcache -output-file-map /Users/admin/builder/spi-builder-workspace/.derivedData/Build/Intermediates.noindex/WWJavaScriptContext.build/Debug-watchos/WWJavaScriptContext-t.build/Objects-normal/arm64_32/WWJavaScriptContext-OutputFileMap.json -save-temps -no-color-diagnostics -explicit-module-build -module-cache-path /Users/admin/builder/spi-builder-workspace/.derivedData/Build/Intermediates.noindex/SwiftExplicitPrecompiledModules -clang-scanner-module-cache-path /Users/admin/builder/spi-builder-workspace/.derivedData/ModuleCache.noindex -sdk-module-cache-path /Users/admin/builder/spi-builder-workspace/.derivedData/SDKExplicitPrecompiledModules -emit-dependencies -emit-module -emit-module-path /Users/admin/builder/spi-builder-workspace/.derivedData/Build/Intermediates.noindex/WWJavaScriptContext.build/Debug-watchos/WWJavaScriptContext-t.build/Objects-normal/arm64_32/WWJavaScriptContext.swiftmodule -serialize-diagnostics -dependency-scan-serialize-diagnostics-path /Users/admin/builder/spi-builder-workspace/.derivedData/Build/Intermediates.noindex/WWJavaScriptContext.build/Debug-watchos/WWJavaScriptContext-t.build/Objects-normal/arm64_32/WWJavaScriptContext-dependency-scan.dia -validate-clang-modules-once -clang-build-session-file /Users/admin/builder/spi-builder-workspace/.derivedData/ModuleCache.noindex/Session.modulevalidation -Xcc -fmodules-prune-interval\=86400 -Xcc -fmodules-prune-after\=345600 -emit-const-values -const-gather-protocols-list /Users/admin/builder/spi-builder-workspace/.derivedData/Build/Intermediates.noindex/WWJavaScriptContext.build/Debug-watchos/WWJavaScriptContext-t.build/Objects-normal/arm64_32/WWJavaScriptContext_const_extract_protocols.json -Xcc -I/Users/admin/builder/spi-builder-workspace/.derivedData/Build/Products/Debug-watchos/include -Xcc -I/Users/admin/builder/spi-builder-workspace/.derivedData/Build/Intermediates.noindex/WWJavaScriptContext.build/Debug-watchos/WWJavaScriptContext-t.build/DerivedSources-normal/arm64_32 -Xcc -I/Users/admin/builder/spi-builder-workspace/.derivedData/Build/Intermediates.noindex/WWJavaScriptContext.build/Debug-watchos/WWJavaScriptContext-t.build/DerivedSources/arm64_32 -Xcc -I/Users/admin/builder/spi-builder-workspace/.derivedData/Build/Intermediates.noindex/WWJavaScriptContext.build/Debug-watchos/WWJavaScriptContext-t.build/DerivedSources -Xcc -DSWIFT_PACKAGE -Xcc -DDEBUG\=1 -emit-objc-header -emit-objc-header-path /Users/admin/builder/spi-builder-workspace/.derivedData/Build/Intermediates.noindex/WWJavaScriptContext.build/Debug-watchos/WWJavaScriptContext-t.build/Objects-normal/arm64_32/WWJavaScriptContext-Swift.h -working-directory /Users/admin/builder/spi-builder-workspace/.swiftpm/xcode -experimental-emit-module-separately -disable-cmo
/Users/admin/builder/spi-builder-workspace/.dependencies/checkouts/WWJavaScriptContext/Sources/WWJavaScriptContext/JavaScriptContext.swift:9:8: error: Unable to resolve module dependency: 'JavaScriptCore' (in target 'WWJavaScriptContext' from project 'WWJavaScriptContext')
note: A dependency of main module 'WWJavaScriptContext'
/Users/admin/builder/spi-builder-workspace/.dependencies/checkouts/WWJavaScriptContext/Sources/WWJavaScriptContext/JavaScriptContext.swift:9:8: note: A dependency of main module 'WWJavaScriptContext'
import JavaScriptCore
^ (in target 'WWJavaScriptContext' from project 'WWJavaScriptContext')
PruneExplicitPrecompiledModules /Users/admin/builder/spi-builder-workspace/.derivedData/Build/Intermediates.noindex/SwiftExplicitPrecompiledModules
PruneExplicitPrecompiledModules /Users/admin/builder/spi-builder-workspace/.derivedData/SDKExplicitPrecompiledModules
PruneExplicitPrecompiledModules /Users/admin/builder/spi-builder-workspace/.derivedData/Build/Intermediates.noindex/ExplicitPrecompiledModules
2026-09-21 21:15:47.973 xcodebuild[721:4645] [MT] IDERunDestination: Supported platforms for the buildables in the current scheme is empty.
** BUILD FAILED **
The following build commands failed:
SwiftDriver WWJavaScriptContext normal arm64 com.apple.xcode.tools.swift.compiler (in target 'WWJavaScriptContext' from project 'WWJavaScriptContext')
SwiftDriver WWJavaScriptContext normal arm64_32 com.apple.xcode.tools.swift.compiler (in target 'WWJavaScriptContext' from project 'WWJavaScriptContext')
Building workspace WWJavaScriptContext_ChineseConvert with scheme WWJavaScriptContext_ChineseConvert
(3 failures)
BUILD FAILURE 6.4 watchOS