The Swift Package Index logo.Swift Package Index

Build Information

Failed to build GoogleCloudWorkstationsV1, reference 0.5.0 (7fefd2), with Swift 6.2 for Android on 11 Oct 2026 18:38:58 UTC.

Build Command

bash -c docker run --pull=always --rm -v "checkouts-54344849-0":/host -w "$PWD" -e JAVA_HOME="/root/.sdkman/candidates/java/current" -e SPI_BUILD="1" -e SPI_PROCESSING="1" registry.gitlab.com/saguaro1/spi-images:android-6.2-latest swift build --swift-sdk aarch64-unknown-linux-android28 2>&1

Build Log

========================================
RunAll
========================================
Builder version: 5.1.1
Interrupt handler set up.
========================================
Checkout
========================================
Clone URL: https://github.com/googleapis/swift-google-cloud-workstations-v1.git
Reference: 0.5.0
Initialized empty Git repository in /host/spi-builder-workspace/.git/
hint: Using 'master' as the name for the initial branch. This default branch name
hint: is subject to change. To configure the initial branch name to use in all
hint: of your new repositories, which will suppress this warning, call:
hint:
hint: 	git config --global init.defaultBranch <name>
hint:
hint: Names commonly chosen instead of 'master' are 'main', 'trunk' and
hint: 'development'. The just-created branch can be renamed via this command:
hint:
hint: 	git branch -m <name>
From https://github.com/googleapis/swift-google-cloud-workstations-v1
 * tag               0.5.0      -> FETCH_HEAD
HEAD is now at 7fefd21 chore: release circa 2026-10-07 (#1382)
Cloned https://github.com/googleapis/swift-google-cloud-workstations-v1.git
Revision (git rev-parse @):
7fefd210402fb67c00d88725165f17ed5c7487ae
SPI manifest file found: $PWD/.spi.yml
SUCCESS checkout https://github.com/googleapis/swift-google-cloud-workstations-v1.git at 0.5.0
========================================
Build
========================================
Selected platform:         android
Swift version:             6.2
Building package at path:  $PWD
https://github.com/googleapis/swift-google-cloud-workstations-v1.git
Running build ...
bash -c docker run --pull=always --rm -v "checkouts-54344849-0":/host -w "$PWD" -e JAVA_HOME="/root/.sdkman/candidates/java/current" -e SPI_BUILD="1" -e SPI_PROCESSING="1" registry.gitlab.com/saguaro1/spi-images:android-6.2-latest swift build --swift-sdk aarch64-unknown-linux-android28 2>&1
android-6.2-latest: Pulling from saguaro1/spi-images
Digest: sha256:a839c9ce201f1dacc8eb056626ec7ab0a1c6d53d7b77c83feda395f4507c51be
Status: Image is up to date for registry.gitlab.com/saguaro1/spi-images:android-6.2-latest
Fetching https://github.com/googleapis/swift-google-wkt
Fetching https://github.com/googleapis/swift-google-rpc
Fetching https://github.com/googleapis/swift-google-gax
Fetching https://github.com/apple/swift-log
Fetching https://github.com/googleapis/swift-google-longrunning
Fetching https://github.com/googleapis/swift-google-iam-v1
[1/619] Fetching swift-google-longrunning
[447/1325] Fetching swift-google-longrunning, swift-google-iam-v1
[462/3073] Fetching swift-google-longrunning, swift-google-iam-v1, swift-google-gax
[482/4096] Fetching swift-google-longrunning, swift-google-iam-v1, swift-google-gax, swift-google-wkt
[3643/4518] Fetching swift-google-longrunning, swift-google-iam-v1, swift-google-gax, swift-google-wkt, swift-google-rpc
Fetched https://github.com/googleapis/swift-google-longrunning from cache (0.41s)
Fetched https://github.com/googleapis/swift-google-gax from cache (0.42s)
Fetching https://github.com/googleapis/swift-google-auth
Fetched https://github.com/googleapis/swift-google-rpc from cache (0.43s)
[1/8257] Fetching swift-log
Fetched https://github.com/googleapis/swift-google-iam-v1 from cache (0.76s)
Fetched https://github.com/googleapis/swift-google-wkt from cache (0.76s)
Fetched https://github.com/apple/swift-log from cache (0.76s)
[1/1023] Fetching swift-google-auth
Fetched https://github.com/googleapis/swift-google-auth from cache (0.65s)
Computing version for https://github.com/googleapis/swift-google-wkt
Computed https://github.com/googleapis/swift-google-wkt at 0.5.0 (1.20s)
Fetching https://github.com/swift-extras/swift-extras-base64
[1/954] Fetching swift-extras-base64
Fetched https://github.com/swift-extras/swift-extras-base64 from cache (0.40s)
Computing version for https://github.com/googleapis/swift-google-rpc
Computed https://github.com/googleapis/swift-google-rpc at 0.5.0 (0.56s)
Computing version for https://github.com/googleapis/swift-google-longrunning
Computed https://github.com/googleapis/swift-google-longrunning at 0.5.0 (0.15s)
Computing version for https://github.com/googleapis/swift-google-iam-v1
Computed https://github.com/googleapis/swift-google-iam-v1 at 0.5.0 (0.14s)
Fetching https://github.com/googleapis/swift-google-type
[1/437] Fetching swift-google-type
Fetched https://github.com/googleapis/swift-google-type from cache (0.37s)
Computing version for https://github.com/googleapis/swift-google-gax
Computed https://github.com/googleapis/swift-google-gax at 0.5.0 (0.54s)
Fetching https://github.com/apple/swift-nio
Fetching https://github.com/swift-server/async-http-client.git
[1/16464] Fetching async-http-client
[16465/102838] Fetching async-http-client, swift-nio
Fetched https://github.com/swift-server/async-http-client.git from cache (0.96s)
[4319/86374] Fetching swift-nio
Fetched https://github.com/apple/swift-nio from cache (3.42s)
Computing version for https://github.com/googleapis/swift-google-auth
Computed https://github.com/googleapis/swift-google-auth at 0.5.0 (3.56s)
Fetching https://github.com/vapor/jwt-kit.git
Fetching https://github.com/apple/swift-system.git
[1/10254] Fetching jwt-kit
[10255/17495] Fetching jwt-kit, swift-system
Fetched https://github.com/apple/swift-system.git from cache (1.67s)
Fetched https://github.com/vapor/jwt-kit.git from cache (1.67s)
Computing version for https://github.com/googleapis/swift-google-type
Computed https://github.com/googleapis/swift-google-type at 0.5.0 (1.83s)
Computing version for https://github.com/swift-extras/swift-extras-base64
Computed https://github.com/swift-extras/swift-extras-base64 at 1.2.0 (0.13s)
Computing version for https://github.com/swift-server/async-http-client.git
Computed https://github.com/swift-server/async-http-client.git at 1.36.2 (0.16s)
Fetching https://github.com/apple/swift-service-context.git
Fetching https://github.com/apple/swift-algorithms.git
Fetching https://github.com/apple/swift-nio-extras.git
Fetching https://github.com/apple/swift-distributed-tracing.git
Fetching https://github.com/apple/swift-nio-http2.git
Fetching https://github.com/apple/swift-configuration.git
[1/3928] Fetching swift-configuration
[2/5429] Fetching swift-configuration, swift-service-context
[253/12132] Fetching swift-configuration, swift-service-context, swift-nio-extras
[404/18296] Fetching swift-configuration, swift-service-context, swift-nio-extras, swift-algorithms
[4851/24847] Fetching swift-configuration, swift-service-context, swift-nio-extras, swift-algorithms, swift-distributed-tracing
Fetched https://github.com/apple/swift-service-context.git from cache (0.43s)
[9700/23346] Fetching swift-configuration, swift-nio-extras, swift-algorithms, swift-distributed-tracing
Fetching https://github.com/apple/swift-atomics.git
[17329/35640] Fetching swift-configuration, swift-nio-extras, swift-algorithms, swift-distributed-tracing, swift-nio-http2
Fetched https://github.com/apple/swift-nio-extras.git from cache (0.56s)
Fetched https://github.com/apple/swift-configuration.git from cache (0.56s)
Fetching https://github.com/apple/swift-nio-transport-services.git
Fetching https://github.com/apple/swift-nio-ssl.git
[10974/25009] Fetching swift-algorithms, swift-distributed-tracing, swift-nio-http2
Fetched https://github.com/apple/swift-distributed-tracing.git from cache (0.81s)
Fetched https://github.com/apple/swift-algorithms.git from cache (0.92s)
Fetched https://github.com/apple/swift-nio-http2.git from cache (0.92s)
[1/16871] Fetching swift-nio-ssl
[2/19738] Fetching swift-nio-ssl, swift-nio-transport-services
Fetched https://github.com/apple/swift-nio-transport-services.git from cache (1.20s)
Fetched https://github.com/apple/swift-nio-ssl.git from cache (1.21s)
[1/1889] Fetching swift-atomics
Fetched https://github.com/apple/swift-atomics.git from cache (1.53s)
Computing version for https://github.com/apple/swift-service-context.git
Computed https://github.com/apple/swift-service-context.git at 1.3.0 (2.10s)
Computing version for https://github.com/apple/swift-algorithms.git
Computed https://github.com/apple/swift-algorithms.git at 1.2.1 (0.86s)
Fetching https://github.com/apple/swift-numerics.git
[1/6733] Fetching swift-numerics
Fetched https://github.com/apple/swift-numerics.git from cache (0.52s)
Computing version for https://github.com/apple/swift-log
Computed https://github.com/apple/swift-log at 1.16.1 (0.67s)
Computing version for https://github.com/apple/swift-distributed-tracing.git
Computed https://github.com/apple/swift-distributed-tracing.git at 1.5.0 (0.14s)
Computing version for https://github.com/apple/swift-atomics.git
Computed https://github.com/apple/swift-atomics.git at 1.3.1 (0.13s)
Computing version for https://github.com/apple/swift-numerics.git
Computed https://github.com/apple/swift-numerics.git at 1.1.1 (0.13s)
Computing version for https://github.com/apple/swift-nio
Computed https://github.com/apple/swift-nio at 2.104.0 (0.33s)
Fetching https://github.com/apple/swift-collections.git
[1/28703] Fetching swift-collections
Fetched https://github.com/apple/swift-collections.git from cache (1.37s)
Computing version for https://github.com/apple/swift-configuration.git
Computed https://github.com/apple/swift-configuration.git at 1.2.2 (2.16s)
Fetching https://github.com/swift-server/swift-service-lifecycle
[1/2867] Fetching swift-service-lifecycle
Fetched https://github.com/swift-server/swift-service-lifecycle from cache (0.52s)
Computing version for https://github.com/apple/swift-nio-transport-services.git
Computed https://github.com/apple/swift-nio-transport-services.git at 1.28.0 (0.68s)
Computing version for https://github.com/swift-server/swift-service-lifecycle
Computed https://github.com/swift-server/swift-service-lifecycle at 2.12.1 (0.13s)
Fetching https://github.com/apple/swift-async-algorithms.git
[1/6820] Fetching swift-async-algorithms
Fetched https://github.com/apple/swift-async-algorithms.git from cache (0.53s)
Computing version for https://github.com/apple/swift-async-algorithms.git
Computed https://github.com/apple/swift-async-algorithms.git at 1.1.7 (0.74s)
Computing version for https://github.com/apple/swift-collections.git
Computed https://github.com/apple/swift-collections.git at 1.7.2 (0.24s)
Computing version for https://github.com/apple/swift-nio-http2.git
Computed https://github.com/apple/swift-nio-http2.git at 1.46.0 (0.15s)
Computing version for https://github.com/vapor/jwt-kit.git
Computed https://github.com/vapor/jwt-kit.git at 5.7.1 (0.13s)
Fetching https://github.com/apple/swift-crypto.git
Fetching https://github.com/apple/swift-certificates.git
[1/18629] Fetching swift-crypto
[747/26242] Fetching swift-crypto, swift-certificates
Fetched https://github.com/apple/swift-certificates.git from cache (1.21s)
Fetched https://github.com/apple/swift-crypto.git from cache (1.22s)
Computing version for https://github.com/apple/swift-crypto.git
Computed https://github.com/apple/swift-crypto.git at 4.5.2 (1.82s)
Fetching https://github.com/apple/swift-asn1.git
[1/2009] Fetching swift-asn1
Fetched https://github.com/apple/swift-asn1.git from cache (0.39s)
Computing version for https://github.com/apple/swift-asn1.git
Computed https://github.com/apple/swift-asn1.git at 1.7.3 (0.56s)
Computing version for https://github.com/apple/swift-certificates.git
Computed https://github.com/apple/swift-certificates.git at 1.21.0 (0.19s)
Computing version for https://github.com/apple/swift-nio-ssl.git
Computed https://github.com/apple/swift-nio-ssl.git at 2.37.5 (0.17s)
Computing version for https://github.com/apple/swift-system.git
Computed https://github.com/apple/swift-system.git at 1.8.1 (0.17s)
Computing version for https://github.com/apple/swift-nio-extras.git
Computed https://github.com/apple/swift-nio-extras.git at 1.35.1 (0.25s)
Fetching https://github.com/apple/swift-http-structured-headers.git
Fetching https://github.com/apple/swift-http-types.git
[1/1253] Fetching swift-http-structured-headers
[14/3192] Fetching swift-http-structured-headers, swift-http-types
Fetched https://github.com/apple/swift-http-structured-headers.git from cache (0.39s)
Fetched https://github.com/apple/swift-http-types.git from cache (0.39s)
Computing version for https://github.com/apple/swift-http-structured-headers.git
Computed https://github.com/apple/swift-http-structured-headers.git at 1.7.0 (0.53s)
Computing version for https://github.com/apple/swift-http-types.git
Computed https://github.com/apple/swift-http-types.git at 1.8.0 (0.16s)
Creating working copy for https://github.com/apple/swift-configuration.git
Working copy of https://github.com/apple/swift-configuration.git resolved at 1.2.2
Creating working copy for https://github.com/apple/swift-atomics.git
Working copy of https://github.com/apple/swift-atomics.git resolved at 1.3.1
Creating working copy for https://github.com/apple/swift-nio-transport-services.git
Working copy of https://github.com/apple/swift-nio-transport-services.git resolved at 1.28.0
Creating working copy for https://github.com/googleapis/swift-google-wkt
Working copy of https://github.com/googleapis/swift-google-wkt resolved at 0.5.0
Creating working copy for https://github.com/googleapis/swift-google-longrunning
Working copy of https://github.com/googleapis/swift-google-longrunning resolved at 0.5.0
Creating working copy for https://github.com/apple/swift-collections.git
Working copy of https://github.com/apple/swift-collections.git resolved at 1.7.2
Creating working copy for https://github.com/googleapis/swift-google-gax
Working copy of https://github.com/googleapis/swift-google-gax resolved at 0.5.0
Creating working copy for https://github.com/apple/swift-system.git
Working copy of https://github.com/apple/swift-system.git resolved at 1.8.1
Creating working copy for https://github.com/apple/swift-http-structured-headers.git
Working copy of https://github.com/apple/swift-http-structured-headers.git resolved at 1.7.0
Creating working copy for https://github.com/swift-extras/swift-extras-base64
Working copy of https://github.com/swift-extras/swift-extras-base64 resolved at 1.2.0
Creating working copy for https://github.com/apple/swift-nio-ssl.git
Working copy of https://github.com/apple/swift-nio-ssl.git resolved at 2.37.5
Creating working copy for https://github.com/apple/swift-service-context.git
Working copy of https://github.com/apple/swift-service-context.git resolved at 1.3.0
Creating working copy for https://github.com/apple/swift-async-algorithms.git
Working copy of https://github.com/apple/swift-async-algorithms.git resolved at 1.1.7
Creating working copy for https://github.com/apple/swift-nio-extras.git
Working copy of https://github.com/apple/swift-nio-extras.git resolved at 1.35.1
Creating working copy for https://github.com/apple/swift-http-types.git
Working copy of https://github.com/apple/swift-http-types.git resolved at 1.8.0
Creating working copy for https://github.com/apple/swift-nio
Working copy of https://github.com/apple/swift-nio resolved at 2.104.0
Creating working copy for https://github.com/apple/swift-distributed-tracing.git
Working copy of https://github.com/apple/swift-distributed-tracing.git resolved at 1.5.0
Creating working copy for https://github.com/apple/swift-crypto.git
Working copy of https://github.com/apple/swift-crypto.git resolved at 4.5.2
Creating working copy for https://github.com/swift-server/swift-service-lifecycle
Working copy of https://github.com/swift-server/swift-service-lifecycle resolved at 2.12.1
Creating working copy for https://github.com/apple/swift-algorithms.git
Working copy of https://github.com/apple/swift-algorithms.git resolved at 1.2.1
Creating working copy for https://github.com/googleapis/swift-google-rpc
Working copy of https://github.com/googleapis/swift-google-rpc resolved at 0.5.0
Creating working copy for https://github.com/swift-server/async-http-client.git
Working copy of https://github.com/swift-server/async-http-client.git resolved at 1.36.2
Creating working copy for https://github.com/googleapis/swift-google-auth
Working copy of https://github.com/googleapis/swift-google-auth resolved at 0.5.0
Creating working copy for https://github.com/apple/swift-nio-http2.git
Working copy of https://github.com/apple/swift-nio-http2.git resolved at 1.46.0
Creating working copy for https://github.com/apple/swift-numerics.git
Working copy of https://github.com/apple/swift-numerics.git resolved at 1.1.1
Creating working copy for https://github.com/apple/swift-asn1.git
Working copy of https://github.com/apple/swift-asn1.git resolved at 1.7.3
Creating working copy for https://github.com/apple/swift-log
Working copy of https://github.com/apple/swift-log resolved at 1.16.1
Creating working copy for https://github.com/apple/swift-certificates.git
Working copy of https://github.com/apple/swift-certificates.git resolved at 1.21.0
Creating working copy for https://github.com/googleapis/swift-google-type
Working copy of https://github.com/googleapis/swift-google-type resolved at 0.5.0
Creating working copy for https://github.com/googleapis/swift-google-iam-v1
Working copy of https://github.com/googleapis/swift-google-iam-v1 resolved at 0.5.0
Creating working copy for https://github.com/vapor/jwt-kit.git
Working copy of https://github.com/vapor/jwt-kit.git resolved at 5.7.1
Building for debugging...
[0/1000] Write sources
[35/1000] Compiling _NumericsShims _NumericsShims.c
[35/1000] Write sources
[40/1000] Compiling _AtomicsShims.c
[40/1000] Write sources
[72/1000] Compiling CXKCPShims shims.c
[73/1000] Compiling SimpleFIPS202.c
[74/1000] Compiling KeccakSponge.c
[75/1000] Compiling KeccakP-1600-opt64.c
[76/1000] Compiling KeccakHash.c
[77/1000] Compiling CSystem shims.c
[78/1000] Compiling CNIOWindows shim.c
[79/1000] Compiling CNIOWindows WSAStartup.c
[80/1000] Compiling CNIOWASI CNIOWASI.c
[81/1000] Compiling CNIOPosix event_loop_id.c
[82/1000] Compiling CNIOOpenBSD shim.c
[83/1000] Compiling CNIOLinux shim.c
[84/1000] Compiling CNIOLinux liburing_shims.c
[85/1000] Compiling v3_pcons.cc
[86/1000] Compiling v3_prn.cc
[87/1000] Compiling x_exten.cc
[87/1000] Compiling v3_ocsp.cc
[89/1000] Compiling CNIOFreeBSD shim.c
[90/1000] Compiling CNIOLLHTTP c_nio_http.c
[91/1000] Compiling CNIOLLHTTP c_nio_api.c
[92/1000] Compiling CNIOExtrasZlib zutil.c
[93/1000] Compiling CNIOExtrasZlib inftrees.c
[94/1000] Compiling CNIOExtrasZlib inffast.c
[95/1000] Compiling CNIOExtrasZlib trees.c
[96/1000] Compiling CNIOExtrasZlib deflate.c
[96/1000] Write swift-version--11D90AFD9DD3AB2.txt
[98/1000] Compiling CNIOExtrasZlib inflate.c
[99/1000] Compiling v3_pmaps.cc
[100/1000] Compiling CNIOExtrasZlib adler32.c
[101/1000] Compiling CNIOLLHTTP c_nio_llhttp.c
[102/1000] Compiling CNIODarwin shim.c
[103/1000] Compiling CNIOExtrasZlib crc32.c
[104/1065] Compiling v3_purp.cc
[106/1076] Emitting module ServiceContextModule
[107/1076] Emitting module _CertificateInternals
[107/1076] Compiling CNIOBoringSSLShims shims.c
[109/1087] Compiling Logging MultiplexLogHandler.swift
[110/1087] Compiling Logging StreamLogHandler.swift
[111/1088] Compiling Logging SwiftLogNoOpLogHandler.swift
[112/1088] Compiling Logging Locks.swift
[113/1088] Compiling Logging LoggingSystem.swift
[114/1089] Compiling RealModule RealFunctions.swift
[115/1089] Compiling RealModule RelaxedArithmetic.swift
[116/1089] Compiling RealModule Float80+Real.swift
[117/1089] Compiling RealModule Real.swift
[118/1089] Compiling SwiftASN1 ArraySliceBigint.swift
[119/1089] Compiling SwiftASN1 GeneralizedTime.swift
[120/1091] Compiling ServiceContextModule ServiceContextKey.swift
[121/1091] Compiling Logging Logger+With.swift
[122/1091] Compiling RealModule Float16+Real.swift
[126/1091] Emitting module _NIODataStructures
[127/1091] Compiling Logging LogEvent.swift
[128/1091] Compiling Logging LogHandler.swift
[129/1091] Emitting module RealModule
[130/1091] Compiling _NIODataStructures Heap.swift
[131/1091] Compiling SwiftASN1 ASN1OctetString.swift
[132/1091] Compiling SwiftASN1 ASN1Strings.swift
[133/1092] Compiling _NIOBase64 Base64.swift
[134/1092] Emitting module _NIOBase64
[135/1093] Compiling ServiceContextModule ServiceContext.swift
[138/1094] Compiling Logging Logger+Attributes.swift
[140/1094] Compiling _NIODataStructures _TinyArray.swift
[141/1094] Compiling _NIODataStructures PriorityQueue.swift
[145/1095] Compiling Logging Logger.swift
[145/1134] Wrapping AST for _NIOBase64 for debugging
[147/1134] Compiling _CertificateInternals _TinyArray.swift
[147/1135] Wrapping AST for _NIODataStructures for debugging
[149/1135] Wrapping AST for ServiceContextModule for debugging
[150/1135] Wrapping AST for RealModule for debugging
[152/1135] Compiling Instrumentation Instrument.swift
[153/1135] Compiling Instrumentation NoOpInstrument.swift
[153/1135] Wrapping AST for _CertificateInternals for debugging
[155/1135] Compiling Instrumentation MultiplexInstrument.swift
[155/1135] Compiling fiat_p256_adx_sqr.S
[156/1135] Compiling fiat_p256_adx_mul.S
[158/1135] Compiling InternalCollectionsUtilities Descriptions.swift
[159/1135] Compiling InternalCollectionsUtilities FixedWidthInteger+roundUpToPowerOfTwo.swift
[160/1135] Compiling InternalCollectionsUtilities Integer rank.swift
[161/1135] Emitting module Instrumentation
[162/1135] Compiling InternalCollectionsUtilities UnsafeMutablePointer+Extras.swift
[163/1135] Compiling InternalCollectionsUtilities UnsafeMutableRawBufferPointer+Extras.swift
[164/1135] Compiling InternalCollectionsUtilities UnsafePointer+Extras.swift
[164/1135] Compiling fiat_curve25519_adx_square.S
[165/1138] Compiling fiat_curve25519_adx_mul.S
[167/1138] Compiling InternalCollectionsUtilities UnsafeRawBufferPointer+Extras.swift
[168/1138] Compiling InternalCollectionsUtilities _SortedCollection.swift
[169/1138] Compiling InternalCollectionsUtilities _UniqueCollection.swift
[170/1138] Compiling InternalCollectionsUtilities Strideable+LimitHelpers.swift
[171/1138] Compiling InternalCollectionsUtilities String+Padding.swift
[172/1138] Compiling InternalCollectionsUtilities TemporaryAllocation.swift
[173/1138] Compiling InternalCollectionsUtilities _UnsafeBitSet+Index.swift
[174/1138] Compiling InternalCollectionsUtilities BorrowingIteratorProtocol+Equality.swift
[175/1138] Compiling InternalCollectionsUtilities BorrowingIteratorProtocol+Extras.swift
[176/1138] Compiling InternalCollectionsUtilities Debugging.swift
[180/1138] Compiling InternalCollectionsUtilities UInt+first and last set bit.swift
[181/1138] Compiling InternalCollectionsUtilities UInt+reversed.swift
[182/1138] Compiling InternalCollectionsUtilities Iterable+CopyContents.swift
[183/1138] Compiling InternalCollectionsUtilities Iterable+Equality.swift
[184/1138] Compiling InternalCollectionsUtilities LifetimeOverride.swift
[185/1138] Compiling InternalCollectionsUtilities MutableRef.swift
[188/1138] Emitting module SwiftASN1
[189/1138] Emitting module InternalCollectionsUtilities
[190/1138] Compiling ExtrasBase64 Base32.swift
[191/1138] Compiling ExtrasBase64 Base32+Span.swift
[192/1138] Compiling InternalCollectionsUtilities _UnsafeBitSet+_Word.swift
[193/1138] Compiling InternalCollectionsUtilities _UnsafeBitSet.swift
[194/1138] Compiling InternalCollectionsUtilities UnsafeBufferPointer+Extras.swift
[195/1138] Compiling InternalCollectionsUtilities UnsafeMutableBufferPointer+Extras.swift
[196/1138] Compiling InternalCollectionsUtilities MutableSpan+Extras.swift
[197/1138] Compiling InternalCollectionsUtilities OutputSpan+Extras.swift
[198/1138] Compiling InternalCollectionsUtilities RandomAccessCollection+Offsets.swift
[199/1138] Compiling InternalCollectionsUtilities Span+Extras.swift
[208/1142] Compiling Instrumentation InstrumentationSystem.swift
[209/1144] Emitting module Logging
[210/1144] Compiling Instrumentation Locks.swift
[218/1145] Compiling SystemPackage RawBuffer.swift
[219/1145] Compiling SystemPackage Syscalls.swift
[220/1145] Compiling SystemPackage WindowsSyscallAdapters.swift
[221/1145] Compiling SystemPackage MachPort.swift
[222/1145] Compiling SystemPackage PlatformString.swift
[227/1145] Compiling SystemPackage Mocking.swift
[229/1145] Compiling Logging MetadataProvider.swift
[235/1146] Compiling tls_record.cc
[238/1159] Wrapping AST for InternalCollectionsUtilities for debugging
[239/1159] Wrapping AST for Logging for debugging
[241/1159] Compiling SpanPreview MutableSpan+InputSpanHelpers.swift
[241/1159] Wrapping AST for SwiftASN1 for debugging
[243/1159] Compiling SpanPreview OutputSpan+InputSpanHelpers.swift
[244/1159] Compiling SpanPreview InputSpan.swift
[245/1159] Emitting module SpanPreview
[245/1160] Wrapping AST for Instrumentation for debugging
[246/1160] Compiling tls_method.cc
[264/1160] Emitting module SystemPackage
[266/1160] Compiling Tracing InstrumentationSystem+Tracing.swift
[267/1160] Compiling Tracing NoOpTracer.swift
[268/1161] Emitting module Tracing
[269/1161] Compiling Tracing TracingTime.swift
[270/1161] Compiling Tracing TracerProtocol.swift
[271/1161] Compiling Tracing WithTracer.swift
[272/1161] Compiling Tracing TracerProtocol+Legacy.swift
[273/1161] Compiling Tracing Tracer.swift
[274/1161] Compiling Tracing SpanProtocol.swift
[276/1162] Compiling SystemPackage SystemString.swift
[277/1162] Compiling SystemPackage Util+StringArray.swift
[278/1162] Compiling SystemPackage Util.swift
[279/1162] Compiling SystemPackage UtilConsumers.swift
[280/1162] Compiling SystemPackage WinSDK+Overlay.swift
[281/1205] Wrapping AST for Tracing for debugging
[282/1205] Wrapping AST for SystemPackage for debugging
[283/1205] Wrapping AST for SpanPreview for debugging
[285/1205] Compiling DequeModule RigidDeque+Descriptions.swift
[286/1205] Compiling DequeModule RigidDeque+Equatable.swift
[287/1205] Compiling DequeModule RigidDeque+Hashable.swift
[288/1205] Compiling DequeModule RigidDeque+Initializers.swift
[289/1205] Compiling DequeModule RigidDeque+Insertions.swift
[290/1205] Compiling DequeModule RigidDeque+Iterable.swift
[291/1210] Compiling DequeModule UniqueDeque+Initializers.swift
[292/1210] Compiling DequeModule UniqueDeque+Insertions.swift
[293/1210] Compiling DequeModule UniqueDeque+Iterable.swift
[294/1210] Compiling DequeModule UniqueDeque+Prepend.swift
[295/1210] Compiling DequeModule UniqueDeque+Removals.swift
[296/1210] Compiling DequeModule UniqueDeque+Consumption.swift
[297/1210] Compiling DequeModule UniqueDeque+ContainerOperations.swift
[298/1210] Compiling DequeModule UniqueDeque+Deprecations.swift
[299/1210] Compiling DequeModule UniqueDeque+Descriptions.swift
[300/1210] Compiling DequeModule UniqueDeque+Equatable.swift
[301/1210] Compiling DequeModule UniqueDeque+Hashable.swift
[301/1210] Compiling t1_enc.cc
[302/1210] Compiling tls13_both.cc
[304/1210] Compiling DequeModule _DequeBuffer.swift
[305/1210] Compiling DequeModule _DequeBufferHeader.swift
[306/1210] Compiling DequeModule RigidDeque+Append.swift
[307/1210] Compiling DequeModule RigidDeque+Consumption.swift
[308/1210] Compiling DequeModule RigidDeque+ContainerOperations.swift
[309/1210] Compiling DequeModule RigidDeque+Deprecations.swift
[310/1210] Compiling DequeModule RigidDeque+Prepend.swift
[311/1210] Compiling DequeModule RigidDeque+Removals.swift
[312/1210] Compiling DequeModule RigidDeque+Replacements.swift
[313/1210] Compiling DequeModule RigidDeque+Testing.swift
[314/1210] Compiling DequeModule RigidDeque.swift
[315/1210] Compiling DequeModule UniqueDeque+Append.swift
[315/1210] Compiling tls13_server.cc
[316/1210] Compiling tls13_enc.cc
[317/1210] Compiling tls13_client.cc
[319/1210] Compiling DequeModule Deque+Extras.swift
[320/1210] Compiling DequeModule Deque+Hashable.swift
[321/1210] Compiling DequeModule Deque+Testing.swift
[322/1210] Compiling DequeModule Deque._Storage.swift
[323/1210] Compiling DequeModule Deque._UnsafeHandle.swift
[324/1210] Compiling DequeModule Deque.swift
[325/1210] Compiling DequeModule Deque+Codable.swift
[326/1210] Compiling DequeModule Deque+Collection.swift
[327/1210] Compiling DequeModule Deque+CustomReflectable.swift
[328/1210] Compiling DequeModule Deque+Descriptions.swift
[329/1210] Compiling DequeModule Deque+Equatable.swift
[330/1210] Compiling DequeModule Deque+ExpressibleByArrayLiteral.swift
[330/1210] Compiling ssl_x509.cc
[331/1210] Compiling ssl_transcript.cc
[332/1210] Compiling ssl_versions.cc
[333/1210] Compiling ssl_stat.cc
[334/1210] Compiling ssl_privkey.cc
[335/1210] Compiling ssl_session.cc
[337/1210] Emitting module DequeModule
[338/1210] Compiling DequeModule UniqueDeque+Replacements.swift
[339/1210] Compiling DequeModule UniqueDeque.swift
[340/1210] Compiling DequeModule _DequeSlot.swift
[341/1210] Compiling DequeModule _UnsafeDequeHandle.swift
[342/1210] Compiling DequeModule _UnsafeDequeSegments.swift
[342/1211] Compiling ssl_file.cc
[344/1211] Compiling ssl_credential.cc
[345/1211] Compiling ssl_key_share.cc
[346/1211] Compiling ssl_lib.cc
[347/1254] Compiling ssl_cert.cc
[349/1254] Emitting module ExtrasBase64
[350/1254] Compiling ExtrasBase64 Base64.swift
[351/1254] Compiling ExtrasBase64 Base64+Span.swift
[351/1255] Wrapping AST for DequeModule for debugging
[353/1255] Compiling ssl_cipher.cc
[355/1286] Compiling GoogleWKT WKTFloatValue.swift
[356/1286] Compiling GoogleWKT WKTInt32Value.swift
[357/1286] Compiling GoogleWKT WKTInt64Value.swift
[358/1286] Compiling GoogleWKT WKTRecursive.swift
[358/1290] Compiling ssl_buffer.cc
[359/1290] Wrapping AST for ExtrasBase64 for debugging
[361/1290] Compiling GoogleWKT WKTField.swift
[362/1290] Compiling GoogleWKT WKTMethod.swift
[363/1290] Compiling GoogleWKT WKTMixin.swift
[364/1290] Compiling GoogleWKT WKTOption.swift
[364/1290] Compiling ssl_aead_ctx.cc
[365/1290] Compiling s3_lib.cc
[367/1290] Compiling GoogleWKT WKTDoubleValue.swift
[368/1290] Compiling GoogleWKT WKTDuration.swift
[369/1290] Compiling GoogleWKT WKTEmpty.swift
[370/1290] Compiling GoogleWKT WKTFieldMask.swift
[371/1290] Compiling GoogleWKT UnknownFields.swift
[372/1290] Compiling GoogleWKT WKTAny.swift
[373/1290] Compiling GoogleWKT WKTAnyError.swift
[374/1290] Compiling GoogleWKT WKTBoolValue.swift
[375/1290] Compiling GoogleWKT WKTBytesValue.swift
[375/1290] Compiling ssl_asn1.cc
[376/1290] Compiling s3_pkt.cc
[378/1290] Compiling GoogleWKT WKTEnum.swift
[379/1290] Compiling GoogleWKT WKTEnumValue.swift
[384/1295] Compiling GoogleWKT WKTSourceContext.swift
[385/1295] Compiling GoogleWKT WKTSyntax.swift
[386/1295] Compiling GoogleWKT WKTType.swift
[387/1295] Compiling GoogleWKT PackageVersion.swift
[388/1295] Compiling GoogleWKT WKTStringValue.swift
[389/1295] Compiling GoogleWKT WKTTimestamp.swift
[390/1295] Compiling GoogleWKT WKTUInt32Value.swift
[391/1295] Compiling GoogleWKT WKTUInt64Value.swift
[392/1295] Compiling GoogleWKT WKTValue.swift
[393/1295] Compiling GoogleWKT WKTApi.swift
[395/1295] Compiling s3_both.cc
[397/1295] Emitting module GoogleWKT
[398/1295] Compiling GoogleWKT AnyPackable.swift
[399/1295] Compiling GoogleWKT DecodeToDefault.swift
[400/1295] Compiling GoogleWKT DiscoveryBase64.swift
[401/1295] Compiling GoogleWKT ProtoJSONDecoder.swift
[402/1295] Compiling GoogleWKT ProtoJSONEncoder.swift
[403/1296] Compiling handoff.cc
[404/1314] Compiling handshake_server.cc
[405/1314] Compiling handshake.cc
[406/1329] Wrapping AST for GoogleWKT for debugging
[407/1329] Compiling handshake_client.cc
[409/1329] Compiling GoogleRpc PreconditionFailure.swift
[410/1329] Compiling GoogleRpc QuotaFailure.swift
[411/1329] Compiling GoogleType Month.swift
[412/1329] Compiling GoogleType PostalAddress.swift
[413/1329] Compiling GoogleType Quaternion.swift
[421/1329] Compiling Configuration JSONSnapshot.swift
[422/1329] Compiling Configuration PropertyListSnapshot.swift
[423/1329] Compiling Configuration ReloadingFileProvider.swift
[424/1329] Compiling Configuration ReloadingFileProviderMetrics.swift
[425/1329] Compiling Configuration YAMLSnapshot.swift
[426/1329] Compiling Configuration InMemoryProvider.swift
[431/1329] Compiling Configuration AsyncCombineLatestManySequence.swift
[432/1329] Compiling Configuration CombineLatestManyStateMachine.swift
[433/1329] Compiling Configuration CombineLatestManyStorage.swift
[434/1329] Compiling Configuration AsyncSequences.swift
[435/1329] Compiling Configuration FoundationExtensions.swift
[436/1329] Compiling Configuration Span.swift
[437/1329] Compiling Configuration ConfigBytesFromStringDecoder.swift
[438/1329] Compiling GoogleRpc ResourceInfo.swift
[440/1331] Compiling GoogleRpc LocalizedMessage.swift
[441/1331] Compiling GoogleRpc PackageVersion.swift
[442/1333] Compiling GoogleRpc Code.swift
[443/1333] Compiling GoogleRpc RequestInfo.swift
[443/1333] Compiling extensions.cc
[447/1333] Compiling GoogleRpc BadRequest.swift
[448/1333] Compiling GoogleRpc HttpRequest.swift
[449/1333] Compiling GoogleRpc HttpResponse.swift
[450/1333] Compiling GoogleRpc Status.swift
[453/1333] Compiling GoogleRpc RetryInfo.swift
[454/1333] Emitting module GoogleRpc
[455/1333] Compiling GoogleRpc ErrorInfo.swift
[458/1333] Compiling GoogleRpc DebugInfo.swift
[460/1333] Compiling GoogleRpc Help.swift
[461/1333] Compiling GoogleRpc HttpHeader.swift
[463/1333] Compiling dtls_record.cc
[464/1333] Compiling encrypted_client_hello.cc
[466/1333] Compiling GoogleType TimeOfDay.swift
[467/1333] Compiling GoogleType TimeZone.swift
[471/1333] Emitting module GoogleType
[479/1335] Wrapping AST for GoogleType for debugging
[480/1335] Wrapping AST for GoogleRpc for debugging
[481/1335] Compiling md5-x86_64-linux.S
[482/1335] Compiling md5-x86_64-apple.S
[483/1335] Compiling md5-586-linux.S
[484/1335] Compiling md5-586-apple.S
[485/1335] Compiling dtls_method.cc
[486/1335] Compiling chacha20_poly1305_x86_64-linux.S
[487/1335] Compiling chacha20_poly1305_x86_64-apple.S
[488/1335] Compiling d1_srtp.cc
[489/1335] Compiling chacha20_poly1305_armv8-win.S
[490/1335] Compiling chacha20_poly1305_armv8-apple.S
[491/1335] Compiling chacha20_poly1305_armv8-linux.S
[492/1335] Compiling chacha-x86_64-linux.S
[493/1335] Compiling chacha-x86_64-apple.S
[494/1335] Compiling chacha-x86-linux.S
[495/1335] Compiling chacha-x86-apple.S
[496/1335] Compiling chacha-armv8-win.S
[497/1335] Compiling chacha-armv8-apple.S
[498/1335] Compiling err_data.cc
[499/1335] Compiling chacha-armv8-linux.S
[500/1335] Compiling aes128gcmsiv-x86_64-linux.S
[513/1335] Compiling chacha-armv4-linux.S
[515/1335] Emitting module Configuration
[515/1335] Compiling d1_pkt.cc
[516/1336] Compiling aes128gcmsiv-x86_64-apple.S
[517/1336] Compiling x86_64-mont5-linux.S
[518/1336] Compiling x86_64-mont-linux.S
[519/1336] Compiling x86_64-mont5-apple.S
[521/1336] Compiling x86_64-mont-apple.S
[522/1336] Compiling x86-mont-linux.S
[523/1336] Compiling vpaes-x86_64-linux.S
[524/1336] Compiling x86-mont-apple.S
[525/1336] Compiling vpaes-x86_64-apple.S
[526/1336] Compiling bio_ssl.cc
[527/1336] Compiling vpaes-x86-apple.S
[527/1336] Compiling vpaes-x86-linux.S
[529/1336] Compiling vpaes-armv8-win.S
[530/1336] Compiling vpaes-armv8-linux.S
[531/1336] Compiling vpaes-armv8-apple.S
[532/1336] Compiling sha512-x86_64-linux.S
[533/1336] Wrapping AST for Configuration for debugging
[534/1336] Compiling vpaes-armv7-linux.S
[535/1336] Compiling sha512-armv8-win.S
[536/1336] Compiling sha512-armv8-apple.S
[537/1336] Compiling sha512-x86_64-apple.S
[538/1336] Compiling sha512-armv4-linux.S
[539/1336] Compiling sha512-586-apple.S
[540/1336] Compiling d1_lib.cc
[541/1336] Compiling sha256-x86_64-apple.S
[542/1336] Compiling sha256-x86_64-linux.S
[543/1336] Compiling sha512-586-linux.S
[544/1336] Compiling sha512-armv8-linux.S
[545/1336] Compiling sha256-armv8-apple.S
[546/1336] Compiling sha256-armv8-win.S
[547/1336] Compiling sha256-586-linux.S
[548/1336] Compiling sha256-armv4-linux.S
[548/1336] Compiling sha1-x86_64-linux.S
[550/1336] Compiling sha256-586-apple.S
[550/1336] Compiling sha256-armv8-linux.S
[552/1336] Compiling sha1-armv8-win.S
[553/1336] Compiling sha1-armv8-apple.S
[553/1336] Compiling sha1-x86_64-apple.S
[555/1336] Compiling sha1-armv4-large-linux.S
[555/1336] Compiling sha1-armv8-linux.S
[557/1336] Compiling sha1-586-apple.S
[558/1336] Compiling sha1-586-linux.S
[559/1336] Compiling rsaz-avx2-linux.S
[560/1336] Compiling p256_beeu-x86_64-asm-apple.S
[561/1336] Compiling rsaz-avx2-apple.S
[561/1336] Compiling rdrand-x86_64-linux.S
[563/1336] Compiling rdrand-x86_64-apple.S
[564/1336] Compiling p256_beeu-x86_64-asm-linux.S
[565/1336] Compiling p256_beeu-armv8-asm-win.S
[566/1336] Compiling p256_beeu-armv8-asm-linux.S
[567/1336] Compiling p256_beeu-armv8-asm-apple.S
[568/1336] Compiling p256-x86_64-asm-linux.S
[569/1336] Compiling p256-x86_64-asm-apple.S
[570/1336] Compiling p256-armv8-asm-apple.S
[571/1336] Compiling p256-armv8-asm-win.S
[572/1336] Compiling ghashv8-armv8-win.S
[573/1336] Compiling ghash-x86_64-linux.S
[574/1336] Compiling p256-armv8-asm-linux.S
[575/1336] Compiling ghashv8-armv8-linux.S
[576/1336] Compiling ghashv8-armv8-apple.S
[577/1336] Compiling ghashv8-armv7-linux.S
[578/1336] Compiling ghash-x86-linux.S
[579/1336] Compiling ghash-x86-apple.S
[579/1336] Compiling ghash-ssse3-x86-linux.S
[581/1336] Compiling ghash-ssse3-x86-apple.S
[582/1336] Compiling ghash-x86_64-apple.S
[582/1336] Compiling ghash-ssse3-x86_64-linux.S
[584/1336] Compiling d1_both.cc
[585/1336] Compiling ghash-neon-armv8-win.S
[585/1336] Compiling ghash-ssse3-x86_64-apple.S
[587/1336] Compiling ghash-neon-armv8-linux.S
[588/1336] Compiling ghash-armv4-linux.S
[589/1336] Compiling ghash-neon-armv8-apple.S
[590/1336] Compiling co-586-linux.S
[591/1336] Compiling co-586-apple.S
[592/1336] Compiling bn-armv8-win.S
[593/1336] Compiling bn-armv8-apple.S
[594/1336] Compiling bn-armv8-linux.S
[595/1336] Compiling bsaes-armv7-linux.S
[596/1336] Compiling bn-586-linux.S
[597/1336] Compiling bn-586-apple.S
[598/1336] Compiling armv8-mont-apple.S
[599/1336] Compiling armv8-mont-win.S
[600/1336] Compiling armv4-mont-linux.S
[601/1336] Compiling aesv8-gcm-armv8-win.S
[602/1336] Compiling armv8-mont-linux.S
[603/1336] Compiling aesv8-gcm-armv8-linux.S
[604/1336] Compiling aesv8-gcm-armv8-apple.S
[605/1336] Compiling aesv8-armv8-win.S
[606/1336] Compiling aesni-x86_64-linux.S
[607/1336] Compiling aesv8-armv8-apple.S
[608/1336] Compiling aesv8-armv8-linux.S
[609/1336] Compiling aesv8-armv7-linux.S
[610/1336] Compiling aesni-x86_64-apple.S
[611/1336] Compiling aesni-gcm-x86_64-linux.S
[612/1336] Compiling aesni-gcm-x86_64-apple.S
[613/1336] Compiling aes-gcm-avx10-x86_64-linux.S
[614/1336] Compiling aesni-x86-linux.S
[615/1336] Compiling aesni-x86-apple.S
[616/1336] Compiling aes-gcm-avx2-x86_64-linux.S
[617/1336] Compiling aes-gcm-avx10-x86_64-apple.S
[618/1336] Compiling aes-gcm-avx2-x86_64-apple.S
[619/1336] Compiling x_spki.cc
[620/1336] Compiling x_sig.cc
[621/1336] Compiling x_val.cc
[622/1336] Compiling x_pubkey.cc
[623/1336] Compiling x_req.cc
[624/1336] Compiling x_x509a.cc
[625/1336] Compiling x_x509.cc
[626/1336] Compiling x_name.cc
[627/1336] Compiling x_algor.cc
[628/1336] Compiling x509spki.cc
[628/1336] Compiling x_crl.cc
[630/1336] Compiling x_attrib.cc
[631/1336] Compiling x509rset.cc
[632/1336] Compiling x_all.cc
[633/1336] Compiling x509cset.cc
[634/1336] Compiling x509name.cc
[635/1336] Compiling x509_set.cc
[636/1336] Compiling x509_trs.cc
[637/1336] Compiling x509_vpm.cc
[638/1336] Compiling x509_req.cc
[639/1336] Compiling x509_vfy.cc
[640/1336] Compiling x509_txt.cc
[641/1336] Compiling x509_v3.cc
[642/1336] Compiling x509_obj.cc
[643/1336] Compiling x509_lu.cc
[644/1336] Compiling x509_ext.cc
[645/1336] Compiling x509_def.cc
[646/1336] Compiling x509.cc
[647/1336] Compiling x509_cmp.cc
[648/1336] Compiling x509_d2.cc
[649/1336] Compiling x509_att.cc
[650/1336] Compiling v3_utl.cc
[651/1336] Compiling v3_skey.cc
[652/1336] Compiling v3_ncons.cc
[653/1336] Compiling v3_ia5.cc
[654/1336] Compiling v3_int.cc
[655/1336] Compiling v3_lib.cc
[656/1336] Compiling v3_genn.cc
[657/1336] Compiling v3_info.cc
[658/1336] Compiling v3_extku.cc
[659/1336] Compiling v3_crld.cc
[660/1336] Compiling v3_bitst.cc
[661/1336] Compiling v3_enum.cc
[662/1336] Compiling v3_bcons.cc
[663/1336] Compiling v3_akeya.cc
[663/1336] Compiling v3_cpols.cc
[665/1336] Compiling v3_conf.cc
[666/1336] Compiling v3_alt.cc
[667/1336] Compiling v3_akey.cc
[668/1336] Compiling t_x509a.cc
[669/1336] Compiling t_x509.cc
[670/1336] Compiling rsa_pss.cc
[671/1336] Compiling name_print.cc
[672/1336] Compiling i2d_pr.cc
[673/1336] Compiling t_crl.cc
[674/1336] Compiling policy.cc
[675/1336] Compiling t_req.cc
[676/1336] Compiling by_dir.cc
[677/1336] Compiling asn1_gen.cc
[678/1336] Compiling by_file.cc
[679/1336] Compiling algorithm.cc
[680/1336] Compiling a_digest.cc
[681/1336] Compiling a_verify.cc
[682/1336] Compiling a_sign.cc
[683/1336] Compiling voprf.cc
[684/1336] Compiling trust_token.cc
[685/1336] Compiling pmbtoken.cc
[686/1336] Compiling thread_pthread.cc
[687/1336] Compiling thread_win.cc
[688/1336] Compiling stack.cc
[689/1336] Compiling thread_none.cc
[690/1336] Compiling thread.cc
[691/1336] Compiling sha512.cc
[692/1336] Compiling siphash.cc
[693/1336] Compiling sha256.cc
[694/1336] Compiling sha1.cc
[695/1336] Compiling spake2plus.cc
[696/1336] Compiling rsa_extra.cc
[697/1336] Compiling slhdsa.cc
[698/1336] Compiling rsa_print.cc
[699/1336] Compiling refcount.cc
[700/1336] Compiling trusty.cc
[701/1336] Compiling rsa_crypt.cc
[702/1336] Compiling rc4.cc
[703/1336] Compiling windows.cc
[704/1336] Compiling rsa_asn1.cc
[705/1336] Compiling urandom.cc
[706/1336] Compiling rand.cc
[707/1336] Compiling ios.cc
[708/1336] Compiling poly1305_arm_asm.S
[709/1336] Compiling passive.cc
[710/1336] Compiling fork_detect.cc
[711/1336] Compiling getentropy.cc
[712/1336] Compiling forkunsafe.cc
[713/1336] Compiling deterministic.cc
[714/1336] Compiling poly1305_vec.cc
[715/1336] Compiling poly1305_arm.cc
[716/1336] Compiling poly1305.cc
[717/1336] Compiling pool.cc
[718/1336] Compiling p5_pbev2.cc
[719/1336] Compiling pem_x509.cc
[720/1336] Compiling pkcs8_x509.cc
[721/1336] Compiling pkcs7_x509.cc
[722/1336] Compiling pkcs7.cc
[723/1336] Compiling pkcs8.cc
[724/1336] Compiling pem_xaux.cc
[725/1336] Compiling pem_pkey.cc
[726/1336] Compiling mlkem.cc
[727/1336] Compiling pem_pk8.cc
[728/1336] Compiling pem_oth.cc
[729/1336] Compiling obj_xref.cc
[730/1336] Compiling pem_info.cc
[731/1336] Compiling pem_lib.cc
[732/1336] Compiling pem_all.cc
[733/1336] Compiling mldsa.cc
[734/1336] Compiling poly_rq_mul.S
[735/1336] Compiling obj.cc
[736/1336] Compiling fips_shared_support.cc
[737/1336] Compiling lhash.cc
[738/1336] Compiling mem.cc
[739/1336] Compiling md5.cc
[740/1336] Compiling md4.cc
[741/1336] Compiling hpke.cc
[742/1336] Compiling ex_data.cc
[743/1336] Compiling kyber.cc
[744/1336] Compiling hrss.cc
[745/1336] Compiling print.cc
[746/1336] Compiling sign.cc
[747/1336] Compiling scrypt.cc
[748/1336] Compiling pbkdf.cc
[749/1336] Compiling p_x25519_asn1.cc
[750/1336] Compiling p_x25519.cc
[751/1336] Compiling p_rsa.cc
[752/1336] Compiling p_ed25519.cc
[753/1336] Compiling p_rsa_asn1.cc
[754/1336] Compiling p_hkdf.cc
[755/1336] Compiling p_ed25519_asn1.cc
[756/1336] Compiling p_ec.cc
[757/1336] Compiling p_ec_asn1.cc
[758/1336] Compiling p_dh_asn1.cc
[759/1336] Compiling evp.cc
[760/1336] Compiling p_dh.cc
[761/1336] Compiling p_dsa_asn1.cc
[762/1336] Compiling evp_ctx.cc
[763/1336] Compiling err.cc
[764/1336] Compiling engine.cc
[765/1336] Compiling evp_asn1.cc
[766/1336] Compiling ecdh.cc
[767/1336] Compiling ec_derive.cc
[768/1336] Compiling hash_to_curve.cc
[769/1336] Compiling ecdsa_asn1.cc
[770/1336] Compiling dsa.cc
[771/1336] Compiling bcm.cc
[772/1336] Compiling dsa_asn1.cc
[773/1336] Compiling ec_asn1.cc
[774/1336] Compiling x25519-asm-arm.S
[775/1336] Compiling params.cc
[776/1336] Compiling des.cc
[777/1336] Compiling digest_extra.cc
[778/1336] Compiling curve25519_64_adx.cc
[779/1336] Compiling dh_asn1.cc
[780/1336] Compiling crypto.cc
[781/1336] Compiling spake25519.cc
[782/1336] Compiling cpu_intel.cc
[783/1336] Compiling cpu_arm_freebsd.cc
[784/1336] Compiling cpu_arm_linux.cc
[785/1336] Compiling curve25519.cc
[786/1336] Compiling cpu_aarch64_linux.cc
[787/1336] Compiling cpu_aarch64_fuchsia.cc
[788/1336] Compiling cpu_aarch64_win.cc
[789/1336] Compiling cpu_aarch64_apple.cc
[790/1336] Compiling cpu_aarch64_sysreg.cc
[791/1336] Compiling cpu_aarch64_openbsd.cc
[792/1336] Compiling conf.cc
[793/1336] Compiling get_cipher.cc
[794/1336] Compiling tls_cbc.cc
[795/1336] Compiling e_null.cc
[796/1336] Compiling e_aesgcmsiv.cc
[797/1336] Compiling e_rc4.cc
[798/1336] Compiling e_tls.cc
[799/1336] Compiling e_rc2.cc
[800/1336] Compiling e_des.cc
[801/1336] Compiling e_aesctrhmac.cc
[802/1336] Compiling derive_key.cc
[803/1336] Compiling e_chacha20poly1305.cc
[804/1336] Compiling chacha.cc
[805/1336] Compiling unicode.cc
[806/1336] Compiling ber.cc
[807/1336] Compiling cbb.cc
[808/1336] Compiling cbs.cc
[809/1336] Compiling buf.cc
[810/1336] Compiling asn1_compat.cc
[811/1336] Compiling convert.cc
[812/1336] Compiling blake2.cc
[813/1336] Compiling bn_asn1.cc
[814/1336] Compiling socket_helper.cc
[815/1336] Compiling socket.cc
[816/1336] Compiling printf.cc
[817/1336] Compiling hexdump.cc
[818/1336] Compiling pair.cc
[819/1336] Compiling fd.cc
[820/1336] Compiling errno.cc
[821/1336] Compiling file.cc
[822/1336] Compiling connect.cc
[823/1336] Compiling base64.cc
[824/1336] Compiling bio.cc
[825/1336] Compiling bio_mem.cc
[826/1336] Compiling tasn_typ.cc
[827/1336] Compiling tasn_utl.cc
[828/1336] Compiling tasn_fre.cc
[829/1336] Compiling tasn_enc.cc
[829/1336] Compiling tasn_new.cc
[831/1336] Compiling posix_time.cc
[832/1336] Compiling f_string.cc
[833/1336] Compiling tasn_dec.cc
[834/1336] Compiling f_int.cc
[835/1336] Compiling asn_pack.cc
[836/1336] Compiling asn1_par.cc
[837/1336] Compiling a_utctm.cc
[838/1336] Compiling a_time.cc
[839/1336] Compiling a_type.cc
[840/1336] Compiling asn1_lib.cc
[841/1336] Compiling a_octet.cc
[842/1336] Compiling a_strnid.cc
[843/1336] Compiling a_strex.cc
[844/1336] Compiling a_object.cc
[845/1336] Compiling a_i2d_fp.cc
[846/1336] Compiling a_mbstr.cc
[847/1336] Compiling a_dup.cc
[848/1336] Compiling CGoogleGaxCRC32C CGoogleGaxCRC32C.c
[849/1336] Compiling a_int.cc
[850/1336] Compiling a_gentm.cc
[851/1336] Compiling fiat_p256_adx_sqr.S
[852/1336] Compiling fiat_p256_adx_mul.S
[853/1336] Compiling fiat_curve25519_adx_square.S
[854/1336] Compiling fiat_curve25519_adx_mul.S
[855/1336] Compiling md5-x86_64-linux.S
[856/1336] Compiling md5-x86_64-apple.S
[857/1336] Compiling a_d2i_fp.cc
[858/1336] Compiling md5-586-linux.S
[859/1336] Compiling md5-586-apple.S
[860/1336] Compiling CCryptoBoringSSLShims shims.c
[861/1336] Compiling chacha20_poly1305_x86_64-linux.S
[862/1336] Compiling a_bitstr.cc
[863/1336] Compiling chacha20_poly1305_armv8-win.S
[864/1336] Compiling chacha20_poly1305_x86_64-apple.S
[865/1336] Compiling chacha20_poly1305_armv8-apple.S
[866/1336] Compiling chacha-x86_64-linux.S
[867/1336] Compiling chacha20_poly1305_armv8-linux.S
[868/1336] Compiling chacha-x86_64-apple.S
[869/1336] Compiling chacha-x86-apple.S
[870/1336] Compiling chacha-x86-linux.S
[871/1336] Compiling chacha-armv8-win.S
[872/1336] Compiling a_bool.cc
[873/1336] Compiling chacha-armv8-apple.S
[874/1336] Compiling chacha-armv4-linux.S
[875/1336] Compiling aes128gcmsiv-x86_64-apple.S
[876/1336] Compiling chacha-armv8-linux.S
[877/1336] Compiling aes128gcmsiv-x86_64-linux.S
[878/1336] Compiling x86_64-mont-linux.S
[879/1336] Compiling x86_64-mont5-linux.S
[880/1336] Compiling x86_64-mont5-apple.S
[881/1336] Compiling x86_64-mont-apple.S
[882/1336] Compiling x86-mont-linux.S
[883/1336] Compiling vpaes-x86_64-linux.S
[884/1336] Compiling vpaes-x86_64-apple.S
[885/1336] Compiling x86-mont-apple.S
[886/1336] Compiling vpaes-x86-linux.S
[887/1336] Compiling vpaes-x86-apple.S
[888/1336] Compiling vpaes-armv8-win.S
[889/1336] Compiling vpaes-armv8-apple.S
[890/1336] Compiling vpaes-armv7-linux.S
[891/1336] Compiling vpaes-armv8-linux.S
[892/1336] Compiling sha512-x86_64-linux.S
[893/1336] Compiling sha512-x86_64-apple.S
[894/1336] Compiling sha512-armv8-win.S
[895/1336] Compiling sha512-armv4-linux.S
[896/1336] Compiling sha512-armv8-apple.S
[897/1336] Compiling sha512-586-linux.S
[898/1336] Compiling sha512-armv8-linux.S
[899/1336] Compiling sha512-586-apple.S
[900/1336] Compiling err_data.cc
[901/1336] Compiling sha256-x86_64-apple.S
[902/1336] Compiling sha256-x86_64-linux.S
[903/1336] Compiling sha256-armv4-linux.S
[903/1336] Compiling sha256-armv8-apple.S
[905/1336] Compiling sha256-armv8-win.S
[906/1336] Compiling sha256-armv8-linux.S
[907/1336] Compiling sha256-586-linux.S
[908/1336] Compiling sha1-x86_64-linux.S
[909/1336] Compiling sha1-armv8-win.S
[910/1336] Compiling sha256-586-apple.S
[911/1336] Compiling sha1-x86_64-apple.S
[912/1336] Compiling sha1-armv8-apple.S
[913/1336] Compiling sha1-armv4-large-linux.S
[914/1336] Compiling sha1-586-apple.S
[915/1336] Compiling rsaz-avx2-linux.S
[916/1336] Compiling sha1-armv8-linux.S
[917/1336] Compiling sha1-586-linux.S
[918/1336] Compiling rsaz-avx2-apple.S
[919/1336] Compiling rdrand-x86_64-linux.S
[920/1336] Compiling rdrand-x86_64-apple.S
[921/1336] Compiling p256_beeu-x86_64-asm-linux.S
[922/1336] Compiling p256_beeu-armv8-asm-win.S
[923/1336] Compiling p256_beeu-x86_64-asm-apple.S
[924/1336] Compiling p256-x86_64-asm-linux.S
[925/1336] Compiling p256_beeu-armv8-asm-linux.S
[926/1336] Compiling p256_beeu-armv8-asm-apple.S
[927/1336] Compiling p256-armv8-asm-win.S
[928/1336] Compiling p256-armv8-asm-apple.S
[929/1336] Compiling p256-x86_64-asm-apple.S
[930/1336] Compiling p256-armv8-asm-linux.S
[931/1336] Compiling ghashv8-armv8-apple.S
[932/1336] Compiling ghashv8-armv8-linux.S
[933/1336] Compiling ghashv8-armv8-win.S
[934/1336] Compiling ghashv8-armv7-linux.S
[935/1336] Compiling ghash-x86_64-linux.S
[936/1336] Compiling ghash-x86_64-apple.S
[937/1336] Compiling ghash-x86-apple.S
[938/1336] Compiling ghash-x86-linux.S
[939/1336] Compiling ghash-ssse3-x86_64-apple.S
[940/1336] Compiling ghash-ssse3-x86_64-linux.S
[941/1336] Compiling ghash-ssse3-x86-linux.S
[942/1336] Compiling ghash-ssse3-x86-apple.S
[943/1336] Compiling ghash-neon-armv8-win.S
[944/1336] Compiling ghash-neon-armv8-linux.S
[945/1336] Compiling co-586-linux.S
[946/1336] Compiling ghash-armv4-linux.S
[947/1336] Compiling ghash-neon-armv8-apple.S
[948/1336] Compiling bn-armv8-win.S
[949/1336] Compiling co-586-apple.S
[950/1336] Compiling bsaes-armv7-linux.S
[951/1336] Compiling bn-586-linux.S
[952/1336] Compiling bn-armv8-linux.S
[953/1336] Compiling bn-armv8-apple.S
[954/1336] Compiling armv8-mont-win.S
[955/1336] Compiling bn-586-apple.S
[956/1336] Compiling armv8-mont-apple.S
[957/1336] Compiling armv8-mont-linux.S
[958/1336] Compiling armv4-mont-linux.S
[959/1336] Compiling aesv8-gcm-armv8-win.S
[960/1336] Compiling aesv8-armv8-win.S
[961/1336] Compiling aesv8-gcm-armv8-linux.S
[962/1336] Compiling aesv8-armv8-apple.S
[963/1336] Compiling aesv8-armv8-linux.S
[964/1336] Compiling aesv8-gcm-armv8-apple.S
[965/1336] Compiling aesni-x86_64-linux.S
[966/1336] Compiling aesv8-armv7-linux.S
[967/1336] Compiling aesni-x86-linux.S
[968/1336] Compiling aesni-x86_64-apple.S
[969/1336] Compiling aesni-x86-apple.S
[970/1336] Compiling aesni-gcm-x86_64-apple.S
[971/1336] Compiling aesni-gcm-x86_64-linux.S
[972/1336] Compiling aes-gcm-avx512-x86_64-apple.S
[973/1336] Compiling aes-gcm-avx2-x86_64-linux.S
[974/1336] Compiling aes-gcm-avx512-x86_64-linux.S
[975/1336] Compiling aes-gcm-avx2-x86_64-apple.S
[976/1336] Compiling xwing.cc
[977/1336] Compiling x_spki.cc
[978/1336] Compiling x_x509a.cc
[979/1336] Compiling x_sig.cc
[980/1336] Compiling x_x509.cc
[981/1336] Compiling x_req.cc
[982/1336] Compiling c-nioatomics.c
[983/1336] Compiling x_name.cc
[984/1336] Compiling x_exten.cc
[985/1336] Compiling x_pubkey.cc
[986/1336] Compiling x_crl.cc
[987/1336] Compiling c-atomics.c
[988/1336] Compiling x_attrib.cc
[989/1343] Compiling x_algor.cc
[990/1343] Compiling x_all.cc
[992/1343] Compiling NIOConcurrencyHelpers NIOLockedValueBox.swift
[992/1343] Compiling x509spki.cc
[994/1343] Compiling NIOConcurrencyHelpers NIOLock.swift
[994/1343] Compiling x509name.cc
[996/1343] Compiling NIOConcurrencyHelpers atomics.swift
[997/1343] Compiling NIOConcurrencyHelpers NIOThreadPoolWorkAvailable.swift
[997/1343] Compiling x509rset.cc
[999/1343] Compiling NIOConcurrencyHelpers NIOAtomic.swift
[1000/1343] Emitting module NIOConcurrencyHelpers
[1001/1343] Compiling NIOConcurrencyHelpers lock.swift
[1002/1344] Compiling x509cset.cc
[1003/1344] Wrapping AST for NIOConcurrencyHelpers for debugging
[1004/1344] Compiling x509_vpm.cc
[1005/1344] Compiling x509_v3.cc
[1006/1344] Compiling x509_vfy.cc
[1007/1344] Compiling x509_txt.cc
[1008/1344] Compiling x509_set.cc
[1009/1344] Compiling x509_trs.cc
[1010/1344] Compiling x509_req.cc
[1011/1344] Compiling x509_obj.cc
[1012/1344] Compiling x509_lu.cc
[1013/1344] Compiling x509_def.cc
[1014/1344] Compiling x509_ext.cc
[1015/1344] Compiling x509_d2.cc
[1016/1344] Compiling x509_att.cc
[1017/1344] Compiling x509_cmp.cc
[1018/1344] Compiling x509.cc
[1019/1344] Compiling v3_utl.cc
[1020/1344] Compiling v3_skey.cc
[1021/1344] Compiling v3_prn.cc
[1022/1344] Compiling v3_purp.cc
[1023/1344] Compiling v3_pmaps.cc
[1024/1344] Compiling v3_pcons.cc
[1025/1344] Compiling v3_ocsp.cc
[1026/1344] Compiling v3_ncons.cc
[1027/1344] Compiling v3_lib.cc
[1028/1344] Compiling v3_int.cc
[1029/1344] Compiling v3_info.cc
[1030/1344] Compiling v3_ia5.cc
[1031/1344] Compiling v3_genn.cc
[1032/1344] Compiling v3_extku.cc
[1033/1344] Compiling v3_enum.cc
[1034/1344] Compiling v3_bitst.cc
[1035/1344] Compiling v3_conf.cc
[1036/1344] Compiling v3_crld.cc
[1037/1344] Compiling v3_cpols.cc
[1038/1344] Compiling v3_bcons.cc
[1039/1344] Compiling v3_alt.cc
[1040/1344] Compiling v3_akeya.cc
[1041/1344] Compiling t_x509a.cc
[1042/1344] Compiling t_crl.cc
[1043/1344] Compiling v3_akey.cc
[1044/1344] Compiling t_x509.cc
[1045/1344] Compiling t_req.cc
[1046/1344] Compiling name_print.cc
[1047/1344] Compiling i2d_pr.cc
[1048/1344] Compiling rsa_pss.cc
[1049/1344] Compiling policy.cc
[1050/1344] Compiling by_file.cc
[1051/1344] Compiling asn1_gen.cc
[1052/1344] Compiling by_dir.cc
[1053/1344] Compiling a_verify.cc
[1054/1344] Compiling algorithm.cc
[1055/1344] Compiling a_sign.cc
[1056/1344] Compiling voprf.cc
[1057/1344] Compiling a_digest.cc
[1058/1344] Compiling thread_win.cc
[1059/1344] Compiling thread_none.cc
[1060/1344] Compiling thread_pthread.cc
[1061/1344] Compiling thread.cc
[1062/1344] Compiling pmbtoken.cc
[1063/1344] Compiling trust_token.cc
[1064/1344] Compiling stack.cc
[1065/1344] Compiling siphash.cc
[1066/1344] Compiling sha512.cc
[1067/1344] Compiling slhdsa.cc
[1068/1344] Compiling sha256.cc
[1069/1344] Compiling spake2plus.cc
[1070/1344] Compiling rsa_print.cc
[1071/1344] Compiling sha1.cc
[1072/1344] Compiling rsa_extra.cc
[1073/1344] Compiling rsa_crypt.cc
[1074/1344] Compiling rc4.cc
[1075/1344] Compiling refcount.cc
[1076/1344] Compiling windows.cc
[1077/1344] Compiling urandom.cc
[1078/1344] Compiling trusty.cc
[1079/1344] Compiling rand.cc
[1080/1344] Compiling rsa_asn1.cc
[1081/1344] Compiling passive.cc
[1082/1344] Compiling poly1305_arm_asm.S
[1083/1344] Compiling ios.cc
[1084/1344] Compiling getentropy.cc
[1085/1344] Compiling forkunsafe.cc
[1086/1344] Compiling fork_detect.cc
[1087/1344] Compiling deterministic.cc
[1088/1344] Compiling poly1305_vec.cc
[1089/1344] Compiling pool.cc
[1090/1344] Compiling poly1305_arm.cc
[1091/1344] Compiling poly1305.cc
[1092/1344] Compiling pkcs8.cc
[1093/1344] Compiling pkcs7_x509.cc
[1094/1344] Compiling pkcs8_x509.cc
[1095/1344] Compiling p5_pbev2.cc
[1096/1344] Compiling pkcs7.cc
[1097/1344] Compiling pem_xaux.cc
[1098/1344] Compiling pem_x509.cc
[1099/1344] Compiling pem_pkey.cc
[1100/1344] Compiling pem_pk8.cc
[1101/1344] Compiling obj_xref.cc
[1102/1344] Compiling pem_lib.cc
[1103/1344] Compiling pem_info.cc
[1104/1344] Compiling mlkem.cc
[1105/1344] Compiling pem_all.cc
[1106/1344] Compiling pem_oth.cc
[1107/1344] Compiling obj.cc
[1108/1344] Compiling poly_rq_mul.S
[1109/1344] Compiling mldsa.cc
[1110/1344] Compiling mem.cc
[1111/1344] Compiling fips_shared_support.cc
[1112/1344] Compiling lhash.cc
[1113/1344] Compiling kyber.cc
[1114/1344] Compiling fuzzer_mode.cc
[1114/1344] Compiling md4.cc
[1115/1344] Compiling hrss.cc
[1115/1344] Compiling md5.cc
[1118/1344] Compiling hpke.cc
[1119/1344] Compiling ex_data.cc
[1120/1344] Compiling pbkdf.cc
[1121/1344] Compiling print.cc
[1122/1344] Compiling scrypt.cc
[1123/1344] Compiling sign.cc
[1124/1344] Compiling p_x25519_asn1.cc
[1125/1344] Compiling p_x25519.cc
[1126/1344] Compiling p_rsa_asn1.cc
[1127/1344] Compiling p_hkdf.cc
[1128/1344] Compiling p_ed25519_asn1.cc
[1129/1344] Compiling p_rsa.cc
[1130/1344] Compiling p_ec_asn1.cc
[1131/1344] Compiling p_ed25519.cc
[1132/1344] Compiling p_ec.cc
[1133/1344] Compiling p_dsa_asn1.cc
[1134/1344] Compiling p_dh.cc
[1135/1344] Compiling p_dh_asn1.cc
[1136/1344] Compiling evp_ctx.cc
[1137/1344] Compiling evp.cc
[1138/1344] Compiling err.cc
[1139/1344] Compiling evp_asn1.cc
[1140/1344] Compiling engine.cc
[1141/1344] Compiling ecdsa_p1363.cc
[1142/1344] Compiling ecdh.cc
[1143/1344] Compiling hash_to_curve.cc
[1144/1344] Compiling ecdsa_asn1.cc
[1145/1344] Compiling ec_derive.cc
[1146/1344] Compiling dsa.cc
[1147/1344] Compiling dsa_asn1.cc
[1147/1344] Compiling ec_asn1.cc
[1149/1344] Compiling digest_extra.cc
[1150/1344] Compiling x25519-asm-arm.S
[1151/1344] Compiling params.cc
[1152/1344] Compiling des.cc
[1153/1344] Compiling dh_asn1.cc
[1154/1344] Compiling curve25519_64_adx.cc
[1155/1344] Compiling spake25519.cc
[1156/1344] Compiling crypto.cc
[1157/1344] Compiling cpu_arm_linux.cc
[1158/1344] Compiling curve25519.cc
[1159/1344] Compiling cpu_intel.cc
[1160/1344] Compiling cpu_arm_freebsd.cc
[1161/1344] Compiling cpu_aarch64_win.cc
[1162/1344] Compiling cpu_aarch64_fuchsia.cc
[1163/1344] Compiling cpu_aarch64_linux.cc
[1164/1344] Compiling cpu_aarch64_openbsd.cc
[1165/1344] Compiling cpu_aarch64_sysreg.cc
[1166/1344] Compiling cpu_aarch64_apple.cc
[1167/1344] Compiling conf.cc
[1168/1344] Compiling get_cipher.cc
[1169/1344] Compiling tls_cbc.cc
[1170/1344] Compiling e_tls.cc
[1171/1344] Compiling e_rc4.cc
[1172/1344] Compiling cms.cc
[1173/1344] Compiling e_rc2.cc
[1174/1344] Compiling e_null.cc
[1175/1344] Compiling e_des.cc
[1176/1344] Compiling e_aesgcmsiv.cc
[1177/1344] Compiling e_aeseax.cc
[1178/1344] Compiling e_aesctrhmac.cc
[1178/1344] Compiling e_chacha20poly1305.cc
[1180/1344] Compiling chacha.cc
[1181/1344] Compiling derive_key.cc
[1182/1344] Compiling unicode.cc
[1183/1344] Compiling cbb.cc
[1184/1344] Compiling sqrt.cc
[1185/1344] Compiling buf.cc
[1186/1344] Compiling asn1_compat.cc
[1187/1344] Compiling cbs.cc
[1188/1344] Compiling ber.cc
[1189/1344] Compiling exponentiation.cc
[1190/1344] Compiling div.cc
[1191/1344] Compiling blake2.cc
[1192/1344] Compiling printf.cc
[1193/1344] Compiling convert.cc
[1194/1344] Compiling bn_asn1.cc
[1195/1344] Compiling pair.cc
[1196/1344] Compiling hexdump.cc
[1197/1344] Compiling file.cc
[1198/1344] Compiling errno.cc
[1199/1344] Compiling fd.cc
[1200/1344] Compiling base64.cc
[1201/1344] Compiling bio_mem.cc
[1202/1344] Compiling bio.cc
[1203/1344] Compiling tasn_typ.cc
[1204/1344] Compiling tasn_utl.cc
[1205/1344] Compiling tasn_fre.cc
[1206/1344] Compiling tasn_enc.cc
[1207/1344] Compiling tasn_new.cc
[1208/1344] Compiling posix_time.cc
[1209/1344] Compiling f_int.cc
[1210/1344] Compiling f_string.cc
[1211/1344] Compiling asn1_par.cc
[1212/1344] Compiling asn_pack.cc
[1213/1344] Compiling tasn_dec.cc
[1214/1344] Compiling bcm.cc
[1215/1344] Compiling asn1_lib.cc
[1216/1344] Compiling a_utctm.cc
[1217/1344] Compiling a_time.cc
[1218/1344] Compiling a_strnid.cc
[1219/1344] Compiling a_strex.cc
[1220/1344] Compiling a_type.cc
[1221/1344] Compiling a_octet.cc
[1222/1344] Compiling a_object.cc
[1223/1344] Compiling a_i2d_fp.cc
[1224/1344] Compiling a_mbstr.cc
[1225/1344] Compiling CAsyncHTTPClient CAsyncHTTPClient.c
[1225/1344] Write sources
[1228/1362] Compiling a_dup.cc
[1228/1362] Write sources
[1230/1362] Compiling a_d2i_fp.cc
[1231/1372] Compiling a_int.cc
[1232/1387] Compiling a_gentm.cc
[1233/1387] Compiling a_bool.cc
[1235/1387] Compiling Algorithms Partition.swift
[1236/1387] Compiling Algorithms Permutations.swift
[1237/1389] Compiling Algorithms Keyed.swift
[1238/1389] Compiling Algorithms MinMax.swift
[1239/1389] Compiling Algorithms Chunked.swift
[1240/1389] Compiling Algorithms Combinations.swift
[1241/1389] Compiling Algorithms FlattenCollection.swift
[1242/1389] Compiling Algorithms Grouped.swift
[1242/1389] Compiling aes.cc
[1243/1389] Compiling a_bitstr.cc
[1245/1397] Compiling Algorithms FirstNonNil.swift
[1246/1397] Compiling Algorithms AdjacentPairs.swift
[1247/1397] Compiling Algorithms Chain.swift
[1248/1397] Compiling Atomics IntegerOperations.swift
[1249/1397] Compiling Atomics Unmanaged extensions.swift
[1250/1397] Compiling Algorithms Compacted.swift
[1251/1397] Compiling Algorithms Cycle.swift
[1252/1397] Compiling Algorithms EitherSequence.swift
[1254/1400] Compiling Algorithms RandomSample.swift
[1255/1400] Compiling Algorithms Reductions.swift
[1256/1400] Compiling Algorithms Rotate.swift
[1258/1400] Compiling Algorithms Stride.swift
[1259/1400] Compiling Algorithms Suffix.swift
[1263/1400] Emitting module CryptoBoringWrapper
[1264/1400] Compiling Algorithms Trim.swift
[1265/1400] Compiling Algorithms Unique.swift
[1266/1400] Compiling Algorithms Windows.swift
[1267/1400] Compiling Algorithms Joined.swift
[1272/1400] Compiling Algorithms Indexed.swift
[1273/1400] Compiling Algorithms Intersperse.swift
[1274/1400] Compiling CryptoBoringWrapper FiniteFieldArithmeticContext.swift
[1275/1400] Compiling CryptoBoringWrapper RandomBytes.swift
[1276/1400] Compiling CryptoBoringWrapper EllipticCurve.swift
[1277/1400] Compiling CryptoBoringWrapper BoringSSLAEAD.swift
[1282/1400] Compiling CryptoBoringWrapper CryptoKitErrors_boring.swift
[1283/1400] Compiling CryptoBoringWrapper EllipticCurvePoint.swift
[1284/1400] Compiling CryptoBoringWrapper ArbitraryPrecisionInteger.swift
[1285/1401] Wrapping AST for CryptoBoringWrapper for debugging
[1287/1437] Compiling Crypto ASN1Identifier.swift
[1288/1437] Compiling Crypto ASN1Integer.swift
[1289/1437] Compiling Crypto Insecure_HashFunctions.swift
[1290/1437] Emitting module Atomics
[1291/1441] Compiling Crypto AES-GCM.swift
[1292/1441] Compiling Crypto AES-GCM_boring.swift
[1293/1441] Compiling Crypto ChaChaPoly_boring.swift
[1294/1486] Wrapping AST for Atomics for debugging
[1296/1550] Emitting module Algorithms
[1297/1551] Wrapping AST for Algorithms for debugging
[1299/1551] Compiling NIOCore Interfaces.swift
[1300/1551] Compiling NIOCore Linux.swift
[1301/1551] Compiling NIOCore MarkedCircularBuffer.swift
[1302/1551] Compiling NIOCore MulticastChannel.swift
[1303/1551] Compiling NIOCore NIOAny.swift
[1304/1551] Compiling NIOCore NIOCloseOnErrorHandler.swift
[1305/1551] Compiling NIOCore NIOCoreSendableMetatype.swift
[1306/1551] Compiling NIOCore NIODecodedAsyncSequence.swift
[1307/1551] Compiling NIOCore NIOLoopBound.swift
[1308/1551] Compiling NIOCore NIOPooledRecvBufferAllocator.swift
[1309/1551] Compiling NIOCore NIOScheduledCallback.swift
[1310/1551] Compiling NIOCore NIOSendable.swift
[1311/1562] Emitting module Crypto
[1318/1562] Compiling NIOCore NIOSplitLinesMessageDecoder.swift
[1319/1562] Compiling NIOCore NIOTransportAccessibleChannelCore.swift
[1320/1562] Compiling NIOCore RecvByteBufferAllocator.swift
[1321/1562] Compiling NIOCore IPProtocol.swift
[1322/1562] Compiling NIOCore IntegerBitPacking.swift
[1323/1562] Compiling NIOCore IntegerTypes.swift
[1330/1570] Compiling NIOCore AddressedEnvelope.swift
[1331/1570] Compiling NIOCore AsyncAwaitSupport.swift
[1332/1570] Compiling NIOCore AsyncChannel.swift
[1333/1570] Compiling NIOCore AsyncChannelHandler.swift
[1334/1570] Compiling NIOCore AsyncChannelInboundStream.swift
[1335/1570] Compiling NIOCore AsyncChannelOutboundWriter.swift
[1336/1570] Compiling NIOCore NIOAsyncSequenceProducer.swift
[1337/1570] Compiling NIOCore NIOAsyncSequenceProducerStrategies.swift
[1338/1570] Compiling NIOCore NIOAsyncWriter.swift
[1339/1570] Compiling NIOCore ByteBuffer-multi-int.swift
[1340/1570] Compiling NIOCore ByteBuffer-quicBinaryEncodingStrategy.swift
[1341/1570] Compiling NIOCore ByteBuffer-views.swift
[1342/1570] Compiling NIOCore EventLoopFuture+Deprecated.swift
[1343/1570] Compiling NIOCore EventLoopFuture+WithEventLoop.swift
[1344/1570] Compiling NIOCore EventLoopFuture.swift
[1345/1570] Compiling NIOCore FileDescriptor.swift
[1346/1570] Compiling NIOCore FileHandle.swift
[1347/1570] Compiling NIOCore FileRegion.swift
[1348/1570] Compiling NIOCore GlobalSingletons.swift
[1349/1570] Compiling NIOCore IO.swift
[1350/1570] Compiling NIOCore IOData.swift
[1351/1570] Compiling Crypto Signature.swift
[1352/1570] Compiling Crypto CryptoKitErrors_boring.swift
[1353/1570] Compiling Crypto Optional+withUnsafeBytes_boring.swift
[1354/1570] Compiling Crypto RNG_boring.swift
[1355/1570] Compiling Crypto SafeCompare_boring.swift
[1356/1570] Compiling Crypto Zeroization_boring.swift
[1357/1570] Compiling Crypto _CryptoModuleAnchor.swift
[1358/1570] Compiling Crypto PrettyBytes.swift
[1359/1570] Compiling Crypto SafeCompare.swift
[1360/1570] Compiling Crypto SecureBytes.swift
[1361/1570] Compiling Crypto Zeroization.swift
[1365/1570] Compiling NIOCore SingleStepByteToMessageDecoder.swift
[1366/1570] Compiling NIOCore SocketAddresses.swift
[1367/1570] Compiling NIOCore SocketOptionProvider.swift
[1368/1570] Compiling NIOCore SystemCallHelpers.swift
[1369/1570] Compiling NIOCore TimeAmount+Duration.swift
[1370/1570] Compiling NIOCore TypeAssistedChannelHandler.swift
[1371/1570] Compiling NIOCore UniversalBootstrapSupport.swift
[1372/1570] Compiling NIOCore Utilities.swift
[1385/1570] Compiling NIOCore Channel.swift
[1386/1570] Compiling NIOCore ChannelHandler.swift
[1387/1570] Compiling NIOCore ChannelHandlers.swift
[1388/1570] Compiling NIOCore ChannelInvoker.swift
[1389/1570] Compiling NIOCore ChannelOption.swift
[1390/1570] Compiling NIOCore ChannelPipeline.swift
[1391/1570] Compiling NIOCore CircularBuffer.swift
[1392/1570] Compiling NIOCore Codec.swift
[1393/1570] Compiling NIOCore ConvenienceOptionSupport.swift
[1394/1570] Compiling NIOCore DeadChannel.swift
[1395/1570] Compiling NIOCore DispatchQueue+WithFuture.swift
[1396/1570] Compiling NIOCore EventLoop+Deprecated.swift
[1397/1570] Compiling NIOCore EventLoop+SerialExecutor.swift
[1398/1570] Compiling NIOCore EventLoop.swift
[1399/1570] Compiling NIOCore EventLoopFuture+AssumeIsolated.swift
[1400/1570] Compiling NIOCore NIOThrowingAsyncSequenceProducer.swift
[1401/1570] Compiling NIOCore BSDSocketAPI.swift
[1402/1570] Compiling NIOCore ByteBuffer-aux.swift
[1403/1570] Compiling NIOCore ByteBuffer-binaryEncodedLengthPrefix.swift
[1404/1570] Compiling NIOCore ByteBuffer-conversions.swift
[1405/1570] Compiling NIOCore ByteBuffer-core.swift
[1406/1570] Compiling NIOCore ByteBuffer-hex.swift
[1407/1570] Compiling NIOCore ByteBuffer-int.swift
[1408/1570] Compiling NIOCore ByteBuffer-lengthPrefix.swift
[1409/1570] Compiling Crypto HKDF.swift
[1410/1570] Compiling Crypto AESWrap.swift
[1411/1570] Compiling Crypto AESWrap_boring.swift
[1412/1570] Compiling Crypto Ed25519_boring.swift
[1413/1570] Compiling Crypto NISTCurvesKeys_boring.swift
[1414/1570] Compiling Crypto X25519Keys_boring.swift
[1415/1570] Compiling Crypto Curve25519.swift
[1416/1570] Compiling Crypto Ed25519Keys.swift
[1417/1570] Compiling Crypto NISTCurvesKeys.swift
[1418/1570] Compiling Crypto X25519Keys.swift
[1419/1570] Compiling Crypto SymmetricKeys.swift
[1420/1570] Compiling Crypto HMAC.swift
[1439/1571] Wrapping AST for Crypto for debugging
[1449/1633] Emitting module CryptoExtras
[1450/1641] Compiling CryptoExtras Data+Extensions.swift
[1451/1641] Compiling CryptoExtras DigestType.swift
[1452/1641] Compiling CryptoExtras Error.swift
[1453/1641] Compiling CryptoExtras I2OSP.swift
[1454/1641] Compiling CryptoExtras IntegerEncoding.swift
[1455/1641] Compiling CryptoExtras PEMDocument.swift
[1456/1641] Compiling CryptoExtras PrettyBytes.swift
[1457/1641] Compiling CryptoExtras SubjectPublicKeyInfo.swift
[1458/1641] Compiling CryptoExtras ThreadOps.swift
[1459/1641] Compiling CryptoExtras ThreadPosix.swift
[1460/1641] Compiling CryptoExtras ThreadSpecific.swift
[1461/1641] Compiling CryptoExtras ThreadWindows.swift
[1462/1641] Compiling CryptoExtras DLEQ.swift
[1463/1641] Compiling CryptoExtras Prover.swift
[1464/1641] Compiling CryptoExtras Verifier.swift
[1465/1641] Compiling CryptoExtras ZKPToolbox.swift
[1466/1641] Compiling CryptoExtras BoringSSLPassphraseCallbackManager.swift
[1467/1641] Compiling CryptoExtras RSA+BlindSigning.swift
[1468/1641] Compiling CryptoExtras RSA.swift
[1469/1641] Compiling CryptoExtras RSA_boring.swift
[1470/1641] Compiling CryptoExtras Reexport.swift
[1471/1641] Compiling CryptoExtras Zeroization_boring.swift
[1472/1641] Compiling CryptoExtras BoringSSLHelpers.swift
[1473/1641] Compiling CryptoExtras CryptoKitErrors_boring.swift
[1474/1641] Compiling CryptoExtras PBKDF2.swift
[1475/1641] Compiling CryptoExtras Scrypt_boring.swift
[1476/1641] Compiling CryptoExtras Scrypt.swift
[1477/1641] Compiling CryptoExtras OPRF.swift
[1478/1641] Compiling CryptoExtras OPRFClient.swift
[1479/1641] Compiling CryptoExtras OPRFServer.swift
[1480/1641] Compiling CryptoExtras VOPRF+API.swift
[1481/1641] Compiling CryptoExtras VOPRFClient.swift
[1482/1641] Compiling CryptoExtras VOPRFServer.swift
[1483/1641] Compiling CryptoExtras PKCS8DERRepresentation.swift
[1484/1641] Compiling CryptoExtras PKCS8PrivateKey.swift
[1485/1641] Compiling CryptoExtras RFC8410AlgorithmIdentifier.swift
[1486/1641] Compiling CryptoExtras ECToolbox_boring.swift
[1487/1641] Compiling CryptoExtras ECToolbox.swift
[1488/1641] Compiling CryptoExtras HashToField.swift
[1489/1641] Compiling CryptoExtras KDF.swift
[1490/1641] Compiling CryptoExtras PBKDF2_boring.swift
[1491/1641] Compiling CryptoExtras PBKDF2_commoncrypto.swift
[1492/1641] Compiling CryptoExtras AES_CBC.swift
[1493/1641] Compiling CryptoExtras AES_CFB.swift
[1494/1641] Compiling CryptoExtras AES_CTR.swift
[1495/1641] Compiling CryptoExtras AES_GCM_SIV.swift
[1496/1641] Compiling CryptoExtras Block Function.swift
[1497/1641] Compiling CryptoExtras AES_CBC_boring.swift
[1498/1641] Compiling CryptoExtras AES_CFB_boring.swift
[1499/1641] Compiling CryptoExtras AES_CTR_boring.swift
[1500/1641] Compiling CryptoExtras AES_GCM_SIV_boring.swift
[1501/1641] Compiling CryptoExtras ARCServer.swift
[1502/1641] Compiling CryptoExtras ChaCha20CTR_boring.swift
[1503/1641] Compiling CryptoExtras ChaCha20CTR.swift
[1504/1641] Compiling CryptoExtras BoringSSLSHA512256Context.swift
[1505/1641] Compiling CryptoExtras BoringSSLSHA512256HashFunction.swift
[1506/1641] Compiling CryptoExtras SHA512256.swift
[1507/1641] Compiling CryptoExtras SHA512256Digest.swift
[1508/1641] Compiling CryptoExtras Curve25519+PEM.swift
[1509/1641] Compiling CryptoExtras ObjectIdentifier.swift
[1510/1641] Compiling CryptoExtras CMAC.swift
[1511/1641] Compiling CryptoExtras ARC+API.swift
[1512/1641] Compiling CryptoExtras ARC.swift
[1513/1641] Compiling CryptoExtras ARCCredential.swift
[1514/1641] Compiling CryptoExtras ARCEncoding.swift
[1515/1641] Compiling CryptoExtras ARCPrecredential.swift
[1516/1641] Compiling CryptoExtras ARCPresentation.swift
[1517/1641] Compiling CryptoExtras ARCRequest.swift
[1518/1641] Compiling CryptoExtras ARCResponse.swift
[1519/1642] Wrapping AST for CryptoExtras for debugging
[1521/1644] Emitting module _CryptoExtras
[1522/1644] Compiling _CryptoExtras Exports.swift
[1523/1645] Wrapping AST for _CryptoExtras for debugging
[1525/1740] Compiling X509 CSRAttributes.swift
[1526/1740] Compiling X509 CSRVersion.swift
[1527/1740] Compiling X509 CertificateSigningRequest.swift
[1528/1740] Compiling X509 CertificationRequestInfo.swift
[1529/1740] Compiling X509 ExtensionRequest.swift
[1530/1740] Compiling X509 Certificate.swift
[1531/1740] Compiling X509 CertificatePrivateKey.swift
[1532/1740] Compiling X509 CertificatePublicKey.swift
[1533/1740] Compiling X509 CertificateSerialNumber.swift
[1534/1740] Compiling X509 VersionPolicy.swift
[1535/1740] Compiling X509 ServerIdentityPolicy.swift
[1536/1740] Compiling X509 TrustRootLoading.swift
[1537/1740] Compiling X509 UnverifiedChain.swift
[1538/1740] Compiling X509 PKCS8PrivateKey.swift
[1539/1740] Compiling X509 PromiseAndFuture.swift
[1540/1740] Compiling X509 RDNAttribute.swift
[1541/1740] Compiling X509 RandomNumberGenerator+bytes.swift
[1542/1740] Compiling X509 RelativeDistinguishedName.swift
[1543/1740] Emitting module NIOCore
[1544/1747] Wrapping AST for NIOCore for debugging
[1546/1798] Compiling NIOFoundationEssentialsCompat Codable+ByteBuffer.swift
[1547/1798] Emitting module NIOFoundationEssentialsCompat
[1548/1798] Compiling NIOFoundationEssentialsCompat ByteBuffer-foundation.swift
[1549/1799] Wrapping AST for NIOFoundationEssentialsCompat for debugging
[1551/1799] Compiling NIOEmbedded AsyncTestingEventLoop.swift
[1552/1799] Compiling NIOEmbedded AsyncTestingChannel.swift
[1553/1799] Emitting module NIOEmbedded
[1554/1799] Compiling NIOEmbedded Embedded.swift
[1555/1800] Compiling X509 DomainComponent.swift
[1556/1800] Compiling X509 EmailAddress.swift
[1557/1800] Compiling X509 LocalityName.swift
[1558/1800] Compiling X509 OrganizationName.swift
[1559/1800] Compiling X509 OrganizationalUnitName.swift
[1560/1800] Compiling X509 StateOrProvinceName.swift
[1561/1800] Compiling X509 StreetAddress.swift
[1562/1800] Compiling X509 Error.swift
[1563/1800] Compiling X509 AuthorityInformationAccess.swift
[1564/1800] Compiling X509 AuthorityKeyIdentifier.swift
[1565/1800] Compiling X509 BasicConstraints.swift
[1566/1800] Compiling X509 ExtendedKeyUsage.swift
[1567/1800] Compiling X509 ExtensionIdentifiers.swift
[1568/1800] Compiling X509 KeyUsage.swift
[1570/1813] Compiling NIOPosix GetaddrinfoResolver.swift
[1571/1813] Compiling NIOPosix MultiThreadedEventLoopGroup.swift
[1572/1813] Compiling NIOPosix NIOPosixSendableMetatype.swift
[1573/1813] Compiling NIOPosix NIORandomizedDNSResolver.swift
[1574/1813] Compiling NIOPosix NIOThreadPool.swift
[1575/1813] Compiling NIOPosix NonBlockingFileIO.swift
[1576/1813] Compiling NIOPosix PendingDatagramWritesManager.swift
[1577/1813] Compiling NIOPosix PendingWritesManager.swift
[1578/1813] Compiling NIOPosix HappyEyeballs.swift
[1579/1813] Compiling NIOPosix IO.swift
[1580/1813] Compiling NIOPosix IntegerBitPacking.swift
[1581/1813] Compiling NIOPosix IntegerTypes.swift
[1582/1813] Compiling NIOPosix Linux.swift
[1583/1813] Compiling NIOPosix LinuxCPUSet.swift
[1584/1813] Compiling NIOPosix LinuxUring.swift
[1585/1813] Compiling NIOPosix Selectable.swift
[1586/1813] Compiling NIOPosix SelectableChannel.swift
[1587/1813] Compiling NIOPosix SelectableEventLoop.swift
[1588/1813] Compiling NIOPosix SelectorEpoll.swift
[1589/1813] Compiling NIOPosix SelectorGeneric.swift
[1590/1813] Compiling NIOPosix SelectorKqueue.swift
[1591/1813] Compiling NIOPosix SelectorUring.swift
[1592/1813] Compiling NIOPosix PipeChannel.swift
[1593/1813] Compiling NIOPosix PipePair.swift
[1594/1813] Compiling NIOPosix Pool.swift
[1595/1813] Compiling NIOPosix PosixSingletons+ConcurrencyTakeOver.swift
[1596/1813] Compiling NIOPosix PosixSingletons.swift
[1597/1813] Compiling NIOPosix BSDSocketAPICommon.swift
[1598/1813] Compiling NIOPosix BSDSocketAPIPosix.swift
[1599/1813] Compiling NIOPosix BSDSocketAPIWindows.swift
[1600/1813] Compiling NIOPosix BaseSocket.swift
[1601/1813] Compiling NIOPosix BaseSocketChannel+AccessibleTransport.swift
[1602/1813] Compiling NIOPosix BaseSocketChannel+SocketOptionProvider.swift
[1603/1813] Compiling NIOPosix BaseSocketChannel.swift
[1604/1813] Compiling NIOPosix BaseStreamSocketChannel.swift
[1605/1813] Compiling NIOPosix Bootstrap.swift
[1606/1813] Compiling NIOPosix ControlMessage.swift
[1607/1813] Compiling NIOPosix DatagramVectorReadManager.swift
[1608/1813] Compiling NIOPosix Errors+Any.swift
[1609/1813] Compiling NIOPosix FileDescriptor.swift
[1609/1813] Wrapping AST for NIOEmbedded for debugging
[1611/1813] Compiling X509 OCSPExtensionID.swift
[1612/1813] Compiling X509 OCSPNonce.swift
[1613/1813] Compiling X509 OCSPPolicy.swift
[1614/1813] Compiling X509 OCSPRequest.swift
[1615/1813] Compiling X509 OCSPResponse.swift
[1616/1813] Compiling X509 OCSPResponseBytes.swift
[1617/1813] Compiling X509 OCSPResponseData.swift
[1618/1813] Compiling X509 OCSPResponseStatus.swift
[1619/1813] Compiling X509 OCSPSignature.swift
[1620/1813] Compiling X509 OCSPSingleRequest.swift
[1621/1813] Compiling X509 OCSPSingleResponse.swift
[1622/1813] Compiling X509 OCSPTBSRequest.swift
[1623/1813] Compiling X509 OCSPVersion.swift
[1624/1813] Compiling X509 CMSIssuerAndSerialNumber.swift
[1625/1813] Compiling X509 CMSOperations.swift
[1626/1813] Compiling X509 CMSSignature.swift
[1627/1813] Compiling X509 CMSSignedData.swift
[1628/1813] Compiling X509 CMSSignerIdentifier.swift
[1629/1813] Compiling X509 CMSSignerInfo.swift
[1630/1813] Compiling X509 CMSVersion.swift
[1631/1813] Compiling X509 Curve25519+DER.swift
[1632/1813] Compiling X509 CustomPrivateKey.swift
[1633/1813] Compiling X509 Digests.swift
[1634/1813] Compiling X509 DistinguishedName.swift
[1635/1813] Compiling X509 CommonName.swift
[1636/1813] Compiling X509 CountryName.swift
[1637/1813] Compiling X509 DNBuilder.swift
[1645/1813] Compiling NIOPosix SelectorWSAPoll.swift
[1646/1813] Compiling NIOPosix ServerSocket.swift
[1647/1813] Compiling NIOPosix Socket.swift
[1648/1813] Compiling NIOPosix SocketChannel.swift
[1649/1813] Compiling NIOPosix SocketProtocols.swift
[1650/1813] Compiling NIOPosix StructuredConcurrencyHelpers.swift
[1651/1813] Compiling NIOPosix System.swift
[1657/1813] Compiling NIOPosix RawSocketBootstrap.swift
[1658/1813] Compiling NIOPosix Resolver.swift
[1659/1820] Emitting module NIOPosix
[1669/1820] Compiling NIOPosix Thread.swift
[1670/1820] Compiling NIOPosix ThreadPosix.swift
[1671/1820] Compiling NIOPosix ThreadWindows.swift
[1672/1820] Compiling NIOPosix Utilities.swift
[1691/1820] Compiling NIOPosix VsockAddress.swift
[1692/1820] Compiling NIOPosix VsockChannelEvents.swift
[1693/1820] Compiling NIOPosix Windows.swift
[1694/1820] Emitting module X509
[1709/1821] Wrapping AST for NIOPosix for debugging
[1711/1823] Compiling NIO Exports.swift
[1712/1823] Emitting module NIO
[1713/1853] Wrapping AST for NIO for debugging
[1715/1863] Compiling X509 ValidatedCertificateChain.swift
[1716/1863] Compiling X509 VerificationDiagnostic.swift
[1717/1863] Compiling X509 Verifier.swift
[1718/1863] Compiling X509 VerifierPolicy.swift
[1719/1863] Compiling X509 AlgorithmIdentifier.swift
[1720/1863] Compiling X509 ECDSASignature.swift
[1721/1863] Compiling X509 RSAPKCS1PublicKey.swift
[1722/1863] Compiling X509 SubjectPublicKeyInfo.swift
[1723/1863] Compiling X509 TBSCertificate.swift
[1724/1863] Compiling X509 Time.swift
[1725/1863] Compiling X509 TimeCalculations.swift
[1726/1863] Compiling X509 Validity.swift
[1727/1863] Compiling X509 X509SendableMetatype.swift
[1729/1864] Compiling NIOTLS TLSEvents.swift
[1730/1864] Compiling NIOFoundationCompat Exports.swift
[1731/1864] Compiling NIOFoundationCompat WaitSpinningRunLoop.swift
[1732/1864] Compiling NIOFoundationCompat JSONSerialization+ByteBuffer.swift
[1733/1864] Emitting module NIOFoundationCompat
[1734/1864] Compiling NIOSOCKS SOCKSResponse.swift
[1735/1866] Compiling NIOTLS ApplicationProtocolNegotiationHandler.swift
[1736/1866] Compiling NIOTLS NIOTypedApplicationProtocolNegotiationHandler.swift
[1737/1866] Wrapping AST for X509 for debugging
[1739/1866] Compiling NIOSOCKS ClientStateMachine.swift
[1740/1866] Compiling NIOSOCKS SelectedAuthenticationMethod.swift
[1741/1866] Compiling NIOSOCKS SOCKSClientHandler.swift
[1742/1866] Compiling NIOSOCKS SOCKSServerHandshakeHandler.swift
[1743/1866] Emitting module NIOSOCKS
[1743/1924] Wrapping AST for NIOFoundationCompat for debugging
[1745/1933] Compiling JWTKit IssuerClaim.swift
[1746/1933] Compiling JWTKit JWTClaim.swift
[1747/1933] Compiling JWTKit ExpirationClaim.swift
[1748/1933] Compiling JWTKit GoogleHostedDomainClaim.swift
[1749/1933] Compiling JWTKit IDClaim.swift
[1750/1933] Compiling JWTKit IssuedAtClaim.swift
[1751/1933] Compiling NIOSOCKS ServerStateMachine.swift
[1753/1934] Compiling JWTKit SubjectClaim.swift
[1754/1934] Compiling JWTKit TenantIDClaim.swift
[1755/1934] Compiling JWTKit ECDSA.swift
[1756/1934] Compiling JWTKit ECDSACurve.swift
[1757/1936] Compiling NIOTLS ProtocolNegotiationHandlerStateMachine.swift
[1758/1936] Compiling NIOTLS SNIHandler.swift
[1759/1936] Emitting module NIOTLS
[1759/1937] Wrapping AST for NIOSOCKS for debugging
[1766/1937] Wrapping AST for NIOTLS for debugging
[1768/1967] Compiling JWTKit MLDSAType.swift
[1769/1967] Compiling JWTKit JWTKeyCollection+UnsecuredNone.swift
[1770/1967] Compiling JWTKit UnsecuredNoneSigner.swift
[1771/1967] Compiling JWTKit JWTKeyCollection+RSA.swift
[1772/1967] Compiling JWTKit RSA.swift
[1773/1967] Compiling JWTKit RSAError.swift
[1774/1967] Compiling JWTKit RSASigner.swift
[1775/1967] Compiling JWTKit Base64URL.swift
[1776/1967] Compiling JWTKit CryptoSigner.swift
[1777/1976] Compiling NIOSSL NIOSSLServerHandler.swift
[1778/1976] Compiling NIOSSL ObjectIdentifier.swift
[1779/1976] Compiling NIOSSL PosixPort.swift
[1780/1976] Compiling NIOSSL SSLCallbacks.swift
[1781/1976] Compiling NIOSSL LinuxCABundle.swift
[1782/1976] Compiling NIOSSL NIOSSLClientHandler.swift
[1783/1976] Compiling NIOSSL AndroidCABundle.swift
[1784/1976] Compiling NIOSSL ByteBufferBIO.swift
[1785/1976] Compiling NIOSSL CustomPrivateKey.swift
[1786/1976] Compiling NIOSSL FreeBSDCABundle.swift
[1787/1976] Compiling NIOSSL NIOSSLHandler+Configuration.swift
[1788/1976] Compiling NIOSSL NIOSSLHandler.swift
[1791/1976] Compiling JWTKit JWTSerializer.swift
[1792/1976] Compiling JWTKit JWTSigner.swift
[1793/1976] Compiling JWTKit JWTKeyCollection+MLDSA.swift
[1794/1976] Compiling JWTKit MLDSA.swift
[1795/1976] Compiling JWTKit MLDSA65+MLDSAKey.swift
[1796/1976] Compiling JWTKit MLDSA87+MLDSAKey.swift
[1797/1976] Compiling JWTKit MLDSAError.swift
[1798/1976] Compiling JWTKit MLDSAKey.swift
[1799/1976] Compiling JWTKit MLDSASigner.swift
[1802/1976] Compiling NIOSSL IdentityVerification.swift
[1803/1976] Compiling NIOSSL SubjectAlternativeName.swift
[1804/1976] Compiling NIOSSL NIOSSLSecureBytes.swift
[1805/1976] Compiling NIOSSL RNG.swift
[1806/1976] Compiling NIOSSL SafeCompare.swift
[1807/1976] Compiling NIOSSL SSLPrivateKey.swift
[1808/1976] Compiling NIOSSL SSLPublicKey.swift
[1809/1976] Compiling NIOSSL SecurityFrameworkCertificateVerification.swift
[1810/1976] Emitting module JWTKit
[1813/1976] Emitting module NIOHTTP1
[1821/1977] Compiling NIOSSL String+unsafeUninitializedCapacity.swift
[1821/1981] Wrapping AST for NIOHTTP1 for debugging
[1824/1989] Compiling NIOSSL SSLCertificate.swift
[1825/1989] Compiling NIOSSL SSLCertificateExtensions.swift
[1826/1989] Compiling NIOSSL SSLCertificateName.swift
[1827/1989] Compiling NIOSSL SSLConnection.swift
[1828/1989] Compiling NIOSSL SSLContext.swift
[1829/1989] Compiling NIOSSL SSLErrors.swift
[1830/1989] Compiling NIOSSL SSLInit.swift
[1831/1989] Compiling NIOSSL SSLPKCS12Bundle.swift
[1832/1989] Compiling NIOSSL Zeroization.swift
[1833/1996] Compiling JWTKit HMAC.swift
[1834/1996] Compiling JWTKit HMACError.swift
[1835/1996] Compiling JWTKit HMACSigner.swift
[1836/1996] Compiling JWTKit JWTKeyCollection+HMAC.swift
[1837/1996] Compiling JWTKit Insecure.swift
[1838/1996] Compiling JWTKit JWK.swift
[1839/1996] Compiling JWTKit JWKIdentifier.swift
[1840/1996] Compiling JWTKit JWKS.swift
[1841/1996] Compiling JWTKit JWKSigner.swift
[1842/1996] Compiling NIOSSL TLSConfiguration.swift
[1843/1996] Compiling NIOSSL UniversalBootstrapSupport.swift
[1844/1996] Compiling NIOSSL UnsafeKeyAndChainTarget.swift
[1845/1996] Compiling JWTKit JWTHeader.swift
[1846/1996] Compiling JWTKit JWTHeaderField.swift
[1847/1996] Compiling JWTKit JWTKeyCollection.swift
[1848/1996] Compiling JWTKit JWTParser+MandatoryVerificationFields.swift
[1849/1996] Compiling JWTKit JWTParser.swift
[1850/1996] Compiling JWTKit JWTPayload.swift
[1851/1998] Compiling NIOHPACK IntegerCoding.swift
[1856/1999] Compiling NIOHPACK IndexedHeaderTable.swift
[1857/1999] Emitting module NIOHPACK
[1858/1999] Compiling NIOHPACK DynamicHeaderTable.swift
[1859/1999] Compiling NIOHPACK HPACKDecoder.swift
[1860/1999] Compiling NIOHPACK StaticHeaderTable.swift
[1861/1999] Compiling NIOHPACK HuffmanTables.swift
[1862/1999] Compiling NIOHPACK HuffmanCoding.swift
[1863/1999] Emitting module NIOHTTPCompression
[1864/1999] Compiling NIOHTTPCompression HTTPCompression.swift
[1865/1999] Compiling NIOHTTPCompression HTTPResponseCompressor.swift
[1866/1999] Compiling NIOHTTPCompression HTTPDecompression.swift
[1867/1999] Compiling NIOHTTPCompression HTTPRequestCompressor.swift
[1868/1999] Compiling NIOHTTPCompression HTTPDecompressor.swift
[1870/2000] Compiling JWTKit CustomizedJSONCoders.swift
[1871/2000] Compiling JWTKit Utilities.swift
[1872/2000] Compiling JWTKit AppleIdentityToken.swift
[1873/2000] Compiling JWTKit FirebaseAuthIdentityToken.swift
[1874/2000] Compiling JWTKit GoogleIdentityToken.swift
[1875/2000] Compiling JWTKit MicrosoftIdentityToken.swift
[1876/2000] Compiling JWTKit EmptyPolicy.swift
[1877/2000] Compiling JWTKit ValidationTimePayload.swift
[1878/2000] Compiling JWTKit X5CVerifier.swift
[1878/2001] Wrapping AST for NIOHTTPCompression for debugging
[1880/2001] Wrapping AST for JWTKit for debugging
[1882/2001] Compiling NIOHPACK HPACKEncoder.swift
[1883/2001] Compiling NIOHPACK HPACKErrors.swift
[1884/2001] Compiling NIOHPACK HPACKHeader.swift
[1885/2001] Compiling NIOHPACK HeaderTables.swift
[1890/2002] Wrapping AST for NIOHPACK for debugging
[1896/2065] Compiling NIOHTTP2 LocallyQuiescingState.swift
[1897/2065] Compiling NIOHTTP2 QuiescingState.swift
[1898/2065] Compiling NIOHTTP2 RemotelyQuiescingState.swift
[1899/2065] Compiling NIOHTTP2 SendAndReceiveGoawayState.swift
[1900/2065] Emitting module NIOSSL
[1901/2065] Compiling NIOHTTP2 StateMachineResult.swift
[1902/2065] Compiling NIOHTTP2 ContentLengthVerifier.swift
[1903/2065] Compiling NIOHTTP2 DOSHeuristics.swift
[1904/2065] Compiling NIOHTTP2 Error+Any.swift
[1905/2065] Compiling NIOHTTP2 SendingPushPromiseState.swift
[1906/2065] Compiling NIOHTTP2 SendingRstStreamState.swift
[1907/2065] Compiling NIOHTTP2 SendingWindowUpdateState.swift
[1908/2065] Compiling NIOHTTP2 HTTP2SettingsState.swift
[1909/2065] Compiling NIOHTTP2 HasExtendedConnectSettings.swift
[1910/2065] Compiling NIOHTTP2 ConnectionStateMachine.swift
[1911/2065] Compiling NIOHTTP2 ConnectionStreamsState.swift
[1912/2065] Compiling NIOHTTP2 MayReceiveFrames.swift
[1913/2065] Compiling NIOHTTP2 ReceivingDataState.swift
[1914/2066] Wrapping AST for NIOSSL for debugging
[1916/2066] Compiling NIOHTTP2 MaySendFrames.swift
[1917/2066] Compiling NIOHTTP2 SendingDataState.swift
[1918/2066] Compiling NIOHTTP2 SendingGoawayState.swift
[1919/2066] Compiling NIOHTTP2 SendingHeadersState.swift
[1929/2074] Compiling NIOHTTP2 ReceivingGoAwayState.swift
[1930/2074] Compiling NIOHTTP2 ReceivingHeadersState.swift
[1931/2074] Compiling NIOHTTP2 ReceivingPushPromiseState.swift
[1932/2074] Compiling NIOHTTP2 ReceivingRstStreamState.swift
[1933/2074] Compiling NIOHTTP2 ReceivingWindowUpdateState.swift
[1934/2074] Emitting module NIOHTTP2
[1935/2074] Compiling NIOHTTP2 HTTP2StreamMultiplexer.swift
[1936/2074] Compiling NIOHTTP2 HTTP2ToHTTP1Codec.swift
[1937/2074] Compiling NIOHTTP2 HTTP2UserEvents.swift
[1938/2074] Compiling NIOHTTP2 InboundEventBuffer.swift
[1939/2074] Compiling NIOHTTP2 InboundWindowManager.swift
[1940/2074] Compiling NIOHTTP2 MultiplexerAbstractChannel.swift
[1941/2074] Compiling NIOHTTP2 NIOHTTP2FrameDelegate.swift
[1942/2074] Compiling NIOHTTP2 NIOHTTP2ServerConnectionManagementHandler+StateMachine.swift
[1943/2074] Compiling NIOHTTP2 NIOHTTP2ServerConnectionManagementHandler.swift
[1944/2074] Compiling NIOHTTP2 StreamChannelFlowController.swift
[1945/2074] Compiling NIOHTTP2 StreamChannelList.swift
[1946/2074] Compiling NIOHTTP2 StreamMap.swift
[1947/2074] Compiling NIOHTTP2 StreamStateMachine.swift
[1948/2074] Compiling NIOHTTP2 Timer.swift
[1949/2074] Compiling NIOHTTP2 UnsafeTransfer.swift
[1950/2074] Compiling NIOHTTP2 WatermarkedFlowController.swift
[1951/2074] Compiling NIOHTTP2 HasFlowControlWindows.swift
[1952/2074] Compiling NIOHTTP2 HasLocalSettings.swift
[1953/2074] Compiling NIOHTTP2 HasRemoteSettings.swift
[1962/2074] Compiling NIOHTTP2 ConcurrentStreamBuffer.swift
[1963/2074] Compiling NIOHTTP2 ControlFrameBuffer.swift
[1964/2074] Compiling NIOHTTP2 OutboundFlowControlBuffer.swift
[1965/2074] Compiling NIOHTTP2 OutboundFrameBuffer.swift
[1966/2074] Compiling NIOHTTP2 GlitchesMonitor.swift
[1967/2074] Compiling NIOHTTP2 HPACKHeaders+Validation.swift
[1968/2074] Compiling NIOHTTP2 HTTP2ChannelHandler+InboundStreamMultiplexer.swift
[1969/2074] Compiling NIOHTTP2 HTTP2ChannelHandler+InlineStreamMultiplexer.swift
[1970/2074] Compiling NIOHTTP2 HTTP2ChannelHandler.swift
[1971/2074] Compiling NIOHTTP2 HTTP2CommonInboundStreamMultiplexer.swift
[1972/2074] Compiling NIOHTTP2 HTTP2ConnectionStateChange.swift
[1973/2074] Compiling NIOHTTP2 HTTP2Error.swift
[1974/2074] Compiling NIOHTTP2 HTTP2ErrorCode.swift
[1975/2074] Compiling NIOHTTP2 HTTP2FlowControlWindow.swift
[1976/2074] Compiling NIOHTTP2 HTTP2Frame.swift
[1977/2074] Compiling NIOHTTP2 HTTP2FrameEncoder.swift
[1978/2074] Compiling NIOHTTP2 HTTP2FrameParser.swift
[1979/2074] Compiling NIOHTTP2 HTTP2PingData.swift
[1980/2074] Compiling NIOHTTP2 HTTP2PipelineHelpers.swift
[1981/2074] Compiling NIOHTTP2 HTTP2Settings.swift
[1982/2074] Compiling NIOHTTP2 HTTP2Stream.swift
[1983/2074] Compiling NIOHTTP2 HTTP2StreamChannel+OutboundStreamMultiplexer.swift
[1984/2074] Compiling NIOHTTP2 HTTP2StreamChannel.swift
[1985/2074] Compiling NIOHTTP2 HTTP2StreamDelegate.swift
[1986/2074] Compiling NIOHTTP2 HTTP2StreamID.swift
[1987/2075] Wrapping AST for NIOHTTP2 for debugging
[1989/2139] Emitting module AsyncHTTPClient
[1990/2147] Compiling AsyncHTTPClient AnyAsyncSequence.swift
[1991/2147] Compiling AsyncHTTPClient AnyAsyncSequenceProucerDelete.swift
[1992/2147] Compiling AsyncHTTPClient AsyncLazySequence.swift
[1993/2147] Compiling AsyncHTTPClient HTTPClient+execute.swift
[1994/2147] Compiling AsyncHTTPClient HTTPClient+shutdown.swift
[1995/2147] Compiling AsyncHTTPClient HTTPClient+tracing.swift
[1996/2147] Compiling AsyncHTTPClient HTTPClientRequest+Prepared.swift
[1997/2147] Compiling AsyncHTTPClient HTTPClientRequest+auth.swift
[1998/2147] Compiling AsyncHTTPClient HTTPClientRequest.swift
[1999/2147] Compiling AsyncHTTPClient RequestValidation.swift
[2000/2147] Compiling AsyncHTTPClient SSLContextCache.swift
[2001/2147] Compiling AsyncHTTPClient Scheme.swift
[2002/2147] Compiling AsyncHTTPClient Singleton.swift
[2003/2147] Compiling AsyncHTTPClient StringConvertibleInstances.swift
[2004/2147] Compiling AsyncHTTPClient StructuredConcurrencyHelpers.swift
[2005/2147] Compiling AsyncHTTPClient TracingSupport.swift
[2006/2147] Compiling AsyncHTTPClient Utils.swift
[2007/2147] Compiling AsyncHTTPClient LRUCache.swift
[2008/2147] Compiling AsyncHTTPClient NIOLoopBound+Execute.swift
[2009/2147] Compiling AsyncHTTPClient NWErrorHandler.swift
[2010/2147] Compiling AsyncHTTPClient NWWaitingHandler.swift
[2011/2147] Compiling AsyncHTTPClient TLSConfiguration.swift
[2012/2147] Compiling AsyncHTTPClient RedirectState.swift
[2013/2147] Compiling AsyncHTTPClient RequestBag+StateMachine.swift
[2014/2147] Compiling AsyncHTTPClient RequestBag+Tracing.swift
[2015/2147] Compiling AsyncHTTPClient RequestBag.swift
[2016/2147] Compiling AsyncHTTPClient HTTPConnectionEvent.swift
[2017/2147] Compiling AsyncHTTPClient HTTPConnectionPool+Factory.swift
[2018/2147] Compiling AsyncHTTPClient HTTPConnectionPool+Manager.swift
[2019/2147] Compiling AsyncHTTPClient HTTPConnectionPool.swift
[2020/2147] Compiling AsyncHTTPClient HTTPExecutableRequest.swift
[2021/2147] Compiling AsyncHTTPClient HTTPRequestStateMachine+Demand.swift
[2022/2147] Compiling AsyncHTTPClient HTTPRequestStateMachine.swift
[2023/2147] Compiling AsyncHTTPClient RequestBodyLength.swift
[2024/2147] Compiling AsyncHTTPClient RequestFramingMetadata.swift
[2025/2147] Compiling AsyncHTTPClient RequestOptions.swift
[2026/2147] Compiling AsyncHTTPClient HTTPConnectionPool+Backoff.swift
[2027/2147] Compiling AsyncHTTPClient HTTPConnectionPool+HTTP1Connections.swift
[2028/2147] Compiling AsyncHTTPClient HTTPConnectionPool+HTTP1StateMachine.swift
[2029/2147] Compiling AsyncHTTPClient HTTPConnectionPool+HTTP2Connections.swift
[2030/2147] Compiling AsyncHTTPClient HTTPConnectionPool+HTTP2StateMachine.swift
[2031/2147] Compiling AsyncHTTPClient HTTPConnectionPool+RequestQueue.swift
[2032/2147] Compiling AsyncHTTPClient HTTPConnectionPool+StateMachine.swift
[2033/2147] Compiling AsyncHTTPClient ConnectionTarget.swift
[2034/2147] Compiling AsyncHTTPClient HTTP1ProxyConnectHandler.swift
[2035/2147] Compiling AsyncHTTPClient SOCKSEventsHandler.swift
[2036/2147] Compiling AsyncHTTPClient TLSEventsHandler.swift
[2037/2147] Compiling AsyncHTTPClient HTTP1ClientChannelHandler.swift
[2038/2147] Compiling AsyncHTTPClient HTTP1Connection.swift
[2039/2147] Compiling AsyncHTTPClient HTTP1ConnectionStateMachine.swift
[2040/2147] Compiling AsyncHTTPClient HTTP2ClientRequestHandler.swift
[2041/2147] Compiling AsyncHTTPClient HTTP2Connection.swift
[2042/2147] Compiling AsyncHTTPClient HTTP2IdleHandler.swift
[2043/2147] Compiling AsyncHTTPClient DeconstructedURL.swift
[2044/2147] Compiling AsyncHTTPClient FileDownloadDelegate.swift
[2045/2147] Compiling AsyncHTTPClient FoundationExtensions.swift
[2046/2147] Compiling AsyncHTTPClient HTTPClient+HTTPCookie.swift
[2047/2147] Compiling AsyncHTTPClient HTTPClient+Proxy.swift
[2048/2147] Compiling AsyncHTTPClient HTTPClient+StructuredConcurrency.swift
[2049/2147] Compiling AsyncHTTPClient HTTPClient.swift
[2050/2147] Compiling AsyncHTTPClient HTTPClientConfiguration+SwiftConfiguration.swift
[2051/2147] Compiling AsyncHTTPClient HTTPHandler.swift
[2052/2147] Compiling AsyncHTTPClient HTTPClientResponse.swift
[2053/2147] Compiling AsyncHTTPClient SingleIteratorPrecondition.swift
[2054/2147] Compiling AsyncHTTPClient Transaction+StateMachine.swift
[2055/2147] Compiling AsyncHTTPClient Transaction.swift
[2056/2147] Compiling AsyncHTTPClient Base64.swift
[2057/2147] Compiling AsyncHTTPClient BasicAuth.swift
[2058/2147] Compiling AsyncHTTPClient BestEffortHashableTLSConfiguration.swift
[2059/2147] Compiling AsyncHTTPClient Configuration+BrowserLike.swift
[2060/2147] Compiling AsyncHTTPClient ConnectionPool.swift
[2061/2148] Wrapping AST for AsyncHTTPClient for debugging
[2063/2171] Emitting module GoogleAuth
[2064/2174] Compiling GoogleAuth UserAccountData.swift
[2065/2174] Compiling GoogleAuth UserAccountTokenProvider.swift
[2066/2174] Compiling GoogleAuth UserCredentials.swift
[2067/2174] Compiling GoogleAuth AuthHTTPClient.swift
[2068/2174] Compiling GoogleAuth AuthHTTPError.swift
[2069/2174] Compiling GoogleAuth RetryEngine.swift
[2070/2174] Compiling GoogleAuth SubjectTokenProvider.swift
[2071/2174] Compiling GoogleAuth MDSAccessTokenProvider.swift
[2072/2174] Compiling GoogleAuth MDSCredentials.swift
[2073/2174] Compiling GoogleAuth ADC.swift
[2074/2174] Compiling GoogleAuth ADCPath.swift
[2075/2174] Compiling GoogleAuth ADCResolver.swift
[2076/2174] Compiling GoogleAuth AuthHeaders.swift
[2077/2174] Compiling GoogleAuth CredentialParserRegistry.swift
[2078/2174] Compiling GoogleAuth Credentials.swift
[2079/2174] Compiling GoogleAuth CredentialsError.swift
[2080/2174] Compiling GoogleAuth ServiceAccountCredentials.swift
[2081/2174] Compiling GoogleAuth ServiceAccountData.swift
[2082/2174] Compiling GoogleAuth ServiceAccountTokenProvider.swift
[2083/2174] Compiling GoogleAuth AnonymousCredentials.swift
[2084/2174] Compiling GoogleAuth ApiKeyCredentials.swift
[2085/2174] Compiling GoogleAuth ExternalAccountCredentials.swift
[2086/2174] Compiling GoogleAuth STSHandler.swift
[2087/2174] Compiling GoogleAuth TokenCache.swift
[2088/2174] Compiling GoogleAuth PackageVersion.swift
[2089/2175] Wrapping AST for GoogleAuth for debugging
[2091/2233] Compiling GoogleGax AIP194+PollingErrorPolicy.swift
[2092/2233] Compiling GoogleGax AIP194+RetryPolicy.swift
[2093/2233] Compiling GoogleGax AIP194.swift
[2094/2233] Compiling GoogleGax AdaptiveThrottler.swift
[2095/2233] Compiling GoogleGax AlwaysPoll.swift
[2096/2233] Compiling GoogleGax AlwaysRetry.swift
[2097/2233] Compiling GoogleGax ApiClientHeader.swift
[2098/2233] Compiling GoogleGax BackoffPolicy.swift
[2099/2233] Compiling GoogleGax BasePollingErrorPolicy.swift
[2100/2241] Emitting module GoogleGax
[2101/2241] Compiling GoogleGax LimitedAttemptCount+PollingErrorPolicy.swift
[2102/2241] Compiling GoogleGax LimitedAttemptCount+RetryPolicy.swift
[2103/2241] Compiling GoogleGax LimitedAttemptCount.swift
[2104/2241] Compiling GoogleGax LimitedElapsedTime+PollingErrorPolicy.swift
[2105/2241] Compiling GoogleGax LimitedElapsedTime+RetryPolicy.swift
[2106/2241] Compiling GoogleGax LimitedElapsedTime.swift
[2107/2241] Compiling GoogleGax LongRunningOperations.swift
[2108/2241] Compiling GoogleGax NeverRetry.swift
[2109/2241] Compiling GoogleGax RequestOptions.swift
[2110/2241] Compiling GoogleGax RetryLoop.swift
[2111/2241] Compiling GoogleGax RetryPolicy.swift
[2112/2241] Compiling GoogleGax RetryResult.swift
[2113/2241] Compiling GoogleGax RetryState.swift
[2114/2241] Compiling GoogleGax RetryThrottler.swift
[2115/2241] Compiling GoogleGax RetryThrottlerError.swift
[2116/2241] Compiling GoogleGax RoutingMatcher.swift
[2117/2241] Compiling GoogleGax Pagination.swift
/host/spi-builder-workspace/.build/checkouts/swift-google-gax/Sources/GoogleGax/Pagination.swift:44:22: error: cannot convert '@Sendable (String) async throws -> (response: ResponseType, items: [Item], nextToken: String)' to 'nonisolated(nonsending) @Sendable (String) async throws -> (response: ResponseType, items: [Item], nextToken: String)' because crossing of an isolation boundary requires parameter and result types to conform to 'Sendable' protocol
 42 |   ) where ResponseType: _PaginatedResponse<Item> {
 43 |     self.initialPageToken = initialPageToken ?? ""
 44 |     self.fetchPage = { token in
    |                      |- error: cannot convert '@Sendable (String) async throws -> (response: ResponseType, items: [Item], nextToken: String)' to 'nonisolated(nonsending) @Sendable (String) async throws -> (response: ResponseType, items: [Item], nextToken: String)' because crossing of an isolation boundary requires parameter and result types to conform to 'Sendable' protocol
    |                      `- note: type 'Item' does not conform to 'Sendable' protocol
 45 |       let response = try await listRpc(token)
 46 |       return (response, response._getPaginatedItems(), response._nextPageToken())
[2118/2241] Compiling GoogleGax PollingBackoffPolicy.swift
/host/spi-builder-workspace/.build/checkouts/swift-google-gax/Sources/GoogleGax/Pagination.swift:44:22: error: cannot convert '@Sendable (String) async throws -> (response: ResponseType, items: [Item], nextToken: String)' to 'nonisolated(nonsending) @Sendable (String) async throws -> (response: ResponseType, items: [Item], nextToken: String)' because crossing of an isolation boundary requires parameter and result types to conform to 'Sendable' protocol
 42 |   ) where ResponseType: _PaginatedResponse<Item> {
 43 |     self.initialPageToken = initialPageToken ?? ""
 44 |     self.fetchPage = { token in
    |                      |- error: cannot convert '@Sendable (String) async throws -> (response: ResponseType, items: [Item], nextToken: String)' to 'nonisolated(nonsending) @Sendable (String) async throws -> (response: ResponseType, items: [Item], nextToken: String)' because crossing of an isolation boundary requires parameter and result types to conform to 'Sendable' protocol
    |                      `- note: type 'Item' does not conform to 'Sendable' protocol
 45 |       let response = try await listRpc(token)
 46 |       return (response, response._getPaginatedItems(), response._nextPageToken())
[2119/2241] Compiling GoogleGax PollingErrorPolicy.swift
/host/spi-builder-workspace/.build/checkouts/swift-google-gax/Sources/GoogleGax/Pagination.swift:44:22: error: cannot convert '@Sendable (String) async throws -> (response: ResponseType, items: [Item], nextToken: String)' to 'nonisolated(nonsending) @Sendable (String) async throws -> (response: ResponseType, items: [Item], nextToken: String)' because crossing of an isolation boundary requires parameter and result types to conform to 'Sendable' protocol
 42 |   ) where ResponseType: _PaginatedResponse<Item> {
 43 |     self.initialPageToken = initialPageToken ?? ""
 44 |     self.fetchPage = { token in
    |                      |- error: cannot convert '@Sendable (String) async throws -> (response: ResponseType, items: [Item], nextToken: String)' to 'nonisolated(nonsending) @Sendable (String) async throws -> (response: ResponseType, items: [Item], nextToken: String)' because crossing of an isolation boundary requires parameter and result types to conform to 'Sendable' protocol
    |                      `- note: type 'Item' does not conform to 'Sendable' protocol
 45 |       let response = try await listRpc(token)
 46 |       return (response, response._getPaginatedItems(), response._nextPageToken())
[2120/2241] Compiling GoogleGax PollingResult.swift
/host/spi-builder-workspace/.build/checkouts/swift-google-gax/Sources/GoogleGax/Pagination.swift:44:22: error: cannot convert '@Sendable (String) async throws -> (response: ResponseType, items: [Item], nextToken: String)' to 'nonisolated(nonsending) @Sendable (String) async throws -> (response: ResponseType, items: [Item], nextToken: String)' because crossing of an isolation boundary requires parameter and result types to conform to 'Sendable' protocol
 42 |   ) where ResponseType: _PaginatedResponse<Item> {
 43 |     self.initialPageToken = initialPageToken ?? ""
 44 |     self.fetchPage = { token in
    |                      |- error: cannot convert '@Sendable (String) async throws -> (response: ResponseType, items: [Item], nextToken: String)' to 'nonisolated(nonsending) @Sendable (String) async throws -> (response: ResponseType, items: [Item], nextToken: String)' because crossing of an isolation boundary requires parameter and result types to conform to 'Sendable' protocol
    |                      `- note: type 'Item' does not conform to 'Sendable' protocol
 45 |       let response = try await listRpc(token)
 46 |       return (response, response._getPaginatedItems(), response._nextPageToken())
[2121/2241] Compiling GoogleGax PollingState.swift
/host/spi-builder-workspace/.build/checkouts/swift-google-gax/Sources/GoogleGax/Pagination.swift:44:22: error: cannot convert '@Sendable (String) async throws -> (response: ResponseType, items: [Item], nextToken: String)' to 'nonisolated(nonsending) @Sendable (String) async throws -> (response: ResponseType, items: [Item], nextToken: String)' because crossing of an isolation boundary requires parameter and result types to conform to 'Sendable' protocol
 42 |   ) where ResponseType: _PaginatedResponse<Item> {
 43 |     self.initialPageToken = initialPageToken ?? ""
 44 |     self.fetchPage = { token in
    |                      |- error: cannot convert '@Sendable (String) async throws -> (response: ResponseType, items: [Item], nextToken: String)' to 'nonisolated(nonsending) @Sendable (String) async throws -> (response: ResponseType, items: [Item], nextToken: String)' because crossing of an isolation boundary requires parameter and result types to conform to 'Sendable' protocol
    |                      `- note: type 'Item' does not conform to 'Sendable' protocol
 45 |       let response = try await listRpc(token)
 46 |       return (response, response._getPaginatedItems(), response._nextPageToken())
[2122/2241] Compiling GoogleGax ProtobufConversionError.swift
/host/spi-builder-workspace/.build/checkouts/swift-google-gax/Sources/GoogleGax/Pagination.swift:44:22: error: cannot convert '@Sendable (String) async throws -> (response: ResponseType, items: [Item], nextToken: String)' to 'nonisolated(nonsending) @Sendable (String) async throws -> (response: ResponseType, items: [Item], nextToken: String)' because crossing of an isolation boundary requires parameter and result types to conform to 'Sendable' protocol
 42 |   ) where ResponseType: _PaginatedResponse<Item> {
 43 |     self.initialPageToken = initialPageToken ?? ""
 44 |     self.fetchPage = { token in
    |                      |- error: cannot convert '@Sendable (String) async throws -> (response: ResponseType, items: [Item], nextToken: String)' to 'nonisolated(nonsending) @Sendable (String) async throws -> (response: ResponseType, items: [Item], nextToken: String)' because crossing of an isolation boundary requires parameter and result types to conform to 'Sendable' protocol
    |                      `- note: type 'Item' does not conform to 'Sendable' protocol
 45 |       let response = try await listRpc(token)
 46 |       return (response, response._getPaginatedItems(), response._nextPageToken())
[2123/2241] Compiling GoogleGax QueryParameter.swift
/host/spi-builder-workspace/.build/checkouts/swift-google-gax/Sources/GoogleGax/Pagination.swift:44:22: error: cannot convert '@Sendable (String) async throws -> (response: ResponseType, items: [Item], nextToken: String)' to 'nonisolated(nonsending) @Sendable (String) async throws -> (response: ResponseType, items: [Item], nextToken: String)' because crossing of an isolation boundary requires parameter and result types to conform to 'Sendable' protocol
 42 |   ) where ResponseType: _PaginatedResponse<Item> {
 43 |     self.initialPageToken = initialPageToken ?? ""
 44 |     self.fetchPage = { token in
    |                      |- error: cannot convert '@Sendable (String) async throws -> (response: ResponseType, items: [Item], nextToken: String)' to 'nonisolated(nonsending) @Sendable (String) async throws -> (response: ResponseType, items: [Item], nextToken: String)' because crossing of an isolation boundary requires parameter and result types to conform to 'Sendable' protocol
    |                      `- note: type 'Item' does not conform to 'Sendable' protocol
 45 |       let response = try await listRpc(token)
 46 |       return (response, response._getPaginatedItems(), response._nextPageToken())
[2124/2241] Compiling GoogleGax RequestError.swift
/host/spi-builder-workspace/.build/checkouts/swift-google-gax/Sources/GoogleGax/Pagination.swift:44:22: error: cannot convert '@Sendable (String) async throws -> (response: ResponseType, items: [Item], nextToken: String)' to 'nonisolated(nonsending) @Sendable (String) async throws -> (response: ResponseType, items: [Item], nextToken: String)' because crossing of an isolation boundary requires parameter and result types to conform to 'Sendable' protocol
 42 |   ) where ResponseType: _PaginatedResponse<Item> {
 43 |     self.initialPageToken = initialPageToken ?? ""
 44 |     self.fetchPage = { token in
    |                      |- error: cannot convert '@Sendable (String) async throws -> (response: ResponseType, items: [Item], nextToken: String)' to 'nonisolated(nonsending) @Sendable (String) async throws -> (response: ResponseType, items: [Item], nextToken: String)' because crossing of an isolation boundary requires parameter and result types to conform to 'Sendable' protocol
    |                      `- note: type 'Item' does not conform to 'Sendable' protocol
 45 |       let response = try await listRpc(token)
 46 |       return (response, response._getPaginatedItems(), response._nextPageToken())
[2125/2241] Compiling GoogleGax BaseRetryPolicy.swift
[2126/2241] Compiling GoogleGax BindingError.swift
[2127/2241] Compiling GoogleGax CRC32C.swift
[2128/2241] Compiling GoogleGax CircuitBreaker.swift
[2129/2241] Compiling GoogleGax ClientError.swift
[2130/2241] Compiling GoogleGax ClientOptions.swift
[2131/2241] Compiling GoogleGax ContinueOnIO+PollingErrorPolicy.swift
[2132/2241] Compiling GoogleGax ContinueOnIO+RetryPolicy.swift
[2133/2241] Compiling GoogleGax HTTPClientProtocol.swift
[2134/2241] Compiling GoogleGax HTTPClientRequest.swift
[2135/2241] Compiling GoogleGax HTTPClientResponse.swift
[2136/2241] Compiling GoogleGax HTTPHeaders.swift
[2137/2241] Compiling GoogleGax HTTPResponseBody.swift
[2138/2241] Compiling GoogleGax HeaderNames.swift
[2139/2241] Compiling GoogleGax Host.swift
[2140/2241] Compiling GoogleGax InProgressResult.swift
[2141/2241] Compiling GoogleGax ContinueOnIO.swift
[2142/2241] Compiling GoogleGax CredentialsProtocol.swift
[2143/2241] Compiling GoogleGax ErrorWrapper.swift
[2144/2241] Compiling GoogleGax ExponentialBackoff+BackoffPolicy.swift
[2145/2241] Compiling GoogleGax ExponentialBackoff+PollingBackoffPolicy.swift
[2146/2241] Compiling GoogleGax ExponentialBackoff.swift
[2147/2241] Compiling GoogleGax HTTPClient.swift
[2148/2241] Compiling GoogleGax HTTPClientHolder.swift
[2149/2241] Compiling GoogleGax ServiceError.swift
[2150/2241] Compiling GoogleGax StatusDetail.swift
[2151/2241] Compiling GoogleGax StrictIdempotency.swift
[2152/2241] Compiling GoogleGax ThrottleResult.swift
[2153/2241] Compiling GoogleGax TooManyRequests+PollingErrorPolicy.swift
[2154/2241] Compiling GoogleGax TooManyRequests+RetryPolicy.swift
[2155/2241] Compiling GoogleGax TooManyRequests.swift
[2156/2241] Compiling GoogleGax PackageVersion.swift
BUILD FAILURE 6.2 android