Build Information
Failed to build GoogleInteractiveMediaAds, reference main (d98883), with Swift 6.3 for watchOS using Xcode 26.4 on 28 Aug 2026 03:34:44 UTC.
Build Command
env DEVELOPER_DIR=/Applications/Xcode-26.5.0.app xcrun xcodebuild -IDEClonedSourcePackagesDirPathOverride=$PWD/.dependencies -skipMacroValidation -skipPackagePluginValidation -derivedDataPath $PWD/.derivedData build -scheme GoogleInteractiveMediaAds -destination generic/platform=watchOSBuild Log
========================================
RunAll
========================================
Builder version: 5.0.2
Interrupt handler set up.
========================================
Checkout
========================================
Clone URL: https://github.com/googleads/swift-package-manager-google-interactive-media-ads-ios.git
Reference: main
Initialized empty Git repository in /Users/admin/builder/spi-builder-workspace/.git/
From https://github.com/googleads/swift-package-manager-google-interactive-media-ads-ios
* branch main -> FETCH_HEAD
* [new branch] main -> origin/main
HEAD is now at d988839 Merge pull request #17 from googleads/update
Cloned https://github.com/googleads/swift-package-manager-google-interactive-media-ads-ios.git
Revision (git rev-parse @):
d988839daa3f52912907611219fd0509c9553c49
SUCCESS checkout https://github.com/googleads/swift-package-manager-google-interactive-media-ads-ios.git at main
========================================
Build
========================================
Selected platform: watchOS
Swift version: 6.3
Building package at path: $PWD
https://github.com/googleads/swift-package-manager-google-interactive-media-ads-ios.git
Command line invocation:
/Applications/Xcode-26.5.0.app/Contents/Developer/usr/bin/xcodebuild -IDEClonedSourcePackagesDirPathOverride=/Users/admin/builder/spi-builder-workspace/.dependencies -resolvePackageDependencies
Resolve Package Graph
Resolve Package Graph
Resolved source packages:
GoogleInteractiveMediaAds: /Users/admin/builder/spi-builder-workspace
resolved source packages: GoogleInteractiveMediaAds
2026-08-27 23:34:31.607 xcodebuild[537:3108] [MT] IDERunDestination: Supported platforms for the buildables in the current scheme is empty.
{
"dependencies" : [
],
"manifest_display_name" : "GoogleInteractiveMediaAds",
"name" : "GoogleInteractiveMediaAds",
"path" : "/Users/admin/builder/spi-builder-workspace",
"platforms" : [
{
"name" : "ios",
"version" : "15.0"
}
],
"products" : [
{
"name" : "GoogleInteractiveMediaAds",
"targets" : [
"GoogleInteractiveMediaAds"
],
"type" : {
"library" : [
"automatic"
]
}
}
],
"targets" : [
{
"c99name" : "GoogleInteractiveMediaAds",
"module_type" : "BinaryTarget",
"name" : "GoogleInteractiveMediaAds",
"path" : "remote/archive/GoogleInteractiveMediaAds-ios-v3.33.0.zip",
"product_memberships" : [
"GoogleInteractiveMediaAds"
],
"sources" : [
],
"type" : "binary"
}
],
"tools_version" : "5.5"
}
{
"workspace" : {
"name" : "spi-builder-workspace",
"schemes" : [
"GoogleInteractiveMediaAds"
]
}
}
2026-08-27 23:34:39.461 xcodebuild[666:3967] [MT] IDERunDestination: Supported platforms for the buildables in the current scheme is empty.
Running build ...
env DEVELOPER_DIR=/Applications/Xcode-26.5.0.app xcrun xcodebuild -IDEClonedSourcePackagesDirPathOverride=$PWD/.dependencies -skipMacroValidation -skipPackagePluginValidation -derivedDataPath $PWD/.derivedData build -scheme GoogleInteractiveMediaAds -destination generic/platform=watchOS
Command line invocation:
/Applications/Xcode-26.5.0.app/Contents/Developer/usr/bin/xcodebuild -IDEClonedSourcePackagesDirPathOverride=/Users/admin/builder/spi-builder-workspace/.dependencies -skipMacroValidation -skipPackagePluginValidation -derivedDataPath /Users/admin/builder/spi-builder-workspace/.derivedData build -scheme GoogleInteractiveMediaAds -destination generic/platform=watchOS
Resolve Package Graph
Resolved source packages:
GoogleInteractiveMediaAds: /Users/admin/builder/spi-builder-workspace
ComputePackagePrebuildTargetDependencyGraph
Prepare packages
CreateBuildRequest
SendProjectDescription
CreateBuildOperation
ComputeTargetDependencyGraph
note: Building targets in dependency order
note: Target dependency graph (1 target)
Target 'GoogleInteractiveMediaAds' in project 'GoogleInteractiveMediaAds' (no dependencies)
GatherProvisioningInputs
CreateBuildDescription
ExecuteExternalTool /Applications/Xcode-26.5.0.app/Contents/Developer/Toolchains/XcodeDefault.xctoolchain/usr/bin/clang -v -E -dM -isysroot /Applications/Xcode-26.5.0.app/Contents/Developer/Platforms/WatchOS.platform/Developer/SDKs/WatchOS26.5.sdk -x c -c /dev/null
Build description signature: 6d6f13ba92a5fd01492c89cf994219ff
Build description path: /Users/admin/builder/spi-builder-workspace/.derivedData/Build/Intermediates.noindex/XCBuildData/6d6f13ba92a5fd01492c89cf994219ff.xcbuilddata
/Users/admin/builder/spi-builder-workspace/.dependencies/artifacts/spi-builder-workspace/GoogleInteractiveMediaAds/GoogleInteractiveMediaAds.xcframework:1:1: error: While building for watchOS, no library for this platform was found in '/Users/admin/builder/spi-builder-workspace/.dependencies/artifacts/spi-builder-workspace/GoogleInteractiveMediaAds/GoogleInteractiveMediaAds.xcframework'. (in target 'GoogleInteractiveMediaAds' from project 'GoogleInteractiveMediaAds')
2026-08-27 23:34:40.836 xcodebuild[673:4031] [MT] IDERunDestination: Supported platforms for the buildables in the current scheme is empty.
** BUILD FAILED **
The following build commands failed:
Building workspace spi-builder-workspace with scheme GoogleInteractiveMediaAds
(1 failure)
Command line invocation:
/Applications/Xcode-26.5.0.app/Contents/Developer/usr/bin/xcodebuild -IDEClonedSourcePackagesDirPathOverride=/Users/admin/builder/spi-builder-workspace/.dependencies -resolvePackageDependencies
Resolve Package Graph
Resolved source packages:
GoogleInteractiveMediaAds: /Users/admin/builder/spi-builder-workspace
resolved source packages: GoogleInteractiveMediaAds
2026-08-27 23:34:42.499 xcodebuild[687:4130] [MT] IDERunDestination: Supported platforms for the buildables in the current scheme is empty.
{
"dependencies" : [
],
"manifest_display_name" : "GoogleInteractiveMediaAds",
"name" : "GoogleInteractiveMediaAds",
"path" : "/Users/admin/builder/spi-builder-workspace",
"platforms" : [
{
"name" : "ios",
"version" : "15.0"
}
],
"products" : [
{
"name" : "GoogleInteractiveMediaAds",
"targets" : [
"GoogleInteractiveMediaAds"
],
"type" : {
"library" : [
"automatic"
]
}
}
],
"targets" : [
{
"c99name" : "GoogleInteractiveMediaAds",
"module_type" : "BinaryTarget",
"name" : "GoogleInteractiveMediaAds",
"path" : "remote/archive/GoogleInteractiveMediaAds-ios-v3.33.0.zip",
"product_memberships" : [
"GoogleInteractiveMediaAds"
],
"sources" : [
],
"type" : "binary"
}
],
"tools_version" : "5.5"
}
{
"workspace" : {
"name" : "spi-builder-workspace",
"schemes" : [
"GoogleInteractiveMediaAds"
]
}
}
2026-08-27 23:34:43.549 xcodebuild[697:4198] [MT] IDERunDestination: Supported platforms for the buildables in the current scheme is empty.
Running build ...
env DEVELOPER_DIR=/Applications/Xcode-26.5.0.app xcrun xcodebuild -IDEClonedSourcePackagesDirPathOverride=$PWD/.dependencies -skipMacroValidation -skipPackagePluginValidation -derivedDataPath $PWD/.derivedData build -scheme GoogleInteractiveMediaAds -destination generic/platform=watchOS
Command line invocation:
/Applications/Xcode-26.5.0.app/Contents/Developer/usr/bin/xcodebuild -IDEClonedSourcePackagesDirPathOverride=/Users/admin/builder/spi-builder-workspace/.dependencies -skipMacroValidation -skipPackagePluginValidation -derivedDataPath /Users/admin/builder/spi-builder-workspace/.derivedData build -scheme GoogleInteractiveMediaAds -destination generic/platform=watchOS
Resolve Package Graph
Resolved source packages:
GoogleInteractiveMediaAds: /Users/admin/builder/spi-builder-workspace
ComputePackagePrebuildTargetDependencyGraph
Prepare packages
CreateBuildRequest
SendProjectDescription
CreateBuildOperation
ComputeTargetDependencyGraph
note: Building targets in dependency order
note: Target dependency graph (1 target)
Target 'GoogleInteractiveMediaAds' in project 'GoogleInteractiveMediaAds' (no dependencies)
GatherProvisioningInputs
CreateBuildDescription
ExecuteExternalTool /Applications/Xcode-26.5.0.app/Contents/Developer/Toolchains/XcodeDefault.xctoolchain/usr/bin/clang -v -E -dM -isysroot /Applications/Xcode-26.5.0.app/Contents/Developer/Platforms/WatchOS.platform/Developer/SDKs/WatchOS26.5.sdk -x c -c /dev/null
Build description signature: 6d6f13ba92a5fd01492c89cf994219ff
Build description path: /Users/admin/builder/spi-builder-workspace/.derivedData/Build/Intermediates.noindex/XCBuildData/6d6f13ba92a5fd01492c89cf994219ff.xcbuilddata
/Users/admin/builder/spi-builder-workspace/.dependencies/artifacts/spi-builder-workspace/GoogleInteractiveMediaAds/GoogleInteractiveMediaAds.xcframework:1:1: error: While building for watchOS, no library for this platform was found in '/Users/admin/builder/spi-builder-workspace/.dependencies/artifacts/spi-builder-workspace/GoogleInteractiveMediaAds/GoogleInteractiveMediaAds.xcframework'. (in target 'GoogleInteractiveMediaAds' from project 'GoogleInteractiveMediaAds')
2026-08-27 23:34:44.347 xcodebuild[700:4231] [MT] IDERunDestination: Supported platforms for the buildables in the current scheme is empty.
** BUILD FAILED **
The following build commands failed:
Building workspace spi-builder-workspace with scheme GoogleInteractiveMediaAds
(1 failure)
BUILD FAILURE 6.3 watchOS