The Swift Package Index logo.Swift Package Index

Build Information

Failed to build Agentation, reference main (c020db), with Swift 6.4 for watchOS using Xcode 27.0 on 30 Oct 2026 03:51:44 UTC.

Build Command

env DEVELOPER_DIR=/Applications/Xcode-27.0.0.app xcrun xcodebuild -IDEClonedSourcePackagesDirPathOverride=$PWD/.dependencies -skipMacroValidation -skipPackagePluginValidation -derivedDataPath $PWD/.derivedData build -scheme Agentation -destination generic/platform=watchOS

Build Log

SwiftExplicitDependencyGeneratePcm arm64_32 /Users/admin/builder/spi-builder-workspace/.derivedData/SDKExplicitPrecompiledModules/_Builtin_limits-C136SD3CEQ3KB0CFUK32YJB19.pcm
SwiftExplicitDependencyGeneratePcm arm64_32 /Users/admin/builder/spi-builder-workspace/.derivedData/SDKExplicitPrecompiledModules/_DarwinFoundation2-44ZJFO85HR0BJ749M999B8LPA.pcm
SwiftExplicitDependencyGeneratePcm arm64 /Users/admin/builder/spi-builder-workspace/.derivedData/SDKExplicitPrecompiledModules/_DarwinFoundation1-C5AXMEYDFVMWI0AXBXZS13K0J.pcm
SwiftExplicitDependencyGeneratePcm arm64_32 /Users/admin/builder/spi-builder-workspace/.derivedData/SDKExplicitPrecompiledModules/string_h-5JIQF7F6QR5PADS6CIIQIXRFW.pcm
SwiftExplicitDependencyGeneratePcm arm64_32 /Users/admin/builder/spi-builder-workspace/.derivedData/SDKExplicitPrecompiledModules/_Builtin_stdint-2Z10U0EB6591SMUSD1HCK6PI.pcm
SwiftExplicitDependencyGeneratePcm arm64_32 /Users/admin/builder/spi-builder-workspace/.derivedData/SDKExplicitPrecompiledModules/sys_types-C3M5EX2O95KRM34PBYN44HPBI.pcm
SwiftExplicitDependencyGeneratePcm arm64_32 /Users/admin/builder/spi-builder-workspace/.derivedData/SDKExplicitPrecompiledModules/_Builtin_tgmath-9EIX6C0B946AJ5BO3J3W0E8YL.pcm
SwiftExplicitDependencyGeneratePcm arm64 /Users/admin/builder/spi-builder-workspace/.derivedData/SDKExplicitPrecompiledModules/_DarwinFoundation2-NYVMEQYGHBE0ZIL3ZJZSOEY1.pcm
SwiftExplicitDependencyGeneratePcm arm64 /Users/admin/builder/spi-builder-workspace/.derivedData/SDKExplicitPrecompiledModules/_Builtin_limits-D5KOXTTAIGWXE3DL0Q1NI089X.pcm
SwiftExplicitDependencyGeneratePcm arm64_32 /Users/admin/builder/spi-builder-workspace/.derivedData/SDKExplicitPrecompiledModules/_DarwinFoundation3-F4AQTMWJJP4FVAZ08SHRNZXAM.pcm
SwiftExplicitDependencyGeneratePcm arm64_32 /Users/admin/builder/spi-builder-workspace/.derivedData/SDKExplicitPrecompiledModules/_Builtin_intrinsics-959O5MVSMXRGS5ARHGPSM2J7C.pcm
SwiftExplicitDependencyGeneratePcm arm64_32 /Users/admin/builder/spi-builder-workspace/.derivedData/SDKExplicitPrecompiledModules/_Builtin_stdatomic-70890TXYRZ5DZ1JPU2XCV4YSX.pcm
SwiftExplicitDependencyGeneratePcm arm64 /Users/admin/builder/spi-builder-workspace/.derivedData/SDKExplicitPrecompiledModules/_Builtin_tgmath-1OJ1CVZRD1MGSKTENEG2SEKB2.pcm
SwiftExplicitDependencyGeneratePcm arm64 /Users/admin/builder/spi-builder-workspace/.derivedData/SDKExplicitPrecompiledModules/_Builtin_stdint-74NMYF5YUKK9X44SQHE76VBIQ.pcm
SwiftExplicitDependencyGeneratePcm arm64 /Users/admin/builder/spi-builder-workspace/.derivedData/SDKExplicitPrecompiledModules/string_h-4CSQOUX7AGTYYYGKC8M276OI9.pcm
SwiftExplicitDependencyGeneratePcm arm64 /Users/admin/builder/spi-builder-workspace/.derivedData/SDKExplicitPrecompiledModules/sys_types-ASTFSZ1DRYRY331XT4Z9KV73D.pcm
SwiftExplicitDependencyGeneratePcm arm64_32 /Users/admin/builder/spi-builder-workspace/.derivedData/SDKExplicitPrecompiledModules/_Builtin_inttypes-BMQHYJQS69SCBJY3RFS64DBTV.pcm
SwiftExplicitDependencyGeneratePcm arm64 /Users/admin/builder/spi-builder-workspace/.derivedData/SDKExplicitPrecompiledModules/_Builtin_stdatomic-DFKZ8ZOUW5YM8P1GLT1U424GY.pcm
SwiftExplicitDependencyGeneratePcm arm64 /Users/admin/builder/spi-builder-workspace/.derivedData/SDKExplicitPrecompiledModules/_DarwinFoundation3-ANTW1ITQ0J9JQTH8BRFBZWI1Q.pcm
SwiftExplicitDependencyGeneratePcm arm64 /Users/admin/builder/spi-builder-workspace/.derivedData/SDKExplicitPrecompiledModules/_Builtin_intrinsics-AQBT3I3HZ6WQLHM0XJXAYR4R2.pcm
SwiftExplicitDependencyGeneratePcm arm64_32 /Users/admin/builder/spi-builder-workspace/.derivedData/SDKExplicitPrecompiledModules/Darwin-7UEVD02CQP1PVIKBVFQ49O3SD.pcm
SwiftExplicitDependencyGeneratePcm arm64 /Users/admin/builder/spi-builder-workspace/.derivedData/SDKExplicitPrecompiledModules/_Builtin_inttypes-6I92U55H5N26FLV9VYV8R3I6O.pcm
SwiftExplicitDependencyGeneratePcm arm64_32 /Users/admin/builder/spi-builder-workspace/.derivedData/SDKExplicitPrecompiledModules/simd-AF64M5Z1H71R1EGNAU05UY87.pcm
SwiftExplicitDependencyGeneratePcm arm64 /Users/admin/builder/spi-builder-workspace/.derivedData/SDKExplicitPrecompiledModules/Darwin-98ESD9QN5COC9NNCABFONVFP8.pcm
SwiftExplicitDependencyGeneratePcm arm64 /Users/admin/builder/spi-builder-workspace/.derivedData/SDKExplicitPrecompiledModules/simd-528GTDMDKZMZXSDX30KY5IDV3.pcm
SwiftExplicitDependencyGeneratePcm arm64_32 /Users/admin/builder/spi-builder-workspace/.derivedData/SDKExplicitPrecompiledModules/MachO-ACR45N7ZFEL35O7PB2TVKQT6F.pcm
SwiftExplicitDependencyGeneratePcm arm64_32 /Users/admin/builder/spi-builder-workspace/.derivedData/SDKExplicitPrecompiledModules/ObjectiveC-AJI1K6ZMESMAXDSQ8OKHJ72H7.pcm
SwiftExplicitDependencyGeneratePcm arm64_32 /Users/admin/builder/spi-builder-workspace/.derivedData/SDKExplicitPrecompiledModules/os_object-5TY9JM8WCIDWZD1H148JEBV2F.pcm
SwiftExplicitDependencyGeneratePcm arm64 /Users/admin/builder/spi-builder-workspace/.derivedData/SDKExplicitPrecompiledModules/ObjectiveC-DV0JE3OUNWO3O3UE1N347RY55.pcm
SwiftExplicitDependencyGeneratePcm arm64 /Users/admin/builder/spi-builder-workspace/.derivedData/SDKExplicitPrecompiledModules/MachO-15FQ9M0VC0V1FL7TPT2R7Q0R4.pcm
SwiftExplicitDependencyGeneratePcm arm64_32 /Users/admin/builder/spi-builder-workspace/.derivedData/SDKExplicitPrecompiledModules/os_workgroup-LKX7LZYC1IUZO27QQLWUANJE.pcm
SwiftExplicitDependencyGeneratePcm arm64 /Users/admin/builder/spi-builder-workspace/.derivedData/SDKExplicitPrecompiledModules/os_object-1JFESJBLQUD4RS3VL4N1KYEDU.pcm
SwiftExplicitDependencyGeneratePcm arm64_32 /Users/admin/builder/spi-builder-workspace/.derivedData/SDKExplicitPrecompiledModules/Spatial-8KUW3XOM48SC4KMH7TC7PGQBL.pcm
SwiftExplicitDependencyGeneratePcm arm64_32 /Users/admin/builder/spi-builder-workspace/.derivedData/SDKExplicitPrecompiledModules/Dispatch-7K60THHWK3C851QMSWUUEEC2Q.pcm
SwiftExplicitDependencyGeneratePcm arm64 /Users/admin/builder/spi-builder-workspace/.derivedData/SDKExplicitPrecompiledModules/os_workgroup-65XNBX18CBCXC0KTSN0M6UNVT.pcm
SwiftExplicitDependencyGeneratePcm arm64_32 /Users/admin/builder/spi-builder-workspace/.derivedData/SDKExplicitPrecompiledModules/CoreFoundation-89G5WX03B78NXYKER48PGSMVI.pcm
SwiftExplicitDependencyGeneratePcm arm64_32 /Users/admin/builder/spi-builder-workspace/.derivedData/SDKExplicitPrecompiledModules/XPC-CZIZYD8A7DCOUWGZRQ4DKZKSL.pcm
SwiftExplicitDependencyGeneratePcm arm64 /Users/admin/builder/spi-builder-workspace/.derivedData/SDKExplicitPrecompiledModules/Spatial-9MID3YIH729B1WBR3BU8WEG1D.pcm
SwiftExplicitDependencyGeneratePcm arm64 /Users/admin/builder/spi-builder-workspace/.derivedData/SDKExplicitPrecompiledModules/Dispatch-6D65D6EIW4AHX08JGF4J74MV9.pcm
SwiftExplicitDependencyGeneratePcm arm64_32 /Users/admin/builder/spi-builder-workspace/.derivedData/SDKExplicitPrecompiledModules/os-3K8UZAZIRDUH91EOFIWCRRSEM.pcm
SwiftExplicitDependencyGeneratePcm arm64 /Users/admin/builder/spi-builder-workspace/.derivedData/SDKExplicitPrecompiledModules/CoreFoundation-8MLEPC68IRDBIK6YTJL7DNZH.pcm
SwiftExplicitDependencyGeneratePcm arm64 /Users/admin/builder/spi-builder-workspace/.derivedData/SDKExplicitPrecompiledModules/XPC-46U120GB61ZMOBIJJ669AYIXF.pcm
SwiftExplicitDependencyGeneratePcm arm64_32 /Users/admin/builder/spi-builder-workspace/.derivedData/SDKExplicitPrecompiledModules/Security-C9W0029I4749M0FMG9UVPZUKU.pcm
SwiftExplicitDependencyGeneratePcm arm64_32 /Users/admin/builder/spi-builder-workspace/.derivedData/SDKExplicitPrecompiledModules/CoreGraphics-46XFDT15OA1UMAVA4P068AUXB.pcm
SwiftExplicitDependencyGeneratePcm arm64_32 /Users/admin/builder/spi-builder-workspace/.derivedData/SDKExplicitPrecompiledModules/CoreAudioTypes-EH46BW0N9TQAFAM658KAXI2HK.pcm
SwiftExplicitDependencyGeneratePcm arm64 /Users/admin/builder/spi-builder-workspace/.derivedData/SDKExplicitPrecompiledModules/os-2GDYECRIKV7Q8I9SYTO8ZHGYP.pcm
SwiftExplicitDependencyGeneratePcm arm64_32 /Users/admin/builder/spi-builder-workspace/.derivedData/SDKExplicitPrecompiledModules/CoreAudio-1D85LQBU32G9DAVFVJDRIIKVU.pcm
SwiftExplicitDependencyGeneratePcm arm64 /Users/admin/builder/spi-builder-workspace/.derivedData/SDKExplicitPrecompiledModules/CoreGraphics-5PBZKZGKBP8I3OSEUDR963CHA.pcm
SwiftExplicitDependencyGeneratePcm arm64 /Users/admin/builder/spi-builder-workspace/.derivedData/SDKExplicitPrecompiledModules/Security-B8EWSEMP4Z3IE155A3ILBKM2V.pcm
SwiftExplicitDependencyGeneratePcm arm64 /Users/admin/builder/spi-builder-workspace/.derivedData/SDKExplicitPrecompiledModules/CoreAudioTypes-6S9P9W0OZSKT9SWE5WTT2ZKG7.pcm
SwiftExplicitDependencyGeneratePcm arm64_32 /Users/admin/builder/spi-builder-workspace/.derivedData/SDKExplicitPrecompiledModules/Foundation-63KC4JQT5I8XAZ72WSG0A8C35.pcm
SwiftExplicitDependencyGeneratePcm arm64_32 /Users/admin/builder/spi-builder-workspace/.derivedData/SDKExplicitPrecompiledModules/CoreVideo-982R0MIIT4QZ7CNNYJRWDCVJZ.pcm
SwiftExplicitDependencyGeneratePcm arm64_32 /Users/admin/builder/spi-builder-workspace/.derivedData/SDKExplicitPrecompiledModules/CoreText-9SR0QSHMJLFSEX1SQHTJKGSL5.pcm
SwiftExplicitDependencyGeneratePcm arm64 /Users/admin/builder/spi-builder-workspace/.derivedData/SDKExplicitPrecompiledModules/CoreAudio-AG4UGUIQ2S3L92SD9AJ5MTPM6.pcm
SwiftExplicitDependencyGeneratePcm arm64_32 /Users/admin/builder/spi-builder-workspace/.derivedData/SDKExplicitPrecompiledModules/CoreMedia-DIRRX6DLEO5M2R4N3ZWIHNQD4.pcm
SwiftExplicitDependencyGeneratePcm arm64 /Users/admin/builder/spi-builder-workspace/.derivedData/SDKExplicitPrecompiledModules/Foundation-93OAIR4R5IDN1SU1A5KNY63PA.pcm
SwiftExplicitDependencyGeneratePcm arm64 /Users/admin/builder/spi-builder-workspace/.derivedData/SDKExplicitPrecompiledModules/CoreText-C2OMK34E5UWXOOMMXM462Q23U.pcm
SwiftExplicitDependencyGeneratePcm arm64 /Users/admin/builder/spi-builder-workspace/.derivedData/SDKExplicitPrecompiledModules/CoreVideo-44ANF38Y9COF9WNQ4Z4TVH3HT.pcm
SwiftExplicitDependencyGeneratePcm arm64 /Users/admin/builder/spi-builder-workspace/.derivedData/SDKExplicitPrecompiledModules/CoreMedia-67TS8991WTJ4DNEII1DNQ0M3U.pcm
SwiftExplicitDependencyGeneratePcm arm64_32 /Users/admin/builder/spi-builder-workspace/.derivedData/SDKExplicitPrecompiledModules/QuartzCore-B38JYPKZ9JJSZZH09PD93UYGH.pcm
SwiftExplicitDependencyGeneratePcm arm64_32 /Users/admin/builder/spi-builder-workspace/.derivedData/SDKExplicitPrecompiledModules/Accessibility-DIBKN45VPPKZ23QP6RIRRS0J.pcm
SwiftExplicitDependencyGeneratePcm arm64_32 /Users/admin/builder/spi-builder-workspace/.derivedData/SDKExplicitPrecompiledModules/CoreTransferable-1U3A73F7D5AKXVOWIDJ9BE6E5.pcm
SwiftExplicitDependencyGeneratePcm arm64_32 /Users/admin/builder/spi-builder-workspace/.derivedData/SDKExplicitPrecompiledModules/DataDetection-2T8L1HB9S7KDCI3ZEAASNGW3.pcm
SwiftExplicitDependencyGeneratePcm arm64_32 /Users/admin/builder/spi-builder-workspace/.derivedData/SDKExplicitPrecompiledModules/OSLog-9Y6C28FUSEHZ0VUUKF2HBOUOC.pcm
SwiftExplicitDependencyGeneratePcm arm64_32 /Users/admin/builder/spi-builder-workspace/.derivedData/SDKExplicitPrecompiledModules/UserNotifications-1PEWVA01YZLKTDUKQR5CHG2WA.pcm
SwiftExplicitDependencyGeneratePcm arm64_32 /Users/admin/builder/spi-builder-workspace/.derivedData/SDKExplicitPrecompiledModules/UIUtilities-CGRQYRG51XDGM33ZVEWF0FZ35.pcm
SwiftExplicitDependencyGeneratePcm arm64_32 /Users/admin/builder/spi-builder-workspace/.derivedData/SDKExplicitPrecompiledModules/Symbols-2ENRG72YSQC7AWU0CD2G85VCR.pcm
SwiftExplicitDependencyGeneratePcm arm64_32 /Users/admin/builder/spi-builder-workspace/.derivedData/SDKExplicitPrecompiledModules/_LocationEssentials-BCQ50OBW7GBDX1MPTAFKD09AZ.pcm
SwiftExplicitDependencyGeneratePcm arm64_32 /Users/admin/builder/spi-builder-workspace/.derivedData/SDKExplicitPrecompiledModules/CoreData-6Y9HVIU7TWJCVTQD1ZWWIXODI.pcm
SwiftExplicitDependencyGeneratePcm arm64_32 /Users/admin/builder/spi-builder-workspace/.derivedData/SDKExplicitPrecompiledModules/SceneKit-8B7HHHTQ2WX4UCJPGYJNHAZXO.pcm
SwiftExplicitDependencyGeneratePcm arm64_32 /Users/admin/builder/spi-builder-workspace/.derivedData/SDKExplicitPrecompiledModules/UniformTypeIdentifiers-7HPV1K0BFGWF49HRB05L12Y0G.pcm
SwiftExplicitDependencyGeneratePcm arm64 /Users/admin/builder/spi-builder-workspace/.derivedData/SDKExplicitPrecompiledModules/_LocationEssentials-AC3H2STDUT9P96FJO6DV48PNP.pcm
SwiftExplicitDependencyGeneratePcm arm64 /Users/admin/builder/spi-builder-workspace/.derivedData/SDKExplicitPrecompiledModules/Symbols-9X6U62JAYVGTYK6610D3S514E.pcm
SwiftExplicitDependencyGeneratePcm arm64 /Users/admin/builder/spi-builder-workspace/.derivedData/SDKExplicitPrecompiledModules/QuartzCore-3NILGGAZ5TSVKY4F7DWF68I34.pcm
SwiftExplicitDependencyGeneratePcm arm64 /Users/admin/builder/spi-builder-workspace/.derivedData/SDKExplicitPrecompiledModules/CoreData-3CN8KB1YOLM0QLFHRWY1TM0I4.pcm
SwiftExplicitDependencyGeneratePcm arm64 /Users/admin/builder/spi-builder-workspace/.derivedData/SDKExplicitPrecompiledModules/DataDetection-BU5I7ELEWG639KG0N6MNLXFNO.pcm
SwiftExplicitDependencyGeneratePcm arm64 /Users/admin/builder/spi-builder-workspace/.derivedData/SDKExplicitPrecompiledModules/OSLog-BTXJQEK6BKB6NQOIYRYP0MQYB.pcm
SwiftExplicitDependencyGeneratePcm arm64 /Users/admin/builder/spi-builder-workspace/.derivedData/SDKExplicitPrecompiledModules/UniformTypeIdentifiers-3ROI8ZFKQNP9FEJCLTAB3G3S6.pcm
SwiftExplicitDependencyGeneratePcm arm64_32 /Users/admin/builder/spi-builder-workspace/.derivedData/SDKExplicitPrecompiledModules/SwiftUICore-UYWG2UM50SUK6GUT85OJGGGU.pcm
SwiftExplicitDependencyGeneratePcm arm64 /Users/admin/builder/spi-builder-workspace/.derivedData/SDKExplicitPrecompiledModules/CoreLocation-CT7IO6D7J2ZQGMTWKD2YA5BLV.pcm
SwiftExplicitDependencyGeneratePcm arm64 /Users/admin/builder/spi-builder-workspace/.derivedData/SDKExplicitPrecompiledModules/Accessibility-3TNHG64JB39D1D5QZ377QJNC6.pcm
SwiftExplicitDependencyGeneratePcm arm64 /Users/admin/builder/spi-builder-workspace/.derivedData/SDKExplicitPrecompiledModules/UIUtilities-7ZIMMCI52YM1PP54E6HPMAX8Z.pcm
SwiftExplicitDependencyGeneratePcm arm64 /Users/admin/builder/spi-builder-workspace/.derivedData/SDKExplicitPrecompiledModules/CoreTransferable-CUPPADLUY13ZK3BQZ1IYC67D4.pcm
SwiftExplicitDependencyGeneratePcm arm64_32 /Users/admin/builder/spi-builder-workspace/.derivedData/SDKExplicitPrecompiledModules/CoreLocation-9AQCUG84MXK7QRA19UHUZ7COW.pcm
SwiftExplicitDependencyGeneratePcm arm64 /Users/admin/builder/spi-builder-workspace/.derivedData/SDKExplicitPrecompiledModules/UserNotifications-2AO17R2GNRDA2OMZ5W8PY02MP.pcm
SwiftExplicitDependencyGeneratePcm arm64 /Users/admin/builder/spi-builder-workspace/.derivedData/SDKExplicitPrecompiledModules/SceneKit-3DCWNSWKMHXAPF5B6UTK4HEM0.pcm
SwiftExplicitDependencyGeneratePcm arm64 /Users/admin/builder/spi-builder-workspace/.derivedData/SDKExplicitPrecompiledModules/SwiftUICore-NS6C80YTAE6CMPAZ003V82QV.pcm
SwiftExplicitDependencyGeneratePcm arm64 /Users/admin/builder/spi-builder-workspace/.derivedData/SDKExplicitPrecompiledModules/CoreMotion-2LM13SKZR55U3ZSU2B92ETH7E.pcm
SwiftExplicitDependencyGeneratePcm arm64_32 /Users/admin/builder/spi-builder-workspace/.derivedData/SDKExplicitPrecompiledModules/CoreMotion-3JCK5DO7QLO4DSQD87NSMN3FO.pcm
SwiftExplicitDependencyGeneratePcm arm64 /Users/admin/builder/spi-builder-workspace/.derivedData/SDKExplicitPrecompiledModules/UIKit-3NXNXJMGTIGLSPCUMJYECGUT2.pcm
SwiftExplicitDependencyGeneratePcm arm64_32 /Users/admin/builder/spi-builder-workspace/.derivedData/SDKExplicitPrecompiledModules/UIKit-4XONMD0BX0LMIR90AS1OF9IWL.pcm
SwiftExplicitDependencyGeneratePcm arm64 /Users/admin/builder/spi-builder-workspace/.derivedData/SDKExplicitPrecompiledModules/MapKit-CY0HYXY78Y7MKX7HHJKLHZHSE.pcm
SwiftExplicitDependencyGeneratePcm arm64 /Users/admin/builder/spi-builder-workspace/.derivedData/SDKExplicitPrecompiledModules/HomeKit-828DN93JSOQ52ZA4QA4J38CD.pcm
SwiftExplicitDependencyGeneratePcm arm64_32 /Users/admin/builder/spi-builder-workspace/.derivedData/SDKExplicitPrecompiledModules/HomeKit-3G28JPRBYVFDNVGP3N1AJIRON.pcm
SwiftExplicitDependencyGeneratePcm arm64_32 /Users/admin/builder/spi-builder-workspace/.derivedData/SDKExplicitPrecompiledModules/MapKit-4QHO9971BNK7Z8ZV3IM0Z8JHM.pcm
SwiftExplicitDependencyGeneratePcm arm64 /Users/admin/builder/spi-builder-workspace/.derivedData/SDKExplicitPrecompiledModules/WatchKit-BO78WUD7ZRCBRY95H7ENJBBSS.pcm
SwiftExplicitDependencyGeneratePcm arm64_32 /Users/admin/builder/spi-builder-workspace/.derivedData/SDKExplicitPrecompiledModules/WatchKit-52R8D796YDUMWDJVUEFB445DC.pcm
SwiftExplicitDependencyGeneratePcm arm64 /Users/admin/builder/spi-builder-workspace/.derivedData/SDKExplicitPrecompiledModules/SwiftUI-50RGMSU3855RUN43JPITBT2Y9.pcm
SwiftExplicitDependencyGeneratePcm arm64_32 /Users/admin/builder/spi-builder-workspace/.derivedData/SDKExplicitPrecompiledModules/SwiftUI-1RR011ILX8M637U24HKCUKH2G.pcm
SwiftEmitModule normal arm64 Emitting\ module\ for\ UniversalGlass (in target 'UniversalGlass' from project 'UniversalGlass')
SwiftCompile normal arm64 (in target 'UniversalGlass' from project 'UniversalGlass')
    cd /Users/admin/builder/spi-builder-workspace/.swiftpm/xcode

SwiftCompile normal arm64 Compiling\ UniversalGlassContainers.swift /Users/admin/builder/spi-builder-workspace/.dependencies/checkouts/UniversalGlass/Sources/UniversalGlass/UniversalGlassContainers.swift (in target 'UniversalGlass' from project 'UniversalGlass')
SwiftCompile normal arm64 /Users/admin/builder/spi-builder-workspace/.dependencies/checkouts/UniversalGlass/Sources/UniversalGlass/UniversalGlassContainers.swift (in target 'UniversalGlass' from project 'UniversalGlass')
    cd /Users/admin/builder/spi-builder-workspace/.swiftpm/xcode
    builtin-SwiftPerFileCompile UniversalGlassContainers.swift
SwiftCompile normal arm64 Compiling\ UniversalGlassPrimitiveButtonStyle.swift /Users/admin/builder/spi-builder-workspace/.dependencies/checkouts/UniversalGlass/Sources/UniversalGlass/ButtonStyles/UniversalGlassPrimitiveButtonStyle.swift (in target 'UniversalGlass' from project 'UniversalGlass')
SwiftCompile normal arm64 /Users/admin/builder/spi-builder-workspace/.dependencies/checkouts/UniversalGlass/Sources/UniversalGlass/ButtonStyles/UniversalGlassPrimitiveButtonStyle.swift (in target 'UniversalGlass' from project 'UniversalGlass')
    cd /Users/admin/builder/spi-builder-workspace/.swiftpm/xcode
    builtin-SwiftPerFileCompile UniversalGlassPrimitiveButtonStyle.swift
SwiftCompile normal arm64 Compiling\ UniversalGlassConfiguration.swift /Users/admin/builder/spi-builder-workspace/.dependencies/checkouts/UniversalGlass/Sources/UniversalGlass/GlassEffects/UniversalGlassConfiguration.swift (in target 'UniversalGlass' from project 'UniversalGlass')
SwiftCompile normal arm64 /Users/admin/builder/spi-builder-workspace/.dependencies/checkouts/UniversalGlass/Sources/UniversalGlass/GlassEffects/UniversalGlassConfiguration.swift (in target 'UniversalGlass' from project 'UniversalGlass')
    cd /Users/admin/builder/spi-builder-workspace/.swiftpm/xcode
    builtin-SwiftPerFileCompile UniversalGlassConfiguration.swift
SwiftCompile normal arm64 Compiling\ UniversalGlassButtonModifiers.swift /Users/admin/builder/spi-builder-workspace/.dependencies/checkouts/UniversalGlass/Sources/UniversalGlass/ButtonStyles/UniversalGlassButtonModifiers.swift (in target 'UniversalGlass' from project 'UniversalGlass')
SwiftCompile normal arm64 /Users/admin/builder/spi-builder-workspace/.dependencies/checkouts/UniversalGlass/Sources/UniversalGlass/ButtonStyles/UniversalGlassButtonModifiers.swift (in target 'UniversalGlass' from project 'UniversalGlass')
    cd /Users/admin/builder/spi-builder-workspace/.swiftpm/xcode
    builtin-SwiftPerFileCompile UniversalGlassButtonModifiers.swift
SwiftCompile normal arm64 Compiling\ BlurTransition.swift /Users/admin/builder/spi-builder-workspace/.dependencies/checkouts/UniversalGlass/Sources/UniversalGlass/BlurTransition.swift (in target 'UniversalGlass' from project 'UniversalGlass')
SwiftCompile normal arm64 /Users/admin/builder/spi-builder-workspace/.dependencies/checkouts/UniversalGlass/Sources/UniversalGlass/BlurTransition.swift (in target 'UniversalGlass' from project 'UniversalGlass')
    cd /Users/admin/builder/spi-builder-workspace/.swiftpm/xcode
    builtin-SwiftPerFileCompile BlurTransition.swift
SwiftCompile normal arm64 Compiling\ GeneratedAssetSymbols.swift /Users/admin/builder/spi-builder-workspace/.derivedData/Build/Intermediates.noindex/UniversalGlass.build/Debug-watchos/UniversalGlass-t.build/DerivedSources/GeneratedAssetSymbols.swift (in target 'UniversalGlass' from project 'UniversalGlass')
SwiftCompile normal arm64 /Users/admin/builder/spi-builder-workspace/.derivedData/Build/Intermediates.noindex/UniversalGlass.build/Debug-watchos/UniversalGlass-t.build/DerivedSources/GeneratedAssetSymbols.swift (in target 'UniversalGlass' from project 'UniversalGlass')
    cd /Users/admin/builder/spi-builder-workspace/.swiftpm/xcode
    builtin-SwiftPerFileCompile GeneratedAssetSymbols.swift
SwiftCompile normal arm64 Compiling\ resource_bundle_accessor.swift /Users/admin/builder/spi-builder-workspace/.derivedData/Build/Intermediates.noindex/UniversalGlass.build/Debug-watchos/UniversalGlass-t.build/DerivedSources/resource_bundle_accessor.swift (in target 'UniversalGlass' from project 'UniversalGlass')
SwiftCompile normal arm64 /Users/admin/builder/spi-builder-workspace/.derivedData/Build/Intermediates.noindex/UniversalGlass.build/Debug-watchos/UniversalGlass-t.build/DerivedSources/resource_bundle_accessor.swift (in target 'UniversalGlass' from project 'UniversalGlass')
    cd /Users/admin/builder/spi-builder-workspace/.swiftpm/xcode
    builtin-SwiftPerFileCompile resource_bundle_accessor.swift
SwiftCompile normal arm64 Compiling\ UniversalGlassEffect.swift /Users/admin/builder/spi-builder-workspace/.dependencies/checkouts/UniversalGlass/Sources/UniversalGlass/GlassEffects/UniversalGlassEffect.swift (in target 'UniversalGlass' from project 'UniversalGlass')
SwiftCompile normal arm64 /Users/admin/builder/spi-builder-workspace/.dependencies/checkouts/UniversalGlass/Sources/UniversalGlass/GlassEffects/UniversalGlassEffect.swift (in target 'UniversalGlass' from project 'UniversalGlass')
    cd /Users/admin/builder/spi-builder-workspace/.swiftpm/xcode
    builtin-SwiftPerFileCompile UniversalGlassEffect.swift
SwiftEmitModule normal arm64_32 Emitting\ module\ for\ UniversalGlass (in target 'UniversalGlass' from project 'UniversalGlass')
SwiftCompile normal arm64_32 (in target 'UniversalGlass' from project 'UniversalGlass')
    cd /Users/admin/builder/spi-builder-workspace/.swiftpm/xcode

SwiftCompile normal arm64_32 Compiling\ BlurTransition.swift /Users/admin/builder/spi-builder-workspace/.dependencies/checkouts/UniversalGlass/Sources/UniversalGlass/BlurTransition.swift (in target 'UniversalGlass' from project 'UniversalGlass')
SwiftCompile normal arm64_32 /Users/admin/builder/spi-builder-workspace/.dependencies/checkouts/UniversalGlass/Sources/UniversalGlass/BlurTransition.swift (in target 'UniversalGlass' from project 'UniversalGlass')
    cd /Users/admin/builder/spi-builder-workspace/.swiftpm/xcode
    builtin-SwiftPerFileCompile BlurTransition.swift
SwiftDriverJobDiscovery normal arm64 Emitting module for UniversalGlass (in target 'UniversalGlass' from project 'UniversalGlass')
SwiftDriver\ Compilation\ Requirements UniversalGlass normal arm64 com.apple.xcode.tools.swift.compiler (in target 'UniversalGlass' from project 'UniversalGlass')
    cd /Users/admin/builder/spi-builder-workspace/.swiftpm/xcode
    builtin-Swift-Compilation-Requirements -- /Applications/Xcode-27.0.0.app/Contents/Developer/Toolchains/XcodeDefault.xctoolchain/usr/bin/swiftc -parse-as-library -module-name UniversalGlass -Onone @/Users/admin/builder/spi-builder-workspace/.derivedData/Build/Intermediates.noindex/UniversalGlass.build/Debug-watchos/UniversalGlass-t.build/Objects-normal/arm64/UniversalGlass.SwiftFileList -DSWIFT_PACKAGE -DDEBUG -DSWIFT_MODULE_RESOURCE_BUNDLE_AVAILABLE -DXcode -plugin-path /Applications/Xcode-27.0.0.app/Contents/Developer/Toolchains/XcodeDefault.xctoolchain/usr/lib/swift/host/plugins/testing -enable-experimental-feature DebugDescriptionMacro -sdk /Applications/Xcode-27.0.0.app/Contents/Developer/Platforms/WatchOS.platform/Developer/SDKs/WatchOS27.0.sdk -target arm64-apple-watchos10.0 -g -module-cache-path /Users/admin/builder/spi-builder-workspace/.derivedData/ModuleCache.noindex -Xfrontend -serialize-debugging-options -profile-coverage-mapping -profile-generate -enable-testing -suppress-warnings -index-store-path /Users/admin/builder/spi-builder-workspace/.derivedData/Index.noindex/DataStore -Xcc -D_LIBCPP_HARDENING_MODE\=_LIBCPP_HARDENING_MODE_DEBUG -swift-version 6 -I /Users/admin/builder/spi-builder-workspace/.derivedData/Build/Products/Debug-watchos -Isystem /Applications/Xcode-27.0.0.app/Contents/Developer/Platforms/WatchOS.platform/Developer/usr/lib -F /Users/admin/builder/spi-builder-workspace/.derivedData/Build/Products/Debug-watchos -F /Applications/Xcode-27.0.0.app/Contents/Developer/Platforms/WatchOS.platform/Developer/Library/Frameworks -F /Applications/Xcode-27.0.0.app/Contents/Developer/Platforms/WatchOS.platform/Developer/SDKs/WatchOS27.0.sdk/Developer/Library/Frameworks -c -j10 -enable-batch-mode -incremental -Xcc -ivfsstatcache -Xcc /Users/admin/builder/spi-builder-workspace/.derivedData/SDKStatCaches.noindex/watchos27.0-24R360-e829b21a6f8c9b70876ba0858053c044b9db9bc9c079ee3c7b5f3373b13d10bc.sdkstatcache -output-file-map /Users/admin/builder/spi-builder-workspace/.derivedData/Build/Intermediates.noindex/UniversalGlass.build/Debug-watchos/UniversalGlass-t.build/Objects-normal/arm64/UniversalGlass-OutputFileMap.json -save-temps -no-color-diagnostics -explicit-module-build -module-cache-path /Users/admin/builder/spi-builder-workspace/.derivedData/Build/Intermediates.noindex/SwiftExplicitPrecompiledModules -clang-scanner-module-cache-path /Users/admin/builder/spi-builder-workspace/.derivedData/ModuleCache.noindex -sdk-module-cache-path /Users/admin/builder/spi-builder-workspace/.derivedData/SDKExplicitPrecompiledModules -emit-dependencies -emit-module -emit-module-path /Users/admin/builder/spi-builder-workspace/.derivedData/Build/Intermediates.noindex/UniversalGlass.build/Debug-watchos/UniversalGlass-t.build/Objects-normal/arm64/UniversalGlass.swiftmodule -serialize-diagnostics -dependency-scan-serialize-diagnostics-path /Users/admin/builder/spi-builder-workspace/.derivedData/Build/Intermediates.noindex/UniversalGlass.build/Debug-watchos/UniversalGlass-t.build/Objects-normal/arm64/UniversalGlass-dependency-scan.dia -user-module-version 1.1.1 -validate-clang-modules-once -clang-build-session-file /Users/admin/builder/spi-builder-workspace/.derivedData/ModuleCache.noindex/Session.modulevalidation -Xcc -fmodules-prune-interval\=86400 -Xcc -fmodules-prune-after\=345600 -package-name universalglass -emit-const-values -const-gather-protocols-list /Users/admin/builder/spi-builder-workspace/.derivedData/Build/Intermediates.noindex/UniversalGlass.build/Debug-watchos/UniversalGlass-t.build/Objects-normal/arm64/UniversalGlass_const_extract_protocols.json -Xcc -I/Users/admin/builder/spi-builder-workspace/.derivedData/Build/Products/Debug-watchos/include -Xcc -I/Users/admin/builder/spi-builder-workspace/.derivedData/Build/Intermediates.noindex/UniversalGlass.build/Debug-watchos/UniversalGlass-t.build/DerivedSources-normal/arm64 -Xcc -I/Users/admin/builder/spi-builder-workspace/.derivedData/Build/Intermediates.noindex/UniversalGlass.build/Debug-watchos/UniversalGlass-t.build/DerivedSources/arm64 -Xcc -I/Users/admin/builder/spi-builder-workspace/.derivedData/Build/Intermediates.noindex/UniversalGlass.build/Debug-watchos/UniversalGlass-t.build/DerivedSources -Xcc -DSWIFT_PACKAGE -Xcc -DDEBUG\=1 -emit-objc-header -emit-objc-header-path /Users/admin/builder/spi-builder-workspace/.derivedData/Build/Intermediates.noindex/UniversalGlass.build/Debug-watchos/UniversalGlass-t.build/Objects-normal/arm64/UniversalGlass-Swift.h -working-directory /Users/admin/builder/spi-builder-workspace/.swiftpm/xcode -experimental-emit-module-separately -disable-cmo
SwiftDriverJobDiscovery normal arm64_32 Emitting module for UniversalGlass (in target 'UniversalGlass' from project 'UniversalGlass')
SwiftDriver\ Compilation\ Requirements UniversalGlass normal arm64_32 com.apple.xcode.tools.swift.compiler (in target 'UniversalGlass' from project 'UniversalGlass')
    cd /Users/admin/builder/spi-builder-workspace/.swiftpm/xcode
    builtin-Swift-Compilation-Requirements -- /Applications/Xcode-27.0.0.app/Contents/Developer/Toolchains/XcodeDefault.xctoolchain/usr/bin/swiftc -parse-as-library -module-name UniversalGlass -Onone @/Users/admin/builder/spi-builder-workspace/.derivedData/Build/Intermediates.noindex/UniversalGlass.build/Debug-watchos/UniversalGlass-t.build/Objects-normal/arm64_32/UniversalGlass.SwiftFileList -DSWIFT_PACKAGE -DDEBUG -DSWIFT_MODULE_RESOURCE_BUNDLE_AVAILABLE -DXcode -plugin-path /Applications/Xcode-27.0.0.app/Contents/Developer/Toolchains/XcodeDefault.xctoolchain/usr/lib/swift/host/plugins/testing -enable-experimental-feature DebugDescriptionMacro -sdk /Applications/Xcode-27.0.0.app/Contents/Developer/Platforms/WatchOS.platform/Developer/SDKs/WatchOS27.0.sdk -target arm64_32-apple-watchos10.0 -g -module-cache-path /Users/admin/builder/spi-builder-workspace/.derivedData/ModuleCache.noindex -Xfrontend -serialize-debugging-options -profile-coverage-mapping -profile-generate -enable-testing -suppress-warnings -index-store-path /Users/admin/builder/spi-builder-workspace/.derivedData/Index.noindex/DataStore -Xcc -D_LIBCPP_HARDENING_MODE\=_LIBCPP_HARDENING_MODE_DEBUG -swift-version 6 -I /Users/admin/builder/spi-builder-workspace/.derivedData/Build/Products/Debug-watchos -Isystem /Applications/Xcode-27.0.0.app/Contents/Developer/Platforms/WatchOS.platform/Developer/usr/lib -F /Users/admin/builder/spi-builder-workspace/.derivedData/Build/Products/Debug-watchos -F /Applications/Xcode-27.0.0.app/Contents/Developer/Platforms/WatchOS.platform/Developer/Library/Frameworks -F /Applications/Xcode-27.0.0.app/Contents/Developer/Platforms/WatchOS.platform/Developer/SDKs/WatchOS27.0.sdk/Developer/Library/Frameworks -c -j10 -enable-batch-mode -incremental -Xcc -ivfsstatcache -Xcc /Users/admin/builder/spi-builder-workspace/.derivedData/SDKStatCaches.noindex/watchos27.0-24R360-e829b21a6f8c9b70876ba0858053c044b9db9bc9c079ee3c7b5f3373b13d10bc.sdkstatcache -output-file-map /Users/admin/builder/spi-builder-workspace/.derivedData/Build/Intermediates.noindex/UniversalGlass.build/Debug-watchos/UniversalGlass-t.build/Objects-normal/arm64_32/UniversalGlass-OutputFileMap.json -save-temps -no-color-diagnostics -explicit-module-build -module-cache-path /Users/admin/builder/spi-builder-workspace/.derivedData/Build/Intermediates.noindex/SwiftExplicitPrecompiledModules -clang-scanner-module-cache-path /Users/admin/builder/spi-builder-workspace/.derivedData/ModuleCache.noindex -sdk-module-cache-path /Users/admin/builder/spi-builder-workspace/.derivedData/SDKExplicitPrecompiledModules -emit-dependencies -emit-module -emit-module-path /Users/admin/builder/spi-builder-workspace/.derivedData/Build/Intermediates.noindex/UniversalGlass.build/Debug-watchos/UniversalGlass-t.build/Objects-normal/arm64_32/UniversalGlass.swiftmodule -serialize-diagnostics -dependency-scan-serialize-diagnostics-path /Users/admin/builder/spi-builder-workspace/.derivedData/Build/Intermediates.noindex/UniversalGlass.build/Debug-watchos/UniversalGlass-t.build/Objects-normal/arm64_32/UniversalGlass-dependency-scan.dia -user-module-version 1.1.1 -validate-clang-modules-once -clang-build-session-file /Users/admin/builder/spi-builder-workspace/.derivedData/ModuleCache.noindex/Session.modulevalidation -Xcc -fmodules-prune-interval\=86400 -Xcc -fmodules-prune-after\=345600 -package-name universalglass -emit-const-values -const-gather-protocols-list /Users/admin/builder/spi-builder-workspace/.derivedData/Build/Intermediates.noindex/UniversalGlass.build/Debug-watchos/UniversalGlass-t.build/Objects-normal/arm64_32/UniversalGlass_const_extract_protocols.json -Xcc -I/Users/admin/builder/spi-builder-workspace/.derivedData/Build/Products/Debug-watchos/include -Xcc -I/Users/admin/builder/spi-builder-workspace/.derivedData/Build/Intermediates.noindex/UniversalGlass.build/Debug-watchos/UniversalGlass-t.build/DerivedSources-normal/arm64_32 -Xcc -I/Users/admin/builder/spi-builder-workspace/.derivedData/Build/Intermediates.noindex/UniversalGlass.build/Debug-watchos/UniversalGlass-t.build/DerivedSources/arm64_32 -Xcc -I/Users/admin/builder/spi-builder-workspace/.derivedData/Build/Intermediates.noindex/UniversalGlass.build/Debug-watchos/UniversalGlass-t.build/DerivedSources -Xcc -DSWIFT_PACKAGE -Xcc -DDEBUG\=1 -emit-objc-header -emit-objc-header-path /Users/admin/builder/spi-builder-workspace/.derivedData/Build/Intermediates.noindex/UniversalGlass.build/Debug-watchos/UniversalGlass-t.build/Objects-normal/arm64_32/UniversalGlass-Swift.h -working-directory /Users/admin/builder/spi-builder-workspace/.swiftpm/xcode -experimental-emit-module-separately -disable-cmo
Copy /Users/admin/builder/spi-builder-workspace/.derivedData/Build/Products/Debug-watchos/UniversalGlass.swiftmodule/arm64-apple-watchos.swiftmodule /Users/admin/builder/spi-builder-workspace/.derivedData/Build/Intermediates.noindex/UniversalGlass.build/Debug-watchos/UniversalGlass-t.build/Objects-normal/arm64/UniversalGlass.swiftmodule (in target 'UniversalGlass' from project 'UniversalGlass')
    cd /Users/admin/builder/spi-builder-workspace/.dependencies/checkouts/UniversalGlass
    builtin-copy -exclude .DS_Store -exclude CVS -exclude .svn -exclude .git -exclude .hg -resolve-src-symlinks -rename /Users/admin/builder/spi-builder-workspace/.derivedData/Build/Intermediates.noindex/UniversalGlass.build/Debug-watchos/UniversalGlass-t.build/Objects-normal/arm64/UniversalGlass.swiftmodule /Users/admin/builder/spi-builder-workspace/.derivedData/Build/Products/Debug-watchos/UniversalGlass.swiftmodule/arm64-apple-watchos.swiftmodule
SwiftMergeGeneratedHeaders /Users/admin/builder/spi-builder-workspace/.derivedData/Build/Intermediates.noindex/GeneratedModuleMaps-watchos/UniversalGlass-Swift.h /Users/admin/builder/spi-builder-workspace/.derivedData/Build/Intermediates.noindex/UniversalGlass.build/Debug-watchos/UniversalGlass-t.build/Objects-normal/arm64/UniversalGlass-Swift.h /Users/admin/builder/spi-builder-workspace/.derivedData/Build/Intermediates.noindex/UniversalGlass.build/Debug-watchos/UniversalGlass-t.build/Objects-normal/arm64_32/UniversalGlass-Swift.h (in target 'UniversalGlass' from project 'UniversalGlass')
    cd /Users/admin/builder/spi-builder-workspace/.dependencies/checkouts/UniversalGlass
    builtin-swiftHeaderTool -arch arm64 /Users/admin/builder/spi-builder-workspace/.derivedData/Build/Intermediates.noindex/UniversalGlass.build/Debug-watchos/UniversalGlass-t.build/Objects-normal/arm64/UniversalGlass-Swift.h -arch arm64_32 /Users/admin/builder/spi-builder-workspace/.derivedData/Build/Intermediates.noindex/UniversalGlass.build/Debug-watchos/UniversalGlass-t.build/Objects-normal/arm64_32/UniversalGlass-Swift.h -o /Users/admin/builder/spi-builder-workspace/.derivedData/Build/Intermediates.noindex/GeneratedModuleMaps-watchos/UniversalGlass-Swift.h
Copy /Users/admin/builder/spi-builder-workspace/.derivedData/Build/Products/Debug-watchos/UniversalGlass.swiftmodule/arm64_32-apple-watchos.swiftmodule /Users/admin/builder/spi-builder-workspace/.derivedData/Build/Intermediates.noindex/UniversalGlass.build/Debug-watchos/UniversalGlass-t.build/Objects-normal/arm64_32/UniversalGlass.swiftmodule (in target 'UniversalGlass' from project 'UniversalGlass')
    cd /Users/admin/builder/spi-builder-workspace/.dependencies/checkouts/UniversalGlass
    builtin-copy -exclude .DS_Store -exclude CVS -exclude .svn -exclude .git -exclude .hg -resolve-src-symlinks -rename /Users/admin/builder/spi-builder-workspace/.derivedData/Build/Intermediates.noindex/UniversalGlass.build/Debug-watchos/UniversalGlass-t.build/Objects-normal/arm64_32/UniversalGlass.swiftmodule /Users/admin/builder/spi-builder-workspace/.derivedData/Build/Products/Debug-watchos/UniversalGlass.swiftmodule/arm64_32-apple-watchos.swiftmodule
Copy /Users/admin/builder/spi-builder-workspace/.derivedData/Build/Products/Debug-watchos/UniversalGlass.swiftmodule/arm64_32-apple-watchos.swiftdoc /Users/admin/builder/spi-builder-workspace/.derivedData/Build/Intermediates.noindex/UniversalGlass.build/Debug-watchos/UniversalGlass-t.build/Objects-normal/arm64_32/UniversalGlass.swiftdoc (in target 'UniversalGlass' from project 'UniversalGlass')
    cd /Users/admin/builder/spi-builder-workspace/.dependencies/checkouts/UniversalGlass
    builtin-copy -exclude .DS_Store -exclude CVS -exclude .svn -exclude .git -exclude .hg -resolve-src-symlinks -rename /Users/admin/builder/spi-builder-workspace/.derivedData/Build/Intermediates.noindex/UniversalGlass.build/Debug-watchos/UniversalGlass-t.build/Objects-normal/arm64_32/UniversalGlass.swiftdoc /Users/admin/builder/spi-builder-workspace/.derivedData/Build/Products/Debug-watchos/UniversalGlass.swiftmodule/arm64_32-apple-watchos.swiftdoc
Copy /Users/admin/builder/spi-builder-workspace/.derivedData/Build/Products/Debug-watchos/UniversalGlass.swiftmodule/arm64_32-apple-watchos.abi.json /Users/admin/builder/spi-builder-workspace/.derivedData/Build/Intermediates.noindex/UniversalGlass.build/Debug-watchos/UniversalGlass-t.build/Objects-normal/arm64_32/UniversalGlass.abi.json (in target 'UniversalGlass' from project 'UniversalGlass')
    cd /Users/admin/builder/spi-builder-workspace/.dependencies/checkouts/UniversalGlass
    builtin-copy -exclude .DS_Store -exclude CVS -exclude .svn -exclude .git -exclude .hg -resolve-src-symlinks -rename /Users/admin/builder/spi-builder-workspace/.derivedData/Build/Intermediates.noindex/UniversalGlass.build/Debug-watchos/UniversalGlass-t.build/Objects-normal/arm64_32/UniversalGlass.abi.json /Users/admin/builder/spi-builder-workspace/.derivedData/Build/Products/Debug-watchos/UniversalGlass.swiftmodule/arm64_32-apple-watchos.abi.json
Copy /Users/admin/builder/spi-builder-workspace/.derivedData/Build/Products/Debug-watchos/UniversalGlass.swiftmodule/arm64-apple-watchos.swiftdoc /Users/admin/builder/spi-builder-workspace/.derivedData/Build/Intermediates.noindex/UniversalGlass.build/Debug-watchos/UniversalGlass-t.build/Objects-normal/arm64/UniversalGlass.swiftdoc (in target 'UniversalGlass' from project 'UniversalGlass')
    cd /Users/admin/builder/spi-builder-workspace/.dependencies/checkouts/UniversalGlass
    builtin-copy -exclude .DS_Store -exclude CVS -exclude .svn -exclude .git -exclude .hg -resolve-src-symlinks -rename /Users/admin/builder/spi-builder-workspace/.derivedData/Build/Intermediates.noindex/UniversalGlass.build/Debug-watchos/UniversalGlass-t.build/Objects-normal/arm64/UniversalGlass.swiftdoc /Users/admin/builder/spi-builder-workspace/.derivedData/Build/Products/Debug-watchos/UniversalGlass.swiftmodule/arm64-apple-watchos.swiftdoc
Copy /Users/admin/builder/spi-builder-workspace/.derivedData/Build/Products/Debug-watchos/UniversalGlass.swiftmodule/arm64-apple-watchos.abi.json /Users/admin/builder/spi-builder-workspace/.derivedData/Build/Intermediates.noindex/UniversalGlass.build/Debug-watchos/UniversalGlass-t.build/Objects-normal/arm64/UniversalGlass.abi.json (in target 'UniversalGlass' from project 'UniversalGlass')
    cd /Users/admin/builder/spi-builder-workspace/.dependencies/checkouts/UniversalGlass
    builtin-copy -exclude .DS_Store -exclude CVS -exclude .svn -exclude .git -exclude .hg -resolve-src-symlinks -rename /Users/admin/builder/spi-builder-workspace/.derivedData/Build/Intermediates.noindex/UniversalGlass.build/Debug-watchos/UniversalGlass-t.build/Objects-normal/arm64/UniversalGlass.abi.json /Users/admin/builder/spi-builder-workspace/.derivedData/Build/Products/Debug-watchos/UniversalGlass.swiftmodule/arm64-apple-watchos.abi.json
Copy /Users/admin/builder/spi-builder-workspace/.derivedData/Build/Products/Debug-watchos/UniversalGlass.swiftmodule/Project/arm64_32-apple-watchos.swiftsourceinfo /Users/admin/builder/spi-builder-workspace/.derivedData/Build/Intermediates.noindex/UniversalGlass.build/Debug-watchos/UniversalGlass-t.build/Objects-normal/arm64_32/UniversalGlass.swiftsourceinfo (in target 'UniversalGlass' from project 'UniversalGlass')
    cd /Users/admin/builder/spi-builder-workspace/.dependencies/checkouts/UniversalGlass
    builtin-copy -exclude .DS_Store -exclude CVS -exclude .svn -exclude .git -exclude .hg -resolve-src-symlinks -rename /Users/admin/builder/spi-builder-workspace/.derivedData/Build/Intermediates.noindex/UniversalGlass.build/Debug-watchos/UniversalGlass-t.build/Objects-normal/arm64_32/UniversalGlass.swiftsourceinfo /Users/admin/builder/spi-builder-workspace/.derivedData/Build/Products/Debug-watchos/UniversalGlass.swiftmodule/Project/arm64_32-apple-watchos.swiftsourceinfo
Copy /Users/admin/builder/spi-builder-workspace/.derivedData/Build/Products/Debug-watchos/UniversalGlass.swiftmodule/Project/arm64-apple-watchos.swiftsourceinfo /Users/admin/builder/spi-builder-workspace/.derivedData/Build/Intermediates.noindex/UniversalGlass.build/Debug-watchos/UniversalGlass-t.build/Objects-normal/arm64/UniversalGlass.swiftsourceinfo (in target 'UniversalGlass' from project 'UniversalGlass')
    cd /Users/admin/builder/spi-builder-workspace/.dependencies/checkouts/UniversalGlass
    builtin-copy -exclude .DS_Store -exclude CVS -exclude .svn -exclude .git -exclude .hg -resolve-src-symlinks -rename /Users/admin/builder/spi-builder-workspace/.derivedData/Build/Intermediates.noindex/UniversalGlass.build/Debug-watchos/UniversalGlass-t.build/Objects-normal/arm64/UniversalGlass.swiftsourceinfo /Users/admin/builder/spi-builder-workspace/.derivedData/Build/Products/Debug-watchos/UniversalGlass.swiftmodule/Project/arm64-apple-watchos.swiftsourceinfo
SwiftCompile normal arm64_32 Compiling\ UniversalGlassContainers.swift /Users/admin/builder/spi-builder-workspace/.dependencies/checkouts/UniversalGlass/Sources/UniversalGlass/UniversalGlassContainers.swift (in target 'UniversalGlass' from project 'UniversalGlass')
SwiftCompile normal arm64_32 /Users/admin/builder/spi-builder-workspace/.dependencies/checkouts/UniversalGlass/Sources/UniversalGlass/UniversalGlassContainers.swift (in target 'UniversalGlass' from project 'UniversalGlass')
    cd /Users/admin/builder/spi-builder-workspace/.swiftpm/xcode
    builtin-SwiftPerFileCompile UniversalGlassContainers.swift
SwiftCompile normal arm64_32 Compiling\ UniversalGlassEffect.swift /Users/admin/builder/spi-builder-workspace/.dependencies/checkouts/UniversalGlass/Sources/UniversalGlass/GlassEffects/UniversalGlassEffect.swift (in target 'UniversalGlass' from project 'UniversalGlass')
SwiftCompile normal arm64_32 /Users/admin/builder/spi-builder-workspace/.dependencies/checkouts/UniversalGlass/Sources/UniversalGlass/GlassEffects/UniversalGlassEffect.swift (in target 'UniversalGlass' from project 'UniversalGlass')
    cd /Users/admin/builder/spi-builder-workspace/.swiftpm/xcode
    builtin-SwiftPerFileCompile UniversalGlassEffect.swift
SwiftDriverJobDiscovery normal arm64 Compiling resource_bundle_accessor.swift (in target 'UniversalGlass' from project 'UniversalGlass')
SwiftCompile normal arm64_32 Compiling\ UniversalGlassConfiguration.swift /Users/admin/builder/spi-builder-workspace/.dependencies/checkouts/UniversalGlass/Sources/UniversalGlass/GlassEffects/UniversalGlassConfiguration.swift (in target 'UniversalGlass' from project 'UniversalGlass')
SwiftCompile normal arm64_32 /Users/admin/builder/spi-builder-workspace/.dependencies/checkouts/UniversalGlass/Sources/UniversalGlass/GlassEffects/UniversalGlassConfiguration.swift (in target 'UniversalGlass' from project 'UniversalGlass')
    cd /Users/admin/builder/spi-builder-workspace/.swiftpm/xcode
    builtin-SwiftPerFileCompile UniversalGlassConfiguration.swift
SwiftDriverJobDiscovery normal arm64 Compiling GeneratedAssetSymbols.swift (in target 'UniversalGlass' from project 'UniversalGlass')
SwiftCompile normal arm64_32 Compiling\ resource_bundle_accessor.swift /Users/admin/builder/spi-builder-workspace/.derivedData/Build/Intermediates.noindex/UniversalGlass.build/Debug-watchos/UniversalGlass-t.build/DerivedSources/resource_bundle_accessor.swift (in target 'UniversalGlass' from project 'UniversalGlass')
SwiftCompile normal arm64_32 /Users/admin/builder/spi-builder-workspace/.derivedData/Build/Intermediates.noindex/UniversalGlass.build/Debug-watchos/UniversalGlass-t.build/DerivedSources/resource_bundle_accessor.swift (in target 'UniversalGlass' from project 'UniversalGlass')
    cd /Users/admin/builder/spi-builder-workspace/.swiftpm/xcode
    builtin-SwiftPerFileCompile resource_bundle_accessor.swift
SwiftDriverJobDiscovery normal arm64 Compiling BlurTransition.swift (in target 'UniversalGlass' from project 'UniversalGlass')
SwiftDriverJobDiscovery normal arm64_32 Compiling BlurTransition.swift (in target 'UniversalGlass' from project 'UniversalGlass')
SwiftCompile normal arm64_32 Compiling\ UniversalGlassButtonModifiers.swift /Users/admin/builder/spi-builder-workspace/.dependencies/checkouts/UniversalGlass/Sources/UniversalGlass/ButtonStyles/UniversalGlassButtonModifiers.swift (in target 'UniversalGlass' from project 'UniversalGlass')
SwiftCompile normal arm64_32 /Users/admin/builder/spi-builder-workspace/.dependencies/checkouts/UniversalGlass/Sources/UniversalGlass/ButtonStyles/UniversalGlassButtonModifiers.swift (in target 'UniversalGlass' from project 'UniversalGlass')
    cd /Users/admin/builder/spi-builder-workspace/.swiftpm/xcode
    builtin-SwiftPerFileCompile UniversalGlassButtonModifiers.swift
SwiftDriverJobDiscovery normal arm64 Compiling UniversalGlassConfiguration.swift (in target 'UniversalGlass' from project 'UniversalGlass')
SwiftCompile normal arm64_32 Compiling\ GeneratedAssetSymbols.swift /Users/admin/builder/spi-builder-workspace/.derivedData/Build/Intermediates.noindex/UniversalGlass.build/Debug-watchos/UniversalGlass-t.build/DerivedSources/GeneratedAssetSymbols.swift (in target 'UniversalGlass' from project 'UniversalGlass')
SwiftCompile normal arm64_32 /Users/admin/builder/spi-builder-workspace/.derivedData/Build/Intermediates.noindex/UniversalGlass.build/Debug-watchos/UniversalGlass-t.build/DerivedSources/GeneratedAssetSymbols.swift (in target 'UniversalGlass' from project 'UniversalGlass')
    cd /Users/admin/builder/spi-builder-workspace/.swiftpm/xcode
    builtin-SwiftPerFileCompile GeneratedAssetSymbols.swift
SwiftCompile normal arm64_32 Compiling\ UniversalGlassPrimitiveButtonStyle.swift /Users/admin/builder/spi-builder-workspace/.dependencies/checkouts/UniversalGlass/Sources/UniversalGlass/ButtonStyles/UniversalGlassPrimitiveButtonStyle.swift (in target 'UniversalGlass' from project 'UniversalGlass')
SwiftCompile normal arm64_32 /Users/admin/builder/spi-builder-workspace/.dependencies/checkouts/UniversalGlass/Sources/UniversalGlass/ButtonStyles/UniversalGlassPrimitiveButtonStyle.swift (in target 'UniversalGlass' from project 'UniversalGlass')
    cd /Users/admin/builder/spi-builder-workspace/.swiftpm/xcode
    builtin-SwiftPerFileCompile UniversalGlassPrimitiveButtonStyle.swift
SwiftDriverJobDiscovery normal arm64_32 Compiling UniversalGlassConfiguration.swift (in target 'UniversalGlass' from project 'UniversalGlass')
SwiftDriverJobDiscovery normal arm64 Compiling UniversalGlassButtonModifiers.swift (in target 'UniversalGlass' from project 'UniversalGlass')
SwiftDriverJobDiscovery normal arm64 Compiling UniversalGlassPrimitiveButtonStyle.swift (in target 'UniversalGlass' from project 'UniversalGlass')
SwiftDriver Agentation normal arm64 com.apple.xcode.tools.swift.compiler (in target 'Agentation' from project 'Agentation')
    cd /Users/admin/builder/spi-builder-workspace/.swiftpm/xcode
    builtin-SwiftDriver -- /Applications/Xcode-27.0.0.app/Contents/Developer/Toolchains/XcodeDefault.xctoolchain/usr/bin/swiftc -parse-as-library -module-name Agentation -Onone @/Users/admin/builder/spi-builder-workspace/.derivedData/Build/Intermediates.noindex/Agentation.build/Debug-watchos/Agentation-t.build/Objects-normal/arm64/Agentation.SwiftFileList -DSWIFT_PACKAGE -DDEBUG -DSWIFT_MODULE_RESOURCE_BUNDLE_UNAVAILABLE -DXcode -plugin-path /Applications/Xcode-27.0.0.app/Contents/Developer/Toolchains/XcodeDefault.xctoolchain/usr/lib/swift/host/plugins/testing -enable-experimental-feature DebugDescriptionMacro -sdk /Applications/Xcode-27.0.0.app/Contents/Developer/Platforms/WatchOS.platform/Developer/SDKs/WatchOS27.0.sdk -target arm64-apple-watchos10.0 -g -module-cache-path /Users/admin/builder/spi-builder-workspace/.derivedData/ModuleCache.noindex -Xfrontend -serialize-debugging-options -profile-coverage-mapping -profile-generate -enable-testing -index-store-path /Users/admin/builder/spi-builder-workspace/.derivedData/Index.noindex/DataStore -Xcc -D_LIBCPP_HARDENING_MODE\=_LIBCPP_HARDENING_MODE_DEBUG -swift-version 5 -I /Users/admin/builder/spi-builder-workspace/.derivedData/Build/Products/Debug-watchos -Isystem /Applications/Xcode-27.0.0.app/Contents/Developer/Platforms/WatchOS.platform/Developer/usr/lib -F /Users/admin/builder/spi-builder-workspace/.derivedData/Build/Products/Debug-watchos/PackageFrameworks -F /Users/admin/builder/spi-builder-workspace/.derivedData/Build/Products/Debug-watchos -F /Applications/Xcode-27.0.0.app/Contents/Developer/Platforms/WatchOS.platform/Developer/Library/Frameworks -F /Applications/Xcode-27.0.0.app/Contents/Developer/Platforms/WatchOS.platform/Developer/SDKs/WatchOS27.0.sdk/Developer/Library/Frameworks -c -j10 -enable-batch-mode -incremental -Xcc -ivfsstatcache -Xcc /Users/admin/builder/spi-builder-workspace/.derivedData/SDKStatCaches.noindex/watchos27.0-24R360-e829b21a6f8c9b70876ba0858053c044b9db9bc9c079ee3c7b5f3373b13d10bc.sdkstatcache -output-file-map /Users/admin/builder/spi-builder-workspace/.derivedData/Build/Intermediates.noindex/Agentation.build/Debug-watchos/Agentation-t.build/Objects-normal/arm64/Agentation-OutputFileMap.json -save-temps -no-color-diagnostics -explicit-module-build -module-cache-path /Users/admin/builder/spi-builder-workspace/.derivedData/Build/Intermediates.noindex/SwiftExplicitPrecompiledModules -clang-scanner-module-cache-path /Users/admin/builder/spi-builder-workspace/.derivedData/ModuleCache.noindex -sdk-module-cache-path /Users/admin/builder/spi-builder-workspace/.derivedData/SDKExplicitPrecompiledModules -emit-dependencies -emit-module -emit-module-path /Users/admin/builder/spi-builder-workspace/.derivedData/Build/Intermediates.noindex/Agentation.build/Debug-watchos/Agentation-t.build/Objects-normal/arm64/Agentation.swiftmodule -serialize-diagnostics -dependency-scan-serialize-diagnostics-path /Users/admin/builder/spi-builder-workspace/.derivedData/Build/Intermediates.noindex/Agentation.build/Debug-watchos/Agentation-t.build/Objects-normal/arm64/Agentation-dependency-scan.dia -validate-clang-modules-once -clang-build-session-file /Users/admin/builder/spi-builder-workspace/.derivedData/ModuleCache.noindex/Session.modulevalidation -Xcc -fmodules-prune-interval\=86400 -Xcc -fmodules-prune-after\=345600 -package-name spi_builder_workspace -emit-const-values -const-gather-protocols-list /Users/admin/builder/spi-builder-workspace/.derivedData/Build/Intermediates.noindex/Agentation.build/Debug-watchos/Agentation-t.build/Objects-normal/arm64/Agentation_const_extract_protocols.json -Xcc -I/Users/admin/builder/spi-builder-workspace/.derivedData/Build/Products/Debug-watchos/include -Xcc -I/Users/admin/builder/spi-builder-workspace/.derivedData/Build/Intermediates.noindex/Agentation.build/Debug-watchos/Agentation-t.build/DerivedSources-normal/arm64 -Xcc -I/Users/admin/builder/spi-builder-workspace/.derivedData/Build/Intermediates.noindex/Agentation.build/Debug-watchos/Agentation-t.build/DerivedSources/arm64 -Xcc -I/Users/admin/builder/spi-builder-workspace/.derivedData/Build/Intermediates.noindex/Agentation.build/Debug-watchos/Agentation-t.build/DerivedSources -Xcc -DSWIFT_PACKAGE -Xcc -DDEBUG\=1 -emit-objc-header -emit-objc-header-path /Users/admin/builder/spi-builder-workspace/.derivedData/Build/Intermediates.noindex/Agentation.build/Debug-watchos/Agentation-t.build/Objects-normal/arm64/Agentation-Swift.h -working-directory /Users/admin/builder/spi-builder-workspace/.swiftpm/xcode -experimental-emit-module-separately -disable-cmo
SwiftDriver Agentation normal arm64_32 com.apple.xcode.tools.swift.compiler (in target 'Agentation' from project 'Agentation')
    cd /Users/admin/builder/spi-builder-workspace/.swiftpm/xcode
    builtin-SwiftDriver -- /Applications/Xcode-27.0.0.app/Contents/Developer/Toolchains/XcodeDefault.xctoolchain/usr/bin/swiftc -parse-as-library -module-name Agentation -Onone @/Users/admin/builder/spi-builder-workspace/.derivedData/Build/Intermediates.noindex/Agentation.build/Debug-watchos/Agentation-t.build/Objects-normal/arm64_32/Agentation.SwiftFileList -DSWIFT_PACKAGE -DDEBUG -DSWIFT_MODULE_RESOURCE_BUNDLE_UNAVAILABLE -DXcode -plugin-path /Applications/Xcode-27.0.0.app/Contents/Developer/Toolchains/XcodeDefault.xctoolchain/usr/lib/swift/host/plugins/testing -enable-experimental-feature DebugDescriptionMacro -sdk /Applications/Xcode-27.0.0.app/Contents/Developer/Platforms/WatchOS.platform/Developer/SDKs/WatchOS27.0.sdk -target arm64_32-apple-watchos10.0 -g -module-cache-path /Users/admin/builder/spi-builder-workspace/.derivedData/ModuleCache.noindex -Xfrontend -serialize-debugging-options -profile-coverage-mapping -profile-generate -enable-testing -index-store-path /Users/admin/builder/spi-builder-workspace/.derivedData/Index.noindex/DataStore -Xcc -D_LIBCPP_HARDENING_MODE\=_LIBCPP_HARDENING_MODE_DEBUG -swift-version 5 -I /Users/admin/builder/spi-builder-workspace/.derivedData/Build/Products/Debug-watchos -Isystem /Applications/Xcode-27.0.0.app/Contents/Developer/Platforms/WatchOS.platform/Developer/usr/lib -F /Users/admin/builder/spi-builder-workspace/.derivedData/Build/Products/Debug-watchos/PackageFrameworks -F /Users/admin/builder/spi-builder-workspace/.derivedData/Build/Products/Debug-watchos -F /Applications/Xcode-27.0.0.app/Contents/Developer/Platforms/WatchOS.platform/Developer/Library/Frameworks -F /Applications/Xcode-27.0.0.app/Contents/Developer/Platforms/WatchOS.platform/Developer/SDKs/WatchOS27.0.sdk/Developer/Library/Frameworks -c -j10 -enable-batch-mode -incremental -Xcc -ivfsstatcache -Xcc /Users/admin/builder/spi-builder-workspace/.derivedData/SDKStatCaches.noindex/watchos27.0-24R360-e829b21a6f8c9b70876ba0858053c044b9db9bc9c079ee3c7b5f3373b13d10bc.sdkstatcache -output-file-map /Users/admin/builder/spi-builder-workspace/.derivedData/Build/Intermediates.noindex/Agentation.build/Debug-watchos/Agentation-t.build/Objects-normal/arm64_32/Agentation-OutputFileMap.json -save-temps -no-color-diagnostics -explicit-module-build -module-cache-path /Users/admin/builder/spi-builder-workspace/.derivedData/Build/Intermediates.noindex/SwiftExplicitPrecompiledModules -clang-scanner-module-cache-path /Users/admin/builder/spi-builder-workspace/.derivedData/ModuleCache.noindex -sdk-module-cache-path /Users/admin/builder/spi-builder-workspace/.derivedData/SDKExplicitPrecompiledModules -emit-dependencies -emit-module -emit-module-path /Users/admin/builder/spi-builder-workspace/.derivedData/Build/Intermediates.noindex/Agentation.build/Debug-watchos/Agentation-t.build/Objects-normal/arm64_32/Agentation.swiftmodule -serialize-diagnostics -dependency-scan-serialize-diagnostics-path /Users/admin/builder/spi-builder-workspace/.derivedData/Build/Intermediates.noindex/Agentation.build/Debug-watchos/Agentation-t.build/Objects-normal/arm64_32/Agentation-dependency-scan.dia -validate-clang-modules-once -clang-build-session-file /Users/admin/builder/spi-builder-workspace/.derivedData/ModuleCache.noindex/Session.modulevalidation -Xcc -fmodules-prune-interval\=86400 -Xcc -fmodules-prune-after\=345600 -package-name spi_builder_workspace -emit-const-values -const-gather-protocols-list /Users/admin/builder/spi-builder-workspace/.derivedData/Build/Intermediates.noindex/Agentation.build/Debug-watchos/Agentation-t.build/Objects-normal/arm64_32/Agentation_const_extract_protocols.json -Xcc -I/Users/admin/builder/spi-builder-workspace/.derivedData/Build/Products/Debug-watchos/include -Xcc -I/Users/admin/builder/spi-builder-workspace/.derivedData/Build/Intermediates.noindex/Agentation.build/Debug-watchos/Agentation-t.build/DerivedSources-normal/arm64_32 -Xcc -I/Users/admin/builder/spi-builder-workspace/.derivedData/Build/Intermediates.noindex/Agentation.build/Debug-watchos/Agentation-t.build/DerivedSources/arm64_32 -Xcc -I/Users/admin/builder/spi-builder-workspace/.derivedData/Build/Intermediates.noindex/Agentation.build/Debug-watchos/Agentation-t.build/DerivedSources -Xcc -DSWIFT_PACKAGE -Xcc -DDEBUG\=1 -emit-objc-header -emit-objc-header-path /Users/admin/builder/spi-builder-workspace/.derivedData/Build/Intermediates.noindex/Agentation.build/Debug-watchos/Agentation-t.build/Objects-normal/arm64_32/Agentation-Swift.h -working-directory /Users/admin/builder/spi-builder-workspace/.swiftpm/xcode -experimental-emit-module-separately -disable-cmo
SwiftDriverJobDiscovery normal arm64_32 Compiling UniversalGlassEffect.swift (in target 'UniversalGlass' from project 'UniversalGlass')
SwiftDriverJobDiscovery normal arm64 Compiling UniversalGlassEffect.swift (in target 'UniversalGlass' from project 'UniversalGlass')
SwiftDriverJobDiscovery normal arm64_32 Compiling GeneratedAssetSymbols.swift (in target 'UniversalGlass' from project 'UniversalGlass')
SwiftDriverJobDiscovery normal arm64_32 Compiling resource_bundle_accessor.swift (in target 'UniversalGlass' from project 'UniversalGlass')
SwiftDriverJobDiscovery normal arm64 Compiling UniversalGlassContainers.swift (in target 'UniversalGlass' from project 'UniversalGlass')
SwiftDriver\ Compilation UniversalGlass normal arm64 com.apple.xcode.tools.swift.compiler (in target 'UniversalGlass' from project 'UniversalGlass')
    cd /Users/admin/builder/spi-builder-workspace/.swiftpm/xcode
    builtin-Swift-Compilation -- /Applications/Xcode-27.0.0.app/Contents/Developer/Toolchains/XcodeDefault.xctoolchain/usr/bin/swiftc -parse-as-library -module-name UniversalGlass -Onone @/Users/admin/builder/spi-builder-workspace/.derivedData/Build/Intermediates.noindex/UniversalGlass.build/Debug-watchos/UniversalGlass-t.build/Objects-normal/arm64/UniversalGlass.SwiftFileList -DSWIFT_PACKAGE -DDEBUG -DSWIFT_MODULE_RESOURCE_BUNDLE_AVAILABLE -DXcode -plugin-path /Applications/Xcode-27.0.0.app/Contents/Developer/Toolchains/XcodeDefault.xctoolchain/usr/lib/swift/host/plugins/testing -enable-experimental-feature DebugDescriptionMacro -sdk /Applications/Xcode-27.0.0.app/Contents/Developer/Platforms/WatchOS.platform/Developer/SDKs/WatchOS27.0.sdk -target arm64-apple-watchos10.0 -g -module-cache-path /Users/admin/builder/spi-builder-workspace/.derivedData/ModuleCache.noindex -Xfrontend -serialize-debugging-options -profile-coverage-mapping -profile-generate -enable-testing -suppress-warnings -index-store-path /Users/admin/builder/spi-builder-workspace/.derivedData/Index.noindex/DataStore -Xcc -D_LIBCPP_HARDENING_MODE\=_LIBCPP_HARDENING_MODE_DEBUG -swift-version 6 -I /Users/admin/builder/spi-builder-workspace/.derivedData/Build/Products/Debug-watchos -Isystem /Applications/Xcode-27.0.0.app/Contents/Developer/Platforms/WatchOS.platform/Developer/usr/lib -F /Users/admin/builder/spi-builder-workspace/.derivedData/Build/Products/Debug-watchos -F /Applications/Xcode-27.0.0.app/Contents/Developer/Platforms/WatchOS.platform/Developer/Library/Frameworks -F /Applications/Xcode-27.0.0.app/Contents/Developer/Platforms/WatchOS.platform/Developer/SDKs/WatchOS27.0.sdk/Developer/Library/Frameworks -c -j10 -enable-batch-mode -incremental -Xcc -ivfsstatcache -Xcc /Users/admin/builder/spi-builder-workspace/.derivedData/SDKStatCaches.noindex/watchos27.0-24R360-e829b21a6f8c9b70876ba0858053c044b9db9bc9c079ee3c7b5f3373b13d10bc.sdkstatcache -output-file-map /Users/admin/builder/spi-builder-workspace/.derivedData/Build/Intermediates.noindex/UniversalGlass.build/Debug-watchos/UniversalGlass-t.build/Objects-normal/arm64/UniversalGlass-OutputFileMap.json -save-temps -no-color-diagnostics -explicit-module-build -module-cache-path /Users/admin/builder/spi-builder-workspace/.derivedData/Build/Intermediates.noindex/SwiftExplicitPrecompiledModules -clang-scanner-module-cache-path /Users/admin/builder/spi-builder-workspace/.derivedData/ModuleCache.noindex -sdk-module-cache-path /Users/admin/builder/spi-builder-workspace/.derivedData/SDKExplicitPrecompiledModules -emit-dependencies -emit-module -emit-module-path /Users/admin/builder/spi-builder-workspace/.derivedData/Build/Intermediates.noindex/UniversalGlass.build/Debug-watchos/UniversalGlass-t.build/Objects-normal/arm64/UniversalGlass.swiftmodule -serialize-diagnostics -dependency-scan-serialize-diagnostics-path /Users/admin/builder/spi-builder-workspace/.derivedData/Build/Intermediates.noindex/UniversalGlass.build/Debug-watchos/UniversalGlass-t.build/Objects-normal/arm64/UniversalGlass-dependency-scan.dia -user-module-version 1.1.1 -validate-clang-modules-once -clang-build-session-file /Users/admin/builder/spi-builder-workspace/.derivedData/ModuleCache.noindex/Session.modulevalidation -Xcc -fmodules-prune-interval\=86400 -Xcc -fmodules-prune-after\=345600 -package-name universalglass -emit-const-values -const-gather-protocols-list /Users/admin/builder/spi-builder-workspace/.derivedData/Build/Intermediates.noindex/UniversalGlass.build/Debug-watchos/UniversalGlass-t.build/Objects-normal/arm64/UniversalGlass_const_extract_protocols.json -Xcc -I/Users/admin/builder/spi-builder-workspace/.derivedData/Build/Products/Debug-watchos/include -Xcc -I/Users/admin/builder/spi-builder-workspace/.derivedData/Build/Intermediates.noindex/UniversalGlass.build/Debug-watchos/UniversalGlass-t.build/DerivedSources-normal/arm64 -Xcc -I/Users/admin/builder/spi-builder-workspace/.derivedData/Build/Intermediates.noindex/UniversalGlass.build/Debug-watchos/UniversalGlass-t.build/DerivedSources/arm64 -Xcc -I/Users/admin/builder/spi-builder-workspace/.derivedData/Build/Intermediates.noindex/UniversalGlass.build/Debug-watchos/UniversalGlass-t.build/DerivedSources -Xcc -DSWIFT_PACKAGE -Xcc -DDEBUG\=1 -emit-objc-header -emit-objc-header-path /Users/admin/builder/spi-builder-workspace/.derivedData/Build/Intermediates.noindex/UniversalGlass.build/Debug-watchos/UniversalGlass-t.build/Objects-normal/arm64/UniversalGlass-Swift.h -working-directory /Users/admin/builder/spi-builder-workspace/.swiftpm/xcode -experimental-emit-module-separately -disable-cmo
Ld /Users/admin/builder/spi-builder-workspace/.derivedData/Build/Intermediates.noindex/UniversalGlass.build/Debug-watchos/UniversalGlass-t.build/Objects-normal/arm64/Binary/UniversalGlass.o normal arm64 (in target 'UniversalGlass' from project 'UniversalGlass')
    cd /Users/admin/builder/spi-builder-workspace/.dependencies/checkouts/UniversalGlass
    /Applications/Xcode-27.0.0.app/Contents/Developer/Toolchains/XcodeDefault.xctoolchain/usr/bin/clang -Xlinker -reproducible -target arm64-apple-watchos10.0 -r -isysroot /Applications/Xcode-27.0.0.app/Contents/Developer/Platforms/WatchOS.platform/Developer/SDKs/WatchOS27.0.sdk -O0 -w -Xlinker -no_warn_duplicate_libraries -F/Users/admin/builder/spi-builder-workspace/.derivedData/Build/Intermediates.noindex/EagerLinkingTBDs/Debug-watchos -F/Users/admin/builder/spi-builder-workspace/.derivedData/Build/Products/Debug-watchos -iframework /Applications/Xcode-27.0.0.app/Contents/Developer/Platforms/WatchOS.platform/Developer/Library/Frameworks -iframework /Applications/Xcode-27.0.0.app/Contents/Developer/Platforms/WatchOS.platform/Developer/SDKs/WatchOS27.0.sdk/Developer/Library/Frameworks -filelist /Users/admin/builder/spi-builder-workspace/.derivedData/Build/Intermediates.noindex/UniversalGlass.build/Debug-watchos/UniversalGlass-t.build/Objects-normal/arm64/UniversalGlass.LinkFileList -nostdlib -Xlinker -object_path_lto -Xlinker /Users/admin/builder/spi-builder-workspace/.derivedData/Build/Intermediates.noindex/UniversalGlass.build/Debug-watchos/UniversalGlass-t.build/Objects-normal/arm64/UniversalGlass_lto.o -Xlinker -no_deduplicate -Xlinker -debug_variant -Xlinker -dependency_info -Xlinker /Users/admin/builder/spi-builder-workspace/.derivedData/Build/Intermediates.noindex/UniversalGlass.build/Debug-watchos/UniversalGlass-t.build/Objects-normal/arm64/UniversalGlass_dependency_info.dat -fobjc-link-runtime -L/Applications/Xcode-27.0.0.app/Contents/Developer/Toolchains/XcodeDefault.xctoolchain/usr/lib/swift/watchos -L/usr/lib/swift -Xlinker -add_ast_path -Xlinker /Users/admin/builder/spi-builder-workspace/.derivedData/Build/Intermediates.noindex/UniversalGlass.build/Debug-watchos/UniversalGlass-t.build/Objects-normal/arm64/UniversalGlass.swiftmodule -o /Users/admin/builder/spi-builder-workspace/.derivedData/Build/Intermediates.noindex/UniversalGlass.build/Debug-watchos/UniversalGlass-t.build/Objects-normal/arm64/Binary/UniversalGlass.o
SwiftDriverJobDiscovery normal arm64_32 Compiling UniversalGlassContainers.swift (in target 'UniversalGlass' from project 'UniversalGlass')
SwiftExplicitDependencyGeneratePcm arm64 /Users/admin/builder/spi-builder-workspace/.derivedData/SDKExplicitPrecompiledModules/DeveloperToolsSupport-8UKX37WK4Y6NM0OTO6P0BMRWX.pcm
SwiftExplicitDependencyGeneratePcm arm64 /Users/admin/builder/spi-builder-workspace/.derivedData/SDKExplicitPrecompiledModules/_SwiftConcurrencyShims-DV7QQKPN6TGJGC9GZTKV2BO5H.pcm
SwiftExplicitDependencyGeneratePcm arm64 /Users/admin/builder/spi-builder-workspace/.derivedData/SDKExplicitPrecompiledModules/ptrauth-6SG94WK08IK1YCEWQOZD37DN0.pcm
SwiftExplicitDependencyGeneratePcm arm64 /Users/admin/builder/spi-builder-workspace/.derivedData/SDKExplicitPrecompiledModules/ptrcheck-7FGMFZLUYUYHQ4SHZ6QURH9XO.pcm
SwiftExplicitDependencyGeneratePcm arm64 /Users/admin/builder/spi-builder-workspace/.derivedData/SDKExplicitPrecompiledModules/_AvailabilityInternal-AF5SKZ02JKM4MFX7SHRO95N5P.pcm
SwiftExplicitDependencyGeneratePcm arm64 /Users/admin/builder/spi-builder-workspace/.derivedData/SDKExplicitPrecompiledModules/_Builtin_stdarg-E27KV476VNYRQJFKM7GUWE5EB.pcm
SwiftExplicitDependencyGeneratePcm arm64 /Users/admin/builder/spi-builder-workspace/.derivedData/SDKExplicitPrecompiledModules/SwiftShims-EF6MVIY0O67MYUVBFUXUVMSI1.pcm
SwiftExplicitDependencyGeneratePcm arm64 /Users/admin/builder/spi-builder-workspace/.derivedData/SDKExplicitPrecompiledModules/_Builtin_stddef-A11S6F17KAXV30S0KGP5CR2HY.pcm
SwiftExplicitDependencyGeneratePcm arm64 /Users/admin/builder/spi-builder-workspace/.derivedData/SDKExplicitPrecompiledModules/_Builtin_stdbool-3K4XSB9Q4L8IFTW70XLGVL6XX.pcm
SwiftDriverJobDiscovery normal arm64_32 Compiling UniversalGlassPrimitiveButtonStyle.swift (in target 'UniversalGlass' from project 'UniversalGlass')
SwiftExplicitDependencyGeneratePcm arm64 /Users/admin/builder/spi-builder-workspace/.derivedData/SDKExplicitPrecompiledModules/_Builtin_float-5CYEICIOR71FH3JNBYO5RNW2Y.pcm
SwiftDriverJobDiscovery normal arm64_32 Compiling UniversalGlassButtonModifiers.swift (in target 'UniversalGlass' from project 'UniversalGlass')
SwiftExplicitDependencyGeneratePcm arm64_32 /Users/admin/builder/spi-builder-workspace/.derivedData/SDKExplicitPrecompiledModules/_Builtin_float-EO919BOWGZLY4R4CLQ07XGI1B.pcm
SwiftExplicitDependencyGeneratePcm arm64_32 /Users/admin/builder/spi-builder-workspace/.derivedData/SDKExplicitPrecompiledModules/ptrcheck-BR45GYU0OXGGBT6UQES0MQ1N0.pcm
SwiftExplicitDependencyGeneratePcm arm64_32 /Users/admin/builder/spi-builder-workspace/.derivedData/SDKExplicitPrecompiledModules/_AvailabilityInternal-17Z6RE1QMV2VXWEMAC9MW0NL2.pcm
SwiftExplicitDependencyGeneratePcm arm64_32 /Users/admin/builder/spi-builder-workspace/.derivedData/SDKExplicitPrecompiledModules/_Builtin_stddef-7IVIF81HCPH4VETEG4IKQ3UQQ.pcm
SwiftExplicitDependencyGeneratePcm arm64_32 /Users/admin/builder/spi-builder-workspace/.derivedData/SDKExplicitPrecompiledModules/_Builtin_stdbool-2R26DWCM83W66RITBNPVY8WLG.pcm
SwiftExplicitDependencyGeneratePcm arm64_32 /Users/admin/builder/spi-builder-workspace/.derivedData/SDKExplicitPrecompiledModules/SwiftShims-FK6J9H4F4DCVC1W0HC6IAN7E.pcm
SwiftExplicitDependencyGeneratePcm arm64_32 /Users/admin/builder/spi-builder-workspace/.derivedData/SDKExplicitPrecompiledModules/_SwiftConcurrencyShims-EMXWUK5EGT5ME6C38RQNDWMNP.pcm
SwiftExplicitDependencyGeneratePcm arm64_32 /Users/admin/builder/spi-builder-workspace/.derivedData/SDKExplicitPrecompiledModules/_Builtin_stdarg-EIY5S589Q5DGECFY19XTQD8M7.pcm
SwiftExplicitDependencyGeneratePcm arm64_32 /Users/admin/builder/spi-builder-workspace/.derivedData/SDKExplicitPrecompiledModules/DeveloperToolsSupport-8UUKUF1F7527LS7YEIL999781.pcm
SwiftExplicitDependencyGeneratePcm arm64 /Users/admin/builder/spi-builder-workspace/.derivedData/SDKExplicitPrecompiledModules/_DarwinFoundation1-7N0SGXTYCHMGUJDV48PP21F4C.pcm
SwiftExplicitDependencyGeneratePcm arm64_32 /Users/admin/builder/spi-builder-workspace/.derivedData/SDKExplicitPrecompiledModules/ptrauth-9TF4O22D6TX777CFS74NYS6CY.pcm
SwiftDriver\ Compilation UniversalGlass normal arm64_32 com.apple.xcode.tools.swift.compiler (in target 'UniversalGlass' from project 'UniversalGlass')
    cd /Users/admin/builder/spi-builder-workspace/.swiftpm/xcode
    builtin-Swift-Compilation -- /Applications/Xcode-27.0.0.app/Contents/Developer/Toolchains/XcodeDefault.xctoolchain/usr/bin/swiftc -parse-as-library -module-name UniversalGlass -Onone @/Users/admin/builder/spi-builder-workspace/.derivedData/Build/Intermediates.noindex/UniversalGlass.build/Debug-watchos/UniversalGlass-t.build/Objects-normal/arm64_32/UniversalGlass.SwiftFileList -DSWIFT_PACKAGE -DDEBUG -DSWIFT_MODULE_RESOURCE_BUNDLE_AVAILABLE -DXcode -plugin-path /Applications/Xcode-27.0.0.app/Contents/Developer/Toolchains/XcodeDefault.xctoolchain/usr/lib/swift/host/plugins/testing -enable-experimental-feature DebugDescriptionMacro -sdk /Applications/Xcode-27.0.0.app/Contents/Developer/Platforms/WatchOS.platform/Developer/SDKs/WatchOS27.0.sdk -target arm64_32-apple-watchos10.0 -g -module-cache-path /Users/admin/builder/spi-builder-workspace/.derivedData/ModuleCache.noindex -Xfrontend -serialize-debugging-options -profile-coverage-mapping -profile-generate -enable-testing -suppress-warnings -index-store-path /Users/admin/builder/spi-builder-workspace/.derivedData/Index.noindex/DataStore -Xcc -D_LIBCPP_HARDENING_MODE\=_LIBCPP_HARDENING_MODE_DEBUG -swift-version 6 -I /Users/admin/builder/spi-builder-workspace/.derivedData/Build/Products/Debug-watchos -Isystem /Applications/Xcode-27.0.0.app/Contents/Developer/Platforms/WatchOS.platform/Developer/usr/lib -F /Users/admin/builder/spi-builder-workspace/.derivedData/Build/Products/Debug-watchos -F /Applications/Xcode-27.0.0.app/Contents/Developer/Platforms/WatchOS.platform/Developer/Library/Frameworks -F /Applications/Xcode-27.0.0.app/Contents/Developer/Platforms/WatchOS.platform/Developer/SDKs/WatchOS27.0.sdk/Developer/Library/Frameworks -c -j10 -enable-batch-mode -incremental -Xcc -ivfsstatcache -Xcc /Users/admin/builder/spi-builder-workspace/.derivedData/SDKStatCaches.noindex/watchos27.0-24R360-e829b21a6f8c9b70876ba0858053c044b9db9bc9c079ee3c7b5f3373b13d10bc.sdkstatcache -output-file-map /Users/admin/builder/spi-builder-workspace/.derivedData/Build/Intermediates.noindex/UniversalGlass.build/Debug-watchos/UniversalGlass-t.build/Objects-normal/arm64_32/UniversalGlass-OutputFileMap.json -save-temps -no-color-diagnostics -explicit-module-build -module-cache-path /Users/admin/builder/spi-builder-workspace/.derivedData/Build/Intermediates.noindex/SwiftExplicitPrecompiledModules -clang-scanner-module-cache-path /Users/admin/builder/spi-builder-workspace/.derivedData/ModuleCache.noindex -sdk-module-cache-path /Users/admin/builder/spi-builder-workspace/.derivedData/SDKExplicitPrecompiledModules -emit-dependencies -emit-module -emit-module-path /Users/admin/builder/spi-builder-workspace/.derivedData/Build/Intermediates.noindex/UniversalGlass.build/Debug-watchos/UniversalGlass-t.build/Objects-normal/arm64_32/UniversalGlass.swiftmodule -serialize-diagnostics -dependency-scan-serialize-diagnostics-path /Users/admin/builder/spi-builder-workspace/.derivedData/Build/Intermediates.noindex/UniversalGlass.build/Debug-watchos/UniversalGlass-t.build/Objects-normal/arm64_32/UniversalGlass-dependency-scan.dia -user-module-version 1.1.1 -validate-clang-modules-once -clang-build-session-file /Users/admin/builder/spi-builder-workspace/.derivedData/ModuleCache.noindex/Session.modulevalidation -Xcc -fmodules-prune-interval\=86400 -Xcc -fmodules-prune-after\=345600 -package-name universalglass -emit-const-values -const-gather-protocols-list /Users/admin/builder/spi-builder-workspace/.derivedData/Build/Intermediates.noindex/UniversalGlass.build/Debug-watchos/UniversalGlass-t.build/Objects-normal/arm64_32/UniversalGlass_const_extract_protocols.json -Xcc -I/Users/admin/builder/spi-builder-workspace/.derivedData/Build/Products/Debug-watchos/include -Xcc -I/Users/admin/builder/spi-builder-workspace/.derivedData/Build/Intermediates.noindex/UniversalGlass.build/Debug-watchos/UniversalGlass-t.build/DerivedSources-normal/arm64_32 -Xcc -I/Users/admin/builder/spi-builder-workspace/.derivedData/Build/Intermediates.noindex/UniversalGlass.build/Debug-watchos/UniversalGlass-t.build/DerivedSources/arm64_32 -Xcc -I/Users/admin/builder/spi-builder-workspace/.derivedData/Build/Intermediates.noindex/UniversalGlass.build/Debug-watchos/UniversalGlass-t.build/DerivedSources -Xcc -DSWIFT_PACKAGE -Xcc -DDEBUG\=1 -emit-objc-header -emit-objc-header-path /Users/admin/builder/spi-builder-workspace/.derivedData/Build/Intermediates.noindex/UniversalGlass.build/Debug-watchos/UniversalGlass-t.build/Objects-normal/arm64_32/UniversalGlass-Swift.h -working-directory /Users/admin/builder/spi-builder-workspace/.swiftpm/xcode -experimental-emit-module-separately -disable-cmo
Ld /Users/admin/builder/spi-builder-workspace/.derivedData/Build/Intermediates.noindex/UniversalGlass.build/Debug-watchos/UniversalGlass-t.build/Objects-normal/arm64_32/Binary/UniversalGlass.o normal arm64_32 (in target 'UniversalGlass' from project 'UniversalGlass')
    cd /Users/admin/builder/spi-builder-workspace/.dependencies/checkouts/UniversalGlass
    /Applications/Xcode-27.0.0.app/Contents/Developer/Toolchains/XcodeDefault.xctoolchain/usr/bin/clang -Xlinker -reproducible -target arm64_32-apple-watchos10.0 -r -isysroot /Applications/Xcode-27.0.0.app/Contents/Developer/Platforms/WatchOS.platform/Developer/SDKs/WatchOS27.0.sdk -O0 -w -Xlinker -no_warn_duplicate_libraries -F/Users/admin/builder/spi-builder-workspace/.derivedData/Build/Intermediates.noindex/EagerLinkingTBDs/Debug-watchos -F/Users/admin/builder/spi-builder-workspace/.derivedData/Build/Products/Debug-watchos -iframework /Applications/Xcode-27.0.0.app/Contents/Developer/Platforms/WatchOS.platform/Developer/Library/Frameworks -iframework /Applications/Xcode-27.0.0.app/Contents/Developer/Platforms/WatchOS.platform/Developer/SDKs/WatchOS27.0.sdk/Developer/Library/Frameworks -filelist /Users/admin/builder/spi-builder-workspace/.derivedData/Build/Intermediates.noindex/UniversalGlass.build/Debug-watchos/UniversalGlass-t.build/Objects-normal/arm64_32/UniversalGlass.LinkFileList -nostdlib -Xlinker -object_path_lto -Xlinker /Users/admin/builder/spi-builder-workspace/.derivedData/Build/Intermediates.noindex/UniversalGlass.build/Debug-watchos/UniversalGlass-t.build/Objects-normal/arm64_32/UniversalGlass_lto.o -Xlinker -no_deduplicate -Xlinker -debug_variant -Xlinker -dependency_info -Xlinker /Users/admin/builder/spi-builder-workspace/.derivedData/Build/Intermediates.noindex/UniversalGlass.build/Debug-watchos/UniversalGlass-t.build/Objects-normal/arm64_32/UniversalGlass_dependency_info.dat -fobjc-link-runtime -L/Applications/Xcode-27.0.0.app/Contents/Developer/Toolchains/XcodeDefault.xctoolchain/usr/lib/swift/watchos -L/usr/lib/swift -Xlinker -add_ast_path -Xlinker /Users/admin/builder/spi-builder-workspace/.derivedData/Build/Intermediates.noindex/UniversalGlass.build/Debug-watchos/UniversalGlass-t.build/Objects-normal/arm64_32/UniversalGlass.swiftmodule -o /Users/admin/builder/spi-builder-workspace/.derivedData/Build/Intermediates.noindex/UniversalGlass.build/Debug-watchos/UniversalGlass-t.build/Objects-normal/arm64_32/Binary/UniversalGlass.o
SwiftExplicitDependencyGeneratePcm arm64_32 /Users/admin/builder/spi-builder-workspace/.derivedData/SDKExplicitPrecompiledModules/_DarwinFoundation1-7K8R5BSKT1Q8NA8EO8Y97BRPU.pcm
CreateUniversalBinary /Users/admin/builder/spi-builder-workspace/.derivedData/Build/Products/Debug-watchos/UniversalGlass.o normal arm64\ arm64_32 (in target 'UniversalGlass' from project 'UniversalGlass')
    cd /Users/admin/builder/spi-builder-workspace/.dependencies/checkouts/UniversalGlass
    /Applications/Xcode-27.0.0.app/Contents/Developer/Toolchains/XcodeDefault.xctoolchain/usr/bin/lipo -create /Users/admin/builder/spi-builder-workspace/.derivedData/Build/Intermediates.noindex/UniversalGlass.build/Debug-watchos/UniversalGlass-t.build/Objects-normal/arm64/Binary/UniversalGlass.o /Users/admin/builder/spi-builder-workspace/.derivedData/Build/Intermediates.noindex/UniversalGlass.build/Debug-watchos/UniversalGlass-t.build/Objects-normal/arm64_32/Binary/UniversalGlass.o -output /Users/admin/builder/spi-builder-workspace/.derivedData/Build/Products/Debug-watchos/UniversalGlass.o
SwiftExplicitDependencyGeneratePcm arm64 /Users/admin/builder/spi-builder-workspace/.derivedData/SDKExplicitPrecompiledModules/_DarwinFoundation2-4L3FV1RX9YL087FSDMFO2ZHRG.pcm
SwiftExplicitDependencyGeneratePcm arm64 /Users/admin/builder/spi-builder-workspace/.derivedData/SDKExplicitPrecompiledModules/_Builtin_limits-8ZG2VQ8V2RYXL3B9Y4E6DGCH0.pcm
ExtractAppIntentsMetadata (in target 'UniversalGlass' from project 'UniversalGlass')
    cd /Users/admin/builder/spi-builder-workspace/.dependencies/checkouts/UniversalGlass
    /Applications/Xcode-27.0.0.app/Contents/Developer/Toolchains/XcodeDefault.xctoolchain/usr/bin/appintentsmetadataprocessor --toolchain-dir /var/run/com.apple.security.cryptexd/mnt/com.apple.MobileAsset.MetalToolchain-v27.1.266.1.MTCikR/Metal.xctoolchain --module-name UniversalGlass --sdk-root /Applications/Xcode-27.0.0.app/Contents/Developer/Platforms/WatchOS.platform/Developer/SDKs/WatchOS27.0.sdk --xcode-version 27A266a --platform-family watchOS --deployment-target 10.0 --bundle-identifier universalglass.UniversalGlass --output /Users/admin/builder/spi-builder-workspace/.derivedData/Build/Products/Debug-watchos/UniversalGlass.appintents --target-triple arm64-apple-watchos10.0 --target-triple arm64_32-apple-watchos10.0 --binary-file /Users/admin/builder/spi-builder-workspace/.derivedData/Build/Products/Debug-watchos/UniversalGlass.o --dependency-file /Users/admin/builder/spi-builder-workspace/.derivedData/Build/Intermediates.noindex/UniversalGlass.build/Debug-watchos/UniversalGlass-t.build/Objects-normal/arm64/UniversalGlass_dependency_info.dat --dependency-file /Users/admin/builder/spi-builder-workspace/.derivedData/Build/Intermediates.noindex/UniversalGlass.build/Debug-watchos/UniversalGlass-t.build/Objects-normal/arm64_32/UniversalGlass_dependency_info.dat --stringsdata-file /Users/admin/builder/spi-builder-workspace/.derivedData/Build/Intermediates.noindex/UniversalGlass.build/Debug-watchos/UniversalGlass-t.build/Objects-normal/arm64/ExtractedAppShortcutsMetadata.stringsdata --stringsdata-file /Users/admin/builder/spi-builder-workspace/.derivedData/Build/Intermediates.noindex/UniversalGlass.build/Debug-watchos/UniversalGlass-t.build/Objects-normal/arm64_32/ExtractedAppShortcutsMetadata.stringsdata --source-file-list /Users/admin/builder/spi-builder-workspace/.derivedData/Build/Intermediates.noindex/UniversalGlass.build/Debug-watchos/UniversalGlass-t.build/Objects-normal/arm64/UniversalGlass.SwiftFileList --source-file-list /Users/admin/builder/spi-builder-workspace/.derivedData/Build/Intermediates.noindex/UniversalGlass.build/Debug-watchos/UniversalGlass-t.build/Objects-normal/arm64_32/UniversalGlass.SwiftFileList --metadata-file-list /Users/admin/builder/spi-builder-workspace/.derivedData/Build/Intermediates.noindex/UniversalGlass.build/Debug-watchos/UniversalGlass-t.build/UniversalGlass.DependencyMetadataFileList --static-metadata-file-list /Users/admin/builder/spi-builder-workspace/.derivedData/Build/Intermediates.noindex/UniversalGlass.build/Debug-watchos/UniversalGlass-t.build/UniversalGlass.DependencyStaticMetadataFileList --swift-const-vals-list /Users/admin/builder/spi-builder-workspace/.derivedData/Build/Intermediates.noindex/UniversalGlass.build/Debug-watchos/UniversalGlass-t.build/Objects-normal/arm64/UniversalGlass.SwiftConstValuesFileList --swift-const-vals-list /Users/admin/builder/spi-builder-workspace/.derivedData/Build/Intermediates.noindex/UniversalGlass.build/Debug-watchos/UniversalGlass-t.build/Objects-normal/arm64_32/UniversalGlass.SwiftConstValuesFileList --force --compile-time-extraction --deployment-aware-processing --no-app-shortcuts-localization
2026-10-29 23:51:19.052 appintentsmetadataprocessor[1305:7315] Starting appintentsmetadataprocessor export
2026-10-29 23:51:19.147 appintentsmetadataprocessor[1305:7315] Extracted no relevant App Intents symbols, skipping writing output
SwiftExplicitDependencyGeneratePcm arm64_32 /Users/admin/builder/spi-builder-workspace/.derivedData/SDKExplicitPrecompiledModules/_Builtin_limits-GUPGFJ078RLT756BNJI0XWL.pcm
SwiftExplicitDependencyGeneratePcm arm64_32 /Users/admin/builder/spi-builder-workspace/.derivedData/SDKExplicitPrecompiledModules/_DarwinFoundation2-1L1DGA5Y00GMMUA6S1357T8P5.pcm
SwiftExplicitDependencyGeneratePcm arm64 /Users/admin/builder/spi-builder-workspace/.derivedData/SDKExplicitPrecompiledModules/string_h-6DIFPQAW6XJKBOLA1RB9BDYNT.pcm
SwiftExplicitDependencyGeneratePcm arm64 /Users/admin/builder/spi-builder-workspace/.derivedData/SDKExplicitPrecompiledModules/_Builtin_stdint-DVIV8NGT87UZG5NODZGBEN6MQ.pcm
SwiftExplicitDependencyGeneratePcm arm64 /Users/admin/builder/spi-builder-workspace/.derivedData/SDKExplicitPrecompiledModules/sys_types-1QTBK62RTLQOA6UPGMTAIO90V.pcm
SwiftExplicitDependencyGeneratePcm arm64 /Users/admin/builder/spi-builder-workspace/.derivedData/SDKExplicitPrecompiledModules/_Builtin_tgmath-6OCQL7105SKNHIWR72LQJZ96P.pcm
SwiftExplicitDependencyGeneratePcm arm64_32 /Users/admin/builder/spi-builder-workspace/.derivedData/SDKExplicitPrecompiledModules/_Builtin_tgmath-DLHJX8PIH8R66J3SRIOGOYIMC.pcm
SwiftExplicitDependencyGeneratePcm arm64_32 /Users/admin/builder/spi-builder-workspace/.derivedData/SDKExplicitPrecompiledModules/string_h-81YP5J2UC53QPS4YO8SKG6A9D.pcm
SwiftExplicitDependencyGeneratePcm arm64_32 /Users/admin/builder/spi-builder-workspace/.derivedData/SDKExplicitPrecompiledModules/_Builtin_stdint-CO1ZFP9095O15L3XEZDZ5QRCE.pcm
SwiftExplicitDependencyGeneratePcm arm64_32 /Users/admin/builder/spi-builder-workspace/.derivedData/SDKExplicitPrecompiledModules/sys_types-DW6ACFLMOYH9H8JQZARI5K6PT.pcm
SwiftExplicitDependencyGeneratePcm arm64 /Users/admin/builder/spi-builder-workspace/.derivedData/SDKExplicitPrecompiledModules/_DarwinFoundation3-69S1IZN54A04V40F6LZUZQM1U.pcm
SwiftExplicitDependencyGeneratePcm arm64 /Users/admin/builder/spi-builder-workspace/.derivedData/SDKExplicitPrecompiledModules/_Builtin_intrinsics-BFKP38HM4DQSTO5RTUB4PSD2N.pcm
SwiftExplicitDependencyGeneratePcm arm64 /Users/admin/builder/spi-builder-workspace/.derivedData/SDKExplicitPrecompiledModules/_Builtin_stdatomic-5PMTKJDURAT1MUA3ZRJ5SJ78L.pcm
SwiftExplicitDependencyGeneratePcm arm64_32 /Users/admin/builder/spi-builder-workspace/.derivedData/SDKExplicitPrecompiledModules/_Builtin_stdatomic-3XRUFMQEDTJCWQU2P327LNI0O.pcm
SwiftExplicitDependencyGeneratePcm arm64_32 /Users/admin/builder/spi-builder-workspace/.derivedData/SDKExplicitPrecompiledModules/_DarwinFoundation3-4REFBLLOYWM9TKF690AB5HG9D.pcm
SwiftExplicitDependencyGeneratePcm arm64_32 /Users/admin/builder/spi-builder-workspace/.derivedData/SDKExplicitPrecompiledModules/_Builtin_intrinsics-CS3GVPE30VKMJAG4B9LVWWD8.pcm
SwiftExplicitDependencyGeneratePcm arm64 /Users/admin/builder/spi-builder-workspace/.derivedData/SDKExplicitPrecompiledModules/_Builtin_inttypes-4BBW9ODF46683IQN290Q5KPBZ.pcm
SwiftExplicitDependencyGeneratePcm arm64_32 /Users/admin/builder/spi-builder-workspace/.derivedData/SDKExplicitPrecompiledModules/_Builtin_inttypes-19ZDGQRY4BC1GU2LLTSHVKQ7Z.pcm
SwiftExplicitDependencyGeneratePcm arm64 /Users/admin/builder/spi-builder-workspace/.derivedData/SDKExplicitPrecompiledModules/Darwin-CVUA7MO0M8ZZXZHP5VQJDYARR.pcm
SwiftExplicitDependencyGeneratePcm arm64_32 /Users/admin/builder/spi-builder-workspace/.derivedData/SDKExplicitPrecompiledModules/Darwin-5AE17T3V4HG2DSUV5M88MTR6P.pcm
SwiftExplicitDependencyGeneratePcm arm64 /Users/admin/builder/spi-builder-workspace/.derivedData/SDKExplicitPrecompiledModules/simd-CSWH6RLLGVRAXR77KBHX7NQJK.pcm
SwiftExplicitDependencyGeneratePcm arm64_32 /Users/admin/builder/spi-builder-workspace/.derivedData/SDKExplicitPrecompiledModules/simd-DG4EVNQLCPJMLRKMCV7CZUGYL.pcm
SwiftExplicitDependencyGeneratePcm arm64 /Users/admin/builder/spi-builder-workspace/.derivedData/SDKExplicitPrecompiledModules/ObjectiveC-AOKE7RYV3JL8DQK6GFG7FC40F.pcm
SwiftExplicitDependencyGeneratePcm arm64 /Users/admin/builder/spi-builder-workspace/.derivedData/SDKExplicitPrecompiledModules/MachO-7ZBY7PZ84IANKZL0EFL1URBGX.pcm
SwiftExplicitDependencyGeneratePcm arm64_32 /Users/admin/builder/spi-builder-workspace/.derivedData/SDKExplicitPrecompiledModules/ObjectiveC-C2SXBJ4XCHOPW37WE6EYH1VP6.pcm
SwiftExplicitDependencyGeneratePcm arm64_32 /Users/admin/builder/spi-builder-workspace/.derivedData/SDKExplicitPrecompiledModules/MachO-8ZC82KUF1MCK2UUP46TYM0LNO.pcm
SwiftExplicitDependencyGeneratePcm arm64 /Users/admin/builder/spi-builder-workspace/.derivedData/SDKExplicitPrecompiledModules/os_object-62CJ1DQOY9KI8Y9HLE6T7NWGU.pcm
SwiftExplicitDependencyGeneratePcm arm64_32 /Users/admin/builder/spi-builder-workspace/.derivedData/SDKExplicitPrecompiledModules/os_object-C5UW3I42CB38OJPDAJAIGQSU0.pcm
SwiftExplicitDependencyGeneratePcm arm64 /Users/admin/builder/spi-builder-workspace/.derivedData/SDKExplicitPrecompiledModules/os_workgroup-CZ3P364CI14HMS8EFDSYWQPJL.pcm
SwiftExplicitDependencyGeneratePcm arm64_32 /Users/admin/builder/spi-builder-workspace/.derivedData/SDKExplicitPrecompiledModules/os_workgroup-EVS28DTM5N1LI6SPC508XAGAM.pcm
SwiftExplicitDependencyGeneratePcm arm64 /Users/admin/builder/spi-builder-workspace/.derivedData/SDKExplicitPrecompiledModules/Dispatch-58O9QPTF6ST7V8A7GDQ5Y1XHS.pcm
SwiftExplicitDependencyGeneratePcm arm64 /Users/admin/builder/spi-builder-workspace/.derivedData/SDKExplicitPrecompiledModules/Spatial-7ML55CIU734I4OPDAKYST1YKH.pcm
SwiftExplicitDependencyGeneratePcm arm64_32 /Users/admin/builder/spi-builder-workspace/.derivedData/SDKExplicitPrecompiledModules/Dispatch-58FLILJX3CKQLRDJCB3SG6E1Q.pcm
SwiftExplicitDependencyGeneratePcm arm64_32 /Users/admin/builder/spi-builder-workspace/.derivedData/SDKExplicitPrecompiledModules/Spatial-377TCL7ZGTGSNLFPBH2YHADNJ.pcm
SwiftExplicitDependencyGeneratePcm arm64 /Users/admin/builder/spi-builder-workspace/.derivedData/SDKExplicitPrecompiledModules/XPC-57GG1FI5M2I09XYXHZQ4RT3LB.pcm
SwiftExplicitDependencyGeneratePcm arm64 /Users/admin/builder/spi-builder-workspace/.derivedData/SDKExplicitPrecompiledModules/CoreFoundation-58AC9CNNA0EIGC7FAX7P2A24P.pcm
SwiftExplicitDependencyGeneratePcm arm64_32 /Users/admin/builder/spi-builder-workspace/.derivedData/SDKExplicitPrecompiledModules/CoreFoundation-1ISY9HVX5FUTVX25NNCPUZPKQ.pcm
SwiftExplicitDependencyGeneratePcm arm64_32 /Users/admin/builder/spi-builder-workspace/.derivedData/SDKExplicitPrecompiledModules/XPC-958V8Q6FCC4PLYT1DZZ19RJS9.pcm
SwiftExplicitDependencyGeneratePcm arm64 /Users/admin/builder/spi-builder-workspace/.derivedData/SDKExplicitPrecompiledModules/os-B7MMBX2Y1BC2Z263ELOZHAZ3H.pcm
SwiftExplicitDependencyGeneratePcm arm64 /Users/admin/builder/spi-builder-workspace/.derivedData/SDKExplicitPrecompiledModules/CoreGraphics-7AG7A5C0DUHJBWO013GNWN96N.pcm
SwiftExplicitDependencyGeneratePcm arm64 /Users/admin/builder/spi-builder-workspace/.derivedData/SDKExplicitPrecompiledModules/Security-CIP7TOFQEQF2GF4IJ44ZCF1OG.pcm
SwiftExplicitDependencyGeneratePcm arm64 /Users/admin/builder/spi-builder-workspace/.derivedData/SDKExplicitPrecompiledModules/CoreAudioTypes-5YGN1IMEA2EHEKVSXK6T1LN2A.pcm
SwiftExplicitDependencyGeneratePcm arm64_32 /Users/admin/builder/spi-builder-workspace/.derivedData/SDKExplicitPrecompiledModules/os-7R73UEPR1WAV6HIFTG5SSR1O2.pcm
SwiftExplicitDependencyGeneratePcm arm64_32 /Users/admin/builder/spi-builder-workspace/.derivedData/SDKExplicitPrecompiledModules/CoreGraphics-59FVANFAOHMLOOF3WD5RLEOES.pcm
SwiftExplicitDependencyGeneratePcm arm64_32 /Users/admin/builder/spi-builder-workspace/.derivedData/SDKExplicitPrecompiledModules/Security-BYUKV3XOOFSMJINIAFUSOBX3G.pcm
SwiftExplicitDependencyGeneratePcm arm64_32 /Users/admin/builder/spi-builder-workspace/.derivedData/SDKExplicitPrecompiledModules/CoreAudioTypes-2GNEZN6AOMTH0288GSYX10WKD.pcm
SwiftExplicitDependencyGeneratePcm arm64 /Users/admin/builder/spi-builder-workspace/.derivedData/SDKExplicitPrecompiledModules/CoreAudio-9FM7V3PM29GMEQQJ0ID41DMA.pcm
SwiftExplicitDependencyGeneratePcm arm64 /Users/admin/builder/spi-builder-workspace/.derivedData/SDKExplicitPrecompiledModules/Foundation-8Z6HVB6J38TM6E0X2YZ0SQT9H.pcm
SwiftExplicitDependencyGeneratePcm arm64 /Users/admin/builder/spi-builder-workspace/.derivedData/SDKExplicitPrecompiledModules/CoreVideo-C44DVKJNODH28YMC5SEXWVOWR.pcm
SwiftExplicitDependencyGeneratePcm arm64 /Users/admin/builder/spi-builder-workspace/.derivedData/SDKExplicitPrecompiledModules/CoreText-3S01TUG0VLLOF4ER2B95WZCR5.pcm
SwiftExplicitDependencyGeneratePcm arm64_32 /Users/admin/builder/spi-builder-workspace/.derivedData/SDKExplicitPrecompiledModules/CoreAudio-32WET3MI6NUPL3ARI2CDM5HO0.pcm
SwiftExplicitDependencyGeneratePcm arm64_32 /Users/admin/builder/spi-builder-workspace/.derivedData/SDKExplicitPrecompiledModules/Foundation-69CEH4QYZZMCOQZ4UEW8XRYBG.pcm
SwiftExplicitDependencyGeneratePcm arm64_32 /Users/admin/builder/spi-builder-workspace/.derivedData/SDKExplicitPrecompiledModules/CoreVideo-4ZGZA7ONJGOLQDZB8UNDVRKW5.pcm
SwiftExplicitDependencyGeneratePcm arm64_32 /Users/admin/builder/spi-builder-workspace/.derivedData/SDKExplicitPrecompiledModules/CoreText-7KTAP1GJS5LAL54PY0YFS6B8H.pcm
SwiftExplicitDependencyGeneratePcm arm64 /Users/admin/builder/spi-builder-workspace/.derivedData/SDKExplicitPrecompiledModules/CoreMedia-2YL318GFSZISWU8AFJQHK11E7.pcm
SwiftExplicitDependencyGeneratePcm arm64_32 /Users/admin/builder/spi-builder-workspace/.derivedData/SDKExplicitPrecompiledModules/CoreMedia-1E2BOWZR1XBDBZ5LWPIZ7R12F.pcm
SwiftExplicitDependencyGeneratePcm arm64 /Users/admin/builder/spi-builder-workspace/.derivedData/SDKExplicitPrecompiledModules/UIUtilities-DXNWZ2TCJXFQ2A7ESDZ6J2XYO.pcm
SwiftExplicitDependencyGeneratePcm arm64 /Users/admin/builder/spi-builder-workspace/.derivedData/SDKExplicitPrecompiledModules/Symbols-2RMK9LW2HHS47WUUU80KV2ZIF.pcm
SwiftExplicitDependencyGeneratePcm arm64 /Users/admin/builder/spi-builder-workspace/.derivedData/SDKExplicitPrecompiledModules/DataDetection-ATFJGS4FR6AGPG9P5TVBZNW3O.pcm
SwiftExplicitDependencyGeneratePcm arm64 /Users/admin/builder/spi-builder-workspace/.derivedData/SDKExplicitPrecompiledModules/QuartzCore-2Y9U3581EK6VREQ762NVMXV4W.pcm
SwiftExplicitDependencyGeneratePcm arm64 /Users/admin/builder/spi-builder-workspace/.derivedData/SDKExplicitPrecompiledModules/_LocationEssentials-592D72KC42GLPLPFVJNXXBBEK.pcm
SwiftExplicitDependencyGeneratePcm arm64 /Users/admin/builder/spi-builder-workspace/.derivedData/SDKExplicitPrecompiledModules/Accessibility-DX1IW2AOS22HM0GCPHLUWDNU6.pcm
SwiftExplicitDependencyGeneratePcm arm64 /Users/admin/builder/spi-builder-workspace/.derivedData/SDKExplicitPrecompiledModules/OSLog-1PSI98ZFAU5MF2OCSPTPFVD66.pcm
SwiftExplicitDependencyGeneratePcm arm64 /Users/admin/builder/spi-builder-workspace/.derivedData/SDKExplicitPrecompiledModules/UserNotifications-2OYX5669SEDP32XPBIUN6CBFD.pcm
SwiftExplicitDependencyGeneratePcm arm64 /Users/admin/builder/spi-builder-workspace/.derivedData/SDKExplicitPrecompiledModules/CoreData-9P6L94KNA490O8M2QQP9NLYS5.pcm
SwiftExplicitDependencyGeneratePcm arm64 /Users/admin/builder/spi-builder-workspace/.derivedData/SDKExplicitPrecompiledModules/UniformTypeIdentifiers-3C1XTOT5B3B3PLKZT0HC6VBQO.pcm
SwiftExplicitDependencyGeneratePcm arm64_32 /Users/admin/builder/spi-builder-workspace/.derivedData/SDKExplicitPrecompiledModules/SceneKit-4FI8HN5217JGJRU942SA928Z.pcm
SwiftExplicitDependencyGeneratePcm arm64_32 /Users/admin/builder/spi-builder-workspace/.derivedData/SDKExplicitPrecompiledModules/OSLog-A6EJL732IY339NVWJTGU4BNYJ.pcm
SwiftExplicitDependencyGeneratePcm arm64_32 /Users/admin/builder/spi-builder-workspace/.derivedData/SDKExplicitPrecompiledModules/CoreTransferable-CNRFYTWZST27Y961TFFMJJSWW.pcm
SwiftExplicitDependencyGeneratePcm arm64_32 /Users/admin/builder/spi-builder-workspace/.derivedData/SDKExplicitPrecompiledModules/UniformTypeIdentifiers-F3GUTV7D2LYY308MCT35WC4NO.pcm
SwiftExplicitDependencyGeneratePcm arm64 /Users/admin/builder/spi-builder-workspace/.derivedData/SDKExplicitPrecompiledModules/CoreLocation-8N24HH5HR3W0T3UOYRM5W87RN.pcm
SwiftExplicitDependencyGeneratePcm arm64_32 /Users/admin/builder/spi-builder-workspace/.derivedData/SDKExplicitPrecompiledModules/QuartzCore-3YZD3YA7Z4MWTYCYTBEZPNQON.pcm
SwiftExplicitDependencyGeneratePcm arm64_32 /Users/admin/builder/spi-builder-workspace/.derivedData/SDKExplicitPrecompiledModules/CoreData-CZDKC12L2X4V27KS49NM6B72W.pcm
SwiftExplicitDependencyGeneratePcm arm64_32 /Users/admin/builder/spi-builder-workspace/.derivedData/SDKExplicitPrecompiledModules/DataDetection-CZFLLU0QMVW8HYPP57I4S0DSC.pcm
SwiftExplicitDependencyGeneratePcm arm64_32 /Users/admin/builder/spi-builder-workspace/.derivedData/SDKExplicitPrecompiledModules/Accessibility-CKXOXWYUQQ2O48CH4UU13Z2JM.pcm
SwiftExplicitDependencyGeneratePcm arm64_32 /Users/admin/builder/spi-builder-workspace/.derivedData/SDKExplicitPrecompiledModules/Symbols-OLX9XIE0GLM2YWAI20FII4R4.pcm
SwiftExplicitDependencyGeneratePcm arm64_32 /Users/admin/builder/spi-builder-workspace/.derivedData/SDKExplicitPrecompiledModules/_LocationEssentials-7GE423HTZGPAUTJNPKWMXDZHU.pcm
SwiftExplicitDependencyGeneratePcm arm64 /Users/admin/builder/spi-builder-workspace/.derivedData/SDKExplicitPrecompiledModules/SceneKit-ERXQAS5DTIVA5XTQVC1UDQ8KV.pcm
SwiftExplicitDependencyGeneratePcm arm64_32 /Users/admin/builder/spi-builder-workspace/.derivedData/SDKExplicitPrecompiledModules/UIUtilities-1HASPTR721UBF2PWAKJDM1FL3.pcm
SwiftExplicitDependencyGeneratePcm arm64_32 /Users/admin/builder/spi-builder-workspace/.derivedData/SDKExplicitPrecompiledModules/UserNotifications-BPMOWA2WADZEME8R9G4GASVM.pcm
SwiftExplicitDependencyGeneratePcm arm64 /Users/admin/builder/spi-builder-workspace/.derivedData/SDKExplicitPrecompiledModules/CoreMotion-61S19SPNFXST7VOQ470VJWCZT.pcm
SwiftExplicitDependencyGeneratePcm arm64 /Users/admin/builder/spi-builder-workspace/.derivedData/SDKExplicitPrecompiledModules/SwiftUICore-F44576R4QP5SWTA4Z0CG8BW69.pcm
SwiftExplicitDependencyGeneratePcm arm64 /Users/admin/builder/spi-builder-workspace/.derivedData/SDKExplicitPrecompiledModules/CoreTransferable-4SW3G4U6UIS29AOHC9ZVG0MY2.pcm
SwiftExplicitDependencyGeneratePcm arm64_32 /Users/admin/builder/spi-builder-workspace/.derivedData/SDKExplicitPrecompiledModules/SwiftUICore-55CZLUBD3974QKFT3IL0PRWPE.pcm
SwiftExplicitDependencyGeneratePcm arm64_32 /Users/admin/builder/spi-builder-workspace/.derivedData/SDKExplicitPrecompiledModules/CoreLocation-27G5URXACTR146TYQKM9JMGFV.pcm
SwiftExplicitDependencyGeneratePcm arm64 /Users/admin/builder/spi-builder-workspace/.derivedData/SDKExplicitPrecompiledModules/UIKit-DFD16XMEJADJ1M2P58VJADV91.pcm
SwiftExplicitDependencyGeneratePcm arm64_32 /Users/admin/builder/spi-builder-workspace/.derivedData/SDKExplicitPrecompiledModules/CoreMotion-8OTQ19C7N17T5P3BMIWG1453Y.pcm
SwiftExplicitDependencyGeneratePcm arm64_32 /Users/admin/builder/spi-builder-workspace/.derivedData/SDKExplicitPrecompiledModules/UIKit-EJDCR42WCUPDE27EZHUU2K5V6.pcm
SwiftExplicitDependencyGeneratePcm arm64 /Users/admin/builder/spi-builder-workspace/.derivedData/SDKExplicitPrecompiledModules/MapKit-90C7VMYJ6BBMC83YO3S16E8C0.pcm
SwiftExplicitDependencyGeneratePcm arm64 /Users/admin/builder/spi-builder-workspace/.derivedData/SDKExplicitPrecompiledModules/HomeKit-3BJ5JLWLEE2DZ91C2S47JEUX6.pcm
SwiftExplicitDependencyGeneratePcm arm64_32 /Users/admin/builder/spi-builder-workspace/.derivedData/SDKExplicitPrecompiledModules/HomeKit-F3VQ1NJSP19IRCQN9HO7VFZJ9.pcm
SwiftExplicitDependencyGeneratePcm arm64_32 /Users/admin/builder/spi-builder-workspace/.derivedData/SDKExplicitPrecompiledModules/MapKit-EWIM45DTJOC05JOFF0A1QCILJ.pcm
SwiftExplicitDependencyGeneratePcm arm64 /Users/admin/builder/spi-builder-workspace/.derivedData/SDKExplicitPrecompiledModules/WatchKit-9GGFBAQ0O9N9JQABITS3Z9R0O.pcm
SwiftExplicitDependencyGeneratePcm arm64_32 /Users/admin/builder/spi-builder-workspace/.derivedData/SDKExplicitPrecompiledModules/WatchKit-634QCD6ZA4G38HK529O8ZYF6G.pcm
SwiftExplicitDependencyGeneratePcm arm64 /Users/admin/builder/spi-builder-workspace/.derivedData/SDKExplicitPrecompiledModules/SwiftUI-2NIV6RL93T7Y4UMRZ6CFAK2OJ.pcm
SwiftEmitModule normal arm64 Emitting\ module\ for\ Agentation (in target 'Agentation' from project 'Agentation')
SwiftCompile normal arm64 (in target 'Agentation' from project 'Agentation')
    cd /Users/admin/builder/spi-builder-workspace/.swiftpm/xcode

/Users/admin/builder/spi-builder-workspace/Sources/Agentation/Core/Agentation.swift:150:35: error: 'UIWindowScene' is unavailable in watchOS
148 |     /// Agentation.shared.install(in: scene)
149 |     /// ```
150 |     public func install(in scene: UIWindowScene? = nil) {
    |                                   `- error: 'UIWindowScene' is unavailable in watchOS
151 |         let targetScene = scene ?? UIApplication.shared.connectedScenes.first as? UIWindowScene
152 |
/Applications/Xcode-27.0.0.app/Contents/Developer/Platforms/WatchOS.platform/Developer/SDKs/WatchOS27.0.sdk/System/Library/Frameworks/UIKit.framework/Headers/UIWindowScene.h:22:12: note: 'UIWindowScene' has been explicitly marked unavailable here
 20 |
 21 | UIKIT_EXTERN API_AVAILABLE(ios(13.0)) API_UNAVAILABLE(watchos) NS_SWIFT_UI_ACTOR
 22 | @interface UIWindowScene : UIScene
    |            `- note: 'UIWindowScene' has been explicitly marked unavailable here
 23 |
 24 | #pragma mark Geometry
SwiftCompile normal arm64 Compiling\ HierarchySnapshot.swift,\ ViewHierarchyDataSource.swift,\ View+Agentation.swift /Users/admin/builder/spi-builder-workspace/Sources/Agentation/Core/HierarchySnapshot.swift /Users/admin/builder/spi-builder-workspace/Sources/Agentation/Core/ViewHierarchyDataSource.swift /Users/admin/builder/spi-builder-workspace/Sources/Agentation/Extensions/View+Agentation.swift (in target 'Agentation' from project 'Agentation')
/Users/admin/builder/spi-builder-workspace/Sources/Agentation/Core/ViewHierarchyDataSource.swift:10:49: error: 'UIView' is unavailable in watchOS
  8 | final class ViewHierarchyDataSource: HierarchyDataSource {
  9 |
 10 |     private(set) var viewLookup: [UUID: WeakRef<UIView>] = [:]
    |                                                 `- error: 'UIView' is unavailable in watchOS
 11 |
 12 |     func capture() async -> HierarchySnapshot {
/Applications/Xcode-27.0.0.app/Contents/Developer/Platforms/WatchOS.platform/Developer/SDKs/WatchOS27.0.sdk/System/Library/Frameworks/UIKit.framework/Headers/UIView.h:152:12: note: 'UIView' has been explicitly marked unavailable here
150 |
151 | UIKIT_EXTERN API_AVAILABLE(ios(2.0)) API_UNAVAILABLE(watchos) NS_SWIFT_UI_ACTOR
152 | @interface UIView : UIResponder <NSCoding, UIAppearance, UIAppearanceContainer, UIDynamicItem, UITraitEnvironment, UICoordinateSpace, UIFocusItem, UIFocusItemContainer, CALayerDelegate>
    |            `- note: 'UIView' has been explicitly marked unavailable here
153 |
154 | @property(class, nonatomic, readonly) Class layerClass;                        // default is [CALayer class]. Used when creating the underlying layer for the view.
/Users/admin/builder/spi-builder-workspace/Sources/Agentation/Core/ViewHierarchyDataSource.swift:38:38: error: 'UIView' is unavailable in watchOS
 36 |     }
 37 |
 38 |     private func inspectView(_ view: UIView, accessibilityPath: String, depth: Int) -> ViewElementInfo {
    |                                      `- error: 'UIView' is unavailable in watchOS
 39 |         let typeName = String(describing: type(of: view))
 40 |         let screenFrame = view.convert(view.bounds, to: nil)
/Applications/Xcode-27.0.0.app/Contents/Developer/Platforms/WatchOS.platform/Developer/SDKs/WatchOS27.0.sdk/System/Library/Frameworks/UIKit.framework/Headers/UIView.h:152:12: note: 'UIView' has been explicitly marked unavailable here
150 |
151 | UIKIT_EXTERN API_AVAILABLE(ios(2.0)) API_UNAVAILABLE(watchos) NS_SWIFT_UI_ACTOR
152 | @interface UIView : UIResponder <NSCoding, UIAppearance, UIAppearanceContainer, UIDynamicItem, UITraitEnvironment, UICoordinateSpace, UIFocusItem, UIFocusItemContainer, CALayerDelegate>
    |            `- note: 'UIView' has been explicitly marked unavailable here
153 |
154 | @property(class, nonatomic, readonly) Class layerClass;                        // default is [CALayer class]. Used when creating the underlying layer for the view.
/Users/admin/builder/spi-builder-workspace/Sources/Agentation/Core/ViewHierarchyDataSource.swift:81:47: error: 'UIView' is unavailable in watchOS
 79 |     }
 80 |
 81 |     private func viewControllerName(for view: UIView) -> String {
    |                                               `- error: 'UIView' is unavailable in watchOS
 82 |         guard let vc = UIUtils.owningViewController(for: view) else {
 83 |             return currentScreenName()
/Applications/Xcode-27.0.0.app/Contents/Developer/Platforms/WatchOS.platform/Developer/SDKs/WatchOS27.0.sdk/System/Library/Frameworks/UIKit.framework/Headers/UIView.h:152:12: note: 'UIView' has been explicitly marked unavailable here
150 |
151 | UIKIT_EXTERN API_AVAILABLE(ios(2.0)) API_UNAVAILABLE(watchos) NS_SWIFT_UI_ACTOR
152 | @interface UIView : UIResponder <NSCoding, UIAppearance, UIAppearanceContainer, UIDynamicItem, UITraitEnvironment, UICoordinateSpace, UIFocusItem, UIFocusItemContainer, CALayerDelegate>
    |            `- note: 'UIView' has been explicitly marked unavailable here
153 |
154 | @property(class, nonatomic, readonly) Class layerClass;                        // default is [CALayer class]. Used when creating the underlying layer for the view.
/Users/admin/builder/spi-builder-workspace/Sources/Agentation/Core/ViewHierarchyDataSource.swift:88:55: error: 'UIView' is unavailable in watchOS
 86 |     }
 87 |
 88 |     private func accessibilityPathComponent(for view: UIView, frame: CGRect) -> String? {
    |                                                       `- error: 'UIView' is unavailable in watchOS
 89 |         if let tag = AgentationTagRegistry.shared.tag(for: frame) {
 90 |             return "[\(tag)]"
/Applications/Xcode-27.0.0.app/Contents/Developer/Platforms/WatchOS.platform/Developer/SDKs/WatchOS27.0.sdk/System/Library/Frameworks/UIKit.framework/Headers/UIView.h:152:12: note: 'UIView' has been explicitly marked unavailable here
150 |
151 | UIKIT_EXTERN API_AVAILABLE(ios(2.0)) API_UNAVAILABLE(watchos) NS_SWIFT_UI_ACTOR
152 | @interface UIView : UIResponder <NSCoding, UIAppearance, UIAppearanceContainer, UIDynamicItem, UITraitEnvironment, UICoordinateSpace, UIFocusItem, UIFocusItemContainer, CALayerDelegate>
    |            `- note: 'UIView' has been explicitly marked unavailable here
153 |
154 | @property(class, nonatomic, readonly) Class layerClass;                        // default is [CALayer class]. Used when creating the underlying layer for the view.
/Users/admin/builder/spi-builder-workspace/Sources/Agentation/Core/ViewHierarchyDataSource.swift:71:38: error: 'accessibilityLabel' is unavailable in watchOS
 69 |             typeName: typeName,
 70 |             frame: screenFrame,
 71 |             accessibilityLabel: view.accessibilityLabel ?? "",
    |                                      `- error: 'accessibilityLabel' is unavailable in watchOS
 72 |             accessibilityIdentifier: view.accessibilityIdentifier ?? "",
 73 |             accessibilityHint: view.accessibilityHint ?? "",
/Applications/Xcode-27.0.0.app/Contents/Developer/Platforms/WatchOS.platform/Developer/SDKs/WatchOS27.0.sdk/System/Library/Frameworks/UIKit.framework/Headers/UIAccessibility.h:64:49: note: 'accessibilityLabel' has been explicitly marked unavailable here
 62 |  Setting the property will change the label that is returned to the accessibility client.
 63 |  */
 64 | @property (nullable, nonatomic, copy) NSString *accessibilityLabel API_UNAVAILABLE(watchos) NS_SWIFT_UI_ACTOR;
    |                                                 `- note: 'accessibilityLabel' has been explicitly marked unavailable here
 65 |
 66 | /*
/Users/admin/builder/spi-builder-workspace/Sources/Agentation/Core/ViewHierarchyDataSource.swift:73:37: error: 'accessibilityHint' is unavailable in watchOS
 71 |             accessibilityLabel: view.accessibilityLabel ?? "",
 72 |             accessibilityIdentifier: view.accessibilityIdentifier ?? "",
 73 |             accessibilityHint: view.accessibilityHint ?? "",
    |                                     `- error: 'accessibilityHint' is unavailable in watchOS
 74 |             accessibilityValue: view.accessibilityValue ?? "",
 75 |             agentationTag: AgentationTagRegistry.shared.tag(for: screenFrame) ?? "",
/Applications/Xcode-27.0.0.app/Contents/Developer/Platforms/WatchOS.platform/Developer/SDKs/WatchOS27.0.sdk/System/Library/Frameworks/UIKit.framework/Headers/UIAccessibility.h:79:49: note: 'accessibilityHint' has been explicitly marked unavailable here
 77 |  Setting the property will change the hint that is returned to the accessibility client.
 78 |  */
 79 | @property (nullable, nonatomic, copy) NSString *accessibilityHint API_UNAVAILABLE(watchos) NS_SWIFT_UI_ACTOR;
    |                                                 `- note: 'accessibilityHint' has been explicitly marked unavailable here
 80 |
 81 | /*
/Users/admin/builder/spi-builder-workspace/Sources/Agentation/Core/ViewHierarchyDataSource.swift:74:38: error: 'accessibilityValue' is unavailable in watchOS
 72 |             accessibilityIdentifier: view.accessibilityIdentifier ?? "",
 73 |             accessibilityHint: view.accessibilityHint ?? "",
 74 |             accessibilityValue: view.accessibilityValue ?? "",
    |                                      `- error: 'accessibilityValue' is unavailable in watchOS
 75 |             agentationTag: AgentationTagRegistry.shared.tag(for: screenFrame) ?? "",
 76 |             children: children,
/Applications/Xcode-27.0.0.app/Contents/Developer/Platforms/WatchOS.platform/Developer/SDKs/WatchOS27.0.sdk/System/Library/Frameworks/UIKit.framework/Headers/UIAccessibility.h:95:49: note: 'accessibilityValue' has been explicitly marked unavailable here
 93 |  Setting the property will change the value that is returned to the accessibility client.
 94 |  */
 95 | @property (nullable, nonatomic, copy) NSString *accessibilityValue API_UNAVAILABLE(watchos) NS_SWIFT_UI_ACTOR;
    |                                                 `- note: 'accessibilityValue' has been explicitly marked unavailable here
 96 |
 97 | /*
SwiftCompile normal arm64 /Users/admin/builder/spi-builder-workspace/Sources/Agentation/Core/HierarchySnapshot.swift (in target 'Agentation' from project 'Agentation')
    cd /Users/admin/builder/spi-builder-workspace/.swiftpm/xcode
    builtin-SwiftPerFileCompile HierarchySnapshot.swift
SwiftCompile normal arm64 /Users/admin/builder/spi-builder-workspace/Sources/Agentation/Core/ViewHierarchyDataSource.swift (in target 'Agentation' from project 'Agentation')
    cd /Users/admin/builder/spi-builder-workspace/.swiftpm/xcode
    builtin-SwiftPerFileCompile ViewHierarchyDataSource.swift
SwiftCompile normal arm64 /Users/admin/builder/spi-builder-workspace/Sources/Agentation/Extensions/View+Agentation.swift (in target 'Agentation' from project 'Agentation')
    cd /Users/admin/builder/spi-builder-workspace/.swiftpm/xcode
    builtin-SwiftPerFileCompile View+Agentation.swift
SwiftCompile normal arm64 Compiling\ SettingsScreenView.swift,\ ToolbarView.swift /Users/admin/builder/spi-builder-workspace/Sources/Agentation/Views/SettingsScreenView.swift /Users/admin/builder/spi-builder-workspace/Sources/Agentation/Views/ToolbarView.swift (in target 'Agentation' from project 'Agentation')
SwiftCompile normal arm64 /Users/admin/builder/spi-builder-workspace/Sources/Agentation/Views/SettingsScreenView.swift (in target 'Agentation' from project 'Agentation')
    cd /Users/admin/builder/spi-builder-workspace/.swiftpm/xcode
    builtin-SwiftPerFileCompile SettingsScreenView.swift
SwiftCompile normal arm64 /Users/admin/builder/spi-builder-workspace/Sources/Agentation/Views/ToolbarView.swift (in target 'Agentation' from project 'Agentation')
    cd /Users/admin/builder/spi-builder-workspace/.swiftpm/xcode
    builtin-SwiftPerFileCompile ToolbarView.swift
SwiftCompile normal arm64 Compiling\ AccessibilityElementInfo.swift,\ DisplayLinkTarget.swift,\ HitTestable.swift /Users/admin/builder/spi-builder-workspace/Sources/Agentation/Internal/AccessibilityElementInfo.swift /Users/admin/builder/spi-builder-workspace/Sources/Agentation/Internal/DisplayLinkTarget.swift /Users/admin/builder/spi-builder-workspace/Sources/Agentation/Internal/HitTestable.swift (in target 'Agentation' from project 'Agentation')
/Users/admin/builder/spi-builder-workspace/Sources/Agentation/Internal/DisplayLinkTarget.swift:5:30: error: 'CADisplayLink' is unavailable in watchOS
 3 | final class DisplayLinkTarget: @unchecked Sendable {
 4 |
 5 |     private var displayLink: CADisplayLink?
   |                              `- error: 'CADisplayLink' is unavailable in watchOS
 6 |
 7 |     private let action: @MainActor () -> Void
/Applications/Xcode-27.0.0.app/Contents/Developer/Platforms/WatchOS.platform/Developer/SDKs/WatchOS27.0.sdk/System/Library/Frameworks/QuartzCore.framework/Headers/CADisplayLink.h:21:12: note: 'CADisplayLink' has been explicitly marked unavailable here
 19 | API_AVAILABLE(macos(14.0))
 20 |
 21 | @interface CADisplayLink : NSObject
    |            `- note: 'CADisplayLink' has been explicitly marked unavailable here
 22 | {
 23 | @private
/Users/admin/builder/spi-builder-workspace/Sources/Agentation/Internal/DisplayLinkTarget.swift:16:20: error: 'CADisplayLink' is unavailable in watchOS
14 |     @MainActor
15 |     func start() {
16 |         let link = CADisplayLink(target: self, selector: #selector(tick))
   |                    `- error: 'CADisplayLink' is unavailable in watchOS
17 |         link.add(to: .main, forMode: .common)
18 |         displayLink = link
/Applications/Xcode-27.0.0.app/Contents/Developer/Platforms/WatchOS.platform/Developer/SDKs/WatchOS27.0.sdk/System/Library/Frameworks/QuartzCore.framework/Headers/CADisplayLink.h:21:12: note: 'CADisplayLink' has been explicitly marked unavailable here
 19 | API_AVAILABLE(macos(14.0))
 20 |
 21 | @interface CADisplayLink : NSObject
    |            `- note: 'CADisplayLink' has been explicitly marked unavailable here
 22 | {
 23 | @private
Failed frontend command:
/Applications/Xcode-27.0.0.app/Contents/Developer/Toolchains/XcodeDefault.xctoolchain/usr/bin/swift-frontend -frontend -c /Users/admin/builder/spi-builder-workspace/Sources/Agentation/Core/AccessibilityHierarchyDataSource.swift /Users/admin/builder/spi-builder-workspace/Sources/Agentation/Core/Agentation.swift /Users/admin/builder/spi-builder-workspace/Sources/Agentation/Core/CaptureSession.swift /Users/admin/builder/spi-builder-workspace/Sources/Agentation/Core/ElementProtocol.swift /Users/admin/builder/spi-builder-workspace/Sources/Agentation/Core/FeedbackItem.swift /Users/admin/builder/spi-builder-workspace/Sources/Agentation/Core/HierarchyDataSource.swift /Users/admin/builder/spi-builder-workspace/Sources/Agentation/Core/HierarchySnapshot.swift /Users/admin/builder/spi-builder-workspace/Sources/Agentation/Core/ViewHierarchyDataSource.swift /Users/admin/builder/spi-builder-workspace/Sources/Agentation/Extensions/View+Agentation.swift -primary-file /Users/admin/builder/spi-builder-workspace/Sources/Agentation/Internal/AccessibilityElementInfo.swift -primary-file /Users/admin/builder/spi-builder-workspace/Sources/Agentation/Internal/DisplayLinkTarget.swift -primary-file /Users/admin/builder/spi-builder-workspace/Sources/Agentation/Internal/HitTestable.swift /Users/admin/builder/spi-builder-workspace/Sources/Agentation/Internal/OverlayWindow.swift /Users/admin/builder/spi-builder-workspace/Sources/Agentation/Internal/PassThroughHostingView.swift /Users/admin/builder/spi-builder-workspace/Sources/Agentation/Internal/PassThroughHostingViewController.swift /Users/admin/builder/spi-builder-workspace/Sources/Agentation/Internal/UIUtils.swift /Users/admin/builder/spi-builder-workspace/Sources/Agentation/Internal/ViewElementInfo.swift /Users/admin/builder/spi-builder-workspace/Sources/Agentation/Internal/WeakRef.swift /Users/admin/builder/spi-builder-workspace/Sources/Agentation/Views/CaptureOverlayView.swift /Users/admin/builder/spi-builder-workspace/Sources/Agentation/Views/FeedbackScreenView.swift /Users/admin/builder/spi-builder-workspace/Sources/Agentation/Views/IdleBadgesView.swift /Users/admin/builder/spi-builder-workspace/Sources/Agentation/Views/OverlayRootView.swift /Users/admin/builder/spi-builder-workspace/Sources/Agentation/Views/PausedOverlayView.swift /Users/admin/builder/spi-builder-workspace/Sources/Agentation/Views/PreviewScreenView.swift /Users/admin/builder/spi-builder-workspace/Sources/Agentation/Views/SettingsScreenView.swift /Users/admin/builder/spi-builder-workspace/Sources/Agentation/Views/ToolbarView.swift -supplementary-output-file-map /Users/admin/builder/spi-builder-workspace/.derivedData/Build/Intermediates.noindex/Agentation.build/Debug-watchos/Agentation-t.build/Objects-normal/arm64/supplementaryOutputs-4 -target arm64-apple-watchos10.0 -disable-cross-import-overlay-search -load-resolved-plugin /Applications/Xcode-27.0.0.app/Contents/Developer/Platforms/WatchOS.platform/Developer/usr/lib/swift/host/plugins/libFoundationMacros.dylib\#/Applications/Xcode-27.0.0.app/Contents/Developer/Platforms/WatchOS.platform/Developer/usr/bin/swift-plugin-server\#FoundationMacros -load-resolved-plugin /Applications/Xcode-27.0.0.app/Contents/Developer/Platforms/WatchOS.platform/Developer/usr/lib/swift/host/plugins/libObservationMacros.dylib\#/Applications/Xcode-27.0.0.app/Contents/Developer/Platforms/WatchOS.platform/Developer/usr/bin/swift-plugin-server\#ObservationMacros -load-resolved-plugin /Applications/Xcode-27.0.0.app/Contents/Developer/Platforms/WatchOS.platform/Developer/usr/lib/swift/host/plugins/libPreviewsMacros.dylib\#/Applications/Xcode-27.0.0.app/Contents/Developer/Platforms/WatchOS.platform/Developer/usr/bin/swift-plugin-server\#PreviewsMacros -load-resolved-plugin /Applications/Xcode-27.0.0.app/Contents/Developer/Platforms/WatchOS.platform/Developer/usr/lib/swift/host/plugins/libSwiftMacros.dylib\#/Applications/Xcode-27.0.0.app/Contents/Developer/Platforms/WatchOS.platform/Developer/usr/bin/swift-plugin-server\#SwiftMacros -load-resolved-plugin /Applications/Xcode-27.0.0.app/Contents/Developer/Platforms/WatchOS.platform/Developer/usr/lib/swift/host/plugins/libSwiftUIMacros.dylib\#/Applications/Xcode-27.0.0.app/Contents/Developer/Platforms/WatchOS.platform/Developer/usr/bin/swift-plugin-server\#SwiftUIMacros -disable-implicit-swift-modules -Xcc -fno-implicit-modules -Xcc -fno-implicit-module-maps -explicit-swift-module-map-file /Users/admin/builder/spi-builder-workspace/.derivedData/Build/Intermediates.noindex/Agentation.build/Debug-watchos/Agentation-t.build/Objects-normal/arm64/Agentation-dependencies-1.json -Xllvm -aarch64-use-tbi -enable-objc-interop -stack-check -sdk /Applications/Xcode-27.0.0.app/Contents/Developer/Platforms/WatchOS.platform/Developer/SDKs/WatchOS27.0.sdk -I /Users/admin/builder/spi-builder-workspace/.derivedData/Build/Products/Debug-watchos -Isystem /Applications/Xcode-27.0.0.app/Contents/Developer/Platforms/WatchOS.platform/Developer/usr/lib -F /Users/admin/builder/spi-builder-workspace/.derivedData/Build/Products/Debug-watchos/PackageFrameworks -F /Users/admin/builder/spi-builder-workspace/.derivedData/Build/Products/Debug-watchos -F /Applications/Xcode-27.0.0.app/Contents/Developer/Platforms/WatchOS.platform/Developer/Library/Frameworks -F /Applications/Xcode-27.0.0.app/Contents/Developer/Platforms/WatchOS.platform/Developer/SDKs/WatchOS27.0.sdk/Developer/Library/Frameworks -module-cache-path /Users/admin/builder/spi-builder-workspace/.derivedData/Build/Intermediates.noindex/SwiftExplicitPrecompiledModules -no-color-diagnostics -Xcc -fno-color-diagnostics -enable-testing -g -debug-info-format\=dwarf -dwarf-version\=4 -profile-generate -profile-coverage-mapping -swift-version 5 -Onone -D SWIFT_PACKAGE -D DEBUG -D SWIFT_MODULE_RESOURCE_BUNDLE_UNAVAILABLE -D Xcode -serialize-debugging-options -enable-experimental-feature DebugDescriptionMacro -empty-abi-descriptor -validate-clang-modules-once -clang-build-session-file /Users/admin/builder/spi-builder-workspace/.derivedData/ModuleCache.noindex/Session.modulevalidation -Xcc -working-directory -Xcc /Users/admin/builder/spi-builder-workspace/.swiftpm/xcode -enable-anonymous-context-mangled-names -file-compilation-dir /Users/admin/builder/spi-builder-workspace/.swiftpm/xcode -Xcc -D_LIBCPP_HARDENING_MODE\=_LIBCPP_HARDENING_MODE_DEBUG -Xcc -ivfsstatcache -Xcc /Users/admin/builder/spi-builder-workspace/.derivedData/SDKStatCaches.noindex/watchos27.0-24R360-e829b21a6f8c9b70876ba0858053c044b9db9bc9c079ee3c7b5f3373b13d10bc.sdkstatcache -Xcc -fmodules-prune-interval\=86400 -Xcc -fmodules-prune-after\=345600 -Xcc -I/Users/admin/builder/spi-builder-workspace/.derivedData/Build/Products/Debug-watchos/include -Xcc -I/Users/admin/builder/spi-builder-workspace/.derivedData/Build/Intermediates.noindex/Agentation.build/Debug-watchos/Agentation-t.build/DerivedSources-normal/arm64 -Xcc -I/Users/admin/builder/spi-builder-workspace/.derivedData/Build/Intermediates.noindex/Agentation.build/Debug-watchos/Agentation-t.build/DerivedSources/arm64 -Xcc -I/Users/admin/builder/spi-builder-workspace/.derivedData/Build/Intermediates.noindex/Agentation.build/Debug-watchos/Agentation-t.build/DerivedSources -Xcc -DSWIFT_PACKAGE -Xcc -DDEBUG\=1 -no-auto-bridging-header-chaining -module-name Agentation -package-name spi_builder_workspace -const-gather-protocols-file /Users/admin/builder/spi-builder-workspace/.derivedData/Build/Intermediates.noindex/Agentation.build/Debug-watchos/Agentation-t.build/Objects-normal/arm64/Agentation_const_extract_protocols.json -disable-clang-spi -clang-target arm64-apple-watchos27.0 -target-sdk-version 27.0 -target-sdk-name watchos27.0 -in-process-plugin-server-path /Applications/Xcode-27.0.0.app/Contents/Developer/Toolchains/XcodeDefault.xctoolchain/usr/lib/swift/host/libSwiftInProcPluginServer.dylib -parse-as-library -o /Users/admin/builder/spi-builder-workspace/.derivedData/Build/Intermediates.noindex/Agentation.build/Debug-watchos/Agentation-t.build/Objects-normal/arm64/AccessibilityElementInfo.o -o /Users/admin/builder/spi-builder-workspace/.derivedData/Build/Intermediates.noindex/Agentation.build/Debug-watchos/Agentation-t.build/Objects-normal/arm64/DisplayLinkTarget.o -o /Users/admin/builder/spi-builder-workspace/.derivedData/Build/Intermediates.noindex/Agentation.build/Debug-watchos/Agentation-t.build/Objects-normal/arm64/HitTestable.o -debug-module-path /Users/admin/builder/spi-builder-workspace/.derivedData/Build/Intermediates.noindex/Agentation.build/Debug-watchos/Agentation-t.build/Objects-normal/arm64/Agentation.swiftmodule -index-unit-output-path /Agentation.build/Debug-watchos/Agentation-t.build/Objects-normal/arm64/AccessibilityElementInfo.o -index-unit-output-path /Agentation.build/Debug-watchos/Agentation-t.build/Objects-normal/arm64/DisplayLinkTarget.o -index-unit-output-path /Agentation.build/Debug-watchos/Agentation-t.build/Objects-normal/arm64/HitTestable.o -index-store-path /Users/admin/builder/spi-builder-workspace/.derivedData/Index.noindex/DataStore -index-system-modules
SwiftCompile normal arm64 /Users/admin/builder/spi-builder-workspace/Sources/Agentation/Internal/AccessibilityElementInfo.swift (in target 'Agentation' from project 'Agentation')
    cd /Users/admin/builder/spi-builder-workspace/.swiftpm/xcode
    builtin-SwiftPerFileCompile AccessibilityElementInfo.swift
SwiftCompile normal arm64 /Users/admin/builder/spi-builder-workspace/Sources/Agentation/Internal/DisplayLinkTarget.swift (in target 'Agentation' from project 'Agentation')
    cd /Users/admin/builder/spi-builder-workspace/.swiftpm/xcode
    builtin-SwiftPerFileCompile DisplayLinkTarget.swift
SwiftCompile normal arm64 /Users/admin/builder/spi-builder-workspace/Sources/Agentation/Internal/HitTestable.swift (in target 'Agentation' from project 'Agentation')
    cd /Users/admin/builder/spi-builder-workspace/.swiftpm/xcode
    builtin-SwiftPerFileCompile HitTestable.swift
SwiftCompile normal arm64 Compiling\ OverlayWindow.swift,\ PassThroughHostingView.swift,\ PassThroughHostingViewController.swift /Users/admin/builder/spi-builder-workspace/Sources/Agentation/Internal/OverlayWindow.swift /Users/admin/builder/spi-builder-workspace/Sources/Agentation/Internal/PassThroughHostingView.swift /Users/admin/builder/spi-builder-workspace/Sources/Agentation/Internal/PassThroughHostingViewController.swift (in target 'Agentation' from project 'Agentation')
/Users/admin/builder/spi-builder-workspace/Sources/Agentation/Internal/OverlayWindow.swift:6:18: error: cannot override 'canBecomeKey' which has been marked unavailable
 4 | final class OverlayWindow: UIWindow {
 5 |
 6 |     override var canBecomeKey: Bool {
   |                  |- error: cannot override 'canBecomeKey' which has been marked unavailable
   |                  `- note: remove 'override' modifier to declare a new 'canBecomeKey'
 7 |         Agentation.shared.isCapturing
 8 |     }
/Applications/Xcode-27.0.0.app/Contents/Developer/Platforms/WatchOS.platform/Developer/SDKs/WatchOS27.0.sdk/System/Library/Frameworks/UIKit.framework/Headers/UIWindow.h:48:38: note: 'canBecomeKey' has been explicitly marked unavailable here
 46 |
 47 | // Default is YES. Return NO to indicate the window cannot become the key window.
 48 | @property (nonatomic, readonly) BOOL canBecomeKeyWindow API_AVAILABLE(ios(15.0)) API_UNAVAILABLE(watchos);
    |                                      `- note: 'canBecomeKey' has been explicitly marked unavailable here
 49 |
 50 | // Override point for subclasses. Do not call directly. Informs the window it has become the
/Users/admin/builder/spi-builder-workspace/Sources/Agentation/Internal/OverlayWindow.swift:12:17: error: 'UIWindowScene' is unavailable in watchOS
10 |     private let overlayHostingController: PassThroughHostingViewController<OverlayRootView>
11 |
12 |     init(scene: UIWindowScene) {
   |                 `- error: 'UIWindowScene' is unavailable in watchOS
13 |         let rootVC = PassThroughHostingViewController(rootView: OverlayRootView())
14 |         rootVC.view.backgroundColor = .clear
/Applications/Xcode-27.0.0.app/Contents/Developer/Platforms/WatchOS.platform/Developer/SDKs/WatchOS27.0.sdk/System/Library/Frameworks/UIKit.framework/Headers/UIWindowScene.h:22:12: note: 'UIWindowScene' has been explicitly marked unavailable here
 20 |
 21 | UIKIT_EXTERN API_AVAILABLE(ios(13.0)) API_UNAVAILABLE(watchos) NS_SWIFT_UI_ACTOR
 22 | @interface UIWindowScene : UIScene
    |            `- note: 'UIWindowScene' has been explicitly marked unavailable here
 23 |
 24 | #pragma mark Geometry
/Users/admin/builder/spi-builder-workspace/Sources/Agentation/Internal/OverlayWindow.swift:29:57: error: 'UIEvent' is unavailable in watchOS
27 |     }
28 |
29 |     override func hitTest(_ point: CGPoint, with event: UIEvent?) -> UIView? {
   |                                                         `- error: 'UIEvent' is unavailable in watchOS
30 |         guard let result = super.hitTest(point, with: event), result != self else {
31 |             return nil
/Applications/Xcode-27.0.0.app/Contents/Developer/Platforms/WatchOS.platform/Developer/SDKs/WatchOS27.0.sdk/System/Library/Frameworks/UIKit.framework/Headers/UIEvent.h:62:12: note: 'UIEvent' has been explicitly marked unavailable here
60 |
61 | UIKIT_EXTERN API_AVAILABLE(ios(2.0)) API_UNAVAILABLE(watchos) NS_SWIFT_UI_ACTOR
62 | @interface UIEvent : NSObject
   |            `- note: 'UIEvent' has been explicitly marked unavailable here
63 |
64 | @property(nonatomic,readonly) UIEventType     type API_AVAILABLE(ios(3.0));
/Users/admin/builder/spi-builder-workspace/Sources/Agentation/Internal/OverlayWindow.swift:29:70: error: 'UIView' is unavailable in watchOS
27 |     }
28 |
29 |     override func hitTest(_ point: CGPoint, with event: UIEvent?) -> UIView? {
   |                                                                      `- error: 'UIView' is unavailable in watchOS
30 |         guard let result = super.hitTest(point, with: event), result != self else {
31 |             return nil
/Applications/Xcode-27.0.0.app/Contents/Developer/Platforms/WatchOS.platform/Developer/SDKs/WatchOS27.0.sdk/System/Library/Frameworks/UIKit.framework/Headers/UIView.h:152:12: note: 'UIView' has been explicitly marked unavailable here
150 |
151 | UIKIT_EXTERN API_AVAILABLE(ios(2.0)) API_UNAVAILABLE(watchos) NS_SWIFT_UI_ACTOR
152 | @interface UIView : UIResponder <NSCoding, UIAppearance, UIAppearanceContainer, UIDynamicItem, UITraitEnvironment, UICoordinateSpace, UIFocusItem, UIFocusItemContainer, CALayerDelegate>
    |            `- note: 'UIView' has been explicitly marked unavailable here
153 |
154 | @property(class, nonatomic, readonly) Class layerClass;                        // default is [CALayer class]. Used when creating the underlying layer for the view.
/Users/admin/builder/spi-builder-workspace/Sources/Agentation/Internal/OverlayWindow.swift:4:28: error: 'UIWindow' is unavailable in watchOS
 2 | import SwiftUI
 3 |
 4 | final class OverlayWindow: UIWindow {
   |                            `- error: 'UIWindow' is unavailable in watchOS
 5 |
 6 |     override var canBecomeKey: Bool {
/Applications/Xcode-27.0.0.app/Contents/Developer/Platforms/WatchOS.platform/Developer/SDKs/WatchOS27.0.sdk/System/Library/Frameworks/UIKit.framework/Headers/UIWindow.h:22:12: note: 'UIWindow' has been explicitly marked unavailable here
 20 |
 21 | UIKIT_EXTERN API_AVAILABLE(ios(2.0)) API_UNAVAILABLE(watchos) NS_SWIFT_UI_ACTOR
 22 | @interface UIWindow : UIView
    |            `- note: 'UIWindow' has been explicitly marked unavailable here
 23 |
 24 | // instantiate a UIWindow already associated with a given UIWindowScene instance, with matching frame & interface orientations.
SwiftCompile normal arm64 /Users/admin/builder/spi-builder-workspace/Sources/Agentation/Internal/OverlayWindow.swift (in target 'Agentation' from project 'Agentation')
    cd /Users/admin/builder/spi-builder-workspace/.swiftpm/xcode
    builtin-SwiftPerFileCompile OverlayWindow.swift
SwiftCompile normal arm64 /Users/admin/builder/spi-builder-workspace/Sources/Agentation/Internal/PassThroughHostingView.swift (in target 'Agentation' from project 'Agentation')
    cd /Users/admin/builder/spi-builder-workspace/.swiftpm/xcode
    builtin-SwiftPerFileCompile PassThroughHostingView.swift
SwiftCompile normal arm64 /Users/admin/builder/spi-builder-workspace/Sources/Agentation/Internal/PassThroughHostingViewController.swift (in target 'Agentation' from project 'Agentation')
    cd /Users/admin/builder/spi-builder-workspace/.swiftpm/xcode
    builtin-SwiftPerFileCompile PassThroughHostingViewController.swift
SwiftCompile normal arm64 Compiling\ PausedOverlayView.swift,\ PreviewScreenView.swift /Users/admin/builder/spi-builder-workspace/Sources/Agentation/Views/PausedOverlayView.swift /Users/admin/builder/spi-builder-workspace/Sources/Agentation/Views/PreviewScreenView.swift (in target 'Agentation' from project 'Agentation')
SwiftCompile normal arm64 /Users/admin/builder/spi-builder-workspace/Sources/Agentation/Views/PausedOverlayView.swift (in target 'Agentation' from project 'Agentation')
    cd /Users/admin/builder/spi-builder-workspace/.swiftpm/xcode
    builtin-SwiftPerFileCompile PausedOverlayView.swift
SwiftCompile normal arm64 /Users/admin/builder/spi-builder-workspace/Sources/Agentation/Views/PreviewScreenView.swift (in target 'Agentation' from project 'Agentation')
    cd /Users/admin/builder/spi-builder-workspace/.swiftpm/xcode
    builtin-SwiftPerFileCompile PreviewScreenView.swift
SwiftCompile normal arm64 Compiling\ IdleBadgesView.swift,\ OverlayRootView.swift /Users/admin/builder/spi-builder-workspace/Sources/Agentation/Views/IdleBadgesView.swift /Users/admin/builder/spi-builder-workspace/Sources/Agentation/Views/OverlayRootView.swift (in target 'Agentation' from project 'Agentation')
SwiftCompile normal arm64 /Users/admin/builder/spi-builder-workspace/Sources/Agentation/Views/IdleBadgesView.swift (in target 'Agentation' from project 'Agentation')
    cd /Users/admin/builder/spi-builder-workspace/.swiftpm/xcode
    builtin-SwiftPerFileCompile IdleBadgesView.swift
SwiftCompile normal arm64 /Users/admin/builder/spi-builder-workspace/Sources/Agentation/Views/OverlayRootView.swift (in target 'Agentation' from project 'Agentation')
    cd /Users/admin/builder/spi-builder-workspace/.swiftpm/xcode
    builtin-SwiftPerFileCompile OverlayRootView.swift
SwiftCompile normal arm64 Compiling\ CaptureOverlayView.swift,\ FeedbackScreenView.swift /Users/admin/builder/spi-builder-workspace/Sources/Agentation/Views/CaptureOverlayView.swift /Users/admin/builder/spi-builder-workspace/Sources/Agentation/Views/FeedbackScreenView.swift (in target 'Agentation' from project 'Agentation')
SwiftCompile normal arm64 /Users/admin/builder/spi-builder-workspace/Sources/Agentation/Views/CaptureOverlayView.swift (in target 'Agentation' from project 'Agentation')
    cd /Users/admin/builder/spi-builder-workspace/.swiftpm/xcode
    builtin-SwiftPerFileCompile CaptureOverlayView.swift
SwiftCompile normal arm64 /Users/admin/builder/spi-builder-workspace/Sources/Agentation/Views/FeedbackScreenView.swift (in target 'Agentation' from project 'Agentation')
    cd /Users/admin/builder/spi-builder-workspace/.swiftpm/xcode
    builtin-SwiftPerFileCompile FeedbackScreenView.swift
SwiftCompile normal arm64 Compiling\ UIUtils.swift,\ ViewElementInfo.swift,\ WeakRef.swift /Users/admin/builder/spi-builder-workspace/Sources/Agentation/Internal/UIUtils.swift /Users/admin/builder/spi-builder-workspace/Sources/Agentation/Internal/ViewElementInfo.swift /Users/admin/builder/spi-builder-workspace/Sources/Agentation/Internal/WeakRef.swift (in target 'Agentation' from project 'Agentation')
/Users/admin/builder/spi-builder-workspace/Sources/Agentation/Internal/UIUtils.swift:6:48: error: 'UIView' is unavailable in watchOS
 4 | enum UIUtils {
 5 |
 6 |     static func owningViewController(for view: UIView) -> UIViewController? {
   |                                                `- error: 'UIView' is unavailable in watchOS
 7 |         var current: UIView? = view
 8 |         while let v = current {
/Applications/Xcode-27.0.0.app/Contents/Developer/Platforms/WatchOS.platform/Developer/SDKs/WatchOS27.0.sdk/System/Library/Frameworks/UIKit.framework/Headers/UIView.h:152:12: note: 'UIView' has been explicitly marked unavailable here
150 |
151 | UIKIT_EXTERN API_AVAILABLE(ios(2.0)) API_UNAVAILABLE(watchos) NS_SWIFT_UI_ACTOR
152 | @interface UIView : UIResponder <NSCoding, UIAppearance, UIAppearanceContainer, UIDynamicItem, UITraitEnvironment, UICoordinateSpace, UIFocusItem, UIFocusItemContainer, CALayerDelegate>
    |            `- note: 'UIView' has been explicitly marked unavailable here
153 |
154 | @property(class, nonatomic, readonly) Class layerClass;                        // default is [CALayer class]. Used when creating the underlying layer for the view.
/Users/admin/builder/spi-builder-workspace/Sources/Agentation/Internal/UIUtils.swift:6:59: error: 'UIViewController' is unavailable in watchOS
 4 | enum UIUtils {
 5 |
 6 |     static func owningViewController(for view: UIView) -> UIViewController? {
   |                                                           `- error: 'UIViewController' is unavailable in watchOS
 7 |         var current: UIView? = view
 8 |         while let v = current {
/Applications/Xcode-27.0.0.app/Contents/Developer/Platforms/WatchOS.platform/Developer/SDKs/WatchOS27.0.sdk/System/Library/Frameworks/UIKit.framework/Headers/UIViewController.h:104:12: note: 'UIViewController' has been explicitly marked unavailable here
102 |
103 | UIKIT_EXTERN API_AVAILABLE(ios(2.0)) API_UNAVAILABLE(watchos) NS_SWIFT_UI_ACTOR
104 | @interface UIViewController : UIResponder <NSCoding, UIAppearanceContainer, UITraitEnvironment, UIContentContainer, UIFocusEnvironment>
    |            `- note: 'UIViewController' has been explicitly marked unavailable here
105 |
106 | /*
/Users/admin/builder/spi-builder-workspace/Sources/Agentation/Internal/UIUtils.swift:7:22: error: 'UIView' is unavailable in watchOS
 5 |
 6 |     static func owningViewController(for view: UIView) -> UIViewController? {
 7 |         var current: UIView? = view
   |                      `- error: 'UIView' is unavailable in watchOS
 8 |         while let v = current {
 9 |             if let vc = v.value(forKey: "viewDelegate") as? UIViewController,
/Applications/Xcode-27.0.0.app/Contents/Developer/Platforms/WatchOS.platform/Developer/SDKs/WatchOS27.0.sdk/System/Library/Frameworks/UIKit.framework/Headers/UIView.h:152:12: note: 'UIView' has been explicitly marked unavailable here
150 |
151 | UIKIT_EXTERN API_AVAILABLE(ios(2.0)) API_UNAVAILABLE(watchos) NS_SWIFT_UI_ACTOR
152 | @interface UIView : UIResponder <NSCoding, UIAppearance, UIAppearanceContainer, UIDynamicItem, UITraitEnvironment, UICoordinateSpace, UIFocusItem, UIFocusItemContainer, CALayerDelegate>
    |            `- note: 'UIView' has been explicitly marked unavailable here
153 |
154 | @property(class, nonatomic, readonly) Class layerClass;                        // default is [CALayer class]. Used when creating the underlying layer for the view.
/Users/admin/builder/spi-builder-workspace/Sources/Agentation/Internal/UIUtils.swift:9:61: error: 'UIViewController' is unavailable in watchOS
 7 |         var current: UIView? = view
 8 |         while let v = current {
 9 |             if let vc = v.value(forKey: "viewDelegate") as? UIViewController,
   |                                                             `- error: 'UIViewController' is unavailable in watchOS
10 |                !(vc is UINavigationController),
11 |                !(vc is UITabBarController) {
/Applications/Xcode-27.0.0.app/Contents/Developer/Platforms/WatchOS.platform/Developer/SDKs/WatchOS27.0.sdk/System/Library/Frameworks/UIKit.framework/Headers/UIViewController.h:104:12: note: 'UIViewController' has been explicitly marked unavailable here
102 |
103 | UIKIT_EXTERN API_AVAILABLE(ios(2.0)) API_UNAVAILABLE(watchos) NS_SWIFT_UI_ACTOR
104 | @interface UIViewController : UIResponder <NSCoding, UIAppearanceContainer, UITraitEnvironment, UIContentContainer, UIFocusEnvironment>
    |            `- note: 'UIViewController' has been explicitly marked unavailable here
105 |
106 | /*
/Users/admin/builder/spi-builder-workspace/Sources/Agentation/Internal/UIUtils.swift:10:24: error: 'UINavigationController' is unavailable in watchOS
 8 |         while let v = current {
 9 |             if let vc = v.value(forKey: "viewDelegate") as? UIViewController,
10 |                !(vc is UINavigationController),
   |                        `- error: 'UINavigationController' is unavailable in watchOS
11 |                !(vc is UITabBarController) {
12 |                 return vc
/Applications/Xcode-27.0.0.app/Contents/Developer/Platforms/WatchOS.platform/Developer/SDKs/WatchOS27.0.sdk/System/Library/Frameworks/UIKit.framework/Headers/UINavigationController.h:46:12: note: 'UINavigationController' has been explicitly marked unavailable here
 44 |
 45 | UIKIT_EXTERN API_AVAILABLE(ios(2.0)) API_UNAVAILABLE(watchos) NS_SWIFT_UI_ACTOR
 46 | @interface UINavigationController : UIViewController
    |            `- note: 'UINavigationController' has been explicitly marked unavailable here
 47 |
 48 |
SwiftCompile normal arm64 /Users/admin/builder/spi-builder-workspace/Sources/Agentation/Internal/UIUtils.swift (in target 'Agentation' from project 'Agentation')
    cd /Users/admin/builder/spi-builder-workspace/.swiftpm/xcode
    builtin-SwiftPerFileCompile UIUtils.swift
SwiftCompile normal arm64 /Users/admin/builder/spi-builder-workspace/Sources/Agentation/Internal/ViewElementInfo.swift (in target 'Agentation' from project 'Agentation')
    cd /Users/admin/builder/spi-builder-workspace/.swiftpm/xcode
    builtin-SwiftPerFileCompile ViewElementInfo.swift
SwiftCompile normal arm64 /Users/admin/builder/spi-builder-workspace/Sources/Agentation/Internal/WeakRef.swift (in target 'Agentation' from project 'Agentation')
    cd /Users/admin/builder/spi-builder-workspace/.swiftpm/xcode
    builtin-SwiftPerFileCompile WeakRef.swift
SwiftCompile normal arm64 Compiling\ AccessibilityHierarchyDataSource.swift,\ Agentation.swift,\ CaptureSession.swift /Users/admin/builder/spi-builder-workspace/Sources/Agentation/Core/AccessibilityHierarchyDataSource.swift /Users/admin/builder/spi-builder-workspace/Sources/Agentation/Core/Agentation.swift /Users/admin/builder/spi-builder-workspace/Sources/Agentation/Core/CaptureSession.swift (in target 'Agentation' from project 'Agentation')
/Users/admin/builder/spi-builder-workspace/Sources/Agentation/Core/AccessibilityHierarchyDataSource.swift:55:20: error: 'isAccessibilityElement' is unavailable in watchOS
 53 |         }
 54 |
 55 |         if element.isAccessibilityElement {
    |                    `- error: 'isAccessibilityElement' is unavailable in watchOS
 56 |             let frame = accessibilityFrame(for: element)
 57 |             guard frame.width > 0, frame.height > 0 else {
/Applications/Xcode-27.0.0.app/Contents/Developer/Platforms/WatchOS.platform/Developer/SDKs/WatchOS27.0.sdk/System/Library/Frameworks/UIKit.framework/Headers/UIAccessibility.h:52:28: note: 'isAccessibilityElement' has been explicitly marked unavailable here
 50 |  Setting the property to YES will cause the receiver to be visible to assistive applications.
 51 |  */
 52 | @property (nonatomic) BOOL isAccessibilityElement API_UNAVAILABLE(watchos) NS_SWIFT_UI_ACTOR;
    |                            `- note: 'isAccessibilityElement' has been explicitly marked unavailable here
 53 |
 54 | /*
/Users/admin/builder/spi-builder-workspace/Sources/Agentation/Core/AccessibilityHierarchyDataSource.swift:61:33: error: 'accessibilityLabel' is unavailable in watchOS
 59 |             }
 60 |
 61 |             let label = element.accessibilityLabel ?? ""
    |                                 `- error: 'accessibilityLabel' is unavailable in watchOS
 62 |             let value = element.accessibilityValue ?? ""
 63 |             let hint = element.accessibilityHint ?? ""
/Applications/Xcode-27.0.0.app/Contents/Developer/Platforms/WatchOS.platform/Developer/SDKs/WatchOS27.0.sdk/System/Library/Frameworks/UIKit.framework/Headers/UIAccessibility.h:64:49: note: 'accessibilityLabel' has been explicitly marked unavailable here
 62 |  Setting the property will change the label that is returned to the accessibility client.
 63 |  */
 64 | @property (nullable, nonatomic, copy) NSString *accessibilityLabel API_UNAVAILABLE(watchos) NS_SWIFT_UI_ACTOR;
    |                                                 `- note: 'accessibilityLabel' has been explicitly marked unavailable here
 65 |
 66 | /*
/Users/admin/builder/spi-builder-workspace/Sources/Agentation/Core/AccessibilityHierarchyDataSource.swift:62:33: error: 'accessibilityValue' is unavailable in watchOS
 60 |
 61 |             let label = element.accessibilityLabel ?? ""
 62 |             let value = element.accessibilityValue ?? ""
    |                                 `- error: 'accessibilityValue' is unavailable in watchOS
 63 |             let hint = element.accessibilityHint ?? ""
 64 |             let traits = element.accessibilityTraits
/Applications/Xcode-27.0.0.app/Contents/Developer/Platforms/WatchOS.platform/Developer/SDKs/WatchOS27.0.sdk/System/Library/Frameworks/UIKit.framework/Headers/UIAccessibility.h:95:49: note: 'accessibilityValue' has been explicitly marked unavailable here
 93 |  Setting the property will change the value that is returned to the accessibility client.
 94 |  */
 95 | @property (nullable, nonatomic, copy) NSString *accessibilityValue API_UNAVAILABLE(watchos) NS_SWIFT_UI_ACTOR;
    |                                                 `- note: 'accessibilityValue' has been explicitly marked unavailable here
 96 |
 97 | /*
/Users/admin/builder/spi-builder-workspace/Sources/Agentation/Core/AccessibilityHierarchyDataSource.swift:63:32: error: 'accessibilityHint' is unavailable in watchOS
 61 |             let label = element.accessibilityLabel ?? ""
 62 |             let value = element.accessibilityValue ?? ""
 63 |             let hint = element.accessibilityHint ?? ""
    |                                `- error: 'accessibilityHint' is unavailable in watchOS
 64 |             let traits = element.accessibilityTraits
 65 |             let role = roleFromTraits(traits)
/Applications/Xcode-27.0.0.app/Contents/Developer/Platforms/WatchOS.platform/Developer/SDKs/WatchOS27.0.sdk/System/Library/Frameworks/UIKit.framework/Headers/UIAccessibility.h:79:49: note: 'accessibilityHint' has been explicitly marked unavailable here
 77 |  Setting the property will change the hint that is returned to the accessibility client.
 78 |  */
 79 | @property (nullable, nonatomic, copy) NSString *accessibilityHint API_UNAVAILABLE(watchos) NS_SWIFT_UI_ACTOR;
    |                                                 `- note: 'accessibilityHint' has been explicitly marked unavailable here
 80 |
 81 | /*
/Users/admin/builder/spi-builder-workspace/Sources/Agentation/Core/AccessibilityHierarchyDataSource.swift:64:34: error: 'accessibilityTraits' is unavailable in watchOS
 62 |             let value = element.accessibilityValue ?? ""
 63 |             let hint = element.accessibilityHint ?? ""
 64 |             let traits = element.accessibilityTraits
    |                                  `- error: 'accessibilityTraits' is unavailable in watchOS
 65 |             let role = roleFromTraits(traits)
 66 |             let vcName = viewControllerName(for: element)
/Applications/Xcode-27.0.0.app/Contents/Developer/Platforms/WatchOS.platform/Developer/SDKs/WatchOS27.0.sdk/System/Library/Frameworks/UIKit.framework/Headers/UIAccessibility.h:113:45: note: 'accessibilityTraits' has been explicitly marked unavailable here
111 |  Setting the property will change the traits that are returned to the accessibility client.
112 |  */
113 | @property (nonatomic) UIAccessibilityTraits accessibilityTraits API_UNAVAILABLE(watchos) NS_SWIFT_UI_ACTOR;
    |                                             `- note: 'accessibilityTraits' has been explicitly marked unavailable here
114 |
115 | /*
/Users/admin/builder/spi-builder-workspace/Sources/Agentation/Core/AccessibilityHierarchyDataSource.swift:88:41: error: 'accessibilityElements' is unavailable in watchOS
 86 |         var results: [AccessibilityElementInfo] = []
 87 |
 88 |         if let customElements = element.accessibilityElements {
    |                                         `- error: 'accessibilityElements' is unavailable in watchOS
 89 |             for child in customElements {
 90 |                 guard let childObj = child as? NSObject else {
/Applications/Xcode-27.0.0.app/Contents/Developer/Platforms/WatchOS.platform/Developer/SDKs/WatchOS27.0.sdk/System/Library/Frameworks/UIKit.framework/Headers/UIAccessibilityContainer.h:53:50: note: 'accessibilityElements' has been explicitly marked unavailable here
 51 | // This can be used as an alternative to implementing the dynamic methods.
 52 | // default == nil
 53 | @property (nullable, nonatomic, strong) NSArray *accessibilityElements API_AVAILABLE(ios(8.0)) API_UNAVAILABLE(watchos) NS_SWIFT_UI_ACTOR;
    |                                                  `- note: 'accessibilityElements' has been explicitly marked unavailable here
 54 |
 55 | // Some containers provide more context for accessibility elements, such as tables or lists.
/Users/admin/builder/spi-builder-workspace/Sources/Agentation/Core/AccessibilityHierarchyDataSource.swift:96:33: error: 'accessibilityElementCount()' is unavailable in watchOS
 94 |             }
 95 |         } else {
 96 |             let count = element.accessibilityElementCount()
    |                                 `- error: 'accessibilityElementCount()' is unavailable in watchOS
 97 |             if count != NSNotFound && count > 0 {
 98 |                 for i in 0..<count {
/Applications/Xcode-27.0.0.app/Contents/Developer/Platforms/WatchOS.platform/Developer/SDKs/WatchOS27.0.sdk/System/Library/Frameworks/UIKit.framework/Headers/UIAccessibilityContainer.h:36:1: note: 'accessibilityElementCount()' has been explicitly marked unavailable here
 34 |  Returns the number of accessibility elements in the container.
 35 |  */
 36 | - (NSInteger)accessibilityElementCount API_UNAVAILABLE(watchos) NS_SWIFT_UI_ACTOR;
    | `- note: 'accessibilityElementCount()' has been explicitly marked unavailable here
 37 |
 38 | /*
/Users/admin/builder/spi-builder-workspace/Sources/Agentation/Core/AccessibilityHierarchyDataSource.swift:99:47: error: 'accessibilityElement(at:)' is unavailable in watchOS
 97 |             if count != NSNotFound && count > 0 {
 98 |                 for i in 0..<count {
 99 |                     guard let child = element.accessibilityElement(at: i) as? NSObject else {
    |                                               `- error: 'accessibilityElement(at:)' is unavailable in watchOS
100 |                         continue
101 |                     }
/Applications/Xcode-27.0.0.app/Contents/Developer/Platforms/WatchOS.platform/Developer/SDKs/WatchOS27.0.sdk/System/Library/Frameworks/UIKit.framework/Headers/UIAccessibilityContainer.h:42:1: note: 'accessibilityElement(at:)' has been explicitly marked unavailable here
 40 |  default == nil
 41 |  */
 42 | - (nullable id)accessibilityElementAtIndex:(NSInteger)index API_UNAVAILABLE(watchos) NS_SWIFT_UI_ACTOR;
    | `- note: 'accessibilityElement(at:)' has been explicitly marked unavailable here
 43 |
 44 | /*
/Users/admin/builder/spi-builder-workspace/Sources/Agentation/Core/AccessibilityHierarchyDataSource.swift:104:46: error: 'UIView' is unavailable in watchOS
102 |                     results.append(contentsOf: collectAccessibleElements(child, depth: depth + 1))
103 |                 }
104 |             } else if let view = element as? UIView {
    |                                              `- error: 'UIView' is unavailable in watchOS
105 |                 for subview in view.subviews {
106 |                     guard !subview.isHidden, subview.alpha > 0.01 else {
/Applications/Xcode-27.0.0.app/Contents/Developer/Platforms/WatchOS.platform/Developer/SDKs/WatchOS27.0.sdk/System/Library/Frameworks/UIKit.framework/Headers/UIView.h:152:12: note: 'UIView' has been explicitly marked unavailable here
150 |
151 | UIKIT_EXTERN API_AVAILABLE(ios(2.0)) API_UNAVAILABLE(watchos) NS_SWIFT_UI_ACTOR
152 | @interface UIView : UIResponder <NSCoding, UIAppearance, UIAppearanceContainer, UIDynamicItem, UITraitEnvironment, UICoordinateSpace, UIFocusItem, UIFocusItemContainer, CALayerDelegate>
    |            `- note: 'UIView' has been explicitly marked unavailable here
153 |
154 | @property(class, nonatomic, readonly) Class layerClass;                        // default is [CALayer class]. Used when creating the underlying layer for the view.
/Users/admin/builder/spi-builder-workspace/Sources/Agentation/Core/AccessibilityHierarchyDataSource.swift:118:29: error: 'accessibilityFrame' is unavailable in watchOS
116 |
117 |     private func accessibilityFrame(for element: NSObject) -> CGRect {
118 |         let frame = element.accessibilityFrame
    |                             `- error: 'accessibilityFrame' is unavailable in watchOS
119 |         guard frame != .zero else {
120 |             guard let view = element as? UIView else {
/Applications/Xcode-27.0.0.app/Contents/Developer/Platforms/WatchOS.platform/Developer/SDKs/WatchOS27.0.sdk/System/Library/Frameworks/UIKit.framework/Headers/UIAccessibility.h:121:30: note: 'accessibilityFrame' has been explicitly marked unavailable here
119 |  Setting the property will change the frame that is returned to the accessibility client.
120 |  */
121 | @property (nonatomic) CGRect accessibilityFrame API_UNAVAILABLE(watchos) NS_SWIFT_UI_ACTOR;
    |                              `- note: 'accessibilityFrame' has been explicitly marked unavailable here
122 |
123 | // The accessibilityFrame is expected to be in screen coordinates.
/Users/admin/builder/spi-builder-workspace/Sources/Agentation/Core/AccessibilityHierarchyDataSource.swift:120:42: error: 'UIView' is unavailable in watchOS
118 |         let frame = element.accessibilityFrame
119 |         guard frame != .zero else {
120 |             guard let view = element as? UIView else {
    |                                          `- error: 'UIView' is unavailable in watchOS
121 |                 return .zero
122 |             }
/Applications/Xcode-27.0.0.app/Contents/Developer/Platforms/WatchOS.platform/Developer/SDKs/WatchOS27.0.sdk/System/Library/Frameworks/UIKit.framework/Headers/UIView.h:152:12: note: 'UIView' has been explicitly marked unavailable here
150 |
151 | UIKIT_EXTERN API_AVAILABLE(ios(2.0)) API_UNAVAILABLE(watchos) NS_SWIFT_UI_ACTOR
152 | @interface UIView : UIResponder <NSCoding, UIAppearance, UIAppearanceContainer, UIDynamicItem, UITraitEnvironment, UICoordinateSpace, UIFocusItem, UIFocusItemContainer, CALayerDelegate>
    |            `- note: 'UIView' has been explicitly marked unavailable here
153 |
154 | @property(class, nonatomic, readonly) Class layerClass;                        // default is [CALayer class]. Used when creating the underlying layer for the view.
/Users/admin/builder/spi-builder-workspace/Sources/Agentation/Core/AccessibilityHierarchyDataSource.swift:141:19: error: 'UIView' is unavailable in watchOS
139 |
140 |     private func viewControllerName(for element: NSObject) -> String {
141 |         let view: UIView?
    |                   `- error: 'UIView' is unavailable in watchOS
142 |         if let v = element as? UIView {
143 |             view = v
/Applications/Xcode-27.0.0.app/Contents/Developer/Platforms/WatchOS.platform/Developer/SDKs/WatchOS27.0.sdk/System/Library/Frameworks/UIKit.framework/Headers/UIView.h:152:12: note: 'UIView' has been explicitly marked unavailable here
150 |
151 | UIKIT_EXTERN API_AVAILABLE(ios(2.0)) API_UNAVAILABLE(watchos) NS_SWIFT_UI_ACTOR
152 | @interface UIView : UIResponder <NSCoding, UIAppearance, UIAppearanceContainer, UIDynamicItem, UITraitEnvironment, UICoordinateSpace, UIFocusItem, UIFocusItemContainer, CALayerDelegate>
    |            `- note: 'UIView' has been explicitly marked unavailable here
153 |
154 | @property(class, nonatomic, readonly) Class layerClass;                        // default is [CALayer class]. Used when creating the underlying layer for the view.
/Users/admin/builder/spi-builder-workspace/Sources/Agentation/Core/AccessibilityHierarchyDataSource.swift:142:32: error: 'UIView' is unavailable in watchOS
140 |     private func viewControllerName(for element: NSObject) -> String {
141 |         let view: UIView?
142 |         if let v = element as? UIView {
    |                                `- error: 'UIView' is unavailable in watchOS
143 |             view = v
144 |         } else {
/Applications/Xcode-27.0.0.app/Contents/Developer/Platforms/WatchOS.platform/Developer/SDKs/WatchOS27.0.sdk/System/Library/Frameworks/UIKit.framework/Headers/UIView.h:152:12: note: 'UIView' has been explicitly marked unavailable here
150 |
151 | UIKIT_EXTERN API_AVAILABLE(ios(2.0)) API_UNAVAILABLE(watchos) NS_SWIFT_UI_ACTOR
152 | @interface UIView : UIResponder <NSCoding, UIAppearance, UIAppearanceContainer, UIDynamicItem, UITraitEnvironment, UICoordinateSpace, UIFocusItem, UIFocusItemContainer, CALayerDelegate>
    |            `- note: 'UIView' has been explicitly marked unavailable here
153 |
154 | @property(class, nonatomic, readonly) Class layerClass;                        // default is [CALayer class]. Used when creating the underlying layer for the view.
SwiftCompile normal arm64 /Users/admin/builder/spi-builder-workspace/Sources/Agentation/Core/AccessibilityHierarchyDataSource.swift (in target 'Agentation' from project 'Agentation')
    cd /Users/admin/builder/spi-builder-workspace/.swiftpm/xcode
    builtin-SwiftPerFileCompile AccessibilityHierarchyDataSource.swift
SwiftCompile normal arm64 /Users/admin/builder/spi-builder-workspace/Sources/Agentation/Core/Agentation.swift (in target 'Agentation' from project 'Agentation')
    cd /Users/admin/builder/spi-builder-workspace/.swiftpm/xcode
    builtin-SwiftPerFileCompile Agentation.swift
SwiftCompile normal arm64 /Users/admin/builder/spi-builder-workspace/Sources/Agentation/Core/CaptureSession.swift (in target 'Agentation' from project 'Agentation')
    cd /Users/admin/builder/spi-builder-workspace/.swiftpm/xcode
    builtin-SwiftPerFileCompile CaptureSession.swift
SwiftExplicitDependencyGeneratePcm arm64_32 /Users/admin/builder/spi-builder-workspace/.derivedData/SDKExplicitPrecompiledModules/SwiftUI-ADDFYS4JIT928LKYKA5YJU1G8.pcm
PruneExplicitPrecompiledModules /Users/admin/builder/spi-builder-workspace/.derivedData/Build/Intermediates.noindex/SwiftExplicitPrecompiledModules
PruneExplicitPrecompiledModules /Users/admin/builder/spi-builder-workspace/.derivedData/SDKExplicitPrecompiledModules
PruneExplicitPrecompiledModules /Users/admin/builder/spi-builder-workspace/.derivedData/Build/Intermediates.noindex/ExplicitPrecompiledModules
2026-10-29 23:51:00.706 xcodebuild[981:5674] [MT] IDERunDestination: Supported platforms for the buildables in the current scheme is empty.
** BUILD FAILED **
The following build commands failed:
	SwiftCompile normal arm64 Compiling\ AccessibilityElementInfo.swift,\ DisplayLinkTarget.swift,\ HitTestable.swift /Users/admin/builder/spi-builder-workspace/Sources/Agentation/Internal/AccessibilityElementInfo.swift /Users/admin/builder/spi-builder-workspace/Sources/Agentation/Internal/DisplayLinkTarget.swift /Users/admin/builder/spi-builder-workspace/Sources/Agentation/Internal/HitTestable.swift (in target 'Agentation' from project 'Agentation')
	SwiftCompile normal arm64 /Users/admin/builder/spi-builder-workspace/Sources/Agentation/Internal/DisplayLinkTarget.swift (in target 'Agentation' from project 'Agentation')
	Building workspace Agentation with scheme Agentation
(3 failures)
Command line invocation:
    /Applications/Xcode-27.0.0.app/Contents/Developer/usr/bin/xcodebuild -IDEClonedSourcePackagesDirPathOverride=/Users/admin/builder/spi-builder-workspace/.dependencies -resolvePackageDependencies
Resolve Package Graph
Resolved source packages:
  SwiftDocCPlugin: https://github.com/apple/swift-docc-plugin @ 1.5.0
  SymbolKit: https://github.com/swiftlang/swift-docc-symbolkit @ 1.0.0
  UniversalGlass: https://github.com/Aeastr/UniversalGlass.git @ 1.1.1
  Agentation: /Users/admin/builder/spi-builder-workspace
resolved source packages: SwiftDocCPlugin, SymbolKit, UniversalGlass, Agentation
2026-10-29 23:51:28.774 xcodebuild[1417:7577] [MT] IDERunDestination: Supported platforms for the buildables in the current scheme is empty.
{
  "dependencies" : [
    {
      "identity" : "universalglass",
      "requirement" : {
        "range" : [
          {
            "lower_bound" : "1.1.0",
            "upper_bound" : "2.0.0"
          }
        ]
      },
      "type" : "sourceControl",
      "url" : "https://github.com/Aeastr/UniversalGlass.git"
    },
    {
      "identity" : "swift-docc-plugin",
      "requirement" : {
        "range" : [
          {
            "lower_bound" : "1.0.0",
            "upper_bound" : "2.0.0"
          }
        ]
      },
      "type" : "sourceControl",
      "url" : "https://github.com/apple/swift-docc-plugin"
    }
  ],
  "manifest_display_name" : "Agentation",
  "name" : "Agentation",
  "path" : "/Users/admin/builder/spi-builder-workspace",
  "platforms" : [
    {
      "name" : "ios",
      "version" : "17.0"
    }
  ],
  "products" : [
    {
      "name" : "Agentation",
      "targets" : [
        "Agentation"
      ],
      "type" : {
        "library" : [
          "automatic"
        ]
      }
    }
  ],
  "targets" : [
    {
      "c99name" : "AgentationTests",
      "module_type" : "SwiftTarget",
      "name" : "AgentationTests",
      "path" : "Tests/AgentationTests",
      "sources" : [
        "AgentationTests.swift"
      ],
      "target_dependencies" : [
        "Agentation"
      ],
      "type" : "test"
    },
    {
      "c99name" : "Agentation",
      "module_type" : "SwiftTarget",
      "name" : "Agentation",
      "path" : "Sources/Agentation",
      "product_dependencies" : [
        "UniversalGlass"
      ],
      "product_memberships" : [
        "Agentation"
      ],
      "sources" : [
        "Core/AccessibilityHierarchyDataSource.swift",
        "Core/Agentation.swift",
        "Core/CaptureSession.swift",
        "Core/ElementProtocol.swift",
        "Core/FeedbackItem.swift",
        "Core/HierarchyDataSource.swift",
        "Core/HierarchySnapshot.swift",
        "Core/ViewHierarchyDataSource.swift",
        "Extensions/View+Agentation.swift",
        "Internal/AccessibilityElementInfo.swift",
        "Internal/DisplayLinkTarget.swift",
        "Internal/HitTestable.swift",
        "Internal/OverlayWindow.swift",
        "Internal/PassThroughHostingView.swift",
        "Internal/PassThroughHostingViewController.swift",
        "Internal/UIUtils.swift",
        "Internal/ViewElementInfo.swift",
        "Internal/WeakRef.swift",
        "Views/CaptureOverlayView.swift",
        "Views/FeedbackScreenView.swift",
        "Views/IdleBadgesView.swift",
        "Views/OverlayRootView.swift",
        "Views/PausedOverlayView.swift",
        "Views/PreviewScreenView.swift",
        "Views/SettingsScreenView.swift",
        "Views/ToolbarView.swift"
      ],
      "type" : "library"
    }
  ],
  "tools_version" : "5.9"
}
{
  "workspace" : {
    "name" : "Agentation",
    "schemes" : [
      "Agentation"
    ]
  }
}
2026-10-29 23:51:35.929 xcodebuild[1475:7962] [MT] IDERunDestination: Supported platforms for the buildables in the current scheme is empty.
Running build ...
env DEVELOPER_DIR=/Applications/Xcode-27.0.0.app xcrun xcodebuild -IDEClonedSourcePackagesDirPathOverride=$PWD/.dependencies -skipMacroValidation -skipPackagePluginValidation -derivedDataPath $PWD/.derivedData build -scheme Agentation -destination generic/platform=watchOS
Command line invocation:
    /Applications/Xcode-27.0.0.app/Contents/Developer/usr/bin/xcodebuild -IDEClonedSourcePackagesDirPathOverride=/Users/admin/builder/spi-builder-workspace/.dependencies -skipMacroValidation -skipPackagePluginValidation -derivedDataPath /Users/admin/builder/spi-builder-workspace/.derivedData build -scheme Agentation -destination generic/platform=watchOS
Resolve Package Graph
Resolved source packages:
  Agentation: /Users/admin/builder/spi-builder-workspace
  SwiftDocCPlugin: https://github.com/apple/swift-docc-plugin @ 1.5.0
  UniversalGlass: https://github.com/Aeastr/UniversalGlass.git @ 1.1.1
  SymbolKit: https://github.com/swiftlang/swift-docc-symbolkit @ 1.0.0
ComputePackagePrebuildTargetDependencyGraph
Prepare packages
CreateBuildRequest
SendProjectDescription
CreateBuildOperation
ComputeTargetDependencyGraph
note: Building targets in dependency order
note: Target dependency graph (5 targets)
    Target 'Agentation-product' in project 'Agentation'
        ➜ Explicit dependency on target 'Agentation' in project 'Agentation'
        ➜ Explicit dependency on target 'UniversalGlass-product' in project 'UniversalGlass'
    Target 'Agentation' in project 'Agentation'
        ➜ Explicit dependency on target 'UniversalGlass-product' in project 'UniversalGlass'
    Target 'UniversalGlass-product' in project 'UniversalGlass'
        ➜ Explicit dependency on target 'UniversalGlass' in project 'UniversalGlass'
        ➜ Explicit dependency on target 'UniversalGlass_UniversalGlass' in project 'UniversalGlass'
    Target 'UniversalGlass' in project 'UniversalGlass'
        ➜ Explicit dependency on target 'UniversalGlass_UniversalGlass' in project 'UniversalGlass'
    Target 'UniversalGlass_UniversalGlass' in project 'UniversalGlass' (no dependencies)
GatherProvisioningInputs
CreateBuildDescription
ClangStatCache /Applications/Xcode-27.0.0.app/Contents/Developer/Toolchains/XcodeDefault.xctoolchain/usr/bin/clang-stat-cache /Applications/Xcode-27.0.0.app/Contents/Developer/Platforms/WatchOS.platform/Developer/SDKs/WatchOS27.0.sdk /Users/admin/builder/spi-builder-workspace/.derivedData/SDKStatCaches.noindex/watchos27.0-24R360-e829b21a6f8c9b70876ba0858053c044b9db9bc9c079ee3c7b5f3373b13d10bc.sdkstatcache
    cd /Users/admin/builder/spi-builder-workspace/.swiftpm/xcode
    /Applications/Xcode-27.0.0.app/Contents/Developer/Toolchains/XcodeDefault.xctoolchain/usr/bin/clang-stat-cache /Applications/Xcode-27.0.0.app/Contents/Developer/Platforms/WatchOS.platform/Developer/SDKs/WatchOS27.0.sdk -o /Users/admin/builder/spi-builder-workspace/.derivedData/SDKStatCaches.noindex/watchos27.0-24R360-e829b21a6f8c9b70876ba0858053c044b9db9bc9c079ee3c7b5f3373b13d10bc.sdkstatcache
SwiftDriver Agentation normal arm64_32 com.apple.xcode.tools.swift.compiler (in target 'Agentation' from project 'Agentation')
    cd /Users/admin/builder/spi-builder-workspace/.swiftpm/xcode
    builtin-SwiftDriver -- /Applications/Xcode-27.0.0.app/Contents/Developer/Toolchains/XcodeDefault.xctoolchain/usr/bin/swiftc -parse-as-library -module-name Agentation -Onone @/Users/admin/builder/spi-builder-workspace/.derivedData/Build/Intermediates.noindex/Agentation.build/Debug-watchos/Agentation-t.build/Objects-normal/arm64_32/Agentation.SwiftFileList -DSWIFT_PACKAGE -DDEBUG -DSWIFT_MODULE_RESOURCE_BUNDLE_UNAVAILABLE -DXcode -plugin-path /Applications/Xcode-27.0.0.app/Contents/Developer/Toolchains/XcodeDefault.xctoolchain/usr/lib/swift/host/plugins/testing -enable-experimental-feature DebugDescriptionMacro -sdk /Applications/Xcode-27.0.0.app/Contents/Developer/Platforms/WatchOS.platform/Developer/SDKs/WatchOS27.0.sdk -target arm64_32-apple-watchos10.0 -g -module-cache-path /Users/admin/builder/spi-builder-workspace/.derivedData/ModuleCache.noindex -Xfrontend -serialize-debugging-options -profile-coverage-mapping -profile-generate -enable-testing -index-store-path /Users/admin/builder/spi-builder-workspace/.derivedData/Index.noindex/DataStore -Xcc -D_LIBCPP_HARDENING_MODE\=_LIBCPP_HARDENING_MODE_DEBUG -swift-version 5 -I /Users/admin/builder/spi-builder-workspace/.derivedData/Build/Products/Debug-watchos -Isystem /Applications/Xcode-27.0.0.app/Contents/Developer/Platforms/WatchOS.platform/Developer/usr/lib -F /Users/admin/builder/spi-builder-workspace/.derivedData/Build/Products/Debug-watchos/PackageFrameworks -F /Users/admin/builder/spi-builder-workspace/.derivedData/Build/Products/Debug-watchos -F /Applications/Xcode-27.0.0.app/Contents/Developer/Platforms/WatchOS.platform/Developer/Library/Frameworks -F /Applications/Xcode-27.0.0.app/Contents/Developer/Platforms/WatchOS.platform/Developer/SDKs/WatchOS27.0.sdk/Developer/Library/Frameworks -c -j10 -enable-batch-mode -incremental -Xcc -ivfsstatcache -Xcc /Users/admin/builder/spi-builder-workspace/.derivedData/SDKStatCaches.noindex/watchos27.0-24R360-e829b21a6f8c9b70876ba0858053c044b9db9bc9c079ee3c7b5f3373b13d10bc.sdkstatcache -output-file-map /Users/admin/builder/spi-builder-workspace/.derivedData/Build/Intermediates.noindex/Agentation.build/Debug-watchos/Agentation-t.build/Objects-normal/arm64_32/Agentation-OutputFileMap.json -save-temps -no-color-diagnostics -explicit-module-build -module-cache-path /Users/admin/builder/spi-builder-workspace/.derivedData/Build/Intermediates.noindex/SwiftExplicitPrecompiledModules -clang-scanner-module-cache-path /Users/admin/builder/spi-builder-workspace/.derivedData/ModuleCache.noindex -sdk-module-cache-path /Users/admin/builder/spi-builder-workspace/.derivedData/SDKExplicitPrecompiledModules -emit-dependencies -emit-module -emit-module-path /Users/admin/builder/spi-builder-workspace/.derivedData/Build/Intermediates.noindex/Agentation.build/Debug-watchos/Agentation-t.build/Objects-normal/arm64_32/Agentation.swiftmodule -serialize-diagnostics -dependency-scan-serialize-diagnostics-path /Users/admin/builder/spi-builder-workspace/.derivedData/Build/Intermediates.noindex/Agentation.build/Debug-watchos/Agentation-t.build/Objects-normal/arm64_32/Agentation-dependency-scan.dia -validate-clang-modules-once -clang-build-session-file /Users/admin/builder/spi-builder-workspace/.derivedData/ModuleCache.noindex/Session.modulevalidation -Xcc -fmodules-prune-interval\=86400 -Xcc -fmodules-prune-after\=345600 -package-name spi_builder_workspace -emit-const-values -const-gather-protocols-list /Users/admin/builder/spi-builder-workspace/.derivedData/Build/Intermediates.noindex/Agentation.build/Debug-watchos/Agentation-t.build/Objects-normal/arm64_32/Agentation_const_extract_protocols.json -Xcc -I/Users/admin/builder/spi-builder-workspace/.derivedData/Build/Products/Debug-watchos/include -Xcc -I/Users/admin/builder/spi-builder-workspace/.derivedData/Build/Intermediates.noindex/Agentation.build/Debug-watchos/Agentation-t.build/DerivedSources-normal/arm64_32 -Xcc -I/Users/admin/builder/spi-builder-workspace/.derivedData/Build/Intermediates.noindex/Agentation.build/Debug-watchos/Agentation-t.build/DerivedSources/arm64_32 -Xcc -I/Users/admin/builder/spi-builder-workspace/.derivedData/Build/Intermediates.noindex/Agentation.build/Debug-watchos/Agentation-t.build/DerivedSources -Xcc -DSWIFT_PACKAGE -Xcc -DDEBUG\=1 -emit-objc-header -emit-objc-header-path /Users/admin/builder/spi-builder-workspace/.derivedData/Build/Intermediates.noindex/Agentation.build/Debug-watchos/Agentation-t.build/Objects-normal/arm64_32/Agentation-Swift.h -working-directory /Users/admin/builder/spi-builder-workspace/.swiftpm/xcode -experimental-emit-module-separately -disable-cmo
SwiftDriver Agentation normal arm64 com.apple.xcode.tools.swift.compiler (in target 'Agentation' from project 'Agentation')
    cd /Users/admin/builder/spi-builder-workspace/.swiftpm/xcode
    builtin-SwiftDriver -- /Applications/Xcode-27.0.0.app/Contents/Developer/Toolchains/XcodeDefault.xctoolchain/usr/bin/swiftc -parse-as-library -module-name Agentation -Onone @/Users/admin/builder/spi-builder-workspace/.derivedData/Build/Intermediates.noindex/Agentation.build/Debug-watchos/Agentation-t.build/Objects-normal/arm64/Agentation.SwiftFileList -DSWIFT_PACKAGE -DDEBUG -DSWIFT_MODULE_RESOURCE_BUNDLE_UNAVAILABLE -DXcode -plugin-path /Applications/Xcode-27.0.0.app/Contents/Developer/Toolchains/XcodeDefault.xctoolchain/usr/lib/swift/host/plugins/testing -enable-experimental-feature DebugDescriptionMacro -sdk /Applications/Xcode-27.0.0.app/Contents/Developer/Platforms/WatchOS.platform/Developer/SDKs/WatchOS27.0.sdk -target arm64-apple-watchos10.0 -g -module-cache-path /Users/admin/builder/spi-builder-workspace/.derivedData/ModuleCache.noindex -Xfrontend -serialize-debugging-options -profile-coverage-mapping -profile-generate -enable-testing -index-store-path /Users/admin/builder/spi-builder-workspace/.derivedData/Index.noindex/DataStore -Xcc -D_LIBCPP_HARDENING_MODE\=_LIBCPP_HARDENING_MODE_DEBUG -swift-version 5 -I /Users/admin/builder/spi-builder-workspace/.derivedData/Build/Products/Debug-watchos -Isystem /Applications/Xcode-27.0.0.app/Contents/Developer/Platforms/WatchOS.platform/Developer/usr/lib -F /Users/admin/builder/spi-builder-workspace/.derivedData/Build/Products/Debug-watchos/PackageFrameworks -F /Users/admin/builder/spi-builder-workspace/.derivedData/Build/Products/Debug-watchos -F /Applications/Xcode-27.0.0.app/Contents/Developer/Platforms/WatchOS.platform/Developer/Library/Frameworks -F /Applications/Xcode-27.0.0.app/Contents/Developer/Platforms/WatchOS.platform/Developer/SDKs/WatchOS27.0.sdk/Developer/Library/Frameworks -c -j10 -enable-batch-mode -incremental -Xcc -ivfsstatcache -Xcc /Users/admin/builder/spi-builder-workspace/.derivedData/SDKStatCaches.noindex/watchos27.0-24R360-e829b21a6f8c9b70876ba0858053c044b9db9bc9c079ee3c7b5f3373b13d10bc.sdkstatcache -output-file-map /Users/admin/builder/spi-builder-workspace/.derivedData/Build/Intermediates.noindex/Agentation.build/Debug-watchos/Agentation-t.build/Objects-normal/arm64/Agentation-OutputFileMap.json -save-temps -no-color-diagnostics -explicit-module-build -module-cache-path /Users/admin/builder/spi-builder-workspace/.derivedData/Build/Intermediates.noindex/SwiftExplicitPrecompiledModules -clang-scanner-module-cache-path /Users/admin/builder/spi-builder-workspace/.derivedData/ModuleCache.noindex -sdk-module-cache-path /Users/admin/builder/spi-builder-workspace/.derivedData/SDKExplicitPrecompiledModules -emit-dependencies -emit-module -emit-module-path /Users/admin/builder/spi-builder-workspace/.derivedData/Build/Intermediates.noindex/Agentation.build/Debug-watchos/Agentation-t.build/Objects-normal/arm64/Agentation.swiftmodule -serialize-diagnostics -dependency-scan-serialize-diagnostics-path /Users/admin/builder/spi-builder-workspace/.derivedData/Build/Intermediates.noindex/Agentation.build/Debug-watchos/Agentation-t.build/Objects-normal/arm64/Agentation-dependency-scan.dia -validate-clang-modules-once -clang-build-session-file /Users/admin/builder/spi-builder-workspace/.derivedData/ModuleCache.noindex/Session.modulevalidation -Xcc -fmodules-prune-interval\=86400 -Xcc -fmodules-prune-after\=345600 -package-name spi_builder_workspace -emit-const-values -const-gather-protocols-list /Users/admin/builder/spi-builder-workspace/.derivedData/Build/Intermediates.noindex/Agentation.build/Debug-watchos/Agentation-t.build/Objects-normal/arm64/Agentation_const_extract_protocols.json -Xcc -I/Users/admin/builder/spi-builder-workspace/.derivedData/Build/Products/Debug-watchos/include -Xcc -I/Users/admin/builder/spi-builder-workspace/.derivedData/Build/Intermediates.noindex/Agentation.build/Debug-watchos/Agentation-t.build/DerivedSources-normal/arm64 -Xcc -I/Users/admin/builder/spi-builder-workspace/.derivedData/Build/Intermediates.noindex/Agentation.build/Debug-watchos/Agentation-t.build/DerivedSources/arm64 -Xcc -I/Users/admin/builder/spi-builder-workspace/.derivedData/Build/Intermediates.noindex/Agentation.build/Debug-watchos/Agentation-t.build/DerivedSources -Xcc -DSWIFT_PACKAGE -Xcc -DDEBUG\=1 -emit-objc-header -emit-objc-header-path /Users/admin/builder/spi-builder-workspace/.derivedData/Build/Intermediates.noindex/Agentation.build/Debug-watchos/Agentation-t.build/Objects-normal/arm64/Agentation-Swift.h -working-directory /Users/admin/builder/spi-builder-workspace/.swiftpm/xcode -experimental-emit-module-separately -disable-cmo
SwiftExplicitDependencyGeneratePcm arm64_32 /Users/admin/builder/spi-builder-workspace/.derivedData/SDKExplicitPrecompiledModules/SwiftUI-ADDFYS4JIT928LKYKA5YJU1G8.pcm
SwiftCompile normal arm64 Compiling\ HierarchySnapshot.swift,\ ViewHierarchyDataSource.swift,\ View+Agentation.swift /Users/admin/builder/spi-builder-workspace/Sources/Agentation/Core/HierarchySnapshot.swift /Users/admin/builder/spi-builder-workspace/Sources/Agentation/Core/ViewHierarchyDataSource.swift /Users/admin/builder/spi-builder-workspace/Sources/Agentation/Extensions/View+Agentation.swift (in target 'Agentation' from project 'Agentation')
SwiftCompile normal arm64 /Users/admin/builder/spi-builder-workspace/Sources/Agentation/Core/HierarchySnapshot.swift (in target 'Agentation' from project 'Agentation')
    cd /Users/admin/builder/spi-builder-workspace/.swiftpm/xcode
    builtin-SwiftPerFileCompile HierarchySnapshot.swift
SwiftCompile normal arm64 /Users/admin/builder/spi-builder-workspace/Sources/Agentation/Core/ViewHierarchyDataSource.swift (in target 'Agentation' from project 'Agentation')
    cd /Users/admin/builder/spi-builder-workspace/.swiftpm/xcode
    builtin-SwiftPerFileCompile ViewHierarchyDataSource.swift
SwiftCompile normal arm64 /Users/admin/builder/spi-builder-workspace/Sources/Agentation/Extensions/View+Agentation.swift (in target 'Agentation' from project 'Agentation')
    cd /Users/admin/builder/spi-builder-workspace/.swiftpm/xcode
    builtin-SwiftPerFileCompile View+Agentation.swift
SwiftCompile normal arm64 Compiling\ AccessibilityHierarchyDataSource.swift,\ Agentation.swift,\ CaptureSession.swift /Users/admin/builder/spi-builder-workspace/Sources/Agentation/Core/AccessibilityHierarchyDataSource.swift /Users/admin/builder/spi-builder-workspace/Sources/Agentation/Core/Agentation.swift /Users/admin/builder/spi-builder-workspace/Sources/Agentation/Core/CaptureSession.swift (in target 'Agentation' from project 'Agentation')
SwiftCompile normal arm64 /Users/admin/builder/spi-builder-workspace/Sources/Agentation/Core/AccessibilityHierarchyDataSource.swift (in target 'Agentation' from project 'Agentation')
    cd /Users/admin/builder/spi-builder-workspace/.swiftpm/xcode
    builtin-SwiftPerFileCompile AccessibilityHierarchyDataSource.swift
SwiftCompile normal arm64 /Users/admin/builder/spi-builder-workspace/Sources/Agentation/Core/Agentation.swift (in target 'Agentation' from project 'Agentation')
    cd /Users/admin/builder/spi-builder-workspace/.swiftpm/xcode
    builtin-SwiftPerFileCompile Agentation.swift
SwiftCompile normal arm64 /Users/admin/builder/spi-builder-workspace/Sources/Agentation/Core/CaptureSession.swift (in target 'Agentation' from project 'Agentation')
    cd /Users/admin/builder/spi-builder-workspace/.swiftpm/xcode
    builtin-SwiftPerFileCompile CaptureSession.swift
SwiftCompile normal arm64 Compiling\ OverlayWindow.swift,\ PassThroughHostingView.swift,\ PassThroughHostingViewController.swift /Users/admin/builder/spi-builder-workspace/Sources/Agentation/Internal/OverlayWindow.swift /Users/admin/builder/spi-builder-workspace/Sources/Agentation/Internal/PassThroughHostingView.swift /Users/admin/builder/spi-builder-workspace/Sources/Agentation/Internal/PassThroughHostingViewController.swift (in target 'Agentation' from project 'Agentation')
SwiftCompile normal arm64 /Users/admin/builder/spi-builder-workspace/Sources/Agentation/Internal/OverlayWindow.swift (in target 'Agentation' from project 'Agentation')
    cd /Users/admin/builder/spi-builder-workspace/.swiftpm/xcode
    builtin-SwiftPerFileCompile OverlayWindow.swift
SwiftCompile normal arm64 /Users/admin/builder/spi-builder-workspace/Sources/Agentation/Internal/PassThroughHostingView.swift (in target 'Agentation' from project 'Agentation')
    cd /Users/admin/builder/spi-builder-workspace/.swiftpm/xcode
    builtin-SwiftPerFileCompile PassThroughHostingView.swift
SwiftCompile normal arm64 /Users/admin/builder/spi-builder-workspace/Sources/Agentation/Internal/PassThroughHostingViewController.swift (in target 'Agentation' from project 'Agentation')
    cd /Users/admin/builder/spi-builder-workspace/.swiftpm/xcode
    builtin-SwiftPerFileCompile PassThroughHostingViewController.swift
/Users/admin/builder/spi-builder-workspace/Sources/Agentation/Internal/OverlayWindow.swift:6:18: error: cannot override 'canBecomeKey' which has been marked unavailable
 4 | final class OverlayWindow: UIWindow {
 5 |
 6 |     override var canBecomeKey: Bool {
   |                  |- error: cannot override 'canBecomeKey' which has been marked unavailable
   |                  `- note: remove 'override' modifier to declare a new 'canBecomeKey'
 7 |         Agentation.shared.isCapturing
 8 |     }
/Applications/Xcode-27.0.0.app/Contents/Developer/Platforms/WatchOS.platform/Developer/SDKs/WatchOS27.0.sdk/System/Library/Frameworks/UIKit.framework/Headers/UIWindow.h:48:38: note: 'canBecomeKey' has been explicitly marked unavailable here
 46 |
 47 | // Default is YES. Return NO to indicate the window cannot become the key window.
 48 | @property (nonatomic, readonly) BOOL canBecomeKeyWindow API_AVAILABLE(ios(15.0)) API_UNAVAILABLE(watchos);
    |                                      `- note: 'canBecomeKey' has been explicitly marked unavailable here
 49 |
 50 | // Override point for subclasses. Do not call directly. Informs the window it has become the
/Users/admin/builder/spi-builder-workspace/Sources/Agentation/Internal/OverlayWindow.swift:12:17: error: 'UIWindowScene' is unavailable in watchOS
10 |     private let overlayHostingController: PassThroughHostingViewController<OverlayRootView>
11 |
12 |     init(scene: UIWindowScene) {
   |                 `- error: 'UIWindowScene' is unavailable in watchOS
13 |         let rootVC = PassThroughHostingViewController(rootView: OverlayRootView())
14 |         rootVC.view.backgroundColor = .clear
/Applications/Xcode-27.0.0.app/Contents/Developer/Platforms/WatchOS.platform/Developer/SDKs/WatchOS27.0.sdk/System/Library/Frameworks/UIKit.framework/Headers/UIWindowScene.h:22:12: note: 'UIWindowScene' has been explicitly marked unavailable here
 20 |
 21 | UIKIT_EXTERN API_AVAILABLE(ios(13.0)) API_UNAVAILABLE(watchos) NS_SWIFT_UI_ACTOR
 22 | @interface UIWindowScene : UIScene
    |            `- note: 'UIWindowScene' has been explicitly marked unavailable here
 23 |
 24 | #pragma mark Geometry
/Users/admin/builder/spi-builder-workspace/Sources/Agentation/Internal/OverlayWindow.swift:29:57: error: 'UIEvent' is unavailable in watchOS
27 |     }
28 |
29 |     override func hitTest(_ point: CGPoint, with event: UIEvent?) -> UIView? {
   |                                                         `- error: 'UIEvent' is unavailable in watchOS
30 |         guard let result = super.hitTest(point, with: event), result != self else {
31 |             return nil
/Applications/Xcode-27.0.0.app/Contents/Developer/Platforms/WatchOS.platform/Developer/SDKs/WatchOS27.0.sdk/System/Library/Frameworks/UIKit.framework/Headers/UIEvent.h:62:12: note: 'UIEvent' has been explicitly marked unavailable here
60 |
61 | UIKIT_EXTERN API_AVAILABLE(ios(2.0)) API_UNAVAILABLE(watchos) NS_SWIFT_UI_ACTOR
62 | @interface UIEvent : NSObject
   |            `- note: 'UIEvent' has been explicitly marked unavailable here
63 |
64 | @property(nonatomic,readonly) UIEventType     type API_AVAILABLE(ios(3.0));
SwiftCompile normal arm64 Compiling\ CaptureOverlayView.swift,\ FeedbackScreenView.swift /Users/admin/builder/spi-builder-workspace/Sources/Agentation/Views/CaptureOverlayView.swift /Users/admin/builder/spi-builder-workspace/Sources/Agentation/Views/FeedbackScreenView.swift (in target 'Agentation' from project 'Agentation')
SwiftCompile normal arm64 /Users/admin/builder/spi-builder-workspace/Sources/Agentation/Views/CaptureOverlayView.swift (in target 'Agentation' from project 'Agentation')
    cd /Users/admin/builder/spi-builder-workspace/.swiftpm/xcode
    builtin-SwiftPerFileCompile CaptureOverlayView.swift
SwiftCompile normal arm64 /Users/admin/builder/spi-builder-workspace/Sources/Agentation/Views/FeedbackScreenView.swift (in target 'Agentation' from project 'Agentation')
    cd /Users/admin/builder/spi-builder-workspace/.swiftpm/xcode
    builtin-SwiftPerFileCompile FeedbackScreenView.swift
SwiftCompile normal arm64 Compiling\ UIUtils.swift,\ ViewElementInfo.swift,\ WeakRef.swift /Users/admin/builder/spi-builder-workspace/Sources/Agentation/Internal/UIUtils.swift /Users/admin/builder/spi-builder-workspace/Sources/Agentation/Internal/ViewElementInfo.swift /Users/admin/builder/spi-builder-workspace/Sources/Agentation/Internal/WeakRef.swift (in target 'Agentation' from project 'Agentation')
/Users/admin/builder/spi-builder-workspace/Sources/Agentation/Internal/UIUtils.swift:6:48: error: 'UIView' is unavailable in watchOS
 4 | enum UIUtils {
 5 |
 6 |     static func owningViewController(for view: UIView) -> UIViewController? {
   |                                                `- error: 'UIView' is unavailable in watchOS
 7 |         var current: UIView? = view
 8 |         while let v = current {
/Applications/Xcode-27.0.0.app/Contents/Developer/Platforms/WatchOS.platform/Developer/SDKs/WatchOS27.0.sdk/System/Library/Frameworks/UIKit.framework/Headers/UIView.h:152:12: note: 'UIView' has been explicitly marked unavailable here
150 |
151 | UIKIT_EXTERN API_AVAILABLE(ios(2.0)) API_UNAVAILABLE(watchos) NS_SWIFT_UI_ACTOR
152 | @interface UIView : UIResponder <NSCoding, UIAppearance, UIAppearanceContainer, UIDynamicItem, UITraitEnvironment, UICoordinateSpace, UIFocusItem, UIFocusItemContainer, CALayerDelegate>
    |            `- note: 'UIView' has been explicitly marked unavailable here
153 |
154 | @property(class, nonatomic, readonly) Class layerClass;                        // default is [CALayer class]. Used when creating the underlying layer for the view.
SwiftCompile normal arm64 /Users/admin/builder/spi-builder-workspace/Sources/Agentation/Internal/UIUtils.swift (in target 'Agentation' from project 'Agentation')
    cd /Users/admin/builder/spi-builder-workspace/.swiftpm/xcode
    builtin-SwiftPerFileCompile UIUtils.swift
SwiftCompile normal arm64 /Users/admin/builder/spi-builder-workspace/Sources/Agentation/Internal/ViewElementInfo.swift (in target 'Agentation' from project 'Agentation')
    cd /Users/admin/builder/spi-builder-workspace/.swiftpm/xcode
    builtin-SwiftPerFileCompile ViewElementInfo.swift
SwiftCompile normal arm64 /Users/admin/builder/spi-builder-workspace/Sources/Agentation/Internal/WeakRef.swift (in target 'Agentation' from project 'Agentation')
    cd /Users/admin/builder/spi-builder-workspace/.swiftpm/xcode
    builtin-SwiftPerFileCompile WeakRef.swift
SwiftCompile normal arm64 Compiling\ AccessibilityElementInfo.swift,\ DisplayLinkTarget.swift,\ HitTestable.swift /Users/admin/builder/spi-builder-workspace/Sources/Agentation/Internal/AccessibilityElementInfo.swift /Users/admin/builder/spi-builder-workspace/Sources/Agentation/Internal/DisplayLinkTarget.swift /Users/admin/builder/spi-builder-workspace/Sources/Agentation/Internal/HitTestable.swift (in target 'Agentation' from project 'Agentation')
/Users/admin/builder/spi-builder-workspace/Sources/Agentation/Internal/DisplayLinkTarget.swift:5:30: error: 'CADisplayLink' is unavailable in watchOS
 3 | final class DisplayLinkTarget: @unchecked Sendable {
 4 |
 5 |     private var displayLink: CADisplayLink?
   |                              `- error: 'CADisplayLink' is unavailable in watchOS
 6 |
 7 |     private let action: @MainActor () -> Void
/Applications/Xcode-27.0.0.app/Contents/Developer/Platforms/WatchOS.platform/Developer/SDKs/WatchOS27.0.sdk/System/Library/Frameworks/QuartzCore.framework/Headers/CADisplayLink.h:21:12: note: 'CADisplayLink' has been explicitly marked unavailable here
 19 | API_AVAILABLE(macos(14.0))
 20 |
 21 | @interface CADisplayLink : NSObject
    |            `- note: 'CADisplayLink' has been explicitly marked unavailable here
 22 | {
 23 | @private
/Users/admin/builder/spi-builder-workspace/Sources/Agentation/Internal/DisplayLinkTarget.swift:16:20: error: 'CADisplayLink' is unavailable in watchOS
14 |     @MainActor
15 |     func start() {
16 |         let link = CADisplayLink(target: self, selector: #selector(tick))
   |                    `- error: 'CADisplayLink' is unavailable in watchOS
17 |         link.add(to: .main, forMode: .common)
18 |         displayLink = link
/Applications/Xcode-27.0.0.app/Contents/Developer/Platforms/WatchOS.platform/Developer/SDKs/WatchOS27.0.sdk/System/Library/Frameworks/QuartzCore.framework/Headers/CADisplayLink.h:21:12: note: 'CADisplayLink' has been explicitly marked unavailable here
 19 | API_AVAILABLE(macos(14.0))
 20 |
 21 | @interface CADisplayLink : NSObject
    |            `- note: 'CADisplayLink' has been explicitly marked unavailable here
 22 | {
 23 | @private
Failed frontend command:
/Applications/Xcode-27.0.0.app/Contents/Developer/Toolchains/XcodeDefault.xctoolchain/usr/bin/swift-frontend -frontend -c /Users/admin/builder/spi-builder-workspace/Sources/Agentation/Core/AccessibilityHierarchyDataSource.swift /Users/admin/builder/spi-builder-workspace/Sources/Agentation/Core/Agentation.swift /Users/admin/builder/spi-builder-workspace/Sources/Agentation/Core/CaptureSession.swift /Users/admin/builder/spi-builder-workspace/Sources/Agentation/Core/ElementProtocol.swift /Users/admin/builder/spi-builder-workspace/Sources/Agentation/Core/FeedbackItem.swift /Users/admin/builder/spi-builder-workspace/Sources/Agentation/Core/HierarchyDataSource.swift /Users/admin/builder/spi-builder-workspace/Sources/Agentation/Core/HierarchySnapshot.swift /Users/admin/builder/spi-builder-workspace/Sources/Agentation/Core/ViewHierarchyDataSource.swift /Users/admin/builder/spi-builder-workspace/Sources/Agentation/Extensions/View+Agentation.swift -primary-file /Users/admin/builder/spi-builder-workspace/Sources/Agentation/Internal/AccessibilityElementInfo.swift -primary-file /Users/admin/builder/spi-builder-workspace/Sources/Agentation/Internal/DisplayLinkTarget.swift -primary-file /Users/admin/builder/spi-builder-workspace/Sources/Agentation/Internal/HitTestable.swift /Users/admin/builder/spi-builder-workspace/Sources/Agentation/Internal/OverlayWindow.swift /Users/admin/builder/spi-builder-workspace/Sources/Agentation/Internal/PassThroughHostingView.swift /Users/admin/builder/spi-builder-workspace/Sources/Agentation/Internal/PassThroughHostingViewController.swift /Users/admin/builder/spi-builder-workspace/Sources/Agentation/Internal/UIUtils.swift /Users/admin/builder/spi-builder-workspace/Sources/Agentation/Internal/ViewElementInfo.swift /Users/admin/builder/spi-builder-workspace/Sources/Agentation/Internal/WeakRef.swift /Users/admin/builder/spi-builder-workspace/Sources/Agentation/Views/CaptureOverlayView.swift /Users/admin/builder/spi-builder-workspace/Sources/Agentation/Views/FeedbackScreenView.swift /Users/admin/builder/spi-builder-workspace/Sources/Agentation/Views/IdleBadgesView.swift /Users/admin/builder/spi-builder-workspace/Sources/Agentation/Views/OverlayRootView.swift /Users/admin/builder/spi-builder-workspace/Sources/Agentation/Views/PausedOverlayView.swift /Users/admin/builder/spi-builder-workspace/Sources/Agentation/Views/PreviewScreenView.swift /Users/admin/builder/spi-builder-workspace/Sources/Agentation/Views/SettingsScreenView.swift /Users/admin/builder/spi-builder-workspace/Sources/Agentation/Views/ToolbarView.swift -supplementary-output-file-map /Users/admin/builder/spi-builder-workspace/.derivedData/Build/Intermediates.noindex/Agentation.build/Debug-watchos/Agentation-t.build/Objects-normal/arm64/supplementaryOutputs-7 -target arm64-apple-watchos10.0 -disable-cross-import-overlay-search -load-resolved-plugin /Applications/Xcode-27.0.0.app/Contents/Developer/Platforms/WatchOS.platform/Developer/usr/lib/swift/host/plugins/libFoundationMacros.dylib\#/Applications/Xcode-27.0.0.app/Contents/Developer/Platforms/WatchOS.platform/Developer/usr/bin/swift-plugin-server\#FoundationMacros -load-resolved-plugin /Applications/Xcode-27.0.0.app/Contents/Developer/Platforms/WatchOS.platform/Developer/usr/lib/swift/host/plugins/libObservationMacros.dylib\#/Applications/Xcode-27.0.0.app/Contents/Developer/Platforms/WatchOS.platform/Developer/usr/bin/swift-plugin-server\#ObservationMacros -load-resolved-plugin /Applications/Xcode-27.0.0.app/Contents/Developer/Platforms/WatchOS.platform/Developer/usr/lib/swift/host/plugins/libPreviewsMacros.dylib\#/Applications/Xcode-27.0.0.app/Contents/Developer/Platforms/WatchOS.platform/Developer/usr/bin/swift-plugin-server\#PreviewsMacros -load-resolved-plugin /Applications/Xcode-27.0.0.app/Contents/Developer/Platforms/WatchOS.platform/Developer/usr/lib/swift/host/plugins/libSwiftMacros.dylib\#/Applications/Xcode-27.0.0.app/Contents/Developer/Platforms/WatchOS.platform/Developer/usr/bin/swift-plugin-server\#SwiftMacros -load-resolved-plugin /Applications/Xcode-27.0.0.app/Contents/Developer/Platforms/WatchOS.platform/Developer/usr/lib/swift/host/plugins/libSwiftUIMacros.dylib\#/Applications/Xcode-27.0.0.app/Contents/Developer/Platforms/WatchOS.platform/Developer/usr/bin/swift-plugin-server\#SwiftUIMacros -disable-implicit-swift-modules -Xcc -fno-implicit-modules -Xcc -fno-implicit-module-maps -explicit-swift-module-map-file /Users/admin/builder/spi-builder-workspace/.derivedData/Build/Intermediates.noindex/Agentation.build/Debug-watchos/Agentation-t.build/Objects-normal/arm64/Agentation-dependencies-2.json -Xllvm -aarch64-use-tbi -enable-objc-interop -stack-check -sdk /Applications/Xcode-27.0.0.app/Contents/Developer/Platforms/WatchOS.platform/Developer/SDKs/WatchOS27.0.sdk -I /Users/admin/builder/spi-builder-workspace/.derivedData/Build/Products/Debug-watchos -Isystem /Applications/Xcode-27.0.0.app/Contents/Developer/Platforms/WatchOS.platform/Developer/usr/lib -F /Users/admin/builder/spi-builder-workspace/.derivedData/Build/Products/Debug-watchos/PackageFrameworks -F /Users/admin/builder/spi-builder-workspace/.derivedData/Build/Products/Debug-watchos -F /Applications/Xcode-27.0.0.app/Contents/Developer/Platforms/WatchOS.platform/Developer/Library/Frameworks -F /Applications/Xcode-27.0.0.app/Contents/Developer/Platforms/WatchOS.platform/Developer/SDKs/WatchOS27.0.sdk/Developer/Library/Frameworks -module-cache-path /Users/admin/builder/spi-builder-workspace/.derivedData/Build/Intermediates.noindex/SwiftExplicitPrecompiledModules -no-color-diagnostics -Xcc -fno-color-diagnostics -enable-testing -g -debug-info-format\=dwarf -dwarf-version\=4 -profile-generate -profile-coverage-mapping -swift-version 5 -Onone -D SWIFT_PACKAGE -D DEBUG -D SWIFT_MODULE_RESOURCE_BUNDLE_UNAVAILABLE -D Xcode -serialize-debugging-options -enable-experimental-feature DebugDescriptionMacro -empty-abi-descriptor -validate-clang-modules-once -clang-build-session-file /Users/admin/builder/spi-builder-workspace/.derivedData/ModuleCache.noindex/Session.modulevalidation -Xcc -working-directory -Xcc /Users/admin/builder/spi-builder-workspace/.swiftpm/xcode -enable-anonymous-context-mangled-names -file-compilation-dir /Users/admin/builder/spi-builder-workspace/.swiftpm/xcode -Xcc -D_LIBCPP_HARDENING_MODE\=_LIBCPP_HARDENING_MODE_DEBUG -Xcc -ivfsstatcache -Xcc /Users/admin/builder/spi-builder-workspace/.derivedData/SDKStatCaches.noindex/watchos27.0-24R360-e829b21a6f8c9b70876ba0858053c044b9db9bc9c079ee3c7b5f3373b13d10bc.sdkstatcache -Xcc -fmodules-prune-interval\=86400 -Xcc -fmodules-prune-after\=345600 -Xcc -I/Users/admin/builder/spi-builder-workspace/.derivedData/Build/Products/Debug-watchos/include -Xcc -I/Users/admin/builder/spi-builder-workspace/.derivedData/Build/Intermediates.noindex/Agentation.build/Debug-watchos/Agentation-t.build/DerivedSources-normal/arm64 -Xcc -I/Users/admin/builder/spi-builder-workspace/.derivedData/Build/Intermediates.noindex/Agentation.build/Debug-watchos/Agentation-t.build/DerivedSources/arm64 -Xcc -I/Users/admin/builder/spi-builder-workspace/.derivedData/Build/Intermediates.noindex/Agentation.build/Debug-watchos/Agentation-t.build/DerivedSources -Xcc -DSWIFT_PACKAGE -Xcc -DDEBUG\=1 -no-auto-bridging-header-chaining -module-name Agentation -package-name spi_builder_workspace -const-gather-protocols-file /Users/admin/builder/spi-builder-workspace/.derivedData/Build/Intermediates.noindex/Agentation.build/Debug-watchos/Agentation-t.build/Objects-normal/arm64/Agentation_const_extract_protocols.json -disable-clang-spi -clang-target arm64-apple-watchos27.0 -target-sdk-version 27.0 -target-sdk-name watchos27.0 -in-process-plugin-server-path /Applications/Xcode-27.0.0.app/Contents/Developer/Toolchains/XcodeDefault.xctoolchain/usr/lib/swift/host/libSwiftInProcPluginServer.dylib -parse-as-library -o /Users/admin/builder/spi-builder-workspace/.derivedData/Build/Intermediates.noindex/Agentation.build/Debug-watchos/Agentation-t.build/Objects-normal/arm64/AccessibilityElementInfo.o -o /Users/admin/builder/spi-builder-workspace/.derivedData/Build/Intermediates.noindex/Agentation.build/Debug-watchos/Agentation-t.build/Objects-normal/arm64/DisplayLinkTarget.o -o /Users/admin/builder/spi-builder-workspace/.derivedData/Build/Intermediates.noindex/Agentation.build/Debug-watchos/Agentation-t.build/Objects-normal/arm64/HitTestable.o -debug-module-path /Users/admin/builder/spi-builder-workspace/.derivedData/Build/Intermediates.noindex/Agentation.build/Debug-watchos/Agentation-t.build/Objects-normal/arm64/Agentation.swiftmodule -index-unit-output-path /Agentation.build/Debug-watchos/Agentation-t.build/Objects-normal/arm64/AccessibilityElementInfo.o -index-unit-output-path /Agentation.build/Debug-watchos/Agentation-t.build/Objects-normal/arm64/DisplayLinkTarget.o -index-unit-output-path /Agentation.build/Debug-watchos/Agentation-t.build/Objects-normal/arm64/HitTestable.o -index-store-path /Users/admin/builder/spi-builder-workspace/.derivedData/Index.noindex/DataStore -index-system-modules
SwiftCompile normal arm64 /Users/admin/builder/spi-builder-workspace/Sources/Agentation/Internal/AccessibilityElementInfo.swift (in target 'Agentation' from project 'Agentation')
    cd /Users/admin/builder/spi-builder-workspace/.swiftpm/xcode
    builtin-SwiftPerFileCompile AccessibilityElementInfo.swift
SwiftCompile normal arm64 /Users/admin/builder/spi-builder-workspace/Sources/Agentation/Internal/DisplayLinkTarget.swift (in target 'Agentation' from project 'Agentation')
    cd /Users/admin/builder/spi-builder-workspace/.swiftpm/xcode
    builtin-SwiftPerFileCompile DisplayLinkTarget.swift
SwiftCompile normal arm64 /Users/admin/builder/spi-builder-workspace/Sources/Agentation/Internal/HitTestable.swift (in target 'Agentation' from project 'Agentation')
    cd /Users/admin/builder/spi-builder-workspace/.swiftpm/xcode
    builtin-SwiftPerFileCompile HitTestable.swift
SwiftCompile normal arm64 Compiling\ IdleBadgesView.swift,\ OverlayRootView.swift /Users/admin/builder/spi-builder-workspace/Sources/Agentation/Views/IdleBadgesView.swift /Users/admin/builder/spi-builder-workspace/Sources/Agentation/Views/OverlayRootView.swift (in target 'Agentation' from project 'Agentation')
SwiftCompile normal arm64 /Users/admin/builder/spi-builder-workspace/Sources/Agentation/Views/IdleBadgesView.swift (in target 'Agentation' from project 'Agentation')
    cd /Users/admin/builder/spi-builder-workspace/.swiftpm/xcode
    builtin-SwiftPerFileCompile IdleBadgesView.swift
SwiftCompile normal arm64 /Users/admin/builder/spi-builder-workspace/Sources/Agentation/Views/OverlayRootView.swift (in target 'Agentation' from project 'Agentation')
    cd /Users/admin/builder/spi-builder-workspace/.swiftpm/xcode
    builtin-SwiftPerFileCompile OverlayRootView.swift
SwiftEmitModule normal arm64 Emitting\ module\ for\ Agentation (in target 'Agentation' from project 'Agentation')
SwiftCompile normal arm64 (in target 'Agentation' from project 'Agentation')
    cd /Users/admin/builder/spi-builder-workspace/.swiftpm/xcode

SwiftCompile normal arm64 Compiling\ SettingsScreenView.swift,\ ToolbarView.swift /Users/admin/builder/spi-builder-workspace/Sources/Agentation/Views/SettingsScreenView.swift /Users/admin/builder/spi-builder-workspace/Sources/Agentation/Views/ToolbarView.swift (in target 'Agentation' from project 'Agentation')
SwiftCompile normal arm64 /Users/admin/builder/spi-builder-workspace/Sources/Agentation/Views/SettingsScreenView.swift (in target 'Agentation' from project 'Agentation')
    cd /Users/admin/builder/spi-builder-workspace/.swiftpm/xcode
    builtin-SwiftPerFileCompile SettingsScreenView.swift
SwiftCompile normal arm64 /Users/admin/builder/spi-builder-workspace/Sources/Agentation/Views/ToolbarView.swift (in target 'Agentation' from project 'Agentation')
    cd /Users/admin/builder/spi-builder-workspace/.swiftpm/xcode
    builtin-SwiftPerFileCompile ToolbarView.swift
SwiftCompile normal arm64 Compiling\ PausedOverlayView.swift,\ PreviewScreenView.swift /Users/admin/builder/spi-builder-workspace/Sources/Agentation/Views/PausedOverlayView.swift /Users/admin/builder/spi-builder-workspace/Sources/Agentation/Views/PreviewScreenView.swift (in target 'Agentation' from project 'Agentation')
SwiftCompile normal arm64 /Users/admin/builder/spi-builder-workspace/Sources/Agentation/Views/PausedOverlayView.swift (in target 'Agentation' from project 'Agentation')
    cd /Users/admin/builder/spi-builder-workspace/.swiftpm/xcode
    builtin-SwiftPerFileCompile PausedOverlayView.swift
SwiftCompile normal arm64 /Users/admin/builder/spi-builder-workspace/Sources/Agentation/Views/PreviewScreenView.swift (in target 'Agentation' from project 'Agentation')
    cd /Users/admin/builder/spi-builder-workspace/.swiftpm/xcode
    builtin-SwiftPerFileCompile PreviewScreenView.swift
SwiftEmitModule normal arm64_32 Emitting\ module\ for\ Agentation (in target 'Agentation' from project 'Agentation')
SwiftCompile normal arm64_32 (in target 'Agentation' from project 'Agentation')
    cd /Users/admin/builder/spi-builder-workspace/.swiftpm/xcode

PruneExplicitPrecompiledModules /Users/admin/builder/spi-builder-workspace/.derivedData/Build/Intermediates.noindex/ExplicitPrecompiledModules
PruneExplicitPrecompiledModules /Users/admin/builder/spi-builder-workspace/.derivedData/Build/Intermediates.noindex/SwiftExplicitPrecompiledModules
PruneExplicitPrecompiledModules /Users/admin/builder/spi-builder-workspace/.derivedData/SDKExplicitPrecompiledModules
2026-10-29 23:51:42.810 xcodebuild[1526:8315] [MT] IDERunDestination: Supported platforms for the buildables in the current scheme is empty.
** BUILD FAILED **
The following build commands failed:
	SwiftCompile normal arm64 Compiling\ AccessibilityElementInfo.swift,\ DisplayLinkTarget.swift,\ HitTestable.swift /Users/admin/builder/spi-builder-workspace/Sources/Agentation/Internal/AccessibilityElementInfo.swift /Users/admin/builder/spi-builder-workspace/Sources/Agentation/Internal/DisplayLinkTarget.swift /Users/admin/builder/spi-builder-workspace/Sources/Agentation/Internal/HitTestable.swift (in target 'Agentation' from project 'Agentation')
	SwiftCompile normal arm64 /Users/admin/builder/spi-builder-workspace/Sources/Agentation/Internal/DisplayLinkTarget.swift (in target 'Agentation' from project 'Agentation')
	Building workspace Agentation with scheme Agentation
(3 failures)
BUILD FAILURE 6.4 watchOS