Build Information
Failed to build GoogleCloudMemoryStoreV1, reference main (71bc23), with Swift 6.2 for Android on 11 Oct 2026 05:03:09 UTC.
Build Command
bash -c docker run --pull=always --rm -v "checkouts-54344849-0":/host -w "$PWD" -e JAVA_HOME="/root/.sdkman/candidates/java/current" -e SPI_BUILD="1" -e SPI_PROCESSING="1" registry.gitlab.com/saguaro1/spi-images:android-6.2-latest swift build --swift-sdk aarch64-unknown-linux-android28 2>&1Build Log
========================================
RunAll
========================================
Builder version: 5.1.1
Interrupt handler set up.
========================================
Checkout
========================================
Clone URL: https://github.com/googleapis/swift-google-cloud-memorystore-v1.git
Reference: main
Initialized empty Git repository in /host/spi-builder-workspace/.git/
hint: Using 'master' as the name for the initial branch. This default branch name
hint: is subject to change. To configure the initial branch name to use in all
hint: of your new repositories, which will suppress this warning, call:
hint:
hint: git config --global init.defaultBranch <name>
hint:
hint: Names commonly chosen instead of 'master' are 'main', 'trunk' and
hint: 'development'. The just-created branch can be renamed via this command:
hint:
hint: git branch -m <name>
From https://github.com/googleapis/swift-google-cloud-memorystore-v1
* branch main -> FETCH_HEAD
* [new branch] main -> origin/main
HEAD is now at 71bc230 chore: release circa 2026-10-07 (#1382)
Cloned https://github.com/googleapis/swift-google-cloud-memorystore-v1.git
Revision (git rev-parse @):
71bc230494e8e725b415f4c8fc3f9bbd749f117e
SPI manifest file found: $PWD/.spi.yml
SUCCESS checkout https://github.com/googleapis/swift-google-cloud-memorystore-v1.git at main
========================================
Build
========================================
Selected platform: android
Swift version: 6.2
Building package at path: $PWD
https://github.com/googleapis/swift-google-cloud-memorystore-v1.git
Running build ...
bash -c docker run --pull=always --rm -v "checkouts-54344849-0":/host -w "$PWD" -e JAVA_HOME="/root/.sdkman/candidates/java/current" -e SPI_BUILD="1" -e SPI_PROCESSING="1" registry.gitlab.com/saguaro1/spi-images:android-6.2-latest swift build --swift-sdk aarch64-unknown-linux-android28 2>&1
android-6.2-latest: Pulling from saguaro1/spi-images
Digest: sha256:a839c9ce201f1dacc8eb056626ec7ab0a1c6d53d7b77c83feda395f4507c51be
Status: Image is up to date for registry.gitlab.com/saguaro1/spi-images:android-6.2-latest
Fetching https://github.com/googleapis/swift-google-gax
Fetching https://github.com/googleapis/swift-google-longrunning
Fetching https://github.com/googleapis/swift-google-type
Fetching https://github.com/googleapis/swift-google-rpc
Fetching https://github.com/apple/swift-log
Fetching https://github.com/googleapis/swift-google-wkt
[1/619] Fetching swift-google-longrunning
[620/8876] Fetching swift-google-longrunning, swift-log
[621/9298] Fetching swift-google-longrunning, swift-log, swift-google-rpc
[1868/9735] Fetching swift-google-longrunning, swift-log, swift-google-rpc, swift-google-type
[2360/10758] Fetching swift-google-longrunning, swift-log, swift-google-rpc, swift-google-type, swift-google-wkt
Fetched https://github.com/googleapis/swift-google-type from cache (0.49s)
Fetching https://github.com/googleapis/swift-google-cloud-location
[9636/10321] Fetching swift-google-longrunning, swift-log, swift-google-rpc, swift-google-wkt
[10016/12069] Fetching swift-google-longrunning, swift-log, swift-google-rpc, swift-google-wkt, swift-google-gax
Fetched https://github.com/googleapis/swift-google-wkt from cache (0.74s)
Fetched https://github.com/googleapis/swift-google-longrunning from cache (0.74s)
Fetched https://github.com/googleapis/swift-google-gax from cache (0.74s)
Fetched https://github.com/googleapis/swift-google-rpc from cache (0.74s)
Fetching https://github.com/googleapis/swift-google-auth
Fetched https://github.com/apple/swift-log from cache (0.74s)
[1/552] Fetching swift-google-cloud-location
Fetched https://github.com/googleapis/swift-google-cloud-location from cache (0.47s)
[1/1023] Fetching swift-google-auth
Fetched https://github.com/googleapis/swift-google-auth from cache (0.43s)
Computing version for https://github.com/googleapis/swift-google-wkt
Computed https://github.com/googleapis/swift-google-wkt at 0.5.0 (1.30s)
Fetching https://github.com/swift-extras/swift-extras-base64
[1/954] Fetching swift-extras-base64
Fetched https://github.com/swift-extras/swift-extras-base64 from cache (0.42s)
Computing version for https://github.com/googleapis/swift-google-type
Computed https://github.com/googleapis/swift-google-type at 0.5.0 (0.56s)
Computing version for https://github.com/googleapis/swift-google-rpc
Computed https://github.com/googleapis/swift-google-rpc at 0.5.0 (0.14s)
Computing version for https://github.com/googleapis/swift-google-longrunning
Computed https://github.com/googleapis/swift-google-longrunning at 0.5.0 (0.14s)
Computing version for https://github.com/googleapis/swift-google-gax
Computed https://github.com/googleapis/swift-google-gax at 0.5.0 (0.14s)
Fetching https://github.com/swift-server/async-http-client.git
Fetching https://github.com/apple/swift-nio
[1/16464] Fetching async-http-client
[13667/102838] Fetching async-http-client, swift-nio
Fetched https://github.com/swift-server/async-http-client.git from cache (3.27s)
Fetched https://github.com/apple/swift-nio from cache (3.30s)
Computing version for https://github.com/googleapis/swift-google-cloud-location
Computed https://github.com/googleapis/swift-google-cloud-location at 0.5.0 (3.45s)
Computing version for https://github.com/googleapis/swift-google-auth
Computed https://github.com/googleapis/swift-google-auth at 0.5.0 (0.13s)
Fetching https://github.com/vapor/jwt-kit.git
Fetching https://github.com/apple/swift-system.git
[1/7241] Fetching swift-system
[943/17495] Fetching swift-system, jwt-kit
Fetched https://github.com/apple/swift-system.git from cache (1.20s)
Fetched https://github.com/vapor/jwt-kit.git from cache (1.20s)
Computing version for https://github.com/swift-extras/swift-extras-base64
Computed https://github.com/swift-extras/swift-extras-base64 at 1.2.0 (1.33s)
Computing version for https://github.com/swift-server/async-http-client.git
Computed https://github.com/swift-server/async-http-client.git at 1.36.2 (0.16s)
Fetching https://github.com/apple/swift-atomics.git
Fetching https://github.com/apple/swift-nio-ssl.git
Fetching https://github.com/apple/swift-distributed-tracing.git
Fetching https://github.com/apple/swift-nio-extras.git
Fetching https://github.com/apple/swift-nio-http2.git
Fetching https://github.com/apple/swift-service-context.git
[1/1500] Fetching swift-service-context
[16/3389] Fetching swift-service-context, swift-atomics
Fetched https://github.com/apple/swift-service-context.git from cache (0.40s)
Fetching https://github.com/apple/swift-configuration.git
[1/6703] Fetching swift-nio-extras
[2616/13254] Fetching swift-nio-extras, swift-distributed-tracing
[12993/30125] Fetching swift-nio-extras, swift-distributed-tracing, swift-nio-ssl
[13256/42419] Fetching swift-nio-extras, swift-distributed-tracing, swift-nio-ssl, swift-nio-http2
Fetched https://github.com/apple/swift-distributed-tracing.git from cache (0.57s)
Fetching https://github.com/apple/swift-algorithms.git
[6950/35868] Fetching swift-nio-extras, swift-nio-ssl, swift-nio-http2
[19842/39796] Fetching swift-nio-extras, swift-nio-ssl, swift-nio-http2, swift-configuration
Fetched https://github.com/apple/swift-configuration.git from cache (0.50s)
Fetching https://github.com/apple/swift-nio-transport-services.git
[21697/35868] Fetching swift-nio-extras, swift-nio-ssl, swift-nio-http2
[23216/42032] Fetching swift-nio-extras, swift-nio-ssl, swift-nio-http2, swift-algorithms
Fetched https://github.com/apple/swift-nio-http2.git from cache (0.99s)
[12475/29738] Fetching swift-nio-extras, swift-nio-ssl, swift-algorithms
Fetched https://github.com/apple/swift-algorithms.git from cache (0.51s)
[16489/23574] Fetching swift-nio-extras, swift-nio-ssl
[23575/26441] Fetching swift-nio-extras, swift-nio-ssl, swift-nio-transport-services
Fetched https://github.com/apple/swift-nio-transport-services.git from cache (0.50s)
Fetched https://github.com/apple/swift-atomics.git from cache (1.50s)
Fetched https://github.com/apple/swift-nio-extras.git from cache (1.50s)
Fetched https://github.com/apple/swift-nio-ssl.git from cache (1.51s)
Computing version for https://github.com/apple/swift-service-context.git
Computed https://github.com/apple/swift-service-context.git at 1.3.0 (1.65s)
Computing version for https://github.com/apple/swift-algorithms.git
Computed https://github.com/apple/swift-algorithms.git at 1.2.1 (0.85s)
Fetching https://github.com/apple/swift-numerics.git
[1/6728] Fetching swift-numerics
Fetched https://github.com/apple/swift-numerics.git from cache (0.57s)
Computing version for https://github.com/apple/swift-log
Computed https://github.com/apple/swift-log at 1.16.1 (0.71s)
Computing version for https://github.com/apple/swift-distributed-tracing.git
Computed https://github.com/apple/swift-distributed-tracing.git at 1.5.0 (0.13s)
Computing version for https://github.com/apple/swift-atomics.git
Computed https://github.com/apple/swift-atomics.git at 1.3.1 (0.13s)
Computing version for https://github.com/apple/swift-numerics.git
Computed https://github.com/apple/swift-numerics.git at 1.1.1 (0.13s)
Computing version for https://github.com/apple/swift-nio
Computed https://github.com/apple/swift-nio at 2.104.0 (0.33s)
Fetching https://github.com/apple/swift-collections.git
[1/28703] Fetching swift-collections
Fetched https://github.com/apple/swift-collections.git from cache (1.66s)
Computing version for https://github.com/apple/swift-configuration.git
Computed https://github.com/apple/swift-configuration.git at 1.2.2 (2.44s)
Fetching https://github.com/swift-server/swift-service-lifecycle
[1/2867] Fetching swift-service-lifecycle
Fetched https://github.com/swift-server/swift-service-lifecycle from cache (0.45s)
Computing version for https://github.com/apple/swift-nio-transport-services.git
Computed https://github.com/apple/swift-nio-transport-services.git at 1.28.0 (0.60s)
Computing version for https://github.com/swift-server/swift-service-lifecycle
Computed https://github.com/swift-server/swift-service-lifecycle at 2.12.1 (0.13s)
Fetching https://github.com/apple/swift-async-algorithms.git
[1/6820] Fetching swift-async-algorithms
Fetched https://github.com/apple/swift-async-algorithms.git from cache (0.67s)
Computing version for https://github.com/apple/swift-async-algorithms.git
Computed https://github.com/apple/swift-async-algorithms.git at 1.1.7 (0.86s)
Computing version for https://github.com/apple/swift-collections.git
Computed https://github.com/apple/swift-collections.git at 1.7.2 (0.22s)
Computing version for https://github.com/apple/swift-nio-http2.git
Computed https://github.com/apple/swift-nio-http2.git at 1.46.0 (0.15s)
Computing version for https://github.com/vapor/jwt-kit.git
Computed https://github.com/vapor/jwt-kit.git at 5.7.1 (0.13s)
Fetching https://github.com/apple/swift-certificates.git
Fetching https://github.com/apple/swift-crypto.git
[1/18629] Fetching swift-crypto
[188/26238] Fetching swift-crypto, swift-certificates
Fetched https://github.com/apple/swift-certificates.git from cache (1.47s)
Fetched https://github.com/apple/swift-crypto.git from cache (1.48s)
Computing version for https://github.com/apple/swift-crypto.git
Computed https://github.com/apple/swift-crypto.git at 4.5.2 (2.07s)
Fetching https://github.com/apple/swift-asn1.git
[1/2009] Fetching swift-asn1
Fetched https://github.com/apple/swift-asn1.git from cache (0.44s)
Computing version for https://github.com/apple/swift-asn1.git
Computed https://github.com/apple/swift-asn1.git at 1.7.3 (0.60s)
Computing version for https://github.com/apple/swift-certificates.git
Computed https://github.com/apple/swift-certificates.git at 1.21.0 (0.19s)
Computing version for https://github.com/apple/swift-nio-ssl.git
Computed https://github.com/apple/swift-nio-ssl.git at 2.37.5 (0.16s)
Computing version for https://github.com/apple/swift-system.git
Computed https://github.com/apple/swift-system.git at 1.8.1 (0.16s)
Computing version for https://github.com/apple/swift-nio-extras.git
Computed https://github.com/apple/swift-nio-extras.git at 1.35.1 (0.24s)
Fetching https://github.com/apple/swift-http-types.git
Fetching https://github.com/apple/swift-http-structured-headers.git
[1/1939] Fetching swift-http-types
[79/3192] Fetching swift-http-types, swift-http-structured-headers
Fetched https://github.com/apple/swift-http-structured-headers.git from cache (0.46s)
[1319/1939] Fetching swift-http-types
Fetched https://github.com/apple/swift-http-types.git from cache (0.54s)
Computing version for https://github.com/apple/swift-http-structured-headers.git
Computed https://github.com/apple/swift-http-structured-headers.git at 1.7.0 (0.69s)
Computing version for https://github.com/apple/swift-http-types.git
Computed https://github.com/apple/swift-http-types.git at 1.8.0 (0.16s)
Creating working copy for https://github.com/googleapis/swift-google-auth
Working copy of https://github.com/googleapis/swift-google-auth resolved at 0.5.0
Creating working copy for https://github.com/apple/swift-crypto.git
Working copy of https://github.com/apple/swift-crypto.git resolved at 4.5.2
Creating working copy for https://github.com/apple/swift-collections.git
Working copy of https://github.com/apple/swift-collections.git resolved at 1.7.2
Creating working copy for https://github.com/swift-extras/swift-extras-base64
Working copy of https://github.com/swift-extras/swift-extras-base64 resolved at 1.2.0
Creating working copy for https://github.com/apple/swift-nio-transport-services.git
Working copy of https://github.com/apple/swift-nio-transport-services.git resolved at 1.28.0
Creating working copy for https://github.com/apple/swift-atomics.git
Working copy of https://github.com/apple/swift-atomics.git resolved at 1.3.1
Creating working copy for https://github.com/apple/swift-async-algorithms.git
Working copy of https://github.com/apple/swift-async-algorithms.git resolved at 1.1.7
Creating working copy for https://github.com/googleapis/swift-google-cloud-location
Working copy of https://github.com/googleapis/swift-google-cloud-location resolved at 0.5.0
Creating working copy for https://github.com/apple/swift-http-types.git
Working copy of https://github.com/apple/swift-http-types.git resolved at 1.8.0
Creating working copy for https://github.com/vapor/jwt-kit.git
Working copy of https://github.com/vapor/jwt-kit.git resolved at 5.7.1
Creating working copy for https://github.com/swift-server/async-http-client.git
Working copy of https://github.com/swift-server/async-http-client.git resolved at 1.36.2
Creating working copy for https://github.com/googleapis/swift-google-rpc
Working copy of https://github.com/googleapis/swift-google-rpc resolved at 0.5.0
Creating working copy for https://github.com/apple/swift-algorithms.git
Working copy of https://github.com/apple/swift-algorithms.git resolved at 1.2.1
Creating working copy for https://github.com/googleapis/swift-google-longrunning
Working copy of https://github.com/googleapis/swift-google-longrunning resolved at 0.5.0
Creating working copy for https://github.com/apple/swift-configuration.git
Working copy of https://github.com/apple/swift-configuration.git resolved at 1.2.2
Creating working copy for https://github.com/apple/swift-log
Working copy of https://github.com/apple/swift-log resolved at 1.16.1
Creating working copy for https://github.com/apple/swift-http-structured-headers.git
Working copy of https://github.com/apple/swift-http-structured-headers.git resolved at 1.7.0
Creating working copy for https://github.com/apple/swift-nio
Working copy of https://github.com/apple/swift-nio resolved at 2.104.0
Creating working copy for https://github.com/apple/swift-nio-ssl.git
Working copy of https://github.com/apple/swift-nio-ssl.git resolved at 2.37.5
Creating working copy for https://github.com/swift-server/swift-service-lifecycle
Working copy of https://github.com/swift-server/swift-service-lifecycle resolved at 2.12.1
Creating working copy for https://github.com/googleapis/swift-google-type
Working copy of https://github.com/googleapis/swift-google-type resolved at 0.5.0
Creating working copy for https://github.com/apple/swift-service-context.git
Working copy of https://github.com/apple/swift-service-context.git resolved at 1.3.0
Creating working copy for https://github.com/apple/swift-certificates.git
Working copy of https://github.com/apple/swift-certificates.git resolved at 1.21.0
Creating working copy for https://github.com/apple/swift-system.git
Working copy of https://github.com/apple/swift-system.git resolved at 1.8.1
Creating working copy for https://github.com/apple/swift-nio-http2.git
Working copy of https://github.com/apple/swift-nio-http2.git resolved at 1.46.0
Creating working copy for https://github.com/googleapis/swift-google-wkt
Working copy of https://github.com/googleapis/swift-google-wkt resolved at 0.5.0
Creating working copy for https://github.com/googleapis/swift-google-gax
Working copy of https://github.com/googleapis/swift-google-gax resolved at 0.5.0
Creating working copy for https://github.com/apple/swift-distributed-tracing.git
Working copy of https://github.com/apple/swift-distributed-tracing.git resolved at 1.5.0
Creating working copy for https://github.com/apple/swift-numerics.git
Working copy of https://github.com/apple/swift-numerics.git resolved at 1.1.1
Creating working copy for https://github.com/apple/swift-nio-extras.git
Working copy of https://github.com/apple/swift-nio-extras.git resolved at 1.35.1
Creating working copy for https://github.com/apple/swift-asn1.git
Working copy of https://github.com/apple/swift-asn1.git resolved at 1.7.3
Building for debugging...
[0/1016] Write sources
[40/1016] Write swift-version--11D90AFD9DD3AB2.txt
[41/1016] Compiling _NumericsShims _NumericsShims.c
[42/1027] Compiling rsa_print.cc
[43/1027] Compiling err.cc
[43/1027] Write sources
[43/1027] Compiling evp.cc
[43/1027] Write sources
[43/1027] Compiling ecdh.cc
[43/1027] Write sources
[43/1027] Compiling engine.cc
[43/1027] Write sources
[81/1027] Compiling _AtomicsShims.c
[82/1027] Compiling CXKCPShims shims.c
[83/1027] Compiling SimpleFIPS202.c
[84/1027] Compiling KeccakSponge.c
[85/1027] Compiling hash_to_curve.cc
[86/1055] Compiling ecdsa_asn1.cc
[88/1066] Emitting module _CertificateInternals
[88/1066] Compiling KeccakP-1600-opt64.c
[90/1094] Emitting module RealModule
[91/1095] Emitting module Logging
[92/1096] Compiling InternalCollectionsUtilities FixedWidthInteger+roundUpToPowerOfTwo.swift
[93/1096] Compiling InternalCollectionsUtilities Integer rank.swift
[94/1096] Emitting module _NIOBase64
[95/1096] Compiling Logging Logger+Attributes.swift
[96/1096] Compiling _NIOBase64 Base64.swift
[97/1096] Emitting module ServiceContextModule
[98/1097] Compiling ServiceContextModule ServiceContext.swift
[100/1097] Compiling Logging LoggingSystem.swift
[101/1097] Compiling InternalCollectionsUtilities MutableSpan+Extras.swift
[102/1097] Compiling InternalCollectionsUtilities OutputSpan+Extras.swift
[103/1097] Compiling InternalCollectionsUtilities RandomAccessCollection+Offsets.swift
[104/1097] Compiling InternalCollectionsUtilities Span+Extras.swift
[105/1099] Emitting module SwiftASN1
[106/1099] Emitting module InternalCollectionsUtilities
[111/1099] Compiling InternalCollectionsUtilities _UnsafeBitSet+_Word.swift
[112/1099] Compiling InternalCollectionsUtilities _UnsafeBitSet.swift
[113/1099] Compiling InternalCollectionsUtilities UnsafeBufferPointer+Extras.swift
[114/1099] Compiling InternalCollectionsUtilities UnsafeMutableBufferPointer+Extras.swift
[115/1099] Compiling ServiceContextModule ServiceContextKey.swift
[116/1103] Compiling SwiftASN1 DER.swift
[117/1103] Compiling SwiftASN1 Errors.swift
[118/1103] Compiling InternalCollectionsUtilities LifetimeOverride.swift
[119/1103] Compiling InternalCollectionsUtilities MutableRef.swift
[120/1103] Compiling InternalCollectionsUtilities Strideable+LimitHelpers.swift
[121/1103] Compiling InternalCollectionsUtilities String+Padding.swift
[122/1103] Compiling InternalCollectionsUtilities TemporaryAllocation.swift
[123/1103] Compiling InternalCollectionsUtilities _UnsafeBitSet+Index.swift
[124/1103] Compiling InternalCollectionsUtilities BorrowingIteratorProtocol+Equality.swift
[125/1103] Compiling InternalCollectionsUtilities BorrowingIteratorProtocol+Extras.swift
[126/1103] Compiling InternalCollectionsUtilities Debugging.swift
[127/1103] Compiling InternalCollectionsUtilities Descriptions.swift
[130/1103] Compiling InternalCollectionsUtilities UInt+first and last set bit.swift
[131/1103] Compiling InternalCollectionsUtilities UInt+reversed.swift
[132/1103] Compiling RealModule RealFunctions.swift
[136/1108] Compiling RealModule Real.swift
[136/1108] Wrapping AST for _NIOBase64 for debugging
[138/1108] Compiling RealModule RelaxedArithmetic.swift
[139/1108] Compiling _NIODataStructures PriorityQueue.swift
[140/1108] Compiling _NIODataStructures _TinyArray.swift
[141/1108] Compiling _CertificateInternals _TinyArray.swift
[145/1109] Compiling InternalCollectionsUtilities UnsafeMutablePointer+Extras.swift
[146/1109] Compiling InternalCollectionsUtilities UnsafeMutableRawBufferPointer+Extras.swift
[147/1109] Compiling InternalCollectionsUtilities UnsafePointer+Extras.swift
[153/1115] Compiling ExtrasBase64 Base64+Span.swift
[155/1115] Compiling InternalCollectionsUtilities UnsafeRawBufferPointer+Extras.swift
[156/1115] Compiling InternalCollectionsUtilities _SortedCollection.swift
[157/1115] Compiling InternalCollectionsUtilities _UniqueCollection.swift
[161/1116] Compiling RealModule Float16+Real.swift
[162/1116] Compiling RealModule Float80+Real.swift
[166/1116] Wrapping AST for ServiceContextModule for debugging
[168/1117] Compiling _NIODataStructures Heap.swift
[169/1117] Emitting module _NIODataStructures
[169/1118] Wrapping AST for _CertificateInternals for debugging
[173/1118] Compiling Instrumentation NoOpInstrument.swift
[173/1122] Wrapping AST for _NIODataStructures for debugging
[174/1122] Compiling KeccakHash.c
[175/1122] Wrapping AST for RealModule for debugging
[176/1122] Wrapping AST for InternalCollectionsUtilities for debugging
[177/1122] Compiling CSystem shims.c
[178/1122] Compiling CNIOWindows shim.c
[180/1122] Compiling SpanPreview MutableSpan+InputSpanHelpers.swift
[180/1122] Compiling CNIOWindows WSAStartup.c
[182/1122] Compiling Instrumentation MultiplexInstrument.swift
[182/1122] Compiling CNIOPosix event_loop_id.c
[183/1122] Emitting module SpanPreview
[185/1122] Compiling SpanPreview InputSpan.swift
[185/1122] Compiling CNIOWASI CNIOWASI.c
[187/1122] Compiling SpanPreview OutputSpan+InputSpanHelpers.swift
[188/1123] Compiling Logging Logger.swift
[189/1123] Compiling Logging Logger+With.swift
[189/1123] Compiling CNIOOpenBSD shim.c
[190/1123] Compiling CNIOLinux liburing_shims.c
[193/1160] Compiling Instrumentation Instrument.swift
[194/1160] Emitting module Instrumentation
[194/1160] Compiling CNIOLinux shim.c
[195/1160] Compiling CNIOLLHTTP c_nio_http.c
[196/1160] Wrapping AST for SpanPreview for debugging
[197/1202] Compiling CNIOLLHTTP c_nio_api.c
[198/1202] Compiling CNIOFreeBSD shim.c
[199/1202] Compiling CNIOLLHTTP c_nio_llhttp.c
[200/1202] Compiling CNIOExtrasZlib zutil.c
[201/1202] Compiling CNIOExtrasZlib inftrees.c
[203/1202] Compiling DequeModule Deque._UnsafeHandle.swift
[204/1202] Compiling DequeModule Deque.swift
[204/1202] Compiling CNIOExtrasZlib trees.c
[205/1202] Compiling CNIOExtrasZlib inffast.c
[206/1202] Compiling CNIOExtrasZlib inflate.c
[208/1202] Compiling DequeModule UniqueDeque+Consumption.swift
[209/1202] Compiling DequeModule UniqueDeque+ContainerOperations.swift
[210/1202] Compiling DequeModule UniqueDeque+Deprecations.swift
[211/1202] Compiling DequeModule UniqueDeque+Descriptions.swift
[212/1202] Compiling DequeModule UniqueDeque+Equatable.swift
[213/1202] Compiling DequeModule UniqueDeque+Hashable.swift
[213/1207] Compiling CNIOExtrasZlib crc32.c
[214/1207] Compiling CNIOExtrasZlib deflate.c
[215/1207] Compiling CNIODarwin shim.c
[216/1207] Compiling CNIOExtrasZlib adler32.c
[218/1207] Compiling DequeModule UniqueDeque+Initializers.swift
[219/1207] Compiling DequeModule UniqueDeque+Insertions.swift
[220/1207] Compiling DequeModule UniqueDeque+Iterable.swift
[221/1207] Compiling DequeModule UniqueDeque+Prepend.swift
[222/1207] Compiling DequeModule UniqueDeque+Removals.swift
[223/1207] Compiling DequeModule _DequeBuffer.swift
[224/1207] Compiling DequeModule _DequeBufferHeader.swift
[225/1207] Compiling DequeModule RigidDeque+Append.swift
[226/1207] Compiling DequeModule RigidDeque+Consumption.swift
[227/1207] Compiling DequeModule RigidDeque+ContainerOperations.swift
[228/1207] Compiling DequeModule RigidDeque+Deprecations.swift
[228/1207] Compiling fiat_p256_adx_sqr.S
[229/1207] Compiling fiat_p256_adx_mul.S
[230/1207] Compiling fiat_curve25519_adx_square.S
[232/1207] Compiling DequeModule RigidDeque+Descriptions.swift
[233/1207] Compiling DequeModule RigidDeque+Equatable.swift
[234/1207] Compiling DequeModule RigidDeque+Hashable.swift
[235/1207] Compiling DequeModule RigidDeque+Initializers.swift
[236/1207] Compiling DequeModule RigidDeque+Insertions.swift
[237/1207] Compiling DequeModule RigidDeque+Iterable.swift
[238/1207] Compiling DequeModule RigidDeque+Prepend.swift
[239/1207] Compiling DequeModule RigidDeque+Removals.swift
[240/1207] Compiling DequeModule RigidDeque+Replacements.swift
[241/1207] Compiling DequeModule RigidDeque+Testing.swift
[242/1207] Compiling DequeModule RigidDeque.swift
[243/1207] Compiling DequeModule UniqueDeque+Append.swift
[243/1207] Compiling fiat_curve25519_adx_mul.S
[245/1207] Compiling ExtrasBase64 Base32+Span.swift
[245/1207] Compiling CNIOBoringSSLShims shims.c
[247/1207] Compiling DequeModule Deque+Codable.swift
[248/1207] Compiling DequeModule Deque+Collection.swift
[249/1207] Compiling DequeModule Deque+CustomReflectable.swift
[250/1207] Compiling DequeModule Deque+Descriptions.swift
[251/1207] Compiling DequeModule Deque+Equatable.swift
[252/1207] Compiling DequeModule Deque+ExpressibleByArrayLiteral.swift
[253/1207] Emitting module SystemPackage
[261/1212] Compiling Logging MetadataProvider.swift
[265/1212] Compiling DequeModule Deque+Extras.swift
[266/1212] Compiling DequeModule Deque+Hashable.swift
[267/1212] Compiling DequeModule Deque+Testing.swift
[268/1212] Compiling DequeModule Deque._Storage.swift
[296/1213] Compiling Instrumentation InstrumentationSystem.swift
[297/1213] Compiling Instrumentation Locks.swift
[304/1214] Wrapping AST for Logging for debugging
[309/1223] Compiling Tracing InstrumentationSystem+Tracing.swift
[309/1224] Wrapping AST for Instrumentation for debugging
[310/1224] Compiling tls_record.cc
[311/1224] Wrapping AST for SwiftASN1 for debugging
[313/1224] Compiling Tracing TracingTime.swift
[314/1224] Compiling Tracing TracerProtocol.swift
[315/1224] Compiling Tracing WithTracer.swift
[316/1224] Compiling Tracing TracerProtocol+Legacy.swift
[317/1224] Emitting module Tracing
[318/1224] Compiling Tracing Tracer.swift
[319/1224] Compiling SystemPackage SystemString.swift
[320/1224] Compiling SystemPackage Util+StringArray.swift
[321/1224] Compiling SystemPackage Util.swift
[322/1224] Compiling SystemPackage UtilConsumers.swift
[323/1224] Compiling SystemPackage WinSDK+Overlay.swift
[323/1225] Compiling tls_method.cc
[326/1225] Compiling Tracing NoOpTracer.swift
[327/1225] Compiling Tracing SpanProtocol.swift
[328/1226] Wrapping AST for SystemPackage for debugging
[329/1226] Wrapping AST for Tracing for debugging
[330/1226] Compiling tls13_enc.cc
[331/1226] Compiling tls13_server.cc
[333/1226] Emitting module DequeModule
[333/1226] Compiling tls13_client.cc
[335/1226] Compiling DequeModule UniqueDeque+Replacements.swift
[336/1226] Compiling DequeModule UniqueDeque.swift
[337/1226] Compiling DequeModule _DequeSlot.swift
[338/1226] Compiling DequeModule _UnsafeDequeHandle.swift
[339/1226] Compiling DequeModule _UnsafeDequeSegments.swift
[340/1227] Compiling tls13_both.cc
[341/1227] Compiling t1_enc.cc
[342/1270] Compiling ssl_x509.cc
[343/1270] Wrapping AST for DequeModule for debugging
[344/1270] Compiling ssl_versions.cc
[346/1270] Compiling Configuration JSONSnapshot.swift
[347/1270] Compiling Configuration PropertyListSnapshot.swift
[348/1270] Compiling Configuration ReloadingFileProvider.swift
[349/1270] Compiling Configuration ReloadingFileProviderMetrics.swift
[350/1270] Compiling Configuration YAMLSnapshot.swift
[351/1270] Compiling Configuration InMemoryProvider.swift
[352/1275] Emitting module Configuration
[352/1275] Compiling ssl_transcript.cc
[353/1275] Compiling ssl_stat.cc
[355/1275] Compiling Configuration EnvironmentKeyEncoder.swift
[356/1275] Compiling Configuration EnvironmentVariablesProvider.swift
[357/1275] Compiling Configuration CommonProviderFileSystem.swift
[358/1275] Compiling Configuration DirectoryFilesProvider.swift
[359/1275] Compiling Configuration FileProvider.swift
[360/1275] Compiling Configuration FileProviderSnapshot.swift
[360/1275] Compiling ssl_key_share.cc
[361/1275] Compiling ssl_privkey.cc
[362/1275] Compiling ssl_session.cc
[363/1275] Compiling ssl_file.cc
[365/1275] Emitting module ExtrasBase64
[365/1275] Compiling ssl_credential.cc
[367/1275] Compiling ExtrasBase64 Base32.swift
[368/1275] Compiling ExtrasBase64 Base64.swift
[369/1276] Compiling ssl_lib.cc
[370/1280] Compiling ssl_cipher.cc
[371/1307] Wrapping AST for ExtrasBase64 for debugging
[372/1307] Compiling ssl_buffer.cc
[373/1307] Compiling ssl_cert.cc
[375/1307] Compiling GoogleWKT ProtoJSONDecoder.swift
[376/1307] Compiling GoogleWKT ProtoJSONEncoder.swift
[377/1307] Compiling GoogleWKT WKTValue.swift
[378/1307] Compiling GoogleWKT WKTApi.swift
[379/1307] Compiling GoogleWKT WKTEnum.swift
[380/1307] Compiling GoogleWKT WKTEnumValue.swift
[381/1307] Compiling GoogleWKT WKTFloatValue.swift
[382/1307] Compiling GoogleWKT WKTInt32Value.swift
[383/1307] Compiling GoogleWKT WKTInt64Value.swift
[384/1307] Compiling GoogleWKT WKTRecursive.swift
[385/1307] Compiling GoogleWKT WKTField.swift
[386/1307] Compiling GoogleWKT WKTMethod.swift
[387/1307] Compiling GoogleWKT UnknownFields.swift
[388/1307] Compiling GoogleWKT WKTAny.swift
[389/1307] Compiling GoogleWKT WKTAnyError.swift
[390/1307] Compiling GoogleWKT WKTBoolValue.swift
[391/1307] Compiling GoogleWKT WKTBytesValue.swift
[392/1307] Compiling GoogleWKT WKTDoubleValue.swift
[393/1307] Compiling Configuration CombineLatestManyStorage.swift
[394/1307] Compiling Configuration AsyncSequences.swift
[395/1307] Compiling Configuration FoundationExtensions.swift
[396/1307] Compiling Configuration Span.swift
[397/1307] Compiling Configuration ConfigBytesFromStringDecoder.swift
[398/1307] Compiling Configuration MutableInMemoryProvider.swift
[399/1307] Compiling Configuration ConfigProvider+Operators.swift
[400/1307] Compiling Configuration KeyMappingProvider.swift
[401/1307] Compiling Configuration SecretsSpecifier.swift
[402/1307] Compiling Configuration AsyncCombineLatestManySequence.swift
[403/1307] Compiling Configuration CombineLatestManyStateMachine.swift
[403/1307] Compiling ssl_asn1.cc
[404/1307] Compiling ssl_aead_ctx.cc
[406/1307] Emitting module GoogleWKT
[406/1311] Compiling s3_pkt.cc
[410/1311] Compiling GoogleWKT WKTMixin.swift
[411/1311] Compiling GoogleWKT WKTOption.swift
[411/1311] Compiling s3_both.cc
[414/1311] Compiling GoogleWKT WKTDuration.swift
[415/1311] Compiling GoogleWKT WKTEmpty.swift
[416/1311] Compiling GoogleWKT WKTFieldMask.swift
[426/1311] Compiling GoogleWKT WKTStringValue.swift
[427/1311] Compiling GoogleWKT WKTTimestamp.swift
[428/1311] Compiling GoogleWKT WKTUInt32Value.swift
[429/1311] Compiling GoogleWKT WKTUInt64Value.swift
[434/1311] Compiling GoogleWKT WKTSourceContext.swift
[435/1311] Compiling GoogleWKT WKTSyntax.swift
[436/1311] Compiling GoogleWKT WKTType.swift
[437/1311] Compiling GoogleWKT PackageVersion.swift
[437/1311] Compiling s3_lib.cc
[438/1311] Compiling handshake_server.cc
[443/1311] Compiling GoogleWKT AnyPackable.swift
[444/1311] Compiling GoogleWKT DecodeToDefault.swift
[445/1311] Compiling GoogleWKT DiscoveryBase64.swift
[452/1313] Wrapping AST for Configuration for debugging
[453/1331] Compiling handshake.cc
[454/1346] Compiling handshake_client.cc
[455/1346] Compiling handoff.cc
[456/1346] Wrapping AST for GoogleWKT for debugging
[457/1346] Compiling extensions.cc
[459/1346] Compiling GoogleRpc ErrorInfo.swift
[460/1346] Compiling GoogleRpc HttpRequest.swift
[461/1346] Compiling GoogleRpc HttpResponse.swift
[462/1348] Compiling GoogleRpc LocalizedMessage.swift
[463/1348] Compiling GoogleRpc PackageVersion.swift
[464/1348] Compiling GoogleRpc PreconditionFailure.swift
[465/1348] Compiling GoogleRpc QuotaFailure.swift
[466/1348] Compiling GoogleRpc Help.swift
[467/1348] Compiling GoogleRpc HttpHeader.swift
[470/1350] Compiling GoogleRpc RequestInfo.swift
[471/1350] Compiling GoogleRpc ResourceInfo.swift
[472/1350] Compiling GoogleRpc RetryInfo.swift
[473/1350] Compiling GoogleRpc Status.swift
[474/1350] Compiling GoogleType Interval.swift
[477/1350] Compiling GoogleType TimeOfDay.swift
[478/1350] Compiling GoogleType TimeZone.swift
[479/1350] Compiling GoogleRpc DebugInfo.swift
[486/1350] Compiling encrypted_client_hello.cc
[488/1350] Emitting module GoogleRpc
[489/1350] Compiling GoogleRpc BadRequest.swift
[490/1350] Compiling GoogleRpc Code.swift
[491/1350] Emitting module GoogleType
[497/1352] Compiling dtls_record.cc
[499/1352] Compiling dtls_method.cc
[500/1352] Compiling d1_srtp.cc
[501/1352] Compiling d1_pkt.cc
[502/1352] Compiling md5-x86_64-linux.S
[503/1352] Compiling md5-x86_64-apple.S
[504/1352] Compiling md5-586-linux.S
[505/1352] Compiling md5-586-apple.S
[506/1352] Wrapping AST for GoogleRpc for debugging
[507/1352] Compiling chacha20_poly1305_x86_64-linux.S
[508/1352] Wrapping AST for GoogleType for debugging
[509/1352] Compiling chacha20_poly1305_x86_64-apple.S
[510/1352] Compiling chacha20_poly1305_armv8-win.S
[511/1352] Compiling chacha20_poly1305_armv8-apple.S
[512/1352] Compiling chacha-x86_64-linux.S
[513/1352] Compiling chacha-x86_64-apple.S
[514/1352] Compiling chacha20_poly1305_armv8-linux.S
[515/1352] Compiling chacha-x86-linux.S
[516/1352] Compiling chacha-x86-apple.S
[517/1352] Compiling chacha-armv8-win.S
[518/1352] Compiling chacha-armv8-apple.S
[519/1352] Compiling chacha-armv4-linux.S
[520/1352] Compiling aes128gcmsiv-x86_64-linux.S
[521/1352] Compiling chacha-armv8-linux.S
[522/1352] Compiling d1_lib.cc
[523/1352] Compiling aes128gcmsiv-x86_64-apple.S
[524/1352] Compiling x86_64-mont5-apple.S
[525/1352] Compiling x86_64-mont5-linux.S
[526/1352] Compiling x86_64-mont-apple.S
[527/1352] Compiling x86_64-mont-linux.S
[528/1352] Compiling x86-mont-linux.S
[529/1352] Compiling vpaes-x86_64-apple.S
[529/1352] Compiling x86-mont-apple.S
[531/1352] Compiling vpaes-x86_64-linux.S
[532/1352] Compiling vpaes-x86-linux.S
[533/1352] Compiling vpaes-x86-apple.S
[534/1352] Compiling err_data.cc
[535/1352] Compiling vpaes-armv8-apple.S
[536/1352] Compiling vpaes-armv8-win.S
[537/1352] Compiling vpaes-armv8-linux.S
[538/1352] Compiling sha512-x86_64-linux.S
[539/1352] Compiling vpaes-armv7-linux.S
[540/1352] Compiling sha512-x86_64-apple.S
[541/1352] Compiling sha512-armv8-apple.S
[542/1352] Compiling sha512-armv8-win.S
[543/1352] Compiling sha512-armv4-linux.S
[543/1352] Compiling sha512-586-linux.S
[543/1352] Compiling sha512-armv8-linux.S
[546/1352] Compiling sha512-586-apple.S
[547/1352] Compiling sha256-x86_64-apple.S
[548/1352] Compiling sha256-x86_64-linux.S
[549/1352] Compiling bio_ssl.cc
[550/1352] Compiling sha256-armv8-apple.S
[551/1352] Compiling sha256-armv8-win.S
[552/1352] Compiling sha256-armv8-linux.S
[553/1352] Compiling sha256-armv4-linux.S
[554/1352] Compiling sha1-x86_64-linux.S
[555/1352] Compiling sha256-586-linux.S
[556/1352] Compiling sha256-586-apple.S
[557/1352] Compiling sha1-armv8-win.S
[558/1352] Compiling sha1-x86_64-apple.S
[559/1352] Compiling sha1-armv8-apple.S
[560/1352] Compiling sha1-armv8-linux.S
[561/1352] Compiling sha1-armv4-large-linux.S
[562/1352] Compiling sha1-586-apple.S
[563/1352] Compiling sha1-586-linux.S
[564/1352] Compiling rsaz-avx2-apple.S
[565/1352] Compiling rdrand-x86_64-apple.S
[566/1352] Compiling rsaz-avx2-linux.S
[567/1352] Compiling rdrand-x86_64-linux.S
[568/1352] Compiling d1_both.cc
[569/1352] Compiling p256_beeu-x86_64-asm-linux.S
[570/1352] Compiling p256_beeu-armv8-asm-apple.S
[571/1352] Compiling p256_beeu-armv8-asm-win.S
[572/1352] Compiling p256_beeu-x86_64-asm-apple.S
[572/1352] Compiling p256-x86_64-asm-linux.S
[574/1352] Compiling p256_beeu-armv8-asm-linux.S
[575/1352] Compiling p256-armv8-asm-win.S
[576/1352] Compiling p256-x86_64-asm-apple.S
[577/1352] Compiling p256-armv8-asm-linux.S
[578/1352] Compiling p256-armv8-asm-apple.S
[579/1352] Compiling ghashv8-armv7-linux.S
[579/1352] Compiling ghashv8-armv8-win.S
[581/1352] Compiling ghashv8-armv8-apple.S
[582/1352] Compiling ghash-x86_64-apple.S
[583/1352] Compiling ghashv8-armv8-linux.S
[584/1352] Compiling ghash-x86_64-linux.S
[585/1352] Compiling ghash-x86-apple.S
[586/1352] Compiling ghash-x86-linux.S
[587/1352] Compiling ghash-ssse3-x86_64-linux.S
[587/1352] Compiling ghash-ssse3-x86-apple.S
[589/1352] Compiling ghash-ssse3-x86-linux.S
[590/1352] Compiling ghash-ssse3-x86_64-apple.S
[591/1352] Compiling ghash-neon-armv8-win.S
[592/1352] Compiling ghash-neon-armv8-linux.S
[593/1352] Compiling ghash-neon-armv8-apple.S
[594/1352] Compiling bn-armv8-win.S
[595/1352] Compiling ghash-armv4-linux.S
[595/1352] Compiling bsaes-armv7-linux.S
[597/1352] Compiling co-586-apple.S
[597/1352] Compiling bn-armv8-apple.S
[597/1352] Compiling co-586-linux.S
[600/1352] Compiling bn-armv8-linux.S
[601/1352] Compiling bn-586-linux.S
[602/1352] Compiling bn-586-apple.S
[603/1352] Compiling armv8-mont-win.S
[604/1352] Compiling armv8-mont-apple.S
[605/1352] Compiling aesv8-gcm-armv8-win.S
[606/1352] Compiling armv8-mont-linux.S
[607/1352] Compiling armv4-mont-linux.S
[608/1352] Compiling aesv8-gcm-armv8-apple.S
[609/1352] Compiling aesv8-armv8-win.S
[610/1352] Compiling aesv8-armv8-linux.S
[611/1352] Compiling aesv8-armv8-apple.S
[612/1352] Compiling aesni-x86_64-apple.S
[613/1352] Compiling aesv8-gcm-armv8-linux.S
[614/1352] Compiling aesv8-armv7-linux.S
[615/1352] Compiling aesni-x86_64-linux.S
[616/1352] Compiling aesni-gcm-x86_64-linux.S
[617/1352] Compiling aesni-x86-linux.S
[618/1352] Compiling aesni-x86-apple.S
[619/1352] Compiling aesni-gcm-x86_64-apple.S
[620/1352] Compiling aes-gcm-avx2-x86_64-linux.S
[621/1352] Compiling aes-gcm-avx2-x86_64-apple.S
[622/1352] Compiling aes-gcm-avx10-x86_64-apple.S
[623/1352] Compiling aes-gcm-avx10-x86_64-linux.S
[624/1352] Compiling x_val.cc
[625/1352] Compiling x_spki.cc
[626/1352] Compiling x_req.cc
[627/1352] Compiling x_pubkey.cc
[628/1352] Compiling x_x509a.cc
[629/1352] Compiling x_sig.cc
[630/1352] Compiling x_x509.cc
[631/1352] Compiling x_name.cc
[632/1352] Compiling x_exten.cc
[633/1352] Compiling x_attrib.cc
[634/1352] Compiling x509spki.cc
[635/1352] Compiling x509rset.cc
[636/1352] Compiling x_all.cc
[637/1352] Compiling x509name.cc
[638/1352] Compiling x_algor.cc
[639/1352] Compiling x_crl.cc
[640/1352] Compiling x509cset.cc
[641/1352] Compiling x509_vpm.cc
[642/1352] Compiling x509_vfy.cc
[643/1352] Compiling x509_txt.cc
[644/1352] Compiling x509_v3.cc
[645/1352] Compiling x509_trs.cc
[646/1352] Compiling x509_set.cc
[647/1352] Compiling x509_req.cc
[648/1352] Compiling x509_obj.cc
[649/1352] Compiling x509_d2.cc
[650/1352] Compiling x509_lu.cc
[651/1352] Compiling x509_def.cc
[652/1352] Compiling x509_ext.cc
[653/1352] Compiling x509_cmp.cc
[654/1352] Compiling x509.cc
[655/1352] Compiling v3_utl.cc
[656/1352] Compiling x509_att.cc
[657/1352] Compiling v3_prn.cc
[658/1352] Compiling v3_pmaps.cc
[659/1352] Compiling v3_ocsp.cc
[660/1352] Compiling v3_skey.cc
[661/1352] Compiling v3_pcons.cc
[662/1352] Compiling v3_purp.cc
[663/1352] Compiling v3_ncons.cc
[664/1352] Compiling v3_lib.cc
[665/1352] Compiling v3_int.cc
[666/1352] Compiling v3_info.cc
[667/1352] Compiling v3_extku.cc
[668/1352] Compiling v3_ia5.cc
[669/1352] Compiling v3_genn.cc
[670/1352] Compiling v3_enum.cc
[671/1352] Compiling v3_cpols.cc
[672/1352] Compiling v3_conf.cc
[673/1352] Compiling v3_crld.cc
[674/1352] Compiling v3_bitst.cc
[675/1352] Compiling v3_bcons.cc
[676/1352] Compiling v3_alt.cc
[677/1352] Compiling v3_akey.cc
[678/1352] Compiling v3_akeya.cc
[679/1352] Compiling t_x509a.cc
[680/1352] Compiling t_x509.cc
[681/1352] Compiling t_req.cc
[682/1352] Compiling t_crl.cc
[683/1352] Compiling rsa_pss.cc
[684/1352] Compiling policy.cc
[685/1352] Compiling i2d_pr.cc
[686/1352] Compiling by_file.cc
[687/1352] Compiling name_print.cc
[688/1352] Compiling by_dir.cc
[689/1352] Compiling asn1_gen.cc
[690/1352] Compiling algorithm.cc
[691/1352] Compiling a_sign.cc
[692/1352] Compiling a_verify.cc
[693/1352] Compiling a_digest.cc
[694/1352] Compiling trust_token.cc
[695/1352] Compiling thread_win.cc
[696/1352] Compiling voprf.cc
[697/1352] Compiling pmbtoken.cc
[698/1352] Compiling thread_pthread.cc
[699/1352] Compiling thread.cc
[700/1352] Compiling thread_none.cc
[701/1352] Compiling sha256.cc
[702/1352] Compiling stack.cc
[703/1352] Compiling sha512.cc
[704/1352] Compiling slhdsa.cc
[705/1352] Compiling siphash.cc
[706/1352] Compiling rsa_extra.cc
[707/1352] Compiling sha1.cc
[708/1352] Compiling rsa_crypt.cc
[709/1352] Compiling spake2plus.cc
[710/1352] Compiling rand.cc
[711/1352] Compiling refcount.cc
[712/1352] Compiling rc4.cc
[713/1352] Compiling trusty.cc
[714/1352] Compiling windows.cc
[715/1352] Compiling passive.cc
[716/1352] Compiling urandom.cc
[717/1352] Compiling deterministic.cc
[718/1352] Compiling poly1305_arm_asm.S
[719/1352] Compiling rsa_asn1.cc
[720/1352] Compiling fork_detect.cc
[721/1352] Compiling ios.cc
[722/1352] Compiling getentropy.cc
[723/1352] Compiling poly1305_vec.cc
[724/1352] Compiling forkunsafe.cc
[725/1352] Compiling poly1305_arm.cc
[726/1352] Compiling pool.cc
[727/1352] Compiling poly1305.cc
[728/1352] Compiling p5_pbev2.cc
[729/1352] Compiling pkcs8_x509.cc
[730/1352] Compiling pkcs7.cc
[731/1352] Compiling pkcs7_x509.cc
[732/1352] Compiling pkcs8.cc
[733/1352] Compiling pem_pkey.cc
[734/1352] Compiling pem_xaux.cc
[735/1352] Compiling pem_oth.cc
[736/1352] Compiling pem_x509.cc
[737/1352] Compiling obj_xref.cc
[738/1352] Compiling pem_info.cc
[739/1352] Compiling pem_pk8.cc
[740/1352] Compiling mlkem.cc
[741/1352] Compiling mldsa.cc
[742/1352] Compiling obj.cc
[743/1352] Compiling pem_lib.cc
[744/1352] Compiling pem_all.cc
[745/1352] Compiling poly_rq_mul.S
[746/1352] Compiling fips_shared_support.cc
[747/1352] Compiling mem.cc
[748/1352] Compiling md5.cc
[749/1352] Compiling lhash.cc
[750/1352] Compiling md4.cc
[751/1352] Compiling ex_data.cc
[752/1352] Compiling hpke.cc
[753/1352] Compiling kyber.cc
[754/1352] Compiling sign.cc
[755/1352] Compiling hrss.cc
[756/1352] Compiling scrypt.cc
[757/1352] Compiling print.cc
[758/1352] Compiling pbkdf.cc
[759/1352] Compiling p_x25519.cc
[760/1352] Compiling p_x25519_asn1.cc
[761/1352] Compiling p_rsa_asn1.cc
[762/1352] Compiling p_rsa.cc
[763/1352] Compiling p_ed25519.cc
[764/1352] Compiling p_ec.cc
[765/1352] Compiling p_ed25519_asn1.cc
[766/1352] Compiling p_ec_asn1.cc
[767/1352] Compiling p_hkdf.cc
[768/1352] Compiling p_dh_asn1.cc
[769/1352] Compiling p_dh.cc
[770/1352] Compiling evp_ctx.cc
[771/1352] Compiling p_dsa_asn1.cc
[772/1352] Compiling ec_derive.cc
[773/1352] Compiling evp_asn1.cc
[774/1352] Compiling dsa.cc
[775/1352] Compiling dsa_asn1.cc
[776/1352] Compiling params.cc
[777/1352] Compiling ec_asn1.cc
[778/1352] Compiling x25519-asm-arm.S
[779/1352] Compiling digest_extra.cc
[780/1352] Compiling curve25519_64_adx.cc
[780/1352] Compiling des.cc
[782/1352] Compiling dh_asn1.cc
[783/1352] Compiling bcm.cc
[784/1352] Compiling curve25519.cc
[785/1352] Compiling cpu_intel.cc
[786/1352] Compiling crypto.cc
[787/1352] Compiling spake25519.cc
[788/1352] Compiling cpu_arm_linux.cc
[789/1352] Compiling cpu_aarch64_linux.cc
[790/1352] Compiling cpu_arm_freebsd.cc
[791/1352] Compiling cpu_aarch64_win.cc
[792/1352] Compiling cpu_aarch64_sysreg.cc
[793/1352] Compiling cpu_aarch64_openbsd.cc
[794/1352] Compiling cpu_aarch64_apple.cc
[795/1352] Compiling cpu_aarch64_fuchsia.cc
[796/1352] Compiling conf.cc
[797/1352] Compiling get_cipher.cc
[798/1352] Compiling tls_cbc.cc
[799/1352] Compiling e_tls.cc
[800/1352] Compiling e_des.cc
[801/1352] Compiling e_rc4.cc
[802/1352] Compiling e_null.cc
[803/1352] Compiling e_aesgcmsiv.cc
[804/1352] Compiling e_rc2.cc
[805/1352] Compiling e_aesctrhmac.cc
[806/1352] Compiling e_chacha20poly1305.cc
[807/1352] Compiling chacha.cc
[808/1352] Compiling derive_key.cc
[809/1352] Compiling cbb.cc
[810/1352] Compiling ber.cc
[811/1352] Compiling cbs.cc
[812/1352] Compiling buf.cc
[813/1352] Compiling bn_asn1.cc
[814/1352] Compiling asn1_compat.cc
[815/1352] Compiling unicode.cc
[816/1352] Compiling convert.cc
[817/1352] Compiling blake2.cc
[818/1352] Compiling socket_helper.cc
[819/1352] Compiling printf.cc
[820/1352] Compiling socket.cc
[821/1352] Compiling pair.cc
[822/1352] Compiling errno.cc
[823/1352] Compiling file.cc
[824/1352] Compiling hexdump.cc
[825/1352] Compiling connect.cc
[826/1352] Compiling fd.cc
[827/1352] Compiling bio_mem.cc
[828/1352] Compiling tasn_fre.cc
[829/1352] Compiling bio.cc
[830/1352] Compiling base64.cc
[831/1352] Compiling tasn_typ.cc
[832/1352] Compiling tasn_utl.cc
[833/1352] Compiling tasn_new.cc
[834/1352] Compiling posix_time.cc
[835/1352] Compiling tasn_enc.cc
[836/1352] Compiling f_int.cc
[837/1352] Compiling tasn_dec.cc
[838/1352] Compiling asn_pack.cc
[839/1352] Compiling asn1_par.cc
[840/1352] Compiling f_string.cc
[841/1352] Compiling a_utctm.cc
[842/1352] Compiling a_type.cc
[843/1352] Compiling a_octet.cc
[844/1352] Compiling asn1_lib.cc
[845/1352] Compiling a_time.cc
[846/1352] Compiling a_strex.cc
[847/1352] Compiling a_strnid.cc
[848/1352] Compiling a_object.cc
[849/1352] Compiling a_i2d_fp.cc
[850/1352] Compiling a_dup.cc
[851/1352] Compiling a_gentm.cc
[852/1352] Compiling a_mbstr.cc
[853/1352] Compiling CGoogleGaxCRC32C CGoogleGaxCRC32C.c
[854/1352] Compiling a_d2i_fp.cc
[855/1352] Compiling a_bool.cc
[856/1352] Compiling a_bitstr.cc
[857/1352] Compiling fiat_p256_adx_sqr.S
[858/1352] Compiling fiat_p256_adx_mul.S
[859/1352] Compiling fiat_curve25519_adx_mul.S
[860/1352] Compiling fiat_curve25519_adx_square.S
[861/1352] Compiling md5-x86_64-linux.S
[862/1352] Compiling md5-x86_64-apple.S
[863/1352] Compiling a_int.cc
[864/1352] Compiling md5-586-apple.S
[864/1352] Compiling md5-586-linux.S
[866/1352] Compiling chacha20_poly1305_x86_64-linux.S
[867/1352] Compiling chacha20_poly1305_armv8-win.S
[868/1352] Compiling CCryptoBoringSSLShims shims.c
[869/1352] Compiling chacha20_poly1305_x86_64-apple.S
[869/1352] Compiling chacha20_poly1305_armv8-apple.S
[871/1352] Compiling chacha-x86_64-apple.S
[872/1352] Compiling chacha-x86-linux.S
[872/1352] Compiling chacha20_poly1305_armv8-linux.S
[874/1352] Compiling chacha-x86_64-linux.S
[875/1352] Compiling chacha-x86-apple.S
[876/1352] Compiling chacha-armv8-apple.S
[877/1352] Compiling chacha-armv8-win.S
[878/1352] Compiling aes128gcmsiv-x86_64-linux.S
[879/1352] Compiling chacha-armv4-linux.S
[880/1352] Compiling aes128gcmsiv-x86_64-apple.S
[881/1352] Compiling chacha-armv8-linux.S
[882/1352] Compiling x86_64-mont5-linux.S
[883/1352] Compiling x86_64-mont5-apple.S
[884/1352] Compiling x86_64-mont-apple.S
[885/1352] Compiling x86_64-mont-linux.S
[886/1352] Compiling vpaes-x86_64-linux.S
[887/1352] Compiling x86-mont-linux.S
[888/1352] Compiling x86-mont-apple.S
[889/1352] Compiling vpaes-armv8-win.S
[890/1352] Compiling vpaes-x86-apple.S
[891/1352] Compiling vpaes-x86_64-apple.S
[892/1352] Compiling vpaes-armv8-linux.S
[893/1352] Compiling vpaes-armv8-apple.S
[894/1352] Compiling vpaes-x86-linux.S
[895/1352] Compiling sha512-x86_64-linux.S
[896/1352] Compiling sha512-armv8-win.S
[897/1352] Compiling vpaes-armv7-linux.S
[898/1352] Compiling sha512-x86_64-apple.S
[899/1352] Compiling sha512-armv8-linux.S
[900/1352] Compiling sha512-armv8-apple.S
[901/1352] Compiling sha512-armv4-linux.S
[902/1352] Compiling sha512-586-linux.S
[903/1352] Compiling sha256-x86_64-linux.S
[904/1352] Compiling sha256-armv8-win.S
[905/1352] Compiling sha512-586-apple.S
[906/1352] Compiling sha256-x86_64-apple.S
[907/1352] Compiling sha256-armv8-linux.S
[907/1352] Compiling err_data.cc
[909/1352] Compiling sha256-armv4-linux.S
[910/1352] Compiling sha256-armv8-apple.S
[911/1352] Compiling sha256-586-apple.S
[912/1352] Compiling sha256-586-linux.S
[913/1352] Compiling sha1-x86_64-apple.S
[914/1352] Compiling sha1-x86_64-linux.S
[915/1352] Compiling sha1-armv8-win.S
[916/1352] Compiling sha1-armv8-linux.S
[917/1352] Compiling sha1-armv4-large-linux.S
[918/1352] Compiling sha1-armv8-apple.S
[919/1352] Compiling sha1-586-linux.S
[920/1352] Compiling sha1-586-apple.S
[921/1352] Compiling rsaz-avx2-apple.S
[922/1352] Compiling rsaz-avx2-linux.S
[923/1352] Compiling p256_beeu-x86_64-asm-linux.S
[924/1352] Compiling rdrand-x86_64-apple.S
[925/1352] Compiling rdrand-x86_64-linux.S
[926/1352] Compiling p256_beeu-x86_64-asm-apple.S
[927/1352] Compiling p256_beeu-armv8-asm-win.S
[928/1352] Compiling p256_beeu-armv8-asm-apple.S
[929/1352] Compiling p256_beeu-armv8-asm-linux.S
[930/1352] Compiling p256-x86_64-asm-linux.S
[931/1352] Compiling p256-armv8-asm-win.S
[932/1352] Compiling p256-x86_64-asm-apple.S
[933/1352] Compiling p256-armv8-asm-apple.S
[934/1352] Compiling ghashv8-armv8-win.S
[935/1352] Compiling p256-armv8-asm-linux.S
[936/1352] Compiling ghashv8-armv8-linux.S
[937/1352] Compiling ghashv8-armv8-apple.S
[938/1352] Compiling ghash-x86_64-linux.S
[939/1352] Compiling ghash-x86_64-apple.S
[940/1352] Compiling ghashv8-armv7-linux.S
[941/1352] Compiling ghash-x86-linux.S
[942/1352] Compiling ghash-x86-apple.S
[943/1352] Compiling ghash-ssse3-x86_64-linux.S
[944/1352] Compiling ghash-ssse3-x86_64-apple.S
[945/1352] Compiling ghash-ssse3-x86-apple.S
[945/1352] Compiling ghash-neon-armv8-win.S
[947/1352] Compiling ghash-ssse3-x86-linux.S
[948/1352] Compiling ghash-neon-armv8-linux.S
[949/1352] Compiling ghash-armv4-linux.S
[950/1352] Compiling ghash-neon-armv8-apple.S
[951/1352] Compiling co-586-linux.S
[952/1352] Compiling co-586-apple.S
[953/1352] Compiling bn-armv8-win.S
[954/1352] Compiling bsaes-armv7-linux.S
[955/1352] Compiling bn-armv8-linux.S
[956/1352] Compiling bn-armv8-apple.S
[957/1352] Compiling bn-586-apple.S
[958/1352] Compiling armv8-mont-win.S
[959/1352] Compiling bn-586-linux.S
[960/1352] Compiling armv4-mont-linux.S
[961/1352] Compiling aesv8-gcm-armv8-win.S
[962/1352] Compiling armv8-mont-apple.S
[963/1352] Compiling aesv8-gcm-armv8-linux.S
[964/1352] Compiling aesv8-gcm-armv8-apple.S
[965/1352] Compiling armv8-mont-linux.S
[966/1352] Compiling aesv8-armv8-win.S
[967/1352] Compiling aesv8-armv8-linux.S
[968/1352] Compiling aesv8-armv8-apple.S
[969/1352] Compiling aesni-x86_64-linux.S
[970/1352] Compiling aesv8-armv7-linux.S
[971/1352] Compiling aesni-x86-linux.S
[972/1352] Compiling aesni-x86-apple.S
[973/1352] Compiling aesni-gcm-x86_64-apple.S
[974/1352] Compiling aesni-x86_64-apple.S
[975/1352] Compiling aes-gcm-avx512-x86_64-linux.S
[976/1352] Compiling aesni-gcm-x86_64-linux.S
[977/1352] Compiling aes-gcm-avx512-x86_64-apple.S
[978/1352] Compiling aes-gcm-avx2-x86_64-linux.S
[979/1352] Compiling aes-gcm-avx2-x86_64-apple.S
[980/1352] Compiling x_req.cc
[981/1352] Compiling xwing.cc
[982/1352] Compiling x_sig.cc
[983/1352] Compiling x_x509.cc
[984/1352] Compiling c-atomics.c
[985/1352] Compiling x_x509a.cc
[986/1352] Compiling x_spki.cc
[987/1352] Compiling c-nioatomics.c
[988/1352] Compiling x_name.cc
[989/1352] Compiling x_pubkey.cc
[991/1359] Compiling NIOConcurrencyHelpers NIOLockedValueBox.swift
[991/1359] Compiling x_exten.cc
[992/1359] Compiling x509rset.cc
[993/1359] Compiling x_crl.cc
[995/1359] Compiling NIOConcurrencyHelpers lock.swift
[996/1359] Compiling NIOConcurrencyHelpers NIOAtomic.swift
[996/1359] Compiling x509spki.cc
[997/1359] Compiling x_attrib.cc
[998/1359] Compiling x_algor.cc
[999/1359] Compiling x_all.cc
[1001/1359] Emitting module NIOConcurrencyHelpers
[1002/1359] Compiling NIOConcurrencyHelpers NIOThreadPoolWorkAvailable.swift
[1003/1359] Compiling NIOConcurrencyHelpers NIOLock.swift
[1004/1359] Compiling NIOConcurrencyHelpers atomics.swift
[1005/1360] Wrapping AST for NIOConcurrencyHelpers for debugging
[1006/1360] Compiling x509name.cc
[1007/1360] Compiling x509_trs.cc
[1008/1360] Compiling x509_v3.cc
[1009/1360] Compiling x509_vfy.cc
[1010/1360] Compiling x509cset.cc
[1011/1360] Compiling x509_vpm.cc
[1012/1360] Compiling x509_txt.cc
[1013/1360] Compiling x509_req.cc
[1014/1360] Compiling x509_set.cc
[1015/1360] Compiling x509_obj.cc
[1016/1360] Compiling x509_ext.cc
[1017/1360] Compiling x509_lu.cc
[1018/1360] Compiling x509_def.cc
[1019/1360] Compiling x509_cmp.cc
[1020/1360] Compiling x509_d2.cc
[1021/1360] Compiling x509_att.cc
[1022/1360] Compiling x509.cc
[1023/1360] Compiling v3_skey.cc
[1024/1360] Compiling v3_utl.cc
[1025/1360] Compiling v3_purp.cc
[1026/1360] Compiling v3_prn.cc
[1027/1360] Compiling v3_pcons.cc
[1028/1360] Compiling v3_pmaps.cc
[1029/1360] Compiling v3_ncons.cc
[1030/1360] Compiling v3_ocsp.cc
[1031/1360] Compiling v3_lib.cc
[1032/1360] Compiling v3_int.cc
[1033/1360] Compiling v3_info.cc
[1034/1360] Compiling v3_genn.cc
[1035/1360] Compiling v3_extku.cc
[1036/1360] Compiling v3_ia5.cc
[1037/1360] Compiling v3_conf.cc
[1038/1360] Compiling v3_enum.cc
[1039/1360] Compiling v3_crld.cc
[1040/1360] Compiling v3_bcons.cc
[1041/1360] Compiling v3_bitst.cc
[1042/1360] Compiling v3_cpols.cc
[1043/1360] Compiling v3_alt.cc
[1044/1360] Compiling v3_akeya.cc
[1045/1360] Compiling v3_akey.cc
[1046/1360] Compiling t_x509a.cc
[1047/1360] Compiling t_x509.cc
[1048/1360] Compiling t_req.cc
[1049/1360] Compiling t_crl.cc
[1050/1360] Compiling policy.cc
[1051/1360] Compiling name_print.cc
[1052/1360] Compiling rsa_pss.cc
[1053/1360] Compiling i2d_pr.cc
[1054/1360] Compiling by_file.cc
[1055/1360] Compiling asn1_gen.cc
[1056/1360] Compiling by_dir.cc
[1057/1360] Compiling voprf.cc
[1058/1360] Compiling algorithm.cc
[1059/1360] Compiling a_verify.cc
[1060/1360] Compiling a_digest.cc
[1061/1360] Compiling trust_token.cc
[1062/1360] Compiling a_sign.cc
[1063/1360] Compiling thread_win.cc
[1064/1360] Compiling thread.cc
[1065/1360] Compiling thread_pthread.cc
[1066/1360] Compiling stack.cc
[1067/1360] Compiling thread_none.cc
[1068/1360] Compiling siphash.cc
[1069/1360] Compiling sha512.cc
[1070/1360] Compiling slhdsa.cc
[1071/1360] Compiling spake2plus.cc
[1072/1360] Compiling pmbtoken.cc
[1073/1360] Compiling sha1.cc
[1074/1360] Compiling sha256.cc
[1075/1360] Compiling rsa_extra.cc
[1076/1360] Compiling rsa_print.cc
[1077/1360] Compiling rc4.cc
[1078/1360] Compiling rsa_crypt.cc
[1079/1360] Compiling windows.cc
[1080/1360] Compiling trusty.cc
[1081/1360] Compiling urandom.cc
[1082/1360] Compiling refcount.cc
[1083/1360] Compiling passive.cc
[1084/1360] Compiling rand.cc
[1085/1360] Compiling rsa_asn1.cc
[1086/1360] Compiling poly1305_arm_asm.S
[1087/1360] Compiling ios.cc
[1088/1360] Compiling getentropy.cc
[1089/1360] Compiling forkunsafe.cc
[1090/1360] Compiling fork_detect.cc
[1091/1360] Compiling deterministic.cc
[1092/1360] Compiling poly1305_vec.cc
[1093/1360] Compiling poly1305_arm.cc
[1094/1360] Compiling pool.cc
[1095/1360] Compiling poly1305.cc
[1096/1360] Compiling pkcs8_x509.cc
[1097/1360] Compiling pkcs8.cc
[1098/1360] Compiling pkcs7_x509.cc
[1099/1360] Compiling pkcs7.cc
[1100/1360] Compiling pem_xaux.cc
[1101/1360] Compiling p5_pbev2.cc
[1102/1360] Compiling pem_x509.cc
[1103/1360] Compiling pem_pkey.cc
[1104/1360] Compiling pem_info.cc
[1105/1360] Compiling pem_pk8.cc
[1106/1360] Compiling pem_oth.cc
[1107/1360] Compiling pem_lib.cc
[1108/1360] Compiling obj_xref.cc
[1109/1360] Compiling pem_all.cc
[1110/1360] Compiling mlkem.cc
[1111/1360] Compiling obj.cc
[1112/1360] Compiling mem.cc
[1113/1360] Compiling poly_rq_mul.S
[1114/1360] Compiling mldsa.cc
[1115/1360] Compiling fips_shared_support.cc
[1116/1360] Compiling lhash.cc
[1117/1360] Compiling md5.cc
[1118/1360] Compiling md4.cc
[1119/1360] Compiling fuzzer_mode.cc
[1120/1360] Compiling hrss.cc
[1121/1360] Compiling hpke.cc
[1122/1360] Compiling scrypt.cc
[1123/1360] Compiling ex_data.cc
[1124/1360] Compiling kyber.cc
[1125/1360] Compiling pbkdf.cc
[1126/1360] Compiling sign.cc
[1127/1360] Compiling print.cc
[1128/1360] Compiling p_rsa_asn1.cc
[1129/1360] Compiling p_x25519_asn1.cc
[1130/1360] Compiling p_x25519.cc
[1131/1360] Compiling p_rsa.cc
[1132/1360] Compiling p_ed25519_asn1.cc
[1133/1360] Compiling p_hkdf.cc
[1134/1360] Compiling p_ed25519.cc
[1135/1360] Compiling p_ec_asn1.cc
[1136/1360] Compiling p_ec.cc
[1137/1360] Compiling p_dh_asn1.cc
[1138/1360] Compiling p_dsa_asn1.cc
[1139/1360] Compiling err.cc
[1140/1360] Compiling evp_ctx.cc
[1141/1360] Compiling p_dh.cc
[1142/1360] Compiling ecdsa_p1363.cc
[1143/1360] Compiling engine.cc
[1144/1360] Compiling evp.cc
[1145/1360] Compiling evp_asn1.cc
[1146/1360] Compiling ecdsa_asn1.cc
[1147/1360] Compiling ecdh.cc
[1148/1360] Compiling ec_derive.cc
[1149/1360] Compiling hash_to_curve.cc
[1150/1360] Compiling dsa_asn1.cc
[1151/1360] Compiling dsa.cc
[1152/1360] Compiling ec_asn1.cc
[1153/1360] Compiling digest_extra.cc
[1154/1360] Compiling x25519-asm-arm.S
[1155/1360] Compiling des.cc
[1156/1360] Compiling params.cc
[1157/1360] Compiling curve25519_64_adx.cc
[1158/1360] Compiling dh_asn1.cc
[1159/1360] Compiling spake25519.cc
[1160/1360] Compiling curve25519.cc
[1161/1360] Compiling cpu_arm_freebsd.cc
[1162/1360] Compiling crypto.cc
[1163/1360] Compiling cpu_aarch64_win.cc
[1164/1360] Compiling cpu_intel.cc
[1165/1360] Compiling cpu_arm_linux.cc
[1166/1360] Compiling cpu_aarch64_sysreg.cc
[1167/1360] Compiling cpu_aarch64_linux.cc
[1168/1360] Compiling cpu_aarch64_openbsd.cc
[1169/1360] Compiling cpu_aarch64_fuchsia.cc
[1170/1360] Compiling cpu_aarch64_apple.cc
[1170/1360] Compiling get_cipher.cc
[1172/1360] Compiling conf.cc
[1173/1360] Compiling tls_cbc.cc
[1174/1360] Compiling e_tls.cc
[1175/1360] Compiling e_rc4.cc
[1176/1360] Compiling e_null.cc
[1177/1360] Compiling e_rc2.cc
[1178/1360] Compiling cms.cc
[1179/1360] Compiling e_des.cc
[1180/1360] Compiling e_aeseax.cc
[1181/1360] Compiling e_chacha20poly1305.cc
[1182/1360] Compiling e_aesgcmsiv.cc
[1183/1360] Compiling derive_key.cc
[1184/1360] Compiling chacha.cc
[1185/1360] Compiling e_aesctrhmac.cc
[1186/1360] Compiling unicode.cc
[1187/1360] Compiling asn1_compat.cc
[1188/1360] Compiling ber.cc
[1189/1360] Compiling cbs.cc
[1190/1360] Compiling cbb.cc
[1191/1360] Compiling buf.cc
[1192/1360] Compiling div.cc
[1193/1360] Compiling bn_asn1.cc
[1194/1360] Compiling sqrt.cc
[1195/1360] Compiling convert.cc
[1196/1360] Compiling exponentiation.cc
[1197/1360] Compiling pair.cc
[1198/1360] Compiling printf.cc
[1199/1360] Compiling fd.cc
[1200/1360] Compiling blake2.cc
[1201/1360] Compiling hexdump.cc
[1202/1360] Compiling errno.cc
[1203/1360] Compiling file.cc
[1204/1360] Compiling bio_mem.cc
[1205/1360] Compiling bio.cc
[1206/1360] Compiling tasn_new.cc
[1206/1360] Compiling tasn_fre.cc
[1208/1360] Compiling base64.cc
[1209/1360] Compiling tasn_typ.cc
[1210/1360] Compiling tasn_utl.cc
[1211/1360] Compiling posix_time.cc
[1212/1360] Compiling f_string.cc
[1213/1360] Compiling tasn_dec.cc
[1214/1360] Compiling tasn_enc.cc
[1215/1360] Compiling asn1_par.cc
[1216/1360] Compiling f_int.cc
[1217/1360] Compiling asn_pack.cc
[1218/1360] Compiling asn1_lib.cc
[1219/1360] Compiling bcm.cc
[1220/1360] Compiling a_time.cc
[1221/1360] Compiling a_utctm.cc
[1222/1360] Compiling a_octet.cc
[1223/1360] Compiling a_int.cc
[1224/1360] Compiling a_strnid.cc
[1225/1360] Compiling a_mbstr.cc
[1226/1360] Compiling a_type.cc
[1226/1360] Compiling a_strex.cc
[1228/1360] Compiling a_object.cc
[1229/1360] Compiling CAsyncHTTPClient CAsyncHTTPClient.c
[1229/1360] Write sources
[1233/1372] Compiling a_i2d_fp.cc
[1234/1378] Compiling a_dup.cc
[1235/1403] Compiling aes.cc
[1236/1403] Compiling a_d2i_fp.cc
[1238/1403] Compiling Algorithms Stride.swift
[1239/1403] Compiling Algorithms Suffix.swift
[1240/1403] Compiling Algorithms Indexed.swift
[1241/1403] Compiling Algorithms Intersperse.swift
[1241/1405] Compiling a_gentm.cc
[1243/1405] Compiling Algorithms FlattenCollection.swift
[1244/1405] Compiling Algorithms Grouped.swift
[1245/1405] Compiling Algorithms Combinations.swift
[1246/1405] Compiling Algorithms Joined.swift
[1247/1405] Compiling Algorithms Keyed.swift
[1248/1405] Compiling Algorithms MinMax.swift
[1249/1405] Compiling Algorithms Split.swift
[1250/1405] Compiling Atomics IntegerOperations.swift
[1251/1405] Compiling Atomics Unmanaged extensions.swift
[1251/1405] Compiling a_bool.cc
[1252/1405] Compiling a_bitstr.cc
[1257/1416] Compiling Algorithms RandomSample.swift
[1258/1416] Compiling Algorithms Reductions.swift
[1259/1416] Compiling Algorithms Rotate.swift
[1262/1416] Compiling Algorithms EitherSequence.swift
[1263/1416] Compiling Algorithms FirstNonNil.swift
[1267/1416] Compiling Algorithms Partition.swift
[1268/1416] Compiling Algorithms Permutations.swift
[1269/1416] Compiling Algorithms Product.swift
[1274/1416] Compiling CryptoBoringWrapper RandomBytes.swift
[1275/1416] Emitting module CryptoBoringWrapper
[1276/1416] Compiling Algorithms AdjacentPairs.swift
[1278/1416] Compiling Algorithms Chain.swift
[1279/1416] Compiling Algorithms Chunked.swift
[1283/1416] Compiling Algorithms Trim.swift
[1284/1416] Compiling Algorithms Unique.swift
[1285/1416] Compiling Algorithms Windows.swift
[1286/1416] Emitting module Atomics
[1290/1417] Wrapping AST for Atomics for debugging
[1292/1417] Compiling CryptoBoringWrapper BoringSSLAEAD.swift
[1293/1417] Compiling CryptoBoringWrapper FiniteFieldArithmeticContext.swift
[1294/1481] Compiling CryptoBoringWrapper CryptoKitErrors_boring.swift
[1295/1481] Emitting module Algorithms
[1296/1482] Wrapping AST for Algorithms for debugging
[1298/1482] Compiling CryptoBoringWrapper EllipticCurve.swift
[1299/1482] Compiling CryptoBoringWrapper EllipticCurvePoint.swift
[1300/1482] Compiling CryptoBoringWrapper ArbitraryPrecisionInteger.swift
[1301/1483] Wrapping AST for CryptoBoringWrapper for debugging
[1303/1567] Compiling Crypto MLKEM.swift
[1304/1567] Compiling Crypto XWing.swift
[1305/1567] Compiling Crypto ECDH_boring.swift
[1306/1567] Compiling Crypto DH.swift
[1307/1567] Compiling Crypto ECDH.swift
[1308/1567] Compiling Crypto ANSIx963.swift
[1309/1567] Compiling Crypto HKDF.swift
[1310/1567] Compiling Crypto AESWrap.swift
[1311/1567] Compiling Crypto AESWrap_boring.swift
[1312/1575] Compiling Crypto HPKE-KeySchedule.swift
[1313/1575] Compiling Crypto HPKE-Modes.swift
[1314/1575] Compiling Crypto Insecure.swift
[1315/1575] Compiling Crypto Insecure_HashFunctions.swift
[1316/1575] Compiling Crypto MLKEM_boring.swift
[1317/1575] Compiling Crypto MLKEM_wrapper.swift
[1318/1575] Compiling Crypto XWing_boring.swift
[1319/1575] Compiling Crypto KEM-Errors.swift
[1320/1575] Compiling Crypto KEM.swift
[1321/1575] Compiling Crypto HPKE-LabeledExtract.swift
[1322/1575] Compiling Crypto HPKE-Utils.swift
[1323/1575] Compiling Crypto DHKEM.swift
[1324/1575] Compiling Crypto HPKE-KEM-Curve25519.swift
[1325/1575] Compiling Crypto HPKE-NIST-EC-KEMs.swift
[1326/1575] Compiling Crypto HPKE-KEM.swift
[1327/1575] Compiling Crypto HPKE-Errors.swift
[1328/1575] Compiling Crypto HPKE.swift
[1329/1575] Compiling Crypto HPKE-Context.swift
[1333/1575] Compiling NIOCore SingleStepByteToMessageDecoder.swift
[1334/1575] Compiling NIOCore SocketAddresses.swift
[1335/1575] Compiling NIOCore SocketOptionProvider.swift
[1336/1575] Compiling NIOCore SystemCallHelpers.swift
[1337/1575] Compiling NIOCore TimeAmount+Duration.swift
[1338/1575] Compiling NIOCore TypeAssistedChannelHandler.swift
[1339/1575] Compiling NIOCore UniversalBootstrapSupport.swift
[1340/1575] Compiling NIOCore Utilities.swift
[1341/1575] Compiling Crypto HMAC.swift
[1342/1586] Compiling Crypto ArraySliceBigint.swift
[1343/1586] Compiling Crypto GeneralizedTime.swift
[1344/1586] Compiling Crypto ObjectIdentifier.swift
[1345/1586] Compiling Crypto ECDSASignature.swift
[1346/1586] Compiling Crypto PEMDocument.swift
[1347/1586] Compiling Crypto PKCS8PrivateKey.swift
[1348/1586] Compiling Crypto SEC1PrivateKey.swift
[1349/1586] Compiling Crypto SubjectPublicKeyInfo.swift
[1350/1586] Compiling Crypto CryptoError_boring.swift
[1351/1586] Compiling Crypto CryptoKitErrors.swift
[1352/1586] Compiling Crypto Digest_boring.swift
[1353/1586] Compiling Crypto Digest.swift
[1354/1586] Compiling Crypto Digests.swift
[1355/1586] Compiling Crypto HashFunctions.swift
[1356/1586] Compiling Crypto HashFunctions_SHA2.swift
[1357/1586] Compiling Crypto HashFunctions_SHA3.swift
[1358/1586] Compiling Crypto Digest_xkcp.swift
[1359/1586] Compiling Crypto HPKE-AEAD.swift
[1360/1586] Compiling Crypto HPKE-Ciphersuite.swift
[1361/1586] Compiling Crypto HPKE-KDF.swift
[1362/1586] Compiling Crypto HPKE-KexKeyDerivation.swift
[1363/1586] Compiling Crypto AES-GCM.swift
[1364/1586] Compiling Crypto AES-GCM_boring.swift
[1365/1586] Compiling Crypto ChaChaPoly_boring.swift
[1366/1586] Compiling Crypto ChaChaPoly.swift
[1367/1586] Compiling Crypto Cipher.swift
[1368/1586] Compiling Crypto Nonces.swift
[1369/1586] Compiling Crypto ASN1.swift
[1370/1586] Compiling Crypto ASN1Any.swift
[1371/1586] Compiling Crypto ASN1BitString.swift
[1372/1586] Compiling Crypto ASN1Boolean.swift
[1373/1586] Compiling Crypto ASN1Identifier.swift
[1374/1586] Compiling Crypto ASN1Integer.swift
[1375/1586] Emitting module Crypto
[1376/1586] Compiling Crypto MACFunctions.swift
[1377/1586] Compiling Crypto MessageAuthenticationCode.swift
[1378/1586] Compiling Crypto AES.swift
[1379/1586] Compiling Crypto ECDSASignature_boring.swift
[1380/1586] Compiling Crypto ECDSA_boring.swift
[1381/1586] Compiling Crypto EdDSA_boring.swift
[1382/1586] Compiling Crypto MLDSA_boring.swift
[1383/1586] Compiling Crypto MLDSA_wrapper.swift
[1384/1586] Compiling Crypto ECDSA.swift
[1385/1586] Compiling Crypto Ed25519.swift
[1386/1586] Compiling Crypto MLDSA.swift
[1387/1586] Compiling Crypto Signature.swift
[1388/1586] Compiling Crypto CryptoKitErrors_boring.swift
[1389/1586] Compiling Crypto Optional+withUnsafeBytes_boring.swift
[1390/1586] Compiling Crypto RNG_boring.swift
[1391/1586] Compiling Crypto SafeCompare_boring.swift
[1392/1586] Compiling Crypto Zeroization_boring.swift
[1393/1586] Compiling Crypto _CryptoModuleAnchor.swift
[1394/1586] Compiling Crypto PrettyBytes.swift
[1395/1586] Compiling Crypto SafeCompare.swift
[1396/1586] Compiling Crypto SecureBytes.swift
[1397/1586] Compiling Crypto Zeroization.swift
[1398/1586] Compiling Crypto ASN1Null.swift
[1399/1586] Compiling Crypto ASN1OctetString.swift
[1400/1586] Compiling Crypto ASN1Strings.swift
[1434/1587] Wrapping AST for Crypto for debugging
[1444/1649] Compiling CryptoExtras Data+Extensions.swift
[1445/1649] Compiling CryptoExtras DigestType.swift
[1446/1649] Compiling CryptoExtras Error.swift
[1447/1649] Compiling CryptoExtras I2OSP.swift
[1448/1649] Compiling CryptoExtras IntegerEncoding.swift
[1449/1649] Compiling CryptoExtras PEMDocument.swift
[1450/1649] Compiling CryptoExtras PrettyBytes.swift
[1451/1649] Compiling CryptoExtras SubjectPublicKeyInfo.swift
[1452/1657] Compiling CryptoExtras PKCS8DERRepresentation.swift
[1453/1657] Compiling CryptoExtras PKCS8PrivateKey.swift
[1454/1657] Compiling CryptoExtras RFC8410AlgorithmIdentifier.swift
[1455/1657] Compiling CryptoExtras ECToolbox_boring.swift
[1456/1657] Compiling CryptoExtras ECToolbox.swift
[1457/1657] Compiling CryptoExtras HashToField.swift
[1458/1657] Compiling CryptoExtras KDF.swift
[1459/1657] Compiling CryptoExtras PBKDF2_boring.swift
[1460/1657] Compiling CryptoExtras PBKDF2_commoncrypto.swift
[1461/1657] Compiling CryptoExtras PBKDF2.swift
[1462/1657] Compiling CryptoExtras Scrypt_boring.swift
[1463/1657] Compiling CryptoExtras Scrypt.swift
[1464/1657] Compiling CryptoExtras OPRF.swift
[1465/1657] Compiling CryptoExtras OPRFClient.swift
[1466/1657] Compiling CryptoExtras OPRFServer.swift
[1467/1657] Compiling CryptoExtras VOPRF+API.swift
[1468/1657] Compiling CryptoExtras VOPRFClient.swift
[1469/1657] Compiling CryptoExtras VOPRFServer.swift
[1470/1657] Emitting module CryptoExtras
[1471/1657] Compiling CryptoExtras ARCServer.swift
[1472/1657] Compiling CryptoExtras ChaCha20CTR_boring.swift
[1473/1657] Compiling CryptoExtras ChaCha20CTR.swift
[1474/1657] Compiling CryptoExtras BoringSSLSHA512256Context.swift
[1475/1657] Compiling CryptoExtras BoringSSLSHA512256HashFunction.swift
[1476/1657] Compiling CryptoExtras SHA512256.swift
[1477/1657] Compiling CryptoExtras SHA512256Digest.swift
[1478/1657] Compiling CryptoExtras Curve25519+PEM.swift
[1479/1657] Compiling CryptoExtras ObjectIdentifier.swift
[1480/1657] Compiling CryptoExtras AES_CBC.swift
[1481/1657] Compiling CryptoExtras AES_CFB.swift
[1482/1657] Compiling CryptoExtras AES_CTR.swift
[1483/1657] Compiling CryptoExtras AES_GCM_SIV.swift
[1484/1657] Compiling CryptoExtras Block Function.swift
[1485/1657] Compiling CryptoExtras AES_CBC_boring.swift
[1486/1657] Compiling CryptoExtras AES_CFB_boring.swift
[1487/1657] Compiling CryptoExtras AES_CTR_boring.swift
[1488/1657] Compiling CryptoExtras AES_GCM_SIV_boring.swift
[1489/1657] Compiling CryptoExtras ThreadOps.swift
[1490/1657] Compiling CryptoExtras ThreadPosix.swift
[1491/1657] Compiling CryptoExtras ThreadSpecific.swift
[1492/1657] Compiling CryptoExtras ThreadWindows.swift
[1493/1657] Compiling CryptoExtras DLEQ.swift
[1494/1657] Compiling CryptoExtras Prover.swift
[1495/1657] Compiling CryptoExtras Verifier.swift
[1496/1657] Compiling CryptoExtras ZKPToolbox.swift
[1497/1657] Compiling CryptoExtras CMAC.swift
[1498/1657] Compiling CryptoExtras ARC+API.swift
[1499/1657] Compiling CryptoExtras ARC.swift
[1500/1657] Compiling CryptoExtras ARCCredential.swift
[1501/1657] Compiling CryptoExtras ARCEncoding.swift
[1502/1657] Compiling CryptoExtras ARCPrecredential.swift
[1503/1657] Compiling CryptoExtras ARCPresentation.swift
[1504/1657] Compiling CryptoExtras ARCRequest.swift
[1505/1657] Compiling CryptoExtras ARCResponse.swift
[1506/1657] Compiling CryptoExtras BoringSSLPassphraseCallbackManager.swift
[1507/1657] Compiling CryptoExtras RSA+BlindSigning.swift
[1508/1657] Compiling CryptoExtras RSA.swift
[1509/1657] Compiling CryptoExtras RSA_boring.swift
[1510/1657] Compiling CryptoExtras Reexport.swift
[1511/1657] Compiling CryptoExtras Zeroization_boring.swift
[1512/1657] Compiling CryptoExtras BoringSSLHelpers.swift
[1513/1657] Compiling CryptoExtras CryptoKitErrors_boring.swift
[1514/1658] Wrapping AST for CryptoExtras for debugging
[1516/1660] Compiling _CryptoExtras Exports.swift
[1517/1660] Emitting module _CryptoExtras
[1518/1661] Wrapping AST for _CryptoExtras for debugging
[1520/1756] Compiling X509 CSRAttribute.swift
[1521/1756] Compiling X509 CSRAttributes.swift
[1522/1756] Compiling X509 CSRVersion.swift
[1523/1756] Compiling X509 CertificateSigningRequest.swift
[1524/1756] Compiling X509 CertificationRequestInfo.swift
[1525/1756] Compiling X509 ExtensionRequest.swift
[1526/1756] Compiling X509 Certificate.swift
[1527/1756] Compiling X509 CertificatePrivateKey.swift
[1528/1756] Compiling X509 CertificatePublicKey.swift
[1529/1756] Compiling X509 CertificateSerialNumber.swift
[1530/1756] Compiling X509 CertificateVersion.swift
[1531/1756] Compiling X509 CMSAttribute.swift
[1532/1756] Compiling X509 CMSContentInfo.swift
[1533/1756] Compiling X509 CMSEncapsulatedContentInfo.swift
[1534/1756] Compiling X509 CMSIssuerAndSerialNumber.swift
[1535/1756] Compiling X509 CMSOperations.swift
[1536/1756] Compiling X509 CMSSignature.swift
[1537/1756] Compiling X509 CMSSignedData.swift
[1538/1756] Compiling X509 CMSSignerIdentifier.swift
[1539/1756] Compiling X509 CMSSignerInfo.swift
[1540/1756] Compiling X509 CMSVersion.swift
[1541/1756] Compiling X509 Curve25519+DER.swift
[1542/1756] Compiling X509 CustomPrivateKey.swift
[1543/1756] Compiling X509 Digests.swift
[1544/1756] Compiling X509 DistinguishedName.swift
[1545/1756] Compiling X509 CommonName.swift
[1546/1756] Compiling X509 CountryName.swift
[1547/1756] Emitting module NIOCore
[1548/1758] Wrapping AST for NIOCore for debugging
[1550/1814] Compiling NIOFoundationEssentialsCompat Codable+ByteBuffer.swift
[1551/1814] Emitting module NIOEmbedded
[1552/1814] Emitting module NIOFoundationEssentialsCompat
[1553/1814] Compiling NIOFoundationEssentialsCompat ByteBuffer-foundation.swift
[1554/1815] Wrapping AST for NIOFoundationEssentialsCompat for debugging
[1556/1815] Compiling NIOEmbedded Embedded.swift
[1557/1815] Compiling NIOEmbedded AsyncTestingChannel.swift
[1558/1815] Compiling NIOEmbedded AsyncTestingEventLoop.swift
[1559/1816] Wrapping AST for NIOEmbedded for debugging
[1561/1816] Compiling NIOPosix BaseStreamSocketChannel.swift
[1562/1816] Compiling NIOPosix Bootstrap.swift
[1563/1816] Compiling NIOPosix ControlMessage.swift
[1564/1816] Compiling NIOPosix DatagramVectorReadManager.swift
[1565/1816] Compiling NIOPosix Errors+Any.swift
[1566/1816] Compiling NIOPosix FileDescriptor.swift
[1567/1816] Compiling NIOPosix GetaddrinfoResolver.swift
[1568/1816] Compiling NIOPosix BSDSocketAPICommon.swift
[1569/1816] Compiling NIOPosix BSDSocketAPIPosix.swift
[1570/1816] Compiling NIOPosix BSDSocketAPIWindows.swift
[1571/1816] Compiling NIOPosix BaseSocket.swift
[1572/1816] Compiling NIOPosix BaseSocketChannel+AccessibleTransport.swift
[1573/1816] Compiling NIOPosix BaseSocketChannel+SocketOptionProvider.swift
[1574/1816] Compiling NIOPosix BaseSocketChannel.swift
[1575/1829] Compiling NIOPosix HappyEyeballs.swift
[1576/1829] Compiling NIOPosix IO.swift
[1577/1829] Compiling NIOPosix IntegerBitPacking.swift
[1578/1829] Compiling NIOPosix IntegerTypes.swift
[1579/1829] Compiling NIOPosix Linux.swift
[1580/1829] Compiling NIOPosix LinuxCPUSet.swift
[1581/1829] Compiling NIOPosix LinuxUring.swift
[1582/1829] Compiling NIOPosix PipeChannel.swift
[1583/1829] Compiling NIOPosix PipePair.swift
[1584/1829] Compiling NIOPosix Pool.swift
[1585/1829] Compiling NIOPosix PosixSingletons+ConcurrencyTakeOver.swift
[1586/1829] Compiling NIOPosix PosixSingletons.swift
[1587/1829] Compiling NIOPosix RawSocketBootstrap.swift
[1588/1829] Compiling NIOPosix Resolver.swift
[1589/1829] Compiling X509 OneOfPolicies.swift
[1590/1829] Compiling X509 PolicyBuilder.swift
[1591/1829] Compiling X509 BasicConstraintsPolicy.swift
[1592/1829] Compiling X509 DNSNames.swift
[1593/1829] Compiling X509 ExpiryPolicy.swift
[1594/1829] Compiling X509 IPConstraints.swift
[1595/1829] Compiling X509 NameConstraintsPolicy.swift
[1596/1829] Compiling X509 RFC5280Policy.swift
[1597/1829] Compiling X509 URIConstraints.swift
[1598/1829] Compiling X509 VersionPolicy.swift
[1599/1829] Compiling X509 ServerIdentityPolicy.swift
[1600/1829] Compiling X509 TrustRootLoading.swift
[1601/1829] Compiling X509 UnverifiedChain.swift
[1602/1829] Emitting module NIOPosix
[1603/1836] Compiling NIOPosix SelectorWSAPoll.swift
[1604/1836] Compiling NIOPosix ServerSocket.swift
[1605/1836] Compiling NIOPosix Socket.swift
[1606/1836] Compiling NIOPosix SocketChannel.swift
[1607/1836] Compiling NIOPosix SocketProtocols.swift
[1608/1836] Compiling NIOPosix StructuredConcurrencyHelpers.swift
[1609/1836] Compiling NIOPosix System.swift
[1610/1836] Compiling NIOPosix MultiThreadedEventLoopGroup.swift
[1611/1836] Compiling NIOPosix NIOPosixSendableMetatype.swift
[1612/1836] Compiling NIOPosix NIORandomizedDNSResolver.swift
[1613/1836] Compiling NIOPosix NIOThreadPool.swift
[1614/1836] Compiling NIOPosix NonBlockingFileIO.swift
[1615/1836] Compiling NIOPosix PendingDatagramWritesManager.swift
[1616/1836] Compiling NIOPosix VsockChannelEvents.swift
[1617/1836] Compiling NIOPosix Windows.swift
[1618/1836] Compiling X509 LocalityName.swift
[1619/1836] Compiling X509 OrganizationName.swift
[1620/1836] Compiling X509 OrganizationalUnitName.swift
[1621/1836] Compiling X509 StateOrProvinceName.swift
[1622/1836] Compiling X509 StreetAddress.swift
[1623/1836] Compiling X509 Error.swift
[1624/1836] Compiling X509 AuthorityInformationAccess.swift
[1625/1836] Compiling X509 AuthorityKeyIdentifier.swift
[1626/1836] Compiling X509 BasicConstraints.swift
[1627/1836] Compiling X509 ExtendedKeyUsage.swift
[1628/1836] Compiling X509 ExtensionIdentifiers.swift
[1629/1836] Compiling X509 KeyUsage.swift
[1630/1836] Compiling X509 PKCS8PrivateKey.swift
[1631/1836] Compiling X509 PromiseAndFuture.swift
[1632/1836] Compiling X509 RDNAttribute.swift
[1633/1836] Compiling X509 RandomNumberGenerator+bytes.swift
[1634/1836] Compiling X509 RelativeDistinguishedName.swift
[1635/1836] Compiling X509 SEC1PrivateKey.swift
[1636/1836] Compiling X509 SecKeyWrapper.swift
[1637/1836] Compiling X509 Signature.swift
[1638/1836] Compiling X509 SignatureAlgorithm.swift
[1639/1836] Compiling X509 AllOfPolicies.swift
[1640/1836] Compiling X509 AnyPolicy.swift
[1641/1836] Compiling X509 CertificateStore.swift
[1642/1836] Compiling X509 CustomCertificateStore.swift
[1643/1836] Compiling NIOPosix PendingWritesManager.swift
[1644/1836] Compiling NIOPosix Selectable.swift
[1645/1836] Compiling NIOPosix SelectableChannel.swift
[1646/1836] Compiling NIOPosix SelectableEventLoop.swift
[1647/1836] Compiling NIOPosix SelectorEpoll.swift
[1648/1836] Compiling NIOPosix SelectorGeneric.swift
[1649/1836] Compiling NIOPosix SelectorKqueue.swift
[1650/1836] Compiling NIOPosix SelectorUring.swift
[1651/1836] Compiling NIOPosix Thread.swift
[1652/1836] Compiling NIOPosix ThreadPosix.swift
[1653/1836] Compiling NIOPosix ThreadWindows.swift
[1654/1836] Compiling NIOPosix Utilities.swift
[1655/1836] Compiling NIOPosix VsockAddress.swift
[1684/1836] Emitting module X509
[1713/1839] Wrapping AST for NIOPosix for debugging
[1715/1839] Compiling NIO Exports.swift
[1716/1839] Emitting module NIO
[1717/1844] Wrapping AST for NIO for debugging
[1719/1879] Compiling NIOFoundationCompat Exports.swift
[1720/1879] Compiling NIOTLS TLSEvents.swift
[1721/1879] Compiling NIOTLS NIOTypedApplicationProtocolNegotiationHandler.swift
[1722/1879] Emitting module NIOFoundationCompat
[1723/1879] Compiling NIOFoundationCompat JSONSerialization+ByteBuffer.swift
[1724/1879] Compiling NIOFoundationCompat WaitSpinningRunLoop.swift
[1725/1880] Emitting module NIOTLS
[1726/1880] Compiling NIOTLS ApplicationProtocolNegotiationHandler.swift
[1728/1880] Compiling NIOSOCKS SOCKSResponse.swift
[1729/1881] Compiling NIOSOCKS SelectedAuthenticationMethod.swift
[1730/1881] Compiling NIOSOCKS ClientStateMachine.swift
[1731/1881] Compiling NIOSOCKS AuthenticationMethod.swift
[1732/1881] Compiling NIOSOCKS ClientGreeting.swift
[1732/1881] Wrapping AST for NIOFoundationCompat for debugging
[1734/1881] Compiling NIOSOCKS SOCKSClientHandler.swift
[1735/1881] Compiling NIOHTTP1 HTTPHeaderValidator.swift
[1736/1881] Compiling NIOTLS ProtocolNegotiationHandlerStateMachine.swift
[1737/1881] Compiling NIOTLS SNIHandler.swift
[1739/1882] Compiling NIOSOCKS Messages.swift
[1740/1882] Compiling NIOSOCKS SOCKSRequest.swift
[1741/1882] Compiling NIOSOCKS Errors.swift
[1742/1882] Compiling NIOSOCKS Helpers.swift
[1743/1882] Emitting module NIOSOCKS
[1744/1882] Compiling NIOSOCKS ServerStateMachine.swift
[1745/1883] Wrapping AST for NIOTLS for debugging
[1746/1913] Wrapping AST for NIOSOCKS for debugging
[1748/1913] Compiling NIOSSL NIOSSLClientHandler.swift
[1749/1913] Compiling NIOSSL NIOSSLHandler+Configuration.swift
[1750/1913] Compiling NIOSSL FreeBSDCABundle.swift
[1751/1913] Compiling NIOSSL IdentityVerification.swift
[1752/1913] Compiling NIOSSL LinuxCABundle.swift
[1753/1915] Compiling NIOSSL SSLPublicKey.swift
[1754/1915] Compiling NIOSSL SecurityFrameworkCertificateVerification.swift
[1755/1915] Compiling NIOSSL SSLCallbacks.swift
[1756/1915] Compiling NIOSSL SSLPrivateKey.swift
[1757/1915] Compiling X509 ValidatedCertificateChain.swift
[1758/1915] Compiling X509 VerificationDiagnostic.swift
[1759/1915] Compiling X509 Verifier.swift
[1760/1915] Compiling X509 VerifierPolicy.swift
[1761/1915] Compiling X509 AlgorithmIdentifier.swift
[1762/1915] Compiling X509 ECDSASignature.swift
[1763/1915] Compiling X509 RSAPKCS1PublicKey.swift
[1764/1915] Compiling X509 SubjectPublicKeyInfo.swift
[1765/1915] Compiling X509 TBSCertificate.swift
[1766/1915] Compiling X509 Time.swift
[1767/1915] Compiling X509 TimeCalculations.swift
[1768/1915] Compiling X509 Validity.swift
[1769/1915] Compiling X509 X509SendableMetatype.swift
[1770/1916] Wrapping AST for X509 for debugging
[1772/1983] Compiling JWTKit HMAC.swift
[1773/1983] Compiling JWTKit HMACError.swift
[1774/1983] Compiling JWTKit JWTMultiValueClaim.swift
[1775/1983] Compiling JWTKit JWTUnixEpochClaim.swift
[1776/1983] Compiling JWTKit JWKIdentifier.swift
[1777/1983] Compiling JWTKit JWKS.swift
[1778/1983] Compiling JWTKit AudienceClaim.swift
[1779/1983] Compiling JWTKit BoolClaim.swift
[1780/1983] Compiling JWTKit ExpirationClaim.swift
[1781/1983] Emitting module NIOHTTP1
[1782/1984] Compiling JWTKit MLDSAType.swift
[1783/1984] Compiling JWTKit JWTKeyCollection+UnsecuredNone.swift
[1784/1984] Compiling JWTKit UnsecuredNoneSigner.swift
[1785/1984] Compiling JWTKit JWTKeyCollection+RSA.swift
[1786/1984] Compiling JWTKit RSA.swift
[1787/1984] Compiling JWTKit RSAError.swift
[1788/1984] Compiling JWTKit RSASigner.swift
[1789/1984] Compiling JWTKit Base64URL.swift
[1790/1984] Compiling JWTKit CryptoSigner.swift
[1794/1993] Compiling JWTKit GoogleHostedDomainClaim.swift
[1795/1993] Compiling JWTKit IDClaim.swift
[1796/1993] Compiling JWTKit IssuedAtClaim.swift
[1797/1993] Compiling JWTKit IssuerClaim.swift
[1798/1993] Compiling JWTKit JWTClaim.swift
[1801/1993] Compiling JWTKit JWTSerializer.swift
[1802/1993] Compiling JWTKit JWTSigner.swift
[1803/1993] Compiling JWTKit JWTKeyCollection+MLDSA.swift
[1804/1993] Compiling JWTKit MLDSA.swift
[1805/1993] Compiling JWTKit MLDSA65+MLDSAKey.swift
[1806/1993] Compiling JWTKit MLDSA87+MLDSAKey.swift
[1807/1993] Compiling JWTKit MLDSAError.swift
[1808/1993] Compiling JWTKit MLDSAKey.swift
[1809/1993] Compiling JWTKit MLDSASigner.swift
[1810/1993] Wrapping AST for NIOHTTP1 for debugging
[1812/1999] Emitting module NIOSSL
[1813/2014] Emitting module JWTKit
[1815/2014] Compiling JWTKit JWKSigner.swift
[1816/2014] Compiling JWTKit JWTAlgorithm.swift
[1817/2014] Compiling JWTKit JWTError.swift
[1818/2014] Compiling NIOHPACK DynamicHeaderTable.swift
[1819/2014] Compiling NIOHPACK HPACKDecoder.swift
[1820/2014] Compiling NIOHPACK HPACKEncoder.swift
[1821/2014] Compiling NIOHPACK HPACKErrors.swift
[1822/2014] Compiling NIOHPACK HPACKHeader.swift
[1826/2014] Compiling JWTKit HMACSigner.swift
[1827/2014] Compiling NIOHTTPCompression HTTPDecompressor.swift
[1828/2014] Compiling NIOHPACK IntegerCoding.swift
[1829/2015] Compiling NIOHPACK IndexedHeaderTable.swift
[1830/2015] Emitting module NIOHTTPCompression
[1831/2015] Compiling NIOHTTPCompression HTTPCompression.swift
[1832/2015] Compiling NIOHPACK HuffmanTables.swift
[1833/2015] Compiling NIOHTTPCompression HTTPDecompression.swift
[1834/2015] Compiling NIOHTTPCompression HTTPResponseCompressor.swift
[1835/2015] Compiling NIOHTTPCompression HTTPRequestCompressor.swift
[1836/2016] Compiling NIOHPACK HuffmanCoding.swift
[1841/2016] Compiling JWTKit JWTKeyCollection+HMAC.swift
[1842/2016] Compiling JWTKit Insecure.swift
[1843/2016] Compiling JWTKit JWK.swift
[1847/2016] Compiling JWTKit LocaleClaim.swift
[1848/2016] Compiling JWTKit NotBeforeClaim.swift
[1849/2016] Compiling JWTKit SubjectClaim.swift
[1850/2016] Compiling JWTKit TenantIDClaim.swift
[1851/2016] Compiling JWTKit ECDSA.swift
[1852/2016] Compiling JWTKit ECDSACurve.swift
[1853/2016] Compiling JWTKit ECDSACurveType.swift
[1854/2016] Compiling JWTKit ECDSAError.swift
[1855/2016] Compiling JWTKit ECDSAKeyTypes.swift
[1856/2016] Compiling JWTKit ECDSASigner.swift
[1857/2016] Compiling JWTKit ECDSASigningAlgorithm.swift
[1858/2016] Compiling JWTKit JWTKeyCollection+ECDSA.swift
[1859/2016] Compiling JWTKit P256+CurveType.swift
[1860/2016] Compiling JWTKit P384+CurveType.swift
[1861/2016] Compiling JWTKit P521+CurveType.swift
[1862/2016] Compiling JWTKit EdDSA.swift
[1863/2016] Compiling JWTKit EdDSACurve.swift
[1864/2016] Compiling JWTKit EdDSAError.swift
[1865/2016] Compiling JWTKit EdDSASigner.swift
[1866/2016] Compiling JWTKit JWTKeyCollection+EdDSA.swift
[1869/2016] Compiling JWTKit JWTHeader+CommonFields.swift
[1870/2016] Compiling JWTKit JWTHeader.swift
[1871/2016] Compiling JWTKit JWTHeaderField.swift
[1872/2016] Compiling JWTKit JWTKeyCollection.swift
[1873/2016] Compiling JWTKit JWTParser+MandatoryVerificationFields.swift
[1874/2016] Compiling JWTKit JWTParser.swift
[1875/2016] Compiling JWTKit JWTPayload.swift
[1879/2016] Wrapping AST for NIOHTTPCompression for debugging
[1881/2016] Compiling NIOHPACK StaticHeaderTable.swift
[1882/2016] Compiling NIOHPACK HeaderTables.swift
[1898/2016] Emitting module NIOHPACK
[1901/2017] Wrapping AST for NIOHPACK for debugging
[1903/2080] Compiling JWTKit CustomizedJSONCoders.swift
[1904/2080] Compiling JWTKit Utilities.swift
[1905/2080] Compiling JWTKit AppleIdentityToken.swift
[1906/2080] Compiling JWTKit FirebaseAuthIdentityToken.swift
[1907/2080] Compiling JWTKit GoogleIdentityToken.swift
[1908/2080] Compiling JWTKit MicrosoftIdentityToken.swift
[1909/2080] Compiling JWTKit EmptyPolicy.swift
[1910/2080] Compiling JWTKit ValidationTimePayload.swift
[1911/2080] Compiling JWTKit X5CVerifier.swift
[1912/2081] Wrapping AST for JWTKit for debugging
[1914/2081] Compiling NIOHTTP2 MayReceiveFrames.swift
[1915/2081] Compiling NIOHTTP2 ReceivingDataState.swift
[1916/2081] Compiling NIOHTTP2 ReceivingGoAwayState.swift
[1917/2081] Compiling NIOHTTP2 ReceivingHeadersState.swift
[1918/2082] Wrapping AST for NIOSSL for debugging
[1920/2082] Compiling NIOHTTP2 MaySendFrames.swift
[1921/2082] Compiling NIOHTTP2 SendingDataState.swift
[1922/2082] Compiling NIOHTTP2 SendingGoawayState.swift
[1923/2082] Compiling NIOHTTP2 SendingHeadersState.swift
[1924/2082] Compiling NIOHTTP2 SendingPushPromiseState.swift
[1925/2082] Compiling NIOHTTP2 SendingRstStreamState.swift
[1926/2082] Compiling NIOHTTP2 SendingWindowUpdateState.swift
[1927/2082] Compiling NIOHTTP2 HTTP2SettingsState.swift
[1928/2082] Compiling NIOHTTP2 HasExtendedConnectSettings.swift
[1929/2090] Emitting module NIOHTTP2
[1930/2090] Compiling NIOHTTP2 HTTP2StreamMultiplexer.swift
[1931/2090] Compiling NIOHTTP2 HTTP2ToHTTP1Codec.swift
[1932/2090] Compiling NIOHTTP2 HTTP2UserEvents.swift
[1933/2090] Compiling NIOHTTP2 InboundEventBuffer.swift
[1934/2090] Compiling NIOHTTP2 InboundWindowManager.swift
[1935/2090] Compiling NIOHTTP2 MultiplexerAbstractChannel.swift
[1936/2090] Compiling NIOHTTP2 NIOHTTP2FrameDelegate.swift
[1937/2090] Compiling NIOHTTP2 NIOHTTP2ServerConnectionManagementHandler+StateMachine.swift
[1938/2090] Compiling NIOHTTP2 NIOHTTP2ServerConnectionManagementHandler.swift
[1939/2090] Compiling NIOHTTP2 StreamChannelFlowController.swift
[1940/2090] Compiling NIOHTTP2 StreamChannelList.swift
[1941/2090] Compiling NIOHTTP2 StreamMap.swift
[1942/2090] Compiling NIOHTTP2 StreamStateMachine.swift
[1943/2090] Compiling NIOHTTP2 Timer.swift
[1944/2090] Compiling NIOHTTP2 UnsafeTransfer.swift
[1945/2090] Compiling NIOHTTP2 WatermarkedFlowController.swift
[1946/2090] Compiling NIOHTTP2 HTTP2FrameParser.swift
[1947/2090] Compiling NIOHTTP2 HTTP2PingData.swift
[1948/2090] Compiling NIOHTTP2 HTTP2PipelineHelpers.swift
[1949/2090] Compiling NIOHTTP2 HTTP2Settings.swift
[1950/2090] Compiling NIOHTTP2 HTTP2Stream.swift
[1951/2090] Compiling NIOHTTP2 HTTP2StreamChannel+OutboundStreamMultiplexer.swift
[1952/2090] Compiling NIOHTTP2 HTTP2StreamChannel.swift
[1953/2090] Compiling NIOHTTP2 HTTP2StreamDelegate.swift
[1954/2090] Compiling NIOHTTP2 HTTP2StreamID.swift
[1955/2090] Compiling NIOHTTP2 DOSHeuristics.swift
[1956/2090] Compiling NIOHTTP2 Error+Any.swift
[1957/2090] Compiling NIOHTTP2 ConcurrentStreamBuffer.swift
[1958/2090] Compiling NIOHTTP2 ControlFrameBuffer.swift
[1959/2090] Compiling NIOHTTP2 OutboundFlowControlBuffer.swift
[1960/2090] Compiling NIOHTTP2 OutboundFrameBuffer.swift
[1961/2090] Compiling NIOHTTP2 GlitchesMonitor.swift
[1962/2090] Compiling NIOHTTP2 HPACKHeaders+Validation.swift
[1963/2090] Compiling NIOHTTP2 HTTP2ChannelHandler+InboundStreamMultiplexer.swift
[1964/2090] Compiling NIOHTTP2 ConnectionStateMachine.swift
[1965/2090] Compiling NIOHTTP2 ConnectionStreamsState.swift
[1970/2090] Compiling NIOHTTP2 ReceivingPushPromiseState.swift
[1971/2090] Compiling NIOHTTP2 ReceivingRstStreamState.swift
[1972/2090] Compiling NIOHTTP2 ReceivingWindowUpdateState.swift
[1973/2090] Compiling NIOHTTP2 HTTP2ChannelHandler+InlineStreamMultiplexer.swift
[1974/2090] Compiling NIOHTTP2 HTTP2ChannelHandler.swift
[1975/2090] Compiling NIOHTTP2 HTTP2CommonInboundStreamMultiplexer.swift
[1976/2090] Compiling NIOHTTP2 HTTP2ConnectionStateChange.swift
[1977/2090] Compiling NIOHTTP2 HTTP2Error.swift
[1978/2090] Compiling NIOHTTP2 HTTP2ErrorCode.swift
[1979/2090] Compiling NIOHTTP2 HTTP2FlowControlWindow.swift
[1980/2090] Compiling NIOHTTP2 HTTP2Frame.swift
[1981/2090] Compiling NIOHTTP2 HTTP2FrameEncoder.swift
[1982/2090] Compiling NIOHTTP2 HasFlowControlWindows.swift
[1983/2090] Compiling NIOHTTP2 HasLocalSettings.swift
[1984/2090] Compiling NIOHTTP2 HasRemoteSettings.swift
[1985/2090] Compiling NIOHTTP2 LocallyQuiescingState.swift
[1986/2090] Compiling NIOHTTP2 QuiescingState.swift
[1987/2090] Compiling NIOHTTP2 RemotelyQuiescingState.swift
[1988/2090] Compiling NIOHTTP2 SendAndReceiveGoawayState.swift
[1989/2090] Compiling NIOHTTP2 StateMachineResult.swift
[1990/2090] Compiling NIOHTTP2 ContentLengthVerifier.swift
[1991/2091] Wrapping AST for NIOHTTP2 for debugging
[1993/2155] Emitting module AsyncHTTPClient
[1994/2163] Compiling AsyncHTTPClient LRUCache.swift
[1995/2163] Compiling AsyncHTTPClient NIOLoopBound+Execute.swift
[1996/2163] Compiling AsyncHTTPClient NWErrorHandler.swift
[1997/2163] Compiling AsyncHTTPClient NWWaitingHandler.swift
[1998/2163] Compiling AsyncHTTPClient TLSConfiguration.swift
[1999/2163] Compiling AsyncHTTPClient RedirectState.swift
[2000/2163] Compiling AsyncHTTPClient RequestBag+StateMachine.swift
[2001/2163] Compiling AsyncHTTPClient RequestBag+Tracing.swift
[2002/2163] Compiling AsyncHTTPClient RequestBag.swift
[2003/2163] Compiling AsyncHTTPClient HTTPClientResponse.swift
[2004/2163] Compiling AsyncHTTPClient SingleIteratorPrecondition.swift
[2005/2163] Compiling AsyncHTTPClient Transaction+StateMachine.swift
[2006/2163] Compiling AsyncHTTPClient Transaction.swift
[2007/2163] Compiling AsyncHTTPClient Base64.swift
[2008/2163] Compiling AsyncHTTPClient BasicAuth.swift
[2009/2163] Compiling AsyncHTTPClient BestEffortHashableTLSConfiguration.swift
[2010/2163] Compiling AsyncHTTPClient Configuration+BrowserLike.swift
[2011/2163] Compiling AsyncHTTPClient ConnectionPool.swift
[2012/2163] Compiling AsyncHTTPClient AnyAsyncSequence.swift
[2013/2163] Compiling AsyncHTTPClient AnyAsyncSequenceProucerDelete.swift
[2014/2163] Compiling AsyncHTTPClient AsyncLazySequence.swift
[2015/2163] Compiling AsyncHTTPClient HTTPClient+execute.swift
[2016/2163] Compiling AsyncHTTPClient HTTPClient+shutdown.swift
[2017/2163] Compiling AsyncHTTPClient HTTPClient+tracing.swift
[2018/2163] Compiling AsyncHTTPClient HTTPClientRequest+Prepared.swift
[2019/2163] Compiling AsyncHTTPClient HTTPClientRequest+auth.swift
[2020/2163] Compiling AsyncHTTPClient HTTPClientRequest.swift
[2021/2163] Compiling AsyncHTTPClient RequestValidation.swift
[2022/2163] Compiling AsyncHTTPClient SSLContextCache.swift
[2023/2163] Compiling AsyncHTTPClient Scheme.swift
[2024/2163] Compiling AsyncHTTPClient Singleton.swift
[2025/2163] Compiling AsyncHTTPClient StringConvertibleInstances.swift
[2026/2163] Compiling AsyncHTTPClient StructuredConcurrencyHelpers.swift
[2027/2163] Compiling AsyncHTTPClient TracingSupport.swift
[2028/2163] Compiling AsyncHTTPClient Utils.swift
[2029/2163] Compiling AsyncHTTPClient HTTP1ProxyConnectHandler.swift
[2030/2163] Compiling AsyncHTTPClient SOCKSEventsHandler.swift
[2031/2163] Compiling AsyncHTTPClient TLSEventsHandler.swift
[2032/2163] Compiling AsyncHTTPClient HTTP1ClientChannelHandler.swift
[2033/2163] Compiling AsyncHTTPClient HTTP1Connection.swift
[2034/2163] Compiling AsyncHTTPClient HTTP1ConnectionStateMachine.swift
[2035/2163] Compiling AsyncHTTPClient HTTP2ClientRequestHandler.swift
[2036/2163] Compiling AsyncHTTPClient HTTP2Connection.swift
[2037/2163] Compiling AsyncHTTPClient HTTP2IdleHandler.swift
[2038/2163] Compiling AsyncHTTPClient RequestOptions.swift
[2039/2163] Compiling AsyncHTTPClient HTTPConnectionPool+Backoff.swift
[2040/2163] Compiling AsyncHTTPClient HTTPConnectionPool+HTTP1Connections.swift
[2041/2163] Compiling AsyncHTTPClient HTTPConnectionPool+HTTP1StateMachine.swift
[2042/2163] Compiling AsyncHTTPClient HTTPConnectionPool+HTTP2Connections.swift
[2043/2163] Compiling AsyncHTTPClient HTTPConnectionPool+HTTP2StateMachine.swift
[2044/2163] Compiling AsyncHTTPClient HTTPConnectionPool+RequestQueue.swift
[2045/2163] Compiling AsyncHTTPClient HTTPConnectionPool+StateMachine.swift
[2046/2163] Compiling AsyncHTTPClient ConnectionTarget.swift
[2047/2163] Compiling AsyncHTTPClient DeconstructedURL.swift
[2048/2163] Compiling AsyncHTTPClient FileDownloadDelegate.swift
[2049/2163] Compiling AsyncHTTPClient FoundationExtensions.swift
[2050/2163] Compiling AsyncHTTPClient HTTPClient+HTTPCookie.swift
[2051/2163] Compiling AsyncHTTPClient HTTPClient+Proxy.swift
[2052/2163] Compiling AsyncHTTPClient HTTPClient+StructuredConcurrency.swift
[2053/2163] Compiling AsyncHTTPClient HTTPClient.swift
[2054/2163] Compiling AsyncHTTPClient HTTPClientConfiguration+SwiftConfiguration.swift
[2055/2163] Compiling AsyncHTTPClient HTTPHandler.swift
[2056/2163] Compiling AsyncHTTPClient HTTPConnectionEvent.swift
[2057/2163] Compiling AsyncHTTPClient HTTPConnectionPool+Factory.swift
[2058/2163] Compiling AsyncHTTPClient HTTPConnectionPool+Manager.swift
[2059/2163] Compiling AsyncHTTPClient HTTPConnectionPool.swift
[2060/2163] Compiling AsyncHTTPClient HTTPExecutableRequest.swift
[2061/2163] Compiling AsyncHTTPClient HTTPRequestStateMachine+Demand.swift
[2062/2163] Compiling AsyncHTTPClient HTTPRequestStateMachine.swift
[2063/2163] Compiling AsyncHTTPClient RequestBodyLength.swift
[2064/2163] Compiling AsyncHTTPClient RequestFramingMetadata.swift
[2065/2164] Wrapping AST for AsyncHTTPClient for debugging
[2067/2187] Compiling GoogleAuth SubjectTokenProvider.swift
[2068/2187] Compiling GoogleAuth MDSAccessTokenProvider.swift
[2069/2187] Compiling GoogleAuth MDSCredentials.swift
[2070/2190] Compiling GoogleAuth UserAccountData.swift
[2071/2190] Compiling GoogleAuth UserAccountTokenProvider.swift
[2072/2190] Compiling GoogleAuth UserCredentials.swift
[2073/2190] Compiling GoogleAuth AnonymousCredentials.swift
[2074/2190] Compiling GoogleAuth ApiKeyCredentials.swift
[2075/2190] Compiling GoogleAuth ExternalAccountCredentials.swift
[2076/2190] Compiling GoogleAuth ServiceAccountCredentials.swift
[2077/2190] Compiling GoogleAuth ServiceAccountData.swift
[2078/2190] Compiling GoogleAuth ServiceAccountTokenProvider.swift
[2079/2190] Compiling GoogleAuth ADC.swift
[2080/2190] Compiling GoogleAuth ADCPath.swift
[2081/2190] Compiling GoogleAuth ADCResolver.swift
[2082/2190] Compiling GoogleAuth AuthHeaders.swift
[2083/2190] Compiling GoogleAuth AuthHTTPClient.swift
[2084/2190] Compiling GoogleAuth AuthHTTPError.swift
[2085/2190] Compiling GoogleAuth RetryEngine.swift
[2086/2190] Compiling GoogleAuth CredentialParserRegistry.swift
[2087/2190] Compiling GoogleAuth Credentials.swift
[2088/2190] Compiling GoogleAuth CredentialsError.swift
[2089/2190] Emitting module GoogleAuth
[2090/2190] Compiling GoogleAuth STSHandler.swift
[2091/2190] Compiling GoogleAuth TokenCache.swift
[2092/2190] Compiling GoogleAuth PackageVersion.swift
[2093/2191] Wrapping AST for GoogleAuth for debugging
[2095/2249] Compiling GoogleGax ContinueOnIO.swift
[2096/2249] Compiling GoogleGax CredentialsProtocol.swift
[2097/2249] Compiling GoogleGax ErrorWrapper.swift
[2098/2249] Compiling GoogleGax ExponentialBackoff+BackoffPolicy.swift
[2099/2249] Compiling GoogleGax ExponentialBackoff+PollingBackoffPolicy.swift
[2100/2249] Compiling GoogleGax ExponentialBackoff.swift
[2101/2249] Compiling GoogleGax HTTPClient.swift
[2102/2249] Compiling GoogleGax HTTPClientHolder.swift
[2103/2257] Emitting module GoogleGax
[2104/2257] Compiling GoogleGax AIP194+PollingErrorPolicy.swift
[2105/2257] Compiling GoogleGax AIP194+RetryPolicy.swift
[2106/2257] Compiling GoogleGax AIP194.swift
[2107/2257] Compiling GoogleGax AdaptiveThrottler.swift
[2108/2257] Compiling GoogleGax AlwaysPoll.swift
[2109/2257] Compiling GoogleGax AlwaysRetry.swift
[2110/2257] Compiling GoogleGax ApiClientHeader.swift
[2111/2257] Compiling GoogleGax BackoffPolicy.swift
[2112/2257] Compiling GoogleGax BasePollingErrorPolicy.swift
[2113/2257] Compiling GoogleGax Pagination.swift
/host/spi-builder-workspace/.build/checkouts/swift-google-gax/Sources/GoogleGax/Pagination.swift:44:22: error: cannot convert '@Sendable (String) async throws -> (response: ResponseType, items: [Item], nextToken: String)' to 'nonisolated(nonsending) @Sendable (String) async throws -> (response: ResponseType, items: [Item], nextToken: String)' because crossing of an isolation boundary requires parameter and result types to conform to 'Sendable' protocol
42 | ) where ResponseType: _PaginatedResponse<Item> {
43 | self.initialPageToken = initialPageToken ?? ""
44 | self.fetchPage = { token in
| |- error: cannot convert '@Sendable (String) async throws -> (response: ResponseType, items: [Item], nextToken: String)' to 'nonisolated(nonsending) @Sendable (String) async throws -> (response: ResponseType, items: [Item], nextToken: String)' because crossing of an isolation boundary requires parameter and result types to conform to 'Sendable' protocol
| `- note: type 'Item' does not conform to 'Sendable' protocol
45 | let response = try await listRpc(token)
46 | return (response, response._getPaginatedItems(), response._nextPageToken())
[2114/2257] Compiling GoogleGax PollingBackoffPolicy.swift
/host/spi-builder-workspace/.build/checkouts/swift-google-gax/Sources/GoogleGax/Pagination.swift:44:22: error: cannot convert '@Sendable (String) async throws -> (response: ResponseType, items: [Item], nextToken: String)' to 'nonisolated(nonsending) @Sendable (String) async throws -> (response: ResponseType, items: [Item], nextToken: String)' because crossing of an isolation boundary requires parameter and result types to conform to 'Sendable' protocol
42 | ) where ResponseType: _PaginatedResponse<Item> {
43 | self.initialPageToken = initialPageToken ?? ""
44 | self.fetchPage = { token in
| |- error: cannot convert '@Sendable (String) async throws -> (response: ResponseType, items: [Item], nextToken: String)' to 'nonisolated(nonsending) @Sendable (String) async throws -> (response: ResponseType, items: [Item], nextToken: String)' because crossing of an isolation boundary requires parameter and result types to conform to 'Sendable' protocol
| `- note: type 'Item' does not conform to 'Sendable' protocol
45 | let response = try await listRpc(token)
46 | return (response, response._getPaginatedItems(), response._nextPageToken())
[2115/2257] Compiling GoogleGax PollingErrorPolicy.swift
/host/spi-builder-workspace/.build/checkouts/swift-google-gax/Sources/GoogleGax/Pagination.swift:44:22: error: cannot convert '@Sendable (String) async throws -> (response: ResponseType, items: [Item], nextToken: String)' to 'nonisolated(nonsending) @Sendable (String) async throws -> (response: ResponseType, items: [Item], nextToken: String)' because crossing of an isolation boundary requires parameter and result types to conform to 'Sendable' protocol
42 | ) where ResponseType: _PaginatedResponse<Item> {
43 | self.initialPageToken = initialPageToken ?? ""
44 | self.fetchPage = { token in
| |- error: cannot convert '@Sendable (String) async throws -> (response: ResponseType, items: [Item], nextToken: String)' to 'nonisolated(nonsending) @Sendable (String) async throws -> (response: ResponseType, items: [Item], nextToken: String)' because crossing of an isolation boundary requires parameter and result types to conform to 'Sendable' protocol
| `- note: type 'Item' does not conform to 'Sendable' protocol
45 | let response = try await listRpc(token)
46 | return (response, response._getPaginatedItems(), response._nextPageToken())
[2116/2257] Compiling GoogleGax PollingResult.swift
/host/spi-builder-workspace/.build/checkouts/swift-google-gax/Sources/GoogleGax/Pagination.swift:44:22: error: cannot convert '@Sendable (String) async throws -> (response: ResponseType, items: [Item], nextToken: String)' to 'nonisolated(nonsending) @Sendable (String) async throws -> (response: ResponseType, items: [Item], nextToken: String)' because crossing of an isolation boundary requires parameter and result types to conform to 'Sendable' protocol
42 | ) where ResponseType: _PaginatedResponse<Item> {
43 | self.initialPageToken = initialPageToken ?? ""
44 | self.fetchPage = { token in
| |- error: cannot convert '@Sendable (String) async throws -> (response: ResponseType, items: [Item], nextToken: String)' to 'nonisolated(nonsending) @Sendable (String) async throws -> (response: ResponseType, items: [Item], nextToken: String)' because crossing of an isolation boundary requires parameter and result types to conform to 'Sendable' protocol
| `- note: type 'Item' does not conform to 'Sendable' protocol
45 | let response = try await listRpc(token)
46 | return (response, response._getPaginatedItems(), response._nextPageToken())
[2117/2257] Compiling GoogleGax PollingState.swift
/host/spi-builder-workspace/.build/checkouts/swift-google-gax/Sources/GoogleGax/Pagination.swift:44:22: error: cannot convert '@Sendable (String) async throws -> (response: ResponseType, items: [Item], nextToken: String)' to 'nonisolated(nonsending) @Sendable (String) async throws -> (response: ResponseType, items: [Item], nextToken: String)' because crossing of an isolation boundary requires parameter and result types to conform to 'Sendable' protocol
42 | ) where ResponseType: _PaginatedResponse<Item> {
43 | self.initialPageToken = initialPageToken ?? ""
44 | self.fetchPage = { token in
| |- error: cannot convert '@Sendable (String) async throws -> (response: ResponseType, items: [Item], nextToken: String)' to 'nonisolated(nonsending) @Sendable (String) async throws -> (response: ResponseType, items: [Item], nextToken: String)' because crossing of an isolation boundary requires parameter and result types to conform to 'Sendable' protocol
| `- note: type 'Item' does not conform to 'Sendable' protocol
45 | let response = try await listRpc(token)
46 | return (response, response._getPaginatedItems(), response._nextPageToken())
[2118/2257] Compiling GoogleGax ProtobufConversionError.swift
/host/spi-builder-workspace/.build/checkouts/swift-google-gax/Sources/GoogleGax/Pagination.swift:44:22: error: cannot convert '@Sendable (String) async throws -> (response: ResponseType, items: [Item], nextToken: String)' to 'nonisolated(nonsending) @Sendable (String) async throws -> (response: ResponseType, items: [Item], nextToken: String)' because crossing of an isolation boundary requires parameter and result types to conform to 'Sendable' protocol
42 | ) where ResponseType: _PaginatedResponse<Item> {
43 | self.initialPageToken = initialPageToken ?? ""
44 | self.fetchPage = { token in
| |- error: cannot convert '@Sendable (String) async throws -> (response: ResponseType, items: [Item], nextToken: String)' to 'nonisolated(nonsending) @Sendable (String) async throws -> (response: ResponseType, items: [Item], nextToken: String)' because crossing of an isolation boundary requires parameter and result types to conform to 'Sendable' protocol
| `- note: type 'Item' does not conform to 'Sendable' protocol
45 | let response = try await listRpc(token)
46 | return (response, response._getPaginatedItems(), response._nextPageToken())
[2119/2257] Compiling GoogleGax QueryParameter.swift
/host/spi-builder-workspace/.build/checkouts/swift-google-gax/Sources/GoogleGax/Pagination.swift:44:22: error: cannot convert '@Sendable (String) async throws -> (response: ResponseType, items: [Item], nextToken: String)' to 'nonisolated(nonsending) @Sendable (String) async throws -> (response: ResponseType, items: [Item], nextToken: String)' because crossing of an isolation boundary requires parameter and result types to conform to 'Sendable' protocol
42 | ) where ResponseType: _PaginatedResponse<Item> {
43 | self.initialPageToken = initialPageToken ?? ""
44 | self.fetchPage = { token in
| |- error: cannot convert '@Sendable (String) async throws -> (response: ResponseType, items: [Item], nextToken: String)' to 'nonisolated(nonsending) @Sendable (String) async throws -> (response: ResponseType, items: [Item], nextToken: String)' because crossing of an isolation boundary requires parameter and result types to conform to 'Sendable' protocol
| `- note: type 'Item' does not conform to 'Sendable' protocol
45 | let response = try await listRpc(token)
46 | return (response, response._getPaginatedItems(), response._nextPageToken())
[2120/2257] Compiling GoogleGax RequestError.swift
/host/spi-builder-workspace/.build/checkouts/swift-google-gax/Sources/GoogleGax/Pagination.swift:44:22: error: cannot convert '@Sendable (String) async throws -> (response: ResponseType, items: [Item], nextToken: String)' to 'nonisolated(nonsending) @Sendable (String) async throws -> (response: ResponseType, items: [Item], nextToken: String)' because crossing of an isolation boundary requires parameter and result types to conform to 'Sendable' protocol
42 | ) where ResponseType: _PaginatedResponse<Item> {
43 | self.initialPageToken = initialPageToken ?? ""
44 | self.fetchPage = { token in
| |- error: cannot convert '@Sendable (String) async throws -> (response: ResponseType, items: [Item], nextToken: String)' to 'nonisolated(nonsending) @Sendable (String) async throws -> (response: ResponseType, items: [Item], nextToken: String)' because crossing of an isolation boundary requires parameter and result types to conform to 'Sendable' protocol
| `- note: type 'Item' does not conform to 'Sendable' protocol
45 | let response = try await listRpc(token)
46 | return (response, response._getPaginatedItems(), response._nextPageToken())
[2121/2257] Compiling GoogleGax LimitedAttemptCount+PollingErrorPolicy.swift
[2122/2257] Compiling GoogleGax LimitedAttemptCount+RetryPolicy.swift
[2123/2257] Compiling GoogleGax LimitedAttemptCount.swift
[2124/2257] Compiling GoogleGax LimitedElapsedTime+PollingErrorPolicy.swift
[2125/2257] Compiling GoogleGax LimitedElapsedTime+RetryPolicy.swift
[2126/2257] Compiling GoogleGax LimitedElapsedTime.swift
[2127/2257] Compiling GoogleGax LongRunningOperations.swift
[2128/2257] Compiling GoogleGax NeverRetry.swift
[2129/2257] Compiling GoogleGax RequestOptions.swift
[2130/2257] Compiling GoogleGax RetryLoop.swift
[2131/2257] Compiling GoogleGax RetryPolicy.swift
[2132/2257] Compiling GoogleGax RetryResult.swift
[2133/2257] Compiling GoogleGax RetryState.swift
[2134/2257] Compiling GoogleGax RetryThrottler.swift
[2135/2257] Compiling GoogleGax RetryThrottlerError.swift
[2136/2257] Compiling GoogleGax RoutingMatcher.swift
[2137/2257] Compiling GoogleGax HTTPClientProtocol.swift
[2138/2257] Compiling GoogleGax HTTPClientRequest.swift
[2139/2257] Compiling GoogleGax HTTPClientResponse.swift
[2140/2257] Compiling GoogleGax HTTPHeaders.swift
[2141/2257] Compiling GoogleGax HTTPResponseBody.swift
[2142/2257] Compiling GoogleGax HeaderNames.swift
[2143/2257] Compiling GoogleGax Host.swift
[2144/2257] Compiling GoogleGax InProgressResult.swift
[2145/2257] Compiling GoogleGax BaseRetryPolicy.swift
[2146/2257] Compiling GoogleGax BindingError.swift
[2147/2257] Compiling GoogleGax CRC32C.swift
[2148/2257] Compiling GoogleGax CircuitBreaker.swift
[2149/2257] Compiling GoogleGax ClientError.swift
[2150/2257] Compiling GoogleGax ClientOptions.swift
[2151/2257] Compiling GoogleGax ContinueOnIO+PollingErrorPolicy.swift
[2152/2257] Compiling GoogleGax ContinueOnIO+RetryPolicy.swift
[2153/2257] Compiling GoogleGax ServiceError.swift
[2154/2257] Compiling GoogleGax StatusDetail.swift
[2155/2257] Compiling GoogleGax StrictIdempotency.swift
[2156/2257] Compiling GoogleGax ThrottleResult.swift
[2157/2257] Compiling GoogleGax TooManyRequests+PollingErrorPolicy.swift
[2158/2257] Compiling GoogleGax TooManyRequests+RetryPolicy.swift
[2159/2257] Compiling GoogleGax TooManyRequests.swift
[2160/2257] Compiling GoogleGax PackageVersion.swift
BUILD FAILURE 6.2 android