Build Information
Failed to build RakuyoKit, reference main (ef4484), with Swift 6.4 for visionOS using Xcode 27.0 on 22 Sep 2026 11:14:48 UTC.
Build Command
env DEVELOPER_DIR=/Applications/Xcode-27.0.0-Release.Candidate.app xcrun xcodebuild -IDEClonedSourcePackagesDirPathOverride=$PWD/.dependencies -skipMacroValidation -skipPackagePluginValidation -derivedDataPath $PWD/.derivedData build -scheme RakuyoKit-Package -destination generic/platform=xrOSBuild Log
Copy /Users/admin/builder/spi-builder-workspace/.derivedData/Build/Products/Debug-xros/RAKConfig.swiftmodule/arm64-apple-xros.swiftdoc /Users/admin/builder/spi-builder-workspace/.derivedData/Build/Intermediates.noindex/RakuyoKit.build/Debug-xros/RAKConfig-t.build/Objects-normal/arm64/RAKConfig.swiftdoc (in target 'RAKConfig' from project 'RakuyoKit')
cd /Users/admin/builder/spi-builder-workspace
builtin-copy -exclude .DS_Store -exclude CVS -exclude .svn -exclude .git -exclude .hg -resolve-src-symlinks -rename /Users/admin/builder/spi-builder-workspace/.derivedData/Build/Intermediates.noindex/RakuyoKit.build/Debug-xros/RAKConfig-t.build/Objects-normal/arm64/RAKConfig.swiftdoc /Users/admin/builder/spi-builder-workspace/.derivedData/Build/Products/Debug-xros/RAKConfig.swiftmodule/arm64-apple-xros.swiftdoc
Copy /Users/admin/builder/spi-builder-workspace/.derivedData/Build/Products/Debug-xros/RAKConfig.swiftmodule/arm64-apple-xros.abi.json /Users/admin/builder/spi-builder-workspace/.derivedData/Build/Intermediates.noindex/RakuyoKit.build/Debug-xros/RAKConfig-t.build/Objects-normal/arm64/RAKConfig.abi.json (in target 'RAKConfig' from project 'RakuyoKit')
cd /Users/admin/builder/spi-builder-workspace
builtin-copy -exclude .DS_Store -exclude CVS -exclude .svn -exclude .git -exclude .hg -resolve-src-symlinks -rename /Users/admin/builder/spi-builder-workspace/.derivedData/Build/Intermediates.noindex/RakuyoKit.build/Debug-xros/RAKConfig-t.build/Objects-normal/arm64/RAKConfig.abi.json /Users/admin/builder/spi-builder-workspace/.derivedData/Build/Products/Debug-xros/RAKConfig.swiftmodule/arm64-apple-xros.abi.json
Copy /Users/admin/builder/spi-builder-workspace/.derivedData/Build/Products/Debug-xros/RAKConfig.swiftmodule/Project/arm64-apple-xros.swiftsourceinfo /Users/admin/builder/spi-builder-workspace/.derivedData/Build/Intermediates.noindex/RakuyoKit.build/Debug-xros/RAKConfig-t.build/Objects-normal/arm64/RAKConfig.swiftsourceinfo (in target 'RAKConfig' from project 'RakuyoKit')
cd /Users/admin/builder/spi-builder-workspace
builtin-copy -exclude .DS_Store -exclude CVS -exclude .svn -exclude .git -exclude .hg -resolve-src-symlinks -rename /Users/admin/builder/spi-builder-workspace/.derivedData/Build/Intermediates.noindex/RakuyoKit.build/Debug-xros/RAKConfig-t.build/Objects-normal/arm64/RAKConfig.swiftsourceinfo /Users/admin/builder/spi-builder-workspace/.derivedData/Build/Products/Debug-xros/RAKConfig.swiftmodule/Project/arm64-apple-xros.swiftsourceinfo
SwiftCompile normal arm64 Compiling\ Gradient+Colors.swift /Users/admin/builder/spi-builder-workspace/Sources/Gradient/Gradient+Colors.swift (in target 'RAKGradient' from project 'RakuyoKit')
SwiftCompile normal arm64 /Users/admin/builder/spi-builder-workspace/Sources/Gradient/Gradient+Colors.swift (in target 'RAKGradient' from project 'RakuyoKit')
cd /Users/admin/builder/spi-builder-workspace/.swiftpm/xcode
builtin-SwiftPerFileCompile Gradient+Colors.swift
SwiftCompile normal arm64 Compiling\ Gradient.swift /Users/admin/builder/spi-builder-workspace/Sources/Gradient/Gradient.swift (in target 'RAKGradient' from project 'RakuyoKit')
SwiftCompile normal arm64 /Users/admin/builder/spi-builder-workspace/Sources/Gradient/Gradient.swift (in target 'RAKGradient' from project 'RakuyoKit')
cd /Users/admin/builder/spi-builder-workspace/.swiftpm/xcode
builtin-SwiftPerFileCompile Gradient.swift
SwiftDriverJobDiscovery normal arm64 Compiling NotificationPayload.generated.swift (in target 'RAKNotification' from project 'RakuyoKit')
SwiftCompile normal arm64 Compiling\ Gradient+Direction.swift /Users/admin/builder/spi-builder-workspace/Sources/Gradient/Gradient+Direction.swift (in target 'RAKGradient' from project 'RakuyoKit')
SwiftCompile normal arm64 /Users/admin/builder/spi-builder-workspace/Sources/Gradient/Gradient+Direction.swift (in target 'RAKGradient' from project 'RakuyoKit')
cd /Users/admin/builder/spi-builder-workspace/.swiftpm/xcode
builtin-SwiftPerFileCompile Gradient+Direction.swift
SwiftDriverJobDiscovery normal arm64 Compiling Foundation.swift (in target 'RAKNotification' from project 'RakuyoKit')
SwiftCompile normal arm64 Compiling\ Gradient+Position.swift /Users/admin/builder/spi-builder-workspace/Sources/Gradient/Gradient+Position.swift (in target 'RAKGradient' from project 'RakuyoKit')
SwiftCompile normal arm64 /Users/admin/builder/spi-builder-workspace/Sources/Gradient/Gradient+Position.swift (in target 'RAKGradient' from project 'RakuyoKit')
cd /Users/admin/builder/spi-builder-workspace/.swiftpm/xcode
builtin-SwiftPerFileCompile Gradient+Position.swift
SwiftCompile normal arm64 Compiling\ CodableRecord.swift /Users/admin/builder/spi-builder-workspace/Sources/GRDB/CodableRecord.swift (in target 'RAKGRDB' from project 'RakuyoKit')
SwiftCompile normal arm64 /Users/admin/builder/spi-builder-workspace/Sources/GRDB/CodableRecord.swift (in target 'RAKGRDB' from project 'RakuyoKit')
cd /Users/admin/builder/spi-builder-workspace/.swiftpm/xcode
builtin-SwiftPerFileCompile CodableRecord.swift
SwiftDriverJobDiscovery normal arm64 Compiling TypedNotification.swift (in target 'RAKNotification' from project 'RakuyoKit')
SwiftCompile normal arm64 Compiling\ PersistableRecord+RAK.swift /Users/admin/builder/spi-builder-workspace/Sources/GRDB/PersistableRecord+RAK.swift (in target 'RAKGRDB' from project 'RakuyoKit')
SwiftCompile normal arm64 /Users/admin/builder/spi-builder-workspace/Sources/GRDB/PersistableRecord+RAK.swift (in target 'RAKGRDB' from project 'RakuyoKit')
cd /Users/admin/builder/spi-builder-workspace/.swiftpm/xcode
builtin-SwiftPerFileCompile PersistableRecord+RAK.swift
SwiftEmitModule normal arm64 Emitting\ module\ for\ RAKCodable (in target 'RAKCodable' from project 'RakuyoKit')
SwiftCompile normal arm64 (in target 'RAKCodable' from project 'RakuyoKit')
cd /Users/admin/builder/spi-builder-workspace/.swiftpm/xcode
SwiftDriverJobDiscovery normal arm64 Compiling NotificationObserver.swift (in target 'RAKNotification' from project 'RakuyoKit')
SwiftDriverJobDiscovery normal arm64 Compiling NotificationPayload.swift (in target 'RAKNotification' from project 'RakuyoKit')
SwiftCompile normal arm64 Compiling\ QueryInterfaceRequest+RAK.swift /Users/admin/builder/spi-builder-workspace/Sources/GRDB/QueryInterfaceRequest+RAK.swift (in target 'RAKGRDB' from project 'RakuyoKit')
SwiftCompile normal arm64 /Users/admin/builder/spi-builder-workspace/Sources/GRDB/QueryInterfaceRequest+RAK.swift (in target 'RAKGRDB' from project 'RakuyoKit')
cd /Users/admin/builder/spi-builder-workspace/.swiftpm/xcode
builtin-SwiftPerFileCompile QueryInterfaceRequest+RAK.swift
SwiftDriver\ Compilation RAKNotification normal arm64 com.apple.xcode.tools.swift.compiler (in target 'RAKNotification' from project 'RakuyoKit')
cd /Users/admin/builder/spi-builder-workspace/.swiftpm/xcode
builtin-Swift-Compilation -- /Applications/Xcode-27.0.0-Release.Candidate.app/Contents/Developer/Toolchains/XcodeDefault.xctoolchain/usr/bin/swiftc -parse-as-library -module-name RAKNotification -Onone @/Users/admin/builder/spi-builder-workspace/.derivedData/Build/Intermediates.noindex/RakuyoKit.build/Debug-xros/RAKNotification-t.build/Objects-normal/arm64/RAKNotification.SwiftFileList -DSWIFT_PACKAGE -DDEBUG -DSWIFT_MODULE_RESOURCE_BUNDLE_UNAVAILABLE -DXcode -plugin-path /Applications/Xcode-27.0.0-Release.Candidate.app/Contents/Developer/Toolchains/XcodeDefault.xctoolchain/usr/lib/swift/host/plugins/testing -enable-experimental-feature DebugDescriptionMacro -sdk /Applications/Xcode-27.0.0-Release.Candidate.app/Contents/Developer/Platforms/XROS.platform/Developer/SDKs/XROS27.0.sdk -target arm64-apple-xros1.0 -g -module-cache-path /Users/admin/builder/spi-builder-workspace/.derivedData/ModuleCache.noindex -Xfrontend -serialize-debugging-options -profile-coverage-mapping -profile-generate -enable-testing -index-store-path /Users/admin/builder/spi-builder-workspace/.derivedData/Index.noindex/DataStore -Xcc -D_LIBCPP_HARDENING_MODE\=_LIBCPP_HARDENING_MODE_DEBUG -swift-version 5 -I /Users/admin/builder/spi-builder-workspace/.derivedData/Build/Products/Debug-xros -Isystem /Applications/Xcode-27.0.0-Release.Candidate.app/Contents/Developer/Platforms/XROS.platform/Developer/usr/lib -F /Users/admin/builder/spi-builder-workspace/.derivedData/Build/Products/Debug-xros/PackageFrameworks -F /Users/admin/builder/spi-builder-workspace/.derivedData/Build/Products/Debug-xros -F /Applications/Xcode-27.0.0-Release.Candidate.app/Contents/Developer/Platforms/XROS.platform/Developer/Library/Frameworks -F /Applications/Xcode-27.0.0-Release.Candidate.app/Contents/Developer/Platforms/XROS.platform/Developer/SDKs/XROS27.0.sdk/Developer/Library/Frameworks -c -j10 -enable-batch-mode -incremental -Xcc -ivfsstatcache -Xcc /Users/admin/builder/spi-builder-workspace/.derivedData/SDKStatCaches.noindex/xros27.0-24M361-e829b21a6f8c9b70876ba0858053c044735bd543db762f57723cac368afd1ce4.sdkstatcache -output-file-map /Users/admin/builder/spi-builder-workspace/.derivedData/Build/Intermediates.noindex/RakuyoKit.build/Debug-xros/RAKNotification-t.build/Objects-normal/arm64/RAKNotification-OutputFileMap.json -save-temps -no-color-diagnostics -explicit-module-build -module-cache-path /Users/admin/builder/spi-builder-workspace/.derivedData/Build/Intermediates.noindex/SwiftExplicitPrecompiledModules -clang-scanner-module-cache-path /Users/admin/builder/spi-builder-workspace/.derivedData/ModuleCache.noindex -sdk-module-cache-path /Users/admin/builder/spi-builder-workspace/.derivedData/SDKExplicitPrecompiledModules -emit-dependencies -emit-module -emit-module-path /Users/admin/builder/spi-builder-workspace/.derivedData/Build/Intermediates.noindex/RakuyoKit.build/Debug-xros/RAKNotification-t.build/Objects-normal/arm64/RAKNotification.swiftmodule -serialize-diagnostics -dependency-scan-serialize-diagnostics-path /Users/admin/builder/spi-builder-workspace/.derivedData/Build/Intermediates.noindex/RakuyoKit.build/Debug-xros/RAKNotification-t.build/Objects-normal/arm64/RAKNotification-dependency-scan.dia -validate-clang-modules-once -clang-build-session-file /Users/admin/builder/spi-builder-workspace/.derivedData/ModuleCache.noindex/Session.modulevalidation -Xcc -fmodules-prune-interval\=86400 -Xcc -fmodules-prune-after\=345600 -package-name spi_builder_workspace -emit-const-values -const-gather-protocols-list /Users/admin/builder/spi-builder-workspace/.derivedData/Build/Intermediates.noindex/RakuyoKit.build/Debug-xros/RAKNotification-t.build/Objects-normal/arm64/RAKNotification_const_extract_protocols.json -Xcc -I/Users/admin/builder/spi-builder-workspace/.derivedData/Build/Products/Debug-xros/include -Xcc -I/Users/admin/builder/spi-builder-workspace/.derivedData/Build/Intermediates.noindex/RakuyoKit.build/Debug-xros/RAKNotification-t.build/DerivedSources-normal/arm64 -Xcc -I/Users/admin/builder/spi-builder-workspace/.derivedData/Build/Intermediates.noindex/RakuyoKit.build/Debug-xros/RAKNotification-t.build/DerivedSources/arm64 -Xcc -I/Users/admin/builder/spi-builder-workspace/.derivedData/Build/Intermediates.noindex/RakuyoKit.build/Debug-xros/RAKNotification-t.build/DerivedSources -Xcc -DSWIFT_PACKAGE -Xcc -DDEBUG\=1 -emit-objc-header -emit-objc-header-path /Users/admin/builder/spi-builder-workspace/.derivedData/Build/Intermediates.noindex/RakuyoKit.build/Debug-xros/RAKNotification-t.build/Objects-normal/arm64/RAKNotification-Swift.h -working-directory /Users/admin/builder/spi-builder-workspace/.swiftpm/xcode -experimental-emit-module-separately -disable-cmo
SwiftDriverJobDiscovery normal arm64 Emitting module for RAKCombine (in target 'RAKCombine' from project 'RakuyoKit')
SwiftDriver\ Compilation\ Requirements RAKCombine normal arm64 com.apple.xcode.tools.swift.compiler (in target 'RAKCombine' from project 'RakuyoKit')
cd /Users/admin/builder/spi-builder-workspace/.swiftpm/xcode
builtin-Swift-Compilation-Requirements -- /Applications/Xcode-27.0.0-Release.Candidate.app/Contents/Developer/Toolchains/XcodeDefault.xctoolchain/usr/bin/swiftc -parse-as-library -module-name RAKCombine -Onone @/Users/admin/builder/spi-builder-workspace/.derivedData/Build/Intermediates.noindex/RakuyoKit.build/Debug-xros/RAKCombine-t.build/Objects-normal/arm64/RAKCombine.SwiftFileList -DSWIFT_PACKAGE -DDEBUG -DSWIFT_MODULE_RESOURCE_BUNDLE_UNAVAILABLE -Xcc -fmodule-map-file\=/Users/admin/builder/spi-builder-workspace/Sources/Combine/Runtime/include/module.modulemap -DXcode -plugin-path /Applications/Xcode-27.0.0-Release.Candidate.app/Contents/Developer/Toolchains/XcodeDefault.xctoolchain/usr/lib/swift/host/plugins/testing -enable-experimental-feature DebugDescriptionMacro -sdk /Applications/Xcode-27.0.0-Release.Candidate.app/Contents/Developer/Platforms/XROS.platform/Developer/SDKs/XROS27.0.sdk -target arm64-apple-xros1.0 -g -module-cache-path /Users/admin/builder/spi-builder-workspace/.derivedData/ModuleCache.noindex -Xfrontend -serialize-debugging-options -profile-coverage-mapping -profile-generate -enable-testing -index-store-path /Users/admin/builder/spi-builder-workspace/.derivedData/Index.noindex/DataStore -Xcc -D_LIBCPP_HARDENING_MODE\=_LIBCPP_HARDENING_MODE_DEBUG -swift-version 5 -I /Users/admin/builder/spi-builder-workspace/.derivedData/Build/Products/Debug-xros -Isystem /Applications/Xcode-27.0.0-Release.Candidate.app/Contents/Developer/Platforms/XROS.platform/Developer/usr/lib -F /Users/admin/builder/spi-builder-workspace/.derivedData/Build/Products/Debug-xros/PackageFrameworks -F /Users/admin/builder/spi-builder-workspace/.derivedData/Build/Products/Debug-xros -F /Applications/Xcode-27.0.0-Release.Candidate.app/Contents/Developer/Platforms/XROS.platform/Developer/Library/Frameworks -F /Applications/Xcode-27.0.0-Release.Candidate.app/Contents/Developer/Platforms/XROS.platform/Developer/SDKs/XROS27.0.sdk/Developer/Library/Frameworks -c -j10 -enable-batch-mode -incremental -Xcc -ivfsstatcache -Xcc /Users/admin/builder/spi-builder-workspace/.derivedData/SDKStatCaches.noindex/xros27.0-24M361-e829b21a6f8c9b70876ba0858053c044735bd543db762f57723cac368afd1ce4.sdkstatcache -output-file-map /Users/admin/builder/spi-builder-workspace/.derivedData/Build/Intermediates.noindex/RakuyoKit.build/Debug-xros/RAKCombine-t.build/Objects-normal/arm64/RAKCombine-OutputFileMap.json -save-temps -no-color-diagnostics -explicit-module-build -module-cache-path /Users/admin/builder/spi-builder-workspace/.derivedData/Build/Intermediates.noindex/SwiftExplicitPrecompiledModules -clang-scanner-module-cache-path /Users/admin/builder/spi-builder-workspace/.derivedData/ModuleCache.noindex -sdk-module-cache-path /Users/admin/builder/spi-builder-workspace/.derivedData/SDKExplicitPrecompiledModules -emit-dependencies -emit-module -emit-module-path /Users/admin/builder/spi-builder-workspace/.derivedData/Build/Intermediates.noindex/RakuyoKit.build/Debug-xros/RAKCombine-t.build/Objects-normal/arm64/RAKCombine.swiftmodule -serialize-diagnostics -dependency-scan-serialize-diagnostics-path /Users/admin/builder/spi-builder-workspace/.derivedData/Build/Intermediates.noindex/RakuyoKit.build/Debug-xros/RAKCombine-t.build/Objects-normal/arm64/RAKCombine-dependency-scan.dia -validate-clang-modules-once -clang-build-session-file /Users/admin/builder/spi-builder-workspace/.derivedData/ModuleCache.noindex/Session.modulevalidation -Xcc -fmodules-prune-interval\=86400 -Xcc -fmodules-prune-after\=345600 -package-name spi_builder_workspace -emit-const-values -const-gather-protocols-list /Users/admin/builder/spi-builder-workspace/.derivedData/Build/Intermediates.noindex/RakuyoKit.build/Debug-xros/RAKCombine-t.build/Objects-normal/arm64/RAKCombine_const_extract_protocols.json -Xcc -I/Users/admin/builder/spi-builder-workspace/Sources/Combine/Runtime/include -Xcc -I/Users/admin/builder/spi-builder-workspace/.derivedData/Build/Products/Debug-xros/include -Xcc -I/Users/admin/builder/spi-builder-workspace/.derivedData/Build/Intermediates.noindex/RakuyoKit.build/Debug-xros/RAKCombine-t.build/DerivedSources-normal/arm64 -Xcc -I/Users/admin/builder/spi-builder-workspace/.derivedData/Build/Intermediates.noindex/RakuyoKit.build/Debug-xros/RAKCombine-t.build/DerivedSources/arm64 -Xcc -I/Users/admin/builder/spi-builder-workspace/.derivedData/Build/Intermediates.noindex/RakuyoKit.build/Debug-xros/RAKCombine-t.build/DerivedSources -Xcc -DSWIFT_PACKAGE -Xcc -DDEBUG\=1 -emit-objc-header -emit-objc-header-path /Users/admin/builder/spi-builder-workspace/.derivedData/Build/Intermediates.noindex/RakuyoKit.build/Debug-xros/RAKCombine-t.build/Objects-normal/arm64/RAKCombine-Swift.h -working-directory /Users/admin/builder/spi-builder-workspace/.swiftpm/xcode -experimental-emit-module-separately -disable-cmo
SwiftMergeGeneratedHeaders /Users/admin/builder/spi-builder-workspace/.derivedData/Build/Intermediates.noindex/GeneratedModuleMaps-xros/RAKCombine-Swift.h /Users/admin/builder/spi-builder-workspace/.derivedData/Build/Intermediates.noindex/RakuyoKit.build/Debug-xros/RAKCombine-t.build/Objects-normal/arm64/RAKCombine-Swift.h (in target 'RAKCombine' from project 'RakuyoKit')
cd /Users/admin/builder/spi-builder-workspace
builtin-swiftHeaderTool -arch arm64 /Users/admin/builder/spi-builder-workspace/.derivedData/Build/Intermediates.noindex/RakuyoKit.build/Debug-xros/RAKCombine-t.build/Objects-normal/arm64/RAKCombine-Swift.h -o /Users/admin/builder/spi-builder-workspace/.derivedData/Build/Intermediates.noindex/GeneratedModuleMaps-xros/RAKCombine-Swift.h
Copy /Users/admin/builder/spi-builder-workspace/.derivedData/Build/Products/Debug-xros/RAKCombine.swiftmodule/arm64-apple-xros.swiftmodule /Users/admin/builder/spi-builder-workspace/.derivedData/Build/Intermediates.noindex/RakuyoKit.build/Debug-xros/RAKCombine-t.build/Objects-normal/arm64/RAKCombine.swiftmodule (in target 'RAKCombine' from project 'RakuyoKit')
cd /Users/admin/builder/spi-builder-workspace
builtin-copy -exclude .DS_Store -exclude CVS -exclude .svn -exclude .git -exclude .hg -resolve-src-symlinks -rename /Users/admin/builder/spi-builder-workspace/.derivedData/Build/Intermediates.noindex/RakuyoKit.build/Debug-xros/RAKCombine-t.build/Objects-normal/arm64/RAKCombine.swiftmodule /Users/admin/builder/spi-builder-workspace/.derivedData/Build/Products/Debug-xros/RAKCombine.swiftmodule/arm64-apple-xros.swiftmodule
Copy /Users/admin/builder/spi-builder-workspace/.derivedData/Build/Products/Debug-xros/RAKCombine.swiftmodule/arm64-apple-xros.swiftdoc /Users/admin/builder/spi-builder-workspace/.derivedData/Build/Intermediates.noindex/RakuyoKit.build/Debug-xros/RAKCombine-t.build/Objects-normal/arm64/RAKCombine.swiftdoc (in target 'RAKCombine' from project 'RakuyoKit')
cd /Users/admin/builder/spi-builder-workspace
builtin-copy -exclude .DS_Store -exclude CVS -exclude .svn -exclude .git -exclude .hg -resolve-src-symlinks -rename /Users/admin/builder/spi-builder-workspace/.derivedData/Build/Intermediates.noindex/RakuyoKit.build/Debug-xros/RAKCombine-t.build/Objects-normal/arm64/RAKCombine.swiftdoc /Users/admin/builder/spi-builder-workspace/.derivedData/Build/Products/Debug-xros/RAKCombine.swiftmodule/arm64-apple-xros.swiftdoc
Copy /Users/admin/builder/spi-builder-workspace/.derivedData/Build/Products/Debug-xros/RAKCombine.swiftmodule/arm64-apple-xros.abi.json /Users/admin/builder/spi-builder-workspace/.derivedData/Build/Intermediates.noindex/RakuyoKit.build/Debug-xros/RAKCombine-t.build/Objects-normal/arm64/RAKCombine.abi.json (in target 'RAKCombine' from project 'RakuyoKit')
cd /Users/admin/builder/spi-builder-workspace
builtin-copy -exclude .DS_Store -exclude CVS -exclude .svn -exclude .git -exclude .hg -resolve-src-symlinks -rename /Users/admin/builder/spi-builder-workspace/.derivedData/Build/Intermediates.noindex/RakuyoKit.build/Debug-xros/RAKCombine-t.build/Objects-normal/arm64/RAKCombine.abi.json /Users/admin/builder/spi-builder-workspace/.derivedData/Build/Products/Debug-xros/RAKCombine.swiftmodule/arm64-apple-xros.abi.json
Copy /Users/admin/builder/spi-builder-workspace/.derivedData/Build/Products/Debug-xros/RAKCombine.swiftmodule/Project/arm64-apple-xros.swiftsourceinfo /Users/admin/builder/spi-builder-workspace/.derivedData/Build/Intermediates.noindex/RakuyoKit.build/Debug-xros/RAKCombine-t.build/Objects-normal/arm64/RAKCombine.swiftsourceinfo (in target 'RAKCombine' from project 'RakuyoKit')
cd /Users/admin/builder/spi-builder-workspace
builtin-copy -exclude .DS_Store -exclude CVS -exclude .svn -exclude .git -exclude .hg -resolve-src-symlinks -rename /Users/admin/builder/spi-builder-workspace/.derivedData/Build/Intermediates.noindex/RakuyoKit.build/Debug-xros/RAKCombine-t.build/Objects-normal/arm64/RAKCombine.swiftsourceinfo /Users/admin/builder/spi-builder-workspace/.derivedData/Build/Products/Debug-xros/RAKCombine.swiftmodule/Project/arm64-apple-xros.swiftsourceinfo
SwiftDriver\ Compilation RAKCore normal arm64 com.apple.xcode.tools.swift.compiler (in target 'RAKCore' from project 'RakuyoKit')
cd /Users/admin/builder/spi-builder-workspace/.swiftpm/xcode
builtin-Swift-Compilation -- /Applications/Xcode-27.0.0-Release.Candidate.app/Contents/Developer/Toolchains/XcodeDefault.xctoolchain/usr/bin/swiftc -parse-as-library -module-name RAKCore -Onone @/Users/admin/builder/spi-builder-workspace/.derivedData/Build/Intermediates.noindex/RakuyoKit.build/Debug-xros/RAKCore-t.build/Objects-normal/arm64/RAKCore.SwiftFileList -DSWIFT_PACKAGE -DDEBUG -DSWIFT_MODULE_RESOURCE_BUNDLE_UNAVAILABLE -DXcode -plugin-path /Applications/Xcode-27.0.0-Release.Candidate.app/Contents/Developer/Toolchains/XcodeDefault.xctoolchain/usr/lib/swift/host/plugins/testing -enable-experimental-feature DebugDescriptionMacro -sdk /Applications/Xcode-27.0.0-Release.Candidate.app/Contents/Developer/Platforms/XROS.platform/Developer/SDKs/XROS27.0.sdk -target arm64-apple-xros1.0 -g -module-cache-path /Users/admin/builder/spi-builder-workspace/.derivedData/ModuleCache.noindex -Xfrontend -serialize-debugging-options -profile-coverage-mapping -profile-generate -enable-testing -index-store-path /Users/admin/builder/spi-builder-workspace/.derivedData/Index.noindex/DataStore -Xcc -D_LIBCPP_HARDENING_MODE\=_LIBCPP_HARDENING_MODE_DEBUG -swift-version 5 -I /Users/admin/builder/spi-builder-workspace/.derivedData/Build/Products/Debug-xros -Isystem /Applications/Xcode-27.0.0-Release.Candidate.app/Contents/Developer/Platforms/XROS.platform/Developer/usr/lib -F /Users/admin/builder/spi-builder-workspace/.derivedData/Build/Products/Debug-xros/PackageFrameworks -F /Users/admin/builder/spi-builder-workspace/.derivedData/Build/Products/Debug-xros -F /Applications/Xcode-27.0.0-Release.Candidate.app/Contents/Developer/Platforms/XROS.platform/Developer/Library/Frameworks -F /Applications/Xcode-27.0.0-Release.Candidate.app/Contents/Developer/Platforms/XROS.platform/Developer/SDKs/XROS27.0.sdk/Developer/Library/Frameworks -c -j10 -enable-batch-mode -incremental -Xcc -ivfsstatcache -Xcc /Users/admin/builder/spi-builder-workspace/.derivedData/SDKStatCaches.noindex/xros27.0-24M361-e829b21a6f8c9b70876ba0858053c044735bd543db762f57723cac368afd1ce4.sdkstatcache -output-file-map /Users/admin/builder/spi-builder-workspace/.derivedData/Build/Intermediates.noindex/RakuyoKit.build/Debug-xros/RAKCore-t.build/Objects-normal/arm64/RAKCore-OutputFileMap.json -save-temps -no-color-diagnostics -explicit-module-build -module-cache-path /Users/admin/builder/spi-builder-workspace/.derivedData/Build/Intermediates.noindex/SwiftExplicitPrecompiledModules -clang-scanner-module-cache-path /Users/admin/builder/spi-builder-workspace/.derivedData/ModuleCache.noindex -sdk-module-cache-path /Users/admin/builder/spi-builder-workspace/.derivedData/SDKExplicitPrecompiledModules -emit-dependencies -emit-module -emit-module-path /Users/admin/builder/spi-builder-workspace/.derivedData/Build/Intermediates.noindex/RakuyoKit.build/Debug-xros/RAKCore-t.build/Objects-normal/arm64/RAKCore.swiftmodule -serialize-diagnostics -dependency-scan-serialize-diagnostics-path /Users/admin/builder/spi-builder-workspace/.derivedData/Build/Intermediates.noindex/RakuyoKit.build/Debug-xros/RAKCore-t.build/Objects-normal/arm64/RAKCore-dependency-scan.dia -validate-clang-modules-once -clang-build-session-file /Users/admin/builder/spi-builder-workspace/.derivedData/ModuleCache.noindex/Session.modulevalidation -Xcc -fmodules-prune-interval\=86400 -Xcc -fmodules-prune-after\=345600 -package-name spi_builder_workspace -emit-const-values -const-gather-protocols-list /Users/admin/builder/spi-builder-workspace/.derivedData/Build/Intermediates.noindex/RakuyoKit.build/Debug-xros/RAKCore-t.build/Objects-normal/arm64/RAKCore_const_extract_protocols.json -Xcc -I/Users/admin/builder/spi-builder-workspace/.derivedData/Build/Products/Debug-xros/include -Xcc -I/Users/admin/builder/spi-builder-workspace/.derivedData/Build/Intermediates.noindex/RakuyoKit.build/Debug-xros/RAKCore-t.build/DerivedSources-normal/arm64 -Xcc -I/Users/admin/builder/spi-builder-workspace/.derivedData/Build/Intermediates.noindex/RakuyoKit.build/Debug-xros/RAKCore-t.build/DerivedSources/arm64 -Xcc -I/Users/admin/builder/spi-builder-workspace/.derivedData/Build/Intermediates.noindex/RakuyoKit.build/Debug-xros/RAKCore-t.build/DerivedSources -Xcc -DSWIFT_PACKAGE -Xcc -DDEBUG\=1 -emit-objc-header -emit-objc-header-path /Users/admin/builder/spi-builder-workspace/.derivedData/Build/Intermediates.noindex/RakuyoKit.build/Debug-xros/RAKCore-t.build/Objects-normal/arm64/RAKCore-Swift.h -working-directory /Users/admin/builder/spi-builder-workspace/.swiftpm/xcode -experimental-emit-module-separately -disable-cmo
SwiftCompile normal arm64 Compiling\ ConfigMediator.swift /Users/admin/builder/spi-builder-workspace/Sources/Config/Mediator/ConfigMediator.swift (in target 'RAKConfig' from project 'RakuyoKit')
SwiftCompile normal arm64 /Users/admin/builder/spi-builder-workspace/Sources/Config/Mediator/ConfigMediator.swift (in target 'RAKConfig' from project 'RakuyoKit')
cd /Users/admin/builder/spi-builder-workspace/.swiftpm/xcode
builtin-SwiftPerFileCompile ConfigMediator.swift
Ld /Users/admin/builder/spi-builder-workspace/.derivedData/Build/Products/Debug-xros/RAKCore.o normal (in target 'RAKCore' from project 'RakuyoKit')
cd /Users/admin/builder/spi-builder-workspace
/Applications/Xcode-27.0.0-Release.Candidate.app/Contents/Developer/Toolchains/XcodeDefault.xctoolchain/usr/bin/clang -Xlinker -reproducible -target arm64-apple-xros1.0 -r -isysroot /Applications/Xcode-27.0.0-Release.Candidate.app/Contents/Developer/Platforms/XROS.platform/Developer/SDKs/XROS27.0.sdk -O0 -Xlinker -no_warn_duplicate_libraries -F/Users/admin/builder/spi-builder-workspace/.derivedData/Build/Intermediates.noindex/EagerLinkingTBDs/Debug-xros -F/Users/admin/builder/spi-builder-workspace/.derivedData/Build/Products/Debug-xros/PackageFrameworks -F/Users/admin/builder/spi-builder-workspace/.derivedData/Build/Products/Debug-xros -iframework /Applications/Xcode-27.0.0-Release.Candidate.app/Contents/Developer/Platforms/XROS.platform/Developer/Library/Frameworks -iframework /Applications/Xcode-27.0.0-Release.Candidate.app/Contents/Developer/Platforms/XROS.platform/Developer/SDKs/XROS27.0.sdk/Developer/Library/Frameworks -filelist /Users/admin/builder/spi-builder-workspace/.derivedData/Build/Intermediates.noindex/RakuyoKit.build/Debug-xros/RAKCore-t.build/Objects-normal/arm64/RAKCore.LinkFileList -nostdlib -Xlinker -object_path_lto -Xlinker /Users/admin/builder/spi-builder-workspace/.derivedData/Build/Intermediates.noindex/RakuyoKit.build/Debug-xros/RAKCore-t.build/Objects-normal/arm64/RAKCore_lto.o -Xlinker -no_deduplicate -Xlinker -debug_variant -Xlinker -dependency_info -Xlinker /Users/admin/builder/spi-builder-workspace/.derivedData/Build/Intermediates.noindex/RakuyoKit.build/Debug-xros/RAKCore-t.build/Objects-normal/arm64/RAKCore_dependency_info.dat -fobjc-link-runtime -L/Applications/Xcode-27.0.0-Release.Candidate.app/Contents/Developer/Toolchains/XcodeDefault.xctoolchain/usr/lib/swift/xros -L/usr/lib/swift -Xlinker -add_ast_path -Xlinker /Users/admin/builder/spi-builder-workspace/.derivedData/Build/Intermediates.noindex/RakuyoKit.build/Debug-xros/RAKCore-t.build/Objects-normal/arm64/RAKCore.swiftmodule -o /Users/admin/builder/spi-builder-workspace/.derivedData/Build/Products/Debug-xros/RAKCore.o
SwiftDriverJobDiscovery normal arm64 Compiling Gradient+Direction.swift (in target 'RAKGradient' from project 'RakuyoKit')
SwiftCompile normal arm64 Compiling\ ConfigMediatorProtocol.swift /Users/admin/builder/spi-builder-workspace/Sources/Config/Mediator/ConfigMediatorProtocol.swift (in target 'RAKConfig' from project 'RakuyoKit')
SwiftCompile normal arm64 /Users/admin/builder/spi-builder-workspace/Sources/Config/Mediator/ConfigMediatorProtocol.swift (in target 'RAKConfig' from project 'RakuyoKit')
cd /Users/admin/builder/spi-builder-workspace/.swiftpm/xcode
builtin-SwiftPerFileCompile ConfigMediatorProtocol.swift
SwiftDriverJobDiscovery normal arm64 Compiling Gradient.swift (in target 'RAKGradient' from project 'RakuyoKit')
SwiftCompile normal arm64 Compiling\ ColorConfig.swift /Users/admin/builder/spi-builder-workspace/Sources/Config/Model/ColorConfig.swift (in target 'RAKConfig' from project 'RakuyoKit')
SwiftCompile normal arm64 /Users/admin/builder/spi-builder-workspace/Sources/Config/Model/ColorConfig.swift (in target 'RAKConfig' from project 'RakuyoKit')
cd /Users/admin/builder/spi-builder-workspace/.swiftpm/xcode
builtin-SwiftPerFileCompile ColorConfig.swift
SwiftDriverJobDiscovery normal arm64 Compiling UIView+Gradient.swift (in target 'RAKGradient' from project 'RakuyoKit')
SwiftDriverJobDiscovery normal arm64 Compiling Gradient+Colors.swift (in target 'RAKGradient' from project 'RakuyoKit')
SwiftCompile normal arm64 Compiling\ EmptyConfig.swift /Users/admin/builder/spi-builder-workspace/Sources/Config/Model/EmptyConfig.swift (in target 'RAKConfig' from project 'RakuyoKit')
SwiftCompile normal arm64 /Users/admin/builder/spi-builder-workspace/Sources/Config/Model/EmptyConfig.swift (in target 'RAKConfig' from project 'RakuyoKit')
cd /Users/admin/builder/spi-builder-workspace/.swiftpm/xcode
builtin-SwiftPerFileCompile EmptyConfig.swift
SwiftDriverJobDiscovery normal arm64 Compiling CodableRecord.swift (in target 'RAKGRDB' from project 'RakuyoKit')
SwiftCompile normal arm64 Compiling\ ConfigSourceProtocol.swift /Users/admin/builder/spi-builder-workspace/Sources/Config/Mediator/ConfigSourceProtocol.swift (in target 'RAKConfig' from project 'RakuyoKit')
SwiftCompile normal arm64 /Users/admin/builder/spi-builder-workspace/Sources/Config/Mediator/ConfigSourceProtocol.swift (in target 'RAKConfig' from project 'RakuyoKit')
cd /Users/admin/builder/spi-builder-workspace/.swiftpm/xcode
builtin-SwiftPerFileCompile ConfigSourceProtocol.swift
SwiftCompile normal arm64 Compiling\ AnyPublisher+SAK.swift,\ NSTextStorage+Combine.swift /Users/admin/builder/spi-builder-workspace/Sources/Combine/Core/Extendable/AnyPublisher+SAK.swift /Users/admin/builder/spi-builder-workspace/Sources/Combine/Core/Extendable/NSTextStorage+Combine.swift (in target 'RAKCombine' from project 'RakuyoKit')
SwiftCompile normal arm64 /Users/admin/builder/spi-builder-workspace/Sources/Combine/Core/Extendable/AnyPublisher+SAK.swift (in target 'RAKCombine' from project 'RakuyoKit')
cd /Users/admin/builder/spi-builder-workspace/.swiftpm/xcode
builtin-SwiftPerFileCompile AnyPublisher+SAK.swift
SwiftCompile normal arm64 /Users/admin/builder/spi-builder-workspace/Sources/Combine/Core/Extendable/NSTextStorage+Combine.swift (in target 'RAKCombine' from project 'RakuyoKit')
cd /Users/admin/builder/spi-builder-workspace/.swiftpm/xcode
builtin-SwiftPerFileCompile NSTextStorage+Combine.swift
SwiftCompile normal arm64 Compiling\ UIControl+Combine.swift,\ UITextView+Combine.swift /Users/admin/builder/spi-builder-workspace/Sources/Combine/Core/Extendable/UIControl+Combine.swift /Users/admin/builder/spi-builder-workspace/Sources/Combine/Core/Extendable/UITextView+Combine.swift (in target 'RAKCombine' from project 'RakuyoKit')
SwiftCompile normal arm64 /Users/admin/builder/spi-builder-workspace/Sources/Combine/Core/Extendable/UIControl+Combine.swift (in target 'RAKCombine' from project 'RakuyoKit')
cd /Users/admin/builder/spi-builder-workspace/.swiftpm/xcode
builtin-SwiftPerFileCompile UIControl+Combine.swift
SwiftCompile normal arm64 /Users/admin/builder/spi-builder-workspace/Sources/Combine/Core/Extendable/UITextView+Combine.swift (in target 'RAKCombine' from project 'RakuyoKit')
cd /Users/admin/builder/spi-builder-workspace/.swiftpm/xcode
builtin-SwiftPerFileCompile UITextView+Combine.swift
SwiftDriverJobDiscovery normal arm64 Compiling Gradient+Position.swift (in target 'RAKGradient' from project 'RakuyoKit')
SwiftDriver\ Compilation RAKGradient normal arm64 com.apple.xcode.tools.swift.compiler (in target 'RAKGradient' from project 'RakuyoKit')
cd /Users/admin/builder/spi-builder-workspace/.swiftpm/xcode
builtin-Swift-Compilation -- /Applications/Xcode-27.0.0-Release.Candidate.app/Contents/Developer/Toolchains/XcodeDefault.xctoolchain/usr/bin/swiftc -parse-as-library -module-name RAKGradient -Onone @/Users/admin/builder/spi-builder-workspace/.derivedData/Build/Intermediates.noindex/RakuyoKit.build/Debug-xros/RAKGradient-t.build/Objects-normal/arm64/RAKGradient.SwiftFileList -DSWIFT_PACKAGE -DDEBUG -DSWIFT_MODULE_RESOURCE_BUNDLE_UNAVAILABLE -DXcode -plugin-path /Applications/Xcode-27.0.0-Release.Candidate.app/Contents/Developer/Toolchains/XcodeDefault.xctoolchain/usr/lib/swift/host/plugins/testing -enable-experimental-feature DebugDescriptionMacro -sdk /Applications/Xcode-27.0.0-Release.Candidate.app/Contents/Developer/Platforms/XROS.platform/Developer/SDKs/XROS27.0.sdk -target arm64-apple-xros1.0 -g -module-cache-path /Users/admin/builder/spi-builder-workspace/.derivedData/ModuleCache.noindex -Xfrontend -serialize-debugging-options -profile-coverage-mapping -profile-generate -enable-testing -index-store-path /Users/admin/builder/spi-builder-workspace/.derivedData/Index.noindex/DataStore -Xcc -D_LIBCPP_HARDENING_MODE\=_LIBCPP_HARDENING_MODE_DEBUG -swift-version 5 -I /Users/admin/builder/spi-builder-workspace/.derivedData/Build/Products/Debug-xros -Isystem /Applications/Xcode-27.0.0-Release.Candidate.app/Contents/Developer/Platforms/XROS.platform/Developer/usr/lib -F /Users/admin/builder/spi-builder-workspace/.derivedData/Build/Products/Debug-xros/PackageFrameworks -F /Users/admin/builder/spi-builder-workspace/.derivedData/Build/Products/Debug-xros -F /Applications/Xcode-27.0.0-Release.Candidate.app/Contents/Developer/Platforms/XROS.platform/Developer/Library/Frameworks -F /Applications/Xcode-27.0.0-Release.Candidate.app/Contents/Developer/Platforms/XROS.platform/Developer/SDKs/XROS27.0.sdk/Developer/Library/Frameworks -c -j10 -enable-batch-mode -incremental -Xcc -ivfsstatcache -Xcc /Users/admin/builder/spi-builder-workspace/.derivedData/SDKStatCaches.noindex/xros27.0-24M361-e829b21a6f8c9b70876ba0858053c044735bd543db762f57723cac368afd1ce4.sdkstatcache -output-file-map /Users/admin/builder/spi-builder-workspace/.derivedData/Build/Intermediates.noindex/RakuyoKit.build/Debug-xros/RAKGradient-t.build/Objects-normal/arm64/RAKGradient-OutputFileMap.json -save-temps -no-color-diagnostics -explicit-module-build -module-cache-path /Users/admin/builder/spi-builder-workspace/.derivedData/Build/Intermediates.noindex/SwiftExplicitPrecompiledModules -clang-scanner-module-cache-path /Users/admin/builder/spi-builder-workspace/.derivedData/ModuleCache.noindex -sdk-module-cache-path /Users/admin/builder/spi-builder-workspace/.derivedData/SDKExplicitPrecompiledModules -emit-dependencies -emit-module -emit-module-path /Users/admin/builder/spi-builder-workspace/.derivedData/Build/Intermediates.noindex/RakuyoKit.build/Debug-xros/RAKGradient-t.build/Objects-normal/arm64/RAKGradient.swiftmodule -serialize-diagnostics -dependency-scan-serialize-diagnostics-path /Users/admin/builder/spi-builder-workspace/.derivedData/Build/Intermediates.noindex/RakuyoKit.build/Debug-xros/RAKGradient-t.build/Objects-normal/arm64/RAKGradient-dependency-scan.dia -validate-clang-modules-once -clang-build-session-file /Users/admin/builder/spi-builder-workspace/.derivedData/ModuleCache.noindex/Session.modulevalidation -Xcc -fmodules-prune-interval\=86400 -Xcc -fmodules-prune-after\=345600 -package-name spi_builder_workspace -emit-const-values -const-gather-protocols-list /Users/admin/builder/spi-builder-workspace/.derivedData/Build/Intermediates.noindex/RakuyoKit.build/Debug-xros/RAKGradient-t.build/Objects-normal/arm64/RAKGradient_const_extract_protocols.json -Xcc -I/Users/admin/builder/spi-builder-workspace/.derivedData/Build/Products/Debug-xros/include -Xcc -I/Users/admin/builder/spi-builder-workspace/.derivedData/Build/Intermediates.noindex/RakuyoKit.build/Debug-xros/RAKGradient-t.build/DerivedSources-normal/arm64 -Xcc -I/Users/admin/builder/spi-builder-workspace/.derivedData/Build/Intermediates.noindex/RakuyoKit.build/Debug-xros/RAKGradient-t.build/DerivedSources/arm64 -Xcc -I/Users/admin/builder/spi-builder-workspace/.derivedData/Build/Intermediates.noindex/RakuyoKit.build/Debug-xros/RAKGradient-t.build/DerivedSources -Xcc -DSWIFT_PACKAGE -Xcc -DDEBUG\=1 -emit-objc-header -emit-objc-header-path /Users/admin/builder/spi-builder-workspace/.derivedData/Build/Intermediates.noindex/RakuyoKit.build/Debug-xros/RAKGradient-t.build/Objects-normal/arm64/RAKGradient-Swift.h -working-directory /Users/admin/builder/spi-builder-workspace/.swiftpm/xcode -experimental-emit-module-separately -disable-cmo
SwiftDriverJobDiscovery normal arm64 Emitting module for RAKCodable (in target 'RAKCodable' from project 'RakuyoKit')
SwiftDriver\ Compilation\ Requirements RAKCodable normal arm64 com.apple.xcode.tools.swift.compiler (in target 'RAKCodable' from project 'RakuyoKit')
cd /Users/admin/builder/spi-builder-workspace/.swiftpm/xcode
builtin-Swift-Compilation-Requirements -- /Applications/Xcode-27.0.0-Release.Candidate.app/Contents/Developer/Toolchains/XcodeDefault.xctoolchain/usr/bin/swiftc -parse-as-library -module-name RAKCodable -Onone @/Users/admin/builder/spi-builder-workspace/.derivedData/Build/Intermediates.noindex/RakuyoKit.build/Debug-xros/RAKCodable-t.build/Objects-normal/arm64/RAKCodable.SwiftFileList -DSWIFT_PACKAGE -DDEBUG -DSWIFT_MODULE_RESOURCE_BUNDLE_UNAVAILABLE -DXcode -plugin-path /Applications/Xcode-27.0.0-Release.Candidate.app/Contents/Developer/Toolchains/XcodeDefault.xctoolchain/usr/lib/swift/host/plugins/testing -enable-experimental-feature DebugDescriptionMacro -sdk /Applications/Xcode-27.0.0-Release.Candidate.app/Contents/Developer/Platforms/XROS.platform/Developer/SDKs/XROS27.0.sdk -target arm64-apple-xros1.0 -g -module-cache-path /Users/admin/builder/spi-builder-workspace/.derivedData/ModuleCache.noindex -Xfrontend -serialize-debugging-options -profile-coverage-mapping -profile-generate -enable-testing -index-store-path /Users/admin/builder/spi-builder-workspace/.derivedData/Index.noindex/DataStore -Xcc -D_LIBCPP_HARDENING_MODE\=_LIBCPP_HARDENING_MODE_DEBUG -swift-version 5 -I /Users/admin/builder/spi-builder-workspace/.derivedData/Build/Products/Debug-xros -Isystem /Applications/Xcode-27.0.0-Release.Candidate.app/Contents/Developer/Platforms/XROS.platform/Developer/usr/lib -F /Users/admin/builder/spi-builder-workspace/.derivedData/Build/Products/Debug-xros/PackageFrameworks -F /Users/admin/builder/spi-builder-workspace/.derivedData/Build/Products/Debug-xros -F /Applications/Xcode-27.0.0-Release.Candidate.app/Contents/Developer/Platforms/XROS.platform/Developer/Library/Frameworks -F /Applications/Xcode-27.0.0-Release.Candidate.app/Contents/Developer/Platforms/XROS.platform/Developer/SDKs/XROS27.0.sdk/Developer/Library/Frameworks -c -j10 -enable-batch-mode -incremental -Xcc -ivfsstatcache -Xcc /Users/admin/builder/spi-builder-workspace/.derivedData/SDKStatCaches.noindex/xros27.0-24M361-e829b21a6f8c9b70876ba0858053c044735bd543db762f57723cac368afd1ce4.sdkstatcache -output-file-map /Users/admin/builder/spi-builder-workspace/.derivedData/Build/Intermediates.noindex/RakuyoKit.build/Debug-xros/RAKCodable-t.build/Objects-normal/arm64/RAKCodable-OutputFileMap.json -save-temps -no-color-diagnostics -explicit-module-build -module-cache-path /Users/admin/builder/spi-builder-workspace/.derivedData/Build/Intermediates.noindex/SwiftExplicitPrecompiledModules -clang-scanner-module-cache-path /Users/admin/builder/spi-builder-workspace/.derivedData/ModuleCache.noindex -sdk-module-cache-path /Users/admin/builder/spi-builder-workspace/.derivedData/SDKExplicitPrecompiledModules -emit-dependencies -emit-module -emit-module-path /Users/admin/builder/spi-builder-workspace/.derivedData/Build/Intermediates.noindex/RakuyoKit.build/Debug-xros/RAKCodable-t.build/Objects-normal/arm64/RAKCodable.swiftmodule -serialize-diagnostics -dependency-scan-serialize-diagnostics-path /Users/admin/builder/spi-builder-workspace/.derivedData/Build/Intermediates.noindex/RakuyoKit.build/Debug-xros/RAKCodable-t.build/Objects-normal/arm64/RAKCodable-dependency-scan.dia -validate-clang-modules-once -clang-build-session-file /Users/admin/builder/spi-builder-workspace/.derivedData/ModuleCache.noindex/Session.modulevalidation -Xcc -fmodules-prune-interval\=86400 -Xcc -fmodules-prune-after\=345600 -package-name spi_builder_workspace -emit-const-values -const-gather-protocols-list /Users/admin/builder/spi-builder-workspace/.derivedData/Build/Intermediates.noindex/RakuyoKit.build/Debug-xros/RAKCodable-t.build/Objects-normal/arm64/RAKCodable_const_extract_protocols.json -Xcc -I/Users/admin/builder/spi-builder-workspace/.derivedData/Build/Products/Debug-xros/include -Xcc -I/Users/admin/builder/spi-builder-workspace/.derivedData/Build/Intermediates.noindex/RakuyoKit.build/Debug-xros/RAKCodable-t.build/DerivedSources-normal/arm64 -Xcc -I/Users/admin/builder/spi-builder-workspace/.derivedData/Build/Intermediates.noindex/RakuyoKit.build/Debug-xros/RAKCodable-t.build/DerivedSources/arm64 -Xcc -I/Users/admin/builder/spi-builder-workspace/.derivedData/Build/Intermediates.noindex/RakuyoKit.build/Debug-xros/RAKCodable-t.build/DerivedSources -Xcc -DSWIFT_PACKAGE -Xcc -DDEBUG\=1 -emit-objc-header -emit-objc-header-path /Users/admin/builder/spi-builder-workspace/.derivedData/Build/Intermediates.noindex/RakuyoKit.build/Debug-xros/RAKCodable-t.build/Objects-normal/arm64/RAKCodable-Swift.h -working-directory /Users/admin/builder/spi-builder-workspace/.swiftpm/xcode -experimental-emit-module-separately -disable-cmo
SwiftCompile normal arm64 Compiling\ BindableProperty.swift,\ ObservableProperty.swift /Users/admin/builder/spi-builder-workspace/Sources/Combine/Core/ObservableProperty/BindableProperty.swift /Users/admin/builder/spi-builder-workspace/Sources/Combine/Core/ObservableProperty/ObservableProperty.swift (in target 'RAKCombine' from project 'RakuyoKit')
SwiftCompile normal arm64 /Users/admin/builder/spi-builder-workspace/Sources/Combine/Core/ObservableProperty/BindableProperty.swift (in target 'RAKCombine' from project 'RakuyoKit')
cd /Users/admin/builder/spi-builder-workspace/.swiftpm/xcode
builtin-SwiftPerFileCompile BindableProperty.swift
SwiftCompile normal arm64 /Users/admin/builder/spi-builder-workspace/Sources/Combine/Core/ObservableProperty/ObservableProperty.swift (in target 'RAKCombine' from project 'RakuyoKit')
cd /Users/admin/builder/spi-builder-workspace/.swiftpm/xcode
builtin-SwiftPerFileCompile ObservableProperty.swift
SwiftMergeGeneratedHeaders /Users/admin/builder/spi-builder-workspace/.derivedData/Build/Intermediates.noindex/GeneratedModuleMaps-xros/RAKCodable-Swift.h /Users/admin/builder/spi-builder-workspace/.derivedData/Build/Intermediates.noindex/RakuyoKit.build/Debug-xros/RAKCodable-t.build/Objects-normal/arm64/RAKCodable-Swift.h (in target 'RAKCodable' from project 'RakuyoKit')
cd /Users/admin/builder/spi-builder-workspace
builtin-swiftHeaderTool -arch arm64 /Users/admin/builder/spi-builder-workspace/.derivedData/Build/Intermediates.noindex/RakuyoKit.build/Debug-xros/RAKCodable-t.build/Objects-normal/arm64/RAKCodable-Swift.h -o /Users/admin/builder/spi-builder-workspace/.derivedData/Build/Intermediates.noindex/GeneratedModuleMaps-xros/RAKCodable-Swift.h
SwiftDriverJobDiscovery normal arm64 Compiling PersistableRecord+RAK.swift (in target 'RAKGRDB' from project 'RakuyoKit')
Copy /Users/admin/builder/spi-builder-workspace/.derivedData/Build/Products/Debug-xros/RAKCodable.swiftmodule/arm64-apple-xros.swiftmodule /Users/admin/builder/spi-builder-workspace/.derivedData/Build/Intermediates.noindex/RakuyoKit.build/Debug-xros/RAKCodable-t.build/Objects-normal/arm64/RAKCodable.swiftmodule (in target 'RAKCodable' from project 'RakuyoKit')
cd /Users/admin/builder/spi-builder-workspace
builtin-copy -exclude .DS_Store -exclude CVS -exclude .svn -exclude .git -exclude .hg -resolve-src-symlinks -rename /Users/admin/builder/spi-builder-workspace/.derivedData/Build/Intermediates.noindex/RakuyoKit.build/Debug-xros/RAKCodable-t.build/Objects-normal/arm64/RAKCodable.swiftmodule /Users/admin/builder/spi-builder-workspace/.derivedData/Build/Products/Debug-xros/RAKCodable.swiftmodule/arm64-apple-xros.swiftmodule
Copy /Users/admin/builder/spi-builder-workspace/.derivedData/Build/Products/Debug-xros/RAKCodable.swiftmodule/arm64-apple-xros.swiftdoc /Users/admin/builder/spi-builder-workspace/.derivedData/Build/Intermediates.noindex/RakuyoKit.build/Debug-xros/RAKCodable-t.build/Objects-normal/arm64/RAKCodable.swiftdoc (in target 'RAKCodable' from project 'RakuyoKit')
cd /Users/admin/builder/spi-builder-workspace
builtin-copy -exclude .DS_Store -exclude CVS -exclude .svn -exclude .git -exclude .hg -resolve-src-symlinks -rename /Users/admin/builder/spi-builder-workspace/.derivedData/Build/Intermediates.noindex/RakuyoKit.build/Debug-xros/RAKCodable-t.build/Objects-normal/arm64/RAKCodable.swiftdoc /Users/admin/builder/spi-builder-workspace/.derivedData/Build/Products/Debug-xros/RAKCodable.swiftmodule/arm64-apple-xros.swiftdoc
Copy /Users/admin/builder/spi-builder-workspace/.derivedData/Build/Products/Debug-xros/RAKCodable.swiftmodule/arm64-apple-xros.abi.json /Users/admin/builder/spi-builder-workspace/.derivedData/Build/Intermediates.noindex/RakuyoKit.build/Debug-xros/RAKCodable-t.build/Objects-normal/arm64/RAKCodable.abi.json (in target 'RAKCodable' from project 'RakuyoKit')
cd /Users/admin/builder/spi-builder-workspace
builtin-copy -exclude .DS_Store -exclude CVS -exclude .svn -exclude .git -exclude .hg -resolve-src-symlinks -rename /Users/admin/builder/spi-builder-workspace/.derivedData/Build/Intermediates.noindex/RakuyoKit.build/Debug-xros/RAKCodable-t.build/Objects-normal/arm64/RAKCodable.abi.json /Users/admin/builder/spi-builder-workspace/.derivedData/Build/Products/Debug-xros/RAKCodable.swiftmodule/arm64-apple-xros.abi.json
Copy /Users/admin/builder/spi-builder-workspace/.derivedData/Build/Products/Debug-xros/RAKCodable.swiftmodule/Project/arm64-apple-xros.swiftsourceinfo /Users/admin/builder/spi-builder-workspace/.derivedData/Build/Intermediates.noindex/RakuyoKit.build/Debug-xros/RAKCodable-t.build/Objects-normal/arm64/RAKCodable.swiftsourceinfo (in target 'RAKCodable' from project 'RakuyoKit')
cd /Users/admin/builder/spi-builder-workspace
builtin-copy -exclude .DS_Store -exclude CVS -exclude .svn -exclude .git -exclude .hg -resolve-src-symlinks -rename /Users/admin/builder/spi-builder-workspace/.derivedData/Build/Intermediates.noindex/RakuyoKit.build/Debug-xros/RAKCodable-t.build/Objects-normal/arm64/RAKCodable.swiftsourceinfo /Users/admin/builder/spi-builder-workspace/.derivedData/Build/Products/Debug-xros/RAKCodable.swiftmodule/Project/arm64-apple-xros.swiftsourceinfo
SwiftCompile normal arm64 Compiling\ ObservablePropertyWrapper.swift,\ ControlEventsPublisher.swift /Users/admin/builder/spi-builder-workspace/Sources/Combine/Core/ObservableProperty/ObservablePropertyWrapper.swift /Users/admin/builder/spi-builder-workspace/Sources/Combine/Core/Publisher/ControlEventsPublisher.swift (in target 'RAKCombine' from project 'RakuyoKit')
SwiftCompile normal arm64 /Users/admin/builder/spi-builder-workspace/Sources/Combine/Core/ObservableProperty/ObservablePropertyWrapper.swift (in target 'RAKCombine' from project 'RakuyoKit')
cd /Users/admin/builder/spi-builder-workspace/.swiftpm/xcode
builtin-SwiftPerFileCompile ObservablePropertyWrapper.swift
SwiftCompile normal arm64 /Users/admin/builder/spi-builder-workspace/Sources/Combine/Core/Publisher/ControlEventsPublisher.swift (in target 'RAKCombine' from project 'RakuyoKit')
cd /Users/admin/builder/spi-builder-workspace/.swiftpm/xcode
builtin-SwiftPerFileCompile ControlEventsPublisher.swift
SwiftCompile normal arm64 Compiling\ KeyboardListenable.swift,\ NotificationCenter+CombineKeyboard.swift /Users/admin/builder/spi-builder-workspace/Sources/Combine/Core/Keyboard/KeyboardListenable.swift /Users/admin/builder/spi-builder-workspace/Sources/Combine/Core/Keyboard/NotificationCenter+CombineKeyboard.swift (in target 'RAKCombine' from project 'RakuyoKit')
SwiftCompile normal arm64 /Users/admin/builder/spi-builder-workspace/Sources/Combine/Core/Keyboard/KeyboardListenable.swift (in target 'RAKCombine' from project 'RakuyoKit')
cd /Users/admin/builder/spi-builder-workspace/.swiftpm/xcode
builtin-SwiftPerFileCompile KeyboardListenable.swift
SwiftCompile normal arm64 /Users/admin/builder/spi-builder-workspace/Sources/Combine/Core/Keyboard/NotificationCenter+CombineKeyboard.swift (in target 'RAKCombine' from project 'RakuyoKit')
cd /Users/admin/builder/spi-builder-workspace/.swiftpm/xcode
builtin-SwiftPerFileCompile NotificationCenter+CombineKeyboard.swift
SwiftDriverJobDiscovery normal arm64 Compiling QueryInterfaceRequest+RAK.swift (in target 'RAKGRDB' from project 'RakuyoKit')
SwiftDriver\ Compilation RAKGRDB normal arm64 com.apple.xcode.tools.swift.compiler (in target 'RAKGRDB' from project 'RakuyoKit')
cd /Users/admin/builder/spi-builder-workspace/.swiftpm/xcode
builtin-Swift-Compilation -- /Applications/Xcode-27.0.0-Release.Candidate.app/Contents/Developer/Toolchains/XcodeDefault.xctoolchain/usr/bin/swiftc -parse-as-library -module-name RAKGRDB -Onone @/Users/admin/builder/spi-builder-workspace/.derivedData/Build/Intermediates.noindex/RakuyoKit.build/Debug-xros/RAKGRDB-t.build/Objects-normal/arm64/RAKGRDB.SwiftFileList -DSWIFT_PACKAGE -DDEBUG -DSWIFT_MODULE_RESOURCE_BUNDLE_UNAVAILABLE -Xcc -fmodule-map-file\=/Users/admin/builder/spi-builder-workspace/.dependencies/checkouts/GRDB.swift/Sources/CSQLite/module.modulemap -DXcode -plugin-path /Applications/Xcode-27.0.0-Release.Candidate.app/Contents/Developer/Toolchains/XcodeDefault.xctoolchain/usr/lib/swift/host/plugins/testing -enable-experimental-feature DebugDescriptionMacro -sdk /Applications/Xcode-27.0.0-Release.Candidate.app/Contents/Developer/Platforms/XROS.platform/Developer/SDKs/XROS27.0.sdk -target arm64-apple-xros1.0 -g -module-cache-path /Users/admin/builder/spi-builder-workspace/.derivedData/ModuleCache.noindex -Xfrontend -serialize-debugging-options -profile-coverage-mapping -profile-generate -enable-testing -index-store-path /Users/admin/builder/spi-builder-workspace/.derivedData/Index.noindex/DataStore -Xcc -D_LIBCPP_HARDENING_MODE\=_LIBCPP_HARDENING_MODE_DEBUG -swift-version 5 -I /Users/admin/builder/spi-builder-workspace/.derivedData/Build/Products/Debug-xros -Isystem /Applications/Xcode-27.0.0-Release.Candidate.app/Contents/Developer/Platforms/XROS.platform/Developer/usr/lib -F /Users/admin/builder/spi-builder-workspace/.derivedData/Build/Products/Debug-xros/PackageFrameworks -F /Users/admin/builder/spi-builder-workspace/.derivedData/Build/Products/Debug-xros -F /Applications/Xcode-27.0.0-Release.Candidate.app/Contents/Developer/Platforms/XROS.platform/Developer/Library/Frameworks -F /Applications/Xcode-27.0.0-Release.Candidate.app/Contents/Developer/Platforms/XROS.platform/Developer/SDKs/XROS27.0.sdk/Developer/Library/Frameworks -c -j10 -enable-batch-mode -incremental -Xcc -ivfsstatcache -Xcc /Users/admin/builder/spi-builder-workspace/.derivedData/SDKStatCaches.noindex/xros27.0-24M361-e829b21a6f8c9b70876ba0858053c044735bd543db762f57723cac368afd1ce4.sdkstatcache -output-file-map /Users/admin/builder/spi-builder-workspace/.derivedData/Build/Intermediates.noindex/RakuyoKit.build/Debug-xros/RAKGRDB-t.build/Objects-normal/arm64/RAKGRDB-OutputFileMap.json -save-temps -no-color-diagnostics -explicit-module-build -module-cache-path /Users/admin/builder/spi-builder-workspace/.derivedData/Build/Intermediates.noindex/SwiftExplicitPrecompiledModules -clang-scanner-module-cache-path /Users/admin/builder/spi-builder-workspace/.derivedData/ModuleCache.noindex -sdk-module-cache-path /Users/admin/builder/spi-builder-workspace/.derivedData/SDKExplicitPrecompiledModules -emit-dependencies -emit-module -emit-module-path /Users/admin/builder/spi-builder-workspace/.derivedData/Build/Intermediates.noindex/RakuyoKit.build/Debug-xros/RAKGRDB-t.build/Objects-normal/arm64/RAKGRDB.swiftmodule -serialize-diagnostics -dependency-scan-serialize-diagnostics-path /Users/admin/builder/spi-builder-workspace/.derivedData/Build/Intermediates.noindex/RakuyoKit.build/Debug-xros/RAKGRDB-t.build/Objects-normal/arm64/RAKGRDB-dependency-scan.dia -validate-clang-modules-once -clang-build-session-file /Users/admin/builder/spi-builder-workspace/.derivedData/ModuleCache.noindex/Session.modulevalidation -Xcc -fmodules-prune-interval\=86400 -Xcc -fmodules-prune-after\=345600 -package-name spi_builder_workspace -emit-const-values -const-gather-protocols-list /Users/admin/builder/spi-builder-workspace/.derivedData/Build/Intermediates.noindex/RakuyoKit.build/Debug-xros/RAKGRDB-t.build/Objects-normal/arm64/RAKGRDB_const_extract_protocols.json -Xcc -I/Users/admin/builder/spi-builder-workspace/.derivedData/Build/Products/Debug-xros/include -Xcc -I/Users/admin/builder/spi-builder-workspace/.derivedData/Build/Intermediates.noindex/RakuyoKit.build/Debug-xros/RAKGRDB-t.build/DerivedSources-normal/arm64 -Xcc -I/Users/admin/builder/spi-builder-workspace/.derivedData/Build/Intermediates.noindex/RakuyoKit.build/Debug-xros/RAKGRDB-t.build/DerivedSources/arm64 -Xcc -I/Users/admin/builder/spi-builder-workspace/.derivedData/Build/Intermediates.noindex/RakuyoKit.build/Debug-xros/RAKGRDB-t.build/DerivedSources -Xcc -DSWIFT_PACKAGE -Xcc -DDEBUG\=1 -emit-objc-header -emit-objc-header-path /Users/admin/builder/spi-builder-workspace/.derivedData/Build/Intermediates.noindex/RakuyoKit.build/Debug-xros/RAKGRDB-t.build/Objects-normal/arm64/RAKGRDB-Swift.h -working-directory /Users/admin/builder/spi-builder-workspace/.swiftpm/xcode -experimental-emit-module-separately -disable-cmo
SwiftDriverJobDiscovery normal arm64 Compiling ConfigMediatorProtocol.swift (in target 'RAKConfig' from project 'RakuyoKit')
SwiftCompile normal arm64 Compiling\ ControlPropertyPublisher.swift,\ ControlTargetPublisher.swift /Users/admin/builder/spi-builder-workspace/Sources/Combine/Core/Publisher/ControlPropertyPublisher.swift /Users/admin/builder/spi-builder-workspace/Sources/Combine/Core/Publisher/ControlTargetPublisher.swift (in target 'RAKCombine' from project 'RakuyoKit')
SwiftCompile normal arm64 /Users/admin/builder/spi-builder-workspace/Sources/Combine/Core/Publisher/ControlPropertyPublisher.swift (in target 'RAKCombine' from project 'RakuyoKit')
cd /Users/admin/builder/spi-builder-workspace/.swiftpm/xcode
builtin-SwiftPerFileCompile ControlPropertyPublisher.swift
SwiftCompile normal arm64 /Users/admin/builder/spi-builder-workspace/Sources/Combine/Core/Publisher/ControlTargetPublisher.swift (in target 'RAKCombine' from project 'RakuyoKit')
cd /Users/admin/builder/spi-builder-workspace/.swiftpm/xcode
builtin-SwiftPerFileCompile ControlTargetPublisher.swift
SwiftDriverJobDiscovery normal arm64 Compiling EmptyConfig.swift (in target 'RAKConfig' from project 'RakuyoKit')
SwiftCompile normal arm64 Compiling\ Publisher+UITextField.swift,\ Publisher+assign.swift /Users/admin/builder/spi-builder-workspace/Sources/Combine/Core/Extendable/Publisher+UITextField.swift /Users/admin/builder/spi-builder-workspace/Sources/Combine/Core/Extendable/Publisher+assign.swift (in target 'RAKCombine' from project 'RakuyoKit')
SwiftCompile normal arm64 /Users/admin/builder/spi-builder-workspace/Sources/Combine/Core/Extendable/Publisher+UITextField.swift (in target 'RAKCombine' from project 'RakuyoKit')
cd /Users/admin/builder/spi-builder-workspace/.swiftpm/xcode
builtin-SwiftPerFileCompile Publisher+UITextField.swift
SwiftCompile normal arm64 /Users/admin/builder/spi-builder-workspace/Sources/Combine/Core/Extendable/Publisher+assign.swift (in target 'RAKCombine' from project 'RakuyoKit')
cd /Users/admin/builder/spi-builder-workspace/.swiftpm/xcode
builtin-SwiftPerFileCompile Publisher+assign.swift
SwiftDriverJobDiscovery normal arm64 Compiling ConfigMediator.swift (in target 'RAKConfig' from project 'RakuyoKit')
SwiftCompile normal arm64 Compiling\ KeyboardChangeContext.swift,\ KeyboardEvent.swift /Users/admin/builder/spi-builder-workspace/Sources/Combine/Core/Keyboard/KeyboardChangeContext.swift /Users/admin/builder/spi-builder-workspace/Sources/Combine/Core/Keyboard/KeyboardEvent.swift (in target 'RAKCombine' from project 'RakuyoKit')
SwiftCompile normal arm64 /Users/admin/builder/spi-builder-workspace/Sources/Combine/Core/Keyboard/KeyboardChangeContext.swift (in target 'RAKCombine' from project 'RakuyoKit')
cd /Users/admin/builder/spi-builder-workspace/.swiftpm/xcode
builtin-SwiftPerFileCompile KeyboardChangeContext.swift
SwiftCompile normal arm64 /Users/admin/builder/spi-builder-workspace/Sources/Combine/Core/Keyboard/KeyboardEvent.swift (in target 'RAKCombine' from project 'RakuyoKit')
cd /Users/admin/builder/spi-builder-workspace/.swiftpm/xcode
builtin-SwiftPerFileCompile KeyboardEvent.swift
SwiftCompile normal arm64 Compiling\ Publishers+CombineLatest.swift,\ UIBarButtonItem+Combine.swift /Users/admin/builder/spi-builder-workspace/Sources/Combine/Core/Extendable/Publishers+CombineLatest.swift /Users/admin/builder/spi-builder-workspace/Sources/Combine/Core/Extendable/UIBarButtonItem+Combine.swift (in target 'RAKCombine' from project 'RakuyoKit')
SwiftCompile normal arm64 /Users/admin/builder/spi-builder-workspace/Sources/Combine/Core/Extendable/Publishers+CombineLatest.swift (in target 'RAKCombine' from project 'RakuyoKit')
cd /Users/admin/builder/spi-builder-workspace/.swiftpm/xcode
builtin-SwiftPerFileCompile Publishers+CombineLatest.swift
SwiftCompile normal arm64 /Users/admin/builder/spi-builder-workspace/Sources/Combine/Core/Extendable/UIBarButtonItem+Combine.swift (in target 'RAKCombine' from project 'RakuyoKit')
cd /Users/admin/builder/spi-builder-workspace/.swiftpm/xcode
builtin-SwiftPerFileCompile UIBarButtonItem+Combine.swift
SwiftDriverJobDiscovery normal arm64 Compiling ConfigSourceProtocol.swift (in target 'RAKConfig' from project 'RakuyoKit')
SwiftCompile normal arm64 Compiling\ DelegateProxy.swift,\ DelegateProxyPublisher.swift,\ DelegateProxyType.swift /Users/admin/builder/spi-builder-workspace/Sources/Combine/Core/DelegateProxy/DelegateProxy.swift /Users/admin/builder/spi-builder-workspace/Sources/Combine/Core/DelegateProxy/DelegateProxyPublisher.swift /Users/admin/builder/spi-builder-workspace/Sources/Combine/Core/DelegateProxy/DelegateProxyType.swift (in target 'RAKCombine' from project 'RakuyoKit')
SwiftCompile normal arm64 /Users/admin/builder/spi-builder-workspace/Sources/Combine/Core/DelegateProxy/DelegateProxy.swift (in target 'RAKCombine' from project 'RakuyoKit')
cd /Users/admin/builder/spi-builder-workspace/.swiftpm/xcode
builtin-SwiftPerFileCompile DelegateProxy.swift
SwiftCompile normal arm64 /Users/admin/builder/spi-builder-workspace/Sources/Combine/Core/DelegateProxy/DelegateProxyPublisher.swift (in target 'RAKCombine' from project 'RakuyoKit')
cd /Users/admin/builder/spi-builder-workspace/.swiftpm/xcode
builtin-SwiftPerFileCompile DelegateProxyPublisher.swift
SwiftCompile normal arm64 /Users/admin/builder/spi-builder-workspace/Sources/Combine/Core/DelegateProxy/DelegateProxyType.swift (in target 'RAKCombine' from project 'RakuyoKit')
cd /Users/admin/builder/spi-builder-workspace/.swiftpm/xcode
builtin-SwiftPerFileCompile DelegateProxyType.swift
SwiftDriverJobDiscovery normal arm64 Compiling ColorConfig.swift (in target 'RAKConfig' from project 'RakuyoKit')
SwiftDriver\ Compilation RAKConfig normal arm64 com.apple.xcode.tools.swift.compiler (in target 'RAKConfig' from project 'RakuyoKit')
cd /Users/admin/builder/spi-builder-workspace/.swiftpm/xcode
builtin-Swift-Compilation -- /Applications/Xcode-27.0.0-Release.Candidate.app/Contents/Developer/Toolchains/XcodeDefault.xctoolchain/usr/bin/swiftc -parse-as-library -module-name RAKConfig -Onone @/Users/admin/builder/spi-builder-workspace/.derivedData/Build/Intermediates.noindex/RakuyoKit.build/Debug-xros/RAKConfig-t.build/Objects-normal/arm64/RAKConfig.SwiftFileList -DSWIFT_PACKAGE -DDEBUG -DSWIFT_MODULE_RESOURCE_BUNDLE_UNAVAILABLE -DXcode -plugin-path /Applications/Xcode-27.0.0-Release.Candidate.app/Contents/Developer/Toolchains/XcodeDefault.xctoolchain/usr/lib/swift/host/plugins/testing -enable-experimental-feature DebugDescriptionMacro -sdk /Applications/Xcode-27.0.0-Release.Candidate.app/Contents/Developer/Platforms/XROS.platform/Developer/SDKs/XROS27.0.sdk -target arm64-apple-xros1.0 -g -module-cache-path /Users/admin/builder/spi-builder-workspace/.derivedData/ModuleCache.noindex -Xfrontend -serialize-debugging-options -profile-coverage-mapping -profile-generate -enable-testing -index-store-path /Users/admin/builder/spi-builder-workspace/.derivedData/Index.noindex/DataStore -Xcc -D_LIBCPP_HARDENING_MODE\=_LIBCPP_HARDENING_MODE_DEBUG -swift-version 5 -I /Users/admin/builder/spi-builder-workspace/.derivedData/Build/Products/Debug-xros -Isystem /Applications/Xcode-27.0.0-Release.Candidate.app/Contents/Developer/Platforms/XROS.platform/Developer/usr/lib -F /Users/admin/builder/spi-builder-workspace/.derivedData/Build/Products/Debug-xros/PackageFrameworks -F /Users/admin/builder/spi-builder-workspace/.derivedData/Build/Products/Debug-xros -F /Applications/Xcode-27.0.0-Release.Candidate.app/Contents/Developer/Platforms/XROS.platform/Developer/Library/Frameworks -F /Applications/Xcode-27.0.0-Release.Candidate.app/Contents/Developer/Platforms/XROS.platform/Developer/SDKs/XROS27.0.sdk/Developer/Library/Frameworks -c -j10 -enable-batch-mode -incremental -Xcc -ivfsstatcache -Xcc /Users/admin/builder/spi-builder-workspace/.derivedData/SDKStatCaches.noindex/xros27.0-24M361-e829b21a6f8c9b70876ba0858053c044735bd543db762f57723cac368afd1ce4.sdkstatcache -output-file-map /Users/admin/builder/spi-builder-workspace/.derivedData/Build/Intermediates.noindex/RakuyoKit.build/Debug-xros/RAKConfig-t.build/Objects-normal/arm64/RAKConfig-OutputFileMap.json -save-temps -no-color-diagnostics -explicit-module-build -module-cache-path /Users/admin/builder/spi-builder-workspace/.derivedData/Build/Intermediates.noindex/SwiftExplicitPrecompiledModules -clang-scanner-module-cache-path /Users/admin/builder/spi-builder-workspace/.derivedData/ModuleCache.noindex -sdk-module-cache-path /Users/admin/builder/spi-builder-workspace/.derivedData/SDKExplicitPrecompiledModules -emit-dependencies -emit-module -emit-module-path /Users/admin/builder/spi-builder-workspace/.derivedData/Build/Intermediates.noindex/RakuyoKit.build/Debug-xros/RAKConfig-t.build/Objects-normal/arm64/RAKConfig.swiftmodule -serialize-diagnostics -dependency-scan-serialize-diagnostics-path /Users/admin/builder/spi-builder-workspace/.derivedData/Build/Intermediates.noindex/RakuyoKit.build/Debug-xros/RAKConfig-t.build/Objects-normal/arm64/RAKConfig-dependency-scan.dia -validate-clang-modules-once -clang-build-session-file /Users/admin/builder/spi-builder-workspace/.derivedData/ModuleCache.noindex/Session.modulevalidation -Xcc -fmodules-prune-interval\=86400 -Xcc -fmodules-prune-after\=345600 -package-name spi_builder_workspace -emit-const-values -const-gather-protocols-list /Users/admin/builder/spi-builder-workspace/.derivedData/Build/Intermediates.noindex/RakuyoKit.build/Debug-xros/RAKConfig-t.build/Objects-normal/arm64/RAKConfig_const_extract_protocols.json -Xcc -I/Users/admin/builder/spi-builder-workspace/.derivedData/Build/Products/Debug-xros/include -Xcc -I/Users/admin/builder/spi-builder-workspace/.derivedData/Build/Intermediates.noindex/RakuyoKit.build/Debug-xros/RAKConfig-t.build/DerivedSources-normal/arm64 -Xcc -I/Users/admin/builder/spi-builder-workspace/.derivedData/Build/Intermediates.noindex/RakuyoKit.build/Debug-xros/RAKConfig-t.build/DerivedSources/arm64 -Xcc -I/Users/admin/builder/spi-builder-workspace/.derivedData/Build/Intermediates.noindex/RakuyoKit.build/Debug-xros/RAKConfig-t.build/DerivedSources -Xcc -DSWIFT_PACKAGE -Xcc -DDEBUG\=1 -emit-objc-header -emit-objc-header-path /Users/admin/builder/spi-builder-workspace/.derivedData/Build/Intermediates.noindex/RakuyoKit.build/Debug-xros/RAKConfig-t.build/Objects-normal/arm64/RAKConfig-Swift.h -working-directory /Users/admin/builder/spi-builder-workspace/.swiftpm/xcode -experimental-emit-module-separately -disable-cmo
SwiftDriverJobDiscovery normal arm64 Compiling BindableProperty.swift, ObservableProperty.swift (in target 'RAKCombine' from project 'RakuyoKit')
SwiftCompile normal arm64 Compiling\ RAKDecodable+RAK.swift /Users/admin/builder/spi-builder-workspace/Sources/Codable/RAKDecodable+RAK.swift (in target 'RAKCodable' from project 'RakuyoKit')
SwiftCompile normal arm64 /Users/admin/builder/spi-builder-workspace/Sources/Codable/RAKDecodable+RAK.swift (in target 'RAKCodable' from project 'RakuyoKit')
cd /Users/admin/builder/spi-builder-workspace/.swiftpm/xcode
builtin-SwiftPerFileCompile RAKDecodable+RAK.swift
SwiftCompile normal arm64 Compiling\ RAKDecodable.swift /Users/admin/builder/spi-builder-workspace/Sources/Codable/RAKDecodable.swift (in target 'RAKCodable' from project 'RakuyoKit')
SwiftCompile normal arm64 /Users/admin/builder/spi-builder-workspace/Sources/Codable/RAKDecodable.swift (in target 'RAKCodable' from project 'RakuyoKit')
cd /Users/admin/builder/spi-builder-workspace/.swiftpm/xcode
builtin-SwiftPerFileCompile RAKDecodable.swift
SwiftDriverJobDiscovery normal arm64 Compiling AnyPublisher+SAK.swift, NSTextStorage+Combine.swift (in target 'RAKCombine' from project 'RakuyoKit')
SwiftDriverJobDiscovery normal arm64 Compiling ObservablePropertyWrapper.swift, ControlEventsPublisher.swift (in target 'RAKCombine' from project 'RakuyoKit')
SwiftCompile normal arm64 Compiling\ RAKEncodable+RAK.swift /Users/admin/builder/spi-builder-workspace/Sources/Codable/RAKEncodable+RAK.swift (in target 'RAKCodable' from project 'RakuyoKit')
SwiftCompile normal arm64 /Users/admin/builder/spi-builder-workspace/Sources/Codable/RAKEncodable+RAK.swift (in target 'RAKCodable' from project 'RakuyoKit')
cd /Users/admin/builder/spi-builder-workspace/.swiftpm/xcode
builtin-SwiftPerFileCompile RAKEncodable+RAK.swift
SwiftDriverJobDiscovery normal arm64 Compiling Publisher+UITextField.swift, Publisher+assign.swift (in target 'RAKCombine' from project 'RakuyoKit')
SwiftCompile normal arm64 Compiling\ RAKEncodable.swift /Users/admin/builder/spi-builder-workspace/Sources/Codable/RAKEncodable.swift (in target 'RAKCodable' from project 'RakuyoKit')
SwiftCompile normal arm64 /Users/admin/builder/spi-builder-workspace/Sources/Codable/RAKEncodable.swift (in target 'RAKCodable' from project 'RakuyoKit')
cd /Users/admin/builder/spi-builder-workspace/.swiftpm/xcode
builtin-SwiftPerFileCompile RAKEncodable.swift
SwiftCompile normal arm64 Compiling\ RAKCodable.swift /Users/admin/builder/spi-builder-workspace/Sources/Codable/RAKCodable.swift (in target 'RAKCodable' from project 'RakuyoKit')
SwiftCompile normal arm64 /Users/admin/builder/spi-builder-workspace/Sources/Codable/RAKCodable.swift (in target 'RAKCodable' from project 'RakuyoKit')
cd /Users/admin/builder/spi-builder-workspace/.swiftpm/xcode
builtin-SwiftPerFileCompile RAKCodable.swift
SwiftDriverJobDiscovery normal arm64 Compiling KeyboardListenable.swift, NotificationCenter+CombineKeyboard.swift (in target 'RAKCombine' from project 'RakuyoKit')
SwiftDriverJobDiscovery normal arm64 Compiling KeyboardChangeContext.swift, KeyboardEvent.swift (in target 'RAKCombine' from project 'RakuyoKit')
ExtractAppIntentsMetadata (in target 'RAKCore' from project 'RakuyoKit')
cd /Users/admin/builder/spi-builder-workspace
/Applications/Xcode-27.0.0-Release.Candidate.app/Contents/Developer/Toolchains/XcodeDefault.xctoolchain/usr/bin/appintentsmetadataprocessor --toolchain-dir /var/run/com.apple.security.cryptexd/mnt/com.apple.MobileAsset.MetalToolchain-v27.1.266.1.4Yg7Xc/Metal.xctoolchain --module-name RAKCore --sdk-root /Applications/Xcode-27.0.0-Release.Candidate.app/Contents/Developer/Platforms/XROS.platform/Developer/SDKs/XROS27.0.sdk --xcode-version 27A266a --platform-family xrOS --deployment-target 1.0 --bundle-identifier spi-builder-workspace.RAKCore --output /Users/admin/builder/spi-builder-workspace/.derivedData/Build/Products/Debug-xros/RAKCore.appintents --target-triple arm64-apple-xros1.0 --binary-file /Users/admin/builder/spi-builder-workspace/.derivedData/Build/Products/Debug-xros/RAKCore.o --dependency-file /Users/admin/builder/spi-builder-workspace/.derivedData/Build/Intermediates.noindex/RakuyoKit.build/Debug-xros/RAKCore-t.build/Objects-normal/arm64/RAKCore_dependency_info.dat --stringsdata-file /Users/admin/builder/spi-builder-workspace/.derivedData/Build/Intermediates.noindex/RakuyoKit.build/Debug-xros/RAKCore-t.build/Objects-normal/arm64/ExtractedAppShortcutsMetadata.stringsdata --source-file-list /Users/admin/builder/spi-builder-workspace/.derivedData/Build/Intermediates.noindex/RakuyoKit.build/Debug-xros/RAKCore-t.build/Objects-normal/arm64/RAKCore.SwiftFileList --metadata-file-list /Users/admin/builder/spi-builder-workspace/.derivedData/Build/Intermediates.noindex/RakuyoKit.build/Debug-xros/RAKCore-t.build/RAKCore.DependencyMetadataFileList --static-metadata-file-list /Users/admin/builder/spi-builder-workspace/.derivedData/Build/Intermediates.noindex/RakuyoKit.build/Debug-xros/RAKCore-t.build/RAKCore.DependencyStaticMetadataFileList --swift-const-vals-list /Users/admin/builder/spi-builder-workspace/.derivedData/Build/Intermediates.noindex/RakuyoKit.build/Debug-xros/RAKCore-t.build/Objects-normal/arm64/RAKCore.SwiftConstValuesFileList --force --compile-time-extraction --deployment-aware-processing --no-app-shortcuts-localization
2026-09-22 07:14:33.482 appintentsmetadataprocessor[1426:8165] Starting appintentsmetadataprocessor export
2026-09-22 07:14:33.570 appintentsmetadataprocessor[1426:8165] Extracted no relevant App Intents symbols, skipping writing output
SwiftDriverJobDiscovery normal arm64 Compiling Publishers+CombineLatest.swift, UIBarButtonItem+Combine.swift (in target 'RAKCombine' from project 'RakuyoKit')
SwiftDriverJobDiscovery normal arm64 Compiling ControlPropertyPublisher.swift, ControlTargetPublisher.swift (in target 'RAKCombine' from project 'RakuyoKit')
SwiftDriver RAKEncrypte normal arm64 com.apple.xcode.tools.swift.compiler (in target 'RAKEncrypte' from project 'RakuyoKit')
cd /Users/admin/builder/spi-builder-workspace/.swiftpm/xcode
builtin-SwiftDriver -- /Applications/Xcode-27.0.0-Release.Candidate.app/Contents/Developer/Toolchains/XcodeDefault.xctoolchain/usr/bin/swiftc -parse-as-library -module-name RAKEncrypte -Onone @/Users/admin/builder/spi-builder-workspace/.derivedData/Build/Intermediates.noindex/RakuyoKit.build/Debug-xros/RAKEncrypte-t.build/Objects-normal/arm64/RAKEncrypte.SwiftFileList -DSWIFT_PACKAGE -DDEBUG -DSWIFT_MODULE_RESOURCE_BUNDLE_UNAVAILABLE -DXcode -plugin-path /Applications/Xcode-27.0.0-Release.Candidate.app/Contents/Developer/Toolchains/XcodeDefault.xctoolchain/usr/lib/swift/host/plugins/testing -enable-experimental-feature DebugDescriptionMacro -sdk /Applications/Xcode-27.0.0-Release.Candidate.app/Contents/Developer/Platforms/XROS.platform/Developer/SDKs/XROS27.0.sdk -target arm64-apple-xros1.0 -g -module-cache-path /Users/admin/builder/spi-builder-workspace/.derivedData/ModuleCache.noindex -Xfrontend -serialize-debugging-options -profile-coverage-mapping -profile-generate -enable-testing -index-store-path /Users/admin/builder/spi-builder-workspace/.derivedData/Index.noindex/DataStore -Xcc -D_LIBCPP_HARDENING_MODE\=_LIBCPP_HARDENING_MODE_DEBUG -swift-version 5 -I /Users/admin/builder/spi-builder-workspace/.derivedData/Build/Products/Debug-xros -Isystem /Applications/Xcode-27.0.0-Release.Candidate.app/Contents/Developer/Platforms/XROS.platform/Developer/usr/lib -F /Users/admin/builder/spi-builder-workspace/.derivedData/Build/Products/Debug-xros/PackageFrameworks -F /Users/admin/builder/spi-builder-workspace/.derivedData/Build/Products/Debug-xros -F /Applications/Xcode-27.0.0-Release.Candidate.app/Contents/Developer/Platforms/XROS.platform/Developer/Library/Frameworks -F /Applications/Xcode-27.0.0-Release.Candidate.app/Contents/Developer/Platforms/XROS.platform/Developer/SDKs/XROS27.0.sdk/Developer/Library/Frameworks -c -j10 -enable-batch-mode -incremental -Xcc -ivfsstatcache -Xcc /Users/admin/builder/spi-builder-workspace/.derivedData/SDKStatCaches.noindex/xros27.0-24M361-e829b21a6f8c9b70876ba0858053c044735bd543db762f57723cac368afd1ce4.sdkstatcache -output-file-map /Users/admin/builder/spi-builder-workspace/.derivedData/Build/Intermediates.noindex/RakuyoKit.build/Debug-xros/RAKEncrypte-t.build/Objects-normal/arm64/RAKEncrypte-OutputFileMap.json -save-temps -no-color-diagnostics -explicit-module-build -module-cache-path /Users/admin/builder/spi-builder-workspace/.derivedData/Build/Intermediates.noindex/SwiftExplicitPrecompiledModules -clang-scanner-module-cache-path /Users/admin/builder/spi-builder-workspace/.derivedData/ModuleCache.noindex -sdk-module-cache-path /Users/admin/builder/spi-builder-workspace/.derivedData/SDKExplicitPrecompiledModules -emit-dependencies -emit-module -emit-module-path /Users/admin/builder/spi-builder-workspace/.derivedData/Build/Intermediates.noindex/RakuyoKit.build/Debug-xros/RAKEncrypte-t.build/Objects-normal/arm64/RAKEncrypte.swiftmodule -serialize-diagnostics -dependency-scan-serialize-diagnostics-path /Users/admin/builder/spi-builder-workspace/.derivedData/Build/Intermediates.noindex/RakuyoKit.build/Debug-xros/RAKEncrypte-t.build/Objects-normal/arm64/RAKEncrypte-dependency-scan.dia -validate-clang-modules-once -clang-build-session-file /Users/admin/builder/spi-builder-workspace/.derivedData/ModuleCache.noindex/Session.modulevalidation -Xcc -fmodules-prune-interval\=86400 -Xcc -fmodules-prune-after\=345600 -package-name spi_builder_workspace -emit-const-values -const-gather-protocols-list /Users/admin/builder/spi-builder-workspace/.derivedData/Build/Intermediates.noindex/RakuyoKit.build/Debug-xros/RAKEncrypte-t.build/Objects-normal/arm64/RAKEncrypte_const_extract_protocols.json -Xcc -I/Users/admin/builder/spi-builder-workspace/.derivedData/Build/Products/Debug-xros/include -Xcc -I/Users/admin/builder/spi-builder-workspace/.derivedData/Build/Intermediates.noindex/RakuyoKit.build/Debug-xros/RAKEncrypte-t.build/DerivedSources-normal/arm64 -Xcc -I/Users/admin/builder/spi-builder-workspace/.derivedData/Build/Intermediates.noindex/RakuyoKit.build/Debug-xros/RAKEncrypte-t.build/DerivedSources/arm64 -Xcc -I/Users/admin/builder/spi-builder-workspace/.derivedData/Build/Intermediates.noindex/RakuyoKit.build/Debug-xros/RAKEncrypte-t.build/DerivedSources -Xcc -DSWIFT_PACKAGE -Xcc -DDEBUG\=1 -emit-objc-header -emit-objc-header-path /Users/admin/builder/spi-builder-workspace/.derivedData/Build/Intermediates.noindex/RakuyoKit.build/Debug-xros/RAKEncrypte-t.build/Objects-normal/arm64/RAKEncrypte-Swift.h -working-directory /Users/admin/builder/spi-builder-workspace/.swiftpm/xcode -experimental-emit-module-separately -disable-cmo
SwiftDriver RAKBase normal arm64 com.apple.xcode.tools.swift.compiler (in target 'RAKBase' from project 'RakuyoKit')
cd /Users/admin/builder/spi-builder-workspace/.swiftpm/xcode
builtin-SwiftDriver -- /Applications/Xcode-27.0.0-Release.Candidate.app/Contents/Developer/Toolchains/XcodeDefault.xctoolchain/usr/bin/swiftc -parse-as-library -module-name RAKBase -Onone @/Users/admin/builder/spi-builder-workspace/.derivedData/Build/Intermediates.noindex/RakuyoKit.build/Debug-xros/RAKBase-t.build/Objects-normal/arm64/RAKBase.SwiftFileList -DSWIFT_PACKAGE -DDEBUG -DSWIFT_MODULE_RESOURCE_BUNDLE_UNAVAILABLE -DXcode -plugin-path /Applications/Xcode-27.0.0-Release.Candidate.app/Contents/Developer/Toolchains/XcodeDefault.xctoolchain/usr/lib/swift/host/plugins/testing -enable-experimental-feature DebugDescriptionMacro -sdk /Applications/Xcode-27.0.0-Release.Candidate.app/Contents/Developer/Platforms/XROS.platform/Developer/SDKs/XROS27.0.sdk -target arm64-apple-xros1.0 -g -module-cache-path /Users/admin/builder/spi-builder-workspace/.derivedData/ModuleCache.noindex -Xfrontend -serialize-debugging-options -profile-coverage-mapping -profile-generate -enable-testing -index-store-path /Users/admin/builder/spi-builder-workspace/.derivedData/Index.noindex/DataStore -Xcc -D_LIBCPP_HARDENING_MODE\=_LIBCPP_HARDENING_MODE_DEBUG -swift-version 5 -I /Users/admin/builder/spi-builder-workspace/.derivedData/Build/Products/Debug-xros -Isystem /Applications/Xcode-27.0.0-Release.Candidate.app/Contents/Developer/Platforms/XROS.platform/Developer/usr/lib -F /Users/admin/builder/spi-builder-workspace/.derivedData/Build/Products/Debug-xros/PackageFrameworks -F /Users/admin/builder/spi-builder-workspace/.derivedData/Build/Products/Debug-xros -F /Applications/Xcode-27.0.0-Release.Candidate.app/Contents/Developer/Platforms/XROS.platform/Developer/Library/Frameworks -F /Applications/Xcode-27.0.0-Release.Candidate.app/Contents/Developer/Platforms/XROS.platform/Developer/SDKs/XROS27.0.sdk/Developer/Library/Frameworks -c -j10 -enable-batch-mode -incremental -Xcc -ivfsstatcache -Xcc /Users/admin/builder/spi-builder-workspace/.derivedData/SDKStatCaches.noindex/xros27.0-24M361-e829b21a6f8c9b70876ba0858053c044735bd543db762f57723cac368afd1ce4.sdkstatcache -output-file-map /Users/admin/builder/spi-builder-workspace/.derivedData/Build/Intermediates.noindex/RakuyoKit.build/Debug-xros/RAKBase-t.build/Objects-normal/arm64/RAKBase-OutputFileMap.json -save-temps -no-color-diagnostics -explicit-module-build -module-cache-path /Users/admin/builder/spi-builder-workspace/.derivedData/Build/Intermediates.noindex/SwiftExplicitPrecompiledModules -clang-scanner-module-cache-path /Users/admin/builder/spi-builder-workspace/.derivedData/ModuleCache.noindex -sdk-module-cache-path /Users/admin/builder/spi-builder-workspace/.derivedData/SDKExplicitPrecompiledModules -emit-dependencies -emit-module -emit-module-path /Users/admin/builder/spi-builder-workspace/.derivedData/Build/Intermediates.noindex/RakuyoKit.build/Debug-xros/RAKBase-t.build/Objects-normal/arm64/RAKBase.swiftmodule -serialize-diagnostics -dependency-scan-serialize-diagnostics-path /Users/admin/builder/spi-builder-workspace/.derivedData/Build/Intermediates.noindex/RakuyoKit.build/Debug-xros/RAKBase-t.build/Objects-normal/arm64/RAKBase-dependency-scan.dia -validate-clang-modules-once -clang-build-session-file /Users/admin/builder/spi-builder-workspace/.derivedData/ModuleCache.noindex/Session.modulevalidation -Xcc -fmodules-prune-interval\=86400 -Xcc -fmodules-prune-after\=345600 -package-name spi_builder_workspace -emit-const-values -const-gather-protocols-list /Users/admin/builder/spi-builder-workspace/.derivedData/Build/Intermediates.noindex/RakuyoKit.build/Debug-xros/RAKBase-t.build/Objects-normal/arm64/RAKBase_const_extract_protocols.json -Xcc -I/Users/admin/builder/spi-builder-workspace/.derivedData/Build/Products/Debug-xros/include -Xcc -I/Users/admin/builder/spi-builder-workspace/.derivedData/Build/Intermediates.noindex/RakuyoKit.build/Debug-xros/RAKBase-t.build/DerivedSources-normal/arm64 -Xcc -I/Users/admin/builder/spi-builder-workspace/.derivedData/Build/Intermediates.noindex/RakuyoKit.build/Debug-xros/RAKBase-t.build/DerivedSources/arm64 -Xcc -I/Users/admin/builder/spi-builder-workspace/.derivedData/Build/Intermediates.noindex/RakuyoKit.build/Debug-xros/RAKBase-t.build/DerivedSources -Xcc -DSWIFT_PACKAGE -Xcc -DDEBUG\=1 -emit-objc-header -emit-objc-header-path /Users/admin/builder/spi-builder-workspace/.derivedData/Build/Intermediates.noindex/RakuyoKit.build/Debug-xros/RAKBase-t.build/Objects-normal/arm64/RAKBase-Swift.h -working-directory /Users/admin/builder/spi-builder-workspace/.swiftpm/xcode -experimental-emit-module-separately -disable-cmo
SwiftDriverJobDiscovery normal arm64 Compiling UIControl+Combine.swift, UITextView+Combine.swift (in target 'RAKCombine' from project 'RakuyoKit')
SwiftDriverJobDiscovery normal arm64 Compiling RAKEncodable+RAK.swift (in target 'RAKCodable' from project 'RakuyoKit')
SwiftDriverJobDiscovery normal arm64 Compiling RAKDecodable+RAK.swift (in target 'RAKCodable' from project 'RakuyoKit')
SwiftDriverJobDiscovery normal arm64 Compiling DelegateProxy.swift, DelegateProxyPublisher.swift, DelegateProxyType.swift (in target 'RAKCombine' from project 'RakuyoKit')
SwiftDriver\ Compilation RAKCombine normal arm64 com.apple.xcode.tools.swift.compiler (in target 'RAKCombine' from project 'RakuyoKit')
cd /Users/admin/builder/spi-builder-workspace/.swiftpm/xcode
builtin-Swift-Compilation -- /Applications/Xcode-27.0.0-Release.Candidate.app/Contents/Developer/Toolchains/XcodeDefault.xctoolchain/usr/bin/swiftc -parse-as-library -module-name RAKCombine -Onone @/Users/admin/builder/spi-builder-workspace/.derivedData/Build/Intermediates.noindex/RakuyoKit.build/Debug-xros/RAKCombine-t.build/Objects-normal/arm64/RAKCombine.SwiftFileList -DSWIFT_PACKAGE -DDEBUG -DSWIFT_MODULE_RESOURCE_BUNDLE_UNAVAILABLE -Xcc -fmodule-map-file\=/Users/admin/builder/spi-builder-workspace/Sources/Combine/Runtime/include/module.modulemap -DXcode -plugin-path /Applications/Xcode-27.0.0-Release.Candidate.app/Contents/Developer/Toolchains/XcodeDefault.xctoolchain/usr/lib/swift/host/plugins/testing -enable-experimental-feature DebugDescriptionMacro -sdk /Applications/Xcode-27.0.0-Release.Candidate.app/Contents/Developer/Platforms/XROS.platform/Developer/SDKs/XROS27.0.sdk -target arm64-apple-xros1.0 -g -module-cache-path /Users/admin/builder/spi-builder-workspace/.derivedData/ModuleCache.noindex -Xfrontend -serialize-debugging-options -profile-coverage-mapping -profile-generate -enable-testing -index-store-path /Users/admin/builder/spi-builder-workspace/.derivedData/Index.noindex/DataStore -Xcc -D_LIBCPP_HARDENING_MODE\=_LIBCPP_HARDENING_MODE_DEBUG -swift-version 5 -I /Users/admin/builder/spi-builder-workspace/.derivedData/Build/Products/Debug-xros -Isystem /Applications/Xcode-27.0.0-Release.Candidate.app/Contents/Developer/Platforms/XROS.platform/Developer/usr/lib -F /Users/admin/builder/spi-builder-workspace/.derivedData/Build/Products/Debug-xros/PackageFrameworks -F /Users/admin/builder/spi-builder-workspace/.derivedData/Build/Products/Debug-xros -F /Applications/Xcode-27.0.0-Release.Candidate.app/Contents/Developer/Platforms/XROS.platform/Developer/Library/Frameworks -F /Applications/Xcode-27.0.0-Release.Candidate.app/Contents/Developer/Platforms/XROS.platform/Developer/SDKs/XROS27.0.sdk/Developer/Library/Frameworks -c -j10 -enable-batch-mode -incremental -Xcc -ivfsstatcache -Xcc /Users/admin/builder/spi-builder-workspace/.derivedData/SDKStatCaches.noindex/xros27.0-24M361-e829b21a6f8c9b70876ba0858053c044735bd543db762f57723cac368afd1ce4.sdkstatcache -output-file-map /Users/admin/builder/spi-builder-workspace/.derivedData/Build/Intermediates.noindex/RakuyoKit.build/Debug-xros/RAKCombine-t.build/Objects-normal/arm64/RAKCombine-OutputFileMap.json -save-temps -no-color-diagnostics -explicit-module-build -module-cache-path /Users/admin/builder/spi-builder-workspace/.derivedData/Build/Intermediates.noindex/SwiftExplicitPrecompiledModules -clang-scanner-module-cache-path /Users/admin/builder/spi-builder-workspace/.derivedData/ModuleCache.noindex -sdk-module-cache-path /Users/admin/builder/spi-builder-workspace/.derivedData/SDKExplicitPrecompiledModules -emit-dependencies -emit-module -emit-module-path /Users/admin/builder/spi-builder-workspace/.derivedData/Build/Intermediates.noindex/RakuyoKit.build/Debug-xros/RAKCombine-t.build/Objects-normal/arm64/RAKCombine.swiftmodule -serialize-diagnostics -dependency-scan-serialize-diagnostics-path /Users/admin/builder/spi-builder-workspace/.derivedData/Build/Intermediates.noindex/RakuyoKit.build/Debug-xros/RAKCombine-t.build/Objects-normal/arm64/RAKCombine-dependency-scan.dia -validate-clang-modules-once -clang-build-session-file /Users/admin/builder/spi-builder-workspace/.derivedData/ModuleCache.noindex/Session.modulevalidation -Xcc -fmodules-prune-interval\=86400 -Xcc -fmodules-prune-after\=345600 -package-name spi_builder_workspace -emit-const-values -const-gather-protocols-list /Users/admin/builder/spi-builder-workspace/.derivedData/Build/Intermediates.noindex/RakuyoKit.build/Debug-xros/RAKCombine-t.build/Objects-normal/arm64/RAKCombine_const_extract_protocols.json -Xcc -I/Users/admin/builder/spi-builder-workspace/Sources/Combine/Runtime/include -Xcc -I/Users/admin/builder/spi-builder-workspace/.derivedData/Build/Products/Debug-xros/include -Xcc -I/Users/admin/builder/spi-builder-workspace/.derivedData/Build/Intermediates.noindex/RakuyoKit.build/Debug-xros/RAKCombine-t.build/DerivedSources-normal/arm64 -Xcc -I/Users/admin/builder/spi-builder-workspace/.derivedData/Build/Intermediates.noindex/RakuyoKit.build/Debug-xros/RAKCombine-t.build/DerivedSources/arm64 -Xcc -I/Users/admin/builder/spi-builder-workspace/.derivedData/Build/Intermediates.noindex/RakuyoKit.build/Debug-xros/RAKCombine-t.build/DerivedSources -Xcc -DSWIFT_PACKAGE -Xcc -DDEBUG\=1 -emit-objc-header -emit-objc-header-path /Users/admin/builder/spi-builder-workspace/.derivedData/Build/Intermediates.noindex/RakuyoKit.build/Debug-xros/RAKCombine-t.build/Objects-normal/arm64/RAKCombine-Swift.h -working-directory /Users/admin/builder/spi-builder-workspace/.swiftpm/xcode -experimental-emit-module-separately -disable-cmo
SwiftDriverJobDiscovery normal arm64 Compiling RAKCodable.swift (in target 'RAKCodable' from project 'RakuyoKit')
SwiftDriverJobDiscovery normal arm64 Compiling RAKDecodable.swift (in target 'RAKCodable' from project 'RakuyoKit')
Ld /Users/admin/builder/spi-builder-workspace/.derivedData/Build/Products/Debug-xros/RAKNotification.o normal (in target 'RAKNotification' from project 'RakuyoKit')
cd /Users/admin/builder/spi-builder-workspace
/Applications/Xcode-27.0.0-Release.Candidate.app/Contents/Developer/Toolchains/XcodeDefault.xctoolchain/usr/bin/clang -Xlinker -reproducible -target arm64-apple-xros1.0 -r -isysroot /Applications/Xcode-27.0.0-Release.Candidate.app/Contents/Developer/Platforms/XROS.platform/Developer/SDKs/XROS27.0.sdk -O0 -Xlinker -no_warn_duplicate_libraries -F/Users/admin/builder/spi-builder-workspace/.derivedData/Build/Intermediates.noindex/EagerLinkingTBDs/Debug-xros -F/Users/admin/builder/spi-builder-workspace/.derivedData/Build/Products/Debug-xros/PackageFrameworks -F/Users/admin/builder/spi-builder-workspace/.derivedData/Build/Products/Debug-xros -iframework /Applications/Xcode-27.0.0-Release.Candidate.app/Contents/Developer/Platforms/XROS.platform/Developer/Library/Frameworks -iframework /Applications/Xcode-27.0.0-Release.Candidate.app/Contents/Developer/Platforms/XROS.platform/Developer/SDKs/XROS27.0.sdk/Developer/Library/Frameworks -filelist /Users/admin/builder/spi-builder-workspace/.derivedData/Build/Intermediates.noindex/RakuyoKit.build/Debug-xros/RAKNotification-t.build/Objects-normal/arm64/RAKNotification.LinkFileList -nostdlib -Xlinker -object_path_lto -Xlinker /Users/admin/builder/spi-builder-workspace/.derivedData/Build/Intermediates.noindex/RakuyoKit.build/Debug-xros/RAKNotification-t.build/Objects-normal/arm64/RAKNotification_lto.o -Xlinker -no_deduplicate -Xlinker -debug_variant -Xlinker -dependency_info -Xlinker /Users/admin/builder/spi-builder-workspace/.derivedData/Build/Intermediates.noindex/RakuyoKit.build/Debug-xros/RAKNotification-t.build/Objects-normal/arm64/RAKNotification_dependency_info.dat -fobjc-link-runtime -L/Applications/Xcode-27.0.0-Release.Candidate.app/Contents/Developer/Toolchains/XcodeDefault.xctoolchain/usr/lib/swift/xros -L/usr/lib/swift -Xlinker -add_ast_path -Xlinker /Users/admin/builder/spi-builder-workspace/.derivedData/Build/Intermediates.noindex/RakuyoKit.build/Debug-xros/RAKNotification-t.build/Objects-normal/arm64/RAKNotification.swiftmodule -o /Users/admin/builder/spi-builder-workspace/.derivedData/Build/Products/Debug-xros/RAKNotification.o
Ld /Users/admin/builder/spi-builder-workspace/.derivedData/Build/Products/Debug-xros/RAKNanoID.o normal (in target 'RAKNanoID' from project 'RakuyoKit')
cd /Users/admin/builder/spi-builder-workspace
/Applications/Xcode-27.0.0-Release.Candidate.app/Contents/Developer/Toolchains/XcodeDefault.xctoolchain/usr/bin/clang -Xlinker -reproducible -target arm64-apple-xros1.0 -r -isysroot /Applications/Xcode-27.0.0-Release.Candidate.app/Contents/Developer/Platforms/XROS.platform/Developer/SDKs/XROS27.0.sdk -O0 -Xlinker -no_warn_duplicate_libraries -F/Users/admin/builder/spi-builder-workspace/.derivedData/Build/Intermediates.noindex/EagerLinkingTBDs/Debug-xros -F/Users/admin/builder/spi-builder-workspace/.derivedData/Build/Products/Debug-xros/PackageFrameworks -F/Users/admin/builder/spi-builder-workspace/.derivedData/Build/Products/Debug-xros -iframework /Applications/Xcode-27.0.0-Release.Candidate.app/Contents/Developer/Platforms/XROS.platform/Developer/Library/Frameworks -iframework /Applications/Xcode-27.0.0-Release.Candidate.app/Contents/Developer/Platforms/XROS.platform/Developer/SDKs/XROS27.0.sdk/Developer/Library/Frameworks -filelist /Users/admin/builder/spi-builder-workspace/.derivedData/Build/Intermediates.noindex/RakuyoKit.build/Debug-xros/RAKNanoID-t.build/Objects-normal/arm64/RAKNanoID.LinkFileList -nostdlib -Xlinker -object_path_lto -Xlinker /Users/admin/builder/spi-builder-workspace/.derivedData/Build/Intermediates.noindex/RakuyoKit.build/Debug-xros/RAKNanoID-t.build/Objects-normal/arm64/RAKNanoID_lto.o -Xlinker -no_deduplicate -Xlinker -debug_variant -Xlinker -dependency_info -Xlinker /Users/admin/builder/spi-builder-workspace/.derivedData/Build/Intermediates.noindex/RakuyoKit.build/Debug-xros/RAKNanoID-t.build/Objects-normal/arm64/RAKNanoID_dependency_info.dat -fobjc-link-runtime -L/Applications/Xcode-27.0.0-Release.Candidate.app/Contents/Developer/Toolchains/XcodeDefault.xctoolchain/usr/lib/swift/xros -L/usr/lib/swift -Xlinker -add_ast_path -Xlinker /Users/admin/builder/spi-builder-workspace/.derivedData/Build/Intermediates.noindex/RakuyoKit.build/Debug-xros/RAKNanoID-t.build/Objects-normal/arm64/RAKNanoID.swiftmodule -o /Users/admin/builder/spi-builder-workspace/.derivedData/Build/Products/Debug-xros/RAKNanoID.o
Ld /Users/admin/builder/spi-builder-workspace/.derivedData/Build/Products/Debug-xros/RAKGradient.o normal (in target 'RAKGradient' from project 'RakuyoKit')
cd /Users/admin/builder/spi-builder-workspace
/Applications/Xcode-27.0.0-Release.Candidate.app/Contents/Developer/Toolchains/XcodeDefault.xctoolchain/usr/bin/clang -Xlinker -reproducible -target arm64-apple-xros1.0 -r -isysroot /Applications/Xcode-27.0.0-Release.Candidate.app/Contents/Developer/Platforms/XROS.platform/Developer/SDKs/XROS27.0.sdk -O0 -Xlinker -no_warn_duplicate_libraries -F/Users/admin/builder/spi-builder-workspace/.derivedData/Build/Intermediates.noindex/EagerLinkingTBDs/Debug-xros -F/Users/admin/builder/spi-builder-workspace/.derivedData/Build/Products/Debug-xros/PackageFrameworks -F/Users/admin/builder/spi-builder-workspace/.derivedData/Build/Products/Debug-xros -iframework /Applications/Xcode-27.0.0-Release.Candidate.app/Contents/Developer/Platforms/XROS.platform/Developer/Library/Frameworks -iframework /Applications/Xcode-27.0.0-Release.Candidate.app/Contents/Developer/Platforms/XROS.platform/Developer/SDKs/XROS27.0.sdk/Developer/Library/Frameworks -filelist /Users/admin/builder/spi-builder-workspace/.derivedData/Build/Intermediates.noindex/RakuyoKit.build/Debug-xros/RAKGradient-t.build/Objects-normal/arm64/RAKGradient.LinkFileList -nostdlib -Xlinker -object_path_lto -Xlinker /Users/admin/builder/spi-builder-workspace/.derivedData/Build/Intermediates.noindex/RakuyoKit.build/Debug-xros/RAKGradient-t.build/Objects-normal/arm64/RAKGradient_lto.o -Xlinker -no_deduplicate -Xlinker -debug_variant -Xlinker -dependency_info -Xlinker /Users/admin/builder/spi-builder-workspace/.derivedData/Build/Intermediates.noindex/RakuyoKit.build/Debug-xros/RAKGradient-t.build/Objects-normal/arm64/RAKGradient_dependency_info.dat -fobjc-link-runtime -L/Applications/Xcode-27.0.0-Release.Candidate.app/Contents/Developer/Toolchains/XcodeDefault.xctoolchain/usr/lib/swift/xros -L/usr/lib/swift -Xlinker -add_ast_path -Xlinker /Users/admin/builder/spi-builder-workspace/.derivedData/Build/Intermediates.noindex/RakuyoKit.build/Debug-xros/RAKGradient-t.build/Objects-normal/arm64/RAKGradient.swiftmodule -o /Users/admin/builder/spi-builder-workspace/.derivedData/Build/Products/Debug-xros/RAKGradient.o
Ld /Users/admin/builder/spi-builder-workspace/.derivedData/Build/Products/Debug-xros/RAKGRDB.o normal (in target 'RAKGRDB' from project 'RakuyoKit')
cd /Users/admin/builder/spi-builder-workspace
/Applications/Xcode-27.0.0-Release.Candidate.app/Contents/Developer/Toolchains/XcodeDefault.xctoolchain/usr/bin/clang -Xlinker -reproducible -target arm64-apple-xros1.0 -r -isysroot /Applications/Xcode-27.0.0-Release.Candidate.app/Contents/Developer/Platforms/XROS.platform/Developer/SDKs/XROS27.0.sdk -O0 -Xlinker -no_warn_duplicate_libraries -F/Users/admin/builder/spi-builder-workspace/.derivedData/Build/Intermediates.noindex/EagerLinkingTBDs/Debug-xros -F/Users/admin/builder/spi-builder-workspace/.derivedData/Build/Products/Debug-xros/PackageFrameworks -F/Users/admin/builder/spi-builder-workspace/.derivedData/Build/Products/Debug-xros -iframework /Applications/Xcode-27.0.0-Release.Candidate.app/Contents/Developer/Platforms/XROS.platform/Developer/Library/Frameworks -iframework /Applications/Xcode-27.0.0-Release.Candidate.app/Contents/Developer/Platforms/XROS.platform/Developer/SDKs/XROS27.0.sdk/Developer/Library/Frameworks -filelist /Users/admin/builder/spi-builder-workspace/.derivedData/Build/Intermediates.noindex/RakuyoKit.build/Debug-xros/RAKGRDB-t.build/Objects-normal/arm64/RAKGRDB.LinkFileList -nostdlib -Xlinker -object_path_lto -Xlinker /Users/admin/builder/spi-builder-workspace/.derivedData/Build/Intermediates.noindex/RakuyoKit.build/Debug-xros/RAKGRDB-t.build/Objects-normal/arm64/RAKGRDB_lto.o -Xlinker -no_deduplicate -Xlinker -debug_variant -Xlinker -dependency_info -Xlinker /Users/admin/builder/spi-builder-workspace/.derivedData/Build/Intermediates.noindex/RakuyoKit.build/Debug-xros/RAKGRDB-t.build/Objects-normal/arm64/RAKGRDB_dependency_info.dat -fobjc-link-runtime -L/Applications/Xcode-27.0.0-Release.Candidate.app/Contents/Developer/Toolchains/XcodeDefault.xctoolchain/usr/lib/swift/xros -L/usr/lib/swift -Xlinker -add_ast_path -Xlinker /Users/admin/builder/spi-builder-workspace/.derivedData/Build/Intermediates.noindex/RakuyoKit.build/Debug-xros/RAKGRDB-t.build/Objects-normal/arm64/RAKGRDB.swiftmodule -o /Users/admin/builder/spi-builder-workspace/.derivedData/Build/Products/Debug-xros/RAKGRDB.o
Ld /Users/admin/builder/spi-builder-workspace/.derivedData/Build/Products/Debug-xros/RAKConfig.o normal (in target 'RAKConfig' from project 'RakuyoKit')
cd /Users/admin/builder/spi-builder-workspace
/Applications/Xcode-27.0.0-Release.Candidate.app/Contents/Developer/Toolchains/XcodeDefault.xctoolchain/usr/bin/clang -Xlinker -reproducible -target arm64-apple-xros1.0 -r -isysroot /Applications/Xcode-27.0.0-Release.Candidate.app/Contents/Developer/Platforms/XROS.platform/Developer/SDKs/XROS27.0.sdk -O0 -Xlinker -no_warn_duplicate_libraries -F/Users/admin/builder/spi-builder-workspace/.derivedData/Build/Intermediates.noindex/EagerLinkingTBDs/Debug-xros -F/Users/admin/builder/spi-builder-workspace/.derivedData/Build/Products/Debug-xros/PackageFrameworks -F/Users/admin/builder/spi-builder-workspace/.derivedData/Build/Products/Debug-xros -iframework /Applications/Xcode-27.0.0-Release.Candidate.app/Contents/Developer/Platforms/XROS.platform/Developer/Library/Frameworks -iframework /Applications/Xcode-27.0.0-Release.Candidate.app/Contents/Developer/Platforms/XROS.platform/Developer/SDKs/XROS27.0.sdk/Developer/Library/Frameworks -filelist /Users/admin/builder/spi-builder-workspace/.derivedData/Build/Intermediates.noindex/RakuyoKit.build/Debug-xros/RAKConfig-t.build/Objects-normal/arm64/RAKConfig.LinkFileList -nostdlib -Xlinker -object_path_lto -Xlinker /Users/admin/builder/spi-builder-workspace/.derivedData/Build/Intermediates.noindex/RakuyoKit.build/Debug-xros/RAKConfig-t.build/Objects-normal/arm64/RAKConfig_lto.o -Xlinker -no_deduplicate -Xlinker -debug_variant -Xlinker -dependency_info -Xlinker /Users/admin/builder/spi-builder-workspace/.derivedData/Build/Intermediates.noindex/RakuyoKit.build/Debug-xros/RAKConfig-t.build/Objects-normal/arm64/RAKConfig_dependency_info.dat -fobjc-link-runtime -L/Applications/Xcode-27.0.0-Release.Candidate.app/Contents/Developer/Toolchains/XcodeDefault.xctoolchain/usr/lib/swift/xros -L/usr/lib/swift -Xlinker -add_ast_path -Xlinker /Users/admin/builder/spi-builder-workspace/.derivedData/Build/Intermediates.noindex/RakuyoKit.build/Debug-xros/RAKConfig-t.build/Objects-normal/arm64/RAKConfig.swiftmodule -o /Users/admin/builder/spi-builder-workspace/.derivedData/Build/Products/Debug-xros/RAKConfig.o
Ld /Users/admin/builder/spi-builder-workspace/.derivedData/Build/Products/Debug-xros/RAKCombine.o normal (in target 'RAKCombine' from project 'RakuyoKit')
cd /Users/admin/builder/spi-builder-workspace
/Applications/Xcode-27.0.0-Release.Candidate.app/Contents/Developer/Toolchains/XcodeDefault.xctoolchain/usr/bin/clang -Xlinker -reproducible -target arm64-apple-xros1.0 -r -isysroot /Applications/Xcode-27.0.0-Release.Candidate.app/Contents/Developer/Platforms/XROS.platform/Developer/SDKs/XROS27.0.sdk -O0 -Xlinker -no_warn_duplicate_libraries -F/Users/admin/builder/spi-builder-workspace/.derivedData/Build/Intermediates.noindex/EagerLinkingTBDs/Debug-xros -F/Users/admin/builder/spi-builder-workspace/.derivedData/Build/Products/Debug-xros/PackageFrameworks -F/Users/admin/builder/spi-builder-workspace/.derivedData/Build/Products/Debug-xros -iframework /Applications/Xcode-27.0.0-Release.Candidate.app/Contents/Developer/Platforms/XROS.platform/Developer/Library/Frameworks -iframework /Applications/Xcode-27.0.0-Release.Candidate.app/Contents/Developer/Platforms/XROS.platform/Developer/SDKs/XROS27.0.sdk/Developer/Library/Frameworks -filelist /Users/admin/builder/spi-builder-workspace/.derivedData/Build/Intermediates.noindex/RakuyoKit.build/Debug-xros/RAKCombine-t.build/Objects-normal/arm64/RAKCombine.LinkFileList -nostdlib -Xlinker -object_path_lto -Xlinker /Users/admin/builder/spi-builder-workspace/.derivedData/Build/Intermediates.noindex/RakuyoKit.build/Debug-xros/RAKCombine-t.build/Objects-normal/arm64/RAKCombine_lto.o -Xlinker -no_deduplicate -Xlinker -debug_variant -Xlinker -dependency_info -Xlinker /Users/admin/builder/spi-builder-workspace/.derivedData/Build/Intermediates.noindex/RakuyoKit.build/Debug-xros/RAKCombine-t.build/Objects-normal/arm64/RAKCombine_dependency_info.dat -fobjc-link-runtime -L/Applications/Xcode-27.0.0-Release.Candidate.app/Contents/Developer/Toolchains/XcodeDefault.xctoolchain/usr/lib/swift/xros -L/usr/lib/swift -Xlinker -add_ast_path -Xlinker /Users/admin/builder/spi-builder-workspace/.derivedData/Build/Intermediates.noindex/RakuyoKit.build/Debug-xros/RAKCombine-t.build/Objects-normal/arm64/RAKCombine.swiftmodule -o /Users/admin/builder/spi-builder-workspace/.derivedData/Build/Products/Debug-xros/RAKCombine.o
ExtractAppIntentsMetadata (in target 'RAKNanoID' from project 'RakuyoKit')
cd /Users/admin/builder/spi-builder-workspace
/Applications/Xcode-27.0.0-Release.Candidate.app/Contents/Developer/Toolchains/XcodeDefault.xctoolchain/usr/bin/appintentsmetadataprocessor --toolchain-dir /var/run/com.apple.security.cryptexd/mnt/com.apple.MobileAsset.MetalToolchain-v27.1.266.1.4Yg7Xc/Metal.xctoolchain --module-name RAKNanoID --sdk-root /Applications/Xcode-27.0.0-Release.Candidate.app/Contents/Developer/Platforms/XROS.platform/Developer/SDKs/XROS27.0.sdk --xcode-version 27A266a --platform-family xrOS --deployment-target 1.0 --bundle-identifier spi-builder-workspace.RAKNanoID --output /Users/admin/builder/spi-builder-workspace/.derivedData/Build/Products/Debug-xros/RAKNanoID.appintents --target-triple arm64-apple-xros1.0 --binary-file /Users/admin/builder/spi-builder-workspace/.derivedData/Build/Products/Debug-xros/RAKNanoID.o --dependency-file /Users/admin/builder/spi-builder-workspace/.derivedData/Build/Intermediates.noindex/RakuyoKit.build/Debug-xros/RAKNanoID-t.build/Objects-normal/arm64/RAKNanoID_dependency_info.dat --stringsdata-file /Users/admin/builder/spi-builder-workspace/.derivedData/Build/Intermediates.noindex/RakuyoKit.build/Debug-xros/RAKNanoID-t.build/Objects-normal/arm64/ExtractedAppShortcutsMetadata.stringsdata --source-file-list /Users/admin/builder/spi-builder-workspace/.derivedData/Build/Intermediates.noindex/RakuyoKit.build/Debug-xros/RAKNanoID-t.build/Objects-normal/arm64/RAKNanoID.SwiftFileList --metadata-file-list /Users/admin/builder/spi-builder-workspace/.derivedData/Build/Intermediates.noindex/RakuyoKit.build/Debug-xros/RAKNanoID-t.build/RAKNanoID.DependencyMetadataFileList --static-metadata-file-list /Users/admin/builder/spi-builder-workspace/.derivedData/Build/Intermediates.noindex/RakuyoKit.build/Debug-xros/RAKNanoID-t.build/RAKNanoID.DependencyStaticMetadataFileList --swift-const-vals-list /Users/admin/builder/spi-builder-workspace/.derivedData/Build/Intermediates.noindex/RakuyoKit.build/Debug-xros/RAKNanoID-t.build/Objects-normal/arm64/RAKNanoID.SwiftConstValuesFileList --force --compile-time-extraction --deployment-aware-processing --no-app-shortcuts-localization
2026-09-22 07:14:33.656 appintentsmetadataprocessor[1451:8276] Starting appintentsmetadataprocessor export
2026-09-22 07:14:33.740 appintentsmetadataprocessor[1451:8276] Extracted no relevant App Intents symbols, skipping writing output
ExtractAppIntentsMetadata (in target 'RAKNotification' from project 'RakuyoKit')
cd /Users/admin/builder/spi-builder-workspace
/Applications/Xcode-27.0.0-Release.Candidate.app/Contents/Developer/Toolchains/XcodeDefault.xctoolchain/usr/bin/appintentsmetadataprocessor --toolchain-dir /var/run/com.apple.security.cryptexd/mnt/com.apple.MobileAsset.MetalToolchain-v27.1.266.1.4Yg7Xc/Metal.xctoolchain --module-name RAKNotification --sdk-root /Applications/Xcode-27.0.0-Release.Candidate.app/Contents/Developer/Platforms/XROS.platform/Developer/SDKs/XROS27.0.sdk --xcode-version 27A266a --platform-family xrOS --deployment-target 1.0 --bundle-identifier spi-builder-workspace.RAKNotification --output /Users/admin/builder/spi-builder-workspace/.derivedData/Build/Products/Debug-xros/RAKNotification.appintents --target-triple arm64-apple-xros1.0 --binary-file /Users/admin/builder/spi-builder-workspace/.derivedData/Build/Products/Debug-xros/RAKNotification.o --dependency-file /Users/admin/builder/spi-builder-workspace/.derivedData/Build/Intermediates.noindex/RakuyoKit.build/Debug-xros/RAKNotification-t.build/Objects-normal/arm64/RAKNotification_dependency_info.dat --stringsdata-file /Users/admin/builder/spi-builder-workspace/.derivedData/Build/Intermediates.noindex/RakuyoKit.build/Debug-xros/RAKNotification-t.build/Objects-normal/arm64/ExtractedAppShortcutsMetadata.stringsdata --source-file-list /Users/admin/builder/spi-builder-workspace/.derivedData/Build/Intermediates.noindex/RakuyoKit.build/Debug-xros/RAKNotification-t.build/Objects-normal/arm64/RAKNotification.SwiftFileList --metadata-file-list /Users/admin/builder/spi-builder-workspace/.derivedData/Build/Intermediates.noindex/RakuyoKit.build/Debug-xros/RAKNotification-t.build/RAKNotification.DependencyMetadataFileList --static-metadata-file-list /Users/admin/builder/spi-builder-workspace/.derivedData/Build/Intermediates.noindex/RakuyoKit.build/Debug-xros/RAKNotification-t.build/RAKNotification.DependencyStaticMetadataFileList --swift-const-vals-list /Users/admin/builder/spi-builder-workspace/.derivedData/Build/Intermediates.noindex/RakuyoKit.build/Debug-xros/RAKNotification-t.build/Objects-normal/arm64/RAKNotification.SwiftConstValuesFileList --force --compile-time-extraction --deployment-aware-processing --no-app-shortcuts-localization
2026-09-22 07:14:33.657 appintentsmetadataprocessor[1452:8293] Starting appintentsmetadataprocessor export
2026-09-22 07:14:33.740 appintentsmetadataprocessor[1452:8293] Extracted no relevant App Intents symbols, skipping writing output
ExtractAppIntentsMetadata (in target 'RAKGRDB' from project 'RakuyoKit')
cd /Users/admin/builder/spi-builder-workspace
/Applications/Xcode-27.0.0-Release.Candidate.app/Contents/Developer/Toolchains/XcodeDefault.xctoolchain/usr/bin/appintentsmetadataprocessor --toolchain-dir /var/run/com.apple.security.cryptexd/mnt/com.apple.MobileAsset.MetalToolchain-v27.1.266.1.4Yg7Xc/Metal.xctoolchain --module-name RAKGRDB --sdk-root /Applications/Xcode-27.0.0-Release.Candidate.app/Contents/Developer/Platforms/XROS.platform/Developer/SDKs/XROS27.0.sdk --xcode-version 27A266a --platform-family xrOS --deployment-target 1.0 --bundle-identifier spi-builder-workspace.RAKGRDB --output /Users/admin/builder/spi-builder-workspace/.derivedData/Build/Products/Debug-xros/RAKGRDB.appintents --target-triple arm64-apple-xros1.0 --binary-file /Users/admin/builder/spi-builder-workspace/.derivedData/Build/Products/Debug-xros/RAKGRDB.o --dependency-file /Users/admin/builder/spi-builder-workspace/.derivedData/Build/Intermediates.noindex/RakuyoKit.build/Debug-xros/RAKGRDB-t.build/Objects-normal/arm64/RAKGRDB_dependency_info.dat --stringsdata-file /Users/admin/builder/spi-builder-workspace/.derivedData/Build/Intermediates.noindex/RakuyoKit.build/Debug-xros/RAKGRDB-t.build/Objects-normal/arm64/ExtractedAppShortcutsMetadata.stringsdata --source-file-list /Users/admin/builder/spi-builder-workspace/.derivedData/Build/Intermediates.noindex/RakuyoKit.build/Debug-xros/RAKGRDB-t.build/Objects-normal/arm64/RAKGRDB.SwiftFileList --metadata-file-list /Users/admin/builder/spi-builder-workspace/.derivedData/Build/Intermediates.noindex/RakuyoKit.build/Debug-xros/RAKGRDB-t.build/RAKGRDB.DependencyMetadataFileList --static-metadata-file-list /Users/admin/builder/spi-builder-workspace/.derivedData/Build/Intermediates.noindex/RakuyoKit.build/Debug-xros/RAKGRDB-t.build/RAKGRDB.DependencyStaticMetadataFileList --swift-const-vals-list /Users/admin/builder/spi-builder-workspace/.derivedData/Build/Intermediates.noindex/RakuyoKit.build/Debug-xros/RAKGRDB-t.build/Objects-normal/arm64/RAKGRDB.SwiftConstValuesFileList --force --compile-time-extraction --deployment-aware-processing --no-app-shortcuts-localization
2026-09-22 07:14:33.657 appintentsmetadataprocessor[1453:8300] Starting appintentsmetadataprocessor export
2026-09-22 07:14:33.734 appintentsmetadataprocessor[1453:8300] Extracted no relevant App Intents symbols, skipping writing output
ExtractAppIntentsMetadata (in target 'RAKGradient' from project 'RakuyoKit')
cd /Users/admin/builder/spi-builder-workspace
/Applications/Xcode-27.0.0-Release.Candidate.app/Contents/Developer/Toolchains/XcodeDefault.xctoolchain/usr/bin/appintentsmetadataprocessor --toolchain-dir /var/run/com.apple.security.cryptexd/mnt/com.apple.MobileAsset.MetalToolchain-v27.1.266.1.4Yg7Xc/Metal.xctoolchain --module-name RAKGradient --sdk-root /Applications/Xcode-27.0.0-Release.Candidate.app/Contents/Developer/Platforms/XROS.platform/Developer/SDKs/XROS27.0.sdk --xcode-version 27A266a --platform-family xrOS --deployment-target 1.0 --bundle-identifier spi-builder-workspace.RAKGradient --output /Users/admin/builder/spi-builder-workspace/.derivedData/Build/Products/Debug-xros/RAKGradient.appintents --target-triple arm64-apple-xros1.0 --binary-file /Users/admin/builder/spi-builder-workspace/.derivedData/Build/Products/Debug-xros/RAKGradient.o --dependency-file /Users/admin/builder/spi-builder-workspace/.derivedData/Build/Intermediates.noindex/RakuyoKit.build/Debug-xros/RAKGradient-t.build/Objects-normal/arm64/RAKGradient_dependency_info.dat --stringsdata-file /Users/admin/builder/spi-builder-workspace/.derivedData/Build/Intermediates.noindex/RakuyoKit.build/Debug-xros/RAKGradient-t.build/Objects-normal/arm64/ExtractedAppShortcutsMetadata.stringsdata --source-file-list /Users/admin/builder/spi-builder-workspace/.derivedData/Build/Intermediates.noindex/RakuyoKit.build/Debug-xros/RAKGradient-t.build/Objects-normal/arm64/RAKGradient.SwiftFileList --metadata-file-list /Users/admin/builder/spi-builder-workspace/.derivedData/Build/Intermediates.noindex/RakuyoKit.build/Debug-xros/RAKGradient-t.build/RAKGradient.DependencyMetadataFileList --static-metadata-file-list /Users/admin/builder/spi-builder-workspace/.derivedData/Build/Intermediates.noindex/RakuyoKit.build/Debug-xros/RAKGradient-t.build/RAKGradient.DependencyStaticMetadataFileList --swift-const-vals-list /Users/admin/builder/spi-builder-workspace/.derivedData/Build/Intermediates.noindex/RakuyoKit.build/Debug-xros/RAKGradient-t.build/Objects-normal/arm64/RAKGradient.SwiftConstValuesFileList --force --compile-time-extraction --deployment-aware-processing --no-app-shortcuts-localization
2026-09-22 07:14:33.657 appintentsmetadataprocessor[1454:8302] Starting appintentsmetadataprocessor export
2026-09-22 07:14:33.736 appintentsmetadataprocessor[1454:8302] Extracted no relevant App Intents symbols, skipping writing output
ExtractAppIntentsMetadata (in target 'RAKConfig' from project 'RakuyoKit')
cd /Users/admin/builder/spi-builder-workspace
/Applications/Xcode-27.0.0-Release.Candidate.app/Contents/Developer/Toolchains/XcodeDefault.xctoolchain/usr/bin/appintentsmetadataprocessor --toolchain-dir /var/run/com.apple.security.cryptexd/mnt/com.apple.MobileAsset.MetalToolchain-v27.1.266.1.4Yg7Xc/Metal.xctoolchain --module-name RAKConfig --sdk-root /Applications/Xcode-27.0.0-Release.Candidate.app/Contents/Developer/Platforms/XROS.platform/Developer/SDKs/XROS27.0.sdk --xcode-version 27A266a --platform-family xrOS --deployment-target 1.0 --bundle-identifier spi-builder-workspace.RAKConfig --output /Users/admin/builder/spi-builder-workspace/.derivedData/Build/Products/Debug-xros/RAKConfig.appintents --target-triple arm64-apple-xros1.0 --binary-file /Users/admin/builder/spi-builder-workspace/.derivedData/Build/Products/Debug-xros/RAKConfig.o --dependency-file /Users/admin/builder/spi-builder-workspace/.derivedData/Build/Intermediates.noindex/RakuyoKit.build/Debug-xros/RAKConfig-t.build/Objects-normal/arm64/RAKConfig_dependency_info.dat --stringsdata-file /Users/admin/builder/spi-builder-workspace/.derivedData/Build/Intermediates.noindex/RakuyoKit.build/Debug-xros/RAKConfig-t.build/Objects-normal/arm64/ExtractedAppShortcutsMetadata.stringsdata --source-file-list /Users/admin/builder/spi-builder-workspace/.derivedData/Build/Intermediates.noindex/RakuyoKit.build/Debug-xros/RAKConfig-t.build/Objects-normal/arm64/RAKConfig.SwiftFileList --metadata-file-list /Users/admin/builder/spi-builder-workspace/.derivedData/Build/Intermediates.noindex/RakuyoKit.build/Debug-xros/RAKConfig-t.build/RAKConfig.DependencyMetadataFileList --static-metadata-file-list /Users/admin/builder/spi-builder-workspace/.derivedData/Build/Intermediates.noindex/RakuyoKit.build/Debug-xros/RAKConfig-t.build/RAKConfig.DependencyStaticMetadataFileList --swift-const-vals-list /Users/admin/builder/spi-builder-workspace/.derivedData/Build/Intermediates.noindex/RakuyoKit.build/Debug-xros/RAKConfig-t.build/Objects-normal/arm64/RAKConfig.SwiftConstValuesFileList --force --compile-time-extraction --deployment-aware-processing --no-app-shortcuts-localization
2026-09-22 07:14:33.660 appintentsmetadataprocessor[1455:8303] Starting appintentsmetadataprocessor export
2026-09-22 07:14:33.740 appintentsmetadataprocessor[1455:8303] Extracted no relevant App Intents symbols, skipping writing output
ExtractAppIntentsMetadata (in target 'RAKCombine' from project 'RakuyoKit')
cd /Users/admin/builder/spi-builder-workspace
/Applications/Xcode-27.0.0-Release.Candidate.app/Contents/Developer/Toolchains/XcodeDefault.xctoolchain/usr/bin/appintentsmetadataprocessor --toolchain-dir /var/run/com.apple.security.cryptexd/mnt/com.apple.MobileAsset.MetalToolchain-v27.1.266.1.4Yg7Xc/Metal.xctoolchain --module-name RAKCombine --sdk-root /Applications/Xcode-27.0.0-Release.Candidate.app/Contents/Developer/Platforms/XROS.platform/Developer/SDKs/XROS27.0.sdk --xcode-version 27A266a --platform-family xrOS --deployment-target 1.0 --bundle-identifier spi-builder-workspace.RAKCombine --output /Users/admin/builder/spi-builder-workspace/.derivedData/Build/Products/Debug-xros/RAKCombine.appintents --target-triple arm64-apple-xros1.0 --binary-file /Users/admin/builder/spi-builder-workspace/.derivedData/Build/Products/Debug-xros/RAKCombine.o --dependency-file /Users/admin/builder/spi-builder-workspace/.derivedData/Build/Intermediates.noindex/RakuyoKit.build/Debug-xros/RAKCombine-t.build/Objects-normal/arm64/RAKCombine_dependency_info.dat --stringsdata-file /Users/admin/builder/spi-builder-workspace/.derivedData/Build/Intermediates.noindex/RakuyoKit.build/Debug-xros/RAKCombine-t.build/Objects-normal/arm64/ExtractedAppShortcutsMetadata.stringsdata --source-file-list /Users/admin/builder/spi-builder-workspace/.derivedData/Build/Intermediates.noindex/RakuyoKit.build/Debug-xros/RAKCombine-t.build/Objects-normal/arm64/RAKCombine.SwiftFileList --metadata-file-list /Users/admin/builder/spi-builder-workspace/.derivedData/Build/Intermediates.noindex/RakuyoKit.build/Debug-xros/RAKCombine-t.build/RAKCombine.DependencyMetadataFileList --static-metadata-file-list /Users/admin/builder/spi-builder-workspace/.derivedData/Build/Intermediates.noindex/RakuyoKit.build/Debug-xros/RAKCombine-t.build/RAKCombine.DependencyStaticMetadataFileList --swift-const-vals-list /Users/admin/builder/spi-builder-workspace/.derivedData/Build/Intermediates.noindex/RakuyoKit.build/Debug-xros/RAKCombine-t.build/Objects-normal/arm64/RAKCombine.SwiftConstValuesFileList --force --compile-time-extraction --deployment-aware-processing --no-app-shortcuts-localization
2026-09-22 07:14:33.661 appintentsmetadataprocessor[1456:8304] Starting appintentsmetadataprocessor export
2026-09-22 07:14:33.750 appintentsmetadataprocessor[1456:8304] Extracted no relevant App Intents symbols, skipping writing output
SwiftDriverJobDiscovery normal arm64 Compiling RAKEncodable.swift (in target 'RAKCodable' from project 'RakuyoKit')
SwiftDriver\ Compilation RAKCodable normal arm64 com.apple.xcode.tools.swift.compiler (in target 'RAKCodable' from project 'RakuyoKit')
cd /Users/admin/builder/spi-builder-workspace/.swiftpm/xcode
builtin-Swift-Compilation -- /Applications/Xcode-27.0.0-Release.Candidate.app/Contents/Developer/Toolchains/XcodeDefault.xctoolchain/usr/bin/swiftc -parse-as-library -module-name RAKCodable -Onone @/Users/admin/builder/spi-builder-workspace/.derivedData/Build/Intermediates.noindex/RakuyoKit.build/Debug-xros/RAKCodable-t.build/Objects-normal/arm64/RAKCodable.SwiftFileList -DSWIFT_PACKAGE -DDEBUG -DSWIFT_MODULE_RESOURCE_BUNDLE_UNAVAILABLE -DXcode -plugin-path /Applications/Xcode-27.0.0-Release.Candidate.app/Contents/Developer/Toolchains/XcodeDefault.xctoolchain/usr/lib/swift/host/plugins/testing -enable-experimental-feature DebugDescriptionMacro -sdk /Applications/Xcode-27.0.0-Release.Candidate.app/Contents/Developer/Platforms/XROS.platform/Developer/SDKs/XROS27.0.sdk -target arm64-apple-xros1.0 -g -module-cache-path /Users/admin/builder/spi-builder-workspace/.derivedData/ModuleCache.noindex -Xfrontend -serialize-debugging-options -profile-coverage-mapping -profile-generate -enable-testing -index-store-path /Users/admin/builder/spi-builder-workspace/.derivedData/Index.noindex/DataStore -Xcc -D_LIBCPP_HARDENING_MODE\=_LIBCPP_HARDENING_MODE_DEBUG -swift-version 5 -I /Users/admin/builder/spi-builder-workspace/.derivedData/Build/Products/Debug-xros -Isystem /Applications/Xcode-27.0.0-Release.Candidate.app/Contents/Developer/Platforms/XROS.platform/Developer/usr/lib -F /Users/admin/builder/spi-builder-workspace/.derivedData/Build/Products/Debug-xros/PackageFrameworks -F /Users/admin/builder/spi-builder-workspace/.derivedData/Build/Products/Debug-xros -F /Applications/Xcode-27.0.0-Release.Candidate.app/Contents/Developer/Platforms/XROS.platform/Developer/Library/Frameworks -F /Applications/Xcode-27.0.0-Release.Candidate.app/Contents/Developer/Platforms/XROS.platform/Developer/SDKs/XROS27.0.sdk/Developer/Library/Frameworks -c -j10 -enable-batch-mode -incremental -Xcc -ivfsstatcache -Xcc /Users/admin/builder/spi-builder-workspace/.derivedData/SDKStatCaches.noindex/xros27.0-24M361-e829b21a6f8c9b70876ba0858053c044735bd543db762f57723cac368afd1ce4.sdkstatcache -output-file-map /Users/admin/builder/spi-builder-workspace/.derivedData/Build/Intermediates.noindex/RakuyoKit.build/Debug-xros/RAKCodable-t.build/Objects-normal/arm64/RAKCodable-OutputFileMap.json -save-temps -no-color-diagnostics -explicit-module-build -module-cache-path /Users/admin/builder/spi-builder-workspace/.derivedData/Build/Intermediates.noindex/SwiftExplicitPrecompiledModules -clang-scanner-module-cache-path /Users/admin/builder/spi-builder-workspace/.derivedData/ModuleCache.noindex -sdk-module-cache-path /Users/admin/builder/spi-builder-workspace/.derivedData/SDKExplicitPrecompiledModules -emit-dependencies -emit-module -emit-module-path /Users/admin/builder/spi-builder-workspace/.derivedData/Build/Intermediates.noindex/RakuyoKit.build/Debug-xros/RAKCodable-t.build/Objects-normal/arm64/RAKCodable.swiftmodule -serialize-diagnostics -dependency-scan-serialize-diagnostics-path /Users/admin/builder/spi-builder-workspace/.derivedData/Build/Intermediates.noindex/RakuyoKit.build/Debug-xros/RAKCodable-t.build/Objects-normal/arm64/RAKCodable-dependency-scan.dia -validate-clang-modules-once -clang-build-session-file /Users/admin/builder/spi-builder-workspace/.derivedData/ModuleCache.noindex/Session.modulevalidation -Xcc -fmodules-prune-interval\=86400 -Xcc -fmodules-prune-after\=345600 -package-name spi_builder_workspace -emit-const-values -const-gather-protocols-list /Users/admin/builder/spi-builder-workspace/.derivedData/Build/Intermediates.noindex/RakuyoKit.build/Debug-xros/RAKCodable-t.build/Objects-normal/arm64/RAKCodable_const_extract_protocols.json -Xcc -I/Users/admin/builder/spi-builder-workspace/.derivedData/Build/Products/Debug-xros/include -Xcc -I/Users/admin/builder/spi-builder-workspace/.derivedData/Build/Intermediates.noindex/RakuyoKit.build/Debug-xros/RAKCodable-t.build/DerivedSources-normal/arm64 -Xcc -I/Users/admin/builder/spi-builder-workspace/.derivedData/Build/Intermediates.noindex/RakuyoKit.build/Debug-xros/RAKCodable-t.build/DerivedSources/arm64 -Xcc -I/Users/admin/builder/spi-builder-workspace/.derivedData/Build/Intermediates.noindex/RakuyoKit.build/Debug-xros/RAKCodable-t.build/DerivedSources -Xcc -DSWIFT_PACKAGE -Xcc -DDEBUG\=1 -emit-objc-header -emit-objc-header-path /Users/admin/builder/spi-builder-workspace/.derivedData/Build/Intermediates.noindex/RakuyoKit.build/Debug-xros/RAKCodable-t.build/Objects-normal/arm64/RAKCodable-Swift.h -working-directory /Users/admin/builder/spi-builder-workspace/.swiftpm/xcode -experimental-emit-module-separately -disable-cmo
Ld /Users/admin/builder/spi-builder-workspace/.derivedData/Build/Products/Debug-xros/RAKCodable.o normal (in target 'RAKCodable' from project 'RakuyoKit')
cd /Users/admin/builder/spi-builder-workspace
/Applications/Xcode-27.0.0-Release.Candidate.app/Contents/Developer/Toolchains/XcodeDefault.xctoolchain/usr/bin/clang -Xlinker -reproducible -target arm64-apple-xros1.0 -r -isysroot /Applications/Xcode-27.0.0-Release.Candidate.app/Contents/Developer/Platforms/XROS.platform/Developer/SDKs/XROS27.0.sdk -O0 -Xlinker -no_warn_duplicate_libraries -F/Users/admin/builder/spi-builder-workspace/.derivedData/Build/Intermediates.noindex/EagerLinkingTBDs/Debug-xros -F/Users/admin/builder/spi-builder-workspace/.derivedData/Build/Products/Debug-xros/PackageFrameworks -F/Users/admin/builder/spi-builder-workspace/.derivedData/Build/Products/Debug-xros -iframework /Applications/Xcode-27.0.0-Release.Candidate.app/Contents/Developer/Platforms/XROS.platform/Developer/Library/Frameworks -iframework /Applications/Xcode-27.0.0-Release.Candidate.app/Contents/Developer/Platforms/XROS.platform/Developer/SDKs/XROS27.0.sdk/Developer/Library/Frameworks -filelist /Users/admin/builder/spi-builder-workspace/.derivedData/Build/Intermediates.noindex/RakuyoKit.build/Debug-xros/RAKCodable-t.build/Objects-normal/arm64/RAKCodable.LinkFileList -nostdlib -Xlinker -object_path_lto -Xlinker /Users/admin/builder/spi-builder-workspace/.derivedData/Build/Intermediates.noindex/RakuyoKit.build/Debug-xros/RAKCodable-t.build/Objects-normal/arm64/RAKCodable_lto.o -Xlinker -no_deduplicate -Xlinker -debug_variant -Xlinker -dependency_info -Xlinker /Users/admin/builder/spi-builder-workspace/.derivedData/Build/Intermediates.noindex/RakuyoKit.build/Debug-xros/RAKCodable-t.build/Objects-normal/arm64/RAKCodable_dependency_info.dat -fobjc-link-runtime -L/Applications/Xcode-27.0.0-Release.Candidate.app/Contents/Developer/Toolchains/XcodeDefault.xctoolchain/usr/lib/swift/xros -L/usr/lib/swift -Xlinker -add_ast_path -Xlinker /Users/admin/builder/spi-builder-workspace/.derivedData/Build/Intermediates.noindex/RakuyoKit.build/Debug-xros/RAKCodable-t.build/Objects-normal/arm64/RAKCodable.swiftmodule -o /Users/admin/builder/spi-builder-workspace/.derivedData/Build/Products/Debug-xros/RAKCodable.o
ExtractAppIntentsMetadata (in target 'RAKCodable' from project 'RakuyoKit')
cd /Users/admin/builder/spi-builder-workspace
/Applications/Xcode-27.0.0-Release.Candidate.app/Contents/Developer/Toolchains/XcodeDefault.xctoolchain/usr/bin/appintentsmetadataprocessor --toolchain-dir /var/run/com.apple.security.cryptexd/mnt/com.apple.MobileAsset.MetalToolchain-v27.1.266.1.4Yg7Xc/Metal.xctoolchain --module-name RAKCodable --sdk-root /Applications/Xcode-27.0.0-Release.Candidate.app/Contents/Developer/Platforms/XROS.platform/Developer/SDKs/XROS27.0.sdk --xcode-version 27A266a --platform-family xrOS --deployment-target 1.0 --bundle-identifier spi-builder-workspace.RAKCodable --output /Users/admin/builder/spi-builder-workspace/.derivedData/Build/Products/Debug-xros/RAKCodable.appintents --target-triple arm64-apple-xros1.0 --binary-file /Users/admin/builder/spi-builder-workspace/.derivedData/Build/Products/Debug-xros/RAKCodable.o --dependency-file /Users/admin/builder/spi-builder-workspace/.derivedData/Build/Intermediates.noindex/RakuyoKit.build/Debug-xros/RAKCodable-t.build/Objects-normal/arm64/RAKCodable_dependency_info.dat --stringsdata-file /Users/admin/builder/spi-builder-workspace/.derivedData/Build/Intermediates.noindex/RakuyoKit.build/Debug-xros/RAKCodable-t.build/Objects-normal/arm64/ExtractedAppShortcutsMetadata.stringsdata --source-file-list /Users/admin/builder/spi-builder-workspace/.derivedData/Build/Intermediates.noindex/RakuyoKit.build/Debug-xros/RAKCodable-t.build/Objects-normal/arm64/RAKCodable.SwiftFileList --metadata-file-list /Users/admin/builder/spi-builder-workspace/.derivedData/Build/Intermediates.noindex/RakuyoKit.build/Debug-xros/RAKCodable-t.build/RAKCodable.DependencyMetadataFileList --static-metadata-file-list /Users/admin/builder/spi-builder-workspace/.derivedData/Build/Intermediates.noindex/RakuyoKit.build/Debug-xros/RAKCodable-t.build/RAKCodable.DependencyStaticMetadataFileList --swift-const-vals-list /Users/admin/builder/spi-builder-workspace/.derivedData/Build/Intermediates.noindex/RakuyoKit.build/Debug-xros/RAKCodable-t.build/Objects-normal/arm64/RAKCodable.SwiftConstValuesFileList --force --compile-time-extraction --deployment-aware-processing --no-app-shortcuts-localization
2026-09-22 07:14:33.718 appintentsmetadataprocessor[1459:8364] Starting appintentsmetadataprocessor export
2026-09-22 07:14:33.819 appintentsmetadataprocessor[1459:8364] Extracted no relevant App Intents symbols, skipping writing output
SwiftCompile normal arm64 Compiling\ Encryptable.swift /Users/admin/builder/spi-builder-workspace/Sources/Encrypte/Encryptable.swift (in target 'RAKEncrypte' from project 'RakuyoKit')
SwiftCompile normal arm64 /Users/admin/builder/spi-builder-workspace/Sources/Encrypte/Encryptable.swift (in target 'RAKEncrypte' from project 'RakuyoKit')
cd /Users/admin/builder/spi-builder-workspace/.swiftpm/xcode
builtin-SwiftPerFileCompile Encryptable.swift
/Users/admin/builder/spi-builder-workspace/Sources/Encrypte/Encryptable.swift:43:34: error: no exact matches in call to instance method 'encrypt'
41 | do {
42 | let data = try JSONEncoder().encode(content)
43 | let result = try aes.encrypt(data.bytes).toBase64()
| `- error: no exact matches in call to instance method 'encrypt'
44 |
45 | return .success(result: result)
CryptoSwift.AES.encrypt:2:24: note: candidate expects value of type 'ArraySlice<UInt8>' for parameter #1 (got 'RawSpan')
1 | class AES {
2 | @inlinable public func encrypt(_ bytes: ArraySlice<UInt8>) throws -> [UInt8]}
| `- note: candidate expects value of type 'ArraySlice<UInt8>' for parameter #1 (got 'RawSpan')
3 |
CryptoSwift.Cipher.encrypt:2:13: note: candidate expects value of type 'Array<UInt8>' for parameter #1 (got 'RawSpan')
1 | protocol Cipher {
2 | public func encrypt(_ bytes: [UInt8]) throws -> [UInt8]}
| `- note: candidate expects value of type 'Array<UInt8>' for parameter #1 (got 'RawSpan')
3 |
Failed frontend command:
/Applications/Xcode-27.0.0-Release.Candidate.app/Contents/Developer/Toolchains/XcodeDefault.xctoolchain/usr/bin/swift-frontend -frontend -c /Users/admin/builder/spi-builder-workspace/Sources/Encrypte/Decryptable.swift -primary-file /Users/admin/builder/spi-builder-workspace/Sources/Encrypte/Encryptable.swift /Users/admin/builder/spi-builder-workspace/Sources/Encrypte/Encrypted.swift /Users/admin/builder/spi-builder-workspace/Sources/Encrypte/NeedEncrypted.swift -emit-dependencies-path /Users/admin/builder/spi-builder-workspace/.derivedData/Build/Intermediates.noindex/RakuyoKit.build/Debug-xros/RAKEncrypte-t.build/Objects-normal/arm64/Encryptable.d -emit-const-values-path /Users/admin/builder/spi-builder-workspace/.derivedData/Build/Intermediates.noindex/RakuyoKit.build/Debug-xros/RAKEncrypte-t.build/Objects-normal/arm64/Encryptable.swiftconstvalues -emit-reference-dependencies-path /Users/admin/builder/spi-builder-workspace/.derivedData/Build/Intermediates.noindex/RakuyoKit.build/Debug-xros/RAKEncrypte-t.build/Objects-normal/arm64/Encryptable.swiftdeps -serialize-diagnostics-path /Users/admin/builder/spi-builder-workspace/.derivedData/Build/Intermediates.noindex/RakuyoKit.build/Debug-xros/RAKEncrypte-t.build/Objects-normal/arm64/Encryptable.dia -target arm64-apple-xros1.0 -disable-cross-import-overlay-search -load-resolved-plugin /Applications/Xcode-27.0.0-Release.Candidate.app/Contents/Developer/Platforms/XROS.platform/Developer/usr/lib/swift/host/plugins/libFoundationMacros.dylib\#/Applications/Xcode-27.0.0-Release.Candidate.app/Contents/Developer/Platforms/XROS.platform/Developer/usr/bin/swift-plugin-server\#FoundationMacros -load-resolved-plugin /Applications/Xcode-27.0.0-Release.Candidate.app/Contents/Developer/Platforms/XROS.platform/Developer/usr/lib/swift/host/plugins/libObservationMacros.dylib\#/Applications/Xcode-27.0.0-Release.Candidate.app/Contents/Developer/Platforms/XROS.platform/Developer/usr/bin/swift-plugin-server\#ObservationMacros -load-resolved-plugin /Applications/Xcode-27.0.0-Release.Candidate.app/Contents/Developer/Platforms/XROS.platform/Developer/usr/lib/swift/host/plugins/libPreviewsMacros.dylib\#/Applications/Xcode-27.0.0-Release.Candidate.app/Contents/Developer/Platforms/XROS.platform/Developer/usr/bin/swift-plugin-server\#PreviewsMacros -load-resolved-plugin /Applications/Xcode-27.0.0-Release.Candidate.app/Contents/Developer/Platforms/XROS.platform/Developer/usr/lib/swift/host/plugins/libSwiftMacros.dylib\#/Applications/Xcode-27.0.0-Release.Candidate.app/Contents/Developer/Platforms/XROS.platform/Developer/usr/bin/swift-plugin-server\#SwiftMacros -load-resolved-plugin /Applications/Xcode-27.0.0-Release.Candidate.app/Contents/Developer/Platforms/XROS.platform/Developer/usr/lib/swift/host/plugins/libSwiftUIMacros.dylib\#/Applications/Xcode-27.0.0-Release.Candidate.app/Contents/Developer/Platforms/XROS.platform/Developer/usr/bin/swift-plugin-server\#SwiftUIMacros -disable-implicit-swift-modules -Xcc -fno-implicit-modules -Xcc -fno-implicit-module-maps -explicit-swift-module-map-file /Users/admin/builder/spi-builder-workspace/.derivedData/Build/Intermediates.noindex/RakuyoKit.build/Debug-xros/RAKEncrypte-t.build/Objects-normal/arm64/RAKEncrypte-dependencies-1.json -Xllvm -aarch64-use-tbi -enable-objc-interop -stack-check -sdk /Applications/Xcode-27.0.0-Release.Candidate.app/Contents/Developer/Platforms/XROS.platform/Developer/SDKs/XROS27.0.sdk -I /Users/admin/builder/spi-builder-workspace/.derivedData/Build/Products/Debug-xros -Isystem /Applications/Xcode-27.0.0-Release.Candidate.app/Contents/Developer/Platforms/XROS.platform/Developer/usr/lib -F /Users/admin/builder/spi-builder-workspace/.derivedData/Build/Products/Debug-xros/PackageFrameworks -F /Users/admin/builder/spi-builder-workspace/.derivedData/Build/Products/Debug-xros -F /Applications/Xcode-27.0.0-Release.Candidate.app/Contents/Developer/Platforms/XROS.platform/Developer/Library/Frameworks -F /Applications/Xcode-27.0.0-Release.Candidate.app/Contents/Developer/Platforms/XROS.platform/Developer/SDKs/XROS27.0.sdk/Developer/Library/Frameworks -module-cache-path /Users/admin/builder/spi-builder-workspace/.derivedData/Build/Intermediates.noindex/SwiftExplicitPrecompiledModules -no-color-diagnostics -Xcc -fno-color-diagnostics -enable-testing -g -debug-info-format\=dwarf -dwarf-version\=4 -profile-generate -profile-coverage-mapping -swift-version 5 -Onone -D SWIFT_PACKAGE -D DEBUG -D SWIFT_MODULE_RESOURCE_BUNDLE_UNAVAILABLE -D Xcode -serialize-debugging-options -enable-experimental-feature DebugDescriptionMacro -empty-abi-descriptor -validate-clang-modules-once -clang-build-session-file /Users/admin/builder/spi-builder-workspace/.derivedData/ModuleCache.noindex/Session.modulevalidation -Xcc -working-directory -Xcc /Users/admin/builder/spi-builder-workspace/.swiftpm/xcode -enable-anonymous-context-mangled-names -file-compilation-dir /Users/admin/builder/spi-builder-workspace/.swiftpm/xcode -Xcc -D_LIBCPP_HARDENING_MODE\=_LIBCPP_HARDENING_MODE_DEBUG -Xcc -ivfsstatcache -Xcc /Users/admin/builder/spi-builder-workspace/.derivedData/SDKStatCaches.noindex/xros27.0-24M361-e829b21a6f8c9b70876ba0858053c044735bd543db762f57723cac368afd1ce4.sdkstatcache -Xcc -fmodules-prune-interval\=86400 -Xcc -fmodules-prune-after\=345600 -Xcc -I/Users/admin/builder/spi-builder-workspace/.derivedData/Build/Products/Debug-xros/include -Xcc -I/Users/admin/builder/spi-builder-workspace/.derivedData/Build/Intermediates.noindex/RakuyoKit.build/Debug-xros/RAKEncrypte-t.build/DerivedSources-normal/arm64 -Xcc -I/Users/admin/builder/spi-builder-workspace/.derivedData/Build/Intermediates.noindex/RakuyoKit.build/Debug-xros/RAKEncrypte-t.build/DerivedSources/arm64 -Xcc -I/Users/admin/builder/spi-builder-workspace/.derivedData/Build/Intermediates.noindex/RakuyoKit.build/Debug-xros/RAKEncrypte-t.build/DerivedSources -Xcc -DSWIFT_PACKAGE -Xcc -DDEBUG\=1 -no-auto-bridging-header-chaining -module-name RAKEncrypte -package-name spi_builder_workspace -const-gather-protocols-file /Users/admin/builder/spi-builder-workspace/.derivedData/Build/Intermediates.noindex/RakuyoKit.build/Debug-xros/RAKEncrypte-t.build/Objects-normal/arm64/RAKEncrypte_const_extract_protocols.json -disable-clang-spi -clang-target arm64-apple-xros27.0 -target-sdk-version 27.0 -target-sdk-name xros27.0 -in-process-plugin-server-path /Applications/Xcode-27.0.0-Release.Candidate.app/Contents/Developer/Toolchains/XcodeDefault.xctoolchain/usr/lib/swift/host/libSwiftInProcPluginServer.dylib -parse-as-library -o /Users/admin/builder/spi-builder-workspace/.derivedData/Build/Intermediates.noindex/RakuyoKit.build/Debug-xros/RAKEncrypte-t.build/Objects-normal/arm64/Encryptable.o -debug-module-path /Users/admin/builder/spi-builder-workspace/.derivedData/Build/Intermediates.noindex/RakuyoKit.build/Debug-xros/RAKEncrypte-t.build/Objects-normal/arm64/RAKEncrypte.swiftmodule -index-unit-output-path /RakuyoKit.build/Debug-xros/RAKEncrypte-t.build/Objects-normal/arm64/Encryptable.o -index-store-path /Users/admin/builder/spi-builder-workspace/.derivedData/Index.noindex/DataStore -index-system-modules
SwiftEmitModule normal arm64 Emitting\ module\ for\ RAKEncrypte (in target 'RAKEncrypte' from project 'RakuyoKit')
SwiftCompile normal arm64 (in target 'RAKEncrypte' from project 'RakuyoKit')
cd /Users/admin/builder/spi-builder-workspace/.swiftpm/xcode
SwiftCompile normal arm64 Compiling\ NeedEncrypted.swift /Users/admin/builder/spi-builder-workspace/Sources/Encrypte/NeedEncrypted.swift (in target 'RAKEncrypte' from project 'RakuyoKit')
SwiftCompile normal arm64 /Users/admin/builder/spi-builder-workspace/Sources/Encrypte/NeedEncrypted.swift (in target 'RAKEncrypte' from project 'RakuyoKit')
cd /Users/admin/builder/spi-builder-workspace/.swiftpm/xcode
builtin-SwiftPerFileCompile NeedEncrypted.swift
SwiftCompile normal arm64 Compiling\ Decryptable.swift /Users/admin/builder/spi-builder-workspace/Sources/Encrypte/Decryptable.swift (in target 'RAKEncrypte' from project 'RakuyoKit')
SwiftCompile normal arm64 /Users/admin/builder/spi-builder-workspace/Sources/Encrypte/Decryptable.swift (in target 'RAKEncrypte' from project 'RakuyoKit')
cd /Users/admin/builder/spi-builder-workspace/.swiftpm/xcode
builtin-SwiftPerFileCompile Decryptable.swift
SwiftCompile normal arm64 Compiling\ Encrypted.swift /Users/admin/builder/spi-builder-workspace/Sources/Encrypte/Encrypted.swift (in target 'RAKEncrypte' from project 'RakuyoKit')
SwiftCompile normal arm64 /Users/admin/builder/spi-builder-workspace/Sources/Encrypte/Encrypted.swift (in target 'RAKEncrypte' from project 'RakuyoKit')
cd /Users/admin/builder/spi-builder-workspace/.swiftpm/xcode
builtin-SwiftPerFileCompile Encrypted.swift
SwiftEmitModule normal arm64 Emitting\ module\ for\ RAKBase (in target 'RAKBase' from project 'RakuyoKit')
SwiftCompile normal arm64 (in target 'RAKBase' from project 'RakuyoKit')
cd /Users/admin/builder/spi-builder-workspace/.swiftpm/xcode
SwiftCompile normal arm64 Compiling\ FastCell.swift /Users/admin/builder/spi-builder-workspace/Sources/Base/View/Fast/FastCell.swift (in target 'RAKBase' from project 'RakuyoKit')
SwiftCompile normal arm64 /Users/admin/builder/spi-builder-workspace/Sources/Base/View/Fast/FastCell.swift (in target 'RAKBase' from project 'RakuyoKit')
cd /Users/admin/builder/spi-builder-workspace/.swiftpm/xcode
builtin-SwiftPerFileCompile FastCell.swift
SwiftCompile normal arm64 Compiling\ NavigationControllerPopDelegateProxy.swift,\ RAKBaseNavigationController.swift /Users/admin/builder/spi-builder-workspace/Sources/Base/Controller/NavigationControllerPopDelegateProxy.swift /Users/admin/builder/spi-builder-workspace/Sources/Base/Controller/RAKBaseNavigationController.swift (in target 'RAKBase' from project 'RakuyoKit')
SwiftCompile normal arm64 /Users/admin/builder/spi-builder-workspace/Sources/Base/Controller/NavigationControllerPopDelegateProxy.swift (in target 'RAKBase' from project 'RakuyoKit')
cd /Users/admin/builder/spi-builder-workspace/.swiftpm/xcode
builtin-SwiftPerFileCompile NavigationControllerPopDelegateProxy.swift
SwiftCompile normal arm64 /Users/admin/builder/spi-builder-workspace/Sources/Base/Controller/RAKBaseNavigationController.swift (in target 'RAKBase' from project 'RakuyoKit')
cd /Users/admin/builder/spi-builder-workspace/.swiftpm/xcode
builtin-SwiftPerFileCompile RAKBaseNavigationController.swift
SwiftCompile normal arm64 Compiling\ FastListView.swift /Users/admin/builder/spi-builder-workspace/Sources/Base/View/Fast/FastListView.swift (in target 'RAKBase' from project 'RakuyoKit')
SwiftCompile normal arm64 /Users/admin/builder/spi-builder-workspace/Sources/Base/View/Fast/FastListView.swift (in target 'RAKBase' from project 'RakuyoKit')
cd /Users/admin/builder/spi-builder-workspace/.swiftpm/xcode
builtin-SwiftPerFileCompile FastListView.swift
SwiftCompile normal arm64 Compiling\ RAKBaseCollectionViewCell.swift /Users/admin/builder/spi-builder-workspace/Sources/Base/View/Cell/RAKBaseCollectionViewCell.swift (in target 'RAKBase' from project 'RakuyoKit')
SwiftCompile normal arm64 /Users/admin/builder/spi-builder-workspace/Sources/Base/View/Cell/RAKBaseCollectionViewCell.swift (in target 'RAKBase' from project 'RakuyoKit')
cd /Users/admin/builder/spi-builder-workspace/.swiftpm/xcode
builtin-SwiftPerFileCompile RAKBaseCollectionViewCell.swift
SwiftCompile normal arm64 Compiling\ RAKBaseTableViewCell.swift /Users/admin/builder/spi-builder-workspace/Sources/Base/View/Cell/RAKBaseTableViewCell.swift (in target 'RAKBase' from project 'RakuyoKit')
SwiftCompile normal arm64 /Users/admin/builder/spi-builder-workspace/Sources/Base/View/Cell/RAKBaseTableViewCell.swift (in target 'RAKBase' from project 'RakuyoKit')
cd /Users/admin/builder/spi-builder-workspace/.swiftpm/xcode
builtin-SwiftPerFileCompile RAKBaseTableViewCell.swift
PruneExplicitPrecompiledModules /Users/admin/builder/spi-builder-workspace/.derivedData/SDKExplicitPrecompiledModules
PruneExplicitPrecompiledModules /Users/admin/builder/spi-builder-workspace/.derivedData/Build/Intermediates.noindex/ExplicitPrecompiledModules
PruneExplicitPrecompiledModules /Users/admin/builder/spi-builder-workspace/.derivedData/Build/Intermediates.noindex/SwiftExplicitPrecompiledModules
2026-09-22 07:14:17.444 xcodebuild[1019:5716] [MT] IDERunDestination: Supported platforms for the buildables in the current scheme is empty.
** BUILD FAILED **
The following build commands failed:
SwiftCompile normal arm64 /Users/admin/builder/spi-builder-workspace/Sources/Encrypte/Encryptable.swift (in target 'RAKEncrypte' from project 'RakuyoKit')
SwiftCompile normal arm64 Compiling\ Encryptable.swift /Users/admin/builder/spi-builder-workspace/Sources/Encrypte/Encryptable.swift (in target 'RAKEncrypte' from project 'RakuyoKit')
Building workspace RakuyoKit with scheme RakuyoKit-Package
(3 failures)
Command line invocation:
/Applications/Xcode-27.0.0-Release.Candidate.app/Contents/Developer/usr/bin/xcodebuild -IDEClonedSourcePackagesDirPathOverride=/Users/admin/builder/spi-builder-workspace/.dependencies -resolvePackageDependencies
Resolve Package Graph
Resolved source packages:
GRDB: https://github.com/groue/GRDB.swift.git @ 6.29.3
RakuyoSwift: https://github.com/RakuyoKit/swift.git @ 1.4.0
swift-argument-parser: https://github.com/apple/swift-argument-parser.git @ 1.8.2
RakuyoKit: /Users/admin/builder/spi-builder-workspace
CryptoSwift: https://github.com/krzyzanowskim/CryptoSwift.git @ 1.10.0
Epoxy: https://github.com/airbnb/epoxy-ios.git @ 0.11.0
Then: https://github.com/devxoul/Then.git @ 3.0.0
RaLog: https://github.com/RakuyoKit/RaLog.git @ 1.8.1
resolved source packages: GRDB, RakuyoSwift, swift-argument-parser, RakuyoKit, CryptoSwift, Epoxy, Then, RaLog
2026-09-22 07:14:36.973 xcodebuild[1470:8493] [MT] IDERunDestination: Supported platforms for the buildables in the current scheme is empty.
{
"dependencies" : [
{
"identity" : "swift",
"requirement" : {
"range" : [
{
"lower_bound" : "1.4.0",
"upper_bound" : "2.0.0"
}
]
},
"type" : "sourceControl",
"url" : "https://github.com/RakuyoKit/swift.git"
},
{
"identity" : "ralog",
"requirement" : {
"range" : [
{
"lower_bound" : "1.7.4",
"upper_bound" : "2.0.0"
}
]
},
"type" : "sourceControl",
"url" : "https://github.com/RakuyoKit/RaLog.git"
},
{
"identity" : "then",
"requirement" : {
"range" : [
{
"lower_bound" : "3.0.0",
"upper_bound" : "4.0.0"
}
]
},
"type" : "sourceControl",
"url" : "https://github.com/devxoul/Then.git"
},
{
"identity" : "cryptoswift",
"requirement" : {
"range" : [
{
"lower_bound" : "1.8.4",
"upper_bound" : "2.0.0"
}
]
},
"type" : "sourceControl",
"url" : "https://github.com/krzyzanowskim/CryptoSwift.git"
},
{
"identity" : "epoxy-ios",
"requirement" : {
"range" : [
{
"lower_bound" : "0.10.0",
"upper_bound" : "1.0.0"
}
]
},
"type" : "sourceControl",
"url" : "https://github.com/airbnb/epoxy-ios.git"
},
{
"identity" : "grdb.swift",
"requirement" : {
"range" : [
{
"lower_bound" : "6.29.3",
"upper_bound" : "7.0.0"
}
]
},
"type" : "sourceControl",
"url" : "https://github.com/groue/GRDB.swift.git"
}
],
"manifest_display_name" : "RakuyoKit",
"name" : "RakuyoKit",
"path" : "/Users/admin/builder/spi-builder-workspace",
"platforms" : [
{
"name" : "ios",
"version" : "13.0"
},
{
"name" : "tvos",
"version" : "13.0"
},
{
"name" : "watchos",
"version" : "6.0"
},
{
"name" : "visionos",
"version" : "1.0"
}
],
"products" : [
{
"name" : "RakuyoKit",
"targets" : [
"RakuyoKit"
],
"type" : {
"library" : [
"automatic"
]
}
},
{
"name" : "RAKCore",
"targets" : [
"RAKCore",
"RAKFixCrashOnInputKeyboard"
],
"type" : {
"library" : [
"automatic"
]
}
},
{
"name" : "RAKConfig",
"targets" : [
"RAKConfig"
],
"type" : {
"library" : [
"automatic"
]
}
},
{
"name" : "RAKBase",
"targets" : [
"RAKBase"
],
"type" : {
"library" : [
"automatic"
]
}
},
{
"name" : "RAKCodable",
"targets" : [
"RAKCodable"
],
"type" : {
"library" : [
"automatic"
]
}
},
{
"name" : "RAKNotification",
"targets" : [
"RAKNotification"
],
"type" : {
"library" : [
"automatic"
]
}
},
{
"name" : "RAKEncrypte",
"targets" : [
"RAKEncrypte"
],
"type" : {
"library" : [
"automatic"
]
}
},
{
"name" : "RAKLocalCache",
"targets" : [
"RAKLocalCache"
],
"type" : {
"library" : [
"automatic"
]
}
},
{
"name" : "RAKGradient",
"targets" : [
"RAKGradient"
],
"type" : {
"library" : [
"automatic"
]
}
},
{
"name" : "RAKCombine",
"targets" : [
"RAKCombine"
],
"type" : {
"library" : [
"automatic"
]
}
},
{
"name" : "RAKEpoxy",
"targets" : [
"RAKEpoxy"
],
"type" : {
"library" : [
"automatic"
]
}
},
{
"name" : "RAKGRDB",
"targets" : [
"RAKGRDB"
],
"type" : {
"library" : [
"automatic"
]
}
},
{
"name" : "RAKNanoID",
"targets" : [
"RAKNanoID"
],
"type" : {
"library" : [
"automatic"
]
}
}
],
"targets" : [
{
"c99name" : "_RAKCombineRuntime",
"module_type" : "ClangTarget",
"name" : "_RAKCombineRuntime",
"path" : "Sources/Combine/Runtime",
"product_memberships" : [
"RakuyoKit",
"RAKCombine"
],
"sources" : [
"ObjcDelegateProxy.m"
],
"type" : "library"
},
{
"c99name" : "RakuyoKitTests",
"module_type" : "SwiftTarget",
"name" : "RakuyoKitTests",
"path" : "Tests/RakuyoKitTests",
"sources" : [
"RakuyoKitTests.swift"
],
"target_dependencies" : [
"RakuyoKit"
],
"type" : "test"
},
{
"c99name" : "RakuyoKit",
"module_type" : "SwiftTarget",
"name" : "RakuyoKit",
"path" : "Sources/RakuyoKit",
"product_memberships" : [
"RakuyoKit"
],
"sources" : [
"Exports.swift"
],
"target_dependencies" : [
"RAKBase",
"RAKCodable",
"RAKCombine",
"RAKConfig",
"RAKCore",
"RAKEncrypte",
"RAKGradient",
"RAKLocalCache",
"RAKNotification",
"RAKNanoID"
],
"type" : "library"
},
{
"c99name" : "RAKNotification",
"module_type" : "SwiftTarget",
"name" : "RAKNotification",
"path" : "Sources/Notification",
"product_memberships" : [
"RakuyoKit",
"RAKNotification"
],
"sources" : [
"Definition/Foundation.swift",
"Generated/NotificationPayload.generated.swift",
"Generated/TypedNotification.generated.swift",
"NotificationCenter+Noti.swift",
"NotificationObserver.swift",
"NotificationPayload.swift",
"TypedNotification.swift"
],
"target_dependencies" : [
"RAKCore"
],
"type" : "library"
},
{
"c99name" : "RAKNanoID",
"module_type" : "SwiftTarget",
"name" : "RAKNanoID",
"path" : "Sources/NanoID",
"product_memberships" : [
"RakuyoKit",
"RAKNanoID"
],
"sources" : [
"NanoID+Alphabet.swift",
"NanoID.swift"
],
"target_dependencies" : [
"RAKCore"
],
"type" : "library"
},
{
"c99name" : "RAKLocalCache",
"module_type" : "SwiftTarget",
"name" : "RAKLocalCache",
"path" : "Sources/LocalCache",
"product_memberships" : [
"RakuyoKit",
"RAKLocalCache"
],
"sources" : [
"LocalCache+Migrated.swift",
"LocalCache+Storage.swift",
"LocalCache.swift"
],
"target_dependencies" : [
"RAKEncrypte"
],
"type" : "library"
},
{
"c99name" : "RAKGradient",
"module_type" : "SwiftTarget",
"name" : "RAKGradient",
"path" : "Sources/Gradient",
"product_memberships" : [
"RakuyoKit",
"RAKGradient"
],
"sources" : [
"Gradient+Colors.swift",
"Gradient+Direction.swift",
"Gradient+Position.swift",
"Gradient.swift",
"UIView+Gradient.swift"
],
"target_dependencies" : [
"RAKCore"
],
"type" : "library"
},
{
"c99name" : "RAKGRDB",
"module_type" : "SwiftTarget",
"name" : "RAKGRDB",
"path" : "Sources/GRDB",
"product_dependencies" : [
"GRDB"
],
"product_memberships" : [
"RAKGRDB"
],
"sources" : [
"CodableRecord.swift",
"PersistableRecord+RAK.swift",
"QueryInterfaceRequest+RAK.swift"
],
"target_dependencies" : [
"RAKCore"
],
"type" : "library"
},
{
"c99name" : "RAKFixCrashOnInputKeyboard",
"module_type" : "ClangTarget",
"name" : "RAKFixCrashOnInputKeyboard",
"path" : "Sources/FixCrashOnInputKeyboard",
"product_memberships" : [
"RAKCore"
],
"sources" : [
"UIWindow+FixCrashOnInputKeyboard.m"
],
"type" : "library"
},
{
"c99name" : "RAKEpoxy",
"module_type" : "SwiftTarget",
"name" : "RAKEpoxy",
"path" : "Sources/Epoxy",
"product_dependencies" : [
"Epoxy"
],
"product_memberships" : [
"RAKEpoxy"
],
"sources" : [
"CollectionView/CollectionView.swift",
"CollectionView/ContextMenu/AnyItemModel+ContextMenu.swift",
"CollectionView/ContextMenu/CollectionViewContextMenuDelegate.swift",
"CollectionView/ContextMenu/ContextMenuProviding.swift",
"CollectionView/ContextMenu/ItemModel+ContextMenu.swift",
"CollectionView/ContextMenu/RAKInternalItemModeling.swift",
"CollectionView/DecorationView/BaseDecorationView.swift",
"CollectionView/DecorationView/DecorationStyle.swift",
"CollectionView/DecorationView/DecorationViewConfig.swift",
"CollectionView/DecorationView/GrayBackgroundDecorationView.swift",
"CollectionView/DecorationView/WhiteBackgroundDecorationView.swift",
"CollectionView/Layout/Implement/Layout+Custom.swift",
"CollectionView/Layout/Implement/Layout+Flow.swift",
"CollectionView/Layout/Implement/Layout+General.swift",
"CollectionView/Layout/Implement/Layout+List.swift",
"CollectionView/Layout/Model/Layout+Style.swift",
"CollectionView/Layout/Model/SectionProviderWrapper.swift",
"CollectionView/Layout/Model/Sequence+Epoxy.swift",
"CollectionView/Layout/Model/SupplementaryItem.swift",
"CollectionView/Layout/WrapperTools/EpoxyModeled+Supplementary.swift",
"CollectionView/Layout/WrapperTools/Layout+SectionModel.swift",
"CollectionView/Spacer/Epoxy+Spacer.swift",
"CollectionView/Spacer/SpacerRow.swift",
"CollectionView/WaterfallLayout/Layout+Waterfall.swift",
"CollectionView/WaterfallLayout/WaterfallCompositionalLayout+Config.swift",
"CollectionView/WaterfallLayout/WaterfallCompositionalLayout+LayoutBuilder.swift",
"CollectionView/WaterfallLayout/WaterfallCompositionalLayout.swift",
"Core/EpoxyModeled+Padding.swift",
"Core/Layout.swift",
"Core/ListSpacing.swift",
"Core/NSCollectionLayoutSize+RAK.swift",
"Core/RowConfigureApplicable.swift",
"Core/SectionEdgeInsets.swift",
"Exports.swift",
"Row/BaseStyledEpoxyView.swift",
"Row/ButtonRow/AnyButtonImageContent.swift",
"Row/ButtonRow/ButtonImageContentProviding.swift",
"Row/ButtonRow/ButtonRow.swift",
"Row/ButtonRow/ButtonRowStateContent.swift",
"Row/EmptyRow.swift",
"Row/ImageRow/AnyImageContent+Accessory.swift",
"Row/ImageRow/AnyImageContent.swift",
"Row/ImageRow/FastImageContentProviding.swift",
"Row/ImageRow/ImageContentProviding.swift",
"Row/ImageRow/ImageRow.swift",
"Row/SwitchRow.swift",
"Row/TextFieldRow.swift",
"Row/TextRow.swift"
],
"target_dependencies" : [
"RAKBase"
],
"type" : "library"
},
{
"c99name" : "RAKEncrypte",
"module_type" : "SwiftTarget",
"name" : "RAKEncrypte",
"path" : "Sources/Encrypte",
"product_dependencies" : [
"CryptoSwift"
],
"product_memberships" : [
"RakuyoKit",
"RAKEncrypte",
"RAKLocalCache"
],
"sources" : [
"Decryptable.swift",
"Encryptable.swift",
"Encrypted.swift",
"NeedEncrypted.swift"
],
"target_dependencies" : [
"RAKConfig",
"RAKCodable"
],
"type" : "library"
},
{
"c99name" : "RAKCore",
"module_type" : "SwiftTarget",
"name" : "RAKCore",
"path" : "Sources/Core",
"product_dependencies" : [
"RaLog",
"Then"
],
"product_memberships" : [
"RakuyoKit",
"RAKCore",
"RAKConfig",
"RAKBase",
"RAKCodable",
"RAKNotification",
"RAKEncrypte",
"RAKLocalCache",
"RAKGradient",
"RAKCombine",
"RAKEpoxy",
"RAKGRDB",
"RAKNanoID"
],
"sources" : [
"Extensions/BinaryFloatingPoint+RAK.swift",
"Extensions/BinaryInteger+RAK.swift",
"Extensions/Bundle+RAK.swift",
"Extensions/CACornerMask+RAK.swift",
"Extensions/CGPoint+RAK.swift",
"Extensions/Character+RAK.swift",
"Extensions/Collection+RAK.swift",
"Extensions/ContentMode+RAK.swift",
"Extensions/Date+RAK.swift",
"Extensions/Dictionary+RAK.swift",
"Extensions/DispatchQueue+RAK.swift",
"Extensions/Extendable/Extendable.swift",
"Extensions/Extendable/GenericExtendable.swift",
"Extensions/Extendable/TwoGenericExtendable.swift",
"Extensions/FileManager+RAK.swift",
"Extensions/MutableCollection+RAK.swift",
"Extensions/Numeric+RAK.swift",
"Extensions/Optional+RAK.swift",
"Extensions/RangeReplaceableCollection+RAK.swift",
"Extensions/String+RAK.swift",
"Extensions/UIAlertController+RAK.swift",
"Extensions/UIApplication+RAK.swift",
"Extensions/UICollectionView+RAK.swift",
"Extensions/UIColor+RAK.swift",
"Extensions/UIEdgeInsets+RAK.swift",
"Extensions/UIImage+RAK.swift",
"Extensions/UINavigationBar+RAK.swift",
"Extensions/UINavigationController+RAK.swift",
"Extensions/UIPageViewController+RAK.swift",
"Extensions/UIPopoverArrowDirection+RAK.swift",
"Extensions/UIRectCorner+RAK.swift",
"Extensions/UIScreen+RAK.swift",
"Extensions/UIScrollView+RAK.swift",
"Extensions/UITableView+RAK.swift",
"Extensions/UIView+RAK.swift",
"Extensions/UIViewController+RAK.swift",
"Extensions/URL+RAK.swift",
"Extensions/View+RAK.swift",
"Extensions/WKWebView+RAK.swift",
"Extensions/WidgetConfiguration+RAK.swift",
"Utilities/AnimationDuration.swift",
"Utilities/AnyEncodable.swift",
"Utilities/AnyImageProviding.swift",
"Utilities/Atomic.swift",
"Utilities/BridgeToObjC.swift",
"Utilities/Change.swift",
"Utilities/ConvertibleToColor.swift",
"Utilities/ConvertibleToImage.swift",
"Utilities/ConvertibleToURL.swift",
"Utilities/DateFormat.swift",
"Utilities/Device.swift",
"Utilities/DirectlyConvertibleToImage.swift",
"Utilities/EdgeInsets.swift",
"Utilities/EmptyError.swift",
"Utilities/FilePathComponents.swift",
"Utilities/FinalTextAttachment.swift",
"Utilities/ForceError.swift",
"Utilities/GlobalTypealias.swift",
"Utilities/HigherOrderFunctionalizable.swift",
"Utilities/IfLoaded.swift",
"Utilities/IfOptionalLoaded.swift",
"Utilities/OptionalSize+CG.swift",
"Utilities/OptionalSize.swift",
"Utilities/Protected.swift",
"Utilities/Retry.swift",
"Utilities/Throttler.swift"
],
"type" : "library"
},
{
"c99name" : "RAKConfig",
"module_type" : "SwiftTarget",
"name" : "RAKConfig",
"path" : "Sources/Config",
"product_memberships" : [
"RakuyoKit",
"RAKConfig",
"RAKBase",
"RAKEncrypte",
"RAKLocalCache",
"RAKEpoxy"
],
"sources" : [
"Mediator/ConfigMediator.swift",
"Mediator/ConfigMediatorProtocol.swift",
"Mediator/ConfigSourceProtocol.swift",
"Model/ColorConfig.swift",
"Model/EmptyConfig.swift"
],
"target_dependencies" : [
"RAKCore"
],
"type" : "library"
},
{
"c99name" : "RAKCombine",
"module_type" : "SwiftTarget",
"name" : "RAKCombine",
"path" : "Sources/Combine/Core",
"product_memberships" : [
"RakuyoKit",
"RAKCombine"
],
"sources" : [
"DelegateProxy/DelegateProxy.swift",
"DelegateProxy/DelegateProxyPublisher.swift",
"DelegateProxy/DelegateProxyType.swift",
"Extendable/AnyPublisher+SAK.swift",
"Extendable/NSTextStorage+Combine.swift",
"Extendable/Publisher+UITextField.swift",
"Extendable/Publisher+assign.swift",
"Extendable/Publishers+CombineLatest.swift",
"Extendable/UIBarButtonItem+Combine.swift",
"Extendable/UIControl+Combine.swift",
"Extendable/UITextView+Combine.swift",
"Keyboard/KeyboardChangeContext.swift",
"Keyboard/KeyboardEvent.swift",
"Keyboard/KeyboardListenable.swift",
"Keyboard/NotificationCenter+CombineKeyboard.swift",
"ObservableProperty/BindableProperty.swift",
"ObservableProperty/ObservableProperty.swift",
"ObservableProperty/ObservablePropertyWrapper.swift",
"Publisher/ControlEventsPublisher.swift",
"Publisher/ControlPropertyPublisher.swift",
"Publisher/ControlTargetPublisher.swift"
],
"target_dependencies" : [
"RAKCore",
"_RAKCombineRuntime"
],
"type" : "library"
},
{
"c99name" : "RAKCodable",
"module_type" : "SwiftTarget",
"name" : "RAKCodable",
"path" : "Sources/Codable",
"product_memberships" : [
"RakuyoKit",
"RAKCodable",
"RAKEncrypte",
"RAKLocalCache"
],
"sources" : [
"RAKCodable.swift",
"RAKDecodable+RAK.swift",
"RAKDecodable.swift",
"RAKEncodable+RAK.swift",
"RAKEncodable.swift"
],
"target_dependencies" : [
"RAKCore"
],
"type" : "library"
},
{
"c99name" : "RAKBase",
"module_type" : "SwiftTarget",
"name" : "RAKBase",
"path" : "Sources/Base",
"product_memberships" : [
"RakuyoKit",
"RAKBase",
"RAKEpoxy"
],
"sources" : [
"Controller/NavigationControllerPopDelegateProxy.swift",
"Controller/RAKBaseNavigationController.swift",
"Controller/RAKBaseViewController.swift",
"Controller/RAKRotatableViewController.swift",
"View/Cell/RAKBaseCollectionViewCell.swift",
"View/Cell/RAKBaseTableViewCell.swift",
"View/Cell/RAKFinalFastCell.swift",
"View/Fast/FastCell.swift",
"View/Fast/FastListView.swift",
"View/RAKBaseView.swift",
"View/RAKTextField.swift"
],
"target_dependencies" : [
"RAKConfig"
],
"type" : "library"
}
],
"tools_version" : "5.9"
}
{
"workspace" : {
"name" : "RakuyoKit",
"schemes" : [
"GRDB-Package",
"RAKBase",
"RAKCodable",
"RAKCombine",
"RAKConfig",
"RAKCore",
"RAKEncrypte",
"RAKEpoxy",
"RAKGradient",
"RAKGRDB",
"RAKLocalCache",
"RAKNanoID",
"RAKNotification",
"RakuyoKit",
"RakuyoKit-Package"
]
}
}
2026-09-22 07:14:40.190 xcodebuild[1488:8623] [MT] IDERunDestination: Supported platforms for the buildables in the current scheme is empty.
{
"workspace" : {
"name" : "RakuyoKit",
"schemes" : [
"GRDB-Package",
"RAKBase",
"RAKCodable",
"RAKCombine",
"RAKConfig",
"RAKCore",
"RAKEncrypte",
"RAKEpoxy",
"RAKGradient",
"RAKGRDB",
"RAKLocalCache",
"RAKNanoID",
"RAKNotification",
"RakuyoKit",
"RakuyoKit-Package"
]
}
}
2026-09-22 07:14:43.077 xcodebuild[1500:8719] [MT] IDERunDestination: Supported platforms for the buildables in the current scheme is empty.
Running build ...
env DEVELOPER_DIR=/Applications/Xcode-27.0.0-Release.Candidate.app xcrun xcodebuild -IDEClonedSourcePackagesDirPathOverride=$PWD/.dependencies -skipMacroValidation -skipPackagePluginValidation -derivedDataPath $PWD/.derivedData build -scheme RakuyoKit-Package -destination generic/platform=xrOS
Command line invocation:
/Applications/Xcode-27.0.0-Release.Candidate.app/Contents/Developer/usr/bin/xcodebuild -IDEClonedSourcePackagesDirPathOverride=/Users/admin/builder/spi-builder-workspace/.dependencies -skipMacroValidation -skipPackagePluginValidation -derivedDataPath /Users/admin/builder/spi-builder-workspace/.derivedData build -scheme RakuyoKit-Package -destination generic/platform=xrOS
Resolve Package Graph
Resolved source packages:
CryptoSwift: https://github.com/krzyzanowskim/CryptoSwift.git @ 1.10.0
swift-argument-parser: https://github.com/apple/swift-argument-parser.git @ 1.8.2
Epoxy: https://github.com/airbnb/epoxy-ios.git @ 0.11.0
RaLog: https://github.com/RakuyoKit/RaLog.git @ 1.8.1
Then: https://github.com/devxoul/Then.git @ 3.0.0
GRDB: https://github.com/groue/GRDB.swift.git @ 6.29.3
RakuyoKit: /Users/admin/builder/spi-builder-workspace
RakuyoSwift: https://github.com/RakuyoKit/swift.git @ 1.4.0
ComputePackagePrebuildTargetDependencyGraph
Prepare packages
CreateBuildRequest
SendProjectDescription
CreateBuildOperation
ComputeTargetDependencyGraph
note: Building targets in dependency order
note: Target dependency graph (40 targets)
Target 'RAKNanoID-product' in project 'RakuyoKit'
➜ Explicit dependency on target 'RAKNanoID' in project 'RakuyoKit'
➜ Explicit dependency on target 'RAKCore' in project 'RakuyoKit'
➜ Explicit dependency on target 'RaLog-product' in project 'RaLog'
➜ Explicit dependency on target 'Then-product' in project 'Then'
Target 'RAKGRDB-product' in project 'RakuyoKit'
➜ Explicit dependency on target 'RAKGRDB' in project 'RakuyoKit'
➜ Explicit dependency on target 'RAKCore' in project 'RakuyoKit'
➜ Explicit dependency on target 'RaLog-product' in project 'RaLog'
➜ Explicit dependency on target 'Then-product' in project 'Then'
➜ Explicit dependency on target 'GRDB-product' in project 'GRDB'
Target 'RAKGRDB' in project 'RakuyoKit'
➜ Explicit dependency on target 'RAKCore' in project 'RakuyoKit'
➜ Explicit dependency on target 'RaLog-product' in project 'RaLog'
➜ Explicit dependency on target 'Then-product' in project 'Then'
➜ Explicit dependency on target 'GRDB-product' in project 'GRDB'
Target 'GRDB-product' in project 'GRDB'
➜ Explicit dependency on target 'GRDB' in project 'GRDB'
➜ Explicit dependency on target 'GRDB_GRDB' in project 'GRDB'
Target 'GRDB' in project 'GRDB'
➜ Explicit dependency on target 'GRDB_GRDB' in project 'GRDB'
➜ Explicit dependency on target 'CSQLite' in project 'GRDB'
Target 'CSQLite' in project 'GRDB' (no dependencies)
Target 'GRDB_GRDB' in project 'GRDB' (no dependencies)
Target 'RAKEpoxy-product' in project 'RakuyoKit'
➜ Explicit dependency on target 'RAKEpoxy' in project 'RakuyoKit'
➜ Explicit dependency on target 'RAKCore' in project 'RakuyoKit'
➜ Explicit dependency on target 'RAKConfig' in project 'RakuyoKit'
➜ Explicit dependency on target 'RAKBase' in project 'RakuyoKit'
➜ Explicit dependency on target 'RaLog-product' in project 'RaLog'
➜ Explicit dependency on target 'Then-product' in project 'Then'
Target 'RAKEpoxy' in project 'RakuyoKit'
➜ Explicit dependency on target 'RAKCore' in project 'RakuyoKit'
➜ Explicit dependency on target 'RAKConfig' in project 'RakuyoKit'
➜ Explicit dependency on target 'RAKBase' in project 'RakuyoKit'
➜ Explicit dependency on target 'RaLog-product' in project 'RaLog'
➜ Explicit dependency on target 'Then-product' in project 'Then'
Target 'RAKCombine-product' in project 'RakuyoKit'
➜ Explicit dependency on target 'RAKCombine' in project 'RakuyoKit'
➜ Explicit dependency on target 'RAKCore' in project 'RakuyoKit'
➜ Explicit dependency on target '_RAKCombineRuntime' in project 'RakuyoKit'
➜ Explicit dependency on target 'RaLog-product' in project 'RaLog'
➜ Explicit dependency on target 'Then-product' in project 'Then'
Target 'RAKGradient-product' in project 'RakuyoKit'
➜ Explicit dependency on target 'RAKGradient' in project 'RakuyoKit'
➜ Explicit dependency on target 'RAKCore' in project 'RakuyoKit'
➜ Explicit dependency on target 'RaLog-product' in project 'RaLog'
➜ Explicit dependency on target 'Then-product' in project 'Then'
Target 'RAKLocalCache-product' in project 'RakuyoKit'
➜ Explicit dependency on target 'RAKLocalCache' in project 'RakuyoKit'
➜ Explicit dependency on target 'RAKCore' in project 'RakuyoKit'
➜ Explicit dependency on target 'RAKConfig' in project 'RakuyoKit'
➜ Explicit dependency on target 'RAKCodable' in project 'RakuyoKit'
➜ Explicit dependency on target 'RAKEncrypte' in project 'RakuyoKit'
➜ Explicit dependency on target 'RaLog-product' in project 'RaLog'
➜ Explicit dependency on target 'Then-product' in project 'Then'
➜ Explicit dependency on target 'CryptoSwift-product' in project 'CryptoSwift'
Target 'RAKEncrypte-product' in project 'RakuyoKit'
➜ Explicit dependency on target 'RAKEncrypte' in project 'RakuyoKit'
➜ Explicit dependency on target 'RAKCore' in project 'RakuyoKit'
➜ Explicit dependency on target 'RAKConfig' in project 'RakuyoKit'
➜ Explicit dependency on target 'RAKCodable' in project 'RakuyoKit'
➜ Explicit dependency on target 'RaLog-product' in project 'RaLog'
➜ Explicit dependency on target 'Then-product' in project 'Then'
➜ Explicit dependency on target 'CryptoSwift-product' in project 'CryptoSwift'
Target 'RAKNotification-product' in project 'RakuyoKit'
➜ Explicit dependency on target 'RAKNotification' in project 'RakuyoKit'
➜ Explicit dependency on target 'RAKCore' in project 'RakuyoKit'
➜ Explicit dependency on target 'RaLog-product' in project 'RaLog'
➜ Explicit dependency on target 'Then-product' in project 'Then'
Target 'RAKCodable-product' in project 'RakuyoKit'
➜ Explicit dependency on target 'RAKCodable' in project 'RakuyoKit'
➜ Explicit dependency on target 'RAKCore' in project 'RakuyoKit'
➜ Explicit dependency on target 'RaLog-product' in project 'RaLog'
➜ Explicit dependency on target 'Then-product' in project 'Then'
Target 'RAKBase-product' in project 'RakuyoKit'
➜ Explicit dependency on target 'RAKBase' in project 'RakuyoKit'
➜ Explicit dependency on target 'RAKCore' in project 'RakuyoKit'
➜ Explicit dependency on target 'RAKConfig' in project 'RakuyoKit'
➜ Explicit dependency on target 'RaLog-product' in project 'RaLog'
➜ Explicit dependency on target 'Then-product' in project 'Then'
Target 'RAKConfig-product' in project 'RakuyoKit'
➜ Explicit dependency on target 'RAKConfig' in project 'RakuyoKit'
➜ Explicit dependency on target 'RAKCore' in project 'RakuyoKit'
➜ Explicit dependency on target 'RaLog-product' in project 'RaLog'
➜ Explicit dependency on target 'Then-product' in project 'Then'
Target 'RAKCore-product' in project 'RakuyoKit'
➜ Explicit dependency on target 'RAKCore' in project 'RakuyoKit'
➜ Explicit dependency on target 'RAKFixCrashOnInputKeyboard' in project 'RakuyoKit'
➜ Explicit dependency on target 'RaLog-product' in project 'RaLog'
➜ Explicit dependency on target 'Then-product' in project 'Then'
Target 'RAKFixCrashOnInputKeyboard' in project 'RakuyoKit' (no dependencies)
Target 'RakuyoKit-product' in project 'RakuyoKit'
➜ Explicit dependency on target 'RakuyoKit' in project 'RakuyoKit'
➜ Explicit dependency on target 'RAKCore' in project 'RakuyoKit'
➜ Explicit dependency on target 'RAKConfig' in project 'RakuyoKit'
➜ Explicit dependency on target 'RAKBase' in project 'RakuyoKit'
➜ Explicit dependency on target 'RAKCodable' in project 'RakuyoKit'
➜ Explicit dependency on target '_RAKCombineRuntime' in project 'RakuyoKit'
➜ Explicit dependency on target 'RAKCombine' in project 'RakuyoKit'
➜ Explicit dependency on target 'RAKEncrypte' in project 'RakuyoKit'
➜ Explicit dependency on target 'RAKGradient' in project 'RakuyoKit'
➜ Explicit dependency on target 'RAKLocalCache' in project 'RakuyoKit'
➜ Explicit dependency on target 'RAKNotification' in project 'RakuyoKit'
➜ Explicit dependency on target 'RAKNanoID' in project 'RakuyoKit'
➜ Explicit dependency on target 'RaLog-product' in project 'RaLog'
➜ Explicit dependency on target 'Then-product' in project 'Then'
➜ Explicit dependency on target 'CryptoSwift-product' in project 'CryptoSwift'
Target 'RakuyoKit' in project 'RakuyoKit'
➜ Explicit dependency on target 'RAKCore' in project 'RakuyoKit'
➜ Explicit dependency on target 'RAKConfig' in project 'RakuyoKit'
➜ Explicit dependency on target 'RAKBase' in project 'RakuyoKit'
➜ Explicit dependency on target 'RAKCodable' in project 'RakuyoKit'
➜ Explicit dependency on target '_RAKCombineRuntime' in project 'RakuyoKit'
➜ Explicit dependency on target 'RAKCombine' in project 'RakuyoKit'
➜ Explicit dependency on target 'RAKEncrypte' in project 'RakuyoKit'
➜ Explicit dependency on target 'RAKGradient' in project 'RakuyoKit'
➜ Explicit dependency on target 'RAKLocalCache' in project 'RakuyoKit'
➜ Explicit dependency on target 'RAKNotification' in project 'RakuyoKit'
➜ Explicit dependency on target 'RAKNanoID' in project 'RakuyoKit'
➜ Explicit dependency on target 'RaLog-product' in project 'RaLog'
➜ Explicit dependency on target 'Then-product' in project 'Then'
➜ Explicit dependency on target 'CryptoSwift-product' in project 'CryptoSwift'
Target 'RAKNanoID' in project 'RakuyoKit'
➜ Explicit dependency on target 'RAKCore' in project 'RakuyoKit'
➜ Explicit dependency on target 'RaLog-product' in project 'RaLog'
➜ Explicit dependency on target 'Then-product' in project 'Then'
Target 'RAKNotification' in project 'RakuyoKit'
➜ Explicit dependency on target 'RAKCore' in project 'RakuyoKit'
➜ Explicit dependency on target 'RaLog-product' in project 'RaLog'
➜ Explicit dependency on target 'Then-product' in project 'Then'
Target 'RAKLocalCache' in project 'RakuyoKit'
➜ Explicit dependency on target 'RAKCore' in project 'RakuyoKit'
➜ Explicit dependency on target 'RAKConfig' in project 'RakuyoKit'
➜ Explicit dependency on target 'RAKCodable' in project 'RakuyoKit'
➜ Explicit dependency on target 'RAKEncrypte' in project 'RakuyoKit'
➜ Explicit dependency on target 'RaLog-product' in project 'RaLog'
➜ Explicit dependency on target 'Then-product' in project 'Then'
➜ Explicit dependency on target 'CryptoSwift-product' in project 'CryptoSwift'
Target 'RAKGradient' in project 'RakuyoKit'
➜ Explicit dependency on target 'RAKCore' in project 'RakuyoKit'
➜ Explicit dependency on target 'RaLog-product' in project 'RaLog'
➜ Explicit dependency on target 'Then-product' in project 'Then'
Target 'RAKEncrypte' in project 'RakuyoKit'
➜ Explicit dependency on target 'RAKCore' in project 'RakuyoKit'
➜ Explicit dependency on target 'RAKConfig' in project 'RakuyoKit'
➜ Explicit dependency on target 'RAKCodable' in project 'RakuyoKit'
➜ Explicit dependency on target 'RaLog-product' in project 'RaLog'
➜ Explicit dependency on target 'Then-product' in project 'Then'
➜ Explicit dependency on target 'CryptoSwift-product' in project 'CryptoSwift'
Target 'CryptoSwift-product' in project 'CryptoSwift'
➜ Explicit dependency on target 'CryptoSwift' in project 'CryptoSwift'
➜ Explicit dependency on target 'CryptoSwiftResources' in project 'CryptoSwift'
Target 'CryptoSwift' in project 'CryptoSwift'
➜ Explicit dependency on target 'CryptoSwiftResources' in project 'CryptoSwift'
Target 'CryptoSwiftResources' in project 'CryptoSwift'
➜ Explicit dependency on target 'CryptoSwift_CryptoSwiftResources' in project 'CryptoSwift'
Target 'CryptoSwift_CryptoSwiftResources' in project 'CryptoSwift' (no dependencies)
Target 'RAKCombine' in project 'RakuyoKit'
➜ Explicit dependency on target 'RAKCore' in project 'RakuyoKit'
➜ Explicit dependency on target '_RAKCombineRuntime' in project 'RakuyoKit'
➜ Explicit dependency on target 'RaLog-product' in project 'RaLog'
➜ Explicit dependency on target 'Then-product' in project 'Then'
Target '_RAKCombineRuntime' in project 'RakuyoKit' (no dependencies)
Target 'RAKCodable' in project 'RakuyoKit'
➜ Explicit dependency on target 'RAKCore' in project 'RakuyoKit'
➜ Explicit dependency on target 'RaLog-product' in project 'RaLog'
➜ Explicit dependency on target 'Then-product' in project 'Then'
Target 'RAKBase' in project 'RakuyoKit'
➜ Explicit dependency on target 'RAKCore' in project 'RakuyoKit'
➜ Explicit dependency on target 'RAKConfig' in project 'RakuyoKit'
➜ Explicit dependency on target 'RaLog-product' in project 'RaLog'
➜ Explicit dependency on target 'Then-product' in project 'Then'
Target 'RAKConfig' in project 'RakuyoKit'
➜ Explicit dependency on target 'RAKCore' in project 'RakuyoKit'
➜ Explicit dependency on target 'RaLog-product' in project 'RaLog'
➜ Explicit dependency on target 'Then-product' in project 'Then'
Target 'RAKCore' in project 'RakuyoKit'
➜ Explicit dependency on target 'RaLog-product' in project 'RaLog'
➜ Explicit dependency on target 'Then-product' in project 'Then'
Target 'Then-product' in project 'Then'
➜ Explicit dependency on target 'Then' in project 'Then'
Target 'Then' in project 'Then' (no dependencies)
Target 'RaLog-product' in project 'RaLog'
➜ Explicit dependency on target 'RaLog' in project 'RaLog'
Target 'RaLog' in project 'RaLog' (no dependencies)
GatherProvisioningInputs
CreateBuildDescription
ClangStatCache /Applications/Xcode-27.0.0-Release.Candidate.app/Contents/Developer/Toolchains/XcodeDefault.xctoolchain/usr/bin/clang-stat-cache /Applications/Xcode-27.0.0-Release.Candidate.app/Contents/Developer/Platforms/XROS.platform/Developer/SDKs/XROS27.0.sdk /Users/admin/builder/spi-builder-workspace/.derivedData/SDKStatCaches.noindex/xros27.0-24M361-e829b21a6f8c9b70876ba0858053c044735bd543db762f57723cac368afd1ce4.sdkstatcache
cd /Users/admin/builder/spi-builder-workspace/.swiftpm/xcode
/Applications/Xcode-27.0.0-Release.Candidate.app/Contents/Developer/Toolchains/XcodeDefault.xctoolchain/usr/bin/clang-stat-cache /Applications/Xcode-27.0.0-Release.Candidate.app/Contents/Developer/Platforms/XROS.platform/Developer/SDKs/XROS27.0.sdk -o /Users/admin/builder/spi-builder-workspace/.derivedData/SDKStatCaches.noindex/xros27.0-24M361-e829b21a6f8c9b70876ba0858053c044735bd543db762f57723cac368afd1ce4.sdkstatcache
SwiftDriver RAKBase normal arm64 com.apple.xcode.tools.swift.compiler (in target 'RAKBase' from project 'RakuyoKit')
cd /Users/admin/builder/spi-builder-workspace/.swiftpm/xcode
builtin-SwiftDriver -- /Applications/Xcode-27.0.0-Release.Candidate.app/Contents/Developer/Toolchains/XcodeDefault.xctoolchain/usr/bin/swiftc -parse-as-library -module-name RAKBase -Onone @/Users/admin/builder/spi-builder-workspace/.derivedData/Build/Intermediates.noindex/RakuyoKit.build/Debug-xros/RAKBase-t.build/Objects-normal/arm64/RAKBase.SwiftFileList -DSWIFT_PACKAGE -DDEBUG -DSWIFT_MODULE_RESOURCE_BUNDLE_UNAVAILABLE -DXcode -plugin-path /Applications/Xcode-27.0.0-Release.Candidate.app/Contents/Developer/Toolchains/XcodeDefault.xctoolchain/usr/lib/swift/host/plugins/testing -enable-experimental-feature DebugDescriptionMacro -sdk /Applications/Xcode-27.0.0-Release.Candidate.app/Contents/Developer/Platforms/XROS.platform/Developer/SDKs/XROS27.0.sdk -target arm64-apple-xros1.0 -g -module-cache-path /Users/admin/builder/spi-builder-workspace/.derivedData/ModuleCache.noindex -Xfrontend -serialize-debugging-options -profile-coverage-mapping -profile-generate -enable-testing -index-store-path /Users/admin/builder/spi-builder-workspace/.derivedData/Index.noindex/DataStore -Xcc -D_LIBCPP_HARDENING_MODE\=_LIBCPP_HARDENING_MODE_DEBUG -swift-version 5 -I /Users/admin/builder/spi-builder-workspace/.derivedData/Build/Products/Debug-xros -Isystem /Applications/Xcode-27.0.0-Release.Candidate.app/Contents/Developer/Platforms/XROS.platform/Developer/usr/lib -F /Users/admin/builder/spi-builder-workspace/.derivedData/Build/Products/Debug-xros/PackageFrameworks -F /Users/admin/builder/spi-builder-workspace/.derivedData/Build/Products/Debug-xros -F /Applications/Xcode-27.0.0-Release.Candidate.app/Contents/Developer/Platforms/XROS.platform/Developer/Library/Frameworks -F /Applications/Xcode-27.0.0-Release.Candidate.app/Contents/Developer/Platforms/XROS.platform/Developer/SDKs/XROS27.0.sdk/Developer/Library/Frameworks -c -j10 -enable-batch-mode -incremental -Xcc -ivfsstatcache -Xcc /Users/admin/builder/spi-builder-workspace/.derivedData/SDKStatCaches.noindex/xros27.0-24M361-e829b21a6f8c9b70876ba0858053c044735bd543db762f57723cac368afd1ce4.sdkstatcache -output-file-map /Users/admin/builder/spi-builder-workspace/.derivedData/Build/Intermediates.noindex/RakuyoKit.build/Debug-xros/RAKBase-t.build/Objects-normal/arm64/RAKBase-OutputFileMap.json -save-temps -no-color-diagnostics -explicit-module-build -module-cache-path /Users/admin/builder/spi-builder-workspace/.derivedData/Build/Intermediates.noindex/SwiftExplicitPrecompiledModules -clang-scanner-module-cache-path /Users/admin/builder/spi-builder-workspace/.derivedData/ModuleCache.noindex -sdk-module-cache-path /Users/admin/builder/spi-builder-workspace/.derivedData/SDKExplicitPrecompiledModules -emit-dependencies -emit-module -emit-module-path /Users/admin/builder/spi-builder-workspace/.derivedData/Build/Intermediates.noindex/RakuyoKit.build/Debug-xros/RAKBase-t.build/Objects-normal/arm64/RAKBase.swiftmodule -serialize-diagnostics -dependency-scan-serialize-diagnostics-path /Users/admin/builder/spi-builder-workspace/.derivedData/Build/Intermediates.noindex/RakuyoKit.build/Debug-xros/RAKBase-t.build/Objects-normal/arm64/RAKBase-dependency-scan.dia -validate-clang-modules-once -clang-build-session-file /Users/admin/builder/spi-builder-workspace/.derivedData/ModuleCache.noindex/Session.modulevalidation -Xcc -fmodules-prune-interval\=86400 -Xcc -fmodules-prune-after\=345600 -package-name spi_builder_workspace -emit-const-values -const-gather-protocols-list /Users/admin/builder/spi-builder-workspace/.derivedData/Build/Intermediates.noindex/RakuyoKit.build/Debug-xros/RAKBase-t.build/Objects-normal/arm64/RAKBase_const_extract_protocols.json -Xcc -I/Users/admin/builder/spi-builder-workspace/.derivedData/Build/Products/Debug-xros/include -Xcc -I/Users/admin/builder/spi-builder-workspace/.derivedData/Build/Intermediates.noindex/RakuyoKit.build/Debug-xros/RAKBase-t.build/DerivedSources-normal/arm64 -Xcc -I/Users/admin/builder/spi-builder-workspace/.derivedData/Build/Intermediates.noindex/RakuyoKit.build/Debug-xros/RAKBase-t.build/DerivedSources/arm64 -Xcc -I/Users/admin/builder/spi-builder-workspace/.derivedData/Build/Intermediates.noindex/RakuyoKit.build/Debug-xros/RAKBase-t.build/DerivedSources -Xcc -DSWIFT_PACKAGE -Xcc -DDEBUG\=1 -emit-objc-header -emit-objc-header-path /Users/admin/builder/spi-builder-workspace/.derivedData/Build/Intermediates.noindex/RakuyoKit.build/Debug-xros/RAKBase-t.build/Objects-normal/arm64/RAKBase-Swift.h -working-directory /Users/admin/builder/spi-builder-workspace/.swiftpm/xcode -experimental-emit-module-separately -disable-cmo
SwiftDriver RAKEncrypte normal arm64 com.apple.xcode.tools.swift.compiler (in target 'RAKEncrypte' from project 'RakuyoKit')
cd /Users/admin/builder/spi-builder-workspace/.swiftpm/xcode
builtin-SwiftDriver -- /Applications/Xcode-27.0.0-Release.Candidate.app/Contents/Developer/Toolchains/XcodeDefault.xctoolchain/usr/bin/swiftc -parse-as-library -module-name RAKEncrypte -Onone @/Users/admin/builder/spi-builder-workspace/.derivedData/Build/Intermediates.noindex/RakuyoKit.build/Debug-xros/RAKEncrypte-t.build/Objects-normal/arm64/RAKEncrypte.SwiftFileList -DSWIFT_PACKAGE -DDEBUG -DSWIFT_MODULE_RESOURCE_BUNDLE_UNAVAILABLE -DXcode -plugin-path /Applications/Xcode-27.0.0-Release.Candidate.app/Contents/Developer/Toolchains/XcodeDefault.xctoolchain/usr/lib/swift/host/plugins/testing -enable-experimental-feature DebugDescriptionMacro -sdk /Applications/Xcode-27.0.0-Release.Candidate.app/Contents/Developer/Platforms/XROS.platform/Developer/SDKs/XROS27.0.sdk -target arm64-apple-xros1.0 -g -module-cache-path /Users/admin/builder/spi-builder-workspace/.derivedData/ModuleCache.noindex -Xfrontend -serialize-debugging-options -profile-coverage-mapping -profile-generate -enable-testing -index-store-path /Users/admin/builder/spi-builder-workspace/.derivedData/Index.noindex/DataStore -Xcc -D_LIBCPP_HARDENING_MODE\=_LIBCPP_HARDENING_MODE_DEBUG -swift-version 5 -I /Users/admin/builder/spi-builder-workspace/.derivedData/Build/Products/Debug-xros -Isystem /Applications/Xcode-27.0.0-Release.Candidate.app/Contents/Developer/Platforms/XROS.platform/Developer/usr/lib -F /Users/admin/builder/spi-builder-workspace/.derivedData/Build/Products/Debug-xros/PackageFrameworks -F /Users/admin/builder/spi-builder-workspace/.derivedData/Build/Products/Debug-xros -F /Applications/Xcode-27.0.0-Release.Candidate.app/Contents/Developer/Platforms/XROS.platform/Developer/Library/Frameworks -F /Applications/Xcode-27.0.0-Release.Candidate.app/Contents/Developer/Platforms/XROS.platform/Developer/SDKs/XROS27.0.sdk/Developer/Library/Frameworks -c -j10 -enable-batch-mode -incremental -Xcc -ivfsstatcache -Xcc /Users/admin/builder/spi-builder-workspace/.derivedData/SDKStatCaches.noindex/xros27.0-24M361-e829b21a6f8c9b70876ba0858053c044735bd543db762f57723cac368afd1ce4.sdkstatcache -output-file-map /Users/admin/builder/spi-builder-workspace/.derivedData/Build/Intermediates.noindex/RakuyoKit.build/Debug-xros/RAKEncrypte-t.build/Objects-normal/arm64/RAKEncrypte-OutputFileMap.json -save-temps -no-color-diagnostics -explicit-module-build -module-cache-path /Users/admin/builder/spi-builder-workspace/.derivedData/Build/Intermediates.noindex/SwiftExplicitPrecompiledModules -clang-scanner-module-cache-path /Users/admin/builder/spi-builder-workspace/.derivedData/ModuleCache.noindex -sdk-module-cache-path /Users/admin/builder/spi-builder-workspace/.derivedData/SDKExplicitPrecompiledModules -emit-dependencies -emit-module -emit-module-path /Users/admin/builder/spi-builder-workspace/.derivedData/Build/Intermediates.noindex/RakuyoKit.build/Debug-xros/RAKEncrypte-t.build/Objects-normal/arm64/RAKEncrypte.swiftmodule -serialize-diagnostics -dependency-scan-serialize-diagnostics-path /Users/admin/builder/spi-builder-workspace/.derivedData/Build/Intermediates.noindex/RakuyoKit.build/Debug-xros/RAKEncrypte-t.build/Objects-normal/arm64/RAKEncrypte-dependency-scan.dia -validate-clang-modules-once -clang-build-session-file /Users/admin/builder/spi-builder-workspace/.derivedData/ModuleCache.noindex/Session.modulevalidation -Xcc -fmodules-prune-interval\=86400 -Xcc -fmodules-prune-after\=345600 -package-name spi_builder_workspace -emit-const-values -const-gather-protocols-list /Users/admin/builder/spi-builder-workspace/.derivedData/Build/Intermediates.noindex/RakuyoKit.build/Debug-xros/RAKEncrypte-t.build/Objects-normal/arm64/RAKEncrypte_const_extract_protocols.json -Xcc -I/Users/admin/builder/spi-builder-workspace/.derivedData/Build/Products/Debug-xros/include -Xcc -I/Users/admin/builder/spi-builder-workspace/.derivedData/Build/Intermediates.noindex/RakuyoKit.build/Debug-xros/RAKEncrypte-t.build/DerivedSources-normal/arm64 -Xcc -I/Users/admin/builder/spi-builder-workspace/.derivedData/Build/Intermediates.noindex/RakuyoKit.build/Debug-xros/RAKEncrypte-t.build/DerivedSources/arm64 -Xcc -I/Users/admin/builder/spi-builder-workspace/.derivedData/Build/Intermediates.noindex/RakuyoKit.build/Debug-xros/RAKEncrypte-t.build/DerivedSources -Xcc -DSWIFT_PACKAGE -Xcc -DDEBUG\=1 -emit-objc-header -emit-objc-header-path /Users/admin/builder/spi-builder-workspace/.derivedData/Build/Intermediates.noindex/RakuyoKit.build/Debug-xros/RAKEncrypte-t.build/Objects-normal/arm64/RAKEncrypte-Swift.h -working-directory /Users/admin/builder/spi-builder-workspace/.swiftpm/xcode -experimental-emit-module-separately -disable-cmo
SwiftCompile normal arm64 Compiling\ Decryptable.swift /Users/admin/builder/spi-builder-workspace/Sources/Encrypte/Decryptable.swift (in target 'RAKEncrypte' from project 'RakuyoKit')
SwiftCompile normal arm64 /Users/admin/builder/spi-builder-workspace/Sources/Encrypte/Decryptable.swift (in target 'RAKEncrypte' from project 'RakuyoKit')
cd /Users/admin/builder/spi-builder-workspace/.swiftpm/xcode
builtin-SwiftPerFileCompile Decryptable.swift
SwiftCompile normal arm64 Compiling\ NeedEncrypted.swift /Users/admin/builder/spi-builder-workspace/Sources/Encrypte/NeedEncrypted.swift (in target 'RAKEncrypte' from project 'RakuyoKit')
SwiftCompile normal arm64 /Users/admin/builder/spi-builder-workspace/Sources/Encrypte/NeedEncrypted.swift (in target 'RAKEncrypte' from project 'RakuyoKit')
cd /Users/admin/builder/spi-builder-workspace/.swiftpm/xcode
builtin-SwiftPerFileCompile NeedEncrypted.swift
SwiftEmitModule normal arm64 Emitting\ module\ for\ RAKEncrypte (in target 'RAKEncrypte' from project 'RakuyoKit')
SwiftCompile normal arm64 (in target 'RAKEncrypte' from project 'RakuyoKit')
cd /Users/admin/builder/spi-builder-workspace/.swiftpm/xcode
SwiftCompile normal arm64 Compiling\ Encrypted.swift /Users/admin/builder/spi-builder-workspace/Sources/Encrypte/Encrypted.swift (in target 'RAKEncrypte' from project 'RakuyoKit')
SwiftCompile normal arm64 /Users/admin/builder/spi-builder-workspace/Sources/Encrypte/Encrypted.swift (in target 'RAKEncrypte' from project 'RakuyoKit')
cd /Users/admin/builder/spi-builder-workspace/.swiftpm/xcode
builtin-SwiftPerFileCompile Encrypted.swift
SwiftCompile normal arm64 Compiling\ Encryptable.swift /Users/admin/builder/spi-builder-workspace/Sources/Encrypte/Encryptable.swift (in target 'RAKEncrypte' from project 'RakuyoKit')
/Users/admin/builder/spi-builder-workspace/Sources/Encrypte/Encryptable.swift:43:34: error: no exact matches in call to instance method 'encrypt'
41 | do {
42 | let data = try JSONEncoder().encode(content)
43 | let result = try aes.encrypt(data.bytes).toBase64()
| `- error: no exact matches in call to instance method 'encrypt'
44 |
45 | return .success(result: result)
CryptoSwift.AES.encrypt:2:24: note: candidate expects value of type 'ArraySlice<UInt8>' for parameter #1 (got 'RawSpan')
1 | class AES {
2 | @inlinable public func encrypt(_ bytes: ArraySlice<UInt8>) throws -> [UInt8]}
| `- note: candidate expects value of type 'ArraySlice<UInt8>' for parameter #1 (got 'RawSpan')
3 |
CryptoSwift.Cipher.encrypt:2:13: note: candidate expects value of type 'Array<UInt8>' for parameter #1 (got 'RawSpan')
1 | protocol Cipher {
2 | public func encrypt(_ bytes: [UInt8]) throws -> [UInt8]}
| `- note: candidate expects value of type 'Array<UInt8>' for parameter #1 (got 'RawSpan')
3 |
Failed frontend command:
/Applications/Xcode-27.0.0-Release.Candidate.app/Contents/Developer/Toolchains/XcodeDefault.xctoolchain/usr/bin/swift-frontend -frontend -c /Users/admin/builder/spi-builder-workspace/Sources/Encrypte/Decryptable.swift -primary-file /Users/admin/builder/spi-builder-workspace/Sources/Encrypte/Encryptable.swift /Users/admin/builder/spi-builder-workspace/Sources/Encrypte/Encrypted.swift /Users/admin/builder/spi-builder-workspace/Sources/Encrypte/NeedEncrypted.swift -emit-dependencies-path /Users/admin/builder/spi-builder-workspace/.derivedData/Build/Intermediates.noindex/RakuyoKit.build/Debug-xros/RAKEncrypte-t.build/Objects-normal/arm64/Encryptable.d -emit-const-values-path /Users/admin/builder/spi-builder-workspace/.derivedData/Build/Intermediates.noindex/RakuyoKit.build/Debug-xros/RAKEncrypte-t.build/Objects-normal/arm64/Encryptable.swiftconstvalues -emit-reference-dependencies-path /Users/admin/builder/spi-builder-workspace/.derivedData/Build/Intermediates.noindex/RakuyoKit.build/Debug-xros/RAKEncrypte-t.build/Objects-normal/arm64/Encryptable.swiftdeps -serialize-diagnostics-path /Users/admin/builder/spi-builder-workspace/.derivedData/Build/Intermediates.noindex/RakuyoKit.build/Debug-xros/RAKEncrypte-t.build/Objects-normal/arm64/Encryptable.dia -target arm64-apple-xros1.0 -disable-cross-import-overlay-search -load-resolved-plugin /Applications/Xcode-27.0.0-Release.Candidate.app/Contents/Developer/Platforms/XROS.platform/Developer/usr/lib/swift/host/plugins/libFoundationMacros.dylib\#/Applications/Xcode-27.0.0-Release.Candidate.app/Contents/Developer/Platforms/XROS.platform/Developer/usr/bin/swift-plugin-server\#FoundationMacros -load-resolved-plugin /Applications/Xcode-27.0.0-Release.Candidate.app/Contents/Developer/Platforms/XROS.platform/Developer/usr/lib/swift/host/plugins/libObservationMacros.dylib\#/Applications/Xcode-27.0.0-Release.Candidate.app/Contents/Developer/Platforms/XROS.platform/Developer/usr/bin/swift-plugin-server\#ObservationMacros -load-resolved-plugin /Applications/Xcode-27.0.0-Release.Candidate.app/Contents/Developer/Platforms/XROS.platform/Developer/usr/lib/swift/host/plugins/libPreviewsMacros.dylib\#/Applications/Xcode-27.0.0-Release.Candidate.app/Contents/Developer/Platforms/XROS.platform/Developer/usr/bin/swift-plugin-server\#PreviewsMacros -load-resolved-plugin /Applications/Xcode-27.0.0-Release.Candidate.app/Contents/Developer/Platforms/XROS.platform/Developer/usr/lib/swift/host/plugins/libSwiftMacros.dylib\#/Applications/Xcode-27.0.0-Release.Candidate.app/Contents/Developer/Platforms/XROS.platform/Developer/usr/bin/swift-plugin-server\#SwiftMacros -load-resolved-plugin /Applications/Xcode-27.0.0-Release.Candidate.app/Contents/Developer/Platforms/XROS.platform/Developer/usr/lib/swift/host/plugins/libSwiftUIMacros.dylib\#/Applications/Xcode-27.0.0-Release.Candidate.app/Contents/Developer/Platforms/XROS.platform/Developer/usr/bin/swift-plugin-server\#SwiftUIMacros -disable-implicit-swift-modules -Xcc -fno-implicit-modules -Xcc -fno-implicit-module-maps -explicit-swift-module-map-file /Users/admin/builder/spi-builder-workspace/.derivedData/Build/Intermediates.noindex/RakuyoKit.build/Debug-xros/RAKEncrypte-t.build/Objects-normal/arm64/RAKEncrypte-dependencies-1.json -Xllvm -aarch64-use-tbi -enable-objc-interop -stack-check -sdk /Applications/Xcode-27.0.0-Release.Candidate.app/Contents/Developer/Platforms/XROS.platform/Developer/SDKs/XROS27.0.sdk -I /Users/admin/builder/spi-builder-workspace/.derivedData/Build/Products/Debug-xros -Isystem /Applications/Xcode-27.0.0-Release.Candidate.app/Contents/Developer/Platforms/XROS.platform/Developer/usr/lib -F /Users/admin/builder/spi-builder-workspace/.derivedData/Build/Products/Debug-xros/PackageFrameworks -F /Users/admin/builder/spi-builder-workspace/.derivedData/Build/Products/Debug-xros -F /Applications/Xcode-27.0.0-Release.Candidate.app/Contents/Developer/Platforms/XROS.platform/Developer/Library/Frameworks -F /Applications/Xcode-27.0.0-Release.Candidate.app/Contents/Developer/Platforms/XROS.platform/Developer/SDKs/XROS27.0.sdk/Developer/Library/Frameworks -module-cache-path /Users/admin/builder/spi-builder-workspace/.derivedData/Build/Intermediates.noindex/SwiftExplicitPrecompiledModules -no-color-diagnostics -Xcc -fno-color-diagnostics -enable-testing -g -debug-info-format\=dwarf -dwarf-version\=4 -profile-generate -profile-coverage-mapping -swift-version 5 -Onone -D SWIFT_PACKAGE -D DEBUG -D SWIFT_MODULE_RESOURCE_BUNDLE_UNAVAILABLE -D Xcode -serialize-debugging-options -enable-experimental-feature DebugDescriptionMacro -empty-abi-descriptor -validate-clang-modules-once -clang-build-session-file /Users/admin/builder/spi-builder-workspace/.derivedData/ModuleCache.noindex/Session.modulevalidation -Xcc -working-directory -Xcc /Users/admin/builder/spi-builder-workspace/.swiftpm/xcode -enable-anonymous-context-mangled-names -file-compilation-dir /Users/admin/builder/spi-builder-workspace/.swiftpm/xcode -Xcc -D_LIBCPP_HARDENING_MODE\=_LIBCPP_HARDENING_MODE_DEBUG -Xcc -ivfsstatcache -Xcc /Users/admin/builder/spi-builder-workspace/.derivedData/SDKStatCaches.noindex/xros27.0-24M361-e829b21a6f8c9b70876ba0858053c044735bd543db762f57723cac368afd1ce4.sdkstatcache -Xcc -fmodules-prune-interval\=86400 -Xcc -fmodules-prune-after\=345600 -Xcc -I/Users/admin/builder/spi-builder-workspace/.derivedData/Build/Products/Debug-xros/include -Xcc -I/Users/admin/builder/spi-builder-workspace/.derivedData/Build/Intermediates.noindex/RakuyoKit.build/Debug-xros/RAKEncrypte-t.build/DerivedSources-normal/arm64 -Xcc -I/Users/admin/builder/spi-builder-workspace/.derivedData/Build/Intermediates.noindex/RakuyoKit.build/Debug-xros/RAKEncrypte-t.build/DerivedSources/arm64 -Xcc -I/Users/admin/builder/spi-builder-workspace/.derivedData/Build/Intermediates.noindex/RakuyoKit.build/Debug-xros/RAKEncrypte-t.build/DerivedSources -Xcc -DSWIFT_PACKAGE -Xcc -DDEBUG\=1 -no-auto-bridging-header-chaining -module-name RAKEncrypte -package-name spi_builder_workspace -const-gather-protocols-file /Users/admin/builder/spi-builder-workspace/.derivedData/Build/Intermediates.noindex/RakuyoKit.build/Debug-xros/RAKEncrypte-t.build/Objects-normal/arm64/RAKEncrypte_const_extract_protocols.json -disable-clang-spi -clang-target arm64-apple-xros27.0 -target-sdk-version 27.0 -target-sdk-name xros27.0 -in-process-plugin-server-path /Applications/Xcode-27.0.0-Release.Candidate.app/Contents/Developer/Toolchains/XcodeDefault.xctoolchain/usr/lib/swift/host/libSwiftInProcPluginServer.dylib -parse-as-library -o /Users/admin/builder/spi-builder-workspace/.derivedData/Build/Intermediates.noindex/RakuyoKit.build/Debug-xros/RAKEncrypte-t.build/Objects-normal/arm64/Encryptable.o -debug-module-path /Users/admin/builder/spi-builder-workspace/.derivedData/Build/Intermediates.noindex/RakuyoKit.build/Debug-xros/RAKEncrypte-t.build/Objects-normal/arm64/RAKEncrypte.swiftmodule -index-unit-output-path /RakuyoKit.build/Debug-xros/RAKEncrypte-t.build/Objects-normal/arm64/Encryptable.o -index-store-path /Users/admin/builder/spi-builder-workspace/.derivedData/Index.noindex/DataStore -index-system-modules
SwiftCompile normal arm64 /Users/admin/builder/spi-builder-workspace/Sources/Encrypte/Encryptable.swift (in target 'RAKEncrypte' from project 'RakuyoKit')
cd /Users/admin/builder/spi-builder-workspace/.swiftpm/xcode
builtin-SwiftPerFileCompile Encryptable.swift
SwiftCompile normal arm64 Compiling\ RAKBaseViewController.swift /Users/admin/builder/spi-builder-workspace/Sources/Base/Controller/RAKBaseViewController.swift (in target 'RAKBase' from project 'RakuyoKit')
SwiftCompile normal arm64 /Users/admin/builder/spi-builder-workspace/Sources/Base/Controller/RAKBaseViewController.swift (in target 'RAKBase' from project 'RakuyoKit')
cd /Users/admin/builder/spi-builder-workspace/.swiftpm/xcode
builtin-SwiftPerFileCompile RAKBaseViewController.swift
SwiftCompile normal arm64 Compiling\ RAKRotatableViewController.swift /Users/admin/builder/spi-builder-workspace/Sources/Base/Controller/RAKRotatableViewController.swift (in target 'RAKBase' from project 'RakuyoKit')
SwiftCompile normal arm64 /Users/admin/builder/spi-builder-workspace/Sources/Base/Controller/RAKRotatableViewController.swift (in target 'RAKBase' from project 'RakuyoKit')
cd /Users/admin/builder/spi-builder-workspace/.swiftpm/xcode
builtin-SwiftPerFileCompile RAKRotatableViewController.swift
SwiftCompile normal arm64 Compiling\ RAKBaseView.swift /Users/admin/builder/spi-builder-workspace/Sources/Base/View/RAKBaseView.swift (in target 'RAKBase' from project 'RakuyoKit')
SwiftCompile normal arm64 /Users/admin/builder/spi-builder-workspace/Sources/Base/View/RAKBaseView.swift (in target 'RAKBase' from project 'RakuyoKit')
cd /Users/admin/builder/spi-builder-workspace/.swiftpm/xcode
builtin-SwiftPerFileCompile RAKBaseView.swift
SwiftEmitModule normal arm64 Emitting\ module\ for\ RAKBase (in target 'RAKBase' from project 'RakuyoKit')
SwiftCompile normal arm64 (in target 'RAKBase' from project 'RakuyoKit')
cd /Users/admin/builder/spi-builder-workspace/.swiftpm/xcode
SwiftCompile normal arm64 Compiling\ FastListView.swift /Users/admin/builder/spi-builder-workspace/Sources/Base/View/Fast/FastListView.swift (in target 'RAKBase' from project 'RakuyoKit')
SwiftCompile normal arm64 /Users/admin/builder/spi-builder-workspace/Sources/Base/View/Fast/FastListView.swift (in target 'RAKBase' from project 'RakuyoKit')
cd /Users/admin/builder/spi-builder-workspace/.swiftpm/xcode
builtin-SwiftPerFileCompile FastListView.swift
SwiftCompile normal arm64 Compiling\ FastCell.swift /Users/admin/builder/spi-builder-workspace/Sources/Base/View/Fast/FastCell.swift (in target 'RAKBase' from project 'RakuyoKit')
SwiftCompile normal arm64 /Users/admin/builder/spi-builder-workspace/Sources/Base/View/Fast/FastCell.swift (in target 'RAKBase' from project 'RakuyoKit')
cd /Users/admin/builder/spi-builder-workspace/.swiftpm/xcode
builtin-SwiftPerFileCompile FastCell.swift
PruneExplicitPrecompiledModules /Users/admin/builder/spi-builder-workspace/.derivedData/SDKExplicitPrecompiledModules
PruneExplicitPrecompiledModules /Users/admin/builder/spi-builder-workspace/.derivedData/Build/Intermediates.noindex/ExplicitPrecompiledModules
PruneExplicitPrecompiledModules /Users/admin/builder/spi-builder-workspace/.derivedData/Build/Intermediates.noindex/SwiftExplicitPrecompiledModules
2026-09-22 07:14:45.868 xcodebuild[1511:8806] [MT] IDERunDestination: Supported platforms for the buildables in the current scheme is empty.
** BUILD FAILED **
The following build commands failed:
SwiftCompile normal arm64 Compiling\ Encryptable.swift /Users/admin/builder/spi-builder-workspace/Sources/Encrypte/Encryptable.swift (in target 'RAKEncrypte' from project 'RakuyoKit')
SwiftCompile normal arm64 /Users/admin/builder/spi-builder-workspace/Sources/Encrypte/Encryptable.swift (in target 'RAKEncrypte' from project 'RakuyoKit')
Building workspace RakuyoKit with scheme RakuyoKit-Package
(3 failures)
BUILD FAILURE 6.4 visionOS