The Swift Package Index logo.Swift Package Index

Build Information

Failed to build TwilioVerifySNA, reference main (1b147e), with Swift 6.2 for tvOS using Xcode 26.3 on 11 Aug 2026 04:35:16 UTC.

Build Command

env DEVELOPER_DIR=/Applications/Xcode-26.3.0.app xcrun xcodebuild -IDEClonedSourcePackagesDirPathOverride=$PWD/.dependencies -skipMacroValidation -skipPackagePluginValidation -derivedDataPath $PWD/.derivedData build -scheme TwilioVerifySNA -destination generic/platform=tvOS

Build Log

========================================
RunAll
========================================
Builder version: undefined version: run 'make version' to update
Interrupt handler set up.
========================================
Checkout
========================================
Clone URL: https://github.com/twilio/twilio-verify-sna-ios.git
Reference: main
Initialized empty Git repository in /Users/admin/builder/spi-builder-workspace/.git/
From https://github.com/twilio/twilio-verify-sna-ios
 * branch            main       -> FETCH_HEAD
 * [new branch]      main       -> origin/main
HEAD is now at 1b147ee docs: Update using sample app section (#29)
Cloned https://github.com/twilio/twilio-verify-sna-ios.git
Revision (git rev-parse @):
1b147eee5c41627da9d29f5cc7342dc5c3122fa5
SUCCESS checkout https://github.com/twilio/twilio-verify-sna-ios.git at main
========================================
Build
========================================
Selected platform:         tvOS
Swift version:             6.2
Building package at path:  $PWD
https://github.com/twilio/twilio-verify-sna-ios.git
Command line invocation:
    /Applications/Xcode-26.3.0.app/Contents/Developer/usr/bin/xcodebuild -IDEClonedSourcePackagesDirPathOverride=/Users/admin/builder/spi-builder-workspace/.dependencies -resolvePackageDependencies
Resolve Package Graph
Resolve Package Graph
Resolved source packages:
  TwilioVerifySNA: /Users/admin/builder/spi-builder-workspace
resolved source packages: TwilioVerifySNA
2026-08-11 00:34:28.713 xcodebuild[532:3061] [MT] IDERunDestination: Supported platforms for the buildables in the current scheme is empty.
2026-08-11 00:34:36.251 xcodebuild[532:3061] [MT] IDERunDestination: Supported platforms for the buildables in the current scheme is empty.
2026-08-11 00:34:36.359 xcodebuild[532:3061] [MT] IDERunDestination: Supported platforms for the buildables in the current scheme is empty.
{
  "dependencies" : [
  ],
  "manifest_display_name" : "TwilioVerifySNA",
  "name" : "TwilioVerifySNA",
  "path" : "/Users/admin/builder/spi-builder-workspace",
  "platforms" : [
    {
      "name" : "macos",
      "version" : "12.0"
    },
    {
      "name" : "ios",
      "version" : "12.0"
    }
  ],
  "products" : [
    {
      "name" : "TwilioVerifySNA",
      "targets" : [
        "TwilioVerifySNA",
        "SNANetworking"
      ],
      "type" : {
        "library" : [
          "automatic"
        ]
      }
    }
  ],
  "targets" : [
    {
      "c99name" : "TwilioVerifySNATests",
      "module_type" : "SwiftTarget",
      "name" : "TwilioVerifySNATests",
      "path" : "Tests",
      "sources" : [
        "Domain/Mocks/MockCellularSession.swift",
        "Domain/Mocks/MockNetworkRequestProvider.swift",
        "Domain/Mocks/MockRequestManager.swift",
        "Domain/RequestManagerTests.swift",
        "Domain/TwilioVerifySNASessionTests.swift",
        "Networking/NetworkRequestProviderTests.swift"
      ],
      "target_dependencies" : [
        "TwilioVerifySNA"
      ],
      "type" : "test"
    },
    {
      "c99name" : "TwilioVerifySNA",
      "module_type" : "SwiftTarget",
      "name" : "TwilioVerifySNA",
      "path" : "Sources",
      "product_memberships" : [
        "TwilioVerifySNA"
      ],
      "sources" : [
        "Common/TwilioVerifySNAErrorProtocol.swift",
        "Domain/RequestManager/RequestManager+Errors.swift",
        "Domain/RequestManager/RequestManager.swift",
        "Domain/RequestManager/RequestManagerProtocol.swift",
        "Domain/TwilioVerifySNA/TwilioVerifySNA.swift",
        "Domain/TwilioVerifySNA/TwilioVerifySNABuilder.swift",
        "Domain/TwilioVerifySNA/TwilioVerifySNAError.swift",
        "Domain/TwilioVerifySNA/TwilioVerifySNASession.swift",
        "Networking/NetworkRequestProvider+Errors.swift",
        "Networking/NetworkRequestProvider.swift",
        "Networking/NetworkRequestProviderProtocol.swift",
        "TwilioVerifySNAConfig.swift"
      ],
      "target_dependencies" : [
        "SNANetworking"
      ],
      "type" : "library"
    },
    {
      "c99name" : "SNANetworking",
      "module_type" : "ClangTarget",
      "name" : "SNANetworking",
      "path" : "SNASources",
      "product_memberships" : [
        "TwilioVerifySNA"
      ],
      "sources" : [
        "CellularGetAddrinfo.m",
        "CellularSession.m",
        "CellularSessionResult.m",
        "SocketAddress.m",
        "sslfuncs.c"
      ],
      "type" : "library"
    }
  ],
  "tools_version" : "5.5"
}
{
  "workspace" : {
    "name" : "TwilioVerifySNA",
    "schemes" : [
      "TwilioVerifySNA",
      "TwilioVerifySNADemo"
    ]
  }
}
2026-08-11 00:35:05.742 xcodebuild[699:4388] [MT] IDERunDestination: Supported platforms for the buildables in the current scheme is empty.
2026-08-11 00:35:05.906 xcodebuild[699:4388] [MT] IDERunDestination: Supported platforms for the buildables in the current scheme is empty.
{
  "workspace" : {
    "name" : "spi-builder-workspace",
    "schemes" : [
      "TwilioVerifySNA"
    ]
  }
}
2026-08-11 00:35:06.635 xcodebuild[702:4445] [MT] IDERunDestination: Supported platforms for the buildables in the current scheme is empty.
2026-08-11 00:35:06.803 xcodebuild[702:4445] [MT] IDERunDestination: Supported platforms for the buildables in the current scheme is empty.
Running build ...
env DEVELOPER_DIR=/Applications/Xcode-26.3.0.app xcrun xcodebuild -IDEClonedSourcePackagesDirPathOverride=$PWD/.dependencies -skipMacroValidation -skipPackagePluginValidation -derivedDataPath $PWD/.derivedData build -scheme TwilioVerifySNA -destination generic/platform=tvOS
Command line invocation:
    /Applications/Xcode-26.3.0.app/Contents/Developer/usr/bin/xcodebuild -IDEClonedSourcePackagesDirPathOverride=/Users/admin/builder/spi-builder-workspace/.dependencies -skipMacroValidation -skipPackagePluginValidation -derivedDataPath /Users/admin/builder/spi-builder-workspace/.derivedData build -scheme TwilioVerifySNA -destination generic/platform=tvOS
Resolve Package Graph
Resolved source packages:
  TwilioVerifySNA: /Users/admin/builder/spi-builder-workspace
ComputePackagePrebuildTargetDependencyGraph
Prepare packages
CreateBuildRequest
SendProjectDescription
CreateBuildOperation
ComputeTargetDependencyGraph
note: Building targets in dependency order
note: Target dependency graph (3 targets)
    Target 'TwilioVerifySNA' in project 'TwilioVerifySNA'
        ➜ Explicit dependency on target 'TwilioVerifySNA' in project 'TwilioVerifySNA'
        ➜ Explicit dependency on target 'SNANetworking' in project 'TwilioVerifySNA'
    Target 'TwilioVerifySNA' in project 'TwilioVerifySNA'
        ➜ Explicit dependency on target 'SNANetworking' in project 'TwilioVerifySNA'
    Target 'SNANetworking' in project 'TwilioVerifySNA' (no dependencies)
GatherProvisioningInputs
CreateBuildDescription
ExecuteExternalTool /Applications/Xcode-26.3.0.app/Contents/Developer/Toolchains/XcodeDefault.xctoolchain/usr/bin/clang -v -E -dM -isysroot /Applications/Xcode-26.3.0.app/Contents/Developer/Platforms/AppleTVOS.platform/Developer/SDKs/AppleTVOS26.2.sdk -x c -c /dev/null
ExecuteExternalTool /Applications/Xcode-26.3.0.app/Contents/Developer/Toolchains/XcodeDefault.xctoolchain/usr/bin/clang -v -E -dM -arch arm64 -isysroot /Applications/Xcode-26.3.0.app/Contents/Developer/Platforms/AppleTVOS.platform/Developer/SDKs/AppleTVOS26.2.sdk -x objective-c -c /dev/null
ExecuteExternalTool /Applications/Xcode-26.3.0.app/Contents/Developer/Toolchains/XcodeDefault.xctoolchain/usr/bin/swiftc --version
ExecuteExternalTool /Applications/Xcode-26.3.0.app/Contents/Developer/Toolchains/XcodeDefault.xctoolchain/usr/bin/clang -v -E -dM -arch arm64 -isysroot /Applications/Xcode-26.3.0.app/Contents/Developer/Platforms/AppleTVOS.platform/Developer/SDKs/AppleTVOS26.2.sdk -x c -c /dev/null
ExecuteExternalTool /Applications/Xcode-26.3.0.app/Contents/Developer/Toolchains/XcodeDefault.xctoolchain/usr/bin/ld -version_details
ReadFileContents /Applications/Xcode-26.3.0.app/Contents/Developer/Toolchains/XcodeDefault.xctoolchain/usr/share/docc/features.json
Build description signature: d799d2236fde5bd01805eab0713990fc
Build description path: /Users/admin/builder/spi-builder-workspace/.derivedData/Build/Intermediates.noindex/XCBuildData/d799d2236fde5bd01805eab0713990fc.xcbuilddata
ClangStatCache /Applications/Xcode-26.3.0.app/Contents/Developer/Toolchains/XcodeDefault.xctoolchain/usr/bin/clang-stat-cache /Applications/Xcode-26.3.0.app/Contents/Developer/Platforms/AppleTVOS.platform/Developer/SDKs/AppleTVOS26.2.sdk /Users/admin/builder/spi-builder-workspace/.derivedData/SDKStatCaches.noindex/appletvos26.2-23K50-dc75598d0054f22ec865fa860f139d72c1feacec85df2e04b9fa10f95e757c08.sdkstatcache
    cd /Users/admin/builder/spi-builder-workspace/.swiftpm/xcode
    /Applications/Xcode-26.3.0.app/Contents/Developer/Toolchains/XcodeDefault.xctoolchain/usr/bin/clang-stat-cache /Applications/Xcode-26.3.0.app/Contents/Developer/Platforms/AppleTVOS.platform/Developer/SDKs/AppleTVOS26.2.sdk -o /Users/admin/builder/spi-builder-workspace/.derivedData/SDKStatCaches.noindex/appletvos26.2-23K50-dc75598d0054f22ec865fa860f139d72c1feacec85df2e04b9fa10f95e757c08.sdkstatcache
CreateBuildDirectory /Users/admin/builder/spi-builder-workspace/.derivedData/Build/Products
    cd /Users/admin/builder/spi-builder-workspace/.swiftpm/xcode
    builtin-create-build-directory /Users/admin/builder/spi-builder-workspace/.derivedData/Build/Products
CreateBuildDirectory /Users/admin/builder/spi-builder-workspace/.derivedData/Build/Intermediates.noindex
    cd /Users/admin/builder/spi-builder-workspace/.swiftpm/xcode
    builtin-create-build-directory /Users/admin/builder/spi-builder-workspace/.derivedData/Build/Intermediates.noindex
CreateBuildDirectory /Users/admin/builder/spi-builder-workspace/.derivedData/Build/Intermediates.noindex/ExplicitPrecompiledModules
    cd /Users/admin/builder/spi-builder-workspace/.swiftpm/xcode
    builtin-create-build-directory /Users/admin/builder/spi-builder-workspace/.derivedData/Build/Intermediates.noindex/ExplicitPrecompiledModules
CreateBuildDirectory /Users/admin/builder/spi-builder-workspace/.derivedData/Build/Intermediates.noindex/SwiftExplicitPrecompiledModules
    cd /Users/admin/builder/spi-builder-workspace/.swiftpm/xcode
    builtin-create-build-directory /Users/admin/builder/spi-builder-workspace/.derivedData/Build/Intermediates.noindex/SwiftExplicitPrecompiledModules
CreateBuildDirectory /Users/admin/builder/spi-builder-workspace/.derivedData/Build/Intermediates.noindex/EagerLinkingTBDs/Debug-appletvos
    cd /Users/admin/builder/spi-builder-workspace/.swiftpm/xcode
    builtin-create-build-directory /Users/admin/builder/spi-builder-workspace/.derivedData/Build/Intermediates.noindex/EagerLinkingTBDs/Debug-appletvos
CreateBuildDirectory /Users/admin/builder/spi-builder-workspace/.derivedData/Build/Products/Debug-appletvos
    cd /Users/admin/builder/spi-builder-workspace/.swiftpm/xcode
    builtin-create-build-directory /Users/admin/builder/spi-builder-workspace/.derivedData/Build/Products/Debug-appletvos
CreateBuildDirectory /Users/admin/builder/spi-builder-workspace/.derivedData/Build/Products/Debug-appletvos/PackageFrameworks
    cd /Users/admin/builder/spi-builder-workspace/.swiftpm/xcode
    builtin-create-build-directory /Users/admin/builder/spi-builder-workspace/.derivedData/Build/Products/Debug-appletvos/PackageFrameworks
WriteAuxiliaryFile /Users/admin/builder/spi-builder-workspace/.derivedData/Build/Intermediates.noindex/TwilioVerifySNA.build/Debug-appletvos/TwilioVerifySNA.build/TwilioVerifySNA.DependencyStaticMetadataFileList (in target 'TwilioVerifySNA' from project 'TwilioVerifySNA')
    cd /Users/admin/builder/spi-builder-workspace
    write-file /Users/admin/builder/spi-builder-workspace/.derivedData/Build/Intermediates.noindex/TwilioVerifySNA.build/Debug-appletvos/TwilioVerifySNA.build/TwilioVerifySNA.DependencyStaticMetadataFileList
WriteAuxiliaryFile /Users/admin/builder/spi-builder-workspace/.derivedData/Build/Intermediates.noindex/TwilioVerifySNA.build/Debug-appletvos/TwilioVerifySNA.build/TwilioVerifySNA.modulemap (in target 'TwilioVerifySNA' from project 'TwilioVerifySNA')
    cd /Users/admin/builder/spi-builder-workspace
    write-file /Users/admin/builder/spi-builder-workspace/.derivedData/Build/Intermediates.noindex/TwilioVerifySNA.build/Debug-appletvos/TwilioVerifySNA.build/TwilioVerifySNA.modulemap
WriteAuxiliaryFile /Users/admin/builder/spi-builder-workspace/.derivedData/Build/Intermediates.noindex/TwilioVerifySNA.build/Debug-appletvos/TwilioVerifySNA.build/TwilioVerifySNA.DependencyMetadataFileList (in target 'TwilioVerifySNA' from project 'TwilioVerifySNA')
    cd /Users/admin/builder/spi-builder-workspace
    write-file /Users/admin/builder/spi-builder-workspace/.derivedData/Build/Intermediates.noindex/TwilioVerifySNA.build/Debug-appletvos/TwilioVerifySNA.build/TwilioVerifySNA.DependencyMetadataFileList
WriteAuxiliaryFile /Users/admin/builder/spi-builder-workspace/.derivedData/Build/Intermediates.noindex/TwilioVerifySNA.build/Debug-appletvos/TwilioVerifySNA.build/Objects-normal/arm64/TwilioVerifySNA-OutputFileMap.json (in target 'TwilioVerifySNA' from project 'TwilioVerifySNA')
    cd /Users/admin/builder/spi-builder-workspace
    write-file /Users/admin/builder/spi-builder-workspace/.derivedData/Build/Intermediates.noindex/TwilioVerifySNA.build/Debug-appletvos/TwilioVerifySNA.build/Objects-normal/arm64/TwilioVerifySNA-OutputFileMap.json
WriteAuxiliaryFile /Users/admin/builder/spi-builder-workspace/.derivedData/Build/Intermediates.noindex/TwilioVerifySNA.build/Debug-appletvos/TwilioVerifySNA.build/Objects-normal/arm64/TwilioVerifySNA.SwiftConstValuesFileList (in target 'TwilioVerifySNA' from project 'TwilioVerifySNA')
    cd /Users/admin/builder/spi-builder-workspace
    write-file /Users/admin/builder/spi-builder-workspace/.derivedData/Build/Intermediates.noindex/TwilioVerifySNA.build/Debug-appletvos/TwilioVerifySNA.build/Objects-normal/arm64/TwilioVerifySNA.SwiftConstValuesFileList
WriteAuxiliaryFile /Users/admin/builder/spi-builder-workspace/.derivedData/Build/Intermediates.noindex/TwilioVerifySNA.build/Debug-appletvos/TwilioVerifySNA.build/Objects-normal/arm64/TwilioVerifySNA.LinkFileList (in target 'TwilioVerifySNA' from project 'TwilioVerifySNA')
    cd /Users/admin/builder/spi-builder-workspace
    write-file /Users/admin/builder/spi-builder-workspace/.derivedData/Build/Intermediates.noindex/TwilioVerifySNA.build/Debug-appletvos/TwilioVerifySNA.build/Objects-normal/arm64/TwilioVerifySNA.LinkFileList
WriteAuxiliaryFile /Users/admin/builder/spi-builder-workspace/.derivedData/Build/Intermediates.noindex/TwilioVerifySNA.build/Debug-appletvos/TwilioVerifySNA.build/Objects-normal/arm64/TwilioVerifySNA_const_extract_protocols.json (in target 'TwilioVerifySNA' from project 'TwilioVerifySNA')
    cd /Users/admin/builder/spi-builder-workspace
    write-file /Users/admin/builder/spi-builder-workspace/.derivedData/Build/Intermediates.noindex/TwilioVerifySNA.build/Debug-appletvos/TwilioVerifySNA.build/Objects-normal/arm64/TwilioVerifySNA_const_extract_protocols.json
WriteAuxiliaryFile /Users/admin/builder/spi-builder-workspace/.derivedData/Build/Intermediates.noindex/TwilioVerifySNA.build/Debug-appletvos/TwilioVerifySNA.build/Objects-normal/arm64/TwilioVerifySNA.SwiftFileList (in target 'TwilioVerifySNA' from project 'TwilioVerifySNA')
    cd /Users/admin/builder/spi-builder-workspace
    write-file /Users/admin/builder/spi-builder-workspace/.derivedData/Build/Intermediates.noindex/TwilioVerifySNA.build/Debug-appletvos/TwilioVerifySNA.build/Objects-normal/arm64/TwilioVerifySNA.SwiftFileList
WriteAuxiliaryFile /Users/admin/builder/spi-builder-workspace/.derivedData/Build/Intermediates.noindex/TwilioVerifySNA.build/Debug-appletvos/SNANetworking.build/SNANetworking.DependencyStaticMetadataFileList (in target 'SNANetworking' from project 'TwilioVerifySNA')
    cd /Users/admin/builder/spi-builder-workspace
    write-file /Users/admin/builder/spi-builder-workspace/.derivedData/Build/Intermediates.noindex/TwilioVerifySNA.build/Debug-appletvos/SNANetworking.build/SNANetworking.DependencyStaticMetadataFileList
WriteAuxiliaryFile /Users/admin/builder/spi-builder-workspace/.derivedData/Build/Intermediates.noindex/TwilioVerifySNA.build/Debug-appletvos/SNANetworking.build/SNANetworking.DependencyMetadataFileList (in target 'SNANetworking' from project 'TwilioVerifySNA')
    cd /Users/admin/builder/spi-builder-workspace
    write-file /Users/admin/builder/spi-builder-workspace/.derivedData/Build/Intermediates.noindex/TwilioVerifySNA.build/Debug-appletvos/SNANetworking.build/SNANetworking.DependencyMetadataFileList
WriteAuxiliaryFile /Users/admin/builder/spi-builder-workspace/.derivedData/Build/Intermediates.noindex/TwilioVerifySNA.build/Debug-appletvos/SNANetworking.build/Objects-normal/arm64/7187679823f38a2a940e0043cdf9d637-common-args.resp (in target 'SNANetworking' from project 'TwilioVerifySNA')
    cd /Users/admin/builder/spi-builder-workspace
    write-file /Users/admin/builder/spi-builder-workspace/.derivedData/Build/Intermediates.noindex/TwilioVerifySNA.build/Debug-appletvos/SNANetworking.build/Objects-normal/arm64/7187679823f38a2a940e0043cdf9d637-common-args.resp
-target arm64-apple-tvos12.0 -fmodules -gmodules '-fmodules-cache-path=/Users/admin/builder/spi-builder-workspace/.derivedData/ModuleCache.noindex' '-fmodule-name=SNANetworking' -fpascal-strings -O0 -DSWIFT_PACKAGE '-DDEBUG=1' -isysroot /Applications/Xcode-26.3.0.app/Contents/Developer/Platforms/AppleTVOS.platform/Developer/SDKs/AppleTVOS26.2.sdk -g -fprofile-instr-generate -fcoverage-mapping -I/Users/admin/builder/spi-builder-workspace/.derivedData/Build/Products/Debug-appletvos/include -I/Users/admin/builder/spi-builder-workspace/SNASources/include -I/Users/admin/builder/spi-builder-workspace/.derivedData/Build/Intermediates.noindex/TwilioVerifySNA.build/Debug-appletvos/SNANetworking.build/DerivedSources-normal/arm64 -I/Users/admin/builder/spi-builder-workspace/.derivedData/Build/Intermediates.noindex/TwilioVerifySNA.build/Debug-appletvos/SNANetworking.build/DerivedSources/arm64 -I/Users/admin/builder/spi-builder-workspace/.derivedData/Build/Intermediates.noindex/TwilioVerifySNA.build/Debug-appletvos/SNANetworking.build/DerivedSources -F/Users/admin/builder/spi-builder-workspace/.derivedData/Build/Products/Debug-appletvos -iframework /Applications/Xcode-26.3.0.app/Contents/Developer/Platforms/AppleTVOS.platform/Developer/Library/Frameworks -iframework /Applications/Xcode-26.3.0.app/Contents/Developer/Platforms/AppleTVOS.platform/Developer/SDKs/AppleTVOS26.2.sdk/Developer/Library/Frameworks -DXcode
WriteAuxiliaryFile /Users/admin/builder/spi-builder-workspace/.derivedData/Build/Intermediates.noindex/TwilioVerifySNA.build/Debug-appletvos/SNANetworking.build/Objects-normal/arm64/e6072d4f65d7061329687fe24e3d63a7-common-args.resp (in target 'SNANetworking' from project 'TwilioVerifySNA')
    cd /Users/admin/builder/spi-builder-workspace
    write-file /Users/admin/builder/spi-builder-workspace/.derivedData/Build/Intermediates.noindex/TwilioVerifySNA.build/Debug-appletvos/SNANetworking.build/Objects-normal/arm64/e6072d4f65d7061329687fe24e3d63a7-common-args.resp
-target arm64-apple-tvos12.0 -fobjc-arc -fmodules -gmodules '-fmodules-cache-path=/Users/admin/builder/spi-builder-workspace/.derivedData/ModuleCache.noindex' '-fmodule-name=SNANetworking' -fpascal-strings -O0 -DSWIFT_PACKAGE '-DDEBUG=1' '-DOBJC_OLD_DISPATCH_PROTOTYPES=1' -isysroot /Applications/Xcode-26.3.0.app/Contents/Developer/Platforms/AppleTVOS.platform/Developer/SDKs/AppleTVOS26.2.sdk -g -fprofile-instr-generate -fcoverage-mapping -I/Users/admin/builder/spi-builder-workspace/.derivedData/Build/Products/Debug-appletvos/include -I/Users/admin/builder/spi-builder-workspace/SNASources/include -I/Users/admin/builder/spi-builder-workspace/.derivedData/Build/Intermediates.noindex/TwilioVerifySNA.build/Debug-appletvos/SNANetworking.build/DerivedSources-normal/arm64 -I/Users/admin/builder/spi-builder-workspace/.derivedData/Build/Intermediates.noindex/TwilioVerifySNA.build/Debug-appletvos/SNANetworking.build/DerivedSources/arm64 -I/Users/admin/builder/spi-builder-workspace/.derivedData/Build/Intermediates.noindex/TwilioVerifySNA.build/Debug-appletvos/SNANetworking.build/DerivedSources -F/Users/admin/builder/spi-builder-workspace/.derivedData/Build/Products/Debug-appletvos -iframework /Applications/Xcode-26.3.0.app/Contents/Developer/Platforms/AppleTVOS.platform/Developer/Library/Frameworks -iframework /Applications/Xcode-26.3.0.app/Contents/Developer/Platforms/AppleTVOS.platform/Developer/SDKs/AppleTVOS26.2.sdk/Developer/Library/Frameworks -DXcode
WriteAuxiliaryFile /Users/admin/builder/spi-builder-workspace/.derivedData/Build/Intermediates.noindex/TwilioVerifySNA.build/Debug-appletvos/SNANetworking.build/Objects-normal/arm64/SNANetworking.LinkFileList (in target 'SNANetworking' from project 'TwilioVerifySNA')
    cd /Users/admin/builder/spi-builder-workspace
    write-file /Users/admin/builder/spi-builder-workspace/.derivedData/Build/Intermediates.noindex/TwilioVerifySNA.build/Debug-appletvos/SNANetworking.build/Objects-normal/arm64/SNANetworking.LinkFileList
Copy /Users/admin/builder/spi-builder-workspace/.derivedData/Build/Intermediates.noindex/GeneratedModuleMaps-appletvos/TwilioVerifySNA.modulemap /Users/admin/builder/spi-builder-workspace/.derivedData/Build/Intermediates.noindex/TwilioVerifySNA.build/Debug-appletvos/TwilioVerifySNA.build/TwilioVerifySNA.modulemap (in target 'TwilioVerifySNA' from project 'TwilioVerifySNA')
    cd /Users/admin/builder/spi-builder-workspace
    builtin-copy -exclude .DS_Store -exclude CVS -exclude .svn -exclude .git -exclude .hg -resolve-src-symlinks /Users/admin/builder/spi-builder-workspace/.derivedData/Build/Intermediates.noindex/TwilioVerifySNA.build/Debug-appletvos/TwilioVerifySNA.build/TwilioVerifySNA.modulemap /Users/admin/builder/spi-builder-workspace/.derivedData/Build/Intermediates.noindex/GeneratedModuleMaps-appletvos
ScanDependencies /Users/admin/builder/spi-builder-workspace/.derivedData/Build/Intermediates.noindex/TwilioVerifySNA.build/Debug-appletvos/SNANetworking.build/Objects-normal/arm64/CellularSessionResult.o /Users/admin/builder/spi-builder-workspace/SNASources/CellularSessionResult.m normal arm64 objective-c com.apple.compilers.llvm.clang.1_0.compiler (in target 'SNANetworking' from project 'TwilioVerifySNA')
    cd /Users/admin/builder/spi-builder-workspace/.swiftpm/xcode

    Using response file: /Users/admin/builder/spi-builder-workspace/.derivedData/Build/Intermediates.noindex/TwilioVerifySNA.build/Debug-appletvos/SNANetworking.build/Objects-normal/arm64/e6072d4f65d7061329687fe24e3d63a7-common-args.resp

    builtin-ScanDependencies -o /Users/admin/builder/spi-builder-workspace/.derivedData/Build/Intermediates.noindex/TwilioVerifySNA.build/Debug-appletvos/SNANetworking.build/Objects-normal/arm64/CellularSessionResult.o.scan -- /Applications/Xcode-26.3.0.app/Contents/Developer/Toolchains/XcodeDefault.xctoolchain/usr/bin/clang -x objective-c -ivfsstatcache /Users/admin/builder/spi-builder-workspace/.derivedData/SDKStatCaches.noindex/appletvos26.2-23K50-dc75598d0054f22ec865fa860f139d72c1feacec85df2e04b9fa10f95e757c08.sdkstatcache -fmessage-length\=0 -fdiagnostics-show-note-include-stack -fmacro-backtrace-limit\=0 -fno-color-diagnostics -fmodules-prune-interval\=86400 -fmodules-prune-after\=345600 -fbuild-session-file\=/Users/admin/builder/spi-builder-workspace/.derivedData/ModuleCache.noindex/Session.modulevalidation -fmodules-validate-once-per-build-session -Wnon-modular-include-in-framework-module -Werror\=non-modular-include-in-framework-module -Wno-trigraphs -Wno-missing-field-initializers -Wno-missing-prototypes -Wno-return-type -Wno-implicit-atomic-properties -Wno-objc-interface-ivars -Wno-arc-repeated-use-of-weak -Wno-missing-braces -Wparentheses -Wswitch -Wno-unused-function -Wno-unused-label -Wno-unused-parameter -Wno-unused-variable -Wunused-value -Wno-empty-body -Wno-uninitialized -Wno-unknown-pragmas -Wno-shadow -Wno-four-char-constants -Wno-conversion -Wno-constant-conversion -Wno-int-conversion -Wno-bool-conversion -Wno-enum-conversion -Wno-float-conversion -Wno-non-literal-null-conversion -Wno-objc-literal-conversion -Wshorten-64-to-32 -Wpointer-sign -Wno-newline-eof -Wno-selector -Wno-strict-selector-match -Wno-undeclared-selector -Wno-deprecated-implementations -Wno-implicit-fallthrough -fstrict-aliasing -Wprotocol -Wdeprecated-declarations -Wno-sign-conversion -Wno-infinite-recursion -Wno-comma -Wno-block-capture-autoreleasing -Wno-strict-prototypes -Wno-semicolon-before-method-body -index-store-path /Users/admin/builder/spi-builder-workspace/.derivedData/Index.noindex/DataStore @/Users/admin/builder/spi-builder-workspace/.derivedData/Build/Intermediates.noindex/TwilioVerifySNA.build/Debug-appletvos/SNANetworking.build/Objects-normal/arm64/e6072d4f65d7061329687fe24e3d63a7-common-args.resp -MMD -MT dependencies -MF /Users/admin/builder/spi-builder-workspace/.derivedData/Build/Intermediates.noindex/TwilioVerifySNA.build/Debug-appletvos/SNANetworking.build/Objects-normal/arm64/CellularSessionResult.d --serialize-diagnostics /Users/admin/builder/spi-builder-workspace/.derivedData/Build/Intermediates.noindex/TwilioVerifySNA.build/Debug-appletvos/SNANetworking.build/Objects-normal/arm64/CellularSessionResult.dia -c /Users/admin/builder/spi-builder-workspace/SNASources/CellularSessionResult.m -o /Users/admin/builder/spi-builder-workspace/.derivedData/Build/Intermediates.noindex/TwilioVerifySNA.build/Debug-appletvos/SNANetworking.build/Objects-normal/arm64/CellularSessionResult.o -index-unit-output-path /TwilioVerifySNA.build/Debug-appletvos/SNANetworking.build/Objects-normal/arm64/CellularSessionResult.o
ScanDependencies /Users/admin/builder/spi-builder-workspace/.derivedData/Build/Intermediates.noindex/TwilioVerifySNA.build/Debug-appletvos/SNANetworking.build/Objects-normal/arm64/SocketAddress.o /Users/admin/builder/spi-builder-workspace/SNASources/SocketAddress.m normal arm64 objective-c com.apple.compilers.llvm.clang.1_0.compiler (in target 'SNANetworking' from project 'TwilioVerifySNA')
    cd /Users/admin/builder/spi-builder-workspace/.swiftpm/xcode

    Using response file: /Users/admin/builder/spi-builder-workspace/.derivedData/Build/Intermediates.noindex/TwilioVerifySNA.build/Debug-appletvos/SNANetworking.build/Objects-normal/arm64/e6072d4f65d7061329687fe24e3d63a7-common-args.resp

    builtin-ScanDependencies -o /Users/admin/builder/spi-builder-workspace/.derivedData/Build/Intermediates.noindex/TwilioVerifySNA.build/Debug-appletvos/SNANetworking.build/Objects-normal/arm64/SocketAddress.o.scan -- /Applications/Xcode-26.3.0.app/Contents/Developer/Toolchains/XcodeDefault.xctoolchain/usr/bin/clang -x objective-c -ivfsstatcache /Users/admin/builder/spi-builder-workspace/.derivedData/SDKStatCaches.noindex/appletvos26.2-23K50-dc75598d0054f22ec865fa860f139d72c1feacec85df2e04b9fa10f95e757c08.sdkstatcache -fmessage-length\=0 -fdiagnostics-show-note-include-stack -fmacro-backtrace-limit\=0 -fno-color-diagnostics -fmodules-prune-interval\=86400 -fmodules-prune-after\=345600 -fbuild-session-file\=/Users/admin/builder/spi-builder-workspace/.derivedData/ModuleCache.noindex/Session.modulevalidation -fmodules-validate-once-per-build-session -Wnon-modular-include-in-framework-module -Werror\=non-modular-include-in-framework-module -Wno-trigraphs -Wno-missing-field-initializers -Wno-missing-prototypes -Wno-return-type -Wno-implicit-atomic-properties -Wno-objc-interface-ivars -Wno-arc-repeated-use-of-weak -Wno-missing-braces -Wparentheses -Wswitch -Wno-unused-function -Wno-unused-label -Wno-unused-parameter -Wno-unused-variable -Wunused-value -Wno-empty-body -Wno-uninitialized -Wno-unknown-pragmas -Wno-shadow -Wno-four-char-constants -Wno-conversion -Wno-constant-conversion -Wno-int-conversion -Wno-bool-conversion -Wno-enum-conversion -Wno-float-conversion -Wno-non-literal-null-conversion -Wno-objc-literal-conversion -Wshorten-64-to-32 -Wpointer-sign -Wno-newline-eof -Wno-selector -Wno-strict-selector-match -Wno-undeclared-selector -Wno-deprecated-implementations -Wno-implicit-fallthrough -fstrict-aliasing -Wprotocol -Wdeprecated-declarations -Wno-sign-conversion -Wno-infinite-recursion -Wno-comma -Wno-block-capture-autoreleasing -Wno-strict-prototypes -Wno-semicolon-before-method-body -index-store-path /Users/admin/builder/spi-builder-workspace/.derivedData/Index.noindex/DataStore @/Users/admin/builder/spi-builder-workspace/.derivedData/Build/Intermediates.noindex/TwilioVerifySNA.build/Debug-appletvos/SNANetworking.build/Objects-normal/arm64/e6072d4f65d7061329687fe24e3d63a7-common-args.resp -MMD -MT dependencies -MF /Users/admin/builder/spi-builder-workspace/.derivedData/Build/Intermediates.noindex/TwilioVerifySNA.build/Debug-appletvos/SNANetworking.build/Objects-normal/arm64/SocketAddress.d --serialize-diagnostics /Users/admin/builder/spi-builder-workspace/.derivedData/Build/Intermediates.noindex/TwilioVerifySNA.build/Debug-appletvos/SNANetworking.build/Objects-normal/arm64/SocketAddress.dia -c /Users/admin/builder/spi-builder-workspace/SNASources/SocketAddress.m -o /Users/admin/builder/spi-builder-workspace/.derivedData/Build/Intermediates.noindex/TwilioVerifySNA.build/Debug-appletvos/SNANetworking.build/Objects-normal/arm64/SocketAddress.o -index-unit-output-path /TwilioVerifySNA.build/Debug-appletvos/SNANetworking.build/Objects-normal/arm64/SocketAddress.o
ScanDependencies /Users/admin/builder/spi-builder-workspace/.derivedData/Build/Intermediates.noindex/TwilioVerifySNA.build/Debug-appletvos/SNANetworking.build/Objects-normal/arm64/sslfuncs.o /Users/admin/builder/spi-builder-workspace/SNASources/sslfuncs.c normal arm64 c com.apple.compilers.llvm.clang.1_0.compiler (in target 'SNANetworking' from project 'TwilioVerifySNA')
    cd /Users/admin/builder/spi-builder-workspace/.swiftpm/xcode

    Using response file: /Users/admin/builder/spi-builder-workspace/.derivedData/Build/Intermediates.noindex/TwilioVerifySNA.build/Debug-appletvos/SNANetworking.build/Objects-normal/arm64/7187679823f38a2a940e0043cdf9d637-common-args.resp

    builtin-ScanDependencies -o /Users/admin/builder/spi-builder-workspace/.derivedData/Build/Intermediates.noindex/TwilioVerifySNA.build/Debug-appletvos/SNANetworking.build/Objects-normal/arm64/sslfuncs.o.scan -- /Applications/Xcode-26.3.0.app/Contents/Developer/Toolchains/XcodeDefault.xctoolchain/usr/bin/clang -x c -ivfsstatcache /Users/admin/builder/spi-builder-workspace/.derivedData/SDKStatCaches.noindex/appletvos26.2-23K50-dc75598d0054f22ec865fa860f139d72c1feacec85df2e04b9fa10f95e757c08.sdkstatcache -fmessage-length\=0 -fdiagnostics-show-note-include-stack -fmacro-backtrace-limit\=0 -fno-color-diagnostics -fmodules-prune-interval\=86400 -fmodules-prune-after\=345600 -fbuild-session-file\=/Users/admin/builder/spi-builder-workspace/.derivedData/ModuleCache.noindex/Session.modulevalidation -fmodules-validate-once-per-build-session -Wnon-modular-include-in-framework-module -Werror\=non-modular-include-in-framework-module -Wno-trigraphs -Wno-missing-field-initializers -Wno-missing-prototypes -Wno-return-type -Wno-missing-braces -Wparentheses -Wswitch -Wno-unused-function -Wno-unused-label -Wno-unused-parameter -Wno-unused-variable -Wunused-value -Wno-empty-body -Wno-uninitialized -Wno-unknown-pragmas -Wno-shadow -Wno-four-char-constants -Wno-conversion -Wno-constant-conversion -Wno-int-conversion -Wno-bool-conversion -Wno-enum-conversion -Wno-float-conversion -Wno-non-literal-null-conversion -Wno-objc-literal-conversion -Wshorten-64-to-32 -Wpointer-sign -Wno-newline-eof -Wno-implicit-fallthrough -fstrict-aliasing -Wdeprecated-declarations -Wno-sign-conversion -Wno-infinite-recursion -Wno-comma -Wno-block-capture-autoreleasing -Wno-strict-prototypes -Wno-semicolon-before-method-body -index-store-path /Users/admin/builder/spi-builder-workspace/.derivedData/Index.noindex/DataStore @/Users/admin/builder/spi-builder-workspace/.derivedData/Build/Intermediates.noindex/TwilioVerifySNA.build/Debug-appletvos/SNANetworking.build/Objects-normal/arm64/7187679823f38a2a940e0043cdf9d637-common-args.resp -MMD -MT dependencies -MF /Users/admin/builder/spi-builder-workspace/.derivedData/Build/Intermediates.noindex/TwilioVerifySNA.build/Debug-appletvos/SNANetworking.build/Objects-normal/arm64/sslfuncs.d --serialize-diagnostics /Users/admin/builder/spi-builder-workspace/.derivedData/Build/Intermediates.noindex/TwilioVerifySNA.build/Debug-appletvos/SNANetworking.build/Objects-normal/arm64/sslfuncs.dia -c /Users/admin/builder/spi-builder-workspace/SNASources/sslfuncs.c -o /Users/admin/builder/spi-builder-workspace/.derivedData/Build/Intermediates.noindex/TwilioVerifySNA.build/Debug-appletvos/SNANetworking.build/Objects-normal/arm64/sslfuncs.o -index-unit-output-path /TwilioVerifySNA.build/Debug-appletvos/SNANetworking.build/Objects-normal/arm64/sslfuncs.o
ScanDependencies /Users/admin/builder/spi-builder-workspace/.derivedData/Build/Intermediates.noindex/TwilioVerifySNA.build/Debug-appletvos/SNANetworking.build/Objects-normal/arm64/CellularGetAddrinfo.o /Users/admin/builder/spi-builder-workspace/SNASources/CellularGetAddrinfo.m normal arm64 objective-c com.apple.compilers.llvm.clang.1_0.compiler (in target 'SNANetworking' from project 'TwilioVerifySNA')
    cd /Users/admin/builder/spi-builder-workspace/.swiftpm/xcode

    Using response file: /Users/admin/builder/spi-builder-workspace/.derivedData/Build/Intermediates.noindex/TwilioVerifySNA.build/Debug-appletvos/SNANetworking.build/Objects-normal/arm64/e6072d4f65d7061329687fe24e3d63a7-common-args.resp

    builtin-ScanDependencies -o /Users/admin/builder/spi-builder-workspace/.derivedData/Build/Intermediates.noindex/TwilioVerifySNA.build/Debug-appletvos/SNANetworking.build/Objects-normal/arm64/CellularGetAddrinfo.o.scan -- /Applications/Xcode-26.3.0.app/Contents/Developer/Toolchains/XcodeDefault.xctoolchain/usr/bin/clang -x objective-c -ivfsstatcache /Users/admin/builder/spi-builder-workspace/.derivedData/SDKStatCaches.noindex/appletvos26.2-23K50-dc75598d0054f22ec865fa860f139d72c1feacec85df2e04b9fa10f95e757c08.sdkstatcache -fmessage-length\=0 -fdiagnostics-show-note-include-stack -fmacro-backtrace-limit\=0 -fno-color-diagnostics -fmodules-prune-interval\=86400 -fmodules-prune-after\=345600 -fbuild-session-file\=/Users/admin/builder/spi-builder-workspace/.derivedData/ModuleCache.noindex/Session.modulevalidation -fmodules-validate-once-per-build-session -Wnon-modular-include-in-framework-module -Werror\=non-modular-include-in-framework-module -Wno-trigraphs -Wno-missing-field-initializers -Wno-missing-prototypes -Wno-return-type -Wno-implicit-atomic-properties -Wno-objc-interface-ivars -Wno-arc-repeated-use-of-weak -Wno-missing-braces -Wparentheses -Wswitch -Wno-unused-function -Wno-unused-label -Wno-unused-parameter -Wno-unused-variable -Wunused-value -Wno-empty-body -Wno-uninitialized -Wno-unknown-pragmas -Wno-shadow -Wno-four-char-constants -Wno-conversion -Wno-constant-conversion -Wno-int-conversion -Wno-bool-conversion -Wno-enum-conversion -Wno-float-conversion -Wno-non-literal-null-conversion -Wno-objc-literal-conversion -Wshorten-64-to-32 -Wpointer-sign -Wno-newline-eof -Wno-selector -Wno-strict-selector-match -Wno-undeclared-selector -Wno-deprecated-implementations -Wno-implicit-fallthrough -fstrict-aliasing -Wprotocol -Wdeprecated-declarations -Wno-sign-conversion -Wno-infinite-recursion -Wno-comma -Wno-block-capture-autoreleasing -Wno-strict-prototypes -Wno-semicolon-before-method-body -index-store-path /Users/admin/builder/spi-builder-workspace/.derivedData/Index.noindex/DataStore @/Users/admin/builder/spi-builder-workspace/.derivedData/Build/Intermediates.noindex/TwilioVerifySNA.build/Debug-appletvos/SNANetworking.build/Objects-normal/arm64/e6072d4f65d7061329687fe24e3d63a7-common-args.resp -MMD -MT dependencies -MF /Users/admin/builder/spi-builder-workspace/.derivedData/Build/Intermediates.noindex/TwilioVerifySNA.build/Debug-appletvos/SNANetworking.build/Objects-normal/arm64/CellularGetAddrinfo.d --serialize-diagnostics /Users/admin/builder/spi-builder-workspace/.derivedData/Build/Intermediates.noindex/TwilioVerifySNA.build/Debug-appletvos/SNANetworking.build/Objects-normal/arm64/CellularGetAddrinfo.dia -c /Users/admin/builder/spi-builder-workspace/SNASources/CellularGetAddrinfo.m -o /Users/admin/builder/spi-builder-workspace/.derivedData/Build/Intermediates.noindex/TwilioVerifySNA.build/Debug-appletvos/SNANetworking.build/Objects-normal/arm64/CellularGetAddrinfo.o -index-unit-output-path /TwilioVerifySNA.build/Debug-appletvos/SNANetworking.build/Objects-normal/arm64/CellularGetAddrinfo.o
ScanDependencies /Users/admin/builder/spi-builder-workspace/.derivedData/Build/Intermediates.noindex/TwilioVerifySNA.build/Debug-appletvos/SNANetworking.build/Objects-normal/arm64/CellularSession.o /Users/admin/builder/spi-builder-workspace/SNASources/CellularSession.m normal arm64 objective-c com.apple.compilers.llvm.clang.1_0.compiler (in target 'SNANetworking' from project 'TwilioVerifySNA')
    cd /Users/admin/builder/spi-builder-workspace/.swiftpm/xcode

    Using response file: /Users/admin/builder/spi-builder-workspace/.derivedData/Build/Intermediates.noindex/TwilioVerifySNA.build/Debug-appletvos/SNANetworking.build/Objects-normal/arm64/e6072d4f65d7061329687fe24e3d63a7-common-args.resp

    builtin-ScanDependencies -o /Users/admin/builder/spi-builder-workspace/.derivedData/Build/Intermediates.noindex/TwilioVerifySNA.build/Debug-appletvos/SNANetworking.build/Objects-normal/arm64/CellularSession.o.scan -- /Applications/Xcode-26.3.0.app/Contents/Developer/Toolchains/XcodeDefault.xctoolchain/usr/bin/clang -x objective-c -ivfsstatcache /Users/admin/builder/spi-builder-workspace/.derivedData/SDKStatCaches.noindex/appletvos26.2-23K50-dc75598d0054f22ec865fa860f139d72c1feacec85df2e04b9fa10f95e757c08.sdkstatcache -fmessage-length\=0 -fdiagnostics-show-note-include-stack -fmacro-backtrace-limit\=0 -fno-color-diagnostics -fmodules-prune-interval\=86400 -fmodules-prune-after\=345600 -fbuild-session-file\=/Users/admin/builder/spi-builder-workspace/.derivedData/ModuleCache.noindex/Session.modulevalidation -fmodules-validate-once-per-build-session -Wnon-modular-include-in-framework-module -Werror\=non-modular-include-in-framework-module -Wno-trigraphs -Wno-missing-field-initializers -Wno-missing-prototypes -Wno-return-type -Wno-implicit-atomic-properties -Wno-objc-interface-ivars -Wno-arc-repeated-use-of-weak -Wno-missing-braces -Wparentheses -Wswitch -Wno-unused-function -Wno-unused-label -Wno-unused-parameter -Wno-unused-variable -Wunused-value -Wno-empty-body -Wno-uninitialized -Wno-unknown-pragmas -Wno-shadow -Wno-four-char-constants -Wno-conversion -Wno-constant-conversion -Wno-int-conversion -Wno-bool-conversion -Wno-enum-conversion -Wno-float-conversion -Wno-non-literal-null-conversion -Wno-objc-literal-conversion -Wshorten-64-to-32 -Wpointer-sign -Wno-newline-eof -Wno-selector -Wno-strict-selector-match -Wno-undeclared-selector -Wno-deprecated-implementations -Wno-implicit-fallthrough -fstrict-aliasing -Wprotocol -Wdeprecated-declarations -Wno-sign-conversion -Wno-infinite-recursion -Wno-comma -Wno-block-capture-autoreleasing -Wno-strict-prototypes -Wno-semicolon-before-method-body -index-store-path /Users/admin/builder/spi-builder-workspace/.derivedData/Index.noindex/DataStore @/Users/admin/builder/spi-builder-workspace/.derivedData/Build/Intermediates.noindex/TwilioVerifySNA.build/Debug-appletvos/SNANetworking.build/Objects-normal/arm64/e6072d4f65d7061329687fe24e3d63a7-common-args.resp -MMD -MT dependencies -MF /Users/admin/builder/spi-builder-workspace/.derivedData/Build/Intermediates.noindex/TwilioVerifySNA.build/Debug-appletvos/SNANetworking.build/Objects-normal/arm64/CellularSession.d --serialize-diagnostics /Users/admin/builder/spi-builder-workspace/.derivedData/Build/Intermediates.noindex/TwilioVerifySNA.build/Debug-appletvos/SNANetworking.build/Objects-normal/arm64/CellularSession.dia -c /Users/admin/builder/spi-builder-workspace/SNASources/CellularSession.m -o /Users/admin/builder/spi-builder-workspace/.derivedData/Build/Intermediates.noindex/TwilioVerifySNA.build/Debug-appletvos/SNANetworking.build/Objects-normal/arm64/CellularSession.o -index-unit-output-path /TwilioVerifySNA.build/Debug-appletvos/SNANetworking.build/Objects-normal/arm64/CellularSession.o
SwiftDriver TwilioVerifySNA normal arm64 com.apple.xcode.tools.swift.compiler (in target 'TwilioVerifySNA' from project 'TwilioVerifySNA')
    cd /Users/admin/builder/spi-builder-workspace/.swiftpm/xcode
    builtin-SwiftDriver -- /Applications/Xcode-26.3.0.app/Contents/Developer/Toolchains/XcodeDefault.xctoolchain/usr/bin/swiftc -module-name TwilioVerifySNA -Onone -enforce-exclusivity\=checked @/Users/admin/builder/spi-builder-workspace/.derivedData/Build/Intermediates.noindex/TwilioVerifySNA.build/Debug-appletvos/TwilioVerifySNA.build/Objects-normal/arm64/TwilioVerifySNA.SwiftFileList -DSWIFT_PACKAGE -DDEBUG -DSWIFT_MODULE_RESOURCE_BUNDLE_UNAVAILABLE -DXcode -plugin-path /Applications/Xcode-26.3.0.app/Contents/Developer/Toolchains/XcodeDefault.xctoolchain/usr/lib/swift/host/plugins/testing -enable-experimental-feature DebugDescriptionMacro -sdk /Applications/Xcode-26.3.0.app/Contents/Developer/Platforms/AppleTVOS.platform/Developer/SDKs/AppleTVOS26.2.sdk -target arm64-apple-tvos12.0 -g -module-cache-path /Users/admin/builder/spi-builder-workspace/.derivedData/ModuleCache.noindex -Xfrontend -serialize-debugging-options -profile-coverage-mapping -profile-generate -enable-testing -index-store-path /Users/admin/builder/spi-builder-workspace/.derivedData/Index.noindex/DataStore -Xcc -D_LIBCPP_HARDENING_MODE\=_LIBCPP_HARDENING_MODE_DEBUG -swift-version 5 -I /Users/admin/builder/spi-builder-workspace/.derivedData/Build/Products/Debug-appletvos -Isystem /Applications/Xcode-26.3.0.app/Contents/Developer/Platforms/AppleTVOS.platform/Developer/usr/lib -F /Users/admin/builder/spi-builder-workspace/.derivedData/Build/Products/Debug-appletvos/PackageFrameworks -F /Users/admin/builder/spi-builder-workspace/.derivedData/Build/Products/Debug-appletvos -F /Applications/Xcode-26.3.0.app/Contents/Developer/Platforms/AppleTVOS.platform/Developer/Library/Frameworks -F /Applications/Xcode-26.3.0.app/Contents/Developer/Platforms/AppleTVOS.platform/Developer/SDKs/AppleTVOS26.2.sdk/Developer/Library/Frameworks -c -j10 -enable-batch-mode -incremental -Xcc -ivfsstatcache -Xcc /Users/admin/builder/spi-builder-workspace/.derivedData/SDKStatCaches.noindex/appletvos26.2-23K50-dc75598d0054f22ec865fa860f139d72c1feacec85df2e04b9fa10f95e757c08.sdkstatcache -output-file-map /Users/admin/builder/spi-builder-workspace/.derivedData/Build/Intermediates.noindex/TwilioVerifySNA.build/Debug-appletvos/TwilioVerifySNA.build/Objects-normal/arm64/TwilioVerifySNA-OutputFileMap.json -use-frontend-parseable-output -save-temps -no-color-diagnostics -explicit-module-build -module-cache-path /Users/admin/builder/spi-builder-workspace/.derivedData/Build/Intermediates.noindex/SwiftExplicitPrecompiledModules -clang-scanner-module-cache-path /Users/admin/builder/spi-builder-workspace/.derivedData/ModuleCache.noindex -sdk-module-cache-path /Users/admin/builder/spi-builder-workspace/.derivedData/ModuleCache.noindex -serialize-diagnostics -emit-dependencies -emit-module -emit-module-path /Users/admin/builder/spi-builder-workspace/.derivedData/Build/Intermediates.noindex/TwilioVerifySNA.build/Debug-appletvos/TwilioVerifySNA.build/Objects-normal/arm64/TwilioVerifySNA.swiftmodule -validate-clang-modules-once -clang-build-session-file /Users/admin/builder/spi-builder-workspace/.derivedData/ModuleCache.noindex/Session.modulevalidation -Xcc -I/Users/admin/builder/spi-builder-workspace/.derivedData/Build/Intermediates.noindex/TwilioVerifySNA.build/Debug-appletvos/TwilioVerifySNA.build/swift-overrides.hmap -emit-const-values -Xfrontend -const-gather-protocols-file -Xfrontend /Users/admin/builder/spi-builder-workspace/.derivedData/Build/Intermediates.noindex/TwilioVerifySNA.build/Debug-appletvos/TwilioVerifySNA.build/Objects-normal/arm64/TwilioVerifySNA_const_extract_protocols.json -Xcc -I/Users/admin/builder/spi-builder-workspace/SNASources/include -Xcc -I/Users/admin/builder/spi-builder-workspace/.derivedData/Build/Products/Debug-appletvos/include -Xcc -I/Users/admin/builder/spi-builder-workspace/.derivedData/Build/Intermediates.noindex/TwilioVerifySNA.build/Debug-appletvos/TwilioVerifySNA.build/DerivedSources-normal/arm64 -Xcc -I/Users/admin/builder/spi-builder-workspace/.derivedData/Build/Intermediates.noindex/TwilioVerifySNA.build/Debug-appletvos/TwilioVerifySNA.build/DerivedSources/arm64 -Xcc -I/Users/admin/builder/spi-builder-workspace/.derivedData/Build/Intermediates.noindex/TwilioVerifySNA.build/Debug-appletvos/TwilioVerifySNA.build/DerivedSources -Xcc -DSWIFT_PACKAGE -Xcc -DDEBUG\=1 -emit-objc-header -emit-objc-header-path /Users/admin/builder/spi-builder-workspace/.derivedData/Build/Intermediates.noindex/TwilioVerifySNA.build/Debug-appletvos/TwilioVerifySNA.build/Objects-normal/arm64/TwilioVerifySNA-Swift.h -working-directory /Users/admin/builder/spi-builder-workspace/.swiftpm/xcode -experimental-emit-module-separately -disable-cmo
PrecompileModule /Users/admin/builder/spi-builder-workspace/.derivedData/Build/Intermediates.noindex/ExplicitPrecompiledModules/ptrcheck-6RD25DO2W59TYLZ9MJ18PNPLE.scan
    cd /
    builtin-precompileModule /Users/admin/builder/spi-builder-workspace/.derivedData/Build/Intermediates.noindex/ExplicitPrecompiledModules/ptrcheck-6RD25DO2W59TYLZ9MJ18PNPLE.scan
PrecompileModule /Users/admin/builder/spi-builder-workspace/.derivedData/Build/Intermediates.noindex/ExplicitPrecompiledModules/_Builtin_float-D6MA8O0JBC9RW6KBKP6OAGWQB.scan
    cd /
    builtin-precompileModule /Users/admin/builder/spi-builder-workspace/.derivedData/Build/Intermediates.noindex/ExplicitPrecompiledModules/_Builtin_float-D6MA8O0JBC9RW6KBKP6OAGWQB.scan
PrecompileModule /Users/admin/builder/spi-builder-workspace/.derivedData/Build/Intermediates.noindex/ExplicitPrecompiledModules/_Builtin_stdarg-5G8WEBQGAMCJJZB2LI5GLHK18.scan
    cd /
    builtin-precompileModule /Users/admin/builder/spi-builder-workspace/.derivedData/Build/Intermediates.noindex/ExplicitPrecompiledModules/_Builtin_stdarg-5G8WEBQGAMCJJZB2LI5GLHK18.scan
PrecompileModule /Users/admin/builder/spi-builder-workspace/.derivedData/Build/Intermediates.noindex/ExplicitPrecompiledModules/_AvailabilityInternal-EQSOKLQ5QIZSYK2W8WW5N6I1T.scan
    cd /
    builtin-precompileModule /Users/admin/builder/spi-builder-workspace/.derivedData/Build/Intermediates.noindex/ExplicitPrecompiledModules/_AvailabilityInternal-EQSOKLQ5QIZSYK2W8WW5N6I1T.scan
PrecompileModule /Users/admin/builder/spi-builder-workspace/.derivedData/Build/Intermediates.noindex/ExplicitPrecompiledModules/_Builtin_stdbool-DYQRIB705MGGCZLUFFST5RFZC.scan
    cd /
    builtin-precompileModule /Users/admin/builder/spi-builder-workspace/.derivedData/Build/Intermediates.noindex/ExplicitPrecompiledModules/_Builtin_stdbool-DYQRIB705MGGCZLUFFST5RFZC.scan
PrecompileModule /Users/admin/builder/spi-builder-workspace/.derivedData/Build/Intermediates.noindex/ExplicitPrecompiledModules/_Builtin_stddef-2CUZBM1CT6U6841FKDSMOVPFF.scan
    cd /
    builtin-precompileModule /Users/admin/builder/spi-builder-workspace/.derivedData/Build/Intermediates.noindex/ExplicitPrecompiledModules/_Builtin_stddef-2CUZBM1CT6U6841FKDSMOVPFF.scan
PrecompileModule /Users/admin/builder/spi-builder-workspace/.derivedData/Build/Intermediates.noindex/ExplicitPrecompiledModules/ptrauth-A2YCE93VDIYX4QVHISS9YS47F.scan
    cd /
    builtin-precompileModule /Users/admin/builder/spi-builder-workspace/.derivedData/Build/Intermediates.noindex/ExplicitPrecompiledModules/ptrauth-A2YCE93VDIYX4QVHISS9YS47F.scan
PrecompileModule /Users/admin/builder/spi-builder-workspace/.derivedData/Build/Intermediates.noindex/ExplicitPrecompiledModules/_DarwinFoundation1-1OXFNGWLCR0FYTB8DXGU3RVWD.scan
    cd /
    builtin-precompileModule /Users/admin/builder/spi-builder-workspace/.derivedData/Build/Intermediates.noindex/ExplicitPrecompiledModules/_DarwinFoundation1-1OXFNGWLCR0FYTB8DXGU3RVWD.scan
PrecompileModule /Users/admin/builder/spi-builder-workspace/.derivedData/Build/Intermediates.noindex/ExplicitPrecompiledModules/_Builtin_stddef-EMLTFXVPZN9RFWH2PEK4QXWK5.scan
    cd /
    builtin-precompileModule /Users/admin/builder/spi-builder-workspace/.derivedData/Build/Intermediates.noindex/ExplicitPrecompiledModules/_Builtin_stddef-EMLTFXVPZN9RFWH2PEK4QXWK5.scan
PrecompileModule /Users/admin/builder/spi-builder-workspace/.derivedData/Build/Intermediates.noindex/ExplicitPrecompiledModules/_AvailabilityInternal-92NY1JVZVXA8IRYQEVFPD1VOI.scan
    cd /
    builtin-precompileModule /Users/admin/builder/spi-builder-workspace/.derivedData/Build/Intermediates.noindex/ExplicitPrecompiledModules/_AvailabilityInternal-92NY1JVZVXA8IRYQEVFPD1VOI.scan
PrecompileModule /Users/admin/builder/spi-builder-workspace/.derivedData/Build/Intermediates.noindex/ExplicitPrecompiledModules/_Builtin_stdarg-798NNOHA6NYG767ZVTMJST0Y6.scan
    cd /
    builtin-precompileModule /Users/admin/builder/spi-builder-workspace/.derivedData/Build/Intermediates.noindex/ExplicitPrecompiledModules/_Builtin_stdarg-798NNOHA6NYG767ZVTMJST0Y6.scan
PrecompileModule /Users/admin/builder/spi-builder-workspace/.derivedData/Build/Intermediates.noindex/ExplicitPrecompiledModules/ptrcheck-754X3M2CVN18EY8T2FTVI06SV.scan
    cd /
    builtin-precompileModule /Users/admin/builder/spi-builder-workspace/.derivedData/Build/Intermediates.noindex/ExplicitPrecompiledModules/ptrcheck-754X3M2CVN18EY8T2FTVI06SV.scan
PrecompileModule /Users/admin/builder/spi-builder-workspace/.derivedData/Build/Intermediates.noindex/ExplicitPrecompiledModules/_Builtin_stdbool-99WT8LGYKFH62ORPHNT8QTZV9.scan
    cd /
    builtin-precompileModule /Users/admin/builder/spi-builder-workspace/.derivedData/Build/Intermediates.noindex/ExplicitPrecompiledModules/_Builtin_stdbool-99WT8LGYKFH62ORPHNT8QTZV9.scan
PrecompileModule /Users/admin/builder/spi-builder-workspace/.derivedData/Build/Intermediates.noindex/ExplicitPrecompiledModules/_Builtin_float-9E87W4NPIWD0NVCY3RGUTLW75.scan
    cd /
    builtin-precompileModule /Users/admin/builder/spi-builder-workspace/.derivedData/Build/Intermediates.noindex/ExplicitPrecompiledModules/_Builtin_float-9E87W4NPIWD0NVCY3RGUTLW75.scan
PrecompileModule /Users/admin/builder/spi-builder-workspace/.derivedData/Build/Intermediates.noindex/ExplicitPrecompiledModules/ptrauth-BLFF01T76V6Q8A4QGSD3IY7PD.scan
    cd /
    builtin-precompileModule /Users/admin/builder/spi-builder-workspace/.derivedData/Build/Intermediates.noindex/ExplicitPrecompiledModules/ptrauth-BLFF01T76V6Q8A4QGSD3IY7PD.scan
SwiftExplicitDependencyGeneratePcm arm64 /Users/admin/builder/spi-builder-workspace/.derivedData/ModuleCache.noindex/_AvailabilityInternal-7Z5BXIW8MVEC0EU944AVMJ6RG.pcm
SwiftExplicitDependencyGeneratePcm arm64 /Users/admin/builder/spi-builder-workspace/.derivedData/ModuleCache.noindex/SwiftShims-CUB1TEDTB8JJWCJBYK0EW7HWD.pcm
SwiftExplicitDependencyGeneratePcm arm64 /Users/admin/builder/spi-builder-workspace/.derivedData/ModuleCache.noindex/_SwiftConcurrencyShims-3NXAGF6DBLF3LKTFUNVFWKWNL.pcm
SwiftExplicitDependencyGeneratePcm arm64 /Users/admin/builder/spi-builder-workspace/.derivedData/ModuleCache.noindex/ptrcheck-A262UIO72NZ44KOOUHYVTVD34.pcm
SwiftExplicitDependencyGeneratePcm arm64 /Users/admin/builder/spi-builder-workspace/.derivedData/ModuleCache.noindex/_Builtin_stdarg-A18228RMTOUB0VOFXESBRN21U.pcm
SwiftExplicitDependencyGeneratePcm arm64 /Users/admin/builder/spi-builder-workspace/.derivedData/ModuleCache.noindex/_Builtin_stddef-A57D84N7A2Q4CVJV245Y9GGPK.pcm
SwiftExplicitDependencyGeneratePcm arm64 /Users/admin/builder/spi-builder-workspace/.derivedData/ModuleCache.noindex/_Builtin_float-ET5C1L7ONVBB23WGY8RHPACZN.pcm
SwiftExplicitDependencyGeneratePcm arm64 /Users/admin/builder/spi-builder-workspace/.derivedData/ModuleCache.noindex/ptrauth-C7ZNRUUC7QC8O8GNT7R7A8QTZ.pcm
SwiftExplicitDependencyGeneratePcm arm64 /Users/admin/builder/spi-builder-workspace/.derivedData/ModuleCache.noindex/_Builtin_stdbool-EAYCD616FQ0RDYYOEFYO1BMV1.pcm
PrecompileModule /Users/admin/builder/spi-builder-workspace/.derivedData/Build/Intermediates.noindex/ExplicitPrecompiledModules/_Builtin_limits-8PCFHLW8ZUB2E74TFBX7EC0SN.scan
    cd /
    builtin-precompileModule /Users/admin/builder/spi-builder-workspace/.derivedData/Build/Intermediates.noindex/ExplicitPrecompiledModules/_Builtin_limits-8PCFHLW8ZUB2E74TFBX7EC0SN.scan
PrecompileModule /Users/admin/builder/spi-builder-workspace/.derivedData/Build/Intermediates.noindex/ExplicitPrecompiledModules/_DarwinFoundation2-2CUW2K0VC4WU4XOG1MCT6M6BS.scan
    cd /
    builtin-precompileModule /Users/admin/builder/spi-builder-workspace/.derivedData/Build/Intermediates.noindex/ExplicitPrecompiledModules/_DarwinFoundation2-2CUW2K0VC4WU4XOG1MCT6M6BS.scan
PrecompileModule /Users/admin/builder/spi-builder-workspace/.derivedData/Build/Intermediates.noindex/ExplicitPrecompiledModules/_DarwinFoundation1-75JQE8VMBBX8I10JRJXT40B86.scan
    cd /
    builtin-precompileModule /Users/admin/builder/spi-builder-workspace/.derivedData/Build/Intermediates.noindex/ExplicitPrecompiledModules/_DarwinFoundation1-75JQE8VMBBX8I10JRJXT40B86.scan
SwiftExplicitDependencyGeneratePcm arm64 /Users/admin/builder/spi-builder-workspace/.derivedData/ModuleCache.noindex/_DarwinFoundation1-E448SFMHAYNCYJ90LFJKGGUMT.pcm
PrecompileModule /Users/admin/builder/spi-builder-workspace/.derivedData/Build/Intermediates.noindex/ExplicitPrecompiledModules/_Builtin_limits-DGC5SG9YFAE2GBDJZGZ525TJA.scan
    cd /
    builtin-precompileModule /Users/admin/builder/spi-builder-workspace/.derivedData/Build/Intermediates.noindex/ExplicitPrecompiledModules/_Builtin_limits-DGC5SG9YFAE2GBDJZGZ525TJA.scan
PrecompileModule /Users/admin/builder/spi-builder-workspace/.derivedData/Build/Intermediates.noindex/ExplicitPrecompiledModules/_DarwinFoundation2-9N62FG6YKWGZMN23RLIM6HBNY.scan
    cd /
    builtin-precompileModule /Users/admin/builder/spi-builder-workspace/.derivedData/Build/Intermediates.noindex/ExplicitPrecompiledModules/_DarwinFoundation2-9N62FG6YKWGZMN23RLIM6HBNY.scan
PrecompileModule /Users/admin/builder/spi-builder-workspace/.derivedData/Build/Intermediates.noindex/ExplicitPrecompiledModules/_Builtin_stdint-CIFO9LP1T34F78UZ2XA3ARZQA.scan
    cd /
    builtin-precompileModule /Users/admin/builder/spi-builder-workspace/.derivedData/Build/Intermediates.noindex/ExplicitPrecompiledModules/_Builtin_stdint-CIFO9LP1T34F78UZ2XA3ARZQA.scan
SwiftExplicitDependencyGeneratePcm arm64 /Users/admin/builder/spi-builder-workspace/.derivedData/ModuleCache.noindex/_DarwinFoundation2-7MGFTKQ0OUDR1C72INHLA4BE.pcm
SwiftExplicitDependencyGeneratePcm arm64 /Users/admin/builder/spi-builder-workspace/.derivedData/ModuleCache.noindex/_Builtin_limits-BN0867716FZWZWJB23IHOUFY5.pcm
PrecompileModule /Users/admin/builder/spi-builder-workspace/.derivedData/Build/Intermediates.noindex/ExplicitPrecompiledModules/_DarwinFoundation3-AS1BUKAA2J759827ZQZA7PXK.scan
    cd /
    builtin-precompileModule /Users/admin/builder/spi-builder-workspace/.derivedData/Build/Intermediates.noindex/ExplicitPrecompiledModules/_DarwinFoundation3-AS1BUKAA2J759827ZQZA7PXK.scan
PrecompileModule /Users/admin/builder/spi-builder-workspace/.derivedData/Build/Intermediates.noindex/ExplicitPrecompiledModules/_Builtin_stdint-CIKFZV471URSH3ZHR1Z251IJD.scan
    cd /
    builtin-precompileModule /Users/admin/builder/spi-builder-workspace/.derivedData/Build/Intermediates.noindex/ExplicitPrecompiledModules/_Builtin_stdint-CIKFZV471URSH3ZHR1Z251IJD.scan
PrecompileModule /Users/admin/builder/spi-builder-workspace/.derivedData/Build/Intermediates.noindex/ExplicitPrecompiledModules/_DarwinFoundation3-E7D3V4JNSM2BKY8IPAYVPZMLX.scan
    cd /
    builtin-precompileModule /Users/admin/builder/spi-builder-workspace/.derivedData/Build/Intermediates.noindex/ExplicitPrecompiledModules/_DarwinFoundation3-E7D3V4JNSM2BKY8IPAYVPZMLX.scan
PrecompileModule /Users/admin/builder/spi-builder-workspace/.derivedData/Build/Intermediates.noindex/ExplicitPrecompiledModules/_Builtin_inttypes-2SQQN749C7JCKJX70L9XOASXL.scan
    cd /
    builtin-precompileModule /Users/admin/builder/spi-builder-workspace/.derivedData/Build/Intermediates.noindex/ExplicitPrecompiledModules/_Builtin_inttypes-2SQQN749C7JCKJX70L9XOASXL.scan
PrecompileModule /Users/admin/builder/spi-builder-workspace/.derivedData/Build/Intermediates.noindex/ExplicitPrecompiledModules/_Builtin_inttypes-33VTZING9K57ZLII1SU1N5DHF.scan
    cd /
    builtin-precompileModule /Users/admin/builder/spi-builder-workspace/.derivedData/Build/Intermediates.noindex/ExplicitPrecompiledModules/_Builtin_inttypes-33VTZING9K57ZLII1SU1N5DHF.scan
PrecompileModule /Users/admin/builder/spi-builder-workspace/.derivedData/Build/Intermediates.noindex/ExplicitPrecompiledModules/Darwin-DTW1W92JR6QGVQ8E6DM57HTUD.scan
    cd /
    builtin-precompileModule /Users/admin/builder/spi-builder-workspace/.derivedData/Build/Intermediates.noindex/ExplicitPrecompiledModules/Darwin-DTW1W92JR6QGVQ8E6DM57HTUD.scan
SwiftExplicitDependencyGeneratePcm arm64 /Users/admin/builder/spi-builder-workspace/.derivedData/ModuleCache.noindex/_Builtin_stdint-7DORIFH0ZITTV4JODPMB69RV5.pcm
SwiftExplicitDependencyGeneratePcm arm64 /Users/admin/builder/spi-builder-workspace/.derivedData/ModuleCache.noindex/sys_types-1XFO68C1O9POTJSZ7ROIU30GG.pcm
PrecompileModule /Users/admin/builder/spi-builder-workspace/.derivedData/Build/Intermediates.noindex/ExplicitPrecompiledModules/Darwin-DFG6TR02H2D8NI90S2LXJZCF5.scan
    cd /
    builtin-precompileModule /Users/admin/builder/spi-builder-workspace/.derivedData/Build/Intermediates.noindex/ExplicitPrecompiledModules/Darwin-DFG6TR02H2D8NI90S2LXJZCF5.scan
SwiftExplicitDependencyGeneratePcm arm64 /Users/admin/builder/spi-builder-workspace/.derivedData/ModuleCache.noindex/_Builtin_stdatomic-6DZ2WMW945L9XSGIWXTJWX3HS.pcm
SwiftExplicitDependencyGeneratePcm arm64 /Users/admin/builder/spi-builder-workspace/.derivedData/ModuleCache.noindex/_DarwinFoundation3-4HXAW79ZF68GE3HPQ3JFIKEN1.pcm
SwiftExplicitDependencyGeneratePcm arm64 /Users/admin/builder/spi-builder-workspace/.derivedData/ModuleCache.noindex/_Builtin_inttypes-R227UYNR87N7HXSJ0SI7N4S2.pcm
SwiftExplicitDependencyGeneratePcm arm64 /Users/admin/builder/spi-builder-workspace/.derivedData/ModuleCache.noindex/Darwin-A13RNMYMYUMU4Q8WZT7O0VTD0.pcm
PrecompileModule /Users/admin/builder/spi-builder-workspace/.derivedData/Build/Intermediates.noindex/ExplicitPrecompiledModules/os_object-3N22IVCLA1L6ZC0SZ6NH8H93O.scan
    cd /
    builtin-precompileModule /Users/admin/builder/spi-builder-workspace/.derivedData/Build/Intermediates.noindex/ExplicitPrecompiledModules/os_object-3N22IVCLA1L6ZC0SZ6NH8H93O.scan
PrecompileModule /Users/admin/builder/spi-builder-workspace/.derivedData/Build/Intermediates.noindex/ExplicitPrecompiledModules/ObjectiveC-C68DKBIV964Q3VT45M0D1CJ17.scan
    cd /
    builtin-precompileModule /Users/admin/builder/spi-builder-workspace/.derivedData/Build/Intermediates.noindex/ExplicitPrecompiledModules/ObjectiveC-C68DKBIV964Q3VT45M0D1CJ17.scan
PrecompileModule /Users/admin/builder/spi-builder-workspace/.derivedData/Build/Intermediates.noindex/ExplicitPrecompiledModules/os_workgroup-7PMYL20HC51IVZ352OSW0FXYU.scan
    cd /
    builtin-precompileModule /Users/admin/builder/spi-builder-workspace/.derivedData/Build/Intermediates.noindex/ExplicitPrecompiledModules/os_workgroup-7PMYL20HC51IVZ352OSW0FXYU.scan
PrecompileModule /Users/admin/builder/spi-builder-workspace/.derivedData/Build/Intermediates.noindex/ExplicitPrecompiledModules/os_object-BY1539OR1CBIP9LH31MN4CJ4C.scan
    cd /
    builtin-precompileModule /Users/admin/builder/spi-builder-workspace/.derivedData/Build/Intermediates.noindex/ExplicitPrecompiledModules/os_object-BY1539OR1CBIP9LH31MN4CJ4C.scan
PrecompileModule /Users/admin/builder/spi-builder-workspace/.derivedData/Build/Intermediates.noindex/ExplicitPrecompiledModules/Dispatch-17NWJMX4S7O1COQN76JHZKEUR.scan
    cd /
    builtin-precompileModule /Users/admin/builder/spi-builder-workspace/.derivedData/Build/Intermediates.noindex/ExplicitPrecompiledModules/Dispatch-17NWJMX4S7O1COQN76JHZKEUR.scan
PrecompileModule /Users/admin/builder/spi-builder-workspace/.derivedData/Build/Intermediates.noindex/ExplicitPrecompiledModules/os_workgroup-6M44D29UKOK7TV8DJ6DDLIGQV.scan
    cd /
    builtin-precompileModule /Users/admin/builder/spi-builder-workspace/.derivedData/Build/Intermediates.noindex/ExplicitPrecompiledModules/os_workgroup-6M44D29UKOK7TV8DJ6DDLIGQV.scan
PrecompileModule /Users/admin/builder/spi-builder-workspace/.derivedData/Build/Intermediates.noindex/ExplicitPrecompiledModules/Dispatch-5HCO0RAX2IBVX8DSJJAQ73ZEN.scan
    cd /
    builtin-precompileModule /Users/admin/builder/spi-builder-workspace/.derivedData/Build/Intermediates.noindex/ExplicitPrecompiledModules/Dispatch-5HCO0RAX2IBVX8DSJJAQ73ZEN.scan
PrecompileModule /Users/admin/builder/spi-builder-workspace/.derivedData/Build/Intermediates.noindex/ExplicitPrecompiledModules/CoreFoundation-EXP8GLQXFJ9LQQ0B275MUA8UJ.scan
    cd /
    builtin-precompileModule /Users/admin/builder/spi-builder-workspace/.derivedData/Build/Intermediates.noindex/ExplicitPrecompiledModules/CoreFoundation-EXP8GLQXFJ9LQQ0B275MUA8UJ.scan
PrecompileModule /Users/admin/builder/spi-builder-workspace/.derivedData/Build/Intermediates.noindex/ExplicitPrecompiledModules/dnssd-62LOQSMMC8L174NIG2W3X4V6B.scan
    cd /
    builtin-precompileModule /Users/admin/builder/spi-builder-workspace/.derivedData/Build/Intermediates.noindex/ExplicitPrecompiledModules/dnssd-62LOQSMMC8L174NIG2W3X4V6B.scan
PrecompileModule /Users/admin/builder/spi-builder-workspace/.derivedData/Build/Intermediates.noindex/ExplicitPrecompiledModules/CoreFoundation-CSLAG9S08JM0355MMRA914PTZ.scan
    cd /
    builtin-precompileModule /Users/admin/builder/spi-builder-workspace/.derivedData/Build/Intermediates.noindex/ExplicitPrecompiledModules/CoreFoundation-CSLAG9S08JM0355MMRA914PTZ.scan
PrecompileModule /Users/admin/builder/spi-builder-workspace/.derivedData/Build/Intermediates.noindex/ExplicitPrecompiledModules/Security-3PIPSK1U2MNX0MPGH0COSN9RI.scan
    cd /
    builtin-precompileModule /Users/admin/builder/spi-builder-workspace/.derivedData/Build/Intermediates.noindex/ExplicitPrecompiledModules/Security-3PIPSK1U2MNX0MPGH0COSN9RI.scan
PrecompileModule /Users/admin/builder/spi-builder-workspace/.derivedData/Build/Intermediates.noindex/ExplicitPrecompiledModules/SystemConfiguration-9VD0CJ0VJALKLA726AYLMTJX9.scan
    cd /
    builtin-precompileModule /Users/admin/builder/spi-builder-workspace/.derivedData/Build/Intermediates.noindex/ExplicitPrecompiledModules/SystemConfiguration-9VD0CJ0VJALKLA726AYLMTJX9.scan
PrecompileModule /Users/admin/builder/spi-builder-workspace/.derivedData/Build/Intermediates.noindex/ExplicitPrecompiledModules/Security-6B9MI0UHSOXNZ9C35H59OZ35O.scan
    cd /
    builtin-precompileModule /Users/admin/builder/spi-builder-workspace/.derivedData/Build/Intermediates.noindex/ExplicitPrecompiledModules/Security-6B9MI0UHSOXNZ9C35H59OZ35O.scan
PrecompileModule /Users/admin/builder/spi-builder-workspace/.derivedData/Build/Intermediates.noindex/ExplicitPrecompiledModules/CFNetwork-1FPN2LAWI6FN1GOQQW0T8K5NG.scan
    cd /
    builtin-precompileModule /Users/admin/builder/spi-builder-workspace/.derivedData/Build/Intermediates.noindex/ExplicitPrecompiledModules/CFNetwork-1FPN2LAWI6FN1GOQQW0T8K5NG.scan
SwiftExplicitDependencyGeneratePcm arm64 /Users/admin/builder/spi-builder-workspace/.derivedData/ModuleCache.noindex/ObjectiveC-364JM390UZ0K2LTG52PF6POJQ.pcm
SwiftExplicitDependencyGeneratePcm arm64 /Users/admin/builder/spi-builder-workspace/.derivedData/ModuleCache.noindex/MachO-1ROGJHQM1MOZGORHQKTX7NPY6.pcm
CompileC /Users/admin/builder/spi-builder-workspace/.derivedData/Build/Intermediates.noindex/TwilioVerifySNA.build/Debug-appletvos/SNANetworking.build/Objects-normal/arm64/sslfuncs.o /Users/admin/builder/spi-builder-workspace/SNASources/sslfuncs.c normal arm64 c com.apple.compilers.llvm.clang.1_0.compiler (in target 'SNANetworking' from project 'TwilioVerifySNA')
    cd /Users/admin/builder/spi-builder-workspace/.swiftpm/xcode

    Using response file: /Users/admin/builder/spi-builder-workspace/.derivedData/Build/Intermediates.noindex/TwilioVerifySNA.build/Debug-appletvos/SNANetworking.build/Objects-normal/arm64/7187679823f38a2a940e0043cdf9d637-common-args.resp

    /Applications/Xcode-26.3.0.app/Contents/Developer/Toolchains/XcodeDefault.xctoolchain/usr/bin/clang -x c -ivfsstatcache /Users/admin/builder/spi-builder-workspace/.derivedData/SDKStatCaches.noindex/appletvos26.2-23K50-dc75598d0054f22ec865fa860f139d72c1feacec85df2e04b9fa10f95e757c08.sdkstatcache -fmessage-length\=0 -fdiagnostics-show-note-include-stack -fmacro-backtrace-limit\=0 -fno-color-diagnostics -fmodules-prune-interval\=86400 -fmodules-prune-after\=345600 -fbuild-session-file\=/Users/admin/builder/spi-builder-workspace/.derivedData/ModuleCache.noindex/Session.modulevalidation -fmodules-validate-once-per-build-session -Wnon-modular-include-in-framework-module -Werror\=non-modular-include-in-framework-module -Wno-trigraphs -Wno-missing-field-initializers -Wno-missing-prototypes -Wno-return-type -Wno-missing-braces -Wparentheses -Wswitch -Wno-unused-function -Wno-unused-label -Wno-unused-parameter -Wno-unused-variable -Wunused-value -Wno-empty-body -Wno-uninitialized -Wno-unknown-pragmas -Wno-shadow -Wno-four-char-constants -Wno-conversion -Wno-constant-conversion -Wno-int-conversion -Wno-bool-conversion -Wno-enum-conversion -Wno-float-conversion -Wno-non-literal-null-conversion -Wno-objc-literal-conversion -Wshorten-64-to-32 -Wpointer-sign -Wno-newline-eof -Wno-implicit-fallthrough -fstrict-aliasing -Wdeprecated-declarations -Wno-sign-conversion -Wno-infinite-recursion -Wno-comma -Wno-block-capture-autoreleasing -Wno-strict-prototypes -Wno-semicolon-before-method-body -index-store-path /Users/admin/builder/spi-builder-workspace/.derivedData/Index.noindex/DataStore @/Users/admin/builder/spi-builder-workspace/.derivedData/Build/Intermediates.noindex/TwilioVerifySNA.build/Debug-appletvos/SNANetworking.build/Objects-normal/arm64/7187679823f38a2a940e0043cdf9d637-common-args.resp -MMD -MT dependencies -MF /Users/admin/builder/spi-builder-workspace/.derivedData/Build/Intermediates.noindex/TwilioVerifySNA.build/Debug-appletvos/SNANetworking.build/Objects-normal/arm64/sslfuncs.d --serialize-diagnostics /Users/admin/builder/spi-builder-workspace/.derivedData/Build/Intermediates.noindex/TwilioVerifySNA.build/Debug-appletvos/SNANetworking.build/Objects-normal/arm64/sslfuncs.dia -c /Users/admin/builder/spi-builder-workspace/SNASources/sslfuncs.c -o /Users/admin/builder/spi-builder-workspace/.derivedData/Build/Intermediates.noindex/TwilioVerifySNA.build/Debug-appletvos/SNANetworking.build/Objects-normal/arm64/sslfuncs.o -index-unit-output-path /TwilioVerifySNA.build/Debug-appletvos/SNANetworking.build/Objects-normal/arm64/sslfuncs.o
PrecompileModule /Users/admin/builder/spi-builder-workspace/.derivedData/Build/Intermediates.noindex/ExplicitPrecompiledModules/Foundation-9ZFWA916F0M2SBIRBBIRACRGE.scan
    cd /
    builtin-precompileModule /Users/admin/builder/spi-builder-workspace/.derivedData/Build/Intermediates.noindex/ExplicitPrecompiledModules/Foundation-9ZFWA916F0M2SBIRBBIRACRGE.scan
SwiftExplicitDependencyGeneratePcm arm64 /Users/admin/builder/spi-builder-workspace/.derivedData/ModuleCache.noindex/os_object-4K7P301X1OJT48ALUBN64GT9C.pcm
SwiftExplicitDependencyGeneratePcm arm64 /Users/admin/builder/spi-builder-workspace/.derivedData/ModuleCache.noindex/os_workgroup-6PLG1EA9WQAOU683M7F7AY01O.pcm
SwiftExplicitDependencyGeneratePcm arm64 /Users/admin/builder/spi-builder-workspace/.derivedData/ModuleCache.noindex/os-28VOG7ZKU3TSTGIALN7PNAQ78.pcm
SwiftExplicitDependencyGeneratePcm arm64 /Users/admin/builder/spi-builder-workspace/.derivedData/ModuleCache.noindex/Dispatch-E0BNAXPW36UE3MS5CDDD6KDH2.pcm
SwiftExplicitDependencyGeneratePcm arm64 /Users/admin/builder/spi-builder-workspace/.derivedData/ModuleCache.noindex/dnssd-9BFVADMMD276S8NOY7BL708TH.pcm
SwiftExplicitDependencyGeneratePcm arm64 /Users/admin/builder/spi-builder-workspace/.derivedData/ModuleCache.noindex/CoreFoundation-5J4SIZCW68BHIY7F5M1KSQ9HB.pcm
CompileC /Users/admin/builder/spi-builder-workspace/.derivedData/Build/Intermediates.noindex/TwilioVerifySNA.build/Debug-appletvos/SNANetworking.build/Objects-normal/arm64/SocketAddress.o /Users/admin/builder/spi-builder-workspace/SNASources/SocketAddress.m normal arm64 objective-c com.apple.compilers.llvm.clang.1_0.compiler (in target 'SNANetworking' from project 'TwilioVerifySNA')
    cd /Users/admin/builder/spi-builder-workspace/.swiftpm/xcode

    Using response file: /Users/admin/builder/spi-builder-workspace/.derivedData/Build/Intermediates.noindex/TwilioVerifySNA.build/Debug-appletvos/SNANetworking.build/Objects-normal/arm64/e6072d4f65d7061329687fe24e3d63a7-common-args.resp

    /Applications/Xcode-26.3.0.app/Contents/Developer/Toolchains/XcodeDefault.xctoolchain/usr/bin/clang -x objective-c -ivfsstatcache /Users/admin/builder/spi-builder-workspace/.derivedData/SDKStatCaches.noindex/appletvos26.2-23K50-dc75598d0054f22ec865fa860f139d72c1feacec85df2e04b9fa10f95e757c08.sdkstatcache -fmessage-length\=0 -fdiagnostics-show-note-include-stack -fmacro-backtrace-limit\=0 -fno-color-diagnostics -fmodules-prune-interval\=86400 -fmodules-prune-after\=345600 -fbuild-session-file\=/Users/admin/builder/spi-builder-workspace/.derivedData/ModuleCache.noindex/Session.modulevalidation -fmodules-validate-once-per-build-session -Wnon-modular-include-in-framework-module -Werror\=non-modular-include-in-framework-module -Wno-trigraphs -Wno-missing-field-initializers -Wno-missing-prototypes -Wno-return-type -Wno-implicit-atomic-properties -Wno-objc-interface-ivars -Wno-arc-repeated-use-of-weak -Wno-missing-braces -Wparentheses -Wswitch -Wno-unused-function -Wno-unused-label -Wno-unused-parameter -Wno-unused-variable -Wunused-value -Wno-empty-body -Wno-uninitialized -Wno-unknown-pragmas -Wno-shadow -Wno-four-char-constants -Wno-conversion -Wno-constant-conversion -Wno-int-conversion -Wno-bool-conversion -Wno-enum-conversion -Wno-float-conversion -Wno-non-literal-null-conversion -Wno-objc-literal-conversion -Wshorten-64-to-32 -Wpointer-sign -Wno-newline-eof -Wno-selector -Wno-strict-selector-match -Wno-undeclared-selector -Wno-deprecated-implementations -Wno-implicit-fallthrough -fstrict-aliasing -Wprotocol -Wdeprecated-declarations -Wno-sign-conversion -Wno-infinite-recursion -Wno-comma -Wno-block-capture-autoreleasing -Wno-strict-prototypes -Wno-semicolon-before-method-body -index-store-path /Users/admin/builder/spi-builder-workspace/.derivedData/Index.noindex/DataStore @/Users/admin/builder/spi-builder-workspace/.derivedData/Build/Intermediates.noindex/TwilioVerifySNA.build/Debug-appletvos/SNANetworking.build/Objects-normal/arm64/e6072d4f65d7061329687fe24e3d63a7-common-args.resp -MMD -MT dependencies -MF /Users/admin/builder/spi-builder-workspace/.derivedData/Build/Intermediates.noindex/TwilioVerifySNA.build/Debug-appletvos/SNANetworking.build/Objects-normal/arm64/SocketAddress.d --serialize-diagnostics /Users/admin/builder/spi-builder-workspace/.derivedData/Build/Intermediates.noindex/TwilioVerifySNA.build/Debug-appletvos/SNANetworking.build/Objects-normal/arm64/SocketAddress.dia -c /Users/admin/builder/spi-builder-workspace/SNASources/SocketAddress.m -o /Users/admin/builder/spi-builder-workspace/.derivedData/Build/Intermediates.noindex/TwilioVerifySNA.build/Debug-appletvos/SNANetworking.build/Objects-normal/arm64/SocketAddress.o -index-unit-output-path /TwilioVerifySNA.build/Debug-appletvos/SNANetworking.build/Objects-normal/arm64/SocketAddress.o
CompileC /Users/admin/builder/spi-builder-workspace/.derivedData/Build/Intermediates.noindex/TwilioVerifySNA.build/Debug-appletvos/SNANetworking.build/Objects-normal/arm64/CellularSessionResult.o /Users/admin/builder/spi-builder-workspace/SNASources/CellularSessionResult.m normal arm64 objective-c com.apple.compilers.llvm.clang.1_0.compiler (in target 'SNANetworking' from project 'TwilioVerifySNA')
    cd /Users/admin/builder/spi-builder-workspace/.swiftpm/xcode

    Using response file: /Users/admin/builder/spi-builder-workspace/.derivedData/Build/Intermediates.noindex/TwilioVerifySNA.build/Debug-appletvos/SNANetworking.build/Objects-normal/arm64/e6072d4f65d7061329687fe24e3d63a7-common-args.resp

    /Applications/Xcode-26.3.0.app/Contents/Developer/Toolchains/XcodeDefault.xctoolchain/usr/bin/clang -x objective-c -ivfsstatcache /Users/admin/builder/spi-builder-workspace/.derivedData/SDKStatCaches.noindex/appletvos26.2-23K50-dc75598d0054f22ec865fa860f139d72c1feacec85df2e04b9fa10f95e757c08.sdkstatcache -fmessage-length\=0 -fdiagnostics-show-note-include-stack -fmacro-backtrace-limit\=0 -fno-color-diagnostics -fmodules-prune-interval\=86400 -fmodules-prune-after\=345600 -fbuild-session-file\=/Users/admin/builder/spi-builder-workspace/.derivedData/ModuleCache.noindex/Session.modulevalidation -fmodules-validate-once-per-build-session -Wnon-modular-include-in-framework-module -Werror\=non-modular-include-in-framework-module -Wno-trigraphs -Wno-missing-field-initializers -Wno-missing-prototypes -Wno-return-type -Wno-implicit-atomic-properties -Wno-objc-interface-ivars -Wno-arc-repeated-use-of-weak -Wno-missing-braces -Wparentheses -Wswitch -Wno-unused-function -Wno-unused-label -Wno-unused-parameter -Wno-unused-variable -Wunused-value -Wno-empty-body -Wno-uninitialized -Wno-unknown-pragmas -Wno-shadow -Wno-four-char-constants -Wno-conversion -Wno-constant-conversion -Wno-int-conversion -Wno-bool-conversion -Wno-enum-conversion -Wno-float-conversion -Wno-non-literal-null-conversion -Wno-objc-literal-conversion -Wshorten-64-to-32 -Wpointer-sign -Wno-newline-eof -Wno-selector -Wno-strict-selector-match -Wno-undeclared-selector -Wno-deprecated-implementations -Wno-implicit-fallthrough -fstrict-aliasing -Wprotocol -Wdeprecated-declarations -Wno-sign-conversion -Wno-infinite-recursion -Wno-comma -Wno-block-capture-autoreleasing -Wno-strict-prototypes -Wno-semicolon-before-method-body -index-store-path /Users/admin/builder/spi-builder-workspace/.derivedData/Index.noindex/DataStore @/Users/admin/builder/spi-builder-workspace/.derivedData/Build/Intermediates.noindex/TwilioVerifySNA.build/Debug-appletvos/SNANetworking.build/Objects-normal/arm64/e6072d4f65d7061329687fe24e3d63a7-common-args.resp -MMD -MT dependencies -MF /Users/admin/builder/spi-builder-workspace/.derivedData/Build/Intermediates.noindex/TwilioVerifySNA.build/Debug-appletvos/SNANetworking.build/Objects-normal/arm64/CellularSessionResult.d --serialize-diagnostics /Users/admin/builder/spi-builder-workspace/.derivedData/Build/Intermediates.noindex/TwilioVerifySNA.build/Debug-appletvos/SNANetworking.build/Objects-normal/arm64/CellularSessionResult.dia -c /Users/admin/builder/spi-builder-workspace/SNASources/CellularSessionResult.m -o /Users/admin/builder/spi-builder-workspace/.derivedData/Build/Intermediates.noindex/TwilioVerifySNA.build/Debug-appletvos/SNANetworking.build/Objects-normal/arm64/CellularSessionResult.o -index-unit-output-path /TwilioVerifySNA.build/Debug-appletvos/SNANetworking.build/Objects-normal/arm64/CellularSessionResult.o
CompileC /Users/admin/builder/spi-builder-workspace/.derivedData/Build/Intermediates.noindex/TwilioVerifySNA.build/Debug-appletvos/SNANetworking.build/Objects-normal/arm64/CellularSession.o /Users/admin/builder/spi-builder-workspace/SNASources/CellularSession.m normal arm64 objective-c com.apple.compilers.llvm.clang.1_0.compiler (in target 'SNANetworking' from project 'TwilioVerifySNA')
    cd /Users/admin/builder/spi-builder-workspace/.swiftpm/xcode

    Using response file: /Users/admin/builder/spi-builder-workspace/.derivedData/Build/Intermediates.noindex/TwilioVerifySNA.build/Debug-appletvos/SNANetworking.build/Objects-normal/arm64/e6072d4f65d7061329687fe24e3d63a7-common-args.resp

    /Applications/Xcode-26.3.0.app/Contents/Developer/Toolchains/XcodeDefault.xctoolchain/usr/bin/clang -x objective-c -ivfsstatcache /Users/admin/builder/spi-builder-workspace/.derivedData/SDKStatCaches.noindex/appletvos26.2-23K50-dc75598d0054f22ec865fa860f139d72c1feacec85df2e04b9fa10f95e757c08.sdkstatcache -fmessage-length\=0 -fdiagnostics-show-note-include-stack -fmacro-backtrace-limit\=0 -fno-color-diagnostics -fmodules-prune-interval\=86400 -fmodules-prune-after\=345600 -fbuild-session-file\=/Users/admin/builder/spi-builder-workspace/.derivedData/ModuleCache.noindex/Session.modulevalidation -fmodules-validate-once-per-build-session -Wnon-modular-include-in-framework-module -Werror\=non-modular-include-in-framework-module -Wno-trigraphs -Wno-missing-field-initializers -Wno-missing-prototypes -Wno-return-type -Wno-implicit-atomic-properties -Wno-objc-interface-ivars -Wno-arc-repeated-use-of-weak -Wno-missing-braces -Wparentheses -Wswitch -Wno-unused-function -Wno-unused-label -Wno-unused-parameter -Wno-unused-variable -Wunused-value -Wno-empty-body -Wno-uninitialized -Wno-unknown-pragmas -Wno-shadow -Wno-four-char-constants -Wno-conversion -Wno-constant-conversion -Wno-int-conversion -Wno-bool-conversion -Wno-enum-conversion -Wno-float-conversion -Wno-non-literal-null-conversion -Wno-objc-literal-conversion -Wshorten-64-to-32 -Wpointer-sign -Wno-newline-eof -Wno-selector -Wno-strict-selector-match -Wno-undeclared-selector -Wno-deprecated-implementations -Wno-implicit-fallthrough -fstrict-aliasing -Wprotocol -Wdeprecated-declarations -Wno-sign-conversion -Wno-infinite-recursion -Wno-comma -Wno-block-capture-autoreleasing -Wno-strict-prototypes -Wno-semicolon-before-method-body -index-store-path /Users/admin/builder/spi-builder-workspace/.derivedData/Index.noindex/DataStore @/Users/admin/builder/spi-builder-workspace/.derivedData/Build/Intermediates.noindex/TwilioVerifySNA.build/Debug-appletvos/SNANetworking.build/Objects-normal/arm64/e6072d4f65d7061329687fe24e3d63a7-common-args.resp -MMD -MT dependencies -MF /Users/admin/builder/spi-builder-workspace/.derivedData/Build/Intermediates.noindex/TwilioVerifySNA.build/Debug-appletvos/SNANetworking.build/Objects-normal/arm64/CellularSession.d --serialize-diagnostics /Users/admin/builder/spi-builder-workspace/.derivedData/Build/Intermediates.noindex/TwilioVerifySNA.build/Debug-appletvos/SNANetworking.build/Objects-normal/arm64/CellularSession.dia -c /Users/admin/builder/spi-builder-workspace/SNASources/CellularSession.m -o /Users/admin/builder/spi-builder-workspace/.derivedData/Build/Intermediates.noindex/TwilioVerifySNA.build/Debug-appletvos/SNANetworking.build/Objects-normal/arm64/CellularSession.o -index-unit-output-path /TwilioVerifySNA.build/Debug-appletvos/SNANetworking.build/Objects-normal/arm64/CellularSession.o
/Users/admin/builder/spi-builder-workspace/SNASources/CellularSession.m:115:11: warning: initializing 'char *' with an expression of type 'NS_RETURNS_INNER_POINTER const char *' discards qualifiers [-Wincompatible-pointer-types-discards-qualifiers]
  115 |     char* service = [[url scheme] UTF8String];
      |           ^         ~~~~~~~~~~~~~~~~~~~~~~~~~
/Users/admin/builder/spi-builder-workspace/SNASources/CellularSession.m:119:17: warning: assigning to 'char *' from 'NS_RETURNS_INNER_POINTER const char *' discards qualifiers [-Wincompatible-pointer-types-discards-qualifiers]
  119 |         service = [portString UTF8String];
      |                 ^ ~~~~~~~~~~~~~~~~~~~~~~~
2 warnings generated.
CompileC /Users/admin/builder/spi-builder-workspace/.derivedData/Build/Intermediates.noindex/TwilioVerifySNA.build/Debug-appletvos/SNANetworking.build/Objects-normal/arm64/CellularGetAddrinfo.o /Users/admin/builder/spi-builder-workspace/SNASources/CellularGetAddrinfo.m normal arm64 objective-c com.apple.compilers.llvm.clang.1_0.compiler (in target 'SNANetworking' from project 'TwilioVerifySNA')
    cd /Users/admin/builder/spi-builder-workspace/.swiftpm/xcode

    Using response file: /Users/admin/builder/spi-builder-workspace/.derivedData/Build/Intermediates.noindex/TwilioVerifySNA.build/Debug-appletvos/SNANetworking.build/Objects-normal/arm64/e6072d4f65d7061329687fe24e3d63a7-common-args.resp

    /Applications/Xcode-26.3.0.app/Contents/Developer/Toolchains/XcodeDefault.xctoolchain/usr/bin/clang -x objective-c -ivfsstatcache /Users/admin/builder/spi-builder-workspace/.derivedData/SDKStatCaches.noindex/appletvos26.2-23K50-dc75598d0054f22ec865fa860f139d72c1feacec85df2e04b9fa10f95e757c08.sdkstatcache -fmessage-length\=0 -fdiagnostics-show-note-include-stack -fmacro-backtrace-limit\=0 -fno-color-diagnostics -fmodules-prune-interval\=86400 -fmodules-prune-after\=345600 -fbuild-session-file\=/Users/admin/builder/spi-builder-workspace/.derivedData/ModuleCache.noindex/Session.modulevalidation -fmodules-validate-once-per-build-session -Wnon-modular-include-in-framework-module -Werror\=non-modular-include-in-framework-module -Wno-trigraphs -Wno-missing-field-initializers -Wno-missing-prototypes -Wno-return-type -Wno-implicit-atomic-properties -Wno-objc-interface-ivars -Wno-arc-repeated-use-of-weak -Wno-missing-braces -Wparentheses -Wswitch -Wno-unused-function -Wno-unused-label -Wno-unused-parameter -Wno-unused-variable -Wunused-value -Wno-empty-body -Wno-uninitialized -Wno-unknown-pragmas -Wno-shadow -Wno-four-char-constants -Wno-conversion -Wno-constant-conversion -Wno-int-conversion -Wno-bool-conversion -Wno-enum-conversion -Wno-float-conversion -Wno-non-literal-null-conversion -Wno-objc-literal-conversion -Wshorten-64-to-32 -Wpointer-sign -Wno-newline-eof -Wno-selector -Wno-strict-selector-match -Wno-undeclared-selector -Wno-deprecated-implementations -Wno-implicit-fallthrough -fstrict-aliasing -Wprotocol -Wdeprecated-declarations -Wno-sign-conversion -Wno-infinite-recursion -Wno-comma -Wno-block-capture-autoreleasing -Wno-strict-prototypes -Wno-semicolon-before-method-body -index-store-path /Users/admin/builder/spi-builder-workspace/.derivedData/Index.noindex/DataStore @/Users/admin/builder/spi-builder-workspace/.derivedData/Build/Intermediates.noindex/TwilioVerifySNA.build/Debug-appletvos/SNANetworking.build/Objects-normal/arm64/e6072d4f65d7061329687fe24e3d63a7-common-args.resp -MMD -MT dependencies -MF /Users/admin/builder/spi-builder-workspace/.derivedData/Build/Intermediates.noindex/TwilioVerifySNA.build/Debug-appletvos/SNANetworking.build/Objects-normal/arm64/CellularGetAddrinfo.d --serialize-diagnostics /Users/admin/builder/spi-builder-workspace/.derivedData/Build/Intermediates.noindex/TwilioVerifySNA.build/Debug-appletvos/SNANetworking.build/Objects-normal/arm64/CellularGetAddrinfo.dia -c /Users/admin/builder/spi-builder-workspace/SNASources/CellularGetAddrinfo.m -o /Users/admin/builder/spi-builder-workspace/.derivedData/Build/Intermediates.noindex/TwilioVerifySNA.build/Debug-appletvos/SNANetworking.build/Objects-normal/arm64/CellularGetAddrinfo.o -index-unit-output-path /TwilioVerifySNA.build/Debug-appletvos/SNANetworking.build/Objects-normal/arm64/CellularGetAddrinfo.o
Ld /Users/admin/builder/spi-builder-workspace/.derivedData/Build/Products/Debug-appletvos/SNANetworking.o normal (in target 'SNANetworking' from project 'TwilioVerifySNA')
    cd /Users/admin/builder/spi-builder-workspace
    /Applications/Xcode-26.3.0.app/Contents/Developer/Toolchains/XcodeDefault.xctoolchain/usr/bin/clang -Xlinker -reproducible -target arm64-apple-tvos12.0 -r -isysroot /Applications/Xcode-26.3.0.app/Contents/Developer/Platforms/AppleTVOS.platform/Developer/SDKs/AppleTVOS26.2.sdk -O0 -L/Users/admin/builder/spi-builder-workspace/.derivedData/Build/Intermediates.noindex/EagerLinkingTBDs/Debug-appletvos -L/Users/admin/builder/spi-builder-workspace/.derivedData/Build/Products/Debug-appletvos -L/Applications/Xcode-26.3.0.app/Contents/Developer/Platforms/AppleTVOS.platform/Developer/usr/lib -F/Users/admin/builder/spi-builder-workspace/.derivedData/Build/Intermediates.noindex/EagerLinkingTBDs/Debug-appletvos -F/Users/admin/builder/spi-builder-workspace/.derivedData/Build/Products/Debug-appletvos -iframework /Applications/Xcode-26.3.0.app/Contents/Developer/Platforms/AppleTVOS.platform/Developer/Library/Frameworks -iframework /Applications/Xcode-26.3.0.app/Contents/Developer/Platforms/AppleTVOS.platform/Developer/SDKs/AppleTVOS26.2.sdk/Developer/Library/Frameworks -filelist /Users/admin/builder/spi-builder-workspace/.derivedData/Build/Intermediates.noindex/TwilioVerifySNA.build/Debug-appletvos/SNANetworking.build/Objects-normal/arm64/SNANetworking.LinkFileList -nostdlib -Xlinker -object_path_lto -Xlinker /Users/admin/builder/spi-builder-workspace/.derivedData/Build/Intermediates.noindex/TwilioVerifySNA.build/Debug-appletvos/SNANetworking.build/Objects-normal/arm64/SNANetworking_lto.o -rdynamic -Xlinker -no_deduplicate -Xlinker -debug_variant -Xlinker -dependency_info -Xlinker /Users/admin/builder/spi-builder-workspace/.derivedData/Build/Intermediates.noindex/TwilioVerifySNA.build/Debug-appletvos/SNANetworking.build/Objects-normal/arm64/SNANetworking_dependency_info.dat -fobjc-arc -fobjc-link-runtime -o /Users/admin/builder/spi-builder-workspace/.derivedData/Build/Products/Debug-appletvos/SNANetworking.o
SwiftExplicitDependencyGeneratePcm arm64 /Users/admin/builder/spi-builder-workspace/.derivedData/ModuleCache.noindex/Security-BQZXUCN4ENBGM0IVTT1TCS5E4.pcm
SwiftExplicitDependencyGeneratePcm arm64 /Users/admin/builder/spi-builder-workspace/.derivedData/ModuleCache.noindex/CFNetwork-6L1G3F5CHOB23JDHSD9JLQRKP.pcm
SwiftExplicitDependencyGeneratePcm arm64 /Users/admin/builder/spi-builder-workspace/.derivedData/ModuleCache.noindex/Foundation-36RNFA2UNUZB7F30GQWLJSFJV.pcm
RegisterExecutionPolicyException /Users/admin/builder/spi-builder-workspace/.derivedData/Build/Products/Debug-appletvos/SNANetworking.o (in target 'SNANetworking' from project 'TwilioVerifySNA')
    cd /Users/admin/builder/spi-builder-workspace
    builtin-RegisterExecutionPolicyException /Users/admin/builder/spi-builder-workspace/.derivedData/Build/Products/Debug-appletvos/SNANetworking.o
SwiftExplicitDependencyGeneratePcm arm64 /Users/admin/builder/spi-builder-workspace/.derivedData/Build/Intermediates.noindex/SwiftExplicitPrecompiledModules/SNANetworking-2UABGAMKIMY94YPG8PL06S95J.pcm
SwiftExplicitDependencyGeneratePcm arm64 /Users/admin/builder/spi-builder-workspace/.derivedData/ModuleCache.noindex/Network-BUW7QBQ281N2SE6V2BMA33L3E.pcm
SwiftEmitModule normal arm64 Emitting\ module\ for\ TwilioVerifySNA (in target 'TwilioVerifySNA' from project 'TwilioVerifySNA')
EmitSwiftModule normal arm64 (in target 'TwilioVerifySNA' from project 'TwilioVerifySNA')
    cd /Users/admin/builder/spi-builder-workspace/.swiftpm/xcode

/Users/admin/builder/spi-builder-workspace/Sources/Domain/TwilioVerifySNA/TwilioVerifySNA.swift:32:36: error: concurrency is only available in tvOS 13.0.0 or newer
    func processURL(_ url: String) async -> ProcessURLResult
                                   ^
/Users/admin/builder/spi-builder-workspace/Sources/Domain/TwilioVerifySNA/TwilioVerifySNA.swift:32:10: note: add '@available' attribute to enclosing instance method
    func processURL(_ url: String) async -> ProcessURLResult
         ^
/Users/admin/builder/spi-builder-workspace/Sources/Domain/TwilioVerifySNA/TwilioVerifySNA.swift:25:17: note: add '@available' attribute to enclosing protocol
public protocol TwilioVerifySNA {
                ^
/Users/admin/builder/spi-builder-workspace/Sources/Domain/TwilioVerifySNA/TwilioVerifySNASession.swift:94:36: error: concurrency is only available in tvOS 13.0.0 or newer
    func processURL(_ url: String) async -> ProcessURLResult {
                                   ^
/Users/admin/builder/spi-builder-workspace/Sources/Domain/TwilioVerifySNA/TwilioVerifySNASession.swift:94:10: note: add '@available' attribute to enclosing instance method
    func processURL(_ url: String) async -> ProcessURLResult {
         ^
/Users/admin/builder/spi-builder-workspace/Sources/Domain/TwilioVerifySNA/TwilioVerifySNASession.swift:24:13: note: add '@available' attribute to enclosing class
final class TwilioVerifySNASession: TwilioVerifySNA {
            ^
Failed frontend command:
/Applications/Xcode-26.3.0.app/Contents/Developer/Toolchains/XcodeDefault.xctoolchain/usr/bin/swift-frontend -frontend -emit-module -experimental-skip-non-inlinable-function-bodies-without-types /Users/admin/builder/spi-builder-workspace/Sources/Common/TwilioVerifySNAErrorProtocol.swift /Users/admin/builder/spi-builder-workspace/Sources/Domain/RequestManager/RequestManager+Errors.swift /Users/admin/builder/spi-builder-workspace/Sources/Domain/RequestManager/RequestManager.swift /Users/admin/builder/spi-builder-workspace/Sources/Domain/RequestManager/RequestManagerProtocol.swift /Users/admin/builder/spi-builder-workspace/Sources/Domain/TwilioVerifySNA/TwilioVerifySNA.swift /Users/admin/builder/spi-builder-workspace/Sources/Domain/TwilioVerifySNA/TwilioVerifySNABuilder.swift /Users/admin/builder/spi-builder-workspace/Sources/Domain/TwilioVerifySNA/TwilioVerifySNAError.swift /Users/admin/builder/spi-builder-workspace/Sources/Domain/TwilioVerifySNA/TwilioVerifySNASession.swift /Users/admin/builder/spi-builder-workspace/Sources/Networking/NetworkRequestProvider+Errors.swift /Users/admin/builder/spi-builder-workspace/Sources/Networking/NetworkRequestProvider.swift /Users/admin/builder/spi-builder-workspace/Sources/Networking/NetworkRequestProviderProtocol.swift /Users/admin/builder/spi-builder-workspace/Sources/TwilioVerifySNAConfig.swift -target arm64-apple-tvos12.0 -load-resolved-plugin /Applications/Xcode-26.3.0.app/Contents/Developer/Platforms/AppleTVOS.platform/Developer/usr/lib/swift/host/plugins/libFoundationMacros.dylib\#/Applications/Xcode-26.3.0.app/Contents/Developer/Platforms/AppleTVOS.platform/Developer/usr/bin/swift-plugin-server\#FoundationMacros -load-resolved-plugin /Applications/Xcode-26.3.0.app/Contents/Developer/Platforms/AppleTVOS.platform/Developer/usr/lib/swift/host/plugins/libObservationMacros.dylib\#/Applications/Xcode-26.3.0.app/Contents/Developer/Platforms/AppleTVOS.platform/Developer/usr/bin/swift-plugin-server\#ObservationMacros -load-resolved-plugin /Applications/Xcode-26.3.0.app/Contents/Developer/Platforms/AppleTVOS.platform/Developer/usr/lib/swift/host/plugins/libSwiftMacros.dylib\#/Applications/Xcode-26.3.0.app/Contents/Developer/Platforms/AppleTVOS.platform/Developer/usr/bin/swift-plugin-server\#SwiftMacros -disable-implicit-swift-modules -Xcc -fno-implicit-modules -Xcc -fno-implicit-module-maps -explicit-swift-module-map-file /Users/admin/builder/spi-builder-workspace/.derivedData/Build/Intermediates.noindex/TwilioVerifySNA.build/Debug-appletvos/TwilioVerifySNA.build/Objects-normal/arm64/TwilioVerifySNA-dependencies-1.json -Xllvm -aarch64-use-tbi -enable-objc-interop -sdk /Applications/Xcode-26.3.0.app/Contents/Developer/Platforms/AppleTVOS.platform/Developer/SDKs/AppleTVOS26.2.sdk -I /Users/admin/builder/spi-builder-workspace/.derivedData/Build/Products/Debug-appletvos -Isystem /Applications/Xcode-26.3.0.app/Contents/Developer/Platforms/AppleTVOS.platform/Developer/usr/lib -F /Users/admin/builder/spi-builder-workspace/.derivedData/Build/Products/Debug-appletvos/PackageFrameworks -F /Users/admin/builder/spi-builder-workspace/.derivedData/Build/Products/Debug-appletvos -F /Applications/Xcode-26.3.0.app/Contents/Developer/Platforms/AppleTVOS.platform/Developer/Library/Frameworks -F /Applications/Xcode-26.3.0.app/Contents/Developer/Platforms/AppleTVOS.platform/Developer/SDKs/AppleTVOS26.2.sdk/Developer/Library/Frameworks -no-color-diagnostics -Xcc -fno-color-diagnostics -enable-testing -g -debug-info-format\=dwarf -dwarf-version\=4 -module-cache-path /Users/admin/builder/spi-builder-workspace/.derivedData/Build/Intermediates.noindex/SwiftExplicitPrecompiledModules -profile-generate -profile-coverage-mapping -swift-version 5 -enforce-exclusivity\=checked -Onone -D SWIFT_PACKAGE -D DEBUG -D SWIFT_MODULE_RESOURCE_BUNDLE_UNAVAILABLE -D Xcode -serialize-debugging-options -const-gather-protocols-file /Users/admin/builder/spi-builder-workspace/.derivedData/Build/Intermediates.noindex/TwilioVerifySNA.build/Debug-appletvos/TwilioVerifySNA.build/Objects-normal/arm64/TwilioVerifySNA_const_extract_protocols.json -enable-experimental-feature DebugDescriptionMacro -empty-abi-descriptor -validate-clang-modules-once -clang-build-session-file /Users/admin/builder/spi-builder-workspace/.derivedData/ModuleCache.noindex/Session.modulevalidation -Xcc -working-directory -Xcc /Users/admin/builder/spi-builder-workspace/.swiftpm/xcode -enable-anonymous-context-mangled-names -file-compilation-dir /Users/admin/builder/spi-builder-workspace/.swiftpm/xcode -Xcc -D_LIBCPP_HARDENING_MODE\=_LIBCPP_HARDENING_MODE_DEBUG -Xcc -ivfsstatcache -Xcc /Users/admin/builder/spi-builder-workspace/.derivedData/SDKStatCaches.noindex/appletvos26.2-23K50-dc75598d0054f22ec865fa860f139d72c1feacec85df2e04b9fa10f95e757c08.sdkstatcache -Xcc -I/Users/admin/builder/spi-builder-workspace/.derivedData/Build/Intermediates.noindex/TwilioVerifySNA.build/Debug-appletvos/TwilioVerifySNA.build/swift-overrides.hmap -Xcc -I/Users/admin/builder/spi-builder-workspace/SNASources/include -Xcc -I/Users/admin/builder/spi-builder-workspace/.derivedData/Build/Products/Debug-appletvos/include -Xcc -I/Users/admin/builder/spi-builder-workspace/.derivedData/Build/Intermediates.noindex/TwilioVerifySNA.build/Debug-appletvos/TwilioVerifySNA.build/DerivedSources-normal/arm64 -Xcc -I/Users/admin/builder/spi-builder-workspace/.derivedData/Build/Intermediates.noindex/TwilioVerifySNA.build/Debug-appletvos/TwilioVerifySNA.build/DerivedSources/arm64 -Xcc -I/Users/admin/builder/spi-builder-workspace/.derivedData/Build/Intermediates.noindex/TwilioVerifySNA.build/Debug-appletvos/TwilioVerifySNA.build/DerivedSources -Xcc -DSWIFT_PACKAGE -Xcc -DDEBUG\=1 -no-auto-bridging-header-chaining -module-name TwilioVerifySNA -frontend-parseable-output -disable-clang-spi -target-sdk-version 26.2 -target-sdk-name appletvos26.2 -clang-target arm64-apple-tvos26.2 -in-process-plugin-server-path /Applications/Xcode-26.3.0.app/Contents/Developer/Toolchains/XcodeDefault.xctoolchain/usr/lib/swift/host/libSwiftInProcPluginServer.dylib -emit-module-doc-path /Users/admin/builder/spi-builder-workspace/.derivedData/Build/Intermediates.noindex/TwilioVerifySNA.build/Debug-appletvos/TwilioVerifySNA.build/Objects-normal/arm64/TwilioVerifySNA.swiftdoc -emit-module-source-info-path /Users/admin/builder/spi-builder-workspace/.derivedData/Build/Intermediates.noindex/TwilioVerifySNA.build/Debug-appletvos/TwilioVerifySNA.build/Objects-normal/arm64/TwilioVerifySNA.swiftsourceinfo -emit-objc-header-path /Users/admin/builder/spi-builder-workspace/.derivedData/Build/Intermediates.noindex/TwilioVerifySNA.build/Debug-appletvos/TwilioVerifySNA.build/Objects-normal/arm64/TwilioVerifySNA-Swift.h -serialize-diagnostics-path /Users/admin/builder/spi-builder-workspace/.derivedData/Build/Intermediates.noindex/TwilioVerifySNA.build/Debug-appletvos/TwilioVerifySNA.build/Objects-normal/arm64/TwilioVerifySNA-primary-emit-module.dia -emit-dependencies-path /Users/admin/builder/spi-builder-workspace/.derivedData/Build/Intermediates.noindex/TwilioVerifySNA.build/Debug-appletvos/TwilioVerifySNA.build/Objects-normal/arm64/TwilioVerifySNA-primary-emit-module.d -o /Users/admin/builder/spi-builder-workspace/.derivedData/Build/Intermediates.noindex/TwilioVerifySNA.build/Debug-appletvos/TwilioVerifySNA.build/Objects-normal/arm64/TwilioVerifySNA.swiftmodule -emit-abi-descriptor-path /Users/admin/builder/spi-builder-workspace/.derivedData/Build/Intermediates.noindex/TwilioVerifySNA.build/Debug-appletvos/TwilioVerifySNA.build/Objects-normal/arm64/TwilioVerifySNA.abi.json
SwiftCompile normal arm64 Compiling\ NetworkRequestProvider.swift /Users/admin/builder/spi-builder-workspace/Sources/Networking/NetworkRequestProvider.swift (in target 'TwilioVerifySNA' from project 'TwilioVerifySNA')
SwiftCompile normal arm64 /Users/admin/builder/spi-builder-workspace/Sources/Networking/NetworkRequestProvider.swift (in target 'TwilioVerifySNA' from project 'TwilioVerifySNA')
    cd /Users/admin/builder/spi-builder-workspace/.swiftpm/xcode

SwiftCompile normal arm64 Compiling\ NetworkRequestProviderProtocol.swift /Users/admin/builder/spi-builder-workspace/Sources/Networking/NetworkRequestProviderProtocol.swift (in target 'TwilioVerifySNA' from project 'TwilioVerifySNA')
SwiftCompile normal arm64 /Users/admin/builder/spi-builder-workspace/Sources/Networking/NetworkRequestProviderProtocol.swift (in target 'TwilioVerifySNA' from project 'TwilioVerifySNA')
    cd /Users/admin/builder/spi-builder-workspace/.swiftpm/xcode

SwiftCompile normal arm64 Compiling\ TwilioVerifySNAConfig.swift /Users/admin/builder/spi-builder-workspace/Sources/TwilioVerifySNAConfig.swift (in target 'TwilioVerifySNA' from project 'TwilioVerifySNA')
SwiftCompile normal arm64 /Users/admin/builder/spi-builder-workspace/Sources/TwilioVerifySNAConfig.swift (in target 'TwilioVerifySNA' from project 'TwilioVerifySNA')
    cd /Users/admin/builder/spi-builder-workspace/.swiftpm/xcode

SwiftCompile normal arm64 Compiling\ TwilioVerifySNASession.swift /Users/admin/builder/spi-builder-workspace/Sources/Domain/TwilioVerifySNA/TwilioVerifySNASession.swift (in target 'TwilioVerifySNA' from project 'TwilioVerifySNA')
SwiftCompile normal arm64 /Users/admin/builder/spi-builder-workspace/Sources/Domain/TwilioVerifySNA/TwilioVerifySNASession.swift (in target 'TwilioVerifySNA' from project 'TwilioVerifySNA')
    cd /Users/admin/builder/spi-builder-workspace/.swiftpm/xcode

SwiftCompile normal arm64 Compiling\ TwilioVerifySNAErrorProtocol.swift,\ RequestManager+Errors.swift /Users/admin/builder/spi-builder-workspace/Sources/Common/TwilioVerifySNAErrorProtocol.swift /Users/admin/builder/spi-builder-workspace/Sources/Domain/RequestManager/RequestManager+Errors.swift (in target 'TwilioVerifySNA' from project 'TwilioVerifySNA')
SwiftCompile normal arm64 /Users/admin/builder/spi-builder-workspace/Sources/Common/TwilioVerifySNAErrorProtocol.swift (in target 'TwilioVerifySNA' from project 'TwilioVerifySNA')
    cd /Users/admin/builder/spi-builder-workspace/.swiftpm/xcode

SwiftCompile normal arm64 /Users/admin/builder/spi-builder-workspace/Sources/Domain/RequestManager/RequestManager+Errors.swift (in target 'TwilioVerifySNA' from project 'TwilioVerifySNA')
    cd /Users/admin/builder/spi-builder-workspace/.swiftpm/xcode

SwiftCompile normal arm64 Compiling\ TwilioVerifySNA.swift /Users/admin/builder/spi-builder-workspace/Sources/Domain/TwilioVerifySNA/TwilioVerifySNA.swift (in target 'TwilioVerifySNA' from project 'TwilioVerifySNA')
SwiftCompile normal arm64 /Users/admin/builder/spi-builder-workspace/Sources/Domain/TwilioVerifySNA/TwilioVerifySNA.swift (in target 'TwilioVerifySNA' from project 'TwilioVerifySNA')
    cd /Users/admin/builder/spi-builder-workspace/.swiftpm/xcode

SwiftCompile normal arm64 Compiling\ NetworkRequestProvider+Errors.swift /Users/admin/builder/spi-builder-workspace/Sources/Networking/NetworkRequestProvider+Errors.swift (in target 'TwilioVerifySNA' from project 'TwilioVerifySNA')
SwiftCompile normal arm64 /Users/admin/builder/spi-builder-workspace/Sources/Networking/NetworkRequestProvider+Errors.swift (in target 'TwilioVerifySNA' from project 'TwilioVerifySNA')
    cd /Users/admin/builder/spi-builder-workspace/.swiftpm/xcode

SwiftCompile normal arm64 Compiling\ TwilioVerifySNABuilder.swift /Users/admin/builder/spi-builder-workspace/Sources/Domain/TwilioVerifySNA/TwilioVerifySNABuilder.swift (in target 'TwilioVerifySNA' from project 'TwilioVerifySNA')
SwiftCompile normal arm64 /Users/admin/builder/spi-builder-workspace/Sources/Domain/TwilioVerifySNA/TwilioVerifySNABuilder.swift (in target 'TwilioVerifySNA' from project 'TwilioVerifySNA')
    cd /Users/admin/builder/spi-builder-workspace/.swiftpm/xcode

SwiftCompile normal arm64 Compiling\ RequestManager.swift,\ RequestManagerProtocol.swift /Users/admin/builder/spi-builder-workspace/Sources/Domain/RequestManager/RequestManager.swift /Users/admin/builder/spi-builder-workspace/Sources/Domain/RequestManager/RequestManagerProtocol.swift (in target 'TwilioVerifySNA' from project 'TwilioVerifySNA')
SwiftCompile normal arm64 /Users/admin/builder/spi-builder-workspace/Sources/Domain/RequestManager/RequestManager.swift (in target 'TwilioVerifySNA' from project 'TwilioVerifySNA')
    cd /Users/admin/builder/spi-builder-workspace/.swiftpm/xcode

SwiftCompile normal arm64 /Users/admin/builder/spi-builder-workspace/Sources/Domain/RequestManager/RequestManagerProtocol.swift (in target 'TwilioVerifySNA' from project 'TwilioVerifySNA')
    cd /Users/admin/builder/spi-builder-workspace/.swiftpm/xcode

2026-08-11 00:35:07.499 xcodebuild[704:4477] [MT] IDERunDestination: Supported platforms for the buildables in the current scheme is empty.
2026-08-11 00:35:07.660 xcodebuild[704:4477] [MT] IDERunDestination: Supported platforms for the buildables in the current scheme is empty.
** BUILD FAILED **
The following build commands failed:
	EmitSwiftModule normal arm64 (in target 'TwilioVerifySNA' from project 'TwilioVerifySNA')
	SwiftEmitModule normal arm64 Emitting\ module\ for\ TwilioVerifySNA (in target 'TwilioVerifySNA' from project 'TwilioVerifySNA')
	Building workspace spi-builder-workspace with scheme TwilioVerifySNA
(3 failures)
Command line invocation:
    /Applications/Xcode-26.3.0.app/Contents/Developer/usr/bin/xcodebuild -IDEClonedSourcePackagesDirPathOverride=/Users/admin/builder/spi-builder-workspace/.dependencies -resolvePackageDependencies
Resolve Package Graph
Resolved source packages:
  TwilioVerifySNA: /Users/admin/builder/spi-builder-workspace
resolved source packages: TwilioVerifySNA
2026-08-11 00:35:13.801 xcodebuild[815:4899] [MT] IDERunDestination: Supported platforms for the buildables in the current scheme is empty.
2026-08-11 00:35:13.959 xcodebuild[815:4899] [MT] IDERunDestination: Supported platforms for the buildables in the current scheme is empty.
{
  "dependencies" : [
  ],
  "manifest_display_name" : "TwilioVerifySNA",
  "name" : "TwilioVerifySNA",
  "path" : "/Users/admin/builder/spi-builder-workspace",
  "platforms" : [
    {
      "name" : "macos",
      "version" : "12.0"
    },
    {
      "name" : "ios",
      "version" : "12.0"
    }
  ],
  "products" : [
    {
      "name" : "TwilioVerifySNA",
      "targets" : [
        "TwilioVerifySNA",
        "SNANetworking"
      ],
      "type" : {
        "library" : [
          "automatic"
        ]
      }
    }
  ],
  "targets" : [
    {
      "c99name" : "TwilioVerifySNATests",
      "module_type" : "SwiftTarget",
      "name" : "TwilioVerifySNATests",
      "path" : "Tests",
      "sources" : [
        "Domain/Mocks/MockCellularSession.swift",
        "Domain/Mocks/MockNetworkRequestProvider.swift",
        "Domain/Mocks/MockRequestManager.swift",
        "Domain/RequestManagerTests.swift",
        "Domain/TwilioVerifySNASessionTests.swift",
        "Networking/NetworkRequestProviderTests.swift"
      ],
      "target_dependencies" : [
        "TwilioVerifySNA"
      ],
      "type" : "test"
    },
    {
      "c99name" : "TwilioVerifySNA",
      "module_type" : "SwiftTarget",
      "name" : "TwilioVerifySNA",
      "path" : "Sources",
      "product_memberships" : [
        "TwilioVerifySNA"
      ],
      "sources" : [
        "Common/TwilioVerifySNAErrorProtocol.swift",
        "Domain/RequestManager/RequestManager+Errors.swift",
        "Domain/RequestManager/RequestManager.swift",
        "Domain/RequestManager/RequestManagerProtocol.swift",
        "Domain/TwilioVerifySNA/TwilioVerifySNA.swift",
        "Domain/TwilioVerifySNA/TwilioVerifySNABuilder.swift",
        "Domain/TwilioVerifySNA/TwilioVerifySNAError.swift",
        "Domain/TwilioVerifySNA/TwilioVerifySNASession.swift",
        "Networking/NetworkRequestProvider+Errors.swift",
        "Networking/NetworkRequestProvider.swift",
        "Networking/NetworkRequestProviderProtocol.swift",
        "TwilioVerifySNAConfig.swift"
      ],
      "target_dependencies" : [
        "SNANetworking"
      ],
      "type" : "library"
    },
    {
      "c99name" : "SNANetworking",
      "module_type" : "ClangTarget",
      "name" : "SNANetworking",
      "path" : "SNASources",
      "product_memberships" : [
        "TwilioVerifySNA"
      ],
      "sources" : [
        "CellularGetAddrinfo.m",
        "CellularSession.m",
        "CellularSessionResult.m",
        "SocketAddress.m",
        "sslfuncs.c"
      ],
      "type" : "library"
    }
  ],
  "tools_version" : "5.5"
}
{
  "workspace" : {
    "name" : "spi-builder-workspace",
    "schemes" : [
      "TwilioVerifySNA"
    ]
  }
}
2026-08-11 00:35:14.884 xcodebuild[823:4971] [MT] IDERunDestination: Supported platforms for the buildables in the current scheme is empty.
2026-08-11 00:35:15.044 xcodebuild[823:4971] [MT] IDERunDestination: Supported platforms for the buildables in the current scheme is empty.
Running build ...
env DEVELOPER_DIR=/Applications/Xcode-26.3.0.app xcrun xcodebuild -IDEClonedSourcePackagesDirPathOverride=$PWD/.dependencies -skipMacroValidation -skipPackagePluginValidation -derivedDataPath $PWD/.derivedData build -scheme TwilioVerifySNA -destination generic/platform=tvOS
Command line invocation:
    /Applications/Xcode-26.3.0.app/Contents/Developer/usr/bin/xcodebuild -IDEClonedSourcePackagesDirPathOverride=/Users/admin/builder/spi-builder-workspace/.dependencies -skipMacroValidation -skipPackagePluginValidation -derivedDataPath /Users/admin/builder/spi-builder-workspace/.derivedData build -scheme TwilioVerifySNA -destination generic/platform=tvOS
Resolve Package Graph
Resolved source packages:
  TwilioVerifySNA: /Users/admin/builder/spi-builder-workspace
ComputePackagePrebuildTargetDependencyGraph
Prepare packages
CreateBuildRequest
SendProjectDescription
CreateBuildOperation
ComputeTargetDependencyGraph
note: Building targets in dependency order
note: Target dependency graph (3 targets)
    Target 'TwilioVerifySNA' in project 'TwilioVerifySNA'
        ➜ Explicit dependency on target 'TwilioVerifySNA' in project 'TwilioVerifySNA'
        ➜ Explicit dependency on target 'SNANetworking' in project 'TwilioVerifySNA'
    Target 'TwilioVerifySNA' in project 'TwilioVerifySNA'
        ➜ Explicit dependency on target 'SNANetworking' in project 'TwilioVerifySNA'
    Target 'SNANetworking' in project 'TwilioVerifySNA' (no dependencies)
GatherProvisioningInputs
CreateBuildDescription
ClangStatCache /Applications/Xcode-26.3.0.app/Contents/Developer/Toolchains/XcodeDefault.xctoolchain/usr/bin/clang-stat-cache /Applications/Xcode-26.3.0.app/Contents/Developer/Platforms/AppleTVOS.platform/Developer/SDKs/AppleTVOS26.2.sdk /Users/admin/builder/spi-builder-workspace/.derivedData/SDKStatCaches.noindex/appletvos26.2-23K50-dc75598d0054f22ec865fa860f139d72c1feacec85df2e04b9fa10f95e757c08.sdkstatcache
    cd /Users/admin/builder/spi-builder-workspace/.swiftpm/xcode
    /Applications/Xcode-26.3.0.app/Contents/Developer/Toolchains/XcodeDefault.xctoolchain/usr/bin/clang-stat-cache /Applications/Xcode-26.3.0.app/Contents/Developer/Platforms/AppleTVOS.platform/Developer/SDKs/AppleTVOS26.2.sdk -o /Users/admin/builder/spi-builder-workspace/.derivedData/SDKStatCaches.noindex/appletvos26.2-23K50-dc75598d0054f22ec865fa860f139d72c1feacec85df2e04b9fa10f95e757c08.sdkstatcache
SwiftDriver TwilioVerifySNA normal arm64 com.apple.xcode.tools.swift.compiler (in target 'TwilioVerifySNA' from project 'TwilioVerifySNA')
    cd /Users/admin/builder/spi-builder-workspace/.swiftpm/xcode
    builtin-SwiftDriver -- /Applications/Xcode-26.3.0.app/Contents/Developer/Toolchains/XcodeDefault.xctoolchain/usr/bin/swiftc -module-name TwilioVerifySNA -Onone -enforce-exclusivity\=checked @/Users/admin/builder/spi-builder-workspace/.derivedData/Build/Intermediates.noindex/TwilioVerifySNA.build/Debug-appletvos/TwilioVerifySNA.build/Objects-normal/arm64/TwilioVerifySNA.SwiftFileList -DSWIFT_PACKAGE -DDEBUG -DSWIFT_MODULE_RESOURCE_BUNDLE_UNAVAILABLE -DXcode -plugin-path /Applications/Xcode-26.3.0.app/Contents/Developer/Toolchains/XcodeDefault.xctoolchain/usr/lib/swift/host/plugins/testing -enable-experimental-feature DebugDescriptionMacro -sdk /Applications/Xcode-26.3.0.app/Contents/Developer/Platforms/AppleTVOS.platform/Developer/SDKs/AppleTVOS26.2.sdk -target arm64-apple-tvos12.0 -g -module-cache-path /Users/admin/builder/spi-builder-workspace/.derivedData/ModuleCache.noindex -Xfrontend -serialize-debugging-options -profile-coverage-mapping -profile-generate -enable-testing -index-store-path /Users/admin/builder/spi-builder-workspace/.derivedData/Index.noindex/DataStore -Xcc -D_LIBCPP_HARDENING_MODE\=_LIBCPP_HARDENING_MODE_DEBUG -swift-version 5 -I /Users/admin/builder/spi-builder-workspace/.derivedData/Build/Products/Debug-appletvos -Isystem /Applications/Xcode-26.3.0.app/Contents/Developer/Platforms/AppleTVOS.platform/Developer/usr/lib -F /Users/admin/builder/spi-builder-workspace/.derivedData/Build/Products/Debug-appletvos/PackageFrameworks -F /Users/admin/builder/spi-builder-workspace/.derivedData/Build/Products/Debug-appletvos -F /Applications/Xcode-26.3.0.app/Contents/Developer/Platforms/AppleTVOS.platform/Developer/Library/Frameworks -F /Applications/Xcode-26.3.0.app/Contents/Developer/Platforms/AppleTVOS.platform/Developer/SDKs/AppleTVOS26.2.sdk/Developer/Library/Frameworks -c -j10 -enable-batch-mode -incremental -Xcc -ivfsstatcache -Xcc /Users/admin/builder/spi-builder-workspace/.derivedData/SDKStatCaches.noindex/appletvos26.2-23K50-dc75598d0054f22ec865fa860f139d72c1feacec85df2e04b9fa10f95e757c08.sdkstatcache -output-file-map /Users/admin/builder/spi-builder-workspace/.derivedData/Build/Intermediates.noindex/TwilioVerifySNA.build/Debug-appletvos/TwilioVerifySNA.build/Objects-normal/arm64/TwilioVerifySNA-OutputFileMap.json -use-frontend-parseable-output -save-temps -no-color-diagnostics -explicit-module-build -module-cache-path /Users/admin/builder/spi-builder-workspace/.derivedData/Build/Intermediates.noindex/SwiftExplicitPrecompiledModules -clang-scanner-module-cache-path /Users/admin/builder/spi-builder-workspace/.derivedData/ModuleCache.noindex -sdk-module-cache-path /Users/admin/builder/spi-builder-workspace/.derivedData/ModuleCache.noindex -serialize-diagnostics -emit-dependencies -emit-module -emit-module-path /Users/admin/builder/spi-builder-workspace/.derivedData/Build/Intermediates.noindex/TwilioVerifySNA.build/Debug-appletvos/TwilioVerifySNA.build/Objects-normal/arm64/TwilioVerifySNA.swiftmodule -validate-clang-modules-once -clang-build-session-file /Users/admin/builder/spi-builder-workspace/.derivedData/ModuleCache.noindex/Session.modulevalidation -Xcc -I/Users/admin/builder/spi-builder-workspace/.derivedData/Build/Intermediates.noindex/TwilioVerifySNA.build/Debug-appletvos/TwilioVerifySNA.build/swift-overrides.hmap -emit-const-values -Xfrontend -const-gather-protocols-file -Xfrontend /Users/admin/builder/spi-builder-workspace/.derivedData/Build/Intermediates.noindex/TwilioVerifySNA.build/Debug-appletvos/TwilioVerifySNA.build/Objects-normal/arm64/TwilioVerifySNA_const_extract_protocols.json -Xcc -I/Users/admin/builder/spi-builder-workspace/SNASources/include -Xcc -I/Users/admin/builder/spi-builder-workspace/.derivedData/Build/Products/Debug-appletvos/include -Xcc -I/Users/admin/builder/spi-builder-workspace/.derivedData/Build/Intermediates.noindex/TwilioVerifySNA.build/Debug-appletvos/TwilioVerifySNA.build/DerivedSources-normal/arm64 -Xcc -I/Users/admin/builder/spi-builder-workspace/.derivedData/Build/Intermediates.noindex/TwilioVerifySNA.build/Debug-appletvos/TwilioVerifySNA.build/DerivedSources/arm64 -Xcc -I/Users/admin/builder/spi-builder-workspace/.derivedData/Build/Intermediates.noindex/TwilioVerifySNA.build/Debug-appletvos/TwilioVerifySNA.build/DerivedSources -Xcc -DSWIFT_PACKAGE -Xcc -DDEBUG\=1 -emit-objc-header -emit-objc-header-path /Users/admin/builder/spi-builder-workspace/.derivedData/Build/Intermediates.noindex/TwilioVerifySNA.build/Debug-appletvos/TwilioVerifySNA.build/Objects-normal/arm64/TwilioVerifySNA-Swift.h -working-directory /Users/admin/builder/spi-builder-workspace/.swiftpm/xcode -experimental-emit-module-separately -disable-cmo
SwiftCompile normal arm64 Compiling\ TwilioVerifySNA.swift /Users/admin/builder/spi-builder-workspace/Sources/Domain/TwilioVerifySNA/TwilioVerifySNA.swift (in target 'TwilioVerifySNA' from project 'TwilioVerifySNA')
SwiftCompile normal arm64 /Users/admin/builder/spi-builder-workspace/Sources/Domain/TwilioVerifySNA/TwilioVerifySNA.swift (in target 'TwilioVerifySNA' from project 'TwilioVerifySNA')
    cd /Users/admin/builder/spi-builder-workspace/.swiftpm/xcode

SwiftCompile normal arm64 Compiling\ TwilioVerifySNABuilder.swift /Users/admin/builder/spi-builder-workspace/Sources/Domain/TwilioVerifySNA/TwilioVerifySNABuilder.swift (in target 'TwilioVerifySNA' from project 'TwilioVerifySNA')
SwiftCompile normal arm64 /Users/admin/builder/spi-builder-workspace/Sources/Domain/TwilioVerifySNA/TwilioVerifySNABuilder.swift (in target 'TwilioVerifySNA' from project 'TwilioVerifySNA')
    cd /Users/admin/builder/spi-builder-workspace/.swiftpm/xcode

SwiftCompile normal arm64 Compiling\ TwilioVerifySNAErrorProtocol.swift,\ RequestManager+Errors.swift /Users/admin/builder/spi-builder-workspace/Sources/Common/TwilioVerifySNAErrorProtocol.swift /Users/admin/builder/spi-builder-workspace/Sources/Domain/RequestManager/RequestManager+Errors.swift (in target 'TwilioVerifySNA' from project 'TwilioVerifySNA')
SwiftCompile normal arm64 /Users/admin/builder/spi-builder-workspace/Sources/Common/TwilioVerifySNAErrorProtocol.swift (in target 'TwilioVerifySNA' from project 'TwilioVerifySNA')
    cd /Users/admin/builder/spi-builder-workspace/.swiftpm/xcode

SwiftCompile normal arm64 /Users/admin/builder/spi-builder-workspace/Sources/Domain/RequestManager/RequestManager+Errors.swift (in target 'TwilioVerifySNA' from project 'TwilioVerifySNA')
    cd /Users/admin/builder/spi-builder-workspace/.swiftpm/xcode

SwiftCompile normal arm64 Compiling\ RequestManager.swift,\ RequestManagerProtocol.swift /Users/admin/builder/spi-builder-workspace/Sources/Domain/RequestManager/RequestManager.swift /Users/admin/builder/spi-builder-workspace/Sources/Domain/RequestManager/RequestManagerProtocol.swift (in target 'TwilioVerifySNA' from project 'TwilioVerifySNA')
SwiftCompile normal arm64 /Users/admin/builder/spi-builder-workspace/Sources/Domain/RequestManager/RequestManager.swift (in target 'TwilioVerifySNA' from project 'TwilioVerifySNA')
    cd /Users/admin/builder/spi-builder-workspace/.swiftpm/xcode

SwiftCompile normal arm64 /Users/admin/builder/spi-builder-workspace/Sources/Domain/RequestManager/RequestManagerProtocol.swift (in target 'TwilioVerifySNA' from project 'TwilioVerifySNA')
    cd /Users/admin/builder/spi-builder-workspace/.swiftpm/xcode

SwiftCompile normal arm64 Compiling\ TwilioVerifySNASession.swift /Users/admin/builder/spi-builder-workspace/Sources/Domain/TwilioVerifySNA/TwilioVerifySNASession.swift (in target 'TwilioVerifySNA' from project 'TwilioVerifySNA')
SwiftCompile normal arm64 /Users/admin/builder/spi-builder-workspace/Sources/Domain/TwilioVerifySNA/TwilioVerifySNASession.swift (in target 'TwilioVerifySNA' from project 'TwilioVerifySNA')
    cd /Users/admin/builder/spi-builder-workspace/.swiftpm/xcode

SwiftCompile normal arm64 Compiling\ NetworkRequestProvider+Errors.swift /Users/admin/builder/spi-builder-workspace/Sources/Networking/NetworkRequestProvider+Errors.swift (in target 'TwilioVerifySNA' from project 'TwilioVerifySNA')
SwiftCompile normal arm64 /Users/admin/builder/spi-builder-workspace/Sources/Networking/NetworkRequestProvider+Errors.swift (in target 'TwilioVerifySNA' from project 'TwilioVerifySNA')
    cd /Users/admin/builder/spi-builder-workspace/.swiftpm/xcode

SwiftCompile normal arm64 Compiling\ NetworkRequestProviderProtocol.swift /Users/admin/builder/spi-builder-workspace/Sources/Networking/NetworkRequestProviderProtocol.swift (in target 'TwilioVerifySNA' from project 'TwilioVerifySNA')
SwiftCompile normal arm64 /Users/admin/builder/spi-builder-workspace/Sources/Networking/NetworkRequestProviderProtocol.swift (in target 'TwilioVerifySNA' from project 'TwilioVerifySNA')
    cd /Users/admin/builder/spi-builder-workspace/.swiftpm/xcode

SwiftCompile normal arm64 Compiling\ TwilioVerifySNAConfig.swift /Users/admin/builder/spi-builder-workspace/Sources/TwilioVerifySNAConfig.swift (in target 'TwilioVerifySNA' from project 'TwilioVerifySNA')
SwiftCompile normal arm64 /Users/admin/builder/spi-builder-workspace/Sources/TwilioVerifySNAConfig.swift (in target 'TwilioVerifySNA' from project 'TwilioVerifySNA')
    cd /Users/admin/builder/spi-builder-workspace/.swiftpm/xcode

SwiftEmitModule normal arm64 Emitting\ module\ for\ TwilioVerifySNA (in target 'TwilioVerifySNA' from project 'TwilioVerifySNA')
Failed frontend command:
/Applications/Xcode-26.3.0.app/Contents/Developer/Toolchains/XcodeDefault.xctoolchain/usr/bin/swift-frontend -frontend -emit-module -experimental-skip-non-inlinable-function-bodies-without-types /Users/admin/builder/spi-builder-workspace/Sources/Common/TwilioVerifySNAErrorProtocol.swift /Users/admin/builder/spi-builder-workspace/Sources/Domain/RequestManager/RequestManager+Errors.swift /Users/admin/builder/spi-builder-workspace/Sources/Domain/RequestManager/RequestManager.swift /Users/admin/builder/spi-builder-workspace/Sources/Domain/RequestManager/RequestManagerProtocol.swift /Users/admin/builder/spi-builder-workspace/Sources/Domain/TwilioVerifySNA/TwilioVerifySNA.swift /Users/admin/builder/spi-builder-workspace/Sources/Domain/TwilioVerifySNA/TwilioVerifySNABuilder.swift /Users/admin/builder/spi-builder-workspace/Sources/Domain/TwilioVerifySNA/TwilioVerifySNAError.swift /Users/admin/builder/spi-builder-workspace/Sources/Domain/TwilioVerifySNA/TwilioVerifySNASession.swift /Users/admin/builder/spi-builder-workspace/Sources/Networking/NetworkRequestProvider+Errors.swift /Users/admin/builder/spi-builder-workspace/Sources/Networking/NetworkRequestProvider.swift /Users/admin/builder/spi-builder-workspace/Sources/Networking/NetworkRequestProviderProtocol.swift /Users/admin/builder/spi-builder-workspace/Sources/TwilioVerifySNAConfig.swift -target arm64-apple-tvos12.0 -load-resolved-plugin /Applications/Xcode-26.3.0.app/Contents/Developer/Platforms/AppleTVOS.platform/Developer/usr/lib/swift/host/plugins/libFoundationMacros.dylib\#/Applications/Xcode-26.3.0.app/Contents/Developer/Platforms/AppleTVOS.platform/Developer/usr/bin/swift-plugin-server\#FoundationMacros -load-resolved-plugin /Applications/Xcode-26.3.0.app/Contents/Developer/Platforms/AppleTVOS.platform/Developer/usr/lib/swift/host/plugins/libObservationMacros.dylib\#/Applications/Xcode-26.3.0.app/Contents/Developer/Platforms/AppleTVOS.platform/Developer/usr/bin/swift-plugin-server\#ObservationMacros -load-resolved-plugin /Applications/Xcode-26.3.0.app/Contents/Developer/Platforms/AppleTVOS.platform/Developer/usr/lib/swift/host/plugins/libSwiftMacros.dylib\#/Applications/Xcode-26.3.0.app/Contents/Developer/Platforms/AppleTVOS.platform/Developer/usr/bin/swift-plugin-server\#SwiftMacros -disable-implicit-swift-modules -Xcc -fno-implicit-modules -Xcc -fno-implicit-module-maps -explicit-swift-module-map-file /Users/admin/builder/spi-builder-workspace/.derivedData/Build/Intermediates.noindex/TwilioVerifySNA.build/Debug-appletvos/TwilioVerifySNA.build/Objects-normal/arm64/TwilioVerifySNA-dependencies-1.json -Xllvm -aarch64-use-tbi -enable-objc-interop -sdk /Applications/Xcode-26.3.0.app/Contents/Developer/Platforms/AppleTVOS.platform/Developer/SDKs/AppleTVOS26.2.sdk -I /Users/admin/builder/spi-builder-workspace/.derivedData/Build/Products/Debug-appletvos -Isystem /Applications/Xcode-26.3.0.app/Contents/Developer/Platforms/AppleTVOS.platform/Developer/usr/lib -F /Users/admin/builder/spi-builder-workspace/.derivedData/Build/Products/Debug-appletvos/PackageFrameworks -F /Users/admin/builder/spi-builder-workspace/.derivedData/Build/Products/Debug-appletvos -F /Applications/Xcode-26.3.0.app/Contents/Developer/Platforms/AppleTVOS.platform/Developer/Library/Frameworks -F /Applications/Xcode-26.3.0.app/Contents/Developer/Platforms/AppleTVOS.platform/Developer/SDKs/AppleTVOS26.2.sdk/Developer/Library/Frameworks -no-color-diagnostics -Xcc -fno-color-diagnostics -enable-testing -g -debug-info-format\=dwarf -dwarf-version\=4 -module-cache-path /Users/admin/builder/spi-builder-workspace/.derivedData/Build/Intermediates.noindex/SwiftExplicitPrecompiledModules -profile-generate -profile-coverage-mapping -swift-version 5 -enforce-exclusivity\=checked -Onone -D SWIFT_PACKAGE -D DEBUG -D SWIFT_MODULE_RESOURCE_BUNDLE_UNAVAILABLE -D Xcode -serialize-debugging-options -const-gather-protocols-file /Users/admin/builder/spi-builder-workspace/.derivedData/Build/Intermediates.noindex/TwilioVerifySNA.build/Debug-appletvos/TwilioVerifySNA.build/Objects-normal/arm64/TwilioVerifySNA_const_extract_protocols.json -enable-experimental-feature DebugDescriptionMacro -empty-abi-descriptor -validate-clang-modules-once -clang-build-session-file /Users/admin/builder/spi-builder-workspace/.derivedData/ModuleCache.noindex/Session.modulevalidation -Xcc -working-directory -Xcc /Users/admin/builder/spi-builder-workspace/.swiftpm/xcode -enable-anonymous-context-mangled-names -file-compilation-dir /Users/admin/builder/spi-builder-workspace/.swiftpm/xcode -Xcc -D_LIBCPP_HARDENING_MODE\=_LIBCPP_HARDENING_MODE_DEBUG -Xcc -ivfsstatcache -Xcc /Users/admin/builder/spi-builder-workspace/.derivedData/SDKStatCaches.noindex/appletvos26.2-23K50-dc75598d0054f22ec865fa860f139d72c1feacec85df2e04b9fa10f95e757c08.sdkstatcache -Xcc -I/Users/admin/builder/spi-builder-workspace/.derivedData/Build/Intermediates.noindex/TwilioVerifySNA.build/Debug-appletvos/TwilioVerifySNA.build/swift-overrides.hmap -Xcc -I/Users/admin/builder/spi-builder-workspace/SNASources/include -Xcc -I/Users/admin/builder/spi-builder-workspace/.derivedData/Build/Products/Debug-appletvos/include -Xcc -I/Users/admin/builder/spi-builder-workspace/.derivedData/Build/Intermediates.noindex/TwilioVerifySNA.build/Debug-appletvos/TwilioVerifySNA.build/DerivedSources-normal/arm64 -Xcc -I/Users/admin/builder/spi-builder-workspace/.derivedData/Build/Intermediates.noindex/TwilioVerifySNA.build/Debug-appletvos/TwilioVerifySNA.build/DerivedSources/arm64 -Xcc -I/Users/admin/builder/spi-builder-workspace/.derivedData/Build/Intermediates.noindex/TwilioVerifySNA.build/Debug-appletvos/TwilioVerifySNA.build/DerivedSources -Xcc -DSWIFT_PACKAGE -Xcc -DDEBUG\=1 -no-auto-bridging-header-chaining -module-name TwilioVerifySNA -frontend-parseable-output -disable-clang-spi -target-sdk-version 26.2 -target-sdk-name appletvos26.2 -clang-target arm64-apple-tvos26.2 -in-process-plugin-server-path /Applications/Xcode-26.3.0.app/Contents/Developer/Toolchains/XcodeDefault.xctoolchain/usr/lib/swift/host/libSwiftInProcPluginServer.dylib -emit-module-doc-path /Users/admin/builder/spi-builder-workspace/.derivedData/Build/Intermediates.noindex/TwilioVerifySNA.build/Debug-appletvos/TwilioVerifySNA.build/Objects-normal/arm64/TwilioVerifySNA.swiftdoc -emit-module-source-info-path /Users/admin/builder/spi-builder-workspace/.derivedData/Build/Intermediates.noindex/TwilioVerifySNA.build/Debug-appletvos/TwilioVerifySNA.build/Objects-normal/arm64/TwilioVerifySNA.swiftsourceinfo -emit-objc-header-path /Users/admin/builder/spi-builder-workspace/.derivedData/Build/Intermediates.noindex/TwilioVerifySNA.build/Debug-appletvos/TwilioVerifySNA.build/Objects-normal/arm64/TwilioVerifySNA-Swift.h -serialize-diagnostics-path /Users/admin/builder/spi-builder-workspace/.derivedData/Build/Intermediates.noindex/TwilioVerifySNA.build/Debug-appletvos/TwilioVerifySNA.build/Objects-normal/arm64/TwilioVerifySNA-primary-emit-module.dia -emit-dependencies-path /Users/admin/builder/spi-builder-workspace/.derivedData/Build/Intermediates.noindex/TwilioVerifySNA.build/Debug-appletvos/TwilioVerifySNA.build/Objects-normal/arm64/TwilioVerifySNA-primary-emit-module.d -o /Users/admin/builder/spi-builder-workspace/.derivedData/Build/Intermediates.noindex/TwilioVerifySNA.build/Debug-appletvos/TwilioVerifySNA.build/Objects-normal/arm64/TwilioVerifySNA.swiftmodule -emit-abi-descriptor-path /Users/admin/builder/spi-builder-workspace/.derivedData/Build/Intermediates.noindex/TwilioVerifySNA.build/Debug-appletvos/TwilioVerifySNA.build/Objects-normal/arm64/TwilioVerifySNA.abi.json
EmitSwiftModule normal arm64 (in target 'TwilioVerifySNA' from project 'TwilioVerifySNA')
    cd /Users/admin/builder/spi-builder-workspace/.swiftpm/xcode

/Users/admin/builder/spi-builder-workspace/Sources/Domain/TwilioVerifySNA/TwilioVerifySNA.swift:32:36: error: concurrency is only available in tvOS 13.0.0 or newer
    func processURL(_ url: String) async -> ProcessURLResult
                                   ^
/Users/admin/builder/spi-builder-workspace/Sources/Domain/TwilioVerifySNA/TwilioVerifySNA.swift:32:10: note: add '@available' attribute to enclosing instance method
    func processURL(_ url: String) async -> ProcessURLResult
         ^
/Users/admin/builder/spi-builder-workspace/Sources/Domain/TwilioVerifySNA/TwilioVerifySNA.swift:25:17: note: add '@available' attribute to enclosing protocol
public protocol TwilioVerifySNA {
                ^
/Users/admin/builder/spi-builder-workspace/Sources/Domain/TwilioVerifySNA/TwilioVerifySNASession.swift:94:36: error: concurrency is only available in tvOS 13.0.0 or newer
    func processURL(_ url: String) async -> ProcessURLResult {
                                   ^
/Users/admin/builder/spi-builder-workspace/Sources/Domain/TwilioVerifySNA/TwilioVerifySNASession.swift:94:10: note: add '@available' attribute to enclosing instance method
    func processURL(_ url: String) async -> ProcessURLResult {
         ^
/Users/admin/builder/spi-builder-workspace/Sources/Domain/TwilioVerifySNA/TwilioVerifySNASession.swift:24:13: note: add '@available' attribute to enclosing class
final class TwilioVerifySNASession: TwilioVerifySNA {
            ^
SwiftCompile normal arm64 Compiling\ NetworkRequestProvider.swift /Users/admin/builder/spi-builder-workspace/Sources/Networking/NetworkRequestProvider.swift (in target 'TwilioVerifySNA' from project 'TwilioVerifySNA')
SwiftCompile normal arm64 /Users/admin/builder/spi-builder-workspace/Sources/Networking/NetworkRequestProvider.swift (in target 'TwilioVerifySNA' from project 'TwilioVerifySNA')
    cd /Users/admin/builder/spi-builder-workspace/.swiftpm/xcode

SwiftCompile normal arm64 Compiling\ TwilioVerifySNAError.swift /Users/admin/builder/spi-builder-workspace/Sources/Domain/TwilioVerifySNA/TwilioVerifySNAError.swift (in target 'TwilioVerifySNA' from project 'TwilioVerifySNA')
2026-08-11 00:35:15.757 xcodebuild[825:5002] [MT] IDERunDestination: Supported platforms for the buildables in the current scheme is empty.
2026-08-11 00:35:15.919 xcodebuild[825:5002] [MT] IDERunDestination: Supported platforms for the buildables in the current scheme is empty.
** BUILD FAILED **
The following build commands failed:
	SwiftEmitModule normal arm64 Emitting\ module\ for\ TwilioVerifySNA (in target 'TwilioVerifySNA' from project 'TwilioVerifySNA')
	EmitSwiftModule normal arm64 (in target 'TwilioVerifySNA' from project 'TwilioVerifySNA')
	Building workspace spi-builder-workspace with scheme TwilioVerifySNA
(3 failures)
BUILD FAILURE 6.2 tvOS