Build Information
Failed to build MenuBuilder, reference main (ba0202), with Swift 6.4 for watchOS using Xcode 27.0 on 19 Sep 2026 01:13:09 UTC.
Build Command
env DEVELOPER_DIR=/Applications/Xcode-27.0.0-Release.Candidate.app xcrun xcodebuild -IDEClonedSourcePackagesDirPathOverride=$PWD/.dependencies -skipMacroValidation -skipPackagePluginValidation -derivedDataPath $PWD/.derivedData build -scheme MenuBuilder -destination generic/platform=watchOSBuild Log
========================================
RunAll
========================================
Builder version: 5.1.0
Interrupt handler set up.
========================================
Checkout
========================================
Clone URL: https://github.com/j-f1/MenuBuilder.git
Reference: main
Initialized empty Git repository in /Users/admin/builder/spi-builder-workspace/.git/
From https://github.com/j-f1/MenuBuilder
* branch main -> FETCH_HEAD
* [new branch] main -> origin/main
HEAD is now at ba0202c v3.0.0 changelog
Cloned https://github.com/j-f1/MenuBuilder.git
Revision (git rev-parse @):
ba0202c5ff6d63f0fd7ec6b1da11a769eff15000
SUCCESS checkout https://github.com/j-f1/MenuBuilder.git at main
========================================
Build
========================================
Selected platform: watchOS
Swift version: 6.4
Building package at path: $PWD
https://github.com/j-f1/MenuBuilder.git
Command line invocation:
/Applications/Xcode-27.0.0-Release.Candidate.app/Contents/Developer/usr/bin/xcodebuild -IDEClonedSourcePackagesDirPathOverride=/Users/admin/builder/spi-builder-workspace/.dependencies -resolvePackageDependencies
Resolve Package Graph
Resolve Package Graph
Resolved source packages:
MenuBuilder: /Users/admin/builder/spi-builder-workspace
resolved source packages: MenuBuilder
{
"dependencies" : [
],
"manifest_display_name" : "MenuBuilder",
"name" : "MenuBuilder",
"path" : "/Users/admin/builder/spi-builder-workspace",
"platforms" : [
{
"name" : "macos",
"version" : "10.10"
}
],
"products" : [
{
"name" : "MenuBuilder",
"targets" : [
"MenuBuilder"
],
"type" : {
"library" : [
"automatic"
]
}
}
],
"targets" : [
{
"c99name" : "MenuBuilderTests",
"module_type" : "SwiftTarget",
"name" : "MenuBuilderTests",
"path" : "Tests/MenuBuilderTests",
"sources" : [
"MenuBuilderTests.swift",
"XCTestManifests.swift"
],
"target_dependencies" : [
"MenuBuilder"
],
"type" : "test"
},
{
"c99name" : "MenuBuilder",
"module_type" : "SwiftTarget",
"name" : "MenuBuilder",
"path" : "Sources/MenuBuilder",
"product_memberships" : [
"MenuBuilder"
],
"sources" : [
"AnyMenuItem.swift",
"CustomMenuItem.swift",
"IndentGroup.swift",
"MenuBuilder.swift",
"MenuInvoker.swift",
"MenuItem.swift",
"MenuItemView.swift",
"SeparatorItem.swift"
],
"type" : "library"
}
],
"tools_version" : "5.5"
}
{
"workspace" : {
"name" : "MenuBuilder",
"schemes" : [
"MenuBuilder",
"MenuBuilder Demo"
]
}
}
{
"workspace" : {
"name" : "MenuBuilder",
"schemes" : [
"MenuBuilder"
]
}
}
2026-09-18 21:13:00.502 xcodebuild[629:4021] [MT] IDERunDestination: Supported platforms for the buildables in the current scheme is empty.
Running build ...
env DEVELOPER_DIR=/Applications/Xcode-27.0.0-Release.Candidate.app xcrun xcodebuild -IDEClonedSourcePackagesDirPathOverride=$PWD/.dependencies -skipMacroValidation -skipPackagePluginValidation -derivedDataPath $PWD/.derivedData build -scheme MenuBuilder -destination generic/platform=watchOS
Command line invocation:
/Applications/Xcode-27.0.0-Release.Candidate.app/Contents/Developer/usr/bin/xcodebuild -IDEClonedSourcePackagesDirPathOverride=/Users/admin/builder/spi-builder-workspace/.dependencies -skipMacroValidation -skipPackagePluginValidation -derivedDataPath /Users/admin/builder/spi-builder-workspace/.derivedData build -scheme MenuBuilder -destination generic/platform=watchOS
Resolve Package Graph
Resolved source packages:
MenuBuilder: /Users/admin/builder/spi-builder-workspace
ComputePackagePrebuildTargetDependencyGraph
Prepare packages
CreateBuildRequest
SendProjectDescription
CreateBuildOperation
ComputeTargetDependencyGraph
note: Building targets in dependency order
note: Target dependency graph (2 targets)
Target 'MenuBuilder-product' in project 'MenuBuilder'
➜ Explicit dependency on target 'MenuBuilder' in project 'MenuBuilder'
Target 'MenuBuilder' in project 'MenuBuilder' (no dependencies)
GatherProvisioningInputs
CreateBuildDescription
ExecuteExternalTool /Applications/Xcode-27.0.0-Release.Candidate.app/Contents/Developer/Toolchains/XcodeDefault.xctoolchain/usr/bin/clang -v -E -dM -isysroot /Applications/Xcode-27.0.0-Release.Candidate.app/Contents/Developer/Platforms/WatchOS.platform/Developer/SDKs/WatchOS27.0.sdk -x c -c /dev/null
ExecuteExternalTool /Applications/Xcode-27.0.0-Release.Candidate.app/Contents/Developer/Toolchains/XcodeDefault.xctoolchain/usr/bin/swiftc --version
ExecuteExternalTool /Applications/Xcode-27.0.0-Release.Candidate.app/Contents/Developer/Toolchains/XcodeDefault.xctoolchain/usr/bin/ld -version_details
ReadFileContents /Applications/Xcode-27.0.0-Release.Candidate.app/Contents/Developer/Toolchains/XcodeDefault.xctoolchain/usr/share/docc/features.json
Build description signature: cf4f9949f3f51b069f00c26e2dea7e4d
Build description path: /Users/admin/builder/spi-builder-workspace/.derivedData/Build/Intermediates.noindex/XCBuildData/cf4f9949f3f51b069f00c26e2dea7e4d.xcbuilddata
CreateBuildDirectory /Users/admin/builder/spi-builder-workspace/.derivedData/SDKExplicitPrecompiledModules
cd /Users/admin/builder/spi-builder-workspace/.swiftpm/xcode
builtin-create-build-directory /Users/admin/builder/spi-builder-workspace/.derivedData/SDKExplicitPrecompiledModules
CreateBuildDirectory /Users/admin/builder/spi-builder-workspace/.derivedData/ModuleCache.noindex
cd /Users/admin/builder/spi-builder-workspace/.swiftpm/xcode
builtin-create-build-directory /Users/admin/builder/spi-builder-workspace/.derivedData/ModuleCache.noindex
CreateBuildDirectory /Users/admin/builder/spi-builder-workspace/.derivedData/CompilationCache.noindex
cd /Users/admin/builder/spi-builder-workspace/.swiftpm/xcode
builtin-create-build-directory /Users/admin/builder/spi-builder-workspace/.derivedData/CompilationCache.noindex
CreateBuildDirectory /Users/admin/builder/spi-builder-workspace/.derivedData/Build/Intermediates.noindex
cd /Users/admin/builder/spi-builder-workspace/.swiftpm/xcode
builtin-create-build-directory /Users/admin/builder/spi-builder-workspace/.derivedData/Build/Intermediates.noindex
CreateBuildDirectory /Users/admin/builder/spi-builder-workspace/.derivedData/Build/Products
cd /Users/admin/builder/spi-builder-workspace/.swiftpm/xcode
builtin-create-build-directory /Users/admin/builder/spi-builder-workspace/.derivedData/Build/Products
ClangStatCache /Applications/Xcode-27.0.0-Release.Candidate.app/Contents/Developer/Toolchains/XcodeDefault.xctoolchain/usr/bin/clang-stat-cache /Applications/Xcode-27.0.0-Release.Candidate.app/Contents/Developer/Platforms/WatchOS.platform/Developer/SDKs/WatchOS27.0.sdk /Users/admin/builder/spi-builder-workspace/.derivedData/SDKStatCaches.noindex/watchos27.0-24R360-e829b21a6f8c9b70876ba0858053c04477534ef55a1706bf4c1112bbb242f0a2.sdkstatcache
cd /Users/admin/builder/spi-builder-workspace/.swiftpm/xcode
/Applications/Xcode-27.0.0-Release.Candidate.app/Contents/Developer/Toolchains/XcodeDefault.xctoolchain/usr/bin/clang-stat-cache /Applications/Xcode-27.0.0-Release.Candidate.app/Contents/Developer/Platforms/WatchOS.platform/Developer/SDKs/WatchOS27.0.sdk -o /Users/admin/builder/spi-builder-workspace/.derivedData/SDKStatCaches.noindex/watchos27.0-24R360-e829b21a6f8c9b70876ba0858053c04477534ef55a1706bf4c1112bbb242f0a2.sdkstatcache
CreateBuildDirectory /Users/admin/builder/spi-builder-workspace/.derivedData/Build/Intermediates.noindex/PrecompiledHeaders
cd /Users/admin/builder/spi-builder-workspace/.swiftpm/xcode
builtin-create-build-directory /Users/admin/builder/spi-builder-workspace/.derivedData/Build/Intermediates.noindex/PrecompiledHeaders
CreateBuildDirectory /Users/admin/builder/spi-builder-workspace/.derivedData/Build/Products/Debug-watchos
cd /Users/admin/builder/spi-builder-workspace/.swiftpm/xcode
builtin-create-build-directory /Users/admin/builder/spi-builder-workspace/.derivedData/Build/Products/Debug-watchos
CreateBuildDirectory /Users/admin/builder/spi-builder-workspace/.derivedData/Build/Intermediates.noindex/SwiftExplicitPrecompiledModules
cd /Users/admin/builder/spi-builder-workspace/.swiftpm/xcode
builtin-create-build-directory /Users/admin/builder/spi-builder-workspace/.derivedData/Build/Intermediates.noindex/SwiftExplicitPrecompiledModules
CreateBuildDirectory /Users/admin/builder/spi-builder-workspace/.derivedData/Build/Intermediates.noindex/ExplicitPrecompiledModules
cd /Users/admin/builder/spi-builder-workspace/.swiftpm/xcode
builtin-create-build-directory /Users/admin/builder/spi-builder-workspace/.derivedData/Build/Intermediates.noindex/ExplicitPrecompiledModules
CreateBuildDirectory /Users/admin/builder/spi-builder-workspace/.derivedData/Build/Intermediates.noindex/EagerLinkingTBDs/Debug-watchos
cd /Users/admin/builder/spi-builder-workspace/.swiftpm/xcode
builtin-create-build-directory /Users/admin/builder/spi-builder-workspace/.derivedData/Build/Intermediates.noindex/EagerLinkingTBDs/Debug-watchos
CreateBuildDirectory /Users/admin/builder/spi-builder-workspace/.derivedData/Build/Products/Debug-watchos/PackageFrameworks
cd /Users/admin/builder/spi-builder-workspace/.swiftpm/xcode
builtin-create-build-directory /Users/admin/builder/spi-builder-workspace/.derivedData/Build/Products/Debug-watchos/PackageFrameworks
WriteAuxiliaryFile /Users/admin/builder/spi-builder-workspace/.derivedData/Build/Intermediates.noindex/MenuBuilder.build/Debug-watchos/MenuBuilder-t.build/MenuBuilder.modulemap (in target 'MenuBuilder' from project 'MenuBuilder')
cd /Users/admin/builder/spi-builder-workspace
write-file /Users/admin/builder/spi-builder-workspace/.derivedData/Build/Intermediates.noindex/MenuBuilder.build/Debug-watchos/MenuBuilder-t.build/MenuBuilder.modulemap
WriteAuxiliaryFile /Users/admin/builder/spi-builder-workspace/.derivedData/Build/Intermediates.noindex/MenuBuilder.build/Debug-watchos/MenuBuilder-t.build/Objects-normal/arm64_32/MenuBuilder-OutputFileMap.json (in target 'MenuBuilder' from project 'MenuBuilder')
cd /Users/admin/builder/spi-builder-workspace
write-file /Users/admin/builder/spi-builder-workspace/.derivedData/Build/Intermediates.noindex/MenuBuilder.build/Debug-watchos/MenuBuilder-t.build/Objects-normal/arm64_32/MenuBuilder-OutputFileMap.json
WriteAuxiliaryFile /Users/admin/builder/spi-builder-workspace/.derivedData/Build/Intermediates.noindex/MenuBuilder.build/Debug-watchos/MenuBuilder-t.build/Objects-normal/arm64_32/MenuBuilder.LinkFileList (in target 'MenuBuilder' from project 'MenuBuilder')
cd /Users/admin/builder/spi-builder-workspace
write-file /Users/admin/builder/spi-builder-workspace/.derivedData/Build/Intermediates.noindex/MenuBuilder.build/Debug-watchos/MenuBuilder-t.build/Objects-normal/arm64_32/MenuBuilder.LinkFileList
WriteAuxiliaryFile /Users/admin/builder/spi-builder-workspace/.derivedData/Build/Intermediates.noindex/MenuBuilder.build/Debug-watchos/MenuBuilder-t.build/Objects-normal/arm64/MenuBuilder_const_extract_protocols.json (in target 'MenuBuilder' from project 'MenuBuilder')
cd /Users/admin/builder/spi-builder-workspace
write-file /Users/admin/builder/spi-builder-workspace/.derivedData/Build/Intermediates.noindex/MenuBuilder.build/Debug-watchos/MenuBuilder-t.build/Objects-normal/arm64/MenuBuilder_const_extract_protocols.json
WriteAuxiliaryFile /Users/admin/builder/spi-builder-workspace/.derivedData/Build/Intermediates.noindex/MenuBuilder.build/Debug-watchos/MenuBuilder-t.build/Objects-normal/arm64/MenuBuilder.LinkFileList (in target 'MenuBuilder' from project 'MenuBuilder')
cd /Users/admin/builder/spi-builder-workspace
write-file /Users/admin/builder/spi-builder-workspace/.derivedData/Build/Intermediates.noindex/MenuBuilder.build/Debug-watchos/MenuBuilder-t.build/Objects-normal/arm64/MenuBuilder.LinkFileList
WriteAuxiliaryFile /Users/admin/builder/spi-builder-workspace/.derivedData/Build/Intermediates.noindex/MenuBuilder.build/Debug-watchos/MenuBuilder-t.build/Objects-normal/arm64_32/MenuBuilder.SwiftFileList (in target 'MenuBuilder' from project 'MenuBuilder')
cd /Users/admin/builder/spi-builder-workspace
write-file /Users/admin/builder/spi-builder-workspace/.derivedData/Build/Intermediates.noindex/MenuBuilder.build/Debug-watchos/MenuBuilder-t.build/Objects-normal/arm64_32/MenuBuilder.SwiftFileList
WriteAuxiliaryFile /Users/admin/builder/spi-builder-workspace/.derivedData/Build/Intermediates.noindex/MenuBuilder.build/Debug-watchos/MenuBuilder-t.build/Objects-normal/arm64/MenuBuilder-OutputFileMap.json (in target 'MenuBuilder' from project 'MenuBuilder')
cd /Users/admin/builder/spi-builder-workspace
write-file /Users/admin/builder/spi-builder-workspace/.derivedData/Build/Intermediates.noindex/MenuBuilder.build/Debug-watchos/MenuBuilder-t.build/Objects-normal/arm64/MenuBuilder-OutputFileMap.json
WriteAuxiliaryFile /Users/admin/builder/spi-builder-workspace/.derivedData/Build/Intermediates.noindex/MenuBuilder.build/Debug-watchos/MenuBuilder-t.build/Objects-normal/arm64_32/MenuBuilder.SwiftConstValuesFileList (in target 'MenuBuilder' from project 'MenuBuilder')
cd /Users/admin/builder/spi-builder-workspace
write-file /Users/admin/builder/spi-builder-workspace/.derivedData/Build/Intermediates.noindex/MenuBuilder.build/Debug-watchos/MenuBuilder-t.build/Objects-normal/arm64_32/MenuBuilder.SwiftConstValuesFileList
WriteAuxiliaryFile /Users/admin/builder/spi-builder-workspace/.derivedData/Build/Intermediates.noindex/MenuBuilder.build/Debug-watchos/MenuBuilder-t.build/Objects-normal/arm64_32/MenuBuilder_const_extract_protocols.json (in target 'MenuBuilder' from project 'MenuBuilder')
cd /Users/admin/builder/spi-builder-workspace
write-file /Users/admin/builder/spi-builder-workspace/.derivedData/Build/Intermediates.noindex/MenuBuilder.build/Debug-watchos/MenuBuilder-t.build/Objects-normal/arm64_32/MenuBuilder_const_extract_protocols.json
WriteAuxiliaryFile /Users/admin/builder/spi-builder-workspace/.derivedData/Build/Intermediates.noindex/MenuBuilder.build/Debug-watchos/MenuBuilder-t.build/Objects-normal/arm64/MenuBuilder.SwiftFileList (in target 'MenuBuilder' from project 'MenuBuilder')
cd /Users/admin/builder/spi-builder-workspace
write-file /Users/admin/builder/spi-builder-workspace/.derivedData/Build/Intermediates.noindex/MenuBuilder.build/Debug-watchos/MenuBuilder-t.build/Objects-normal/arm64/MenuBuilder.SwiftFileList
WriteAuxiliaryFile /Users/admin/builder/spi-builder-workspace/.derivedData/Build/Intermediates.noindex/MenuBuilder.build/Debug-watchos/MenuBuilder-t.build/Objects-normal/arm64/MenuBuilder.SwiftConstValuesFileList (in target 'MenuBuilder' from project 'MenuBuilder')
cd /Users/admin/builder/spi-builder-workspace
write-file /Users/admin/builder/spi-builder-workspace/.derivedData/Build/Intermediates.noindex/MenuBuilder.build/Debug-watchos/MenuBuilder-t.build/Objects-normal/arm64/MenuBuilder.SwiftConstValuesFileList
WriteAuxiliaryFile /Users/admin/builder/spi-builder-workspace/.derivedData/Build/Intermediates.noindex/MenuBuilder.build/Debug-watchos/MenuBuilder-t.build/MenuBuilder.DependencyStaticMetadataFileList (in target 'MenuBuilder' from project 'MenuBuilder')
cd /Users/admin/builder/spi-builder-workspace
write-file /Users/admin/builder/spi-builder-workspace/.derivedData/Build/Intermediates.noindex/MenuBuilder.build/Debug-watchos/MenuBuilder-t.build/MenuBuilder.DependencyStaticMetadataFileList
WriteAuxiliaryFile /Users/admin/builder/spi-builder-workspace/.derivedData/Build/Intermediates.noindex/MenuBuilder.build/Debug-watchos/MenuBuilder-t.build/MenuBuilder.DependencyMetadataFileList (in target 'MenuBuilder' from project 'MenuBuilder')
cd /Users/admin/builder/spi-builder-workspace
write-file /Users/admin/builder/spi-builder-workspace/.derivedData/Build/Intermediates.noindex/MenuBuilder.build/Debug-watchos/MenuBuilder-t.build/MenuBuilder.DependencyMetadataFileList
Copy /Users/admin/builder/spi-builder-workspace/.derivedData/Build/Intermediates.noindex/GeneratedModuleMaps-watchos/MenuBuilder.modulemap /Users/admin/builder/spi-builder-workspace/.derivedData/Build/Intermediates.noindex/MenuBuilder.build/Debug-watchos/MenuBuilder-t.build/MenuBuilder.modulemap (in target 'MenuBuilder' from project 'MenuBuilder')
cd /Users/admin/builder/spi-builder-workspace
builtin-copy -exclude .DS_Store -exclude CVS -exclude .svn -exclude .git -exclude .hg -resolve-src-symlinks /Users/admin/builder/spi-builder-workspace/.derivedData/Build/Intermediates.noindex/MenuBuilder.build/Debug-watchos/MenuBuilder-t.build/MenuBuilder.modulemap /Users/admin/builder/spi-builder-workspace/.derivedData/Build/Intermediates.noindex/GeneratedModuleMaps-watchos
SwiftDriver MenuBuilder normal arm64 com.apple.xcode.tools.swift.compiler (in target 'MenuBuilder' from project 'MenuBuilder')
cd /Users/admin/builder/spi-builder-workspace/.swiftpm/xcode
builtin-SwiftDriver -- /Applications/Xcode-27.0.0-Release.Candidate.app/Contents/Developer/Toolchains/XcodeDefault.xctoolchain/usr/bin/swiftc -parse-as-library -module-name MenuBuilder -Onone @/Users/admin/builder/spi-builder-workspace/.derivedData/Build/Intermediates.noindex/MenuBuilder.build/Debug-watchos/MenuBuilder-t.build/Objects-normal/arm64/MenuBuilder.SwiftFileList -DSWIFT_PACKAGE -DDEBUG -DSWIFT_MODULE_RESOURCE_BUNDLE_UNAVAILABLE -DXcode -plugin-path /Applications/Xcode-27.0.0-Release.Candidate.app/Contents/Developer/Toolchains/XcodeDefault.xctoolchain/usr/lib/swift/host/plugins/testing -enable-experimental-feature DebugDescriptionMacro -sdk /Applications/Xcode-27.0.0-Release.Candidate.app/Contents/Developer/Platforms/WatchOS.platform/Developer/SDKs/WatchOS27.0.sdk -target arm64-apple-watchos9.0 -g -module-cache-path /Users/admin/builder/spi-builder-workspace/.derivedData/ModuleCache.noindex -Xfrontend -serialize-debugging-options -profile-coverage-mapping -profile-generate -enable-testing -index-store-path /Users/admin/builder/spi-builder-workspace/.derivedData/Index.noindex/DataStore -Xcc -D_LIBCPP_HARDENING_MODE\=_LIBCPP_HARDENING_MODE_DEBUG -swift-version 5 -I /Users/admin/builder/spi-builder-workspace/.derivedData/Build/Products/Debug-watchos -Isystem /Applications/Xcode-27.0.0-Release.Candidate.app/Contents/Developer/Platforms/WatchOS.platform/Developer/usr/lib -F /Users/admin/builder/spi-builder-workspace/.derivedData/Build/Products/Debug-watchos -F /Applications/Xcode-27.0.0-Release.Candidate.app/Contents/Developer/Platforms/WatchOS.platform/Developer/Library/Frameworks -F /Applications/Xcode-27.0.0-Release.Candidate.app/Contents/Developer/Platforms/WatchOS.platform/Developer/SDKs/WatchOS27.0.sdk/Developer/Library/Frameworks -c -j10 -enable-batch-mode -incremental -Xcc -ivfsstatcache -Xcc /Users/admin/builder/spi-builder-workspace/.derivedData/SDKStatCaches.noindex/watchos27.0-24R360-e829b21a6f8c9b70876ba0858053c04477534ef55a1706bf4c1112bbb242f0a2.sdkstatcache -output-file-map /Users/admin/builder/spi-builder-workspace/.derivedData/Build/Intermediates.noindex/MenuBuilder.build/Debug-watchos/MenuBuilder-t.build/Objects-normal/arm64/MenuBuilder-OutputFileMap.json -save-temps -no-color-diagnostics -explicit-module-build -module-cache-path /Users/admin/builder/spi-builder-workspace/.derivedData/Build/Intermediates.noindex/SwiftExplicitPrecompiledModules -clang-scanner-module-cache-path /Users/admin/builder/spi-builder-workspace/.derivedData/ModuleCache.noindex -sdk-module-cache-path /Users/admin/builder/spi-builder-workspace/.derivedData/SDKExplicitPrecompiledModules -emit-dependencies -emit-module -emit-module-path /Users/admin/builder/spi-builder-workspace/.derivedData/Build/Intermediates.noindex/MenuBuilder.build/Debug-watchos/MenuBuilder-t.build/Objects-normal/arm64/MenuBuilder.swiftmodule -serialize-diagnostics -dependency-scan-serialize-diagnostics-path /Users/admin/builder/spi-builder-workspace/.derivedData/Build/Intermediates.noindex/MenuBuilder.build/Debug-watchos/MenuBuilder-t.build/Objects-normal/arm64/MenuBuilder-dependency-scan.dia -validate-clang-modules-once -clang-build-session-file /Users/admin/builder/spi-builder-workspace/.derivedData/ModuleCache.noindex/Session.modulevalidation -Xcc -fmodules-prune-interval\=86400 -Xcc -fmodules-prune-after\=345600 -emit-const-values -const-gather-protocols-list /Users/admin/builder/spi-builder-workspace/.derivedData/Build/Intermediates.noindex/MenuBuilder.build/Debug-watchos/MenuBuilder-t.build/Objects-normal/arm64/MenuBuilder_const_extract_protocols.json -Xcc -I/Users/admin/builder/spi-builder-workspace/.derivedData/Build/Products/Debug-watchos/include -Xcc -I/Users/admin/builder/spi-builder-workspace/.derivedData/Build/Intermediates.noindex/MenuBuilder.build/Debug-watchos/MenuBuilder-t.build/DerivedSources-normal/arm64 -Xcc -I/Users/admin/builder/spi-builder-workspace/.derivedData/Build/Intermediates.noindex/MenuBuilder.build/Debug-watchos/MenuBuilder-t.build/DerivedSources/arm64 -Xcc -I/Users/admin/builder/spi-builder-workspace/.derivedData/Build/Intermediates.noindex/MenuBuilder.build/Debug-watchos/MenuBuilder-t.build/DerivedSources -Xcc -DSWIFT_PACKAGE -Xcc -DDEBUG\=1 -emit-objc-header -emit-objc-header-path /Users/admin/builder/spi-builder-workspace/.derivedData/Build/Intermediates.noindex/MenuBuilder.build/Debug-watchos/MenuBuilder-t.build/Objects-normal/arm64/MenuBuilder-Swift.h -working-directory /Users/admin/builder/spi-builder-workspace/.swiftpm/xcode -experimental-emit-module-separately -disable-cmo
/Users/admin/builder/spi-builder-workspace/Sources/MenuBuilder/AnyMenuItem.swift:1:8: error: Unable to resolve module dependency: 'Cocoa' (in target 'MenuBuilder' from project 'MenuBuilder')
note: A dependency of main module 'MenuBuilder'
/Users/admin/builder/spi-builder-workspace/Sources/MenuBuilder/CustomMenuItem.swift:1:8: note: Also imported here
/Users/admin/builder/spi-builder-workspace/Sources/MenuBuilder/IndentGroup.swift:8:8: note: Also imported here
/Users/admin/builder/spi-builder-workspace/Sources/MenuBuilder/MenuBuilder.swift:1:8: note: Also imported here
/Users/admin/builder/spi-builder-workspace/Sources/MenuBuilder/MenuInvoker.swift:1:8: note: Also imported here
/Users/admin/builder/spi-builder-workspace/Sources/MenuBuilder/MenuItem.swift:1:8: note: Also imported here
/Users/admin/builder/spi-builder-workspace/Sources/MenuBuilder/MenuItemView.swift:2:8: note: Also imported here
/Users/admin/builder/spi-builder-workspace/Sources/MenuBuilder/SeparatorItem.swift:1:8: note: Also imported here
/Users/admin/builder/spi-builder-workspace/Sources/MenuBuilder/AnyMenuItem.swift:1:8: note: A dependency of main module 'MenuBuilder'
import Cocoa
^ (in target 'MenuBuilder' from project 'MenuBuilder')
/Users/admin/builder/spi-builder-workspace/Sources/MenuBuilder/CustomMenuItem.swift:1:8: note: Also imported here
import Cocoa
^ (in target 'MenuBuilder' from project 'MenuBuilder')
/Users/admin/builder/spi-builder-workspace/Sources/MenuBuilder/IndentGroup.swift:8:8: note: Also imported here
import Cocoa
^ (in target 'MenuBuilder' from project 'MenuBuilder')
/Users/admin/builder/spi-builder-workspace/Sources/MenuBuilder/MenuBuilder.swift:1:8: note: Also imported here
import Cocoa
^ (in target 'MenuBuilder' from project 'MenuBuilder')
/Users/admin/builder/spi-builder-workspace/Sources/MenuBuilder/MenuInvoker.swift:1:8: note: Also imported here
import Cocoa
^ (in target 'MenuBuilder' from project 'MenuBuilder')
/Users/admin/builder/spi-builder-workspace/Sources/MenuBuilder/MenuItem.swift:1:8: note: Also imported here
import Cocoa
^ (in target 'MenuBuilder' from project 'MenuBuilder')
/Users/admin/builder/spi-builder-workspace/Sources/MenuBuilder/MenuItemView.swift:2:8: note: Also imported here
import Cocoa
^ (in target 'MenuBuilder' from project 'MenuBuilder')
/Users/admin/builder/spi-builder-workspace/Sources/MenuBuilder/SeparatorItem.swift:1:8: note: Also imported here
import Cocoa
^ (in target 'MenuBuilder' from project 'MenuBuilder')
SwiftDriver MenuBuilder normal arm64_32 com.apple.xcode.tools.swift.compiler (in target 'MenuBuilder' from project 'MenuBuilder')
cd /Users/admin/builder/spi-builder-workspace/.swiftpm/xcode
builtin-SwiftDriver -- /Applications/Xcode-27.0.0-Release.Candidate.app/Contents/Developer/Toolchains/XcodeDefault.xctoolchain/usr/bin/swiftc -parse-as-library -module-name MenuBuilder -Onone @/Users/admin/builder/spi-builder-workspace/.derivedData/Build/Intermediates.noindex/MenuBuilder.build/Debug-watchos/MenuBuilder-t.build/Objects-normal/arm64_32/MenuBuilder.SwiftFileList -DSWIFT_PACKAGE -DDEBUG -DSWIFT_MODULE_RESOURCE_BUNDLE_UNAVAILABLE -DXcode -plugin-path /Applications/Xcode-27.0.0-Release.Candidate.app/Contents/Developer/Toolchains/XcodeDefault.xctoolchain/usr/lib/swift/host/plugins/testing -enable-experimental-feature DebugDescriptionMacro -sdk /Applications/Xcode-27.0.0-Release.Candidate.app/Contents/Developer/Platforms/WatchOS.platform/Developer/SDKs/WatchOS27.0.sdk -target arm64_32-apple-watchos9.0 -g -module-cache-path /Users/admin/builder/spi-builder-workspace/.derivedData/ModuleCache.noindex -Xfrontend -serialize-debugging-options -profile-coverage-mapping -profile-generate -enable-testing -index-store-path /Users/admin/builder/spi-builder-workspace/.derivedData/Index.noindex/DataStore -Xcc -D_LIBCPP_HARDENING_MODE\=_LIBCPP_HARDENING_MODE_DEBUG -swift-version 5 -I /Users/admin/builder/spi-builder-workspace/.derivedData/Build/Products/Debug-watchos -Isystem /Applications/Xcode-27.0.0-Release.Candidate.app/Contents/Developer/Platforms/WatchOS.platform/Developer/usr/lib -F /Users/admin/builder/spi-builder-workspace/.derivedData/Build/Products/Debug-watchos -F /Applications/Xcode-27.0.0-Release.Candidate.app/Contents/Developer/Platforms/WatchOS.platform/Developer/Library/Frameworks -F /Applications/Xcode-27.0.0-Release.Candidate.app/Contents/Developer/Platforms/WatchOS.platform/Developer/SDKs/WatchOS27.0.sdk/Developer/Library/Frameworks -c -j10 -enable-batch-mode -incremental -Xcc -ivfsstatcache -Xcc /Users/admin/builder/spi-builder-workspace/.derivedData/SDKStatCaches.noindex/watchos27.0-24R360-e829b21a6f8c9b70876ba0858053c04477534ef55a1706bf4c1112bbb242f0a2.sdkstatcache -output-file-map /Users/admin/builder/spi-builder-workspace/.derivedData/Build/Intermediates.noindex/MenuBuilder.build/Debug-watchos/MenuBuilder-t.build/Objects-normal/arm64_32/MenuBuilder-OutputFileMap.json -save-temps -no-color-diagnostics -explicit-module-build -module-cache-path /Users/admin/builder/spi-builder-workspace/.derivedData/Build/Intermediates.noindex/SwiftExplicitPrecompiledModules -clang-scanner-module-cache-path /Users/admin/builder/spi-builder-workspace/.derivedData/ModuleCache.noindex -sdk-module-cache-path /Users/admin/builder/spi-builder-workspace/.derivedData/SDKExplicitPrecompiledModules -emit-dependencies -emit-module -emit-module-path /Users/admin/builder/spi-builder-workspace/.derivedData/Build/Intermediates.noindex/MenuBuilder.build/Debug-watchos/MenuBuilder-t.build/Objects-normal/arm64_32/MenuBuilder.swiftmodule -serialize-diagnostics -dependency-scan-serialize-diagnostics-path /Users/admin/builder/spi-builder-workspace/.derivedData/Build/Intermediates.noindex/MenuBuilder.build/Debug-watchos/MenuBuilder-t.build/Objects-normal/arm64_32/MenuBuilder-dependency-scan.dia -validate-clang-modules-once -clang-build-session-file /Users/admin/builder/spi-builder-workspace/.derivedData/ModuleCache.noindex/Session.modulevalidation -Xcc -fmodules-prune-interval\=86400 -Xcc -fmodules-prune-after\=345600 -emit-const-values -const-gather-protocols-list /Users/admin/builder/spi-builder-workspace/.derivedData/Build/Intermediates.noindex/MenuBuilder.build/Debug-watchos/MenuBuilder-t.build/Objects-normal/arm64_32/MenuBuilder_const_extract_protocols.json -Xcc -I/Users/admin/builder/spi-builder-workspace/.derivedData/Build/Products/Debug-watchos/include -Xcc -I/Users/admin/builder/spi-builder-workspace/.derivedData/Build/Intermediates.noindex/MenuBuilder.build/Debug-watchos/MenuBuilder-t.build/DerivedSources-normal/arm64_32 -Xcc -I/Users/admin/builder/spi-builder-workspace/.derivedData/Build/Intermediates.noindex/MenuBuilder.build/Debug-watchos/MenuBuilder-t.build/DerivedSources/arm64_32 -Xcc -I/Users/admin/builder/spi-builder-workspace/.derivedData/Build/Intermediates.noindex/MenuBuilder.build/Debug-watchos/MenuBuilder-t.build/DerivedSources -Xcc -DSWIFT_PACKAGE -Xcc -DDEBUG\=1 -emit-objc-header -emit-objc-header-path /Users/admin/builder/spi-builder-workspace/.derivedData/Build/Intermediates.noindex/MenuBuilder.build/Debug-watchos/MenuBuilder-t.build/Objects-normal/arm64_32/MenuBuilder-Swift.h -working-directory /Users/admin/builder/spi-builder-workspace/.swiftpm/xcode -experimental-emit-module-separately -disable-cmo
/Users/admin/builder/spi-builder-workspace/Sources/MenuBuilder/AnyMenuItem.swift:1:8: error: Unable to resolve module dependency: 'Cocoa' (in target 'MenuBuilder' from project 'MenuBuilder')
note: A dependency of main module 'MenuBuilder'
/Users/admin/builder/spi-builder-workspace/Sources/MenuBuilder/CustomMenuItem.swift:1:8: note: Also imported here
/Users/admin/builder/spi-builder-workspace/Sources/MenuBuilder/IndentGroup.swift:8:8: note: Also imported here
/Users/admin/builder/spi-builder-workspace/Sources/MenuBuilder/MenuBuilder.swift:1:8: note: Also imported here
/Users/admin/builder/spi-builder-workspace/Sources/MenuBuilder/MenuInvoker.swift:1:8: note: Also imported here
/Users/admin/builder/spi-builder-workspace/Sources/MenuBuilder/MenuItem.swift:1:8: note: Also imported here
/Users/admin/builder/spi-builder-workspace/Sources/MenuBuilder/MenuItemView.swift:2:8: note: Also imported here
/Users/admin/builder/spi-builder-workspace/Sources/MenuBuilder/SeparatorItem.swift:1:8: note: Also imported here
/Users/admin/builder/spi-builder-workspace/Sources/MenuBuilder/AnyMenuItem.swift:1:8: note: A dependency of main module 'MenuBuilder'
import Cocoa
^ (in target 'MenuBuilder' from project 'MenuBuilder')
/Users/admin/builder/spi-builder-workspace/Sources/MenuBuilder/CustomMenuItem.swift:1:8: note: Also imported here
import Cocoa
^ (in target 'MenuBuilder' from project 'MenuBuilder')
/Users/admin/builder/spi-builder-workspace/Sources/MenuBuilder/IndentGroup.swift:8:8: note: Also imported here
import Cocoa
^ (in target 'MenuBuilder' from project 'MenuBuilder')
/Users/admin/builder/spi-builder-workspace/Sources/MenuBuilder/MenuBuilder.swift:1:8: note: Also imported here
import Cocoa
^ (in target 'MenuBuilder' from project 'MenuBuilder')
/Users/admin/builder/spi-builder-workspace/Sources/MenuBuilder/MenuInvoker.swift:1:8: note: Also imported here
import Cocoa
^ (in target 'MenuBuilder' from project 'MenuBuilder')
/Users/admin/builder/spi-builder-workspace/Sources/MenuBuilder/MenuItem.swift:1:8: note: Also imported here
import Cocoa
^ (in target 'MenuBuilder' from project 'MenuBuilder')
/Users/admin/builder/spi-builder-workspace/Sources/MenuBuilder/MenuItemView.swift:2:8: note: Also imported here
import Cocoa
^ (in target 'MenuBuilder' from project 'MenuBuilder')
/Users/admin/builder/spi-builder-workspace/Sources/MenuBuilder/SeparatorItem.swift:1:8: note: Also imported here
import Cocoa
^ (in target 'MenuBuilder' from project 'MenuBuilder')
PruneExplicitPrecompiledModules /Users/admin/builder/spi-builder-workspace/.derivedData/SDKExplicitPrecompiledModules
PruneExplicitPrecompiledModules /Users/admin/builder/spi-builder-workspace/.derivedData/Build/Intermediates.noindex/ExplicitPrecompiledModules
PruneExplicitPrecompiledModules /Users/admin/builder/spi-builder-workspace/.derivedData/Build/Intermediates.noindex/SwiftExplicitPrecompiledModules
2026-09-18 21:13:02.092 xcodebuild[653:4233] [MT] IDERunDestination: Supported platforms for the buildables in the current scheme is empty.
** BUILD FAILED **
The following build commands failed:
SwiftDriver MenuBuilder normal arm64 com.apple.xcode.tools.swift.compiler (in target 'MenuBuilder' from project 'MenuBuilder')
SwiftDriver MenuBuilder normal arm64_32 com.apple.xcode.tools.swift.compiler (in target 'MenuBuilder' from project 'MenuBuilder')
Building workspace MenuBuilder with scheme MenuBuilder
(3 failures)
Command line invocation:
/Applications/Xcode-27.0.0-Release.Candidate.app/Contents/Developer/usr/bin/xcodebuild -IDEClonedSourcePackagesDirPathOverride=/Users/admin/builder/spi-builder-workspace/.dependencies -resolvePackageDependencies
Resolve Package Graph
Resolved source packages:
MenuBuilder: /Users/admin/builder/spi-builder-workspace
resolved source packages: MenuBuilder
2026-09-18 21:13:06.174 xcodebuild[668:4487] [MT] IDERunDestination: Supported platforms for the buildables in the current scheme is empty.
{
"dependencies" : [
],
"manifest_display_name" : "MenuBuilder",
"name" : "MenuBuilder",
"path" : "/Users/admin/builder/spi-builder-workspace",
"platforms" : [
{
"name" : "macos",
"version" : "10.10"
}
],
"products" : [
{
"name" : "MenuBuilder",
"targets" : [
"MenuBuilder"
],
"type" : {
"library" : [
"automatic"
]
}
}
],
"targets" : [
{
"c99name" : "MenuBuilderTests",
"module_type" : "SwiftTarget",
"name" : "MenuBuilderTests",
"path" : "Tests/MenuBuilderTests",
"sources" : [
"MenuBuilderTests.swift",
"XCTestManifests.swift"
],
"target_dependencies" : [
"MenuBuilder"
],
"type" : "test"
},
{
"c99name" : "MenuBuilder",
"module_type" : "SwiftTarget",
"name" : "MenuBuilder",
"path" : "Sources/MenuBuilder",
"product_memberships" : [
"MenuBuilder"
],
"sources" : [
"AnyMenuItem.swift",
"CustomMenuItem.swift",
"IndentGroup.swift",
"MenuBuilder.swift",
"MenuInvoker.swift",
"MenuItem.swift",
"MenuItemView.swift",
"SeparatorItem.swift"
],
"type" : "library"
}
],
"tools_version" : "5.5"
}
{
"workspace" : {
"name" : "MenuBuilder",
"schemes" : [
"MenuBuilder"
]
}
}
2026-09-18 21:13:07.483 xcodebuild[676:4543] [MT] IDERunDestination: Supported platforms for the buildables in the current scheme is empty.
Running build ...
env DEVELOPER_DIR=/Applications/Xcode-27.0.0-Release.Candidate.app xcrun xcodebuild -IDEClonedSourcePackagesDirPathOverride=$PWD/.dependencies -skipMacroValidation -skipPackagePluginValidation -derivedDataPath $PWD/.derivedData build -scheme MenuBuilder -destination generic/platform=watchOS
Command line invocation:
/Applications/Xcode-27.0.0-Release.Candidate.app/Contents/Developer/usr/bin/xcodebuild -IDEClonedSourcePackagesDirPathOverride=/Users/admin/builder/spi-builder-workspace/.dependencies -skipMacroValidation -skipPackagePluginValidation -derivedDataPath /Users/admin/builder/spi-builder-workspace/.derivedData build -scheme MenuBuilder -destination generic/platform=watchOS
Resolve Package Graph
Resolved source packages:
MenuBuilder: /Users/admin/builder/spi-builder-workspace
ComputePackagePrebuildTargetDependencyGraph
Prepare packages
CreateBuildRequest
SendProjectDescription
CreateBuildOperation
ComputeTargetDependencyGraph
note: Building targets in dependency order
note: Target dependency graph (2 targets)
Target 'MenuBuilder-product' in project 'MenuBuilder'
➜ Explicit dependency on target 'MenuBuilder' in project 'MenuBuilder'
Target 'MenuBuilder' in project 'MenuBuilder' (no dependencies)
GatherProvisioningInputs
CreateBuildDescription
ClangStatCache /Applications/Xcode-27.0.0-Release.Candidate.app/Contents/Developer/Toolchains/XcodeDefault.xctoolchain/usr/bin/clang-stat-cache /Applications/Xcode-27.0.0-Release.Candidate.app/Contents/Developer/Platforms/WatchOS.platform/Developer/SDKs/WatchOS27.0.sdk /Users/admin/builder/spi-builder-workspace/.derivedData/SDKStatCaches.noindex/watchos27.0-24R360-e829b21a6f8c9b70876ba0858053c04477534ef55a1706bf4c1112bbb242f0a2.sdkstatcache
cd /Users/admin/builder/spi-builder-workspace/.swiftpm/xcode
/Applications/Xcode-27.0.0-Release.Candidate.app/Contents/Developer/Toolchains/XcodeDefault.xctoolchain/usr/bin/clang-stat-cache /Applications/Xcode-27.0.0-Release.Candidate.app/Contents/Developer/Platforms/WatchOS.platform/Developer/SDKs/WatchOS27.0.sdk -o /Users/admin/builder/spi-builder-workspace/.derivedData/SDKStatCaches.noindex/watchos27.0-24R360-e829b21a6f8c9b70876ba0858053c04477534ef55a1706bf4c1112bbb242f0a2.sdkstatcache
SwiftDriver MenuBuilder normal arm64_32 com.apple.xcode.tools.swift.compiler (in target 'MenuBuilder' from project 'MenuBuilder')
cd /Users/admin/builder/spi-builder-workspace/.swiftpm/xcode
builtin-SwiftDriver -- /Applications/Xcode-27.0.0-Release.Candidate.app/Contents/Developer/Toolchains/XcodeDefault.xctoolchain/usr/bin/swiftc -parse-as-library -module-name MenuBuilder -Onone @/Users/admin/builder/spi-builder-workspace/.derivedData/Build/Intermediates.noindex/MenuBuilder.build/Debug-watchos/MenuBuilder-t.build/Objects-normal/arm64_32/MenuBuilder.SwiftFileList -DSWIFT_PACKAGE -DDEBUG -DSWIFT_MODULE_RESOURCE_BUNDLE_UNAVAILABLE -DXcode -plugin-path /Applications/Xcode-27.0.0-Release.Candidate.app/Contents/Developer/Toolchains/XcodeDefault.xctoolchain/usr/lib/swift/host/plugins/testing -enable-experimental-feature DebugDescriptionMacro -sdk /Applications/Xcode-27.0.0-Release.Candidate.app/Contents/Developer/Platforms/WatchOS.platform/Developer/SDKs/WatchOS27.0.sdk -target arm64_32-apple-watchos9.0 -g -module-cache-path /Users/admin/builder/spi-builder-workspace/.derivedData/ModuleCache.noindex -Xfrontend -serialize-debugging-options -profile-coverage-mapping -profile-generate -enable-testing -index-store-path /Users/admin/builder/spi-builder-workspace/.derivedData/Index.noindex/DataStore -Xcc -D_LIBCPP_HARDENING_MODE\=_LIBCPP_HARDENING_MODE_DEBUG -swift-version 5 -I /Users/admin/builder/spi-builder-workspace/.derivedData/Build/Products/Debug-watchos -Isystem /Applications/Xcode-27.0.0-Release.Candidate.app/Contents/Developer/Platforms/WatchOS.platform/Developer/usr/lib -F /Users/admin/builder/spi-builder-workspace/.derivedData/Build/Products/Debug-watchos -F /Applications/Xcode-27.0.0-Release.Candidate.app/Contents/Developer/Platforms/WatchOS.platform/Developer/Library/Frameworks -F /Applications/Xcode-27.0.0-Release.Candidate.app/Contents/Developer/Platforms/WatchOS.platform/Developer/SDKs/WatchOS27.0.sdk/Developer/Library/Frameworks -c -j10 -enable-batch-mode -incremental -Xcc -ivfsstatcache -Xcc /Users/admin/builder/spi-builder-workspace/.derivedData/SDKStatCaches.noindex/watchos27.0-24R360-e829b21a6f8c9b70876ba0858053c04477534ef55a1706bf4c1112bbb242f0a2.sdkstatcache -output-file-map /Users/admin/builder/spi-builder-workspace/.derivedData/Build/Intermediates.noindex/MenuBuilder.build/Debug-watchos/MenuBuilder-t.build/Objects-normal/arm64_32/MenuBuilder-OutputFileMap.json -save-temps -no-color-diagnostics -explicit-module-build -module-cache-path /Users/admin/builder/spi-builder-workspace/.derivedData/Build/Intermediates.noindex/SwiftExplicitPrecompiledModules -clang-scanner-module-cache-path /Users/admin/builder/spi-builder-workspace/.derivedData/ModuleCache.noindex -sdk-module-cache-path /Users/admin/builder/spi-builder-workspace/.derivedData/SDKExplicitPrecompiledModules -emit-dependencies -emit-module -emit-module-path /Users/admin/builder/spi-builder-workspace/.derivedData/Build/Intermediates.noindex/MenuBuilder.build/Debug-watchos/MenuBuilder-t.build/Objects-normal/arm64_32/MenuBuilder.swiftmodule -serialize-diagnostics -dependency-scan-serialize-diagnostics-path /Users/admin/builder/spi-builder-workspace/.derivedData/Build/Intermediates.noindex/MenuBuilder.build/Debug-watchos/MenuBuilder-t.build/Objects-normal/arm64_32/MenuBuilder-dependency-scan.dia -validate-clang-modules-once -clang-build-session-file /Users/admin/builder/spi-builder-workspace/.derivedData/ModuleCache.noindex/Session.modulevalidation -Xcc -fmodules-prune-interval\=86400 -Xcc -fmodules-prune-after\=345600 -emit-const-values -const-gather-protocols-list /Users/admin/builder/spi-builder-workspace/.derivedData/Build/Intermediates.noindex/MenuBuilder.build/Debug-watchos/MenuBuilder-t.build/Objects-normal/arm64_32/MenuBuilder_const_extract_protocols.json -Xcc -I/Users/admin/builder/spi-builder-workspace/.derivedData/Build/Products/Debug-watchos/include -Xcc -I/Users/admin/builder/spi-builder-workspace/.derivedData/Build/Intermediates.noindex/MenuBuilder.build/Debug-watchos/MenuBuilder-t.build/DerivedSources-normal/arm64_32 -Xcc -I/Users/admin/builder/spi-builder-workspace/.derivedData/Build/Intermediates.noindex/MenuBuilder.build/Debug-watchos/MenuBuilder-t.build/DerivedSources/arm64_32 -Xcc -I/Users/admin/builder/spi-builder-workspace/.derivedData/Build/Intermediates.noindex/MenuBuilder.build/Debug-watchos/MenuBuilder-t.build/DerivedSources -Xcc -DSWIFT_PACKAGE -Xcc -DDEBUG\=1 -emit-objc-header -emit-objc-header-path /Users/admin/builder/spi-builder-workspace/.derivedData/Build/Intermediates.noindex/MenuBuilder.build/Debug-watchos/MenuBuilder-t.build/Objects-normal/arm64_32/MenuBuilder-Swift.h -working-directory /Users/admin/builder/spi-builder-workspace/.swiftpm/xcode -experimental-emit-module-separately -disable-cmo
/Users/admin/builder/spi-builder-workspace/Sources/MenuBuilder/AnyMenuItem.swift:1:8: error: Unable to resolve module dependency: 'Cocoa' (in target 'MenuBuilder' from project 'MenuBuilder')
note: A dependency of main module 'MenuBuilder'
/Users/admin/builder/spi-builder-workspace/Sources/MenuBuilder/CustomMenuItem.swift:1:8: note: Also imported here
/Users/admin/builder/spi-builder-workspace/Sources/MenuBuilder/IndentGroup.swift:8:8: note: Also imported here
/Users/admin/builder/spi-builder-workspace/Sources/MenuBuilder/MenuBuilder.swift:1:8: note: Also imported here
/Users/admin/builder/spi-builder-workspace/Sources/MenuBuilder/MenuInvoker.swift:1:8: note: Also imported here
/Users/admin/builder/spi-builder-workspace/Sources/MenuBuilder/MenuItem.swift:1:8: note: Also imported here
/Users/admin/builder/spi-builder-workspace/Sources/MenuBuilder/MenuItemView.swift:2:8: note: Also imported here
/Users/admin/builder/spi-builder-workspace/Sources/MenuBuilder/SeparatorItem.swift:1:8: note: Also imported here
/Users/admin/builder/spi-builder-workspace/Sources/MenuBuilder/AnyMenuItem.swift:1:8: note: A dependency of main module 'MenuBuilder'
import Cocoa
^ (in target 'MenuBuilder' from project 'MenuBuilder')
/Users/admin/builder/spi-builder-workspace/Sources/MenuBuilder/CustomMenuItem.swift:1:8: note: Also imported here
import Cocoa
^ (in target 'MenuBuilder' from project 'MenuBuilder')
/Users/admin/builder/spi-builder-workspace/Sources/MenuBuilder/IndentGroup.swift:8:8: note: Also imported here
import Cocoa
^ (in target 'MenuBuilder' from project 'MenuBuilder')
/Users/admin/builder/spi-builder-workspace/Sources/MenuBuilder/MenuBuilder.swift:1:8: note: Also imported here
import Cocoa
^ (in target 'MenuBuilder' from project 'MenuBuilder')
/Users/admin/builder/spi-builder-workspace/Sources/MenuBuilder/MenuInvoker.swift:1:8: note: Also imported here
import Cocoa
^ (in target 'MenuBuilder' from project 'MenuBuilder')
/Users/admin/builder/spi-builder-workspace/Sources/MenuBuilder/MenuItem.swift:1:8: note: Also imported here
import Cocoa
^ (in target 'MenuBuilder' from project 'MenuBuilder')
/Users/admin/builder/spi-builder-workspace/Sources/MenuBuilder/MenuItemView.swift:2:8: note: Also imported here
import Cocoa
^ (in target 'MenuBuilder' from project 'MenuBuilder')
/Users/admin/builder/spi-builder-workspace/Sources/MenuBuilder/SeparatorItem.swift:1:8: note: Also imported here
import Cocoa
^ (in target 'MenuBuilder' from project 'MenuBuilder')
SwiftDriver MenuBuilder normal arm64 com.apple.xcode.tools.swift.compiler (in target 'MenuBuilder' from project 'MenuBuilder')
cd /Users/admin/builder/spi-builder-workspace/.swiftpm/xcode
builtin-SwiftDriver -- /Applications/Xcode-27.0.0-Release.Candidate.app/Contents/Developer/Toolchains/XcodeDefault.xctoolchain/usr/bin/swiftc -parse-as-library -module-name MenuBuilder -Onone @/Users/admin/builder/spi-builder-workspace/.derivedData/Build/Intermediates.noindex/MenuBuilder.build/Debug-watchos/MenuBuilder-t.build/Objects-normal/arm64/MenuBuilder.SwiftFileList -DSWIFT_PACKAGE -DDEBUG -DSWIFT_MODULE_RESOURCE_BUNDLE_UNAVAILABLE -DXcode -plugin-path /Applications/Xcode-27.0.0-Release.Candidate.app/Contents/Developer/Toolchains/XcodeDefault.xctoolchain/usr/lib/swift/host/plugins/testing -enable-experimental-feature DebugDescriptionMacro -sdk /Applications/Xcode-27.0.0-Release.Candidate.app/Contents/Developer/Platforms/WatchOS.platform/Developer/SDKs/WatchOS27.0.sdk -target arm64-apple-watchos9.0 -g -module-cache-path /Users/admin/builder/spi-builder-workspace/.derivedData/ModuleCache.noindex -Xfrontend -serialize-debugging-options -profile-coverage-mapping -profile-generate -enable-testing -index-store-path /Users/admin/builder/spi-builder-workspace/.derivedData/Index.noindex/DataStore -Xcc -D_LIBCPP_HARDENING_MODE\=_LIBCPP_HARDENING_MODE_DEBUG -swift-version 5 -I /Users/admin/builder/spi-builder-workspace/.derivedData/Build/Products/Debug-watchos -Isystem /Applications/Xcode-27.0.0-Release.Candidate.app/Contents/Developer/Platforms/WatchOS.platform/Developer/usr/lib -F /Users/admin/builder/spi-builder-workspace/.derivedData/Build/Products/Debug-watchos -F /Applications/Xcode-27.0.0-Release.Candidate.app/Contents/Developer/Platforms/WatchOS.platform/Developer/Library/Frameworks -F /Applications/Xcode-27.0.0-Release.Candidate.app/Contents/Developer/Platforms/WatchOS.platform/Developer/SDKs/WatchOS27.0.sdk/Developer/Library/Frameworks -c -j10 -enable-batch-mode -incremental -Xcc -ivfsstatcache -Xcc /Users/admin/builder/spi-builder-workspace/.derivedData/SDKStatCaches.noindex/watchos27.0-24R360-e829b21a6f8c9b70876ba0858053c04477534ef55a1706bf4c1112bbb242f0a2.sdkstatcache -output-file-map /Users/admin/builder/spi-builder-workspace/.derivedData/Build/Intermediates.noindex/MenuBuilder.build/Debug-watchos/MenuBuilder-t.build/Objects-normal/arm64/MenuBuilder-OutputFileMap.json -save-temps -no-color-diagnostics -explicit-module-build -module-cache-path /Users/admin/builder/spi-builder-workspace/.derivedData/Build/Intermediates.noindex/SwiftExplicitPrecompiledModules -clang-scanner-module-cache-path /Users/admin/builder/spi-builder-workspace/.derivedData/ModuleCache.noindex -sdk-module-cache-path /Users/admin/builder/spi-builder-workspace/.derivedData/SDKExplicitPrecompiledModules -emit-dependencies -emit-module -emit-module-path /Users/admin/builder/spi-builder-workspace/.derivedData/Build/Intermediates.noindex/MenuBuilder.build/Debug-watchos/MenuBuilder-t.build/Objects-normal/arm64/MenuBuilder.swiftmodule -serialize-diagnostics -dependency-scan-serialize-diagnostics-path /Users/admin/builder/spi-builder-workspace/.derivedData/Build/Intermediates.noindex/MenuBuilder.build/Debug-watchos/MenuBuilder-t.build/Objects-normal/arm64/MenuBuilder-dependency-scan.dia -validate-clang-modules-once -clang-build-session-file /Users/admin/builder/spi-builder-workspace/.derivedData/ModuleCache.noindex/Session.modulevalidation -Xcc -fmodules-prune-interval\=86400 -Xcc -fmodules-prune-after\=345600 -emit-const-values -const-gather-protocols-list /Users/admin/builder/spi-builder-workspace/.derivedData/Build/Intermediates.noindex/MenuBuilder.build/Debug-watchos/MenuBuilder-t.build/Objects-normal/arm64/MenuBuilder_const_extract_protocols.json -Xcc -I/Users/admin/builder/spi-builder-workspace/.derivedData/Build/Products/Debug-watchos/include -Xcc -I/Users/admin/builder/spi-builder-workspace/.derivedData/Build/Intermediates.noindex/MenuBuilder.build/Debug-watchos/MenuBuilder-t.build/DerivedSources-normal/arm64 -Xcc -I/Users/admin/builder/spi-builder-workspace/.derivedData/Build/Intermediates.noindex/MenuBuilder.build/Debug-watchos/MenuBuilder-t.build/DerivedSources/arm64 -Xcc -I/Users/admin/builder/spi-builder-workspace/.derivedData/Build/Intermediates.noindex/MenuBuilder.build/Debug-watchos/MenuBuilder-t.build/DerivedSources -Xcc -DSWIFT_PACKAGE -Xcc -DDEBUG\=1 -emit-objc-header -emit-objc-header-path /Users/admin/builder/spi-builder-workspace/.derivedData/Build/Intermediates.noindex/MenuBuilder.build/Debug-watchos/MenuBuilder-t.build/Objects-normal/arm64/MenuBuilder-Swift.h -working-directory /Users/admin/builder/spi-builder-workspace/.swiftpm/xcode -experimental-emit-module-separately -disable-cmo
/Users/admin/builder/spi-builder-workspace/Sources/MenuBuilder/AnyMenuItem.swift:1:8: error: Unable to resolve module dependency: 'Cocoa' (in target 'MenuBuilder' from project 'MenuBuilder')
note: A dependency of main module 'MenuBuilder'
/Users/admin/builder/spi-builder-workspace/Sources/MenuBuilder/CustomMenuItem.swift:1:8: note: Also imported here
/Users/admin/builder/spi-builder-workspace/Sources/MenuBuilder/IndentGroup.swift:8:8: note: Also imported here
/Users/admin/builder/spi-builder-workspace/Sources/MenuBuilder/MenuBuilder.swift:1:8: note: Also imported here
/Users/admin/builder/spi-builder-workspace/Sources/MenuBuilder/MenuInvoker.swift:1:8: note: Also imported here
/Users/admin/builder/spi-builder-workspace/Sources/MenuBuilder/MenuItem.swift:1:8: note: Also imported here
/Users/admin/builder/spi-builder-workspace/Sources/MenuBuilder/MenuItemView.swift:2:8: note: Also imported here
/Users/admin/builder/spi-builder-workspace/Sources/MenuBuilder/SeparatorItem.swift:1:8: note: Also imported here
/Users/admin/builder/spi-builder-workspace/Sources/MenuBuilder/AnyMenuItem.swift:1:8: note: A dependency of main module 'MenuBuilder'
import Cocoa
^ (in target 'MenuBuilder' from project 'MenuBuilder')
/Users/admin/builder/spi-builder-workspace/Sources/MenuBuilder/CustomMenuItem.swift:1:8: note: Also imported here
import Cocoa
^ (in target 'MenuBuilder' from project 'MenuBuilder')
/Users/admin/builder/spi-builder-workspace/Sources/MenuBuilder/IndentGroup.swift:8:8: note: Also imported here
import Cocoa
^ (in target 'MenuBuilder' from project 'MenuBuilder')
/Users/admin/builder/spi-builder-workspace/Sources/MenuBuilder/MenuBuilder.swift:1:8: note: Also imported here
import Cocoa
^ (in target 'MenuBuilder' from project 'MenuBuilder')
/Users/admin/builder/spi-builder-workspace/Sources/MenuBuilder/MenuInvoker.swift:1:8: note: Also imported here
import Cocoa
^ (in target 'MenuBuilder' from project 'MenuBuilder')
/Users/admin/builder/spi-builder-workspace/Sources/MenuBuilder/MenuItem.swift:1:8: note: Also imported here
import Cocoa
^ (in target 'MenuBuilder' from project 'MenuBuilder')
/Users/admin/builder/spi-builder-workspace/Sources/MenuBuilder/MenuItemView.swift:2:8: note: Also imported here
import Cocoa
^ (in target 'MenuBuilder' from project 'MenuBuilder')
/Users/admin/builder/spi-builder-workspace/Sources/MenuBuilder/SeparatorItem.swift:1:8: note: Also imported here
import Cocoa
^ (in target 'MenuBuilder' from project 'MenuBuilder')
PruneExplicitPrecompiledModules /Users/admin/builder/spi-builder-workspace/.derivedData/Build/Intermediates.noindex/ExplicitPrecompiledModules
PruneExplicitPrecompiledModules /Users/admin/builder/spi-builder-workspace/.derivedData/Build/Intermediates.noindex/SwiftExplicitPrecompiledModules
PruneExplicitPrecompiledModules /Users/admin/builder/spi-builder-workspace/.derivedData/SDKExplicitPrecompiledModules
2026-09-18 21:13:08.419 xcodebuild[677:4568] [MT] IDERunDestination: Supported platforms for the buildables in the current scheme is empty.
** BUILD FAILED **
The following build commands failed:
SwiftDriver MenuBuilder normal arm64_32 com.apple.xcode.tools.swift.compiler (in target 'MenuBuilder' from project 'MenuBuilder')
SwiftDriver MenuBuilder normal arm64 com.apple.xcode.tools.swift.compiler (in target 'MenuBuilder' from project 'MenuBuilder')
Building workspace MenuBuilder with scheme MenuBuilder
(3 failures)
BUILD FAILURE 6.4 watchOS