Build Information
Failed to build mqtt-nio, reference main (0d3205), with Swift 6.3 for Wasm on 3 Oct 2026 22:36:02 UTC.
Build Command
bash -c docker run --pull=always --rm -v "checkouts-54344843-1":/host -w "$PWD" -e JAVA_HOME="/root/.sdkman/candidates/java/current" -e SPI_BUILD="1" -e SPI_PROCESSING="1" registry.gitlab.com/saguaro1/spi-images:wasm-6.3-latest swift build --swift-sdk swift-6.3.2-RELEASE_wasm 2>&1Build Log
========================================
RunAll
========================================
Builder version: 5.1.1
Interrupt handler set up.
========================================
Checkout
========================================
Clone URL: https://github.com/jollyjinx/mqtt-nio.git
Reference: main
Initialized empty Git repository in /host/spi-builder-workspace/.git/
hint: Using 'master' as the name for the initial branch. This default branch name
hint: is subject to change. To configure the initial branch name to use in all
hint: of your new repositories, which will suppress this warning, call:
hint:
hint: git config --global init.defaultBranch <name>
hint:
hint: Names commonly chosen instead of 'master' are 'main', 'trunk' and
hint: 'development'. The just-created branch can be renamed via this command:
hint:
hint: git branch -m <name>
From https://github.com/jollyjinx/mqtt-nio
* branch main -> FETCH_HEAD
* [new branch] main -> origin/main
HEAD is now at 0d32051 Add Foundation linking CI check (#272)
Cloned https://github.com/jollyjinx/mqtt-nio.git
Revision (git rev-parse @):
0d320511d859c0400b2886951996068fdb12be7a
SPI manifest file found: $PWD/.spi.yml
SUCCESS checkout https://github.com/jollyjinx/mqtt-nio.git at main
========================================
Build
========================================
Selected platform: wasm
Swift version: 6.3
Building package at path: $PWD
https://github.com/jollyjinx/mqtt-nio.git
Running build ...
bash -c docker run --pull=always --rm -v "checkouts-54344843-1":/host -w "$PWD" -e JAVA_HOME="/root/.sdkman/candidates/java/current" -e SPI_BUILD="1" -e SPI_PROCESSING="1" registry.gitlab.com/saguaro1/spi-images:wasm-6.3-latest swift build --swift-sdk swift-6.3.2-RELEASE_wasm 2>&1
wasm-6.3-latest: Pulling from saguaro1/spi-images
Digest: sha256:253aad7f5b11d25cf9eaef34120b94cd8a325782929c57fb304a7711494a3f9a
Status: Image is up to date for registry.gitlab.com/saguaro1/spi-images:wasm-6.3-latest
Fetching https://github.com/apple/swift-nio-transport-services.git
Fetching https://github.com/apple/swift-nio-extras.git
Fetching https://github.com/apple/swift-http-types.git
Fetching https://github.com/apple/swift-nio.git
Fetching https://github.com/apple/swift-nio-ssl.git
Fetching https://github.com/apple/swift-configuration.git
[1/3887] Fetching swift-configuration
[1206/5826] Fetching swift-configuration, swift-http-types
[1441/12519] Fetching swift-configuration, swift-http-types, swift-nio-extras
[11115/15386] Fetching swift-configuration, swift-http-types, swift-nio-extras, swift-nio-transport-services
Fetched https://github.com/apple/swift-configuration.git from cache (0.63s)
[9206/11499] Fetching swift-http-types, swift-nio-extras, swift-nio-transport-services
Fetching https://github.com/apple/swift-log.git
Fetched https://github.com/apple/swift-nio-extras.git from cache (0.71s)
Fetched https://github.com/apple/swift-nio-transport-services.git from cache (0.71s)
[1/86265] Fetching swift-nio
[2/103119] Fetching swift-nio, swift-nio-ssl
[3432/111351] Fetching swift-nio, swift-nio-ssl, swift-log
Fetched https://github.com/apple/swift-log.git from cache (0.54s)
[15618/103119] Fetching swift-nio, swift-nio-ssl
Fetched https://github.com/apple/swift-http-types.git from cache (1.81s)
Fetched https://github.com/apple/swift-nio-ssl.git from cache (1.82s)
[64699/86265] Fetching swift-nio
Fetched https://github.com/apple/swift-nio.git from cache (3.26s)
Computing version for https://github.com/apple/swift-configuration.git
Computed https://github.com/apple/swift-configuration.git at 1.2.1 (4.50s)
Fetching https://github.com/swift-server/swift-service-lifecycle
Fetching https://github.com/apple/swift-collections
Fetching https://github.com/apple/swift-system
[1/2849] Fetching swift-service-lifecycle
[2850/9951] Fetching swift-service-lifecycle, swift-system
Fetched https://github.com/swift-server/swift-service-lifecycle from cache (0.61s)
Fetched https://github.com/apple/swift-system from cache (0.61s)
[1/28538] Fetching swift-collections
Fetched https://github.com/apple/swift-collections from cache (1.27s)
Computing version for https://github.com/apple/swift-nio-transport-services.git
Computed https://github.com/apple/swift-nio-transport-services.git at 1.28.0 (1.43s)
Fetching https://github.com/apple/swift-atomics.git
[1/1885] Fetching swift-atomics
Fetched https://github.com/apple/swift-atomics.git from cache (0.45s)
Computing version for https://github.com/apple/swift-log.git
Computed https://github.com/apple/swift-log.git at 1.15.1 (0.62s)
Computing version for https://github.com/apple/swift-atomics.git
Computed https://github.com/apple/swift-atomics.git at 1.3.1 (0.16s)
Computing version for https://github.com/apple/swift-nio.git
Computed https://github.com/apple/swift-nio.git at 2.103.0 (0.27s)
Computing version for https://github.com/swift-server/swift-service-lifecycle
Computed https://github.com/swift-server/swift-service-lifecycle at 2.12.0 (0.15s)
Fetching https://github.com/apple/swift-async-algorithms.git
[1/6799] Fetching swift-async-algorithms
Fetched https://github.com/apple/swift-async-algorithms.git from cache (0.55s)
Computing version for https://github.com/apple/swift-async-algorithms.git
Computed https://github.com/apple/swift-async-algorithms.git at 1.1.7 (0.75s)
Computing version for https://github.com/apple/swift-collections
Computed https://github.com/apple/swift-collections at 1.7.1 (0.24s)
Computing version for https://github.com/apple/swift-nio-ssl.git
Computed https://github.com/apple/swift-nio-ssl.git at 2.37.5 (0.19s)
Computing version for https://github.com/apple/swift-http-types.git
Computed https://github.com/apple/swift-http-types.git at 1.8.0 (0.18s)
Computing version for https://github.com/apple/swift-system
Computed https://github.com/apple/swift-system at 1.8.1 (0.18s)
Computing version for https://github.com/apple/swift-nio-extras.git
Computed https://github.com/apple/swift-nio-extras.git at 1.35.1 (0.47s)
Fetching https://github.com/apple/swift-asn1.git
Fetching https://github.com/apple/swift-nio-http2.git
Fetching https://github.com/apple/swift-http-structured-headers.git
Fetching https://github.com/apple/swift-certificates.git
Fetching https://github.com/apple/swift-algorithms.git
[1/1986] Fetching swift-asn1
[458/3239] Fetching swift-asn1, swift-http-structured-headers
Fetched https://github.com/apple/swift-http-structured-headers.git from cache (0.40s)
[1/7607] Fetching swift-certificates
[2/13766] Fetching swift-certificates, swift-algorithms
[13767/26021] Fetching swift-certificates, swift-algorithms, swift-nio-http2
Fetched https://github.com/apple/swift-algorithms.git from cache (0.54s)
Fetched https://github.com/apple/swift-certificates.git from cache (0.54s)
[2697/12255] Fetching swift-nio-http2
Fetched https://github.com/apple/swift-asn1.git from cache (0.87s)
Fetched https://github.com/apple/swift-nio-http2.git from cache (0.87s)
Computing version for https://github.com/apple/swift-algorithms.git
Computed https://github.com/apple/swift-algorithms.git at 1.2.1 (1.76s)
Fetching https://github.com/apple/swift-numerics.git
[1/6658] Fetching swift-numerics
Fetched https://github.com/apple/swift-numerics.git from cache (0.56s)
Computing version for https://github.com/apple/swift-numerics.git
Computed https://github.com/apple/swift-numerics.git at 1.1.1 (0.71s)
Computing version for https://github.com/apple/swift-http-structured-headers.git
Computed https://github.com/apple/swift-http-structured-headers.git at 1.7.0 (0.15s)
Computing version for https://github.com/apple/swift-asn1.git
Computed https://github.com/apple/swift-asn1.git at 1.7.3 (0.19s)
Computing version for https://github.com/apple/swift-certificates.git
Computed https://github.com/apple/swift-certificates.git at 1.21.0 (0.21s)
Fetching https://github.com/apple/swift-crypto.git
[1/18572] Fetching swift-crypto
Fetched https://github.com/apple/swift-crypto.git from cache (1.13s)
Computing version for https://github.com/apple/swift-crypto.git
Computed https://github.com/apple/swift-crypto.git at 5.0.0 (1.37s)
Computing version for https://github.com/apple/swift-nio-http2.git
Computed https://github.com/apple/swift-nio-http2.git at 1.46.0 (0.16s)
Creating working copy for https://github.com/apple/swift-algorithms.git
Working copy of https://github.com/apple/swift-algorithms.git resolved at 1.2.1
Creating working copy for https://github.com/apple/swift-certificates.git
Working copy of https://github.com/apple/swift-certificates.git resolved at 1.21.0
Creating working copy for https://github.com/apple/swift-http-structured-headers.git
Working copy of https://github.com/apple/swift-http-structured-headers.git resolved at 1.7.0
Creating working copy for https://github.com/apple/swift-collections
Working copy of https://github.com/apple/swift-collections resolved at 1.7.1
Creating working copy for https://github.com/apple/swift-nio-transport-services.git
Working copy of https://github.com/apple/swift-nio-transport-services.git resolved at 1.28.0
Creating working copy for https://github.com/apple/swift-numerics.git
Working copy of https://github.com/apple/swift-numerics.git resolved at 1.1.1
Creating working copy for https://github.com/apple/swift-nio-ssl.git
Working copy of https://github.com/apple/swift-nio-ssl.git resolved at 2.37.5
Creating working copy for https://github.com/apple/swift-async-algorithms.git
Working copy of https://github.com/apple/swift-async-algorithms.git resolved at 1.1.7
Creating working copy for https://github.com/swift-server/swift-service-lifecycle
Working copy of https://github.com/swift-server/swift-service-lifecycle resolved at 2.12.0
Creating working copy for https://github.com/apple/swift-asn1.git
Working copy of https://github.com/apple/swift-asn1.git resolved at 1.7.3
Creating working copy for https://github.com/apple/swift-nio-http2.git
Working copy of https://github.com/apple/swift-nio-http2.git resolved at 1.46.0
Creating working copy for https://github.com/apple/swift-nio.git
Working copy of https://github.com/apple/swift-nio.git resolved at 2.103.0
Creating working copy for https://github.com/apple/swift-configuration.git
Working copy of https://github.com/apple/swift-configuration.git resolved at 1.2.1
Creating working copy for https://github.com/apple/swift-log.git
Working copy of https://github.com/apple/swift-log.git resolved at 1.15.1
Creating working copy for https://github.com/apple/swift-nio-extras.git
Working copy of https://github.com/apple/swift-nio-extras.git resolved at 1.35.1
Creating working copy for https://github.com/apple/swift-system
Working copy of https://github.com/apple/swift-system resolved at 1.8.1
Creating working copy for https://github.com/apple/swift-crypto.git
Working copy of https://github.com/apple/swift-crypto.git resolved at 5.0.0
Creating working copy for https://github.com/apple/swift-atomics.git
Working copy of https://github.com/apple/swift-atomics.git resolved at 1.3.1
Creating working copy for https://github.com/apple/swift-http-types.git
Working copy of https://github.com/apple/swift-http-types.git resolved at 1.8.0
Building for debugging...
[0/40] Write sources
[21/40] Compiling CNIOWindows WSAStartup.c
[22/40] Compiling CNIOWASI CNIOWASI.c
[23/40] Compiling CNIOWindows shim.c
[24/40] Compiling _AtomicsShims.c
[25/40] Compiling CSystem shims.c
[26/40] Compiling CNIOPosix event_loop_id.c
[27/40] Compiling CNIOLinux liburing_shims.c
[27/40] Compiling CNIOLinux shim.c
[27/40] Compiling CNIOOpenBSD shim.c
[30/40] Compiling CNIODarwin shim.c
[31/40] Compiling CNIOFreeBSD shim.c
[32/40] Compiling CNIOLLHTTP c_nio_http.c
[33/40] Compiling CNIOSHA1 c_nio_sha1.c
[34/40] Write sources
[35/40] Write swift-version-24593BA9C3E375BF.txt
[36/40] Compiling CNIOLLHTTP c_nio_api.c
[37/122] Compiling CNIOLLHTTP c_nio_llhttp.c
[39/132] Emitting module SystemPackage
[39/137] Compiling c-nioatomics.c
[40/155] Compiling c-atomics.c
[42/162] Compiling Atomics AtomicMemoryOrderings.swift
[43/162] Compiling Atomics DoubleWord.swift
[44/164] Emitting module InternalCollectionsUtilities
[45/167] Compiling Atomics ManagedAtomicLazyReference.swift
[46/167] Compiling Atomics UnsafeAtomic.swift
[47/167] Compiling Atomics UnsafeAtomicLazyReference.swift
[48/167] Compiling Atomics AtomicStorage.swift
[49/167] Compiling HTTPTypes HTTPParsedFields.swift
[50/167] Compiling Atomics OptionalRawRepresentable.swift
[51/167] Compiling Atomics RawRepresentable.swift
[52/167] Compiling Atomics AtomicBool.swift
[53/167] Compiling Atomics ManagedAtomic.swift
[57/168] Compiling Logging LoggingSystem.swift
[59/169] Compiling Atomics AtomicValue.swift
[60/169] Emitting module _NIOBase64
[64/169] Compiling _NIOBase64 Base64.swift
[67/170] Compiling Atomics IntegerConformances.swift
[68/170] Compiling Atomics PointerConformances.swift
[69/170] Compiling Atomics Primitives.native.swift
[71/170] Compiling Atomics AtomicInteger.swift
[72/170] Compiling Atomics AtomicOptionalWrappable.swift
[73/170] Compiling Atomics AtomicReference.swift
[74/170] Compiling InternalCollectionsUtilities UnsafeRawBufferPointer+Extras.swift
[75/170] Compiling InternalCollectionsUtilities _SortedCollection.swift
[76/170] Compiling InternalCollectionsUtilities _UniqueCollection.swift
[82/170] Compiling Atomics IntegerOperations.swift
[83/170] Compiling Atomics Unmanaged extensions.swift
[84/170] Compiling InternalCollectionsUtilities _UnsafeBitSet+Index.swift
[85/170] Compiling _NIODataStructures PriorityQueue.swift
[86/170] Compiling _NIODataStructures _TinyArray.swift
[87/170] Compiling InternalCollectionsUtilities UnsafeMutablePointer+Extras.swift
[88/170] Compiling InternalCollectionsUtilities UnsafeMutableRawBufferPointer+Extras.swift
[89/170] Compiling InternalCollectionsUtilities UnsafePointer+Extras.swift
[90/170] Compiling SystemPackage SystemString.swift
[91/170] Compiling SystemPackage Util+StringArray.swift
[92/170] Compiling SystemPackage Util.swift
[93/170] Compiling SystemPackage UtilConsumers.swift
[94/170] Compiling SystemPackage WinSDK+Overlay.swift
[97/170] Compiling InternalCollectionsUtilities _UnsafeBitSet+_Word.swift
[98/170] Compiling InternalCollectionsUtilities _UnsafeBitSet.swift
[99/170] Compiling InternalCollectionsUtilities UnsafeBufferPointer+Extras.swift
[100/170] Compiling InternalCollectionsUtilities UnsafeMutableBufferPointer+Extras.swift
[109/171] Compiling Logging Logger+With.swift
[110/171] Compiling Logging Logger+Attributes.swift
[111/171] Compiling Logging Logger.swift
[112/171] Compiling NIOConcurrencyHelpers NIOAtomic.swift
[113/175] Compiling SpanPreview OutputSpan+InputSpanHelpers.swift
[114/175] Emitting module SpanPreview
[115/175] Compiling SpanPreview InputSpan.swift
[116/175] Compiling SpanPreview MutableSpan+InputSpanHelpers.swift
[118/211] Emitting module Atomics
[119/218] Compiling HTTPTypes HTTPResponse.swift
[120/218] Compiling DequeModule UniqueDeque+Prepend.swift
[121/218] Compiling DequeModule UniqueDeque+Removals.swift
[122/218] Compiling DequeModule RigidDeque+Descriptions.swift
[123/218] Compiling DequeModule RigidDeque+Equatable.swift
[124/218] Compiling DequeModule RigidDeque+Hashable.swift
[125/218] Compiling DequeModule RigidDeque+ContainerOperations.swift
[126/218] Compiling DequeModule RigidDeque+Deprecations.swift
[127/218] Compiling DequeModule UniqueDeque+Initializers.swift
[128/218] Compiling DequeModule UniqueDeque+Insertions.swift
[129/218] Compiling DequeModule UniqueDeque+Iterable.swift
[130/218] Compiling DequeModule Deque.swift
[131/218] Compiling DequeModule UniqueDeque+Consumption.swift
[132/218] Compiling DequeModule UniqueDeque+ContainerOperations.swift
[133/218] Compiling DequeModule UniqueDeque+Deprecations.swift
[134/218] Compiling DequeModule UniqueDeque+Descriptions.swift
[135/218] Compiling DequeModule UniqueDeque+Equatable.swift
[136/218] Compiling DequeModule Deque+Extras.swift
[137/218] Compiling DequeModule Deque+Hashable.swift
[138/218] Compiling DequeModule Deque+Testing.swift
[139/218] Compiling DequeModule Deque._Storage.swift
[140/218] Compiling DequeModule Deque._UnsafeHandle.swift
[141/218] Compiling DequeModule RigidDeque+Initializers.swift
[142/218] Compiling DequeModule RigidDeque+Insertions.swift
[143/218] Compiling DequeModule RigidDeque+Iterable.swift
[144/218] Compiling DequeModule RigidDeque+Prepend.swift
[145/218] Compiling DequeModule RigidDeque+Removals.swift
[146/218] Emitting module _NIODataStructures
[147/218] Compiling _NIODataStructures Heap.swift
[148/219] Emitting module HTTPTypes
[151/219] Compiling HTTPTypes HTTPFields.swift
[152/219] Compiling HTTPTypes HTTPFieldValue.swift
[155/219] Compiling HTTPTypes HTTPRequest+URL.swift
[156/219] Compiling HTTPTypes HTTPRequest.swift
[157/219] Compiling DequeModule RigidDeque+Replacements.swift
[158/219] Compiling DequeModule RigidDeque+Testing.swift
[159/219] Compiling DequeModule RigidDeque.swift
[160/219] Compiling DequeModule UniqueDeque+Append.swift
[161/219] Compiling DequeModule Deque+Codable.swift
[162/219] Compiling NIOConcurrencyHelpers NIOLockedValueBox.swift
[164/221] Emitting module NIOConcurrencyHelpers
[165/221] Compiling NIOConcurrencyHelpers NIOLock.swift
[166/221] Compiling Logging MetadataProvider.swift
[167/221] Compiling DequeModule _DequeBuffer.swift
[168/221] Compiling DequeModule _DequeBufferHeader.swift
[169/221] Compiling DequeModule RigidDeque+Append.swift
[173/222] Compiling NIOConcurrencyHelpers lock.swift
[176/222] Compiling NIOConcurrencyHelpers atomics.swift
[177/222] Compiling NIOConcurrencyHelpers NIOThreadPoolWorkAvailable.swift
[178/223] Emitting module Logging
[195/229] Compiling DequeModule Deque+Collection.swift
[196/229] Compiling DequeModule Deque+CustomReflectable.swift
[197/229] Compiling DequeModule Deque+Descriptions.swift
[198/229] Compiling DequeModule Deque+Equatable.swift
[199/229] Compiling DequeModule Deque+ExpressibleByArrayLiteral.swift
[209/229] Compiling DequeModule RigidDeque+Consumption.swift
[223/229] Compiling DequeModule UniqueDeque+Hashable.swift
[224/229] Emitting module DequeModule
[225/229] Compiling DequeModule UniqueDeque+Replacements.swift
[226/229] Compiling DequeModule UniqueDeque.swift
[227/229] Compiling DequeModule _DequeSlot.swift
[228/229] Compiling DequeModule _UnsafeDequeHandle.swift
[229/229] Compiling DequeModule _UnsafeDequeSegments.swift
[231/337] Compiling NIOCore AddressedEnvelope.swift
[232/337] Compiling NIOCore AsyncAwaitSupport.swift
[233/337] Compiling NIOCore AsyncChannel.swift
[234/337] Compiling NIOCore AsyncChannelHandler.swift
[235/337] Compiling NIOCore AsyncChannelInboundStream.swift
[236/337] Compiling NIOCore AsyncChannelOutboundWriter.swift
[237/342] Emitting module Configuration
[238/342] Compiling NIOCore EventLoopFuture+Deprecated.swift
[239/342] Compiling NIOCore EventLoopFuture+WithEventLoop.swift
[240/342] Compiling NIOCore EventLoopFuture.swift
[241/342] Compiling NIOCore FileDescriptor.swift
[242/342] Compiling NIOCore FileHandle.swift
[243/342] Compiling NIOCore FileRegion.swift
[244/342] Compiling NIOCore GlobalSingletons.swift
[245/342] Compiling NIOCore IO.swift
[246/342] Compiling NIOCore IOData.swift
[250/350] Compiling NIOCore NIOCoreSendableMetatype.swift
[251/350] Compiling NIOCore NIODecodedAsyncSequence.swift
[252/350] Compiling NIOCore NIOLoopBound.swift
[253/350] Compiling NIOCore NIOPooledRecvBufferAllocator.swift
[254/350] Compiling NIOCore NIOScheduledCallback.swift
[255/350] Compiling NIOCore NIOSendable.swift
[256/350] Compiling NIOCore NIOSplitLinesMessageDecoder.swift
[257/350] Compiling NIOCore NIOTransportAccessibleChannelCore.swift
[258/350] Compiling NIOCore RecvByteBufferAllocator.swift
[259/350] Compiling NIOCore Channel.swift
[260/350] Compiling NIOCore ChannelHandler.swift
[261/350] Compiling NIOCore ChannelHandlers.swift
[262/350] Compiling NIOCore ChannelInvoker.swift
[263/350] Compiling NIOCore ChannelOption.swift
[264/350] Compiling NIOCore ChannelPipeline.swift
[271/350] Compiling Configuration ConfigProviderHelpers.swift
[272/350] Compiling Configuration ConfigReader+internalHelpers.swift
[273/350] Compiling Configuration ConfigReader+methods.swift
[274/350] Compiling NIOCore ByteBuffer-multi-int.swift
[275/350] Compiling NIOCore ByteBuffer-quicBinaryEncodingStrategy.swift
[276/350] Compiling NIOCore ByteBuffer-views.swift
[277/350] Compiling Configuration CombineLatestManyStorage.swift
[278/350] Compiling Configuration AsyncSequences.swift
[279/350] Compiling Configuration FoundationExtensions.swift
[280/350] Compiling Configuration Span.swift
[281/350] Compiling Configuration ConfigBytesFromStringDecoder.swift
[282/350] Compiling Configuration AccessReporter.swift
[283/350] Compiling Configuration AccessLogger.swift
[284/350] Compiling Configuration FileAccessLogger.swift
[285/350] Compiling Configuration ConfigContext.swift
[286/350] Compiling NIOCore ByteBuffer-conversions.swift
[287/350] Compiling NIOCore ByteBuffer-core.swift
[307/351] Compiling NIOCore CircularBuffer.swift
[308/351] Compiling NIOCore Codec.swift
[309/351] Compiling NIOCore ConvenienceOptionSupport.swift
[310/351] Compiling NIOCore DeadChannel.swift
[311/351] Compiling NIOCore DispatchQueue+WithFuture.swift
[312/351] Compiling NIOCore EventLoop+Deprecated.swift
[313/351] Compiling NIOCore EventLoop+SerialExecutor.swift
[314/351] Compiling NIOCore EventLoop.swift
[315/351] Compiling NIOCore EventLoopFuture+AssumeIsolated.swift
[316/351] Compiling NIOCore SingleStepByteToMessageDecoder.swift
[317/351] Compiling NIOCore SocketAddresses.swift
[318/351] Compiling NIOCore SocketOptionProvider.swift
[319/351] Compiling NIOCore SystemCallHelpers.swift
[320/351] Compiling NIOCore TimeAmount+Duration.swift
[321/351] Compiling NIOCore TypeAssistedChannelHandler.swift
[322/351] Compiling NIOCore UniversalBootstrapSupport.swift
[323/351] Compiling NIOCore Utilities.swift
[344/351] Compiling NIOCore IntegerTypes.swift
[345/351] Compiling NIOCore Interfaces.swift
[346/351] Compiling NIOCore Linux.swift
[347/351] Compiling NIOCore MarkedCircularBuffer.swift
[348/351] Compiling NIOCore MulticastChannel.swift
[349/351] Compiling NIOCore NIOAny.swift
[350/351] Compiling NIOCore NIOCloseOnErrorHandler.swift
[351/351] Emitting module NIOCore
[353/431] Compiling NIOEmbedded AsyncTestingChannel.swift
[354/431] Compiling NIOEmbedded AsyncTestingEventLoop.swift
[355/431] Compiling NIOPosix BSDSocketAPICommon.swift
/host/spi-builder-workspace/.build/checkouts/swift-nio/Sources/NIOPosix/BaseSocketChannel+AccessibleTransport.swift:17:11: error: cannot find type 'BaseSocketChannel' in scope
15 | import NIOCore
16 |
17 | extension BaseSocketChannel where SocketType: BaseSocket {
| `- error: cannot find type 'BaseSocketChannel' in scope
18 | /// The underlying transport type backing this channel.
19 | typealias Transport = NIOBSDSocket.Handle
/host/spi-builder-workspace/.build/checkouts/swift-nio/Sources/NIOPosix/BaseSocketChannel+AccessibleTransport.swift:27:11: error: cannot find type 'BaseSocketChannel' in scope
25 | }
26 |
27 | extension BaseSocketChannel where SocketType: PipePair {
| `- error: cannot find type 'BaseSocketChannel' in scope
28 | /// The underlying transport type backing this channel.
29 | typealias Transport = NIOBSDSocket.PipeHandle
/host/spi-builder-workspace/.build/checkouts/swift-nio/Sources/NIOPosix/BaseSocketChannel+AccessibleTransport.swift:42:11: error: cannot find type 'SocketChannel' in scope
40 | }
41 |
42 | extension SocketChannel: NIOTransportAccessibleChannelCore {}
| `- error: cannot find type 'SocketChannel' in scope
43 | extension ServerSocketChannel: NIOTransportAccessibleChannelCore {}
44 | extension DatagramChannel: NIOTransportAccessibleChannelCore {}
/host/spi-builder-workspace/.build/checkouts/swift-nio/Sources/NIOPosix/BaseSocketChannel+AccessibleTransport.swift:43:11: error: cannot find type 'ServerSocketChannel' in scope
41 |
42 | extension SocketChannel: NIOTransportAccessibleChannelCore {}
43 | extension ServerSocketChannel: NIOTransportAccessibleChannelCore {}
| `- error: cannot find type 'ServerSocketChannel' in scope
44 | extension DatagramChannel: NIOTransportAccessibleChannelCore {}
45 | extension PipeChannel: NIOTransportAccessibleChannelCore {}
/host/spi-builder-workspace/.build/checkouts/swift-nio/Sources/NIOPosix/BaseSocketChannel+AccessibleTransport.swift:44:11: error: cannot find type 'DatagramChannel' in scope
42 | extension SocketChannel: NIOTransportAccessibleChannelCore {}
43 | extension ServerSocketChannel: NIOTransportAccessibleChannelCore {}
44 | extension DatagramChannel: NIOTransportAccessibleChannelCore {}
| `- error: cannot find type 'DatagramChannel' in scope
45 | extension PipeChannel: NIOTransportAccessibleChannelCore {}
46 |
/host/spi-builder-workspace/.build/checkouts/swift-nio/Sources/NIOPosix/BaseSocketChannel+AccessibleTransport.swift:45:11: error: cannot find type 'PipeChannel' in scope
43 | extension ServerSocketChannel: NIOTransportAccessibleChannelCore {}
44 | extension DatagramChannel: NIOTransportAccessibleChannelCore {}
45 | extension PipeChannel: NIOTransportAccessibleChannelCore {}
| `- error: cannot find type 'PipeChannel' in scope
46 |
/host/spi-builder-workspace/.build/checkouts/swift-nio/Sources/NIOPosix/BaseSocketChannel+AccessibleTransport.swift:17:29: error: 'where' clause cannot be applied to a non-generic top-level declaration
15 | import NIOCore
16 |
17 | extension BaseSocketChannel where SocketType: BaseSocket {
| `- error: 'where' clause cannot be applied to a non-generic top-level declaration
18 | /// The underlying transport type backing this channel.
19 | typealias Transport = NIOBSDSocket.Handle
/host/spi-builder-workspace/.build/checkouts/swift-nio/Sources/NIOPosix/BaseSocketChannel+AccessibleTransport.swift:27:29: error: 'where' clause cannot be applied to a non-generic top-level declaration
25 | }
26 |
27 | extension BaseSocketChannel where SocketType: PipePair {
| `- error: 'where' clause cannot be applied to a non-generic top-level declaration
28 | /// The underlying transport type backing this channel.
29 | typealias Transport = NIOBSDSocket.PipeHandle
[356/431] Compiling NIOPosix BSDSocketAPIPosix.swift
/host/spi-builder-workspace/.build/checkouts/swift-nio/Sources/NIOPosix/BaseSocketChannel+AccessibleTransport.swift:17:11: error: cannot find type 'BaseSocketChannel' in scope
15 | import NIOCore
16 |
17 | extension BaseSocketChannel where SocketType: BaseSocket {
| `- error: cannot find type 'BaseSocketChannel' in scope
18 | /// The underlying transport type backing this channel.
19 | typealias Transport = NIOBSDSocket.Handle
/host/spi-builder-workspace/.build/checkouts/swift-nio/Sources/NIOPosix/BaseSocketChannel+AccessibleTransport.swift:27:11: error: cannot find type 'BaseSocketChannel' in scope
25 | }
26 |
27 | extension BaseSocketChannel where SocketType: PipePair {
| `- error: cannot find type 'BaseSocketChannel' in scope
28 | /// The underlying transport type backing this channel.
29 | typealias Transport = NIOBSDSocket.PipeHandle
/host/spi-builder-workspace/.build/checkouts/swift-nio/Sources/NIOPosix/BaseSocketChannel+AccessibleTransport.swift:42:11: error: cannot find type 'SocketChannel' in scope
40 | }
41 |
42 | extension SocketChannel: NIOTransportAccessibleChannelCore {}
| `- error: cannot find type 'SocketChannel' in scope
43 | extension ServerSocketChannel: NIOTransportAccessibleChannelCore {}
44 | extension DatagramChannel: NIOTransportAccessibleChannelCore {}
/host/spi-builder-workspace/.build/checkouts/swift-nio/Sources/NIOPosix/BaseSocketChannel+AccessibleTransport.swift:43:11: error: cannot find type 'ServerSocketChannel' in scope
41 |
42 | extension SocketChannel: NIOTransportAccessibleChannelCore {}
43 | extension ServerSocketChannel: NIOTransportAccessibleChannelCore {}
| `- error: cannot find type 'ServerSocketChannel' in scope
44 | extension DatagramChannel: NIOTransportAccessibleChannelCore {}
45 | extension PipeChannel: NIOTransportAccessibleChannelCore {}
/host/spi-builder-workspace/.build/checkouts/swift-nio/Sources/NIOPosix/BaseSocketChannel+AccessibleTransport.swift:44:11: error: cannot find type 'DatagramChannel' in scope
42 | extension SocketChannel: NIOTransportAccessibleChannelCore {}
43 | extension ServerSocketChannel: NIOTransportAccessibleChannelCore {}
44 | extension DatagramChannel: NIOTransportAccessibleChannelCore {}
| `- error: cannot find type 'DatagramChannel' in scope
45 | extension PipeChannel: NIOTransportAccessibleChannelCore {}
46 |
/host/spi-builder-workspace/.build/checkouts/swift-nio/Sources/NIOPosix/BaseSocketChannel+AccessibleTransport.swift:45:11: error: cannot find type 'PipeChannel' in scope
43 | extension ServerSocketChannel: NIOTransportAccessibleChannelCore {}
44 | extension DatagramChannel: NIOTransportAccessibleChannelCore {}
45 | extension PipeChannel: NIOTransportAccessibleChannelCore {}
| `- error: cannot find type 'PipeChannel' in scope
46 |
/host/spi-builder-workspace/.build/checkouts/swift-nio/Sources/NIOPosix/BaseSocketChannel+AccessibleTransport.swift:17:29: error: 'where' clause cannot be applied to a non-generic top-level declaration
15 | import NIOCore
16 |
17 | extension BaseSocketChannel where SocketType: BaseSocket {
| `- error: 'where' clause cannot be applied to a non-generic top-level declaration
18 | /// The underlying transport type backing this channel.
19 | typealias Transport = NIOBSDSocket.Handle
/host/spi-builder-workspace/.build/checkouts/swift-nio/Sources/NIOPosix/BaseSocketChannel+AccessibleTransport.swift:27:29: error: 'where' clause cannot be applied to a non-generic top-level declaration
25 | }
26 |
27 | extension BaseSocketChannel where SocketType: PipePair {
| `- error: 'where' clause cannot be applied to a non-generic top-level declaration
28 | /// The underlying transport type backing this channel.
29 | typealias Transport = NIOBSDSocket.PipeHandle
[357/431] Compiling NIOPosix BSDSocketAPIWindows.swift
/host/spi-builder-workspace/.build/checkouts/swift-nio/Sources/NIOPosix/BaseSocketChannel+AccessibleTransport.swift:17:11: error: cannot find type 'BaseSocketChannel' in scope
15 | import NIOCore
16 |
17 | extension BaseSocketChannel where SocketType: BaseSocket {
| `- error: cannot find type 'BaseSocketChannel' in scope
18 | /// The underlying transport type backing this channel.
19 | typealias Transport = NIOBSDSocket.Handle
/host/spi-builder-workspace/.build/checkouts/swift-nio/Sources/NIOPosix/BaseSocketChannel+AccessibleTransport.swift:27:11: error: cannot find type 'BaseSocketChannel' in scope
25 | }
26 |
27 | extension BaseSocketChannel where SocketType: PipePair {
| `- error: cannot find type 'BaseSocketChannel' in scope
28 | /// The underlying transport type backing this channel.
29 | typealias Transport = NIOBSDSocket.PipeHandle
/host/spi-builder-workspace/.build/checkouts/swift-nio/Sources/NIOPosix/BaseSocketChannel+AccessibleTransport.swift:42:11: error: cannot find type 'SocketChannel' in scope
40 | }
41 |
42 | extension SocketChannel: NIOTransportAccessibleChannelCore {}
| `- error: cannot find type 'SocketChannel' in scope
43 | extension ServerSocketChannel: NIOTransportAccessibleChannelCore {}
44 | extension DatagramChannel: NIOTransportAccessibleChannelCore {}
/host/spi-builder-workspace/.build/checkouts/swift-nio/Sources/NIOPosix/BaseSocketChannel+AccessibleTransport.swift:43:11: error: cannot find type 'ServerSocketChannel' in scope
41 |
42 | extension SocketChannel: NIOTransportAccessibleChannelCore {}
43 | extension ServerSocketChannel: NIOTransportAccessibleChannelCore {}
| `- error: cannot find type 'ServerSocketChannel' in scope
44 | extension DatagramChannel: NIOTransportAccessibleChannelCore {}
45 | extension PipeChannel: NIOTransportAccessibleChannelCore {}
/host/spi-builder-workspace/.build/checkouts/swift-nio/Sources/NIOPosix/BaseSocketChannel+AccessibleTransport.swift:44:11: error: cannot find type 'DatagramChannel' in scope
42 | extension SocketChannel: NIOTransportAccessibleChannelCore {}
43 | extension ServerSocketChannel: NIOTransportAccessibleChannelCore {}
44 | extension DatagramChannel: NIOTransportAccessibleChannelCore {}
| `- error: cannot find type 'DatagramChannel' in scope
45 | extension PipeChannel: NIOTransportAccessibleChannelCore {}
46 |
/host/spi-builder-workspace/.build/checkouts/swift-nio/Sources/NIOPosix/BaseSocketChannel+AccessibleTransport.swift:45:11: error: cannot find type 'PipeChannel' in scope
43 | extension ServerSocketChannel: NIOTransportAccessibleChannelCore {}
44 | extension DatagramChannel: NIOTransportAccessibleChannelCore {}
45 | extension PipeChannel: NIOTransportAccessibleChannelCore {}
| `- error: cannot find type 'PipeChannel' in scope
46 |
/host/spi-builder-workspace/.build/checkouts/swift-nio/Sources/NIOPosix/BaseSocketChannel+AccessibleTransport.swift:17:29: error: 'where' clause cannot be applied to a non-generic top-level declaration
15 | import NIOCore
16 |
17 | extension BaseSocketChannel where SocketType: BaseSocket {
| `- error: 'where' clause cannot be applied to a non-generic top-level declaration
18 | /// The underlying transport type backing this channel.
19 | typealias Transport = NIOBSDSocket.Handle
/host/spi-builder-workspace/.build/checkouts/swift-nio/Sources/NIOPosix/BaseSocketChannel+AccessibleTransport.swift:27:29: error: 'where' clause cannot be applied to a non-generic top-level declaration
25 | }
26 |
27 | extension BaseSocketChannel where SocketType: PipePair {
| `- error: 'where' clause cannot be applied to a non-generic top-level declaration
28 | /// The underlying transport type backing this channel.
29 | typealias Transport = NIOBSDSocket.PipeHandle
[358/431] Compiling NIOPosix BaseSocket.swift
/host/spi-builder-workspace/.build/checkouts/swift-nio/Sources/NIOPosix/BaseSocketChannel+AccessibleTransport.swift:17:11: error: cannot find type 'BaseSocketChannel' in scope
15 | import NIOCore
16 |
17 | extension BaseSocketChannel where SocketType: BaseSocket {
| `- error: cannot find type 'BaseSocketChannel' in scope
18 | /// The underlying transport type backing this channel.
19 | typealias Transport = NIOBSDSocket.Handle
/host/spi-builder-workspace/.build/checkouts/swift-nio/Sources/NIOPosix/BaseSocketChannel+AccessibleTransport.swift:27:11: error: cannot find type 'BaseSocketChannel' in scope
25 | }
26 |
27 | extension BaseSocketChannel where SocketType: PipePair {
| `- error: cannot find type 'BaseSocketChannel' in scope
28 | /// The underlying transport type backing this channel.
29 | typealias Transport = NIOBSDSocket.PipeHandle
/host/spi-builder-workspace/.build/checkouts/swift-nio/Sources/NIOPosix/BaseSocketChannel+AccessibleTransport.swift:42:11: error: cannot find type 'SocketChannel' in scope
40 | }
41 |
42 | extension SocketChannel: NIOTransportAccessibleChannelCore {}
| `- error: cannot find type 'SocketChannel' in scope
43 | extension ServerSocketChannel: NIOTransportAccessibleChannelCore {}
44 | extension DatagramChannel: NIOTransportAccessibleChannelCore {}
/host/spi-builder-workspace/.build/checkouts/swift-nio/Sources/NIOPosix/BaseSocketChannel+AccessibleTransport.swift:43:11: error: cannot find type 'ServerSocketChannel' in scope
41 |
42 | extension SocketChannel: NIOTransportAccessibleChannelCore {}
43 | extension ServerSocketChannel: NIOTransportAccessibleChannelCore {}
| `- error: cannot find type 'ServerSocketChannel' in scope
44 | extension DatagramChannel: NIOTransportAccessibleChannelCore {}
45 | extension PipeChannel: NIOTransportAccessibleChannelCore {}
/host/spi-builder-workspace/.build/checkouts/swift-nio/Sources/NIOPosix/BaseSocketChannel+AccessibleTransport.swift:44:11: error: cannot find type 'DatagramChannel' in scope
42 | extension SocketChannel: NIOTransportAccessibleChannelCore {}
43 | extension ServerSocketChannel: NIOTransportAccessibleChannelCore {}
44 | extension DatagramChannel: NIOTransportAccessibleChannelCore {}
| `- error: cannot find type 'DatagramChannel' in scope
45 | extension PipeChannel: NIOTransportAccessibleChannelCore {}
46 |
/host/spi-builder-workspace/.build/checkouts/swift-nio/Sources/NIOPosix/BaseSocketChannel+AccessibleTransport.swift:45:11: error: cannot find type 'PipeChannel' in scope
43 | extension ServerSocketChannel: NIOTransportAccessibleChannelCore {}
44 | extension DatagramChannel: NIOTransportAccessibleChannelCore {}
45 | extension PipeChannel: NIOTransportAccessibleChannelCore {}
| `- error: cannot find type 'PipeChannel' in scope
46 |
/host/spi-builder-workspace/.build/checkouts/swift-nio/Sources/NIOPosix/BaseSocketChannel+AccessibleTransport.swift:17:29: error: 'where' clause cannot be applied to a non-generic top-level declaration
15 | import NIOCore
16 |
17 | extension BaseSocketChannel where SocketType: BaseSocket {
| `- error: 'where' clause cannot be applied to a non-generic top-level declaration
18 | /// The underlying transport type backing this channel.
19 | typealias Transport = NIOBSDSocket.Handle
/host/spi-builder-workspace/.build/checkouts/swift-nio/Sources/NIOPosix/BaseSocketChannel+AccessibleTransport.swift:27:29: error: 'where' clause cannot be applied to a non-generic top-level declaration
25 | }
26 |
27 | extension BaseSocketChannel where SocketType: PipePair {
| `- error: 'where' clause cannot be applied to a non-generic top-level declaration
28 | /// The underlying transport type backing this channel.
29 | typealias Transport = NIOBSDSocket.PipeHandle
[359/431] Compiling NIOPosix BaseSocketChannel+AccessibleTransport.swift
/host/spi-builder-workspace/.build/checkouts/swift-nio/Sources/NIOPosix/BaseSocketChannel+AccessibleTransport.swift:17:11: error: cannot find type 'BaseSocketChannel' in scope
15 | import NIOCore
16 |
17 | extension BaseSocketChannel where SocketType: BaseSocket {
| `- error: cannot find type 'BaseSocketChannel' in scope
18 | /// The underlying transport type backing this channel.
19 | typealias Transport = NIOBSDSocket.Handle
/host/spi-builder-workspace/.build/checkouts/swift-nio/Sources/NIOPosix/BaseSocketChannel+AccessibleTransport.swift:27:11: error: cannot find type 'BaseSocketChannel' in scope
25 | }
26 |
27 | extension BaseSocketChannel where SocketType: PipePair {
| `- error: cannot find type 'BaseSocketChannel' in scope
28 | /// The underlying transport type backing this channel.
29 | typealias Transport = NIOBSDSocket.PipeHandle
/host/spi-builder-workspace/.build/checkouts/swift-nio/Sources/NIOPosix/BaseSocketChannel+AccessibleTransport.swift:42:11: error: cannot find type 'SocketChannel' in scope
40 | }
41 |
42 | extension SocketChannel: NIOTransportAccessibleChannelCore {}
| `- error: cannot find type 'SocketChannel' in scope
43 | extension ServerSocketChannel: NIOTransportAccessibleChannelCore {}
44 | extension DatagramChannel: NIOTransportAccessibleChannelCore {}
/host/spi-builder-workspace/.build/checkouts/swift-nio/Sources/NIOPosix/BaseSocketChannel+AccessibleTransport.swift:43:11: error: cannot find type 'ServerSocketChannel' in scope
41 |
42 | extension SocketChannel: NIOTransportAccessibleChannelCore {}
43 | extension ServerSocketChannel: NIOTransportAccessibleChannelCore {}
| `- error: cannot find type 'ServerSocketChannel' in scope
44 | extension DatagramChannel: NIOTransportAccessibleChannelCore {}
45 | extension PipeChannel: NIOTransportAccessibleChannelCore {}
/host/spi-builder-workspace/.build/checkouts/swift-nio/Sources/NIOPosix/BaseSocketChannel+AccessibleTransport.swift:44:11: error: cannot find type 'DatagramChannel' in scope
42 | extension SocketChannel: NIOTransportAccessibleChannelCore {}
43 | extension ServerSocketChannel: NIOTransportAccessibleChannelCore {}
44 | extension DatagramChannel: NIOTransportAccessibleChannelCore {}
| `- error: cannot find type 'DatagramChannel' in scope
45 | extension PipeChannel: NIOTransportAccessibleChannelCore {}
46 |
/host/spi-builder-workspace/.build/checkouts/swift-nio/Sources/NIOPosix/BaseSocketChannel+AccessibleTransport.swift:45:11: error: cannot find type 'PipeChannel' in scope
43 | extension ServerSocketChannel: NIOTransportAccessibleChannelCore {}
44 | extension DatagramChannel: NIOTransportAccessibleChannelCore {}
45 | extension PipeChannel: NIOTransportAccessibleChannelCore {}
| `- error: cannot find type 'PipeChannel' in scope
46 |
/host/spi-builder-workspace/.build/checkouts/swift-nio/Sources/NIOPosix/BaseSocketChannel+AccessibleTransport.swift:17:29: error: 'where' clause cannot be applied to a non-generic top-level declaration
15 | import NIOCore
16 |
17 | extension BaseSocketChannel where SocketType: BaseSocket {
| `- error: 'where' clause cannot be applied to a non-generic top-level declaration
18 | /// The underlying transport type backing this channel.
19 | typealias Transport = NIOBSDSocket.Handle
/host/spi-builder-workspace/.build/checkouts/swift-nio/Sources/NIOPosix/BaseSocketChannel+AccessibleTransport.swift:27:29: error: 'where' clause cannot be applied to a non-generic top-level declaration
25 | }
26 |
27 | extension BaseSocketChannel where SocketType: PipePair {
| `- error: 'where' clause cannot be applied to a non-generic top-level declaration
28 | /// The underlying transport type backing this channel.
29 | typealias Transport = NIOBSDSocket.PipeHandle
[360/431] Compiling NIOPosix BaseSocketChannel+SocketOptionProvider.swift
/host/spi-builder-workspace/.build/checkouts/swift-nio/Sources/NIOPosix/BaseSocketChannel+AccessibleTransport.swift:17:11: error: cannot find type 'BaseSocketChannel' in scope
15 | import NIOCore
16 |
17 | extension BaseSocketChannel where SocketType: BaseSocket {
| `- error: cannot find type 'BaseSocketChannel' in scope
18 | /// The underlying transport type backing this channel.
19 | typealias Transport = NIOBSDSocket.Handle
/host/spi-builder-workspace/.build/checkouts/swift-nio/Sources/NIOPosix/BaseSocketChannel+AccessibleTransport.swift:27:11: error: cannot find type 'BaseSocketChannel' in scope
25 | }
26 |
27 | extension BaseSocketChannel where SocketType: PipePair {
| `- error: cannot find type 'BaseSocketChannel' in scope
28 | /// The underlying transport type backing this channel.
29 | typealias Transport = NIOBSDSocket.PipeHandle
/host/spi-builder-workspace/.build/checkouts/swift-nio/Sources/NIOPosix/BaseSocketChannel+AccessibleTransport.swift:42:11: error: cannot find type 'SocketChannel' in scope
40 | }
41 |
42 | extension SocketChannel: NIOTransportAccessibleChannelCore {}
| `- error: cannot find type 'SocketChannel' in scope
43 | extension ServerSocketChannel: NIOTransportAccessibleChannelCore {}
44 | extension DatagramChannel: NIOTransportAccessibleChannelCore {}
/host/spi-builder-workspace/.build/checkouts/swift-nio/Sources/NIOPosix/BaseSocketChannel+AccessibleTransport.swift:43:11: error: cannot find type 'ServerSocketChannel' in scope
41 |
42 | extension SocketChannel: NIOTransportAccessibleChannelCore {}
43 | extension ServerSocketChannel: NIOTransportAccessibleChannelCore {}
| `- error: cannot find type 'ServerSocketChannel' in scope
44 | extension DatagramChannel: NIOTransportAccessibleChannelCore {}
45 | extension PipeChannel: NIOTransportAccessibleChannelCore {}
/host/spi-builder-workspace/.build/checkouts/swift-nio/Sources/NIOPosix/BaseSocketChannel+AccessibleTransport.swift:44:11: error: cannot find type 'DatagramChannel' in scope
42 | extension SocketChannel: NIOTransportAccessibleChannelCore {}
43 | extension ServerSocketChannel: NIOTransportAccessibleChannelCore {}
44 | extension DatagramChannel: NIOTransportAccessibleChannelCore {}
| `- error: cannot find type 'DatagramChannel' in scope
45 | extension PipeChannel: NIOTransportAccessibleChannelCore {}
46 |
/host/spi-builder-workspace/.build/checkouts/swift-nio/Sources/NIOPosix/BaseSocketChannel+AccessibleTransport.swift:45:11: error: cannot find type 'PipeChannel' in scope
43 | extension ServerSocketChannel: NIOTransportAccessibleChannelCore {}
44 | extension DatagramChannel: NIOTransportAccessibleChannelCore {}
45 | extension PipeChannel: NIOTransportAccessibleChannelCore {}
| `- error: cannot find type 'PipeChannel' in scope
46 |
/host/spi-builder-workspace/.build/checkouts/swift-nio/Sources/NIOPosix/BaseSocketChannel+AccessibleTransport.swift:17:29: error: 'where' clause cannot be applied to a non-generic top-level declaration
15 | import NIOCore
16 |
17 | extension BaseSocketChannel where SocketType: BaseSocket {
| `- error: 'where' clause cannot be applied to a non-generic top-level declaration
18 | /// The underlying transport type backing this channel.
19 | typealias Transport = NIOBSDSocket.Handle
/host/spi-builder-workspace/.build/checkouts/swift-nio/Sources/NIOPosix/BaseSocketChannel+AccessibleTransport.swift:27:29: error: 'where' clause cannot be applied to a non-generic top-level declaration
25 | }
26 |
27 | extension BaseSocketChannel where SocketType: PipePair {
| `- error: 'where' clause cannot be applied to a non-generic top-level declaration
28 | /// The underlying transport type backing this channel.
29 | typealias Transport = NIOBSDSocket.PipeHandle
[361/431] Compiling NIOPosix BaseSocketChannel.swift
/host/spi-builder-workspace/.build/checkouts/swift-nio/Sources/NIOPosix/BaseSocketChannel+AccessibleTransport.swift:17:11: error: cannot find type 'BaseSocketChannel' in scope
15 | import NIOCore
16 |
17 | extension BaseSocketChannel where SocketType: BaseSocket {
| `- error: cannot find type 'BaseSocketChannel' in scope
18 | /// The underlying transport type backing this channel.
19 | typealias Transport = NIOBSDSocket.Handle
/host/spi-builder-workspace/.build/checkouts/swift-nio/Sources/NIOPosix/BaseSocketChannel+AccessibleTransport.swift:27:11: error: cannot find type 'BaseSocketChannel' in scope
25 | }
26 |
27 | extension BaseSocketChannel where SocketType: PipePair {
| `- error: cannot find type 'BaseSocketChannel' in scope
28 | /// The underlying transport type backing this channel.
29 | typealias Transport = NIOBSDSocket.PipeHandle
/host/spi-builder-workspace/.build/checkouts/swift-nio/Sources/NIOPosix/BaseSocketChannel+AccessibleTransport.swift:42:11: error: cannot find type 'SocketChannel' in scope
40 | }
41 |
42 | extension SocketChannel: NIOTransportAccessibleChannelCore {}
| `- error: cannot find type 'SocketChannel' in scope
43 | extension ServerSocketChannel: NIOTransportAccessibleChannelCore {}
44 | extension DatagramChannel: NIOTransportAccessibleChannelCore {}
/host/spi-builder-workspace/.build/checkouts/swift-nio/Sources/NIOPosix/BaseSocketChannel+AccessibleTransport.swift:43:11: error: cannot find type 'ServerSocketChannel' in scope
41 |
42 | extension SocketChannel: NIOTransportAccessibleChannelCore {}
43 | extension ServerSocketChannel: NIOTransportAccessibleChannelCore {}
| `- error: cannot find type 'ServerSocketChannel' in scope
44 | extension DatagramChannel: NIOTransportAccessibleChannelCore {}
45 | extension PipeChannel: NIOTransportAccessibleChannelCore {}
/host/spi-builder-workspace/.build/checkouts/swift-nio/Sources/NIOPosix/BaseSocketChannel+AccessibleTransport.swift:44:11: error: cannot find type 'DatagramChannel' in scope
42 | extension SocketChannel: NIOTransportAccessibleChannelCore {}
43 | extension ServerSocketChannel: NIOTransportAccessibleChannelCore {}
44 | extension DatagramChannel: NIOTransportAccessibleChannelCore {}
| `- error: cannot find type 'DatagramChannel' in scope
45 | extension PipeChannel: NIOTransportAccessibleChannelCore {}
46 |
/host/spi-builder-workspace/.build/checkouts/swift-nio/Sources/NIOPosix/BaseSocketChannel+AccessibleTransport.swift:45:11: error: cannot find type 'PipeChannel' in scope
43 | extension ServerSocketChannel: NIOTransportAccessibleChannelCore {}
44 | extension DatagramChannel: NIOTransportAccessibleChannelCore {}
45 | extension PipeChannel: NIOTransportAccessibleChannelCore {}
| `- error: cannot find type 'PipeChannel' in scope
46 |
/host/spi-builder-workspace/.build/checkouts/swift-nio/Sources/NIOPosix/BaseSocketChannel+AccessibleTransport.swift:17:29: error: 'where' clause cannot be applied to a non-generic top-level declaration
15 | import NIOCore
16 |
17 | extension BaseSocketChannel where SocketType: BaseSocket {
| `- error: 'where' clause cannot be applied to a non-generic top-level declaration
18 | /// The underlying transport type backing this channel.
19 | typealias Transport = NIOBSDSocket.Handle
/host/spi-builder-workspace/.build/checkouts/swift-nio/Sources/NIOPosix/BaseSocketChannel+AccessibleTransport.swift:27:29: error: 'where' clause cannot be applied to a non-generic top-level declaration
25 | }
26 |
27 | extension BaseSocketChannel where SocketType: PipePair {
| `- error: 'where' clause cannot be applied to a non-generic top-level declaration
28 | /// The underlying transport type backing this channel.
29 | typealias Transport = NIOBSDSocket.PipeHandle
error: emit-module command failed with exit code 1 (use -v to see invocation)
[362/438] Emitting module NIOPosix
/host/spi-builder-workspace/.build/checkouts/swift-nio/Sources/NIOPosix/BaseSocketChannel+AccessibleTransport.swift:17:11: error: cannot find type 'BaseSocketChannel' in scope
15 | import NIOCore
16 |
17 | extension BaseSocketChannel where SocketType: BaseSocket {
| `- error: cannot find type 'BaseSocketChannel' in scope
18 | /// The underlying transport type backing this channel.
19 | typealias Transport = NIOBSDSocket.Handle
/host/spi-builder-workspace/.build/checkouts/swift-nio/Sources/NIOPosix/BaseSocketChannel+AccessibleTransport.swift:27:11: error: cannot find type 'BaseSocketChannel' in scope
25 | }
26 |
27 | extension BaseSocketChannel where SocketType: PipePair {
| `- error: cannot find type 'BaseSocketChannel' in scope
28 | /// The underlying transport type backing this channel.
29 | typealias Transport = NIOBSDSocket.PipeHandle
/host/spi-builder-workspace/.build/checkouts/swift-nio/Sources/NIOPosix/BaseSocketChannel+AccessibleTransport.swift:42:11: error: cannot find type 'SocketChannel' in scope
40 | }
41 |
42 | extension SocketChannel: NIOTransportAccessibleChannelCore {}
| `- error: cannot find type 'SocketChannel' in scope
43 | extension ServerSocketChannel: NIOTransportAccessibleChannelCore {}
44 | extension DatagramChannel: NIOTransportAccessibleChannelCore {}
/host/spi-builder-workspace/.build/checkouts/swift-nio/Sources/NIOPosix/BaseSocketChannel+AccessibleTransport.swift:43:11: error: cannot find type 'ServerSocketChannel' in scope
41 |
42 | extension SocketChannel: NIOTransportAccessibleChannelCore {}
43 | extension ServerSocketChannel: NIOTransportAccessibleChannelCore {}
| `- error: cannot find type 'ServerSocketChannel' in scope
44 | extension DatagramChannel: NIOTransportAccessibleChannelCore {}
45 | extension PipeChannel: NIOTransportAccessibleChannelCore {}
/host/spi-builder-workspace/.build/checkouts/swift-nio/Sources/NIOPosix/BaseSocketChannel+AccessibleTransport.swift:44:11: error: cannot find type 'DatagramChannel' in scope
42 | extension SocketChannel: NIOTransportAccessibleChannelCore {}
43 | extension ServerSocketChannel: NIOTransportAccessibleChannelCore {}
44 | extension DatagramChannel: NIOTransportAccessibleChannelCore {}
| `- error: cannot find type 'DatagramChannel' in scope
45 | extension PipeChannel: NIOTransportAccessibleChannelCore {}
46 |
/host/spi-builder-workspace/.build/checkouts/swift-nio/Sources/NIOPosix/BaseSocketChannel+AccessibleTransport.swift:45:11: error: cannot find type 'PipeChannel' in scope
43 | extension ServerSocketChannel: NIOTransportAccessibleChannelCore {}
44 | extension DatagramChannel: NIOTransportAccessibleChannelCore {}
45 | extension PipeChannel: NIOTransportAccessibleChannelCore {}
| `- error: cannot find type 'PipeChannel' in scope
46 |
[363/438] Compiling NIOPosix BaseStreamSocketChannel.swift
[364/438] Compiling NIOPosix Bootstrap.swift
[365/438] Compiling NIOPosix ControlMessage.swift
[366/438] Compiling NIOPosix DatagramVectorReadManager.swift
[367/438] Compiling NIOPosix Errors+Any.swift
[368/438] Compiling NIOPosix FileDescriptor.swift
[369/438] Compiling NIOPosix GetaddrinfoResolver.swift
[370/438] Compiling NIOPosix HappyEyeballs.swift
[371/438] Compiling NIOPosix IO.swift
[372/438] Compiling NIOPosix IntegerBitPacking.swift
[373/438] Compiling NIOPosix IntegerTypes.swift
[374/438] Compiling NIOPosix Linux.swift
[375/438] Compiling NIOPosix LinuxCPUSet.swift
[376/438] Compiling NIOPosix LinuxUring.swift
[377/438] Compiling NIOPosix PipeChannel.swift
[378/438] Compiling NIOPosix PipePair.swift
[379/438] Compiling NIOPosix Pool.swift
[380/438] Compiling NIOPosix PosixSingletons+ConcurrencyTakeOver.swift
[381/438] Compiling NIOPosix PosixSingletons.swift
[382/438] Compiling NIOPosix RawSocketBootstrap.swift
[383/438] Compiling NIOPosix Resolver.swift
[384/438] Compiling NIOPosix Thread.swift
[385/438] Compiling NIOPosix ThreadPosix.swift
[386/438] Compiling NIOPosix ThreadWindows.swift
[387/438] Compiling NIOPosix Utilities.swift
[388/438] Compiling NIOPosix VsockAddress.swift
[389/438] Compiling NIOPosix VsockChannelEvents.swift
[390/438] Compiling NIOPosix Windows.swift
[391/438] Compiling NIOTLS TLSEvents.swift
[392/438] Emitting module NIOTLS
[393/438] Compiling NIOTLS ApplicationProtocolNegotiationHandler.swift
[394/438] Compiling NIOPosix Selectable.swift
[395/438] Compiling NIOPosix SelectableChannel.swift
[396/438] Compiling NIOPosix SelectableEventLoop.swift
[397/438] Compiling NIOPosix SelectorEpoll.swift
[398/438] Compiling NIOPosix SelectorGeneric.swift
[399/438] Compiling NIOPosix SelectorKqueue.swift
[400/438] Compiling NIOPosix SelectorUring.swift
[401/438] Compiling NIOPosix MultiThreadedEventLoopGroup.swift
[402/438] Compiling NIOPosix NIOPosixSendableMetatype.swift
[403/438] Compiling NIOPosix NIORandomizedDNSResolver.swift
[404/438] Compiling NIOPosix NIOThreadPool.swift
[405/438] Compiling NIOPosix NonBlockingFileIO.swift
[406/438] Compiling NIOPosix PendingDatagramWritesManager.swift
[407/438] Compiling NIOPosix PendingWritesManager.swift
[408/438] Compiling NIOPosix SelectorWSAPoll.swift
[409/438] Compiling NIOPosix ServerSocket.swift
[410/438] Compiling NIOPosix Socket.swift
[411/438] Compiling NIOPosix SocketChannel.swift
[412/438] Compiling NIOPosix SocketProtocols.swift
[413/438] Compiling NIOPosix StructuredConcurrencyHelpers.swift
[414/438] Compiling NIOPosix System.swift
[415/438] Emitting module NIOHTTPTypes
[416/438] Compiling NIOHTTPTypes NIOHTTPTypes.swift
[417/438] Emitting module NIOHTTP1
[418/440] Compiling NIOTLS NIOTypedApplicationProtocolNegotiationHandler.swift
error: cancelled
BUILD FAILURE 6.3 wasm