Build Information
Failed to build QSChatView, reference main (9b1546), with Swift 6.4 for visionOS using Xcode 27.0 on 19 Sep 2026 22:12:37 UTC.
Build Command
env DEVELOPER_DIR=/Applications/Xcode-27.0.0-Release.Candidate.app xcrun xcodebuild -IDEClonedSourcePackagesDirPathOverride=$PWD/.dependencies -skipMacroValidation -skipPackagePluginValidation -derivedDataPath $PWD/.derivedData build -scheme QSChatView -destination generic/platform=xrOSBuild Log
========================================
RunAll
========================================
Builder version: 5.1.0
Interrupt handler set up.
========================================
Checkout
========================================
Clone URL: https://github.com/FiveSheepCo/QSChatView.git
Reference: main
Initialized empty Git repository in /Users/admin/builder/spi-builder-workspace/.git/
From https://github.com/FiveSheepCo/QSChatView
* branch main -> FETCH_HEAD
* [new branch] main -> origin/main
HEAD is now at 9b15461 Add message deletion and `ChatConfigBuilder`
Cloned https://github.com/FiveSheepCo/QSChatView.git
Revision (git rev-parse @):
9b1546132d09f1b34d2e6051eaaf5b413334482f
SUCCESS checkout https://github.com/FiveSheepCo/QSChatView.git at main
========================================
Build
========================================
Selected platform: visionOS
Swift version: 6.4
Building package at path: $PWD
https://github.com/FiveSheepCo/QSChatView.git
Command line invocation:
/Applications/Xcode-27.0.0-Release.Candidate.app/Contents/Developer/usr/bin/xcodebuild -IDEClonedSourcePackagesDirPathOverride=/Users/admin/builder/spi-builder-workspace/.dependencies -resolvePackageDependencies
Resolve Package Graph
Resolve Package Graph
Resolved source packages:
QSChatView: /Users/admin/builder/spi-builder-workspace
resolved source packages: QSChatView
2026-09-19 18:11:32.695 xcodebuild[525:2989] [MT] IDERunDestination: Supported platforms for the buildables in the current scheme is empty.
2026-09-19 18:11:32.844 xcodebuild[525:2989] [MT] IDERunDestination: Supported platforms for the buildables in the current scheme is empty.
2026-09-19 18:11:34.455 xcodebuild[525:2989] [MT] IDERunDestination: Supported platforms for the buildables in the current scheme is empty.
{
"dependencies" : [
],
"manifest_display_name" : "QSChatView",
"name" : "QSChatView",
"path" : "/Users/admin/builder/spi-builder-workspace",
"platforms" : [
{
"name" : "ios",
"version" : "15.0"
},
{
"name" : "macos",
"version" : "12.0"
},
{
"name" : "maccatalyst",
"version" : "15.0"
}
],
"products" : [
{
"name" : "QSChatView",
"targets" : [
"QSChatView"
],
"type" : {
"library" : [
"automatic"
]
}
}
],
"targets" : [
{
"c99name" : "QSChatViewTests",
"module_type" : "SwiftTarget",
"name" : "QSChatViewTests",
"path" : "Tests/QSChatViewTests",
"sources" : [
"ChatControllerTests.swift",
"QSChatViewTests.swift"
],
"target_dependencies" : [
"QSChatView"
],
"type" : "test"
},
{
"c99name" : "QSChatView",
"module_type" : "SwiftTarget",
"name" : "QSChatView",
"path" : "Sources/QSChatView",
"product_memberships" : [
"QSChatView"
],
"sources" : [
"Internal/Components/BetterScrollView.swift",
"Internal/Components/ChatBubble.swift",
"Internal/Components/ChatTextField.swift",
"Internal/Components/TypingIndicator.swift",
"Internal/Components/WrappedChatBubble.swift",
"Internal/Data/ScrollViewData.swift",
"Internal/Modifiers/ContentHeightModifier.swift",
"Internal/Modifiers/ScrollOffsetModifier.swift",
"Internal/PreferenceKeys/ContentHeightPreferenceKey.swift",
"Internal/PreferenceKeys/ScrollOffsetPreferenceKey.swift",
"Internal/Styles/ChatTextFieldStyle.swift",
"Public/ChatAvatar.swift",
"Public/ChatController.swift",
"Public/ChatMessage.swift",
"Public/ChatMessageContent.swift",
"Public/ChatMessagePromise.swift",
"Public/ChatParticipant.swift",
"Public/ChatParticipantBuilder.swift",
"Public/ChatParticipantRole.swift",
"Public/Config/ChatConfig.swift",
"Public/Config/ChatConfigBuilder.swift",
"Public/Config/ChatContextMenuItem.swift",
"Public/Config/ChatScrollBehavior.swift",
"QSChatView.swift"
],
"type" : "library"
}
],
"tools_version" : "5.7"
}
{
"workspace" : {
"name" : "QSChatView",
"schemes" : [
"QSChatView"
]
}
}
2026-09-19 18:12:19.827 xcodebuild[623:3919] [MT] IDERunDestination: Supported platforms for the buildables in the current scheme is empty.
Running build ...
env DEVELOPER_DIR=/Applications/Xcode-27.0.0-Release.Candidate.app xcrun xcodebuild -IDEClonedSourcePackagesDirPathOverride=$PWD/.dependencies -skipMacroValidation -skipPackagePluginValidation -derivedDataPath $PWD/.derivedData build -scheme QSChatView -destination generic/platform=xrOS
Command line invocation:
/Applications/Xcode-27.0.0-Release.Candidate.app/Contents/Developer/usr/bin/xcodebuild -IDEClonedSourcePackagesDirPathOverride=/Users/admin/builder/spi-builder-workspace/.dependencies -skipMacroValidation -skipPackagePluginValidation -derivedDataPath /Users/admin/builder/spi-builder-workspace/.derivedData build -scheme QSChatView -destination generic/platform=xrOS
Resolve Package Graph
Resolved source packages:
QSChatView: /Users/admin/builder/spi-builder-workspace
ComputePackagePrebuildTargetDependencyGraph
Prepare packages
CreateBuildRequest
SendProjectDescription
CreateBuildOperation
ComputeTargetDependencyGraph
note: Building targets in dependency order
note: Target dependency graph (3 targets)
Target 'QSChatViewTests-product' in project 'QSChatView'
➜ Explicit dependency on target 'QSChatView' in project 'QSChatView'
Target 'QSChatView-product' in project 'QSChatView'
➜ Explicit dependency on target 'QSChatView' in project 'QSChatView'
Target 'QSChatView' in project 'QSChatView' (no dependencies)
GatherProvisioningInputs
CreateBuildDescription
ExecuteExternalTool /Applications/Xcode-27.0.0-Release.Candidate.app/Contents/Developer/Toolchains/XcodeDefault.xctoolchain/usr/bin/clang -v -E -dM -isysroot /Applications/Xcode-27.0.0-Release.Candidate.app/Contents/Developer/Platforms/XROS.platform/Developer/SDKs/XROS27.0.sdk -x c -c /dev/null
ExecuteExternalTool /Applications/Xcode-27.0.0-Release.Candidate.app/Contents/Developer/Toolchains/XcodeDefault.xctoolchain/usr/bin/swiftc --version
ExecuteExternalTool /Applications/Xcode-27.0.0-Release.Candidate.app/Contents/Developer/Toolchains/XcodeDefault.xctoolchain/usr/bin/ld -version_details
Build description signature: b4e3335660f74be2a5268ac17540cde3
Build description path: /Users/admin/builder/spi-builder-workspace/.derivedData/Build/Intermediates.noindex/XCBuildData/b4e3335660f74be2a5268ac17540cde3.xcbuilddata
CreateBuildDirectory /Users/admin/builder/spi-builder-workspace/.derivedData/CompilationCache.noindex
cd /Users/admin/builder/spi-builder-workspace/.swiftpm/xcode
builtin-create-build-directory /Users/admin/builder/spi-builder-workspace/.derivedData/CompilationCache.noindex
CreateBuildDirectory /Users/admin/builder/spi-builder-workspace/.derivedData/SDKExplicitPrecompiledModules
cd /Users/admin/builder/spi-builder-workspace/.swiftpm/xcode
builtin-create-build-directory /Users/admin/builder/spi-builder-workspace/.derivedData/SDKExplicitPrecompiledModules
CreateBuildDirectory /Users/admin/builder/spi-builder-workspace/.derivedData/ModuleCache.noindex
cd /Users/admin/builder/spi-builder-workspace/.swiftpm/xcode
builtin-create-build-directory /Users/admin/builder/spi-builder-workspace/.derivedData/ModuleCache.noindex
ClangStatCache /Applications/Xcode-27.0.0-Release.Candidate.app/Contents/Developer/Toolchains/XcodeDefault.xctoolchain/usr/bin/clang-stat-cache /Applications/Xcode-27.0.0-Release.Candidate.app/Contents/Developer/Platforms/XROS.platform/Developer/SDKs/XROS27.0.sdk /Users/admin/builder/spi-builder-workspace/.derivedData/SDKStatCaches.noindex/xros27.0-24M361-e829b21a6f8c9b70876ba0858053c044735bd543db762f57723cac368afd1ce4.sdkstatcache
cd /Users/admin/builder/spi-builder-workspace/.swiftpm/xcode
/Applications/Xcode-27.0.0-Release.Candidate.app/Contents/Developer/Toolchains/XcodeDefault.xctoolchain/usr/bin/clang-stat-cache /Applications/Xcode-27.0.0-Release.Candidate.app/Contents/Developer/Platforms/XROS.platform/Developer/SDKs/XROS27.0.sdk -o /Users/admin/builder/spi-builder-workspace/.derivedData/SDKStatCaches.noindex/xros27.0-24M361-e829b21a6f8c9b70876ba0858053c044735bd543db762f57723cac368afd1ce4.sdkstatcache
CreateBuildDirectory /Users/admin/builder/spi-builder-workspace/.derivedData/Build/Products
cd /Users/admin/builder/spi-builder-workspace/.swiftpm/xcode
builtin-create-build-directory /Users/admin/builder/spi-builder-workspace/.derivedData/Build/Products
CreateBuildDirectory /Users/admin/builder/spi-builder-workspace/.derivedData/Build/Intermediates.noindex
cd /Users/admin/builder/spi-builder-workspace/.swiftpm/xcode
builtin-create-build-directory /Users/admin/builder/spi-builder-workspace/.derivedData/Build/Intermediates.noindex
CreateBuildDirectory /Users/admin/builder/spi-builder-workspace/.derivedData/Build/Intermediates.noindex/PrecompiledHeaders
cd /Users/admin/builder/spi-builder-workspace/.swiftpm/xcode
builtin-create-build-directory /Users/admin/builder/spi-builder-workspace/.derivedData/Build/Intermediates.noindex/PrecompiledHeaders
CreateBuildDirectory /Users/admin/builder/spi-builder-workspace/.derivedData/Build/Intermediates.noindex/SwiftExplicitPrecompiledModules
cd /Users/admin/builder/spi-builder-workspace/.swiftpm/xcode
builtin-create-build-directory /Users/admin/builder/spi-builder-workspace/.derivedData/Build/Intermediates.noindex/SwiftExplicitPrecompiledModules
CreateBuildDirectory /Users/admin/builder/spi-builder-workspace/.derivedData/Build/Intermediates.noindex/ExplicitPrecompiledModules
cd /Users/admin/builder/spi-builder-workspace/.swiftpm/xcode
builtin-create-build-directory /Users/admin/builder/spi-builder-workspace/.derivedData/Build/Intermediates.noindex/ExplicitPrecompiledModules
CreateBuildDirectory /Users/admin/builder/spi-builder-workspace/.derivedData/Build/Intermediates.noindex/EagerLinkingTBDs/Debug-xros
cd /Users/admin/builder/spi-builder-workspace/.swiftpm/xcode
builtin-create-build-directory /Users/admin/builder/spi-builder-workspace/.derivedData/Build/Intermediates.noindex/EagerLinkingTBDs/Debug-xros
CreateBuildDirectory /Users/admin/builder/spi-builder-workspace/.derivedData/Build/Products/Debug-xros
cd /Users/admin/builder/spi-builder-workspace/.swiftpm/xcode
builtin-create-build-directory /Users/admin/builder/spi-builder-workspace/.derivedData/Build/Products/Debug-xros
CreateBuildDirectory /Users/admin/builder/spi-builder-workspace/.derivedData/Build/Products/Debug-xros/PackageFrameworks
cd /Users/admin/builder/spi-builder-workspace/.swiftpm/xcode
builtin-create-build-directory /Users/admin/builder/spi-builder-workspace/.derivedData/Build/Products/Debug-xros/PackageFrameworks
WriteAuxiliaryFile /Users/admin/builder/spi-builder-workspace/.derivedData/Build/Intermediates.noindex/QSChatView.build/Debug-xros/QSChatViewTests-p.build/QSChatViewTests.DependencyMetadataFileList (in target 'QSChatViewTests-product' from project 'QSChatView')
cd /Users/admin/builder/spi-builder-workspace
write-file /Users/admin/builder/spi-builder-workspace/.derivedData/Build/Intermediates.noindex/QSChatView.build/Debug-xros/QSChatViewTests-p.build/QSChatViewTests.DependencyMetadataFileList
WriteAuxiliaryFile /Users/admin/builder/spi-builder-workspace/.derivedData/Build/Intermediates.noindex/QSChatView.build/Debug-xros/QSChatViewTests-p.build/QSChatViewTests.DependencyStaticMetadataFileList (in target 'QSChatViewTests-product' from project 'QSChatView')
cd /Users/admin/builder/spi-builder-workspace
write-file /Users/admin/builder/spi-builder-workspace/.derivedData/Build/Intermediates.noindex/QSChatView.build/Debug-xros/QSChatViewTests-p.build/QSChatViewTests.DependencyStaticMetadataFileList
WriteAuxiliaryFile /Users/admin/builder/spi-builder-workspace/.derivedData/Build/Intermediates.noindex/QSChatView.build/Debug-xros/QSChatViewTests-p.build/empty-QSChatViewTests.plist (in target 'QSChatViewTests-product' from project 'QSChatView')
cd /Users/admin/builder/spi-builder-workspace
write-file /Users/admin/builder/spi-builder-workspace/.derivedData/Build/Intermediates.noindex/QSChatView.build/Debug-xros/QSChatViewTests-p.build/empty-QSChatViewTests.plist
WriteAuxiliaryFile /Users/admin/builder/spi-builder-workspace/.derivedData/Build/Intermediates.noindex/QSChatView.build/Debug-xros/QSChatViewTests-p.build/Objects-normal/arm64/QSChatViewTests-OutputFileMap.json (in target 'QSChatViewTests-product' from project 'QSChatView')
cd /Users/admin/builder/spi-builder-workspace
write-file /Users/admin/builder/spi-builder-workspace/.derivedData/Build/Intermediates.noindex/QSChatView.build/Debug-xros/QSChatViewTests-p.build/Objects-normal/arm64/QSChatViewTests-OutputFileMap.json
WriteAuxiliaryFile /Users/admin/builder/spi-builder-workspace/.derivedData/Build/Intermediates.noindex/QSChatView.build/Debug-xros/QSChatViewTests-p.build/Objects-normal/arm64/QSChatViewTests.LinkFileList (in target 'QSChatViewTests-product' from project 'QSChatView')
cd /Users/admin/builder/spi-builder-workspace
write-file /Users/admin/builder/spi-builder-workspace/.derivedData/Build/Intermediates.noindex/QSChatView.build/Debug-xros/QSChatViewTests-p.build/Objects-normal/arm64/QSChatViewTests.LinkFileList
WriteAuxiliaryFile /Users/admin/builder/spi-builder-workspace/.derivedData/Build/Intermediates.noindex/QSChatView.build/Debug-xros/QSChatViewTests-p.build/Objects-normal/arm64/QSChatViewTests_const_extract_protocols.json (in target 'QSChatViewTests-product' from project 'QSChatView')
cd /Users/admin/builder/spi-builder-workspace
write-file /Users/admin/builder/spi-builder-workspace/.derivedData/Build/Intermediates.noindex/QSChatView.build/Debug-xros/QSChatViewTests-p.build/Objects-normal/arm64/QSChatViewTests_const_extract_protocols.json
WriteAuxiliaryFile /Users/admin/builder/spi-builder-workspace/.derivedData/Build/Intermediates.noindex/QSChatView.build/Debug-xros/QSChatViewTests-p.build/Objects-normal/arm64/QSChatViewTests.SwiftFileList (in target 'QSChatViewTests-product' from project 'QSChatView')
cd /Users/admin/builder/spi-builder-workspace
write-file /Users/admin/builder/spi-builder-workspace/.derivedData/Build/Intermediates.noindex/QSChatView.build/Debug-xros/QSChatViewTests-p.build/Objects-normal/arm64/QSChatViewTests.SwiftFileList
WriteAuxiliaryFile /Users/admin/builder/spi-builder-workspace/.derivedData/Build/Intermediates.noindex/QSChatView.build/Debug-xros/QSChatViewTests-p.build/Objects-normal/arm64/QSChatViewTests.SwiftConstValuesFileList (in target 'QSChatViewTests-product' from project 'QSChatView')
cd /Users/admin/builder/spi-builder-workspace
write-file /Users/admin/builder/spi-builder-workspace/.derivedData/Build/Intermediates.noindex/QSChatView.build/Debug-xros/QSChatViewTests-p.build/Objects-normal/arm64/QSChatViewTests.SwiftConstValuesFileList
WriteAuxiliaryFile /Users/admin/builder/spi-builder-workspace/.derivedData/Build/Intermediates.noindex/QSChatView.build/Debug-xros/QSChatView-t.build/QSChatView.modulemap (in target 'QSChatView' from project 'QSChatView')
cd /Users/admin/builder/spi-builder-workspace
write-file /Users/admin/builder/spi-builder-workspace/.derivedData/Build/Intermediates.noindex/QSChatView.build/Debug-xros/QSChatView-t.build/QSChatView.modulemap
WriteAuxiliaryFile /Users/admin/builder/spi-builder-workspace/.derivedData/Build/Intermediates.noindex/QSChatView.build/Debug-xros/QSChatView-t.build/QSChatView.DependencyStaticMetadataFileList (in target 'QSChatView' from project 'QSChatView')
cd /Users/admin/builder/spi-builder-workspace
write-file /Users/admin/builder/spi-builder-workspace/.derivedData/Build/Intermediates.noindex/QSChatView.build/Debug-xros/QSChatView-t.build/QSChatView.DependencyStaticMetadataFileList
WriteAuxiliaryFile /Users/admin/builder/spi-builder-workspace/.derivedData/Build/Intermediates.noindex/QSChatView.build/Debug-xros/QSChatView-t.build/QSChatView.DependencyMetadataFileList (in target 'QSChatView' from project 'QSChatView')
cd /Users/admin/builder/spi-builder-workspace
write-file /Users/admin/builder/spi-builder-workspace/.derivedData/Build/Intermediates.noindex/QSChatView.build/Debug-xros/QSChatView-t.build/QSChatView.DependencyMetadataFileList
WriteAuxiliaryFile /Users/admin/builder/spi-builder-workspace/.derivedData/Build/Intermediates.noindex/QSChatView.build/Debug-xros/QSChatView-t.build/Objects-normal/arm64/QSChatView.SwiftFileList (in target 'QSChatView' from project 'QSChatView')
cd /Users/admin/builder/spi-builder-workspace
write-file /Users/admin/builder/spi-builder-workspace/.derivedData/Build/Intermediates.noindex/QSChatView.build/Debug-xros/QSChatView-t.build/Objects-normal/arm64/QSChatView.SwiftFileList
WriteAuxiliaryFile /Users/admin/builder/spi-builder-workspace/.derivedData/Build/Intermediates.noindex/QSChatView.build/Debug-xros/QSChatView-t.build/Objects-normal/arm64/QSChatView.SwiftConstValuesFileList (in target 'QSChatView' from project 'QSChatView')
cd /Users/admin/builder/spi-builder-workspace
write-file /Users/admin/builder/spi-builder-workspace/.derivedData/Build/Intermediates.noindex/QSChatView.build/Debug-xros/QSChatView-t.build/Objects-normal/arm64/QSChatView.SwiftConstValuesFileList
WriteAuxiliaryFile /Users/admin/builder/spi-builder-workspace/.derivedData/Build/Intermediates.noindex/QSChatView.build/Debug-xros/QSChatView-t.build/Objects-normal/arm64/QSChatView_const_extract_protocols.json (in target 'QSChatView' from project 'QSChatView')
cd /Users/admin/builder/spi-builder-workspace
write-file /Users/admin/builder/spi-builder-workspace/.derivedData/Build/Intermediates.noindex/QSChatView.build/Debug-xros/QSChatView-t.build/Objects-normal/arm64/QSChatView_const_extract_protocols.json
WriteAuxiliaryFile /Users/admin/builder/spi-builder-workspace/.derivedData/Build/Intermediates.noindex/QSChatView.build/Debug-xros/QSChatView-t.build/Objects-normal/arm64/QSChatView.LinkFileList (in target 'QSChatView' from project 'QSChatView')
cd /Users/admin/builder/spi-builder-workspace
write-file /Users/admin/builder/spi-builder-workspace/.derivedData/Build/Intermediates.noindex/QSChatView.build/Debug-xros/QSChatView-t.build/Objects-normal/arm64/QSChatView.LinkFileList
WriteAuxiliaryFile /Users/admin/builder/spi-builder-workspace/.derivedData/Build/Intermediates.noindex/QSChatView.build/Debug-xros/QSChatView-t.build/Objects-normal/arm64/QSChatView-OutputFileMap.json (in target 'QSChatView' from project 'QSChatView')
cd /Users/admin/builder/spi-builder-workspace
write-file /Users/admin/builder/spi-builder-workspace/.derivedData/Build/Intermediates.noindex/QSChatView.build/Debug-xros/QSChatView-t.build/Objects-normal/arm64/QSChatView-OutputFileMap.json
MkDir /Users/admin/builder/spi-builder-workspace/.derivedData/Build/Products/Debug-xros/QSChatViewTests.xctest (in target 'QSChatViewTests-product' from project 'QSChatView')
cd /Users/admin/builder/spi-builder-workspace
/bin/mkdir -p /Users/admin/builder/spi-builder-workspace/.derivedData/Build/Products/Debug-xros/QSChatViewTests.xctest
Copy /Users/admin/builder/spi-builder-workspace/.derivedData/Build/Intermediates.noindex/GeneratedModuleMaps-xros/QSChatView.modulemap /Users/admin/builder/spi-builder-workspace/.derivedData/Build/Intermediates.noindex/QSChatView.build/Debug-xros/QSChatView-t.build/QSChatView.modulemap (in target 'QSChatView' from project 'QSChatView')
cd /Users/admin/builder/spi-builder-workspace
builtin-copy -exclude .DS_Store -exclude CVS -exclude .svn -exclude .git -exclude .hg -resolve-src-symlinks /Users/admin/builder/spi-builder-workspace/.derivedData/Build/Intermediates.noindex/QSChatView.build/Debug-xros/QSChatView-t.build/QSChatView.modulemap /Users/admin/builder/spi-builder-workspace/.derivedData/Build/Intermediates.noindex/GeneratedModuleMaps-xros
SwiftDriver QSChatView normal arm64 com.apple.xcode.tools.swift.compiler (in target 'QSChatView' from project 'QSChatView')
cd /Users/admin/builder/spi-builder-workspace/.swiftpm/xcode
builtin-SwiftDriver -- /Applications/Xcode-27.0.0-Release.Candidate.app/Contents/Developer/Toolchains/XcodeDefault.xctoolchain/usr/bin/swiftc -parse-as-library -module-name QSChatView -Onone @/Users/admin/builder/spi-builder-workspace/.derivedData/Build/Intermediates.noindex/QSChatView.build/Debug-xros/QSChatView-t.build/Objects-normal/arm64/QSChatView.SwiftFileList -DSWIFT_PACKAGE -DDEBUG -DSWIFT_MODULE_RESOURCE_BUNDLE_UNAVAILABLE -DXcode -plugin-path /Applications/Xcode-27.0.0-Release.Candidate.app/Contents/Developer/Toolchains/XcodeDefault.xctoolchain/usr/lib/swift/host/plugins/testing -enable-experimental-feature DebugDescriptionMacro -sdk /Applications/Xcode-27.0.0-Release.Candidate.app/Contents/Developer/Platforms/XROS.platform/Developer/SDKs/XROS27.0.sdk -target arm64-apple-xros1.0 -g -module-cache-path /Users/admin/builder/spi-builder-workspace/.derivedData/ModuleCache.noindex -Xfrontend -serialize-debugging-options -enable-testing -index-store-path /Users/admin/builder/spi-builder-workspace/.derivedData/Index.noindex/DataStore -Xcc -D_LIBCPP_HARDENING_MODE\=_LIBCPP_HARDENING_MODE_DEBUG -swift-version 5 -I /Users/admin/builder/spi-builder-workspace/.derivedData/Build/Products/Debug-xros -Isystem /Applications/Xcode-27.0.0-Release.Candidate.app/Contents/Developer/Platforms/XROS.platform/Developer/usr/lib -F /Users/admin/builder/spi-builder-workspace/.derivedData/Build/Products/Debug-xros -F /Applications/Xcode-27.0.0-Release.Candidate.app/Contents/Developer/Platforms/XROS.platform/Developer/Library/Frameworks -F /Applications/Xcode-27.0.0-Release.Candidate.app/Contents/Developer/Platforms/XROS.platform/Developer/SDKs/XROS27.0.sdk/Developer/Library/Frameworks -c -j10 -enable-batch-mode -incremental -Xcc -ivfsstatcache -Xcc /Users/admin/builder/spi-builder-workspace/.derivedData/SDKStatCaches.noindex/xros27.0-24M361-e829b21a6f8c9b70876ba0858053c044735bd543db762f57723cac368afd1ce4.sdkstatcache -output-file-map /Users/admin/builder/spi-builder-workspace/.derivedData/Build/Intermediates.noindex/QSChatView.build/Debug-xros/QSChatView-t.build/Objects-normal/arm64/QSChatView-OutputFileMap.json -save-temps -no-color-diagnostics -explicit-module-build -module-cache-path /Users/admin/builder/spi-builder-workspace/.derivedData/Build/Intermediates.noindex/SwiftExplicitPrecompiledModules -clang-scanner-module-cache-path /Users/admin/builder/spi-builder-workspace/.derivedData/ModuleCache.noindex -sdk-module-cache-path /Users/admin/builder/spi-builder-workspace/.derivedData/SDKExplicitPrecompiledModules -emit-dependencies -emit-module -emit-module-path /Users/admin/builder/spi-builder-workspace/.derivedData/Build/Intermediates.noindex/QSChatView.build/Debug-xros/QSChatView-t.build/Objects-normal/arm64/QSChatView.swiftmodule -serialize-diagnostics -dependency-scan-serialize-diagnostics-path /Users/admin/builder/spi-builder-workspace/.derivedData/Build/Intermediates.noindex/QSChatView.build/Debug-xros/QSChatView-t.build/Objects-normal/arm64/QSChatView-dependency-scan.dia -validate-clang-modules-once -clang-build-session-file /Users/admin/builder/spi-builder-workspace/.derivedData/ModuleCache.noindex/Session.modulevalidation -Xcc -fmodules-prune-interval\=86400 -Xcc -fmodules-prune-after\=345600 -emit-const-values -const-gather-protocols-list /Users/admin/builder/spi-builder-workspace/.derivedData/Build/Intermediates.noindex/QSChatView.build/Debug-xros/QSChatView-t.build/Objects-normal/arm64/QSChatView_const_extract_protocols.json -Xcc -I/Users/admin/builder/spi-builder-workspace/.derivedData/Build/Products/Debug-xros/include -Xcc -I/Users/admin/builder/spi-builder-workspace/.derivedData/Build/Intermediates.noindex/QSChatView.build/Debug-xros/QSChatView-t.build/DerivedSources-normal/arm64 -Xcc -I/Users/admin/builder/spi-builder-workspace/.derivedData/Build/Intermediates.noindex/QSChatView.build/Debug-xros/QSChatView-t.build/DerivedSources/arm64 -Xcc -I/Users/admin/builder/spi-builder-workspace/.derivedData/Build/Intermediates.noindex/QSChatView.build/Debug-xros/QSChatView-t.build/DerivedSources -Xcc -DSWIFT_PACKAGE -Xcc -DDEBUG\=1 -emit-objc-header -emit-objc-header-path /Users/admin/builder/spi-builder-workspace/.derivedData/Build/Intermediates.noindex/QSChatView.build/Debug-xros/QSChatView-t.build/Objects-normal/arm64/QSChatView-Swift.h -working-directory /Users/admin/builder/spi-builder-workspace/.swiftpm/xcode -experimental-emit-module-separately -disable-cmo
SwiftExplicitDependencyGeneratePcm arm64 /Users/admin/builder/spi-builder-workspace/.derivedData/SDKExplicitPrecompiledModules/_Builtin_float-6WKHNW5S40U2QGHXXGETUDIRA.pcm
SwiftExplicitDependencyGeneratePcm arm64 /Users/admin/builder/spi-builder-workspace/.derivedData/SDKExplicitPrecompiledModules/SwiftShims-CI4H5RO9IYFFWQ2COB512Q2S9.pcm
SwiftExplicitDependencyGeneratePcm arm64 /Users/admin/builder/spi-builder-workspace/.derivedData/SDKExplicitPrecompiledModules/_Builtin_stdarg-CDA349K2K4US766844K8E0PVA.pcm
SwiftExplicitDependencyGeneratePcm arm64 /Users/admin/builder/spi-builder-workspace/.derivedData/SDKExplicitPrecompiledModules/ptrcheck-BXA97MNLI4BB0HF5I8MJE403D.pcm
SwiftExplicitDependencyGeneratePcm arm64 /Users/admin/builder/spi-builder-workspace/.derivedData/SDKExplicitPrecompiledModules/_SwiftConcurrencyShims-C8XHKSHX96D5YYALNM4W70Z0O.pcm
SwiftExplicitDependencyGeneratePcm arm64 /Users/admin/builder/spi-builder-workspace/.derivedData/SDKExplicitPrecompiledModules/_Builtin_stddef-5NQ9Z1GV07GBSRQGAQCGXGVRI.pcm
SwiftExplicitDependencyGeneratePcm arm64 /Users/admin/builder/spi-builder-workspace/.derivedData/SDKExplicitPrecompiledModules/DeveloperToolsSupport-46GOQP8J1QTHLYQSJW81T8UZ3.pcm
SwiftExplicitDependencyGeneratePcm arm64 /Users/admin/builder/spi-builder-workspace/.derivedData/SDKExplicitPrecompiledModules/ptrauth-1WBA714DZSVUL5JQDJ08CLKZ.pcm
SwiftExplicitDependencyGeneratePcm arm64 /Users/admin/builder/spi-builder-workspace/.derivedData/SDKExplicitPrecompiledModules/ShaderGraph-AW1O397P711WTY8KSK8LZX9YA.pcm
SwiftExplicitDependencyGeneratePcm arm64 /Users/admin/builder/spi-builder-workspace/.derivedData/SDKExplicitPrecompiledModules/_Builtin_stdbool-5BU2ADS7JXQMYENKQHW9X8XOU.pcm
SwiftExplicitDependencyGeneratePcm arm64 /Users/admin/builder/spi-builder-workspace/.derivedData/SDKExplicitPrecompiledModules/_AvailabilityInternal-1Q8IQP6M38UWSGZ95UCEY2M44.pcm
SwiftExplicitDependencyGeneratePcm arm64 /Users/admin/builder/spi-builder-workspace/.derivedData/SDKExplicitPrecompiledModules/_DarwinFoundation1-5RGRVV2TZ6WC4WZW5IXF8NQ04.pcm
SwiftExplicitDependencyGeneratePcm arm64 /Users/admin/builder/spi-builder-workspace/.derivedData/SDKExplicitPrecompiledModules/_Builtin_limits-425JDMN5HPM3D0UEI8LEHP6NM.pcm
SwiftExplicitDependencyGeneratePcm arm64 /Users/admin/builder/spi-builder-workspace/.derivedData/SDKExplicitPrecompiledModules/_DarwinFoundation2-ENTECK156YEWITZRRBTOCE4KR.pcm
SwiftExplicitDependencyGeneratePcm arm64 /Users/admin/builder/spi-builder-workspace/.derivedData/SDKExplicitPrecompiledModules/string_h-2GT67HHHHK5CF1V1S31LH0PU2.pcm
SwiftExplicitDependencyGeneratePcm arm64 /Users/admin/builder/spi-builder-workspace/.derivedData/SDKExplicitPrecompiledModules/_Builtin_stdint-8OR6T47OOYJA90ZBO3N1USDE.pcm
SwiftExplicitDependencyGeneratePcm arm64 /Users/admin/builder/spi-builder-workspace/.derivedData/SDKExplicitPrecompiledModules/sys_types-AYM0BHR77VKMWZCO2T0XGV2HF.pcm
SwiftExplicitDependencyGeneratePcm arm64 /Users/admin/builder/spi-builder-workspace/.derivedData/SDKExplicitPrecompiledModules/_Builtin_tgmath-BPYSMHWI520EQRL2HW519ZY7Z.pcm
SwiftExplicitDependencyGeneratePcm arm64 /Users/admin/builder/spi-builder-workspace/.derivedData/SDKExplicitPrecompiledModules/_Builtin_stdatomic-1VUZPM79PNCAHXVBERD53WRSF.pcm
SwiftExplicitDependencyGeneratePcm arm64 /Users/admin/builder/spi-builder-workspace/.derivedData/SDKExplicitPrecompiledModules/_Builtin_intrinsics-BC5IJI3YI34RQ61ZNVDRDZ6RN.pcm
SwiftExplicitDependencyGeneratePcm arm64 /Users/admin/builder/spi-builder-workspace/.derivedData/SDKExplicitPrecompiledModules/_DarwinFoundation3-9ZHN6JKBS40BBA81RQMV8H0IC.pcm
SwiftExplicitDependencyGeneratePcm arm64 /Users/admin/builder/spi-builder-workspace/.derivedData/SDKExplicitPrecompiledModules/_Builtin_inttypes-11B64KJD36B3YOHBR1BBXBJY8.pcm
SwiftExplicitDependencyGeneratePcm arm64 /Users/admin/builder/spi-builder-workspace/.derivedData/SDKExplicitPrecompiledModules/Darwin-60P5LVNQO3ESRRM5DCJ05PFNK.pcm
SwiftExplicitDependencyGeneratePcm arm64 /Users/admin/builder/spi-builder-workspace/.derivedData/SDKExplicitPrecompiledModules/simd-9XXAB17Y6E4BBPQADD61NZ23.pcm
SwiftExplicitDependencyGeneratePcm arm64 /Users/admin/builder/spi-builder-workspace/.derivedData/SDKExplicitPrecompiledModules/ObjectiveC-26TIBFYCEJZVP216ZZAU1X8KN.pcm
SwiftExplicitDependencyGeneratePcm arm64 /Users/admin/builder/spi-builder-workspace/.derivedData/SDKExplicitPrecompiledModules/MachO-3XTHY7HWV6RF3KXKYQVHUBUXK.pcm
SwiftExplicitDependencyGeneratePcm arm64 /Users/admin/builder/spi-builder-workspace/.derivedData/SDKExplicitPrecompiledModules/os_object-692CJ8BG6RE5H04487EJJOVXW.pcm
SwiftExplicitDependencyGeneratePcm arm64 /Users/admin/builder/spi-builder-workspace/.derivedData/SDKExplicitPrecompiledModules/os_workgroup-4U1VXMWIZD80E7PRUQF2G7P9X.pcm
SwiftExplicitDependencyGeneratePcm arm64 /Users/admin/builder/spi-builder-workspace/.derivedData/SDKExplicitPrecompiledModules/Dispatch-CLT3466HKC22GCKAWSCNG0H7T.pcm
SwiftExplicitDependencyGeneratePcm arm64 /Users/admin/builder/spi-builder-workspace/.derivedData/SDKExplicitPrecompiledModules/Spatial-5E0I2846LO3ZE24CSVR2O57TI.pcm
SwiftExplicitDependencyGeneratePcm arm64 /Users/admin/builder/spi-builder-workspace/.derivedData/SDKExplicitPrecompiledModules/CoreFoundation-AVLTZVCXBU2TO75JCN4AGU8XJ.pcm
SwiftExplicitDependencyGeneratePcm arm64 /Users/admin/builder/spi-builder-workspace/.derivedData/SDKExplicitPrecompiledModules/XPC-EP5EU7FNGP4VOA3EDM18P1KHO.pcm
SwiftExplicitDependencyGeneratePcm arm64 /Users/admin/builder/spi-builder-workspace/.derivedData/SDKExplicitPrecompiledModules/dnssd-CCUV1M8EULNEQJUXO7L0PJAL4.pcm
SwiftExplicitDependencyGeneratePcm arm64 /Users/admin/builder/spi-builder-workspace/.derivedData/SDKExplicitPrecompiledModules/os-1004XEJ3IXOOAU0KL58SM3D0K.pcm
SwiftExplicitDependencyGeneratePcm arm64 /Users/admin/builder/spi-builder-workspace/.derivedData/SDKExplicitPrecompiledModules/CoreGraphics-BFUJ177R223UT2ZI327ZTZY91.pcm
SwiftExplicitDependencyGeneratePcm arm64 /Users/admin/builder/spi-builder-workspace/.derivedData/SDKExplicitPrecompiledModules/CoreAudioTypes-45UXYEQRN95KG6BF2CW0QIYK9.pcm
SwiftExplicitDependencyGeneratePcm arm64 /Users/admin/builder/spi-builder-workspace/.derivedData/SDKExplicitPrecompiledModules/CFNetwork-5MI70N1VLDQSWTX4COWLMSIRO.pcm
SwiftExplicitDependencyGeneratePcm arm64 /Users/admin/builder/spi-builder-workspace/.derivedData/SDKExplicitPrecompiledModules/Security-8TH2M8WJIQMET4SADWX0N8372.pcm
SwiftExplicitDependencyGeneratePcm arm64 /Users/admin/builder/spi-builder-workspace/.derivedData/SDKExplicitPrecompiledModules/CoreAudio-CXS3C78T5TQDGLEGXIBJ04WJ4.pcm
SwiftExplicitDependencyGeneratePcm arm64 /Users/admin/builder/spi-builder-workspace/.derivedData/SDKExplicitPrecompiledModules/Foundation-8GON1KVEKRN3NOQI8RETBRWJP.pcm
SwiftExplicitDependencyGeneratePcm arm64 /Users/admin/builder/spi-builder-workspace/.derivedData/SDKExplicitPrecompiledModules/ImageIO-5CC6COR9KJYI1UBL7CSHLU2OG.pcm
SwiftExplicitDependencyGeneratePcm arm64 /Users/admin/builder/spi-builder-workspace/.derivedData/SDKExplicitPrecompiledModules/CoreText-6F9TY5TEPCCZ1K2KYM4GMEGHD.pcm
SwiftExplicitDependencyGeneratePcm arm64 /Users/admin/builder/spi-builder-workspace/.derivedData/SDKExplicitPrecompiledModules/UniformTypeIdentifiers-E5KMWDZEKS4QW9RO1KBRDEXV6.pcm
SwiftExplicitDependencyGeneratePcm arm64 /Users/admin/builder/spi-builder-workspace/.derivedData/SDKExplicitPrecompiledModules/UIUtilities-AOVGLUWEAN6CG2UZFNESGSP6C.pcm
SwiftExplicitDependencyGeneratePcm arm64 /Users/admin/builder/spi-builder-workspace/.derivedData/SDKExplicitPrecompiledModules/Symbols-8G2XC01RPQ5HYIZE6JNUT864I.pcm
SwiftExplicitDependencyGeneratePcm arm64 /Users/admin/builder/spi-builder-workspace/.derivedData/SDKExplicitPrecompiledModules/Network-EQPZZF3W6BWG89K0PY9NZO3T0.pcm
SwiftExplicitDependencyGeneratePcm arm64 /Users/admin/builder/spi-builder-workspace/.derivedData/SDKExplicitPrecompiledModules/UserNotifications-8IIV1V1FPNAPA4LY1Y23LOM2N.pcm
SwiftExplicitDependencyGeneratePcm arm64 /Users/admin/builder/spi-builder-workspace/.derivedData/SDKExplicitPrecompiledModules/Accessibility-1DR4J4YDVDGAYQTZ0FKZ1PU09.pcm
SwiftExplicitDependencyGeneratePcm arm64 /Users/admin/builder/spi-builder-workspace/.derivedData/SDKExplicitPrecompiledModules/IOSurface-5FE9U89GVFF9A7X7AGO2R8ENI.pcm
SwiftExplicitDependencyGeneratePcm arm64 /Users/admin/builder/spi-builder-workspace/.derivedData/SDKExplicitPrecompiledModules/CoreData-73N6Z547OZUEZ8ADGEC6XRHWN.pcm
SwiftExplicitDependencyGeneratePcm arm64 /Users/admin/builder/spi-builder-workspace/.derivedData/SDKExplicitPrecompiledModules/DataDetection-BANTQ3WXXGKZJYC0LLB3MD9K0.pcm
SwiftExplicitDependencyGeneratePcm arm64 /Users/admin/builder/spi-builder-workspace/.derivedData/SDKExplicitPrecompiledModules/_LocationEssentials-8GQGFVARUE99D8VJX3TINY0VP.pcm
SwiftExplicitDependencyGeneratePcm arm64 /Users/admin/builder/spi-builder-workspace/.derivedData/SDKExplicitPrecompiledModules/OSLog-BNGT87TS0GMBFF7TY70HHB69.pcm
SwiftExplicitDependencyGeneratePcm arm64 /Users/admin/builder/spi-builder-workspace/.derivedData/SDKExplicitPrecompiledModules/CoreTransferable-8TBYAKHCX6UC8QQSS7BD8GQK5.pcm
SwiftExplicitDependencyGeneratePcm arm64 /Users/admin/builder/spi-builder-workspace/.derivedData/SDKExplicitPrecompiledModules/FileProvider-C9I28SI56F2SEVH1BCWTKGODO.pcm
SwiftExplicitDependencyGeneratePcm arm64 /Users/admin/builder/spi-builder-workspace/.derivedData/SDKExplicitPrecompiledModules/CoreLocation-1SN37095DAPVJ068LLP9TBDQX.pcm
SwiftExplicitDependencyGeneratePcm arm64 /Users/admin/builder/spi-builder-workspace/.derivedData/SDKExplicitPrecompiledModules/LocalAuthentication-9MSPUJ85OBXBTOD7NJCT1GZ0O.pcm
SwiftExplicitDependencyGeneratePcm arm64 /Users/admin/builder/spi-builder-workspace/.derivedData/SDKExplicitPrecompiledModules/OpenGLES-56BKSYXNVAP91BYZRWAKQZKGI.pcm
SwiftExplicitDependencyGeneratePcm arm64 /Users/admin/builder/spi-builder-workspace/.derivedData/SDKExplicitPrecompiledModules/Metal-EKNUM9P3PRIBHZK1ZBD6BA2T7.pcm
SwiftExplicitDependencyGeneratePcm arm64 /Users/admin/builder/spi-builder-workspace/.derivedData/SDKExplicitPrecompiledModules/CoreMIDI-7L19IC4ZH9BPYLVTD8IIFWN9R.pcm
SwiftExplicitDependencyGeneratePcm arm64 /Users/admin/builder/spi-builder-workspace/.derivedData/SDKExplicitPrecompiledModules/AVRouting-55P8FRNK50AFZOMMB2LBBOX33.pcm
SwiftExplicitDependencyGeneratePcm arm64 /Users/admin/builder/spi-builder-workspace/.derivedData/SDKExplicitPrecompiledModules/CoreMotion-10LV922UPGE28QX2SOIO7ALIZ.pcm
SwiftExplicitDependencyGeneratePcm arm64 /Users/admin/builder/spi-builder-workspace/.derivedData/SDKExplicitPrecompiledModules/AudioToolbox-2K3S8EA590EB3GMH6D6784BWZ.pcm
SwiftExplicitDependencyCompileModuleFromInterface arm64 /Users/admin/builder/spi-builder-workspace/.derivedData/SDKExplicitPrecompiledModules/ShaderGraph-URHKVVOFZL5Z.swiftmodule
SwiftExplicitDependencyGeneratePcm arm64 /Users/admin/builder/spi-builder-workspace/.derivedData/SDKExplicitPrecompiledModules/CoreVideo-E12HJSJSLO0YKWYBES11UKJ02.pcm
SwiftExplicitDependencyGeneratePcm arm64 /Users/admin/builder/spi-builder-workspace/.derivedData/SDKExplicitPrecompiledModules/CoreML-37QYERWC0RQN4IY4377UD0TY1.pcm
SwiftExplicitDependencyGeneratePcm arm64 /Users/admin/builder/spi-builder-workspace/.derivedData/SDKExplicitPrecompiledModules/CoreImage-8WF1P230U10QM666EQMNV7OF1.pcm
SwiftExplicitDependencyGeneratePcm arm64 /Users/admin/builder/spi-builder-workspace/.derivedData/SDKExplicitPrecompiledModules/CoreMedia-D1IBHC28BRHWLNUG1Q75G5YN0.pcm
SwiftExplicitDependencyGeneratePcm arm64 /Users/admin/builder/spi-builder-workspace/.derivedData/SDKExplicitPrecompiledModules/ARKitFoundation-3N77COW7DLP77CM0PWZXSR9BD.pcm
SwiftExplicitDependencyGeneratePcm arm64 /Users/admin/builder/spi-builder-workspace/.derivedData/SDKExplicitPrecompiledModules/QuartzCore-12T8WVKUNCL1N7VXH87MM4YOB.pcm
SwiftExplicitDependencyGeneratePcm arm64 /Users/admin/builder/spi-builder-workspace/.derivedData/SDKExplicitPrecompiledModules/SwiftUICore-6OBBMA39VFD4CB6SG2PE41FAP.pcm
SwiftExplicitDependencyGeneratePcm arm64 /Users/admin/builder/spi-builder-workspace/.derivedData/SDKExplicitPrecompiledModules/VideoToolbox-7I4MDYIPJ4IWU1ZSL4JE3I7M6.pcm
SwiftExplicitDependencyGeneratePcm arm64 /Users/admin/builder/spi-builder-workspace/.derivedData/SDKExplicitPrecompiledModules/AVFAudio-E8GATWFYYBEBB41O9N0LRRGYC.pcm
SwiftExplicitDependencyGeneratePcm arm64 /Users/admin/builder/spi-builder-workspace/.derivedData/SDKExplicitPrecompiledModules/MediaToolbox-1J5U29ERBPNPI1HKEJHXOP8EV.pcm
SwiftExplicitDependencyGeneratePcm arm64 /Users/admin/builder/spi-builder-workspace/.derivedData/SDKExplicitPrecompiledModules/Vision-DVVG9MQGC3IMTVPTC1691MQ6Z.pcm
SwiftExplicitDependencyGeneratePcm arm64 /Users/admin/builder/spi-builder-workspace/.derivedData/SDKExplicitPrecompiledModules/UIKit-2D2PMAAE45TMO6S28UCGCO5BR.pcm
SwiftExplicitDependencyGeneratePcm arm64 /Users/admin/builder/spi-builder-workspace/.derivedData/SDKExplicitPrecompiledModules/AVFoundation-DFCX8GQJWVA3CZBITWEHAZEFX.pcm
SwiftExplicitDependencyGeneratePcm arm64 /Users/admin/builder/spi-builder-workspace/.derivedData/SDKExplicitPrecompiledModules/ARKitCore-307YVPJLQNB66BTBIONHZNP86.pcm
SwiftExplicitDependencyGeneratePcm arm64 /Users/admin/builder/spi-builder-workspace/.derivedData/SDKExplicitPrecompiledModules/SwiftUI-77PUPXISY3V3TUF5FJEHUQC86.pcm
SwiftExplicitDependencyGeneratePcm arm64 /Users/admin/builder/spi-builder-workspace/.derivedData/SDKExplicitPrecompiledModules/GameController-7QL0VMQHE24OWQFUR0UFT89DW.pcm
SwiftExplicitDependencyGeneratePcm arm64 /Users/admin/builder/spi-builder-workspace/.derivedData/SDKExplicitPrecompiledModules/ARKit-27VDPOZ50FG2MJG7OFV6IFQYQ.pcm
SwiftEmitModule normal arm64 Emitting\ module\ for\ QSChatView (in target 'QSChatView' from project 'QSChatView')
SwiftCompile normal arm64 (in target 'QSChatView' from project 'QSChatView')
cd /Users/admin/builder/spi-builder-workspace/.swiftpm/xcode
SwiftCompile normal arm64 Compiling\ ChatParticipantRole.swift,\ ChatConfig.swift /Users/admin/builder/spi-builder-workspace/Sources/QSChatView/Public/ChatParticipantRole.swift /Users/admin/builder/spi-builder-workspace/Sources/QSChatView/Public/Config/ChatConfig.swift (in target 'QSChatView' from project 'QSChatView')
SwiftCompile normal arm64 /Users/admin/builder/spi-builder-workspace/Sources/QSChatView/Public/ChatParticipantRole.swift (in target 'QSChatView' from project 'QSChatView')
cd /Users/admin/builder/spi-builder-workspace/.swiftpm/xcode
builtin-SwiftPerFileCompile ChatParticipantRole.swift
SwiftCompile normal arm64 /Users/admin/builder/spi-builder-workspace/Sources/QSChatView/Public/Config/ChatConfig.swift (in target 'QSChatView' from project 'QSChatView')
cd /Users/admin/builder/spi-builder-workspace/.swiftpm/xcode
builtin-SwiftPerFileCompile ChatConfig.swift
SwiftCompile normal arm64 Compiling\ ChatConfigBuilder.swift,\ ChatContextMenuItem.swift /Users/admin/builder/spi-builder-workspace/Sources/QSChatView/Public/Config/ChatConfigBuilder.swift /Users/admin/builder/spi-builder-workspace/Sources/QSChatView/Public/Config/ChatContextMenuItem.swift (in target 'QSChatView' from project 'QSChatView')
SwiftCompile normal arm64 /Users/admin/builder/spi-builder-workspace/Sources/QSChatView/Public/Config/ChatConfigBuilder.swift (in target 'QSChatView' from project 'QSChatView')
cd /Users/admin/builder/spi-builder-workspace/.swiftpm/xcode
builtin-SwiftPerFileCompile ChatConfigBuilder.swift
SwiftCompile normal arm64 /Users/admin/builder/spi-builder-workspace/Sources/QSChatView/Public/Config/ChatContextMenuItem.swift (in target 'QSChatView' from project 'QSChatView')
cd /Users/admin/builder/spi-builder-workspace/.swiftpm/xcode
builtin-SwiftPerFileCompile ChatContextMenuItem.swift
SwiftCompile normal arm64 Compiling\ ChatParticipant.swift,\ ChatParticipantBuilder.swift /Users/admin/builder/spi-builder-workspace/Sources/QSChatView/Public/ChatParticipant.swift /Users/admin/builder/spi-builder-workspace/Sources/QSChatView/Public/ChatParticipantBuilder.swift (in target 'QSChatView' from project 'QSChatView')
SwiftCompile normal arm64 /Users/admin/builder/spi-builder-workspace/Sources/QSChatView/Public/ChatParticipant.swift (in target 'QSChatView' from project 'QSChatView')
cd /Users/admin/builder/spi-builder-workspace/.swiftpm/xcode
builtin-SwiftPerFileCompile ChatParticipant.swift
SwiftCompile normal arm64 /Users/admin/builder/spi-builder-workspace/Sources/QSChatView/Public/ChatParticipantBuilder.swift (in target 'QSChatView' from project 'QSChatView')
cd /Users/admin/builder/spi-builder-workspace/.swiftpm/xcode
builtin-SwiftPerFileCompile ChatParticipantBuilder.swift
SwiftCompile normal arm64 Compiling\ ChatScrollBehavior.swift,\ QSChatView.swift /Users/admin/builder/spi-builder-workspace/Sources/QSChatView/Public/Config/ChatScrollBehavior.swift /Users/admin/builder/spi-builder-workspace/Sources/QSChatView/QSChatView.swift (in target 'QSChatView' from project 'QSChatView')
/Users/admin/builder/spi-builder-workspace/Sources/QSChatView/QSChatView.swift:76:22: warning: 'onChange(of:perform:)' was deprecated in visionOS 1.0: Use `onChange` with a two or zero parameter action closure instead. [#DeprecatedDeclaration]
74 | )
75 | }
76 | .onChange(of: scrollView.isScrolledToBottom, perform: { newValue in
| `- warning: 'onChange(of:perform:)' was deprecated in visionOS 1.0: Use `onChange` with a two or zero parameter action closure instead. [#DeprecatedDeclaration]
77 | guard !newValue else { return }
78 | guard let lastMessage = controller.messages.last else { return }
/Users/admin/builder/spi-builder-workspace/Sources/QSChatView/QSChatView.swift:81:22: warning: 'onChange(of:perform:)' was deprecated in visionOS 1.0: Use `onChange` with a two or zero parameter action closure instead. [#DeprecatedDeclaration]
79 | lastSeenMessageId = lastMessage.id
80 | })
81 | .onChange(of: controller.messages, perform: { newValue in
| `- warning: 'onChange(of:perform:)' was deprecated in visionOS 1.0: Use `onChange` with a two or zero parameter action closure instead. [#DeprecatedDeclaration]
82 | withAnimation {
83 | updateUnseenMessages(newValue)
[#DeprecatedDeclaration]: <https://docs.swift.org/compiler/documentation/diagnostics/deprecated-declaration>
SwiftCompile normal arm64 /Users/admin/builder/spi-builder-workspace/Sources/QSChatView/Public/Config/ChatScrollBehavior.swift (in target 'QSChatView' from project 'QSChatView')
cd /Users/admin/builder/spi-builder-workspace/.swiftpm/xcode
builtin-SwiftPerFileCompile ChatScrollBehavior.swift
SwiftCompile normal arm64 /Users/admin/builder/spi-builder-workspace/Sources/QSChatView/QSChatView.swift (in target 'QSChatView' from project 'QSChatView')
cd /Users/admin/builder/spi-builder-workspace/.swiftpm/xcode
builtin-SwiftPerFileCompile QSChatView.swift
SwiftCompile normal arm64 Compiling\ ChatController.swift,\ ChatMessage.swift /Users/admin/builder/spi-builder-workspace/Sources/QSChatView/Public/ChatController.swift /Users/admin/builder/spi-builder-workspace/Sources/QSChatView/Public/ChatMessage.swift (in target 'QSChatView' from project 'QSChatView')
SwiftCompile normal arm64 /Users/admin/builder/spi-builder-workspace/Sources/QSChatView/Public/ChatController.swift (in target 'QSChatView' from project 'QSChatView')
cd /Users/admin/builder/spi-builder-workspace/.swiftpm/xcode
builtin-SwiftPerFileCompile ChatController.swift
SwiftCompile normal arm64 /Users/admin/builder/spi-builder-workspace/Sources/QSChatView/Public/ChatMessage.swift (in target 'QSChatView' from project 'QSChatView')
cd /Users/admin/builder/spi-builder-workspace/.swiftpm/xcode
builtin-SwiftPerFileCompile ChatMessage.swift
SwiftCompile normal arm64 Compiling\ ScrollOffsetPreferenceKey.swift,\ ChatTextFieldStyle.swift,\ ChatAvatar.swift /Users/admin/builder/spi-builder-workspace/Sources/QSChatView/Internal/PreferenceKeys/ScrollOffsetPreferenceKey.swift /Users/admin/builder/spi-builder-workspace/Sources/QSChatView/Internal/Styles/ChatTextFieldStyle.swift /Users/admin/builder/spi-builder-workspace/Sources/QSChatView/Public/ChatAvatar.swift (in target 'QSChatView' from project 'QSChatView')
SwiftCompile normal arm64 /Users/admin/builder/spi-builder-workspace/Sources/QSChatView/Internal/PreferenceKeys/ScrollOffsetPreferenceKey.swift (in target 'QSChatView' from project 'QSChatView')
cd /Users/admin/builder/spi-builder-workspace/.swiftpm/xcode
builtin-SwiftPerFileCompile ScrollOffsetPreferenceKey.swift
SwiftCompile normal arm64 /Users/admin/builder/spi-builder-workspace/Sources/QSChatView/Internal/Styles/ChatTextFieldStyle.swift (in target 'QSChatView' from project 'QSChatView')
cd /Users/admin/builder/spi-builder-workspace/.swiftpm/xcode
builtin-SwiftPerFileCompile ChatTextFieldStyle.swift
SwiftCompile normal arm64 /Users/admin/builder/spi-builder-workspace/Sources/QSChatView/Public/ChatAvatar.swift (in target 'QSChatView' from project 'QSChatView')
cd /Users/admin/builder/spi-builder-workspace/.swiftpm/xcode
builtin-SwiftPerFileCompile ChatAvatar.swift
SwiftCompile normal arm64 Compiling\ ContentHeightModifier.swift,\ ScrollOffsetModifier.swift,\ ContentHeightPreferenceKey.swift /Users/admin/builder/spi-builder-workspace/Sources/QSChatView/Internal/Modifiers/ContentHeightModifier.swift /Users/admin/builder/spi-builder-workspace/Sources/QSChatView/Internal/Modifiers/ScrollOffsetModifier.swift /Users/admin/builder/spi-builder-workspace/Sources/QSChatView/Internal/PreferenceKeys/ContentHeightPreferenceKey.swift (in target 'QSChatView' from project 'QSChatView')
SwiftCompile normal arm64 /Users/admin/builder/spi-builder-workspace/Sources/QSChatView/Internal/Modifiers/ContentHeightModifier.swift (in target 'QSChatView' from project 'QSChatView')
cd /Users/admin/builder/spi-builder-workspace/.swiftpm/xcode
builtin-SwiftPerFileCompile ContentHeightModifier.swift
SwiftCompile normal arm64 /Users/admin/builder/spi-builder-workspace/Sources/QSChatView/Internal/Modifiers/ScrollOffsetModifier.swift (in target 'QSChatView' from project 'QSChatView')
cd /Users/admin/builder/spi-builder-workspace/.swiftpm/xcode
builtin-SwiftPerFileCompile ScrollOffsetModifier.swift
SwiftCompile normal arm64 /Users/admin/builder/spi-builder-workspace/Sources/QSChatView/Internal/PreferenceKeys/ContentHeightPreferenceKey.swift (in target 'QSChatView' from project 'QSChatView')
cd /Users/admin/builder/spi-builder-workspace/.swiftpm/xcode
builtin-SwiftPerFileCompile ContentHeightPreferenceKey.swift
SwiftCompile normal arm64 Compiling\ BetterScrollView.swift,\ ChatBubble.swift,\ ChatTextField.swift /Users/admin/builder/spi-builder-workspace/Sources/QSChatView/Internal/Components/BetterScrollView.swift /Users/admin/builder/spi-builder-workspace/Sources/QSChatView/Internal/Components/ChatBubble.swift /Users/admin/builder/spi-builder-workspace/Sources/QSChatView/Internal/Components/ChatTextField.swift (in target 'QSChatView' from project 'QSChatView')
SwiftCompile normal arm64 /Users/admin/builder/spi-builder-workspace/Sources/QSChatView/Internal/Components/BetterScrollView.swift (in target 'QSChatView' from project 'QSChatView')
cd /Users/admin/builder/spi-builder-workspace/.swiftpm/xcode
builtin-SwiftPerFileCompile BetterScrollView.swift
SwiftCompile normal arm64 /Users/admin/builder/spi-builder-workspace/Sources/QSChatView/Internal/Components/ChatBubble.swift (in target 'QSChatView' from project 'QSChatView')
cd /Users/admin/builder/spi-builder-workspace/.swiftpm/xcode
builtin-SwiftPerFileCompile ChatBubble.swift
SwiftCompile normal arm64 /Users/admin/builder/spi-builder-workspace/Sources/QSChatView/Internal/Components/ChatTextField.swift (in target 'QSChatView' from project 'QSChatView')
cd /Users/admin/builder/spi-builder-workspace/.swiftpm/xcode
builtin-SwiftPerFileCompile ChatTextField.swift
/Users/admin/builder/spi-builder-workspace/Sources/QSChatView/Internal/Components/ChatBubble.swift:37:31: error: cannot find 'timestampColor' in scope
35 | paragraphStyle.lineBreakMode = .byWordWrapping
36 | var str = AttributedString(stringLiteral: message.displayTimeStamp)
37 | str.foregroundColor = timestampColor
| `- error: cannot find 'timestampColor' in scope
38 | str.paragraphStyle = paragraphStyle
39 | str.font = .footnote
/Users/admin/builder/spi-builder-workspace/Sources/QSChatView/Internal/Components/ChatBubble.swift:38:9: warning: conformance of 'NSParagraphStyle' to 'Sendable' is unavailable in visionOS
36 | var str = AttributedString(stringLiteral: message.displayTimeStamp)
37 | str.foregroundColor = timestampColor
38 | str.paragraphStyle = paragraphStyle
| `- warning: conformance of 'NSParagraphStyle' to 'Sendable' is unavailable in visionOS
39 | str.font = .footnote
40 | return str
/Applications/Xcode-27.0.0-Release.Candidate.app/Contents/Developer/Platforms/XROS.platform/Developer/SDKs/XROS27.0.sdk/System/Library/Frameworks/UIKit.framework/Headers/NSLayoutConstraint.h: 0:124 |
125 | NSLAYOUTCONSTRAINT_EXTERN API_AVAILABLE(macos(10.7), ios(6.0), tvos(9.0)) API_UNAVAILABLE(watchos) NS_SWIFT_UI_ACTOR
126 | @interface NSLayoutConstraint : NSObject
+--- --------------------------------------------------------------
|1 | @_nonSendable(_assumed)
| | `- note: conformance of 'NSParagraphStyle' to 'Sendable' has been explicitly marked unavailable here
+-------------------------------------------------------------------
127 |
128 | /* Create an array of constraints using an ASCII-art-like visual format string. The values of the `metrics` dictionary should be NSNumber (or some other type that responds to -doubleValue and returns a double).
/Users/admin/builder/spi-builder-workspace/Sources/QSChatView/Internal/Components/ChatTextField.swift:46:18: error: 'scrollDismissesKeyboard' is unavailable in visionOS
44 | innerTextField
45 | .textFieldStyle(textFieldStyle)
46 | .scrollDismissesKeyboard(.interactively)
| `- error: 'scrollDismissesKeyboard' is unavailable in visionOS
47 | } else {
48 | innerTextField
SwiftUI.View.scrollDismissesKeyboard:4:27: note: 'scrollDismissesKeyboard' has been explicitly marked unavailable here
2 | @available(iOS 16.0, macOS 13.0, tvOS 16.0, watchOS 9.0, *)
3 | @available(visionOS, unavailable)
4 | nonisolated public func scrollDismissesKeyboard(_ mode: ScrollDismissesKeyboardMode) -> some View
| `- note: 'scrollDismissesKeyboard' has been explicitly marked unavailable here
5 | }
6 |
SwiftCompile normal arm64 Compiling\ TypingIndicator.swift,\ WrappedChatBubble.swift,\ ScrollViewData.swift /Users/admin/builder/spi-builder-workspace/Sources/QSChatView/Internal/Components/TypingIndicator.swift /Users/admin/builder/spi-builder-workspace/Sources/QSChatView/Internal/Components/WrappedChatBubble.swift /Users/admin/builder/spi-builder-workspace/Sources/QSChatView/Internal/Data/ScrollViewData.swift (in target 'QSChatView' from project 'QSChatView')
/Users/admin/builder/spi-builder-workspace/Sources/QSChatView/Internal/Data/ScrollViewData.swift:28:5: error: missing return in getter expected to return 'Double'
26 | return Double(NSApplication.shared.mainWindow?.frame.height ?? 0)
27 | #endif
28 | }
| `- error: missing return in getter expected to return 'Double'
29 |
30 | func updateIsScrolledToBottom() {
Failed frontend command:
/Applications/Xcode-27.0.0-Release.Candidate.app/Contents/Developer/Toolchains/XcodeDefault.xctoolchain/usr/bin/swift-frontend -frontend -c /Users/admin/builder/spi-builder-workspace/Sources/QSChatView/Internal/Components/BetterScrollView.swift /Users/admin/builder/spi-builder-workspace/Sources/QSChatView/Internal/Components/ChatBubble.swift /Users/admin/builder/spi-builder-workspace/Sources/QSChatView/Internal/Components/ChatTextField.swift -primary-file /Users/admin/builder/spi-builder-workspace/Sources/QSChatView/Internal/Components/TypingIndicator.swift -primary-file /Users/admin/builder/spi-builder-workspace/Sources/QSChatView/Internal/Components/WrappedChatBubble.swift -primary-file /Users/admin/builder/spi-builder-workspace/Sources/QSChatView/Internal/Data/ScrollViewData.swift /Users/admin/builder/spi-builder-workspace/Sources/QSChatView/Internal/Modifiers/ContentHeightModifier.swift /Users/admin/builder/spi-builder-workspace/Sources/QSChatView/Internal/Modifiers/ScrollOffsetModifier.swift /Users/admin/builder/spi-builder-workspace/Sources/QSChatView/Internal/PreferenceKeys/ContentHeightPreferenceKey.swift /Users/admin/builder/spi-builder-workspace/Sources/QSChatView/Internal/PreferenceKeys/ScrollOffsetPreferenceKey.swift /Users/admin/builder/spi-builder-workspace/Sources/QSChatView/Internal/Styles/ChatTextFieldStyle.swift /Users/admin/builder/spi-builder-workspace/Sources/QSChatView/Public/ChatAvatar.swift /Users/admin/builder/spi-builder-workspace/Sources/QSChatView/Public/ChatController.swift /Users/admin/builder/spi-builder-workspace/Sources/QSChatView/Public/ChatMessage.swift /Users/admin/builder/spi-builder-workspace/Sources/QSChatView/Public/ChatMessageContent.swift /Users/admin/builder/spi-builder-workspace/Sources/QSChatView/Public/ChatMessagePromise.swift /Users/admin/builder/spi-builder-workspace/Sources/QSChatView/Public/ChatParticipant.swift /Users/admin/builder/spi-builder-workspace/Sources/QSChatView/Public/ChatParticipantBuilder.swift /Users/admin/builder/spi-builder-workspace/Sources/QSChatView/Public/ChatParticipantRole.swift /Users/admin/builder/spi-builder-workspace/Sources/QSChatView/Public/Config/ChatConfig.swift /Users/admin/builder/spi-builder-workspace/Sources/QSChatView/Public/Config/ChatConfigBuilder.swift /Users/admin/builder/spi-builder-workspace/Sources/QSChatView/Public/Config/ChatContextMenuItem.swift /Users/admin/builder/spi-builder-workspace/Sources/QSChatView/Public/Config/ChatScrollBehavior.swift /Users/admin/builder/spi-builder-workspace/Sources/QSChatView/QSChatView.swift -supplementary-output-file-map /Users/admin/builder/spi-builder-workspace/.derivedData/Build/Intermediates.noindex/QSChatView.build/Debug-xros/QSChatView-t.build/Objects-normal/arm64/supplementaryOutputs-2 -target arm64-apple-xros1.0 -disable-cross-import-overlay-search -load-resolved-plugin /Applications/Xcode-27.0.0-Release.Candidate.app/Contents/Developer/Platforms/XROS.platform/Developer/usr/lib/swift/host/plugins/libFoundationMacros.dylib\#/Applications/Xcode-27.0.0-Release.Candidate.app/Contents/Developer/Platforms/XROS.platform/Developer/usr/bin/swift-plugin-server\#FoundationMacros -load-resolved-plugin /Applications/Xcode-27.0.0-Release.Candidate.app/Contents/Developer/Platforms/XROS.platform/Developer/usr/lib/swift/host/plugins/libObservationMacros.dylib\#/Applications/Xcode-27.0.0-Release.Candidate.app/Contents/Developer/Platforms/XROS.platform/Developer/usr/bin/swift-plugin-server\#ObservationMacros -load-resolved-plugin /Applications/Xcode-27.0.0-Release.Candidate.app/Contents/Developer/Platforms/XROS.platform/Developer/usr/lib/swift/host/plugins/libPreviewsMacros.dylib\#/Applications/Xcode-27.0.0-Release.Candidate.app/Contents/Developer/Platforms/XROS.platform/Developer/usr/bin/swift-plugin-server\#PreviewsMacros -load-resolved-plugin /Applications/Xcode-27.0.0-Release.Candidate.app/Contents/Developer/Platforms/XROS.platform/Developer/usr/lib/swift/host/plugins/libSwiftMacros.dylib\#/Applications/Xcode-27.0.0-Release.Candidate.app/Contents/Developer/Platforms/XROS.platform/Developer/usr/bin/swift-plugin-server\#SwiftMacros -load-resolved-plugin /Applications/Xcode-27.0.0-Release.Candidate.app/Contents/Developer/Platforms/XROS.platform/Developer/usr/lib/swift/host/plugins/libSwiftUIMacros.dylib\#/Applications/Xcode-27.0.0-Release.Candidate.app/Contents/Developer/Platforms/XROS.platform/Developer/usr/bin/swift-plugin-server\#SwiftUIMacros -disable-implicit-swift-modules -Xcc -fno-implicit-modules -Xcc -fno-implicit-module-maps -explicit-swift-module-map-file /Users/admin/builder/spi-builder-workspace/.derivedData/Build/Intermediates.noindex/QSChatView.build/Debug-xros/QSChatView-t.build/Objects-normal/arm64/QSChatView-dependencies-1.json -Xllvm -aarch64-use-tbi -enable-objc-interop -stack-check -sdk /Applications/Xcode-27.0.0-Release.Candidate.app/Contents/Developer/Platforms/XROS.platform/Developer/SDKs/XROS27.0.sdk -I /Users/admin/builder/spi-builder-workspace/.derivedData/Build/Products/Debug-xros -Isystem /Applications/Xcode-27.0.0-Release.Candidate.app/Contents/Developer/Platforms/XROS.platform/Developer/usr/lib -F /Users/admin/builder/spi-builder-workspace/.derivedData/Build/Products/Debug-xros -F /Applications/Xcode-27.0.0-Release.Candidate.app/Contents/Developer/Platforms/XROS.platform/Developer/Library/Frameworks -F /Applications/Xcode-27.0.0-Release.Candidate.app/Contents/Developer/Platforms/XROS.platform/Developer/SDKs/XROS27.0.sdk/Developer/Library/Frameworks -module-cache-path /Users/admin/builder/spi-builder-workspace/.derivedData/Build/Intermediates.noindex/SwiftExplicitPrecompiledModules -no-color-diagnostics -Xcc -fno-color-diagnostics -enable-testing -g -debug-info-format\=dwarf -dwarf-version\=4 -swift-version 5 -Onone -D SWIFT_PACKAGE -D DEBUG -D SWIFT_MODULE_RESOURCE_BUNDLE_UNAVAILABLE -D Xcode -serialize-debugging-options -enable-experimental-feature DebugDescriptionMacro -empty-abi-descriptor -validate-clang-modules-once -clang-build-session-file /Users/admin/builder/spi-builder-workspace/.derivedData/ModuleCache.noindex/Session.modulevalidation -Xcc -working-directory -Xcc /Users/admin/builder/spi-builder-workspace/.swiftpm/xcode -enable-anonymous-context-mangled-names -file-compilation-dir /Users/admin/builder/spi-builder-workspace/.swiftpm/xcode -Xcc -D_LIBCPP_HARDENING_MODE\=_LIBCPP_HARDENING_MODE_DEBUG -Xcc -ivfsstatcache -Xcc /Users/admin/builder/spi-builder-workspace/.derivedData/SDKStatCaches.noindex/xros27.0-24M361-e829b21a6f8c9b70876ba0858053c044735bd543db762f57723cac368afd1ce4.sdkstatcache -Xcc -fmodules-prune-interval\=86400 -Xcc -fmodules-prune-after\=345600 -Xcc -I/Users/admin/builder/spi-builder-workspace/.derivedData/Build/Products/Debug-xros/include -Xcc -I/Users/admin/builder/spi-builder-workspace/.derivedData/Build/Intermediates.noindex/QSChatView.build/Debug-xros/QSChatView-t.build/DerivedSources-normal/arm64 -Xcc -I/Users/admin/builder/spi-builder-workspace/.derivedData/Build/Intermediates.noindex/QSChatView.build/Debug-xros/QSChatView-t.build/DerivedSources/arm64 -Xcc -I/Users/admin/builder/spi-builder-workspace/.derivedData/Build/Intermediates.noindex/QSChatView.build/Debug-xros/QSChatView-t.build/DerivedSources -Xcc -DSWIFT_PACKAGE -Xcc -DDEBUG\=1 -no-auto-bridging-header-chaining -module-name QSChatView -const-gather-protocols-file /Users/admin/builder/spi-builder-workspace/.derivedData/Build/Intermediates.noindex/QSChatView.build/Debug-xros/QSChatView-t.build/Objects-normal/arm64/QSChatView_const_extract_protocols.json -disable-clang-spi -clang-target arm64-apple-xros27.0 -target-sdk-version 27.0 -target-sdk-name xros27.0 -in-process-plugin-server-path /Applications/Xcode-27.0.0-Release.Candidate.app/Contents/Developer/Toolchains/XcodeDefault.xctoolchain/usr/lib/swift/host/libSwiftInProcPluginServer.dylib -parse-as-library -o /Users/admin/builder/spi-builder-workspace/.derivedData/Build/Intermediates.noindex/QSChatView.build/Debug-xros/QSChatView-t.build/Objects-normal/arm64/TypingIndicator.o -o /Users/admin/builder/spi-builder-workspace/.derivedData/Build/Intermediates.noindex/QSChatView.build/Debug-xros/QSChatView-t.build/Objects-normal/arm64/WrappedChatBubble.o -o /Users/admin/builder/spi-builder-workspace/.derivedData/Build/Intermediates.noindex/QSChatView.build/Debug-xros/QSChatView-t.build/Objects-normal/arm64/ScrollViewData.o -debug-module-path /Users/admin/builder/spi-builder-workspace/.derivedData/Build/Intermediates.noindex/QSChatView.build/Debug-xros/QSChatView-t.build/Objects-normal/arm64/QSChatView.swiftmodule -index-unit-output-path /QSChatView.build/Debug-xros/QSChatView-t.build/Objects-normal/arm64/TypingIndicator.o -index-unit-output-path /QSChatView.build/Debug-xros/QSChatView-t.build/Objects-normal/arm64/WrappedChatBubble.o -index-unit-output-path /QSChatView.build/Debug-xros/QSChatView-t.build/Objects-normal/arm64/ScrollViewData.o -index-store-path /Users/admin/builder/spi-builder-workspace/.derivedData/Index.noindex/DataStore -index-system-modules
SwiftCompile normal arm64 /Users/admin/builder/spi-builder-workspace/Sources/QSChatView/Internal/Components/TypingIndicator.swift (in target 'QSChatView' from project 'QSChatView')
cd /Users/admin/builder/spi-builder-workspace/.swiftpm/xcode
builtin-SwiftPerFileCompile TypingIndicator.swift
SwiftCompile normal arm64 /Users/admin/builder/spi-builder-workspace/Sources/QSChatView/Internal/Components/WrappedChatBubble.swift (in target 'QSChatView' from project 'QSChatView')
cd /Users/admin/builder/spi-builder-workspace/.swiftpm/xcode
builtin-SwiftPerFileCompile WrappedChatBubble.swift
SwiftCompile normal arm64 /Users/admin/builder/spi-builder-workspace/Sources/QSChatView/Internal/Data/ScrollViewData.swift (in target 'QSChatView' from project 'QSChatView')
cd /Users/admin/builder/spi-builder-workspace/.swiftpm/xcode
builtin-SwiftPerFileCompile ScrollViewData.swift
SwiftCompile normal arm64 Compiling\ ChatMessageContent.swift,\ ChatMessagePromise.swift /Users/admin/builder/spi-builder-workspace/Sources/QSChatView/Public/ChatMessageContent.swift /Users/admin/builder/spi-builder-workspace/Sources/QSChatView/Public/ChatMessagePromise.swift (in target 'QSChatView' from project 'QSChatView')
SwiftCompile normal arm64 /Users/admin/builder/spi-builder-workspace/Sources/QSChatView/Public/ChatMessageContent.swift (in target 'QSChatView' from project 'QSChatView')
cd /Users/admin/builder/spi-builder-workspace/.swiftpm/xcode
builtin-SwiftPerFileCompile ChatMessageContent.swift
SwiftCompile normal arm64 /Users/admin/builder/spi-builder-workspace/Sources/QSChatView/Public/ChatMessagePromise.swift (in target 'QSChatView' from project 'QSChatView')
cd /Users/admin/builder/spi-builder-workspace/.swiftpm/xcode
builtin-SwiftPerFileCompile ChatMessagePromise.swift
SwiftDriverJobDiscovery normal arm64 Emitting module for QSChatView (in target 'QSChatView' from project 'QSChatView')
SwiftDriver\ Compilation\ Requirements QSChatView normal arm64 com.apple.xcode.tools.swift.compiler (in target 'QSChatView' from project 'QSChatView')
cd /Users/admin/builder/spi-builder-workspace/.swiftpm/xcode
builtin-Swift-Compilation-Requirements -- /Applications/Xcode-27.0.0-Release.Candidate.app/Contents/Developer/Toolchains/XcodeDefault.xctoolchain/usr/bin/swiftc -parse-as-library -module-name QSChatView -Onone @/Users/admin/builder/spi-builder-workspace/.derivedData/Build/Intermediates.noindex/QSChatView.build/Debug-xros/QSChatView-t.build/Objects-normal/arm64/QSChatView.SwiftFileList -DSWIFT_PACKAGE -DDEBUG -DSWIFT_MODULE_RESOURCE_BUNDLE_UNAVAILABLE -DXcode -plugin-path /Applications/Xcode-27.0.0-Release.Candidate.app/Contents/Developer/Toolchains/XcodeDefault.xctoolchain/usr/lib/swift/host/plugins/testing -enable-experimental-feature DebugDescriptionMacro -sdk /Applications/Xcode-27.0.0-Release.Candidate.app/Contents/Developer/Platforms/XROS.platform/Developer/SDKs/XROS27.0.sdk -target arm64-apple-xros1.0 -g -module-cache-path /Users/admin/builder/spi-builder-workspace/.derivedData/ModuleCache.noindex -Xfrontend -serialize-debugging-options -enable-testing -index-store-path /Users/admin/builder/spi-builder-workspace/.derivedData/Index.noindex/DataStore -Xcc -D_LIBCPP_HARDENING_MODE\=_LIBCPP_HARDENING_MODE_DEBUG -swift-version 5 -I /Users/admin/builder/spi-builder-workspace/.derivedData/Build/Products/Debug-xros -Isystem /Applications/Xcode-27.0.0-Release.Candidate.app/Contents/Developer/Platforms/XROS.platform/Developer/usr/lib -F /Users/admin/builder/spi-builder-workspace/.derivedData/Build/Products/Debug-xros -F /Applications/Xcode-27.0.0-Release.Candidate.app/Contents/Developer/Platforms/XROS.platform/Developer/Library/Frameworks -F /Applications/Xcode-27.0.0-Release.Candidate.app/Contents/Developer/Platforms/XROS.platform/Developer/SDKs/XROS27.0.sdk/Developer/Library/Frameworks -c -j10 -enable-batch-mode -incremental -Xcc -ivfsstatcache -Xcc /Users/admin/builder/spi-builder-workspace/.derivedData/SDKStatCaches.noindex/xros27.0-24M361-e829b21a6f8c9b70876ba0858053c044735bd543db762f57723cac368afd1ce4.sdkstatcache -output-file-map /Users/admin/builder/spi-builder-workspace/.derivedData/Build/Intermediates.noindex/QSChatView.build/Debug-xros/QSChatView-t.build/Objects-normal/arm64/QSChatView-OutputFileMap.json -save-temps -no-color-diagnostics -explicit-module-build -module-cache-path /Users/admin/builder/spi-builder-workspace/.derivedData/Build/Intermediates.noindex/SwiftExplicitPrecompiledModules -clang-scanner-module-cache-path /Users/admin/builder/spi-builder-workspace/.derivedData/ModuleCache.noindex -sdk-module-cache-path /Users/admin/builder/spi-builder-workspace/.derivedData/SDKExplicitPrecompiledModules -emit-dependencies -emit-module -emit-module-path /Users/admin/builder/spi-builder-workspace/.derivedData/Build/Intermediates.noindex/QSChatView.build/Debug-xros/QSChatView-t.build/Objects-normal/arm64/QSChatView.swiftmodule -serialize-diagnostics -dependency-scan-serialize-diagnostics-path /Users/admin/builder/spi-builder-workspace/.derivedData/Build/Intermediates.noindex/QSChatView.build/Debug-xros/QSChatView-t.build/Objects-normal/arm64/QSChatView-dependency-scan.dia -validate-clang-modules-once -clang-build-session-file /Users/admin/builder/spi-builder-workspace/.derivedData/ModuleCache.noindex/Session.modulevalidation -Xcc -fmodules-prune-interval\=86400 -Xcc -fmodules-prune-after\=345600 -emit-const-values -const-gather-protocols-list /Users/admin/builder/spi-builder-workspace/.derivedData/Build/Intermediates.noindex/QSChatView.build/Debug-xros/QSChatView-t.build/Objects-normal/arm64/QSChatView_const_extract_protocols.json -Xcc -I/Users/admin/builder/spi-builder-workspace/.derivedData/Build/Products/Debug-xros/include -Xcc -I/Users/admin/builder/spi-builder-workspace/.derivedData/Build/Intermediates.noindex/QSChatView.build/Debug-xros/QSChatView-t.build/DerivedSources-normal/arm64 -Xcc -I/Users/admin/builder/spi-builder-workspace/.derivedData/Build/Intermediates.noindex/QSChatView.build/Debug-xros/QSChatView-t.build/DerivedSources/arm64 -Xcc -I/Users/admin/builder/spi-builder-workspace/.derivedData/Build/Intermediates.noindex/QSChatView.build/Debug-xros/QSChatView-t.build/DerivedSources -Xcc -DSWIFT_PACKAGE -Xcc -DDEBUG\=1 -emit-objc-header -emit-objc-header-path /Users/admin/builder/spi-builder-workspace/.derivedData/Build/Intermediates.noindex/QSChatView.build/Debug-xros/QSChatView-t.build/Objects-normal/arm64/QSChatView-Swift.h -working-directory /Users/admin/builder/spi-builder-workspace/.swiftpm/xcode -experimental-emit-module-separately -disable-cmo
SwiftDriverJobDiscovery normal arm64 Compiling ChatConfigBuilder.swift, ChatContextMenuItem.swift (in target 'QSChatView' from project 'QSChatView')
SwiftDriverJobDiscovery normal arm64 Compiling ChatParticipantRole.swift, ChatConfig.swift (in target 'QSChatView' from project 'QSChatView')
SwiftMergeGeneratedHeaders /Users/admin/builder/spi-builder-workspace/.derivedData/Build/Intermediates.noindex/GeneratedModuleMaps-xros/QSChatView-Swift.h /Users/admin/builder/spi-builder-workspace/.derivedData/Build/Intermediates.noindex/QSChatView.build/Debug-xros/QSChatView-t.build/Objects-normal/arm64/QSChatView-Swift.h (in target 'QSChatView' from project 'QSChatView')
cd /Users/admin/builder/spi-builder-workspace
builtin-swiftHeaderTool -arch arm64 /Users/admin/builder/spi-builder-workspace/.derivedData/Build/Intermediates.noindex/QSChatView.build/Debug-xros/QSChatView-t.build/Objects-normal/arm64/QSChatView-Swift.h -o /Users/admin/builder/spi-builder-workspace/.derivedData/Build/Intermediates.noindex/GeneratedModuleMaps-xros/QSChatView-Swift.h
Copy /Users/admin/builder/spi-builder-workspace/.derivedData/Build/Products/Debug-xros/QSChatView.swiftmodule/arm64-apple-xros.swiftmodule /Users/admin/builder/spi-builder-workspace/.derivedData/Build/Intermediates.noindex/QSChatView.build/Debug-xros/QSChatView-t.build/Objects-normal/arm64/QSChatView.swiftmodule (in target 'QSChatView' from project 'QSChatView')
cd /Users/admin/builder/spi-builder-workspace
builtin-copy -exclude .DS_Store -exclude CVS -exclude .svn -exclude .git -exclude .hg -resolve-src-symlinks -rename /Users/admin/builder/spi-builder-workspace/.derivedData/Build/Intermediates.noindex/QSChatView.build/Debug-xros/QSChatView-t.build/Objects-normal/arm64/QSChatView.swiftmodule /Users/admin/builder/spi-builder-workspace/.derivedData/Build/Products/Debug-xros/QSChatView.swiftmodule/arm64-apple-xros.swiftmodule
Copy /Users/admin/builder/spi-builder-workspace/.derivedData/Build/Products/Debug-xros/QSChatView.swiftmodule/arm64-apple-xros.swiftdoc /Users/admin/builder/spi-builder-workspace/.derivedData/Build/Intermediates.noindex/QSChatView.build/Debug-xros/QSChatView-t.build/Objects-normal/arm64/QSChatView.swiftdoc (in target 'QSChatView' from project 'QSChatView')
cd /Users/admin/builder/spi-builder-workspace
builtin-copy -exclude .DS_Store -exclude CVS -exclude .svn -exclude .git -exclude .hg -resolve-src-symlinks -rename /Users/admin/builder/spi-builder-workspace/.derivedData/Build/Intermediates.noindex/QSChatView.build/Debug-xros/QSChatView-t.build/Objects-normal/arm64/QSChatView.swiftdoc /Users/admin/builder/spi-builder-workspace/.derivedData/Build/Products/Debug-xros/QSChatView.swiftmodule/arm64-apple-xros.swiftdoc
Copy /Users/admin/builder/spi-builder-workspace/.derivedData/Build/Products/Debug-xros/QSChatView.swiftmodule/arm64-apple-xros.abi.json /Users/admin/builder/spi-builder-workspace/.derivedData/Build/Intermediates.noindex/QSChatView.build/Debug-xros/QSChatView-t.build/Objects-normal/arm64/QSChatView.abi.json (in target 'QSChatView' from project 'QSChatView')
cd /Users/admin/builder/spi-builder-workspace
builtin-copy -exclude .DS_Store -exclude CVS -exclude .svn -exclude .git -exclude .hg -resolve-src-symlinks -rename /Users/admin/builder/spi-builder-workspace/.derivedData/Build/Intermediates.noindex/QSChatView.build/Debug-xros/QSChatView-t.build/Objects-normal/arm64/QSChatView.abi.json /Users/admin/builder/spi-builder-workspace/.derivedData/Build/Products/Debug-xros/QSChatView.swiftmodule/arm64-apple-xros.abi.json
Copy /Users/admin/builder/spi-builder-workspace/.derivedData/Build/Products/Debug-xros/QSChatView.swiftmodule/Project/arm64-apple-xros.swiftsourceinfo /Users/admin/builder/spi-builder-workspace/.derivedData/Build/Intermediates.noindex/QSChatView.build/Debug-xros/QSChatView-t.build/Objects-normal/arm64/QSChatView.swiftsourceinfo (in target 'QSChatView' from project 'QSChatView')
cd /Users/admin/builder/spi-builder-workspace
builtin-copy -exclude .DS_Store -exclude CVS -exclude .svn -exclude .git -exclude .hg -resolve-src-symlinks -rename /Users/admin/builder/spi-builder-workspace/.derivedData/Build/Intermediates.noindex/QSChatView.build/Debug-xros/QSChatView-t.build/Objects-normal/arm64/QSChatView.swiftsourceinfo /Users/admin/builder/spi-builder-workspace/.derivedData/Build/Products/Debug-xros/QSChatView.swiftmodule/Project/arm64-apple-xros.swiftsourceinfo
SwiftDriver QSChatViewTests normal arm64 com.apple.xcode.tools.swift.compiler (in target 'QSChatViewTests-product' from project 'QSChatView')
cd /Users/admin/builder/spi-builder-workspace/.swiftpm/xcode
builtin-SwiftDriver -- /Applications/Xcode-27.0.0-Release.Candidate.app/Contents/Developer/Toolchains/XcodeDefault.xctoolchain/usr/bin/swiftc -parse-as-library -module-name QSChatViewTests -Onone @/Users/admin/builder/spi-builder-workspace/.derivedData/Build/Intermediates.noindex/QSChatView.build/Debug-xros/QSChatViewTests-p.build/Objects-normal/arm64/QSChatViewTests.SwiftFileList -DSWIFT_PACKAGE -DDEBUG -DXcode -plugin-path /Applications/Xcode-27.0.0-Release.Candidate.app/Contents/Developer/Toolchains/XcodeDefault.xctoolchain/usr/lib/swift/host/plugins/testing -enable-experimental-feature DebugDescriptionMacro -sdk /Applications/Xcode-27.0.0-Release.Candidate.app/Contents/Developer/Platforms/XROS.platform/Developer/SDKs/XROS27.0.sdk -target arm64-apple-xros1.0 -g -module-cache-path /Users/admin/builder/spi-builder-workspace/.derivedData/ModuleCache.noindex -Xfrontend -serialize-debugging-options -enable-testing -index-store-path /Users/admin/builder/spi-builder-workspace/.derivedData/Index.noindex/DataStore -Xcc -D_LIBCPP_HARDENING_MODE\=_LIBCPP_HARDENING_MODE_DEBUG -swift-version 5 -I /Users/admin/builder/spi-builder-workspace/.derivedData/Build/Products/Debug-xros -Isystem /Applications/Xcode-27.0.0-Release.Candidate.app/Contents/Developer/Platforms/XROS.platform/Developer/usr/lib -F /Users/admin/builder/spi-builder-workspace/.derivedData/Build/Products/Debug-xros/PackageFrameworks -F /Users/admin/builder/spi-builder-workspace/.derivedData/Build/Products/Debug-xros -F /Applications/Xcode-27.0.0-Release.Candidate.app/Contents/Developer/Platforms/XROS.platform/Developer/Library/Frameworks -F /Applications/Xcode-27.0.0-Release.Candidate.app/Contents/Developer/Platforms/XROS.platform/Developer/SDKs/XROS27.0.sdk/Developer/Library/Frameworks -c -j10 -enable-batch-mode -incremental -Xcc -ivfsstatcache -Xcc /Users/admin/builder/spi-builder-workspace/.derivedData/SDKStatCaches.noindex/xros27.0-24M361-e829b21a6f8c9b70876ba0858053c044735bd543db762f57723cac368afd1ce4.sdkstatcache -output-file-map /Users/admin/builder/spi-builder-workspace/.derivedData/Build/Intermediates.noindex/QSChatView.build/Debug-xros/QSChatViewTests-p.build/Objects-normal/arm64/QSChatViewTests-OutputFileMap.json -save-temps -no-color-diagnostics -explicit-module-build -module-cache-path /Users/admin/builder/spi-builder-workspace/.derivedData/Build/Intermediates.noindex/SwiftExplicitPrecompiledModules -clang-scanner-module-cache-path /Users/admin/builder/spi-builder-workspace/.derivedData/ModuleCache.noindex -sdk-module-cache-path /Users/admin/builder/spi-builder-workspace/.derivedData/SDKExplicitPrecompiledModules -emit-dependencies -emit-module -emit-module-path /Users/admin/builder/spi-builder-workspace/.derivedData/Build/Intermediates.noindex/QSChatView.build/Debug-xros/QSChatViewTests-p.build/Objects-normal/arm64/QSChatViewTests.swiftmodule -serialize-diagnostics -dependency-scan-serialize-diagnostics-path /Users/admin/builder/spi-builder-workspace/.derivedData/Build/Intermediates.noindex/QSChatView.build/Debug-xros/QSChatViewTests-p.build/Objects-normal/arm64/QSChatViewTests-dependency-scan.dia -validate-clang-modules-once -clang-build-session-file /Users/admin/builder/spi-builder-workspace/.derivedData/ModuleCache.noindex/Session.modulevalidation -Xcc -fmodules-prune-interval\=86400 -Xcc -fmodules-prune-after\=345600 -emit-const-values -const-gather-protocols-list /Users/admin/builder/spi-builder-workspace/.derivedData/Build/Intermediates.noindex/QSChatView.build/Debug-xros/QSChatViewTests-p.build/Objects-normal/arm64/QSChatViewTests_const_extract_protocols.json -Xcc -I/Users/admin/builder/spi-builder-workspace/.derivedData/Build/Products/Debug-xros/include -Xcc -I/Users/admin/builder/spi-builder-workspace/.derivedData/Build/Intermediates.noindex/QSChatView.build/Debug-xros/QSChatViewTests-p.build/DerivedSources-normal/arm64 -Xcc -I/Users/admin/builder/spi-builder-workspace/.derivedData/Build/Intermediates.noindex/QSChatView.build/Debug-xros/QSChatViewTests-p.build/DerivedSources/arm64 -Xcc -I/Users/admin/builder/spi-builder-workspace/.derivedData/Build/Intermediates.noindex/QSChatView.build/Debug-xros/QSChatViewTests-p.build/DerivedSources -Xcc -DSWIFT_PACKAGE -Xcc -DDEBUG\=1 -working-directory /Users/admin/builder/spi-builder-workspace/.swiftpm/xcode -experimental-emit-module-separately -disable-cmo
SwiftExplicitDependencyGeneratePcm arm64 /Users/admin/builder/spi-builder-workspace/.derivedData/Build/Intermediates.noindex/SwiftExplicitPrecompiledModules/XCUIAutomation-H5WV6GKK3U1PX81ORPJTQUHR.pcm
SwiftExplicitDependencyGeneratePcm arm64 /Users/admin/builder/spi-builder-workspace/.derivedData/Build/Intermediates.noindex/SwiftExplicitPrecompiledModules/XCTest-8UXH2X7DOSRVJFCAILI3M8WH.pcm
SwiftExplicitDependencyCompileModuleFromInterface arm64 /Users/admin/builder/spi-builder-workspace/.derivedData/Build/Intermediates.noindex/SwiftExplicitPrecompiledModules/XCUIAutomation-1ULB2S2VXDY9G.swiftmodule
SwiftExplicitDependencyCompileModuleFromInterface arm64 /Users/admin/builder/spi-builder-workspace/.derivedData/Build/Intermediates.noindex/SwiftExplicitPrecompiledModules/XCTest-3R6MGK98ZOBMC.swiftmodule
SwiftEmitModule normal arm64 Emitting\ module\ for\ QSChatViewTests (in target 'QSChatViewTests-product' from project 'QSChatView')
SwiftCompile normal arm64 (in target 'QSChatViewTests-product' from project 'QSChatView')
cd /Users/admin/builder/spi-builder-workspace/.swiftpm/xcode
SwiftCompile normal arm64 Compiling\ ChatControllerTests.swift /Users/admin/builder/spi-builder-workspace/Tests/QSChatViewTests/ChatControllerTests.swift (in target 'QSChatViewTests-product' from project 'QSChatView')
SwiftCompile normal arm64 /Users/admin/builder/spi-builder-workspace/Tests/QSChatViewTests/ChatControllerTests.swift (in target 'QSChatViewTests-product' from project 'QSChatView')
cd /Users/admin/builder/spi-builder-workspace/.swiftpm/xcode
builtin-SwiftPerFileCompile ChatControllerTests.swift
SwiftCompile normal arm64 Compiling\ QSChatViewTests.swift /Users/admin/builder/spi-builder-workspace/Tests/QSChatViewTests/QSChatViewTests.swift (in target 'QSChatViewTests-product' from project 'QSChatView')
SwiftCompile normal arm64 /Users/admin/builder/spi-builder-workspace/Tests/QSChatViewTests/QSChatViewTests.swift (in target 'QSChatViewTests-product' from project 'QSChatView')
cd /Users/admin/builder/spi-builder-workspace/.swiftpm/xcode
builtin-SwiftPerFileCompile QSChatViewTests.swift
SwiftDriverJobDiscovery normal arm64 Emitting module for QSChatViewTests (in target 'QSChatViewTests-product' from project 'QSChatView')
SwiftDriver\ Compilation\ Requirements QSChatViewTests normal arm64 com.apple.xcode.tools.swift.compiler (in target 'QSChatViewTests-product' from project 'QSChatView')
cd /Users/admin/builder/spi-builder-workspace/.swiftpm/xcode
builtin-Swift-Compilation-Requirements -- /Applications/Xcode-27.0.0-Release.Candidate.app/Contents/Developer/Toolchains/XcodeDefault.xctoolchain/usr/bin/swiftc -parse-as-library -module-name QSChatViewTests -Onone @/Users/admin/builder/spi-builder-workspace/.derivedData/Build/Intermediates.noindex/QSChatView.build/Debug-xros/QSChatViewTests-p.build/Objects-normal/arm64/QSChatViewTests.SwiftFileList -DSWIFT_PACKAGE -DDEBUG -DXcode -plugin-path /Applications/Xcode-27.0.0-Release.Candidate.app/Contents/Developer/Toolchains/XcodeDefault.xctoolchain/usr/lib/swift/host/plugins/testing -enable-experimental-feature DebugDescriptionMacro -sdk /Applications/Xcode-27.0.0-Release.Candidate.app/Contents/Developer/Platforms/XROS.platform/Developer/SDKs/XROS27.0.sdk -target arm64-apple-xros1.0 -g -module-cache-path /Users/admin/builder/spi-builder-workspace/.derivedData/ModuleCache.noindex -Xfrontend -serialize-debugging-options -enable-testing -index-store-path /Users/admin/builder/spi-builder-workspace/.derivedData/Index.noindex/DataStore -Xcc -D_LIBCPP_HARDENING_MODE\=_LIBCPP_HARDENING_MODE_DEBUG -swift-version 5 -I /Users/admin/builder/spi-builder-workspace/.derivedData/Build/Products/Debug-xros -Isystem /Applications/Xcode-27.0.0-Release.Candidate.app/Contents/Developer/Platforms/XROS.platform/Developer/usr/lib -F /Users/admin/builder/spi-builder-workspace/.derivedData/Build/Products/Debug-xros/PackageFrameworks -F /Users/admin/builder/spi-builder-workspace/.derivedData/Build/Products/Debug-xros -F /Applications/Xcode-27.0.0-Release.Candidate.app/Contents/Developer/Platforms/XROS.platform/Developer/Library/Frameworks -F /Applications/Xcode-27.0.0-Release.Candidate.app/Contents/Developer/Platforms/XROS.platform/Developer/SDKs/XROS27.0.sdk/Developer/Library/Frameworks -c -j10 -enable-batch-mode -incremental -Xcc -ivfsstatcache -Xcc /Users/admin/builder/spi-builder-workspace/.derivedData/SDKStatCaches.noindex/xros27.0-24M361-e829b21a6f8c9b70876ba0858053c044735bd543db762f57723cac368afd1ce4.sdkstatcache -output-file-map /Users/admin/builder/spi-builder-workspace/.derivedData/Build/Intermediates.noindex/QSChatView.build/Debug-xros/QSChatViewTests-p.build/Objects-normal/arm64/QSChatViewTests-OutputFileMap.json -save-temps -no-color-diagnostics -explicit-module-build -module-cache-path /Users/admin/builder/spi-builder-workspace/.derivedData/Build/Intermediates.noindex/SwiftExplicitPrecompiledModules -clang-scanner-module-cache-path /Users/admin/builder/spi-builder-workspace/.derivedData/ModuleCache.noindex -sdk-module-cache-path /Users/admin/builder/spi-builder-workspace/.derivedData/SDKExplicitPrecompiledModules -emit-dependencies -emit-module -emit-module-path /Users/admin/builder/spi-builder-workspace/.derivedData/Build/Intermediates.noindex/QSChatView.build/Debug-xros/QSChatViewTests-p.build/Objects-normal/arm64/QSChatViewTests.swiftmodule -serialize-diagnostics -dependency-scan-serialize-diagnostics-path /Users/admin/builder/spi-builder-workspace/.derivedData/Build/Intermediates.noindex/QSChatView.build/Debug-xros/QSChatViewTests-p.build/Objects-normal/arm64/QSChatViewTests-dependency-scan.dia -validate-clang-modules-once -clang-build-session-file /Users/admin/builder/spi-builder-workspace/.derivedData/ModuleCache.noindex/Session.modulevalidation -Xcc -fmodules-prune-interval\=86400 -Xcc -fmodules-prune-after\=345600 -emit-const-values -const-gather-protocols-list /Users/admin/builder/spi-builder-workspace/.derivedData/Build/Intermediates.noindex/QSChatView.build/Debug-xros/QSChatViewTests-p.build/Objects-normal/arm64/QSChatViewTests_const_extract_protocols.json -Xcc -I/Users/admin/builder/spi-builder-workspace/.derivedData/Build/Products/Debug-xros/include -Xcc -I/Users/admin/builder/spi-builder-workspace/.derivedData/Build/Intermediates.noindex/QSChatView.build/Debug-xros/QSChatViewTests-p.build/DerivedSources-normal/arm64 -Xcc -I/Users/admin/builder/spi-builder-workspace/.derivedData/Build/Intermediates.noindex/QSChatView.build/Debug-xros/QSChatViewTests-p.build/DerivedSources/arm64 -Xcc -I/Users/admin/builder/spi-builder-workspace/.derivedData/Build/Intermediates.noindex/QSChatView.build/Debug-xros/QSChatViewTests-p.build/DerivedSources -Xcc -DSWIFT_PACKAGE -Xcc -DDEBUG\=1 -working-directory /Users/admin/builder/spi-builder-workspace/.swiftpm/xcode -experimental-emit-module-separately -disable-cmo
SwiftDriverJobDiscovery normal arm64 Compiling QSChatViewTests.swift (in target 'QSChatViewTests-product' from project 'QSChatView')
Copy /Users/admin/builder/spi-builder-workspace/.derivedData/Build/Products/Debug-xros/QSChatViewTests.swiftmodule/arm64-apple-xros.swiftmodule /Users/admin/builder/spi-builder-workspace/.derivedData/Build/Intermediates.noindex/QSChatView.build/Debug-xros/QSChatViewTests-p.build/Objects-normal/arm64/QSChatViewTests.swiftmodule (in target 'QSChatViewTests-product' from project 'QSChatView')
cd /Users/admin/builder/spi-builder-workspace
builtin-copy -exclude .DS_Store -exclude CVS -exclude .svn -exclude .git -exclude .hg -resolve-src-symlinks -rename /Users/admin/builder/spi-builder-workspace/.derivedData/Build/Intermediates.noindex/QSChatView.build/Debug-xros/QSChatViewTests-p.build/Objects-normal/arm64/QSChatViewTests.swiftmodule /Users/admin/builder/spi-builder-workspace/.derivedData/Build/Products/Debug-xros/QSChatViewTests.swiftmodule/arm64-apple-xros.swiftmodule
Copy /Users/admin/builder/spi-builder-workspace/.derivedData/Build/Products/Debug-xros/QSChatViewTests.swiftmodule/arm64-apple-xros.swiftdoc /Users/admin/builder/spi-builder-workspace/.derivedData/Build/Intermediates.noindex/QSChatView.build/Debug-xros/QSChatViewTests-p.build/Objects-normal/arm64/QSChatViewTests.swiftdoc (in target 'QSChatViewTests-product' from project 'QSChatView')
cd /Users/admin/builder/spi-builder-workspace
builtin-copy -exclude .DS_Store -exclude CVS -exclude .svn -exclude .git -exclude .hg -resolve-src-symlinks -rename /Users/admin/builder/spi-builder-workspace/.derivedData/Build/Intermediates.noindex/QSChatView.build/Debug-xros/QSChatViewTests-p.build/Objects-normal/arm64/QSChatViewTests.swiftdoc /Users/admin/builder/spi-builder-workspace/.derivedData/Build/Products/Debug-xros/QSChatViewTests.swiftmodule/arm64-apple-xros.swiftdoc
Copy /Users/admin/builder/spi-builder-workspace/.derivedData/Build/Products/Debug-xros/QSChatViewTests.swiftmodule/arm64-apple-xros.abi.json /Users/admin/builder/spi-builder-workspace/.derivedData/Build/Intermediates.noindex/QSChatView.build/Debug-xros/QSChatViewTests-p.build/Objects-normal/arm64/QSChatViewTests.abi.json (in target 'QSChatViewTests-product' from project 'QSChatView')
cd /Users/admin/builder/spi-builder-workspace
builtin-copy -exclude .DS_Store -exclude CVS -exclude .svn -exclude .git -exclude .hg -resolve-src-symlinks -rename /Users/admin/builder/spi-builder-workspace/.derivedData/Build/Intermediates.noindex/QSChatView.build/Debug-xros/QSChatViewTests-p.build/Objects-normal/arm64/QSChatViewTests.abi.json /Users/admin/builder/spi-builder-workspace/.derivedData/Build/Products/Debug-xros/QSChatViewTests.swiftmodule/arm64-apple-xros.abi.json
Copy /Users/admin/builder/spi-builder-workspace/.derivedData/Build/Products/Debug-xros/QSChatViewTests.swiftmodule/Project/arm64-apple-xros.swiftsourceinfo /Users/admin/builder/spi-builder-workspace/.derivedData/Build/Intermediates.noindex/QSChatView.build/Debug-xros/QSChatViewTests-p.build/Objects-normal/arm64/QSChatViewTests.swiftsourceinfo (in target 'QSChatViewTests-product' from project 'QSChatView')
cd /Users/admin/builder/spi-builder-workspace
builtin-copy -exclude .DS_Store -exclude CVS -exclude .svn -exclude .git -exclude .hg -resolve-src-symlinks -rename /Users/admin/builder/spi-builder-workspace/.derivedData/Build/Intermediates.noindex/QSChatView.build/Debug-xros/QSChatViewTests-p.build/Objects-normal/arm64/QSChatViewTests.swiftsourceinfo /Users/admin/builder/spi-builder-workspace/.derivedData/Build/Products/Debug-xros/QSChatViewTests.swiftmodule/Project/arm64-apple-xros.swiftsourceinfo
SwiftDriverJobDiscovery normal arm64 Compiling ChatControllerTests.swift (in target 'QSChatViewTests-product' from project 'QSChatView')
SwiftDriver\ Compilation QSChatViewTests normal arm64 com.apple.xcode.tools.swift.compiler (in target 'QSChatViewTests-product' from project 'QSChatView')
cd /Users/admin/builder/spi-builder-workspace/.swiftpm/xcode
builtin-Swift-Compilation -- /Applications/Xcode-27.0.0-Release.Candidate.app/Contents/Developer/Toolchains/XcodeDefault.xctoolchain/usr/bin/swiftc -parse-as-library -module-name QSChatViewTests -Onone @/Users/admin/builder/spi-builder-workspace/.derivedData/Build/Intermediates.noindex/QSChatView.build/Debug-xros/QSChatViewTests-p.build/Objects-normal/arm64/QSChatViewTests.SwiftFileList -DSWIFT_PACKAGE -DDEBUG -DXcode -plugin-path /Applications/Xcode-27.0.0-Release.Candidate.app/Contents/Developer/Toolchains/XcodeDefault.xctoolchain/usr/lib/swift/host/plugins/testing -enable-experimental-feature DebugDescriptionMacro -sdk /Applications/Xcode-27.0.0-Release.Candidate.app/Contents/Developer/Platforms/XROS.platform/Developer/SDKs/XROS27.0.sdk -target arm64-apple-xros1.0 -g -module-cache-path /Users/admin/builder/spi-builder-workspace/.derivedData/ModuleCache.noindex -Xfrontend -serialize-debugging-options -enable-testing -index-store-path /Users/admin/builder/spi-builder-workspace/.derivedData/Index.noindex/DataStore -Xcc -D_LIBCPP_HARDENING_MODE\=_LIBCPP_HARDENING_MODE_DEBUG -swift-version 5 -I /Users/admin/builder/spi-builder-workspace/.derivedData/Build/Products/Debug-xros -Isystem /Applications/Xcode-27.0.0-Release.Candidate.app/Contents/Developer/Platforms/XROS.platform/Developer/usr/lib -F /Users/admin/builder/spi-builder-workspace/.derivedData/Build/Products/Debug-xros/PackageFrameworks -F /Users/admin/builder/spi-builder-workspace/.derivedData/Build/Products/Debug-xros -F /Applications/Xcode-27.0.0-Release.Candidate.app/Contents/Developer/Platforms/XROS.platform/Developer/Library/Frameworks -F /Applications/Xcode-27.0.0-Release.Candidate.app/Contents/Developer/Platforms/XROS.platform/Developer/SDKs/XROS27.0.sdk/Developer/Library/Frameworks -c -j10 -enable-batch-mode -incremental -Xcc -ivfsstatcache -Xcc /Users/admin/builder/spi-builder-workspace/.derivedData/SDKStatCaches.noindex/xros27.0-24M361-e829b21a6f8c9b70876ba0858053c044735bd543db762f57723cac368afd1ce4.sdkstatcache -output-file-map /Users/admin/builder/spi-builder-workspace/.derivedData/Build/Intermediates.noindex/QSChatView.build/Debug-xros/QSChatViewTests-p.build/Objects-normal/arm64/QSChatViewTests-OutputFileMap.json -save-temps -no-color-diagnostics -explicit-module-build -module-cache-path /Users/admin/builder/spi-builder-workspace/.derivedData/Build/Intermediates.noindex/SwiftExplicitPrecompiledModules -clang-scanner-module-cache-path /Users/admin/builder/spi-builder-workspace/.derivedData/ModuleCache.noindex -sdk-module-cache-path /Users/admin/builder/spi-builder-workspace/.derivedData/SDKExplicitPrecompiledModules -emit-dependencies -emit-module -emit-module-path /Users/admin/builder/spi-builder-workspace/.derivedData/Build/Intermediates.noindex/QSChatView.build/Debug-xros/QSChatViewTests-p.build/Objects-normal/arm64/QSChatViewTests.swiftmodule -serialize-diagnostics -dependency-scan-serialize-diagnostics-path /Users/admin/builder/spi-builder-workspace/.derivedData/Build/Intermediates.noindex/QSChatView.build/Debug-xros/QSChatViewTests-p.build/Objects-normal/arm64/QSChatViewTests-dependency-scan.dia -validate-clang-modules-once -clang-build-session-file /Users/admin/builder/spi-builder-workspace/.derivedData/ModuleCache.noindex/Session.modulevalidation -Xcc -fmodules-prune-interval\=86400 -Xcc -fmodules-prune-after\=345600 -emit-const-values -const-gather-protocols-list /Users/admin/builder/spi-builder-workspace/.derivedData/Build/Intermediates.noindex/QSChatView.build/Debug-xros/QSChatViewTests-p.build/Objects-normal/arm64/QSChatViewTests_const_extract_protocols.json -Xcc -I/Users/admin/builder/spi-builder-workspace/.derivedData/Build/Products/Debug-xros/include -Xcc -I/Users/admin/builder/spi-builder-workspace/.derivedData/Build/Intermediates.noindex/QSChatView.build/Debug-xros/QSChatViewTests-p.build/DerivedSources-normal/arm64 -Xcc -I/Users/admin/builder/spi-builder-workspace/.derivedData/Build/Intermediates.noindex/QSChatView.build/Debug-xros/QSChatViewTests-p.build/DerivedSources/arm64 -Xcc -I/Users/admin/builder/spi-builder-workspace/.derivedData/Build/Intermediates.noindex/QSChatView.build/Debug-xros/QSChatViewTests-p.build/DerivedSources -Xcc -DSWIFT_PACKAGE -Xcc -DDEBUG\=1 -working-directory /Users/admin/builder/spi-builder-workspace/.swiftpm/xcode -experimental-emit-module-separately -disable-cmo
PruneExplicitPrecompiledModules /Users/admin/builder/spi-builder-workspace/.derivedData/Build/Intermediates.noindex/ExplicitPrecompiledModules
PruneExplicitPrecompiledModules /Users/admin/builder/spi-builder-workspace/.derivedData/Build/Intermediates.noindex/SwiftExplicitPrecompiledModules
PruneExplicitPrecompiledModules /Users/admin/builder/spi-builder-workspace/.derivedData/SDKExplicitPrecompiledModules
2026-09-19 18:12:20.832 xcodebuild[648:4151] [MT] IDERunDestination: Supported platforms for the buildables in the current scheme is empty.
2026-09-19 18:12:20.973 xcodebuild[648:4151] [MT] IDERunDestination: Supported platforms for the buildables in the current scheme is empty.
** BUILD FAILED **
The following build commands failed:
SwiftCompile normal arm64 Compiling\ TypingIndicator.swift,\ WrappedChatBubble.swift,\ ScrollViewData.swift /Users/admin/builder/spi-builder-workspace/Sources/QSChatView/Internal/Components/TypingIndicator.swift /Users/admin/builder/spi-builder-workspace/Sources/QSChatView/Internal/Components/WrappedChatBubble.swift /Users/admin/builder/spi-builder-workspace/Sources/QSChatView/Internal/Data/ScrollViewData.swift (in target 'QSChatView' from project 'QSChatView')
SwiftCompile normal arm64 /Users/admin/builder/spi-builder-workspace/Sources/QSChatView/Internal/Data/ScrollViewData.swift (in target 'QSChatView' from project 'QSChatView')
Building workspace QSChatView with scheme QSChatView
(3 failures)
Command line invocation:
/Applications/Xcode-27.0.0-Release.Candidate.app/Contents/Developer/usr/bin/xcodebuild -IDEClonedSourcePackagesDirPathOverride=/Users/admin/builder/spi-builder-workspace/.dependencies -resolvePackageDependencies
Resolve Package Graph
Resolved source packages:
QSChatView: /Users/admin/builder/spi-builder-workspace
resolved source packages: QSChatView
2026-09-19 18:12:34.134 xcodebuild[781:4755] [MT] IDERunDestination: Supported platforms for the buildables in the current scheme is empty.
2026-09-19 18:12:34.239 xcodebuild[781:4755] [MT] IDERunDestination: Supported platforms for the buildables in the current scheme is empty.
{
"dependencies" : [
],
"manifest_display_name" : "QSChatView",
"name" : "QSChatView",
"path" : "/Users/admin/builder/spi-builder-workspace",
"platforms" : [
{
"name" : "ios",
"version" : "15.0"
},
{
"name" : "macos",
"version" : "12.0"
},
{
"name" : "maccatalyst",
"version" : "15.0"
}
],
"products" : [
{
"name" : "QSChatView",
"targets" : [
"QSChatView"
],
"type" : {
"library" : [
"automatic"
]
}
}
],
"targets" : [
{
"c99name" : "QSChatViewTests",
"module_type" : "SwiftTarget",
"name" : "QSChatViewTests",
"path" : "Tests/QSChatViewTests",
"sources" : [
"ChatControllerTests.swift",
"QSChatViewTests.swift"
],
"target_dependencies" : [
"QSChatView"
],
"type" : "test"
},
{
"c99name" : "QSChatView",
"module_type" : "SwiftTarget",
"name" : "QSChatView",
"path" : "Sources/QSChatView",
"product_memberships" : [
"QSChatView"
],
"sources" : [
"Internal/Components/BetterScrollView.swift",
"Internal/Components/ChatBubble.swift",
"Internal/Components/ChatTextField.swift",
"Internal/Components/TypingIndicator.swift",
"Internal/Components/WrappedChatBubble.swift",
"Internal/Data/ScrollViewData.swift",
"Internal/Modifiers/ContentHeightModifier.swift",
"Internal/Modifiers/ScrollOffsetModifier.swift",
"Internal/PreferenceKeys/ContentHeightPreferenceKey.swift",
"Internal/PreferenceKeys/ScrollOffsetPreferenceKey.swift",
"Internal/Styles/ChatTextFieldStyle.swift",
"Public/ChatAvatar.swift",
"Public/ChatController.swift",
"Public/ChatMessage.swift",
"Public/ChatMessageContent.swift",
"Public/ChatMessagePromise.swift",
"Public/ChatParticipant.swift",
"Public/ChatParticipantBuilder.swift",
"Public/ChatParticipantRole.swift",
"Public/Config/ChatConfig.swift",
"Public/Config/ChatConfigBuilder.swift",
"Public/Config/ChatContextMenuItem.swift",
"Public/Config/ChatScrollBehavior.swift",
"QSChatView.swift"
],
"type" : "library"
}
],
"tools_version" : "5.7"
}
{
"workspace" : {
"name" : "QSChatView",
"schemes" : [
"QSChatView"
]
}
}
2026-09-19 18:12:35.445 xcodebuild[789:4828] [MT] IDERunDestination: Supported platforms for the buildables in the current scheme is empty.
2026-09-19 18:12:35.550 xcodebuild[789:4828] [MT] IDERunDestination: Supported platforms for the buildables in the current scheme is empty.
Running build ...
env DEVELOPER_DIR=/Applications/Xcode-27.0.0-Release.Candidate.app xcrun xcodebuild -IDEClonedSourcePackagesDirPathOverride=$PWD/.dependencies -skipMacroValidation -skipPackagePluginValidation -derivedDataPath $PWD/.derivedData build -scheme QSChatView -destination generic/platform=xrOS
Command line invocation:
/Applications/Xcode-27.0.0-Release.Candidate.app/Contents/Developer/usr/bin/xcodebuild -IDEClonedSourcePackagesDirPathOverride=/Users/admin/builder/spi-builder-workspace/.dependencies -skipMacroValidation -skipPackagePluginValidation -derivedDataPath /Users/admin/builder/spi-builder-workspace/.derivedData build -scheme QSChatView -destination generic/platform=xrOS
Resolve Package Graph
Resolved source packages:
QSChatView: /Users/admin/builder/spi-builder-workspace
ComputePackagePrebuildTargetDependencyGraph
Prepare packages
CreateBuildRequest
SendProjectDescription
CreateBuildOperation
ComputeTargetDependencyGraph
note: Building targets in dependency order
note: Target dependency graph (3 targets)
Target 'QSChatViewTests-product' in project 'QSChatView'
➜ Explicit dependency on target 'QSChatView' in project 'QSChatView'
Target 'QSChatView-product' in project 'QSChatView'
➜ Explicit dependency on target 'QSChatView' in project 'QSChatView'
Target 'QSChatView' in project 'QSChatView' (no dependencies)
GatherProvisioningInputs
CreateBuildDescription
ClangStatCache /Applications/Xcode-27.0.0-Release.Candidate.app/Contents/Developer/Toolchains/XcodeDefault.xctoolchain/usr/bin/clang-stat-cache /Applications/Xcode-27.0.0-Release.Candidate.app/Contents/Developer/Platforms/XROS.platform/Developer/SDKs/XROS27.0.sdk /Users/admin/builder/spi-builder-workspace/.derivedData/SDKStatCaches.noindex/xros27.0-24M361-e829b21a6f8c9b70876ba0858053c044735bd543db762f57723cac368afd1ce4.sdkstatcache
cd /Users/admin/builder/spi-builder-workspace/.swiftpm/xcode
/Applications/Xcode-27.0.0-Release.Candidate.app/Contents/Developer/Toolchains/XcodeDefault.xctoolchain/usr/bin/clang-stat-cache /Applications/Xcode-27.0.0-Release.Candidate.app/Contents/Developer/Platforms/XROS.platform/Developer/SDKs/XROS27.0.sdk -o /Users/admin/builder/spi-builder-workspace/.derivedData/SDKStatCaches.noindex/xros27.0-24M361-e829b21a6f8c9b70876ba0858053c044735bd543db762f57723cac368afd1ce4.sdkstatcache
SwiftDriver QSChatView normal arm64 com.apple.xcode.tools.swift.compiler (in target 'QSChatView' from project 'QSChatView')
cd /Users/admin/builder/spi-builder-workspace/.swiftpm/xcode
builtin-SwiftDriver -- /Applications/Xcode-27.0.0-Release.Candidate.app/Contents/Developer/Toolchains/XcodeDefault.xctoolchain/usr/bin/swiftc -parse-as-library -module-name QSChatView -Onone @/Users/admin/builder/spi-builder-workspace/.derivedData/Build/Intermediates.noindex/QSChatView.build/Debug-xros/QSChatView-t.build/Objects-normal/arm64/QSChatView.SwiftFileList -DSWIFT_PACKAGE -DDEBUG -DSWIFT_MODULE_RESOURCE_BUNDLE_UNAVAILABLE -DXcode -plugin-path /Applications/Xcode-27.0.0-Release.Candidate.app/Contents/Developer/Toolchains/XcodeDefault.xctoolchain/usr/lib/swift/host/plugins/testing -enable-experimental-feature DebugDescriptionMacro -sdk /Applications/Xcode-27.0.0-Release.Candidate.app/Contents/Developer/Platforms/XROS.platform/Developer/SDKs/XROS27.0.sdk -target arm64-apple-xros1.0 -g -module-cache-path /Users/admin/builder/spi-builder-workspace/.derivedData/ModuleCache.noindex -Xfrontend -serialize-debugging-options -enable-testing -index-store-path /Users/admin/builder/spi-builder-workspace/.derivedData/Index.noindex/DataStore -Xcc -D_LIBCPP_HARDENING_MODE\=_LIBCPP_HARDENING_MODE_DEBUG -swift-version 5 -I /Users/admin/builder/spi-builder-workspace/.derivedData/Build/Products/Debug-xros -Isystem /Applications/Xcode-27.0.0-Release.Candidate.app/Contents/Developer/Platforms/XROS.platform/Developer/usr/lib -F /Users/admin/builder/spi-builder-workspace/.derivedData/Build/Products/Debug-xros -F /Applications/Xcode-27.0.0-Release.Candidate.app/Contents/Developer/Platforms/XROS.platform/Developer/Library/Frameworks -F /Applications/Xcode-27.0.0-Release.Candidate.app/Contents/Developer/Platforms/XROS.platform/Developer/SDKs/XROS27.0.sdk/Developer/Library/Frameworks -c -j10 -enable-batch-mode -incremental -Xcc -ivfsstatcache -Xcc /Users/admin/builder/spi-builder-workspace/.derivedData/SDKStatCaches.noindex/xros27.0-24M361-e829b21a6f8c9b70876ba0858053c044735bd543db762f57723cac368afd1ce4.sdkstatcache -output-file-map /Users/admin/builder/spi-builder-workspace/.derivedData/Build/Intermediates.noindex/QSChatView.build/Debug-xros/QSChatView-t.build/Objects-normal/arm64/QSChatView-OutputFileMap.json -save-temps -no-color-diagnostics -explicit-module-build -module-cache-path /Users/admin/builder/spi-builder-workspace/.derivedData/Build/Intermediates.noindex/SwiftExplicitPrecompiledModules -clang-scanner-module-cache-path /Users/admin/builder/spi-builder-workspace/.derivedData/ModuleCache.noindex -sdk-module-cache-path /Users/admin/builder/spi-builder-workspace/.derivedData/SDKExplicitPrecompiledModules -emit-dependencies -emit-module -emit-module-path /Users/admin/builder/spi-builder-workspace/.derivedData/Build/Intermediates.noindex/QSChatView.build/Debug-xros/QSChatView-t.build/Objects-normal/arm64/QSChatView.swiftmodule -serialize-diagnostics -dependency-scan-serialize-diagnostics-path /Users/admin/builder/spi-builder-workspace/.derivedData/Build/Intermediates.noindex/QSChatView.build/Debug-xros/QSChatView-t.build/Objects-normal/arm64/QSChatView-dependency-scan.dia -validate-clang-modules-once -clang-build-session-file /Users/admin/builder/spi-builder-workspace/.derivedData/ModuleCache.noindex/Session.modulevalidation -Xcc -fmodules-prune-interval\=86400 -Xcc -fmodules-prune-after\=345600 -emit-const-values -const-gather-protocols-list /Users/admin/builder/spi-builder-workspace/.derivedData/Build/Intermediates.noindex/QSChatView.build/Debug-xros/QSChatView-t.build/Objects-normal/arm64/QSChatView_const_extract_protocols.json -Xcc -I/Users/admin/builder/spi-builder-workspace/.derivedData/Build/Products/Debug-xros/include -Xcc -I/Users/admin/builder/spi-builder-workspace/.derivedData/Build/Intermediates.noindex/QSChatView.build/Debug-xros/QSChatView-t.build/DerivedSources-normal/arm64 -Xcc -I/Users/admin/builder/spi-builder-workspace/.derivedData/Build/Intermediates.noindex/QSChatView.build/Debug-xros/QSChatView-t.build/DerivedSources/arm64 -Xcc -I/Users/admin/builder/spi-builder-workspace/.derivedData/Build/Intermediates.noindex/QSChatView.build/Debug-xros/QSChatView-t.build/DerivedSources -Xcc -DSWIFT_PACKAGE -Xcc -DDEBUG\=1 -emit-objc-header -emit-objc-header-path /Users/admin/builder/spi-builder-workspace/.derivedData/Build/Intermediates.noindex/QSChatView.build/Debug-xros/QSChatView-t.build/Objects-normal/arm64/QSChatView-Swift.h -working-directory /Users/admin/builder/spi-builder-workspace/.swiftpm/xcode -experimental-emit-module-separately -disable-cmo
SwiftCompile normal arm64 Compiling\ ContentHeightModifier.swift,\ ScrollOffsetModifier.swift /Users/admin/builder/spi-builder-workspace/Sources/QSChatView/Internal/Modifiers/ContentHeightModifier.swift /Users/admin/builder/spi-builder-workspace/Sources/QSChatView/Internal/Modifiers/ScrollOffsetModifier.swift (in target 'QSChatView' from project 'QSChatView')
SwiftCompile normal arm64 /Users/admin/builder/spi-builder-workspace/Sources/QSChatView/Internal/Modifiers/ContentHeightModifier.swift (in target 'QSChatView' from project 'QSChatView')
cd /Users/admin/builder/spi-builder-workspace/.swiftpm/xcode
builtin-SwiftPerFileCompile ContentHeightModifier.swift
SwiftCompile normal arm64 /Users/admin/builder/spi-builder-workspace/Sources/QSChatView/Internal/Modifiers/ScrollOffsetModifier.swift (in target 'QSChatView' from project 'QSChatView')
cd /Users/admin/builder/spi-builder-workspace/.swiftpm/xcode
builtin-SwiftPerFileCompile ScrollOffsetModifier.swift
SwiftCompile normal arm64 Compiling\ BetterScrollView.swift,\ ChatBubble.swift /Users/admin/builder/spi-builder-workspace/Sources/QSChatView/Internal/Components/BetterScrollView.swift /Users/admin/builder/spi-builder-workspace/Sources/QSChatView/Internal/Components/ChatBubble.swift (in target 'QSChatView' from project 'QSChatView')
SwiftCompile normal arm64 /Users/admin/builder/spi-builder-workspace/Sources/QSChatView/Internal/Components/BetterScrollView.swift (in target 'QSChatView' from project 'QSChatView')
cd /Users/admin/builder/spi-builder-workspace/.swiftpm/xcode
builtin-SwiftPerFileCompile BetterScrollView.swift
SwiftCompile normal arm64 /Users/admin/builder/spi-builder-workspace/Sources/QSChatView/Internal/Components/ChatBubble.swift (in target 'QSChatView' from project 'QSChatView')
cd /Users/admin/builder/spi-builder-workspace/.swiftpm/xcode
builtin-SwiftPerFileCompile ChatBubble.swift
/Users/admin/builder/spi-builder-workspace/Sources/QSChatView/Internal/Components/ChatBubble.swift:37:31: error: cannot find 'timestampColor' in scope
35 | paragraphStyle.lineBreakMode = .byWordWrapping
36 | var str = AttributedString(stringLiteral: message.displayTimeStamp)
37 | str.foregroundColor = timestampColor
| `- error: cannot find 'timestampColor' in scope
38 | str.paragraphStyle = paragraphStyle
39 | str.font = .footnote
SwiftCompile normal arm64 Compiling\ ContentHeightPreferenceKey.swift,\ ScrollOffsetPreferenceKey.swift /Users/admin/builder/spi-builder-workspace/Sources/QSChatView/Internal/PreferenceKeys/ContentHeightPreferenceKey.swift /Users/admin/builder/spi-builder-workspace/Sources/QSChatView/Internal/PreferenceKeys/ScrollOffsetPreferenceKey.swift (in target 'QSChatView' from project 'QSChatView')
SwiftCompile normal arm64 /Users/admin/builder/spi-builder-workspace/Sources/QSChatView/Internal/PreferenceKeys/ContentHeightPreferenceKey.swift (in target 'QSChatView' from project 'QSChatView')
cd /Users/admin/builder/spi-builder-workspace/.swiftpm/xcode
builtin-SwiftPerFileCompile ContentHeightPreferenceKey.swift
SwiftCompile normal arm64 /Users/admin/builder/spi-builder-workspace/Sources/QSChatView/Internal/PreferenceKeys/ScrollOffsetPreferenceKey.swift (in target 'QSChatView' from project 'QSChatView')
cd /Users/admin/builder/spi-builder-workspace/.swiftpm/xcode
builtin-SwiftPerFileCompile ScrollOffsetPreferenceKey.swift
SwiftCompile normal arm64 Compiling\ ChatController.swift,\ ChatMessage.swift /Users/admin/builder/spi-builder-workspace/Sources/QSChatView/Public/ChatController.swift /Users/admin/builder/spi-builder-workspace/Sources/QSChatView/Public/ChatMessage.swift (in target 'QSChatView' from project 'QSChatView')
SwiftCompile normal arm64 /Users/admin/builder/spi-builder-workspace/Sources/QSChatView/Public/ChatController.swift (in target 'QSChatView' from project 'QSChatView')
cd /Users/admin/builder/spi-builder-workspace/.swiftpm/xcode
builtin-SwiftPerFileCompile ChatController.swift
SwiftCompile normal arm64 /Users/admin/builder/spi-builder-workspace/Sources/QSChatView/Public/ChatMessage.swift (in target 'QSChatView' from project 'QSChatView')
cd /Users/admin/builder/spi-builder-workspace/.swiftpm/xcode
builtin-SwiftPerFileCompile ChatMessage.swift
SwiftCompile normal arm64 Compiling\ WrappedChatBubble.swift,\ ScrollViewData.swift /Users/admin/builder/spi-builder-workspace/Sources/QSChatView/Internal/Components/WrappedChatBubble.swift /Users/admin/builder/spi-builder-workspace/Sources/QSChatView/Internal/Data/ScrollViewData.swift (in target 'QSChatView' from project 'QSChatView')
/Users/admin/builder/spi-builder-workspace/Sources/QSChatView/Internal/Data/ScrollViewData.swift:28:5: error: missing return in getter expected to return 'Double'
26 | return Double(NSApplication.shared.mainWindow?.frame.height ?? 0)
27 | #endif
28 | }
| `- error: missing return in getter expected to return 'Double'
29 |
30 | func updateIsScrolledToBottom() {
Failed frontend command:
/Applications/Xcode-27.0.0-Release.Candidate.app/Contents/Developer/Toolchains/XcodeDefault.xctoolchain/usr/bin/swift-frontend -frontend -c /Users/admin/builder/spi-builder-workspace/Sources/QSChatView/Internal/Components/BetterScrollView.swift /Users/admin/builder/spi-builder-workspace/Sources/QSChatView/Internal/Components/ChatBubble.swift /Users/admin/builder/spi-builder-workspace/Sources/QSChatView/Internal/Components/ChatTextField.swift /Users/admin/builder/spi-builder-workspace/Sources/QSChatView/Internal/Components/TypingIndicator.swift -primary-file /Users/admin/builder/spi-builder-workspace/Sources/QSChatView/Internal/Components/WrappedChatBubble.swift -primary-file /Users/admin/builder/spi-builder-workspace/Sources/QSChatView/Internal/Data/ScrollViewData.swift /Users/admin/builder/spi-builder-workspace/Sources/QSChatView/Internal/Modifiers/ContentHeightModifier.swift /Users/admin/builder/spi-builder-workspace/Sources/QSChatView/Internal/Modifiers/ScrollOffsetModifier.swift /Users/admin/builder/spi-builder-workspace/Sources/QSChatView/Internal/PreferenceKeys/ContentHeightPreferenceKey.swift /Users/admin/builder/spi-builder-workspace/Sources/QSChatView/Internal/PreferenceKeys/ScrollOffsetPreferenceKey.swift /Users/admin/builder/spi-builder-workspace/Sources/QSChatView/Internal/Styles/ChatTextFieldStyle.swift /Users/admin/builder/spi-builder-workspace/Sources/QSChatView/Public/ChatAvatar.swift /Users/admin/builder/spi-builder-workspace/Sources/QSChatView/Public/ChatController.swift /Users/admin/builder/spi-builder-workspace/Sources/QSChatView/Public/ChatMessage.swift /Users/admin/builder/spi-builder-workspace/Sources/QSChatView/Public/ChatMessageContent.swift /Users/admin/builder/spi-builder-workspace/Sources/QSChatView/Public/ChatMessagePromise.swift /Users/admin/builder/spi-builder-workspace/Sources/QSChatView/Public/ChatParticipant.swift /Users/admin/builder/spi-builder-workspace/Sources/QSChatView/Public/ChatParticipantBuilder.swift /Users/admin/builder/spi-builder-workspace/Sources/QSChatView/Public/ChatParticipantRole.swift /Users/admin/builder/spi-builder-workspace/Sources/QSChatView/Public/Config/ChatConfig.swift /Users/admin/builder/spi-builder-workspace/Sources/QSChatView/Public/Config/ChatConfigBuilder.swift /Users/admin/builder/spi-builder-workspace/Sources/QSChatView/Public/Config/ChatContextMenuItem.swift /Users/admin/builder/spi-builder-workspace/Sources/QSChatView/Public/Config/ChatScrollBehavior.swift /Users/admin/builder/spi-builder-workspace/Sources/QSChatView/QSChatView.swift -emit-dependencies-path /Users/admin/builder/spi-builder-workspace/.derivedData/Build/Intermediates.noindex/QSChatView.build/Debug-xros/QSChatView-t.build/Objects-normal/arm64/WrappedChatBubble.d -emit-const-values-path /Users/admin/builder/spi-builder-workspace/.derivedData/Build/Intermediates.noindex/QSChatView.build/Debug-xros/QSChatView-t.build/Objects-normal/arm64/WrappedChatBubble.swiftconstvalues -emit-reference-dependencies-path /Users/admin/builder/spi-builder-workspace/.derivedData/Build/Intermediates.noindex/QSChatView.build/Debug-xros/QSChatView-t.build/Objects-normal/arm64/WrappedChatBubble.swiftdeps -serialize-diagnostics-path /Users/admin/builder/spi-builder-workspace/.derivedData/Build/Intermediates.noindex/QSChatView.build/Debug-xros/QSChatView-t.build/Objects-normal/arm64/WrappedChatBubble.dia -emit-dependencies-path /Users/admin/builder/spi-builder-workspace/.derivedData/Build/Intermediates.noindex/QSChatView.build/Debug-xros/QSChatView-t.build/Objects-normal/arm64/ScrollViewData.d -emit-const-values-path /Users/admin/builder/spi-builder-workspace/.derivedData/Build/Intermediates.noindex/QSChatView.build/Debug-xros/QSChatView-t.build/Objects-normal/arm64/ScrollViewData.swiftconstvalues -emit-reference-dependencies-path /Users/admin/builder/spi-builder-workspace/.derivedData/Build/Intermediates.noindex/QSChatView.build/Debug-xros/QSChatView-t.build/Objects-normal/arm64/ScrollViewData.swiftdeps -serialize-diagnostics-path /Users/admin/builder/spi-builder-workspace/.derivedData/Build/Intermediates.noindex/QSChatView.build/Debug-xros/QSChatView-t.build/Objects-normal/arm64/ScrollViewData.dia -target arm64-apple-xros1.0 -disable-cross-import-overlay-search -load-resolved-plugin /Applications/Xcode-27.0.0-Release.Candidate.app/Contents/Developer/Platforms/XROS.platform/Developer/usr/lib/swift/host/plugins/libFoundationMacros.dylib\#/Applications/Xcode-27.0.0-Release.Candidate.app/Contents/Developer/Platforms/XROS.platform/Developer/usr/bin/swift-plugin-server\#FoundationMacros -load-resolved-plugin /Applications/Xcode-27.0.0-Release.Candidate.app/Contents/Developer/Platforms/XROS.platform/Developer/usr/lib/swift/host/plugins/libObservationMacros.dylib\#/Applications/Xcode-27.0.0-Release.Candidate.app/Contents/Developer/Platforms/XROS.platform/Developer/usr/bin/swift-plugin-server\#ObservationMacros -load-resolved-plugin /Applications/Xcode-27.0.0-Release.Candidate.app/Contents/Developer/Platforms/XROS.platform/Developer/usr/lib/swift/host/plugins/libPreviewsMacros.dylib\#/Applications/Xcode-27.0.0-Release.Candidate.app/Contents/Developer/Platforms/XROS.platform/Developer/usr/bin/swift-plugin-server\#PreviewsMacros -load-resolved-plugin /Applications/Xcode-27.0.0-Release.Candidate.app/Contents/Developer/Platforms/XROS.platform/Developer/usr/lib/swift/host/plugins/libSwiftMacros.dylib\#/Applications/Xcode-27.0.0-Release.Candidate.app/Contents/Developer/Platforms/XROS.platform/Developer/usr/bin/swift-plugin-server\#SwiftMacros -load-resolved-plugin /Applications/Xcode-27.0.0-Release.Candidate.app/Contents/Developer/Platforms/XROS.platform/Developer/usr/lib/swift/host/plugins/libSwiftUIMacros.dylib\#/Applications/Xcode-27.0.0-Release.Candidate.app/Contents/Developer/Platforms/XROS.platform/Developer/usr/bin/swift-plugin-server\#SwiftUIMacros -disable-implicit-swift-modules -Xcc -fno-implicit-modules -Xcc -fno-implicit-module-maps -explicit-swift-module-map-file /Users/admin/builder/spi-builder-workspace/.derivedData/Build/Intermediates.noindex/QSChatView.build/Debug-xros/QSChatView-t.build/Objects-normal/arm64/QSChatView-dependencies-1.json -Xllvm -aarch64-use-tbi -enable-objc-interop -stack-check -sdk /Applications/Xcode-27.0.0-Release.Candidate.app/Contents/Developer/Platforms/XROS.platform/Developer/SDKs/XROS27.0.sdk -I /Users/admin/builder/spi-builder-workspace/.derivedData/Build/Products/Debug-xros -Isystem /Applications/Xcode-27.0.0-Release.Candidate.app/Contents/Developer/Platforms/XROS.platform/Developer/usr/lib -F /Users/admin/builder/spi-builder-workspace/.derivedData/Build/Products/Debug-xros -F /Applications/Xcode-27.0.0-Release.Candidate.app/Contents/Developer/Platforms/XROS.platform/Developer/Library/Frameworks -F /Applications/Xcode-27.0.0-Release.Candidate.app/Contents/Developer/Platforms/XROS.platform/Developer/SDKs/XROS27.0.sdk/Developer/Library/Frameworks -module-cache-path /Users/admin/builder/spi-builder-workspace/.derivedData/Build/Intermediates.noindex/SwiftExplicitPrecompiledModules -no-color-diagnostics -Xcc -fno-color-diagnostics -enable-testing -g -debug-info-format\=dwarf -dwarf-version\=4 -swift-version 5 -Onone -D SWIFT_PACKAGE -D DEBUG -D SWIFT_MODULE_RESOURCE_BUNDLE_UNAVAILABLE -D Xcode -serialize-debugging-options -enable-experimental-feature DebugDescriptionMacro -empty-abi-descriptor -validate-clang-modules-once -clang-build-session-file /Users/admin/builder/spi-builder-workspace/.derivedData/ModuleCache.noindex/Session.modulevalidation -Xcc -working-directory -Xcc /Users/admin/builder/spi-builder-workspace/.swiftpm/xcode -enable-anonymous-context-mangled-names -file-compilation-dir /Users/admin/builder/spi-builder-workspace/.swiftpm/xcode -Xcc -D_LIBCPP_HARDENING_MODE\=_LIBCPP_HARDENING_MODE_DEBUG -Xcc -ivfsstatcache -Xcc /Users/admin/builder/spi-builder-workspace/.derivedData/SDKStatCaches.noindex/xros27.0-24M361-e829b21a6f8c9b70876ba0858053c044735bd543db762f57723cac368afd1ce4.sdkstatcache -Xcc -fmodules-prune-interval\=86400 -Xcc -fmodules-prune-after\=345600 -Xcc -I/Users/admin/builder/spi-builder-workspace/.derivedData/Build/Products/Debug-xros/include -Xcc -I/Users/admin/builder/spi-builder-workspace/.derivedData/Build/Intermediates.noindex/QSChatView.build/Debug-xros/QSChatView-t.build/DerivedSources-normal/arm64 -Xcc -I/Users/admin/builder/spi-builder-workspace/.derivedData/Build/Intermediates.noindex/QSChatView.build/Debug-xros/QSChatView-t.build/DerivedSources/arm64 -Xcc -I/Users/admin/builder/spi-builder-workspace/.derivedData/Build/Intermediates.noindex/QSChatView.build/Debug-xros/QSChatView-t.build/DerivedSources -Xcc -DSWIFT_PACKAGE -Xcc -DDEBUG\=1 -no-auto-bridging-header-chaining -module-name QSChatView -const-gather-protocols-file /Users/admin/builder/spi-builder-workspace/.derivedData/Build/Intermediates.noindex/QSChatView.build/Debug-xros/QSChatView-t.build/Objects-normal/arm64/QSChatView_const_extract_protocols.json -disable-clang-spi -clang-target arm64-apple-xros27.0 -target-sdk-version 27.0 -target-sdk-name xros27.0 -in-process-plugin-server-path /Applications/Xcode-27.0.0-Release.Candidate.app/Contents/Developer/Toolchains/XcodeDefault.xctoolchain/usr/lib/swift/host/libSwiftInProcPluginServer.dylib -parse-as-library -o /Users/admin/builder/spi-builder-workspace/.derivedData/Build/Intermediates.noindex/QSChatView.build/Debug-xros/QSChatView-t.build/Objects-normal/arm64/WrappedChatBubble.o -o /Users/admin/builder/spi-builder-workspace/.derivedData/Build/Intermediates.noindex/QSChatView.build/Debug-xros/QSChatView-t.build/Objects-normal/arm64/ScrollViewData.o -debug-module-path /Users/admin/builder/spi-builder-workspace/.derivedData/Build/Intermediates.noindex/QSChatView.build/Debug-xros/QSChatView-t.build/Objects-normal/arm64/QSChatView.swiftmodule -index-unit-output-path /QSChatView.build/Debug-xros/QSChatView-t.build/Objects-normal/arm64/WrappedChatBubble.o -index-unit-output-path /QSChatView.build/Debug-xros/QSChatView-t.build/Objects-normal/arm64/ScrollViewData.o -index-store-path /Users/admin/builder/spi-builder-workspace/.derivedData/Index.noindex/DataStore -index-system-modules
SwiftCompile normal arm64 /Users/admin/builder/spi-builder-workspace/Sources/QSChatView/Internal/Components/WrappedChatBubble.swift (in target 'QSChatView' from project 'QSChatView')
cd /Users/admin/builder/spi-builder-workspace/.swiftpm/xcode
builtin-SwiftPerFileCompile WrappedChatBubble.swift
SwiftCompile normal arm64 /Users/admin/builder/spi-builder-workspace/Sources/QSChatView/Internal/Data/ScrollViewData.swift (in target 'QSChatView' from project 'QSChatView')
cd /Users/admin/builder/spi-builder-workspace/.swiftpm/xcode
builtin-SwiftPerFileCompile ScrollViewData.swift
SwiftCompile normal arm64 Compiling\ ChatMessageContent.swift,\ ChatMessagePromise.swift /Users/admin/builder/spi-builder-workspace/Sources/QSChatView/Public/ChatMessageContent.swift /Users/admin/builder/spi-builder-workspace/Sources/QSChatView/Public/ChatMessagePromise.swift (in target 'QSChatView' from project 'QSChatView')
SwiftCompile normal arm64 /Users/admin/builder/spi-builder-workspace/Sources/QSChatView/Public/ChatMessageContent.swift (in target 'QSChatView' from project 'QSChatView')
cd /Users/admin/builder/spi-builder-workspace/.swiftpm/xcode
builtin-SwiftPerFileCompile ChatMessageContent.swift
SwiftCompile normal arm64 /Users/admin/builder/spi-builder-workspace/Sources/QSChatView/Public/ChatMessagePromise.swift (in target 'QSChatView' from project 'QSChatView')
cd /Users/admin/builder/spi-builder-workspace/.swiftpm/xcode
builtin-SwiftPerFileCompile ChatMessagePromise.swift
SwiftCompile normal arm64 Compiling\ ChatTextFieldStyle.swift,\ ChatAvatar.swift /Users/admin/builder/spi-builder-workspace/Sources/QSChatView/Internal/Styles/ChatTextFieldStyle.swift /Users/admin/builder/spi-builder-workspace/Sources/QSChatView/Public/ChatAvatar.swift (in target 'QSChatView' from project 'QSChatView')
SwiftCompile normal arm64 /Users/admin/builder/spi-builder-workspace/Sources/QSChatView/Internal/Styles/ChatTextFieldStyle.swift (in target 'QSChatView' from project 'QSChatView')
cd /Users/admin/builder/spi-builder-workspace/.swiftpm/xcode
builtin-SwiftPerFileCompile ChatTextFieldStyle.swift
SwiftCompile normal arm64 /Users/admin/builder/spi-builder-workspace/Sources/QSChatView/Public/ChatAvatar.swift (in target 'QSChatView' from project 'QSChatView')
cd /Users/admin/builder/spi-builder-workspace/.swiftpm/xcode
builtin-SwiftPerFileCompile ChatAvatar.swift
SwiftCompile normal arm64 Compiling\ ChatParticipant.swift,\ ChatParticipantBuilder.swift /Users/admin/builder/spi-builder-workspace/Sources/QSChatView/Public/ChatParticipant.swift /Users/admin/builder/spi-builder-workspace/Sources/QSChatView/Public/ChatParticipantBuilder.swift (in target 'QSChatView' from project 'QSChatView')
SwiftCompile normal arm64 /Users/admin/builder/spi-builder-workspace/Sources/QSChatView/Public/ChatParticipant.swift (in target 'QSChatView' from project 'QSChatView')
cd /Users/admin/builder/spi-builder-workspace/.swiftpm/xcode
builtin-SwiftPerFileCompile ChatParticipant.swift
SwiftCompile normal arm64 /Users/admin/builder/spi-builder-workspace/Sources/QSChatView/Public/ChatParticipantBuilder.swift (in target 'QSChatView' from project 'QSChatView')
cd /Users/admin/builder/spi-builder-workspace/.swiftpm/xcode
builtin-SwiftPerFileCompile ChatParticipantBuilder.swift
SwiftEmitModule normal arm64 Emitting\ module\ for\ QSChatView (in target 'QSChatView' from project 'QSChatView')
SwiftCompile normal arm64 (in target 'QSChatView' from project 'QSChatView')
cd /Users/admin/builder/spi-builder-workspace/.swiftpm/xcode
SwiftCompile normal arm64 Compiling\ ChatTextField.swift,\ TypingIndicator.swift /Users/admin/builder/spi-builder-workspace/Sources/QSChatView/Internal/Components/ChatTextField.swift /Users/admin/builder/spi-builder-workspace/Sources/QSChatView/Internal/Components/TypingIndicator.swift (in target 'QSChatView' from project 'QSChatView')
SwiftCompile normal arm64 /Users/admin/builder/spi-builder-workspace/Sources/QSChatView/Internal/Components/ChatTextField.swift (in target 'QSChatView' from project 'QSChatView')
cd /Users/admin/builder/spi-builder-workspace/.swiftpm/xcode
builtin-SwiftPerFileCompile ChatTextField.swift
SwiftCompile normal arm64 /Users/admin/builder/spi-builder-workspace/Sources/QSChatView/Internal/Components/TypingIndicator.swift (in target 'QSChatView' from project 'QSChatView')
cd /Users/admin/builder/spi-builder-workspace/.swiftpm/xcode
builtin-SwiftPerFileCompile TypingIndicator.swift
SwiftCompile normal arm64 Compiling\ ChatScrollBehavior.swift,\ QSChatView.swift /Users/admin/builder/spi-builder-workspace/Sources/QSChatView/Public/Config/ChatScrollBehavior.swift /Users/admin/builder/spi-builder-workspace/Sources/QSChatView/QSChatView.swift (in target 'QSChatView' from project 'QSChatView')
SwiftCompile normal arm64 /Users/admin/builder/spi-builder-workspace/Sources/QSChatView/Public/Config/ChatScrollBehavior.swift (in target 'QSChatView' from project 'QSChatView')
cd /Users/admin/builder/spi-builder-workspace/.swiftpm/xcode
builtin-SwiftPerFileCompile ChatScrollBehavior.swift
SwiftCompile normal arm64 /Users/admin/builder/spi-builder-workspace/Sources/QSChatView/QSChatView.swift (in target 'QSChatView' from project 'QSChatView')
cd /Users/admin/builder/spi-builder-workspace/.swiftpm/xcode
builtin-SwiftPerFileCompile QSChatView.swift
SwiftDriverJobDiscovery normal arm64 Compiling ContentHeightPreferenceKey.swift, ScrollOffsetPreferenceKey.swift (in target 'QSChatView' from project 'QSChatView')
SwiftDriverJobDiscovery normal arm64 Compiling ChatTextFieldStyle.swift, ChatAvatar.swift (in target 'QSChatView' from project 'QSChatView')
SwiftDriverJobDiscovery normal arm64 Compiling ContentHeightModifier.swift, ScrollOffsetModifier.swift (in target 'QSChatView' from project 'QSChatView')
SwiftDriverJobDiscovery normal arm64 Compiling ChatMessageContent.swift, ChatMessagePromise.swift (in target 'QSChatView' from project 'QSChatView')
SwiftDriverJobDiscovery normal arm64 Compiling ChatParticipant.swift, ChatParticipantBuilder.swift (in target 'QSChatView' from project 'QSChatView')
SwiftCompile normal arm64 Compiling\ ChatParticipantRole.swift /Users/admin/builder/spi-builder-workspace/Sources/QSChatView/Public/ChatParticipantRole.swift (in target 'QSChatView' from project 'QSChatView')
SwiftCompile normal arm64 /Users/admin/builder/spi-builder-workspace/Sources/QSChatView/Public/ChatParticipantRole.swift (in target 'QSChatView' from project 'QSChatView')
cd /Users/admin/builder/spi-builder-workspace/.swiftpm/xcode
builtin-SwiftPerFileCompile ChatParticipantRole.swift
SwiftCompile normal arm64 Compiling\ ChatContextMenuItem.swift /Users/admin/builder/spi-builder-workspace/Sources/QSChatView/Public/Config/ChatContextMenuItem.swift (in target 'QSChatView' from project 'QSChatView')
SwiftCompile normal arm64 /Users/admin/builder/spi-builder-workspace/Sources/QSChatView/Public/Config/ChatContextMenuItem.swift (in target 'QSChatView' from project 'QSChatView')
cd /Users/admin/builder/spi-builder-workspace/.swiftpm/xcode
builtin-SwiftPerFileCompile ChatContextMenuItem.swift
SwiftDriverJobDiscovery normal arm64 Compiling ChatController.swift, ChatMessage.swift (in target 'QSChatView' from project 'QSChatView')
PruneExplicitPrecompiledModules /Users/admin/builder/spi-builder-workspace/.derivedData/SDKExplicitPrecompiledModules
PruneExplicitPrecompiledModules /Users/admin/builder/spi-builder-workspace/.derivedData/Build/Intermediates.noindex/ExplicitPrecompiledModules
PruneExplicitPrecompiledModules /Users/admin/builder/spi-builder-workspace/.derivedData/Build/Intermediates.noindex/SwiftExplicitPrecompiledModules
2026-09-19 18:12:36.425 xcodebuild[790:4854] [MT] IDERunDestination: Supported platforms for the buildables in the current scheme is empty.
2026-09-19 18:12:36.525 xcodebuild[790:4854] [MT] IDERunDestination: Supported platforms for the buildables in the current scheme is empty.
** BUILD FAILED **
The following build commands failed:
SwiftCompile normal arm64 Compiling\ WrappedChatBubble.swift,\ ScrollViewData.swift /Users/admin/builder/spi-builder-workspace/Sources/QSChatView/Internal/Components/WrappedChatBubble.swift /Users/admin/builder/spi-builder-workspace/Sources/QSChatView/Internal/Data/ScrollViewData.swift (in target 'QSChatView' from project 'QSChatView')
SwiftCompile normal arm64 /Users/admin/builder/spi-builder-workspace/Sources/QSChatView/Internal/Data/ScrollViewData.swift (in target 'QSChatView' from project 'QSChatView')
Building workspace QSChatView with scheme QSChatView
(3 failures)
BUILD FAILURE 6.4 visionOS