Build Information
Failed to build swift-evolution-metadata-extractor, reference 1.1.1 (8877f1), with Swift 6.4 for watchOS using Xcode 27.0 on 19 Sep 2026 06:54:34 UTC.
Build Command
env DEVELOPER_DIR=/Applications/Xcode-27.0.0-Release.Candidate.app xcrun xcodebuild -IDEClonedSourcePackagesDirPathOverride=$PWD/.dependencies -skipMacroValidation -skipPackagePluginValidation -derivedDataPath $PWD/.derivedData build -scheme swift-evolution-metadata-extractor-Package -destination generic/platform=watchOSBuild Log
SwiftDriver\ Compilation Markdown normal arm64 com.apple.xcode.tools.swift.compiler (in target 'Markdown' from project 'swift-markdown')
cd /Users/admin/builder/spi-builder-workspace/.swiftpm/xcode
builtin-Swift-Compilation -- /Applications/Xcode-27.0.0-Release.Candidate.app/Contents/Developer/Toolchains/XcodeDefault.xctoolchain/usr/bin/swiftc -parse-as-library -module-name Markdown -Onone @/Users/admin/builder/spi-builder-workspace/.derivedData/Build/Intermediates.noindex/swift-markdown.build/Debug-watchos/Markdown-t.build/Objects-normal/arm64/Markdown.SwiftFileList -DSWIFT_PACKAGE -DDEBUG -DSWIFT_MODULE_RESOURCE_BUNDLE_UNAVAILABLE -Xcc -fmodule-map-file\=/Users/admin/builder/spi-builder-workspace/.dependencies/checkouts/swift-cmark/src/include/module.modulemap -Xcc -fmodule-map-file\=/Users/admin/builder/spi-builder-workspace/.dependencies/checkouts/swift-cmark/extensions/include/module.modulemap -Xcc -fmodule-map-file\=/Users/admin/builder/spi-builder-workspace/.dependencies/checkouts/swift-markdown/Sources/CAtomic/include/module.modulemap -DXcode -plugin-path /Applications/Xcode-27.0.0-Release.Candidate.app/Contents/Developer/Toolchains/XcodeDefault.xctoolchain/usr/lib/swift/host/plugins/testing -enable-experimental-feature DebugDescriptionMacro -sdk /Applications/Xcode-27.0.0-Release.Candidate.app/Contents/Developer/Platforms/WatchOS.platform/Developer/SDKs/WatchOS27.0.sdk -target arm64-apple-watchos9.0 -g -module-cache-path /Users/admin/builder/spi-builder-workspace/.derivedData/ModuleCache.noindex -Xfrontend -serialize-debugging-options -profile-coverage-mapping -profile-generate -enable-testing -suppress-warnings -index-store-path /Users/admin/builder/spi-builder-workspace/.derivedData/Index.noindex/DataStore -Xcc -D_LIBCPP_HARDENING_MODE\=_LIBCPP_HARDENING_MODE_DEBUG -swift-version 5 -I /Users/admin/builder/spi-builder-workspace/.derivedData/Build/Products/Debug-watchos -Isystem /Applications/Xcode-27.0.0-Release.Candidate.app/Contents/Developer/Platforms/WatchOS.platform/Developer/usr/lib -F /Users/admin/builder/spi-builder-workspace/.derivedData/Build/Products/Debug-watchos/PackageFrameworks -F /Users/admin/builder/spi-builder-workspace/.derivedData/Build/Products/Debug-watchos -F /Applications/Xcode-27.0.0-Release.Candidate.app/Contents/Developer/Platforms/WatchOS.platform/Developer/Library/Frameworks -F /Applications/Xcode-27.0.0-Release.Candidate.app/Contents/Developer/Platforms/WatchOS.platform/Developer/SDKs/WatchOS27.0.sdk/Developer/Library/Frameworks -c -j10 -enable-batch-mode -incremental -Xcc -ivfsstatcache -Xcc /Users/admin/builder/spi-builder-workspace/.derivedData/SDKStatCaches.noindex/watchos27.0-24R360-e829b21a6f8c9b70876ba0858053c04477534ef55a1706bf4c1112bbb242f0a2.sdkstatcache -output-file-map /Users/admin/builder/spi-builder-workspace/.derivedData/Build/Intermediates.noindex/swift-markdown.build/Debug-watchos/Markdown-t.build/Objects-normal/arm64/Markdown-OutputFileMap.json -save-temps -no-color-diagnostics -explicit-module-build -module-cache-path /Users/admin/builder/spi-builder-workspace/.derivedData/Build/Intermediates.noindex/SwiftExplicitPrecompiledModules -clang-scanner-module-cache-path /Users/admin/builder/spi-builder-workspace/.derivedData/ModuleCache.noindex -sdk-module-cache-path /Users/admin/builder/spi-builder-workspace/.derivedData/SDKExplicitPrecompiledModules -emit-dependencies -emit-module -emit-module-path /Users/admin/builder/spi-builder-workspace/.derivedData/Build/Intermediates.noindex/swift-markdown.build/Debug-watchos/Markdown-t.build/Objects-normal/arm64/Markdown.swiftmodule -serialize-diagnostics -dependency-scan-serialize-diagnostics-path /Users/admin/builder/spi-builder-workspace/.derivedData/Build/Intermediates.noindex/swift-markdown.build/Debug-watchos/Markdown-t.build/Objects-normal/arm64/Markdown-dependency-scan.dia -user-module-version 0.8.0 -validate-clang-modules-once -clang-build-session-file /Users/admin/builder/spi-builder-workspace/.derivedData/ModuleCache.noindex/Session.modulevalidation -Xcc -fmodules-prune-interval\=86400 -Xcc -fmodules-prune-after\=345600 -package-name swift_markdown -emit-const-values -const-gather-protocols-list /Users/admin/builder/spi-builder-workspace/.derivedData/Build/Intermediates.noindex/swift-markdown.build/Debug-watchos/Markdown-t.build/Objects-normal/arm64/Markdown_const_extract_protocols.json -Xcc -I/Users/admin/builder/spi-builder-workspace/.dependencies/checkouts/swift-cmark/src/include -Xcc -I/Users/admin/builder/spi-builder-workspace/.dependencies/checkouts/swift-cmark/extensions/include -Xcc -I/Users/admin/builder/spi-builder-workspace/.dependencies/checkouts/swift-markdown/Sources/CAtomic/include -Xcc -I/Users/admin/builder/spi-builder-workspace/.derivedData/Build/Products/Debug-watchos/include -Xcc -I/Users/admin/builder/spi-builder-workspace/.derivedData/Build/Intermediates.noindex/swift-markdown.build/Debug-watchos/Markdown-t.build/DerivedSources-normal/arm64 -Xcc -I/Users/admin/builder/spi-builder-workspace/.derivedData/Build/Intermediates.noindex/swift-markdown.build/Debug-watchos/Markdown-t.build/DerivedSources/arm64 -Xcc -I/Users/admin/builder/spi-builder-workspace/.derivedData/Build/Intermediates.noindex/swift-markdown.build/Debug-watchos/Markdown-t.build/DerivedSources -Xcc -DSWIFT_PACKAGE -Xcc -DDEBUG\=1 -emit-objc-header -emit-objc-header-path /Users/admin/builder/spi-builder-workspace/.derivedData/Build/Intermediates.noindex/swift-markdown.build/Debug-watchos/Markdown-t.build/Objects-normal/arm64/Markdown-Swift.h -working-directory /Users/admin/builder/spi-builder-workspace/.swiftpm/xcode -experimental-emit-module-separately -disable-cmo
SwiftCompile normal arm64 Compiling\ SplitArguments.swift,\ DumpHelpGenerator.swift,\ HelpCommand.swift,\ HelpGenerator.swift,\ MessageInfo.swift /Users/admin/builder/spi-builder-workspace/.dependencies/checkouts/swift-argument-parser/Sources/ArgumentParser/Parsing/SplitArguments.swift /Users/admin/builder/spi-builder-workspace/.dependencies/checkouts/swift-argument-parser/Sources/ArgumentParser/Usage/DumpHelpGenerator.swift /Users/admin/builder/spi-builder-workspace/.dependencies/checkouts/swift-argument-parser/Sources/ArgumentParser/Usage/HelpCommand.swift /Users/admin/builder/spi-builder-workspace/.dependencies/checkouts/swift-argument-parser/Sources/ArgumentParser/Usage/HelpGenerator.swift /Users/admin/builder/spi-builder-workspace/.dependencies/checkouts/swift-argument-parser/Sources/ArgumentParser/Usage/MessageInfo.swift (in target 'ArgumentParser' from project 'swift-argument-parser')
SwiftCompile normal arm64 /Users/admin/builder/spi-builder-workspace/.dependencies/checkouts/swift-argument-parser/Sources/ArgumentParser/Parsing/SplitArguments.swift (in target 'ArgumentParser' from project 'swift-argument-parser')
cd /Users/admin/builder/spi-builder-workspace/.swiftpm/xcode
builtin-SwiftPerFileCompile SplitArguments.swift
SwiftCompile normal arm64 /Users/admin/builder/spi-builder-workspace/.dependencies/checkouts/swift-argument-parser/Sources/ArgumentParser/Usage/DumpHelpGenerator.swift (in target 'ArgumentParser' from project 'swift-argument-parser')
cd /Users/admin/builder/spi-builder-workspace/.swiftpm/xcode
builtin-SwiftPerFileCompile DumpHelpGenerator.swift
SwiftCompile normal arm64 /Users/admin/builder/spi-builder-workspace/.dependencies/checkouts/swift-argument-parser/Sources/ArgumentParser/Usage/HelpCommand.swift (in target 'ArgumentParser' from project 'swift-argument-parser')
cd /Users/admin/builder/spi-builder-workspace/.swiftpm/xcode
builtin-SwiftPerFileCompile HelpCommand.swift
SwiftCompile normal arm64 /Users/admin/builder/spi-builder-workspace/.dependencies/checkouts/swift-argument-parser/Sources/ArgumentParser/Usage/HelpGenerator.swift (in target 'ArgumentParser' from project 'swift-argument-parser')
cd /Users/admin/builder/spi-builder-workspace/.swiftpm/xcode
builtin-SwiftPerFileCompile HelpGenerator.swift
SwiftCompile normal arm64 /Users/admin/builder/spi-builder-workspace/.dependencies/checkouts/swift-argument-parser/Sources/ArgumentParser/Usage/MessageInfo.swift (in target 'ArgumentParser' from project 'swift-argument-parser')
cd /Users/admin/builder/spi-builder-workspace/.swiftpm/xcode
builtin-SwiftPerFileCompile MessageInfo.swift
SwiftDriverJobDiscovery normal arm64_32 Emitting module for ArgumentParser (in target 'ArgumentParser' from project 'swift-argument-parser')
SwiftCompile normal arm64 Compiling\ InputOrigin.swift,\ Name.swift,\ Parsed.swift,\ ParsedValues.swift,\ ParserError.swift /Users/admin/builder/spi-builder-workspace/.dependencies/checkouts/swift-argument-parser/Sources/ArgumentParser/Parsing/InputOrigin.swift /Users/admin/builder/spi-builder-workspace/.dependencies/checkouts/swift-argument-parser/Sources/ArgumentParser/Parsing/Name.swift /Users/admin/builder/spi-builder-workspace/.dependencies/checkouts/swift-argument-parser/Sources/ArgumentParser/Parsing/Parsed.swift /Users/admin/builder/spi-builder-workspace/.dependencies/checkouts/swift-argument-parser/Sources/ArgumentParser/Parsing/ParsedValues.swift /Users/admin/builder/spi-builder-workspace/.dependencies/checkouts/swift-argument-parser/Sources/ArgumentParser/Parsing/ParserError.swift (in target 'ArgumentParser' from project 'swift-argument-parser')
SwiftCompile normal arm64 /Users/admin/builder/spi-builder-workspace/.dependencies/checkouts/swift-argument-parser/Sources/ArgumentParser/Parsing/InputOrigin.swift (in target 'ArgumentParser' from project 'swift-argument-parser')
cd /Users/admin/builder/spi-builder-workspace/.swiftpm/xcode
builtin-SwiftPerFileCompile InputOrigin.swift
SwiftCompile normal arm64 /Users/admin/builder/spi-builder-workspace/.dependencies/checkouts/swift-argument-parser/Sources/ArgumentParser/Parsing/Name.swift (in target 'ArgumentParser' from project 'swift-argument-parser')
cd /Users/admin/builder/spi-builder-workspace/.swiftpm/xcode
builtin-SwiftPerFileCompile Name.swift
SwiftCompile normal arm64 /Users/admin/builder/spi-builder-workspace/.dependencies/checkouts/swift-argument-parser/Sources/ArgumentParser/Parsing/Parsed.swift (in target 'ArgumentParser' from project 'swift-argument-parser')
cd /Users/admin/builder/spi-builder-workspace/.swiftpm/xcode
builtin-SwiftPerFileCompile Parsed.swift
SwiftCompile normal arm64 /Users/admin/builder/spi-builder-workspace/.dependencies/checkouts/swift-argument-parser/Sources/ArgumentParser/Parsing/ParsedValues.swift (in target 'ArgumentParser' from project 'swift-argument-parser')
cd /Users/admin/builder/spi-builder-workspace/.swiftpm/xcode
builtin-SwiftPerFileCompile ParsedValues.swift
SwiftCompile normal arm64 /Users/admin/builder/spi-builder-workspace/.dependencies/checkouts/swift-argument-parser/Sources/ArgumentParser/Parsing/ParserError.swift (in target 'ArgumentParser' from project 'swift-argument-parser')
cd /Users/admin/builder/spi-builder-workspace/.swiftpm/xcode
builtin-SwiftPerFileCompile ParserError.swift
SwiftDriver\ Compilation\ Requirements ArgumentParser normal arm64_32 com.apple.xcode.tools.swift.compiler (in target 'ArgumentParser' from project 'swift-argument-parser')
cd /Users/admin/builder/spi-builder-workspace/.swiftpm/xcode
builtin-Swift-Compilation-Requirements -- /Applications/Xcode-27.0.0-Release.Candidate.app/Contents/Developer/Toolchains/XcodeDefault.xctoolchain/usr/bin/swiftc -parse-as-library -module-name ArgumentParser -Onone @/Users/admin/builder/spi-builder-workspace/.derivedData/Build/Intermediates.noindex/swift-argument-parser.build/Debug-watchos/ArgumentParser-t.build/Objects-normal/arm64_32/ArgumentParser.SwiftFileList -DSWIFT_PACKAGE -DDEBUG -DSWIFT_MODULE_RESOURCE_BUNDLE_UNAVAILABLE -DXcode -plugin-path /Applications/Xcode-27.0.0-Release.Candidate.app/Contents/Developer/Toolchains/XcodeDefault.xctoolchain/usr/lib/swift/host/plugins/testing -enable-experimental-feature DebugDescriptionMacro -sdk /Applications/Xcode-27.0.0-Release.Candidate.app/Contents/Developer/Platforms/WatchOS.platform/Developer/SDKs/WatchOS27.0.sdk -target arm64_32-apple-watchos9.0 -g -module-cache-path /Users/admin/builder/spi-builder-workspace/.derivedData/ModuleCache.noindex -Xfrontend -serialize-debugging-options -profile-coverage-mapping -profile-generate -enable-testing -suppress-warnings -index-store-path /Users/admin/builder/spi-builder-workspace/.derivedData/Index.noindex/DataStore -Xcc -D_LIBCPP_HARDENING_MODE\=_LIBCPP_HARDENING_MODE_DEBUG -swift-version 6 -I /Users/admin/builder/spi-builder-workspace/.derivedData/Build/Products/Debug-watchos -Isystem /Applications/Xcode-27.0.0-Release.Candidate.app/Contents/Developer/Platforms/WatchOS.platform/Developer/usr/lib -F /Users/admin/builder/spi-builder-workspace/.derivedData/Build/Products/Debug-watchos/PackageFrameworks -F /Users/admin/builder/spi-builder-workspace/.derivedData/Build/Products/Debug-watchos -F /Applications/Xcode-27.0.0-Release.Candidate.app/Contents/Developer/Platforms/WatchOS.platform/Developer/Library/Frameworks -F /Applications/Xcode-27.0.0-Release.Candidate.app/Contents/Developer/Platforms/WatchOS.platform/Developer/SDKs/WatchOS27.0.sdk/Developer/Library/Frameworks -c -j10 -enable-batch-mode -incremental -Xcc -ivfsstatcache -Xcc /Users/admin/builder/spi-builder-workspace/.derivedData/SDKStatCaches.noindex/watchos27.0-24R360-e829b21a6f8c9b70876ba0858053c04477534ef55a1706bf4c1112bbb242f0a2.sdkstatcache -output-file-map /Users/admin/builder/spi-builder-workspace/.derivedData/Build/Intermediates.noindex/swift-argument-parser.build/Debug-watchos/ArgumentParser-t.build/Objects-normal/arm64_32/ArgumentParser-OutputFileMap.json -save-temps -no-color-diagnostics -explicit-module-build -module-cache-path /Users/admin/builder/spi-builder-workspace/.derivedData/Build/Intermediates.noindex/SwiftExplicitPrecompiledModules -clang-scanner-module-cache-path /Users/admin/builder/spi-builder-workspace/.derivedData/ModuleCache.noindex -sdk-module-cache-path /Users/admin/builder/spi-builder-workspace/.derivedData/SDKExplicitPrecompiledModules -emit-dependencies -emit-module -emit-module-path /Users/admin/builder/spi-builder-workspace/.derivedData/Build/Intermediates.noindex/swift-argument-parser.build/Debug-watchos/ArgumentParser-t.build/Objects-normal/arm64_32/ArgumentParser.swiftmodule -serialize-diagnostics -dependency-scan-serialize-diagnostics-path /Users/admin/builder/spi-builder-workspace/.derivedData/Build/Intermediates.noindex/swift-argument-parser.build/Debug-watchos/ArgumentParser-t.build/Objects-normal/arm64_32/ArgumentParser-dependency-scan.dia -user-module-version 1.8.2 -validate-clang-modules-once -clang-build-session-file /Users/admin/builder/spi-builder-workspace/.derivedData/ModuleCache.noindex/Session.modulevalidation -Xcc -fmodules-prune-interval\=86400 -Xcc -fmodules-prune-after\=345600 -package-name swift_argument_parser -emit-const-values -const-gather-protocols-list /Users/admin/builder/spi-builder-workspace/.derivedData/Build/Intermediates.noindex/swift-argument-parser.build/Debug-watchos/ArgumentParser-t.build/Objects-normal/arm64_32/ArgumentParser_const_extract_protocols.json -Xcc -I/Users/admin/builder/spi-builder-workspace/.derivedData/Build/Products/Debug-watchos/include -Xcc -I/Users/admin/builder/spi-builder-workspace/.derivedData/Build/Intermediates.noindex/swift-argument-parser.build/Debug-watchos/ArgumentParser-t.build/DerivedSources-normal/arm64_32 -Xcc -I/Users/admin/builder/spi-builder-workspace/.derivedData/Build/Intermediates.noindex/swift-argument-parser.build/Debug-watchos/ArgumentParser-t.build/DerivedSources/arm64_32 -Xcc -I/Users/admin/builder/spi-builder-workspace/.derivedData/Build/Intermediates.noindex/swift-argument-parser.build/Debug-watchos/ArgumentParser-t.build/DerivedSources -Xcc -DSWIFT_PACKAGE -Xcc -DDEBUG\=1 -emit-objc-header -emit-objc-header-path /Users/admin/builder/spi-builder-workspace/.derivedData/Build/Intermediates.noindex/swift-argument-parser.build/Debug-watchos/ArgumentParser-t.build/Objects-normal/arm64_32/ArgumentParser-Swift.h -working-directory /Users/admin/builder/spi-builder-workspace/.swiftpm/xcode -experimental-emit-module-separately -disable-cmo
SwiftDriverJobDiscovery normal arm64_32 Compiling CollectionExtensions.swift, StringExtensions.swift, MarkupVisitor.swift, MarkupWalker.swift, HTMLFormatter.swift, MarkupFormatter.swift, MarkupTreeDumper.swift (in target 'Markdown' from project 'swift-markdown')
SwiftCompile normal arm64_32 Compiling\ CommandGroup.swift,\ EnumerableFlag.swift,\ ExpressibleByArgument.swift,\ ParsableArguments.swift,\ ParsableCommand.swift /Users/admin/builder/spi-builder-workspace/.dependencies/checkouts/swift-argument-parser/Sources/ArgumentParser/Parsable\ Types/CommandGroup.swift /Users/admin/builder/spi-builder-workspace/.dependencies/checkouts/swift-argument-parser/Sources/ArgumentParser/Parsable\ Types/EnumerableFlag.swift /Users/admin/builder/spi-builder-workspace/.dependencies/checkouts/swift-argument-parser/Sources/ArgumentParser/Parsable\ Types/ExpressibleByArgument.swift /Users/admin/builder/spi-builder-workspace/.dependencies/checkouts/swift-argument-parser/Sources/ArgumentParser/Parsable\ Types/ParsableArguments.swift /Users/admin/builder/spi-builder-workspace/.dependencies/checkouts/swift-argument-parser/Sources/ArgumentParser/Parsable\ Types/ParsableCommand.swift (in target 'ArgumentParser' from project 'swift-argument-parser')
SwiftCompile normal arm64_32 /Users/admin/builder/spi-builder-workspace/.dependencies/checkouts/swift-argument-parser/Sources/ArgumentParser/Parsable\ Types/CommandGroup.swift (in target 'ArgumentParser' from project 'swift-argument-parser')
cd /Users/admin/builder/spi-builder-workspace/.swiftpm/xcode
builtin-SwiftPerFileCompile CommandGroup.swift
SwiftCompile normal arm64_32 /Users/admin/builder/spi-builder-workspace/.dependencies/checkouts/swift-argument-parser/Sources/ArgumentParser/Parsable\ Types/EnumerableFlag.swift (in target 'ArgumentParser' from project 'swift-argument-parser')
cd /Users/admin/builder/spi-builder-workspace/.swiftpm/xcode
builtin-SwiftPerFileCompile EnumerableFlag.swift
SwiftCompile normal arm64_32 /Users/admin/builder/spi-builder-workspace/.dependencies/checkouts/swift-argument-parser/Sources/ArgumentParser/Parsable\ Types/ExpressibleByArgument.swift (in target 'ArgumentParser' from project 'swift-argument-parser')
cd /Users/admin/builder/spi-builder-workspace/.swiftpm/xcode
builtin-SwiftPerFileCompile ExpressibleByArgument.swift
SwiftCompile normal arm64_32 /Users/admin/builder/spi-builder-workspace/.dependencies/checkouts/swift-argument-parser/Sources/ArgumentParser/Parsable\ Types/ParsableArguments.swift (in target 'ArgumentParser' from project 'swift-argument-parser')
cd /Users/admin/builder/spi-builder-workspace/.swiftpm/xcode
builtin-SwiftPerFileCompile ParsableArguments.swift
SwiftCompile normal arm64_32 /Users/admin/builder/spi-builder-workspace/.dependencies/checkouts/swift-argument-parser/Sources/ArgumentParser/Parsable\ Types/ParsableCommand.swift (in target 'ArgumentParser' from project 'swift-argument-parser')
cd /Users/admin/builder/spi-builder-workspace/.swiftpm/xcode
builtin-SwiftPerFileCompile ParsableCommand.swift
SwiftMergeGeneratedHeaders /Users/admin/builder/spi-builder-workspace/.derivedData/Build/Intermediates.noindex/GeneratedModuleMaps-watchos/ArgumentParser-Swift.h /Users/admin/builder/spi-builder-workspace/.derivedData/Build/Intermediates.noindex/swift-argument-parser.build/Debug-watchos/ArgumentParser-t.build/Objects-normal/arm64/ArgumentParser-Swift.h /Users/admin/builder/spi-builder-workspace/.derivedData/Build/Intermediates.noindex/swift-argument-parser.build/Debug-watchos/ArgumentParser-t.build/Objects-normal/arm64_32/ArgumentParser-Swift.h (in target 'ArgumentParser' from project 'swift-argument-parser')
cd /Users/admin/builder/spi-builder-workspace/.dependencies/checkouts/swift-argument-parser
builtin-swiftHeaderTool -arch arm64 /Users/admin/builder/spi-builder-workspace/.derivedData/Build/Intermediates.noindex/swift-argument-parser.build/Debug-watchos/ArgumentParser-t.build/Objects-normal/arm64/ArgumentParser-Swift.h -arch arm64_32 /Users/admin/builder/spi-builder-workspace/.derivedData/Build/Intermediates.noindex/swift-argument-parser.build/Debug-watchos/ArgumentParser-t.build/Objects-normal/arm64_32/ArgumentParser-Swift.h -o /Users/admin/builder/spi-builder-workspace/.derivedData/Build/Intermediates.noindex/GeneratedModuleMaps-watchos/ArgumentParser-Swift.h
SwiftDriverJobDiscovery normal arm64 Compiling Option.swift, OptionGroup.swift, ParentCommand.swift, AsyncParsableCommand.swift, CommandConfiguration.swift (in target 'ArgumentParser' from project 'swift-argument-parser')
Copy /Users/admin/builder/spi-builder-workspace/.derivedData/Build/Products/Debug-watchos/ArgumentParser.swiftmodule/arm64_32-apple-watchos.swiftmodule /Users/admin/builder/spi-builder-workspace/.derivedData/Build/Intermediates.noindex/swift-argument-parser.build/Debug-watchos/ArgumentParser-t.build/Objects-normal/arm64_32/ArgumentParser.swiftmodule (in target 'ArgumentParser' from project 'swift-argument-parser')
cd /Users/admin/builder/spi-builder-workspace/.dependencies/checkouts/swift-argument-parser
builtin-copy -exclude .DS_Store -exclude CVS -exclude .svn -exclude .git -exclude .hg -resolve-src-symlinks -rename /Users/admin/builder/spi-builder-workspace/.derivedData/Build/Intermediates.noindex/swift-argument-parser.build/Debug-watchos/ArgumentParser-t.build/Objects-normal/arm64_32/ArgumentParser.swiftmodule /Users/admin/builder/spi-builder-workspace/.derivedData/Build/Products/Debug-watchos/ArgumentParser.swiftmodule/arm64_32-apple-watchos.swiftmodule
Copy /Users/admin/builder/spi-builder-workspace/.derivedData/Build/Products/Debug-watchos/ArgumentParser.swiftmodule/arm64_32-apple-watchos.swiftdoc /Users/admin/builder/spi-builder-workspace/.derivedData/Build/Intermediates.noindex/swift-argument-parser.build/Debug-watchos/ArgumentParser-t.build/Objects-normal/arm64_32/ArgumentParser.swiftdoc (in target 'ArgumentParser' from project 'swift-argument-parser')
cd /Users/admin/builder/spi-builder-workspace/.dependencies/checkouts/swift-argument-parser
builtin-copy -exclude .DS_Store -exclude CVS -exclude .svn -exclude .git -exclude .hg -resolve-src-symlinks -rename /Users/admin/builder/spi-builder-workspace/.derivedData/Build/Intermediates.noindex/swift-argument-parser.build/Debug-watchos/ArgumentParser-t.build/Objects-normal/arm64_32/ArgumentParser.swiftdoc /Users/admin/builder/spi-builder-workspace/.derivedData/Build/Products/Debug-watchos/ArgumentParser.swiftmodule/arm64_32-apple-watchos.swiftdoc
Copy /Users/admin/builder/spi-builder-workspace/.derivedData/Build/Products/Debug-watchos/ArgumentParser.swiftmodule/arm64_32-apple-watchos.abi.json /Users/admin/builder/spi-builder-workspace/.derivedData/Build/Intermediates.noindex/swift-argument-parser.build/Debug-watchos/ArgumentParser-t.build/Objects-normal/arm64_32/ArgumentParser.abi.json (in target 'ArgumentParser' from project 'swift-argument-parser')
cd /Users/admin/builder/spi-builder-workspace/.dependencies/checkouts/swift-argument-parser
builtin-copy -exclude .DS_Store -exclude CVS -exclude .svn -exclude .git -exclude .hg -resolve-src-symlinks -rename /Users/admin/builder/spi-builder-workspace/.derivedData/Build/Intermediates.noindex/swift-argument-parser.build/Debug-watchos/ArgumentParser-t.build/Objects-normal/arm64_32/ArgumentParser.abi.json /Users/admin/builder/spi-builder-workspace/.derivedData/Build/Products/Debug-watchos/ArgumentParser.swiftmodule/arm64_32-apple-watchos.abi.json
Copy /Users/admin/builder/spi-builder-workspace/.derivedData/Build/Products/Debug-watchos/ArgumentParser.swiftmodule/Project/arm64_32-apple-watchos.swiftsourceinfo /Users/admin/builder/spi-builder-workspace/.derivedData/Build/Intermediates.noindex/swift-argument-parser.build/Debug-watchos/ArgumentParser-t.build/Objects-normal/arm64_32/ArgumentParser.swiftsourceinfo (in target 'ArgumentParser' from project 'swift-argument-parser')
cd /Users/admin/builder/spi-builder-workspace/.dependencies/checkouts/swift-argument-parser
builtin-copy -exclude .DS_Store -exclude CVS -exclude .svn -exclude .git -exclude .hg -resolve-src-symlinks -rename /Users/admin/builder/spi-builder-workspace/.derivedData/Build/Intermediates.noindex/swift-argument-parser.build/Debug-watchos/ArgumentParser-t.build/Objects-normal/arm64_32/ArgumentParser.swiftsourceinfo /Users/admin/builder/spi-builder-workspace/.derivedData/Build/Products/Debug-watchos/ArgumentParser.swiftmodule/Project/arm64_32-apple-watchos.swiftsourceinfo
SwiftCompile normal arm64 Compiling\ UsageGenerator.swift,\ CollectionExtensions.swift,\ Foundation.swift,\ Mutex.swift,\ Platform.swift /Users/admin/builder/spi-builder-workspace/.dependencies/checkouts/swift-argument-parser/Sources/ArgumentParser/Usage/UsageGenerator.swift /Users/admin/builder/spi-builder-workspace/.dependencies/checkouts/swift-argument-parser/Sources/ArgumentParser/Utilities/CollectionExtensions.swift /Users/admin/builder/spi-builder-workspace/.dependencies/checkouts/swift-argument-parser/Sources/ArgumentParser/Utilities/Foundation.swift /Users/admin/builder/spi-builder-workspace/.dependencies/checkouts/swift-argument-parser/Sources/ArgumentParser/Utilities/Mutex.swift /Users/admin/builder/spi-builder-workspace/.dependencies/checkouts/swift-argument-parser/Sources/ArgumentParser/Utilities/Platform.swift (in target 'ArgumentParser' from project 'swift-argument-parser')
SwiftCompile normal arm64 /Users/admin/builder/spi-builder-workspace/.dependencies/checkouts/swift-argument-parser/Sources/ArgumentParser/Usage/UsageGenerator.swift (in target 'ArgumentParser' from project 'swift-argument-parser')
cd /Users/admin/builder/spi-builder-workspace/.swiftpm/xcode
builtin-SwiftPerFileCompile UsageGenerator.swift
SwiftCompile normal arm64 /Users/admin/builder/spi-builder-workspace/.dependencies/checkouts/swift-argument-parser/Sources/ArgumentParser/Utilities/CollectionExtensions.swift (in target 'ArgumentParser' from project 'swift-argument-parser')
cd /Users/admin/builder/spi-builder-workspace/.swiftpm/xcode
builtin-SwiftPerFileCompile CollectionExtensions.swift
SwiftCompile normal arm64 /Users/admin/builder/spi-builder-workspace/.dependencies/checkouts/swift-argument-parser/Sources/ArgumentParser/Utilities/Foundation.swift (in target 'ArgumentParser' from project 'swift-argument-parser')
cd /Users/admin/builder/spi-builder-workspace/.swiftpm/xcode
builtin-SwiftPerFileCompile Foundation.swift
SwiftCompile normal arm64 /Users/admin/builder/spi-builder-workspace/.dependencies/checkouts/swift-argument-parser/Sources/ArgumentParser/Utilities/Mutex.swift (in target 'ArgumentParser' from project 'swift-argument-parser')
cd /Users/admin/builder/spi-builder-workspace/.swiftpm/xcode
builtin-SwiftPerFileCompile Mutex.swift
SwiftCompile normal arm64 /Users/admin/builder/spi-builder-workspace/.dependencies/checkouts/swift-argument-parser/Sources/ArgumentParser/Utilities/Platform.swift (in target 'ArgumentParser' from project 'swift-argument-parser')
cd /Users/admin/builder/spi-builder-workspace/.swiftpm/xcode
builtin-SwiftPerFileCompile Platform.swift
SwiftDriverJobDiscovery normal arm64_32 Compiling Option.swift, OptionGroup.swift, ParentCommand.swift, AsyncParsableCommand.swift, CommandConfiguration.swift (in target 'ArgumentParser' from project 'swift-argument-parser')
SwiftCompile normal arm64 Compiling\ BashCompletionsGenerator.swift,\ CompletionsGenerator.swift,\ FishCompletionsGenerator.swift,\ ZshCompletionsGenerator.swift,\ Argument.swift,\ ArgumentDiscussion.swift /Users/admin/builder/spi-builder-workspace/.dependencies/checkouts/swift-argument-parser/Sources/ArgumentParser/Completions/BashCompletionsGenerator.swift /Users/admin/builder/spi-builder-workspace/.dependencies/checkouts/swift-argument-parser/Sources/ArgumentParser/Completions/CompletionsGenerator.swift /Users/admin/builder/spi-builder-workspace/.dependencies/checkouts/swift-argument-parser/Sources/ArgumentParser/Completions/FishCompletionsGenerator.swift /Users/admin/builder/spi-builder-workspace/.dependencies/checkouts/swift-argument-parser/Sources/ArgumentParser/Completions/ZshCompletionsGenerator.swift /Users/admin/builder/spi-builder-workspace/.dependencies/checkouts/swift-argument-parser/Sources/ArgumentParser/Parsable\ Properties/Argument.swift /Users/admin/builder/spi-builder-workspace/.dependencies/checkouts/swift-argument-parser/Sources/ArgumentParser/Parsable\ Properties/ArgumentDiscussion.swift (in target 'ArgumentParser' from project 'swift-argument-parser')
SwiftCompile normal arm64 /Users/admin/builder/spi-builder-workspace/.dependencies/checkouts/swift-argument-parser/Sources/ArgumentParser/Completions/BashCompletionsGenerator.swift (in target 'ArgumentParser' from project 'swift-argument-parser')
cd /Users/admin/builder/spi-builder-workspace/.swiftpm/xcode
builtin-SwiftPerFileCompile BashCompletionsGenerator.swift
SwiftCompile normal arm64 /Users/admin/builder/spi-builder-workspace/.dependencies/checkouts/swift-argument-parser/Sources/ArgumentParser/Completions/CompletionsGenerator.swift (in target 'ArgumentParser' from project 'swift-argument-parser')
cd /Users/admin/builder/spi-builder-workspace/.swiftpm/xcode
builtin-SwiftPerFileCompile CompletionsGenerator.swift
SwiftCompile normal arm64 /Users/admin/builder/spi-builder-workspace/.dependencies/checkouts/swift-argument-parser/Sources/ArgumentParser/Completions/FishCompletionsGenerator.swift (in target 'ArgumentParser' from project 'swift-argument-parser')
cd /Users/admin/builder/spi-builder-workspace/.swiftpm/xcode
builtin-SwiftPerFileCompile FishCompletionsGenerator.swift
SwiftCompile normal arm64 /Users/admin/builder/spi-builder-workspace/.dependencies/checkouts/swift-argument-parser/Sources/ArgumentParser/Completions/ZshCompletionsGenerator.swift (in target 'ArgumentParser' from project 'swift-argument-parser')
cd /Users/admin/builder/spi-builder-workspace/.swiftpm/xcode
builtin-SwiftPerFileCompile ZshCompletionsGenerator.swift
SwiftCompile normal arm64 /Users/admin/builder/spi-builder-workspace/.dependencies/checkouts/swift-argument-parser/Sources/ArgumentParser/Parsable\ Properties/Argument.swift (in target 'ArgumentParser' from project 'swift-argument-parser')
cd /Users/admin/builder/spi-builder-workspace/.swiftpm/xcode
builtin-SwiftPerFileCompile Argument.swift
SwiftCompile normal arm64 /Users/admin/builder/spi-builder-workspace/.dependencies/checkouts/swift-argument-parser/Sources/ArgumentParser/Parsable\ Properties/ArgumentDiscussion.swift (in target 'ArgumentParser' from project 'swift-argument-parser')
cd /Users/admin/builder/spi-builder-workspace/.swiftpm/xcode
builtin-SwiftPerFileCompile ArgumentDiscussion.swift
SwiftDriverJobDiscovery normal arm64_32 Compiling ArgumentHelp.swift, ArgumentVisibility.swift, CompletionKind.swift, Errors.swift, Flag.swift, NameSpecification.swift (in target 'ArgumentParser' from project 'swift-argument-parser')
SwiftCompile normal arm64_32 Compiling\ SequenceExtensions.swift,\ StringExtensions.swift,\ SwiftExtensions.swift,\ Tree.swift,\ AsyncCompletionsValidator.swift /Users/admin/builder/spi-builder-workspace/.dependencies/checkouts/swift-argument-parser/Sources/ArgumentParser/Utilities/SequenceExtensions.swift /Users/admin/builder/spi-builder-workspace/.dependencies/checkouts/swift-argument-parser/Sources/ArgumentParser/Utilities/StringExtensions.swift /Users/admin/builder/spi-builder-workspace/.dependencies/checkouts/swift-argument-parser/Sources/ArgumentParser/Utilities/SwiftExtensions.swift /Users/admin/builder/spi-builder-workspace/.dependencies/checkouts/swift-argument-parser/Sources/ArgumentParser/Utilities/Tree.swift /Users/admin/builder/spi-builder-workspace/.dependencies/checkouts/swift-argument-parser/Sources/ArgumentParser/Validators/AsyncCompletionsValidator.swift (in target 'ArgumentParser' from project 'swift-argument-parser')
SwiftCompile normal arm64_32 /Users/admin/builder/spi-builder-workspace/.dependencies/checkouts/swift-argument-parser/Sources/ArgumentParser/Utilities/SequenceExtensions.swift (in target 'ArgumentParser' from project 'swift-argument-parser')
cd /Users/admin/builder/spi-builder-workspace/.swiftpm/xcode
builtin-SwiftPerFileCompile SequenceExtensions.swift
SwiftCompile normal arm64_32 /Users/admin/builder/spi-builder-workspace/.dependencies/checkouts/swift-argument-parser/Sources/ArgumentParser/Utilities/StringExtensions.swift (in target 'ArgumentParser' from project 'swift-argument-parser')
cd /Users/admin/builder/spi-builder-workspace/.swiftpm/xcode
builtin-SwiftPerFileCompile StringExtensions.swift
SwiftCompile normal arm64_32 /Users/admin/builder/spi-builder-workspace/.dependencies/checkouts/swift-argument-parser/Sources/ArgumentParser/Utilities/SwiftExtensions.swift (in target 'ArgumentParser' from project 'swift-argument-parser')
cd /Users/admin/builder/spi-builder-workspace/.swiftpm/xcode
builtin-SwiftPerFileCompile SwiftExtensions.swift
SwiftCompile normal arm64_32 /Users/admin/builder/spi-builder-workspace/.dependencies/checkouts/swift-argument-parser/Sources/ArgumentParser/Utilities/Tree.swift (in target 'ArgumentParser' from project 'swift-argument-parser')
cd /Users/admin/builder/spi-builder-workspace/.swiftpm/xcode
builtin-SwiftPerFileCompile Tree.swift
SwiftCompile normal arm64_32 /Users/admin/builder/spi-builder-workspace/.dependencies/checkouts/swift-argument-parser/Sources/ArgumentParser/Validators/AsyncCompletionsValidator.swift (in target 'ArgumentParser' from project 'swift-argument-parser')
cd /Users/admin/builder/spi-builder-workspace/.swiftpm/xcode
builtin-SwiftPerFileCompile AsyncCompletionsValidator.swift
SwiftDriverJobDiscovery normal arm64 Compiling CodingKeyValidator.swift, NonsenseFlagsValidator.swift, ParsableArgumentsValidation.swift, PositionalArgumentsValidator.swift, UniqueNamesValidator.swift (in target 'ArgumentParser' from project 'swift-argument-parser')
SwiftCompile normal arm64_32 Compiling\ InputOrigin.swift,\ Name.swift,\ Parsed.swift,\ ParsedValues.swift,\ ParserError.swift /Users/admin/builder/spi-builder-workspace/.dependencies/checkouts/swift-argument-parser/Sources/ArgumentParser/Parsing/InputOrigin.swift /Users/admin/builder/spi-builder-workspace/.dependencies/checkouts/swift-argument-parser/Sources/ArgumentParser/Parsing/Name.swift /Users/admin/builder/spi-builder-workspace/.dependencies/checkouts/swift-argument-parser/Sources/ArgumentParser/Parsing/Parsed.swift /Users/admin/builder/spi-builder-workspace/.dependencies/checkouts/swift-argument-parser/Sources/ArgumentParser/Parsing/ParsedValues.swift /Users/admin/builder/spi-builder-workspace/.dependencies/checkouts/swift-argument-parser/Sources/ArgumentParser/Parsing/ParserError.swift (in target 'ArgumentParser' from project 'swift-argument-parser')
SwiftCompile normal arm64_32 /Users/admin/builder/spi-builder-workspace/.dependencies/checkouts/swift-argument-parser/Sources/ArgumentParser/Parsing/InputOrigin.swift (in target 'ArgumentParser' from project 'swift-argument-parser')
cd /Users/admin/builder/spi-builder-workspace/.swiftpm/xcode
builtin-SwiftPerFileCompile InputOrigin.swift
SwiftCompile normal arm64_32 /Users/admin/builder/spi-builder-workspace/.dependencies/checkouts/swift-argument-parser/Sources/ArgumentParser/Parsing/Name.swift (in target 'ArgumentParser' from project 'swift-argument-parser')
cd /Users/admin/builder/spi-builder-workspace/.swiftpm/xcode
builtin-SwiftPerFileCompile Name.swift
SwiftCompile normal arm64_32 /Users/admin/builder/spi-builder-workspace/.dependencies/checkouts/swift-argument-parser/Sources/ArgumentParser/Parsing/Parsed.swift (in target 'ArgumentParser' from project 'swift-argument-parser')
cd /Users/admin/builder/spi-builder-workspace/.swiftpm/xcode
builtin-SwiftPerFileCompile Parsed.swift
SwiftCompile normal arm64_32 /Users/admin/builder/spi-builder-workspace/.dependencies/checkouts/swift-argument-parser/Sources/ArgumentParser/Parsing/ParsedValues.swift (in target 'ArgumentParser' from project 'swift-argument-parser')
cd /Users/admin/builder/spi-builder-workspace/.swiftpm/xcode
builtin-SwiftPerFileCompile ParsedValues.swift
SwiftCompile normal arm64_32 /Users/admin/builder/spi-builder-workspace/.dependencies/checkouts/swift-argument-parser/Sources/ArgumentParser/Parsing/ParserError.swift (in target 'ArgumentParser' from project 'swift-argument-parser')
cd /Users/admin/builder/spi-builder-workspace/.swiftpm/xcode
builtin-SwiftPerFileCompile ParserError.swift
SwiftCompile normal arm64_32 Compiling\ ArgumentDecoder.swift,\ ArgumentDefinition.swift,\ ArgumentSet.swift,\ CommandParser.swift,\ InputKey.swift /Users/admin/builder/spi-builder-workspace/.dependencies/checkouts/swift-argument-parser/Sources/ArgumentParser/Parsing/ArgumentDecoder.swift /Users/admin/builder/spi-builder-workspace/.dependencies/checkouts/swift-argument-parser/Sources/ArgumentParser/Parsing/ArgumentDefinition.swift /Users/admin/builder/spi-builder-workspace/.dependencies/checkouts/swift-argument-parser/Sources/ArgumentParser/Parsing/ArgumentSet.swift /Users/admin/builder/spi-builder-workspace/.dependencies/checkouts/swift-argument-parser/Sources/ArgumentParser/Parsing/CommandParser.swift /Users/admin/builder/spi-builder-workspace/.dependencies/checkouts/swift-argument-parser/Sources/ArgumentParser/Parsing/InputKey.swift (in target 'ArgumentParser' from project 'swift-argument-parser')
SwiftCompile normal arm64_32 /Users/admin/builder/spi-builder-workspace/.dependencies/checkouts/swift-argument-parser/Sources/ArgumentParser/Parsing/ArgumentDecoder.swift (in target 'ArgumentParser' from project 'swift-argument-parser')
cd /Users/admin/builder/spi-builder-workspace/.swiftpm/xcode
builtin-SwiftPerFileCompile ArgumentDecoder.swift
SwiftCompile normal arm64_32 /Users/admin/builder/spi-builder-workspace/.dependencies/checkouts/swift-argument-parser/Sources/ArgumentParser/Parsing/ArgumentDefinition.swift (in target 'ArgumentParser' from project 'swift-argument-parser')
cd /Users/admin/builder/spi-builder-workspace/.swiftpm/xcode
builtin-SwiftPerFileCompile ArgumentDefinition.swift
SwiftCompile normal arm64_32 /Users/admin/builder/spi-builder-workspace/.dependencies/checkouts/swift-argument-parser/Sources/ArgumentParser/Parsing/ArgumentSet.swift (in target 'ArgumentParser' from project 'swift-argument-parser')
cd /Users/admin/builder/spi-builder-workspace/.swiftpm/xcode
builtin-SwiftPerFileCompile ArgumentSet.swift
SwiftCompile normal arm64_32 /Users/admin/builder/spi-builder-workspace/.dependencies/checkouts/swift-argument-parser/Sources/ArgumentParser/Parsing/CommandParser.swift (in target 'ArgumentParser' from project 'swift-argument-parser')
cd /Users/admin/builder/spi-builder-workspace/.swiftpm/xcode
builtin-SwiftPerFileCompile CommandParser.swift
SwiftCompile normal arm64_32 /Users/admin/builder/spi-builder-workspace/.dependencies/checkouts/swift-argument-parser/Sources/ArgumentParser/Parsing/InputKey.swift (in target 'ArgumentParser' from project 'swift-argument-parser')
cd /Users/admin/builder/spi-builder-workspace/.swiftpm/xcode
builtin-SwiftPerFileCompile InputKey.swift
SwiftDriverJobDiscovery normal arm64 Compiling InputOrigin.swift, Name.swift, Parsed.swift, ParsedValues.swift, ParserError.swift (in target 'ArgumentParser' from project 'swift-argument-parser')
SwiftCompile normal arm64_32 Compiling\ CodingKeyValidator.swift,\ NonsenseFlagsValidator.swift,\ ParsableArgumentsValidation.swift,\ PositionalArgumentsValidator.swift,\ UniqueNamesValidator.swift /Users/admin/builder/spi-builder-workspace/.dependencies/checkouts/swift-argument-parser/Sources/ArgumentParser/Validators/CodingKeyValidator.swift /Users/admin/builder/spi-builder-workspace/.dependencies/checkouts/swift-argument-parser/Sources/ArgumentParser/Validators/NonsenseFlagsValidator.swift /Users/admin/builder/spi-builder-workspace/.dependencies/checkouts/swift-argument-parser/Sources/ArgumentParser/Validators/ParsableArgumentsValidation.swift /Users/admin/builder/spi-builder-workspace/.dependencies/checkouts/swift-argument-parser/Sources/ArgumentParser/Validators/PositionalArgumentsValidator.swift /Users/admin/builder/spi-builder-workspace/.dependencies/checkouts/swift-argument-parser/Sources/ArgumentParser/Validators/UniqueNamesValidator.swift (in target 'ArgumentParser' from project 'swift-argument-parser')
SwiftCompile normal arm64_32 /Users/admin/builder/spi-builder-workspace/.dependencies/checkouts/swift-argument-parser/Sources/ArgumentParser/Validators/CodingKeyValidator.swift (in target 'ArgumentParser' from project 'swift-argument-parser')
cd /Users/admin/builder/spi-builder-workspace/.swiftpm/xcode
builtin-SwiftPerFileCompile CodingKeyValidator.swift
SwiftCompile normal arm64_32 /Users/admin/builder/spi-builder-workspace/.dependencies/checkouts/swift-argument-parser/Sources/ArgumentParser/Validators/NonsenseFlagsValidator.swift (in target 'ArgumentParser' from project 'swift-argument-parser')
cd /Users/admin/builder/spi-builder-workspace/.swiftpm/xcode
builtin-SwiftPerFileCompile NonsenseFlagsValidator.swift
SwiftCompile normal arm64_32 /Users/admin/builder/spi-builder-workspace/.dependencies/checkouts/swift-argument-parser/Sources/ArgumentParser/Validators/ParsableArgumentsValidation.swift (in target 'ArgumentParser' from project 'swift-argument-parser')
cd /Users/admin/builder/spi-builder-workspace/.swiftpm/xcode
builtin-SwiftPerFileCompile ParsableArgumentsValidation.swift
SwiftCompile normal arm64_32 /Users/admin/builder/spi-builder-workspace/.dependencies/checkouts/swift-argument-parser/Sources/ArgumentParser/Validators/PositionalArgumentsValidator.swift (in target 'ArgumentParser' from project 'swift-argument-parser')
cd /Users/admin/builder/spi-builder-workspace/.swiftpm/xcode
builtin-SwiftPerFileCompile PositionalArgumentsValidator.swift
SwiftCompile normal arm64_32 /Users/admin/builder/spi-builder-workspace/.dependencies/checkouts/swift-argument-parser/Sources/ArgumentParser/Validators/UniqueNamesValidator.swift (in target 'ArgumentParser' from project 'swift-argument-parser')
cd /Users/admin/builder/spi-builder-workspace/.swiftpm/xcode
builtin-SwiftPerFileCompile UniqueNamesValidator.swift
SwiftDriverJobDiscovery normal arm64_32 Compiling CommandGroup.swift, EnumerableFlag.swift, ExpressibleByArgument.swift, ParsableArguments.swift, ParsableCommand.swift (in target 'ArgumentParser' from project 'swift-argument-parser')
SwiftCompile normal arm64 Compiling\ SequenceExtensions.swift,\ StringExtensions.swift,\ SwiftExtensions.swift,\ Tree.swift,\ AsyncCompletionsValidator.swift /Users/admin/builder/spi-builder-workspace/.dependencies/checkouts/swift-argument-parser/Sources/ArgumentParser/Utilities/SequenceExtensions.swift /Users/admin/builder/spi-builder-workspace/.dependencies/checkouts/swift-argument-parser/Sources/ArgumentParser/Utilities/StringExtensions.swift /Users/admin/builder/spi-builder-workspace/.dependencies/checkouts/swift-argument-parser/Sources/ArgumentParser/Utilities/SwiftExtensions.swift /Users/admin/builder/spi-builder-workspace/.dependencies/checkouts/swift-argument-parser/Sources/ArgumentParser/Utilities/Tree.swift /Users/admin/builder/spi-builder-workspace/.dependencies/checkouts/swift-argument-parser/Sources/ArgumentParser/Validators/AsyncCompletionsValidator.swift (in target 'ArgumentParser' from project 'swift-argument-parser')
SwiftCompile normal arm64 /Users/admin/builder/spi-builder-workspace/.dependencies/checkouts/swift-argument-parser/Sources/ArgumentParser/Utilities/SequenceExtensions.swift (in target 'ArgumentParser' from project 'swift-argument-parser')
cd /Users/admin/builder/spi-builder-workspace/.swiftpm/xcode
builtin-SwiftPerFileCompile SequenceExtensions.swift
SwiftCompile normal arm64 /Users/admin/builder/spi-builder-workspace/.dependencies/checkouts/swift-argument-parser/Sources/ArgumentParser/Utilities/StringExtensions.swift (in target 'ArgumentParser' from project 'swift-argument-parser')
cd /Users/admin/builder/spi-builder-workspace/.swiftpm/xcode
builtin-SwiftPerFileCompile StringExtensions.swift
SwiftCompile normal arm64 /Users/admin/builder/spi-builder-workspace/.dependencies/checkouts/swift-argument-parser/Sources/ArgumentParser/Utilities/SwiftExtensions.swift (in target 'ArgumentParser' from project 'swift-argument-parser')
cd /Users/admin/builder/spi-builder-workspace/.swiftpm/xcode
builtin-SwiftPerFileCompile SwiftExtensions.swift
SwiftCompile normal arm64 /Users/admin/builder/spi-builder-workspace/.dependencies/checkouts/swift-argument-parser/Sources/ArgumentParser/Utilities/Tree.swift (in target 'ArgumentParser' from project 'swift-argument-parser')
cd /Users/admin/builder/spi-builder-workspace/.swiftpm/xcode
builtin-SwiftPerFileCompile Tree.swift
SwiftCompile normal arm64 /Users/admin/builder/spi-builder-workspace/.dependencies/checkouts/swift-argument-parser/Sources/ArgumentParser/Validators/AsyncCompletionsValidator.swift (in target 'ArgumentParser' from project 'swift-argument-parser')
cd /Users/admin/builder/spi-builder-workspace/.swiftpm/xcode
builtin-SwiftPerFileCompile AsyncCompletionsValidator.swift
SwiftDriverJobDiscovery normal arm64_32 Compiling BashCompletionsGenerator.swift, CompletionsGenerator.swift, FishCompletionsGenerator.swift, ZshCompletionsGenerator.swift, Argument.swift, ArgumentDiscussion.swift (in target 'ArgumentParser' from project 'swift-argument-parser')
SwiftCompile normal arm64 Compiling\ ArgumentDecoder.swift,\ ArgumentDefinition.swift,\ ArgumentSet.swift,\ CommandParser.swift,\ InputKey.swift /Users/admin/builder/spi-builder-workspace/.dependencies/checkouts/swift-argument-parser/Sources/ArgumentParser/Parsing/ArgumentDecoder.swift /Users/admin/builder/spi-builder-workspace/.dependencies/checkouts/swift-argument-parser/Sources/ArgumentParser/Parsing/ArgumentDefinition.swift /Users/admin/builder/spi-builder-workspace/.dependencies/checkouts/swift-argument-parser/Sources/ArgumentParser/Parsing/ArgumentSet.swift /Users/admin/builder/spi-builder-workspace/.dependencies/checkouts/swift-argument-parser/Sources/ArgumentParser/Parsing/CommandParser.swift /Users/admin/builder/spi-builder-workspace/.dependencies/checkouts/swift-argument-parser/Sources/ArgumentParser/Parsing/InputKey.swift (in target 'ArgumentParser' from project 'swift-argument-parser')
SwiftCompile normal arm64 /Users/admin/builder/spi-builder-workspace/.dependencies/checkouts/swift-argument-parser/Sources/ArgumentParser/Parsing/ArgumentDecoder.swift (in target 'ArgumentParser' from project 'swift-argument-parser')
cd /Users/admin/builder/spi-builder-workspace/.swiftpm/xcode
builtin-SwiftPerFileCompile ArgumentDecoder.swift
SwiftCompile normal arm64 /Users/admin/builder/spi-builder-workspace/.dependencies/checkouts/swift-argument-parser/Sources/ArgumentParser/Parsing/ArgumentDefinition.swift (in target 'ArgumentParser' from project 'swift-argument-parser')
cd /Users/admin/builder/spi-builder-workspace/.swiftpm/xcode
builtin-SwiftPerFileCompile ArgumentDefinition.swift
SwiftCompile normal arm64 /Users/admin/builder/spi-builder-workspace/.dependencies/checkouts/swift-argument-parser/Sources/ArgumentParser/Parsing/ArgumentSet.swift (in target 'ArgumentParser' from project 'swift-argument-parser')
cd /Users/admin/builder/spi-builder-workspace/.swiftpm/xcode
builtin-SwiftPerFileCompile ArgumentSet.swift
SwiftCompile normal arm64 /Users/admin/builder/spi-builder-workspace/.dependencies/checkouts/swift-argument-parser/Sources/ArgumentParser/Parsing/CommandParser.swift (in target 'ArgumentParser' from project 'swift-argument-parser')
cd /Users/admin/builder/spi-builder-workspace/.swiftpm/xcode
builtin-SwiftPerFileCompile CommandParser.swift
SwiftCompile normal arm64 /Users/admin/builder/spi-builder-workspace/.dependencies/checkouts/swift-argument-parser/Sources/ArgumentParser/Parsing/InputKey.swift (in target 'ArgumentParser' from project 'swift-argument-parser')
cd /Users/admin/builder/spi-builder-workspace/.swiftpm/xcode
builtin-SwiftPerFileCompile InputKey.swift
SwiftDriverJobDiscovery normal arm64_32 Compiling InputOrigin.swift, Name.swift, Parsed.swift, ParsedValues.swift, ParserError.swift (in target 'ArgumentParser' from project 'swift-argument-parser')
SwiftCompile normal arm64 Compiling\ CommandGroup.swift,\ EnumerableFlag.swift,\ ExpressibleByArgument.swift,\ ParsableArguments.swift,\ ParsableCommand.swift /Users/admin/builder/spi-builder-workspace/.dependencies/checkouts/swift-argument-parser/Sources/ArgumentParser/Parsable\ Types/CommandGroup.swift /Users/admin/builder/spi-builder-workspace/.dependencies/checkouts/swift-argument-parser/Sources/ArgumentParser/Parsable\ Types/EnumerableFlag.swift /Users/admin/builder/spi-builder-workspace/.dependencies/checkouts/swift-argument-parser/Sources/ArgumentParser/Parsable\ Types/ExpressibleByArgument.swift /Users/admin/builder/spi-builder-workspace/.dependencies/checkouts/swift-argument-parser/Sources/ArgumentParser/Parsable\ Types/ParsableArguments.swift /Users/admin/builder/spi-builder-workspace/.dependencies/checkouts/swift-argument-parser/Sources/ArgumentParser/Parsable\ Types/ParsableCommand.swift (in target 'ArgumentParser' from project 'swift-argument-parser')
SwiftCompile normal arm64 /Users/admin/builder/spi-builder-workspace/.dependencies/checkouts/swift-argument-parser/Sources/ArgumentParser/Parsable\ Types/CommandGroup.swift (in target 'ArgumentParser' from project 'swift-argument-parser')
cd /Users/admin/builder/spi-builder-workspace/.swiftpm/xcode
builtin-SwiftPerFileCompile CommandGroup.swift
SwiftCompile normal arm64 /Users/admin/builder/spi-builder-workspace/.dependencies/checkouts/swift-argument-parser/Sources/ArgumentParser/Parsable\ Types/EnumerableFlag.swift (in target 'ArgumentParser' from project 'swift-argument-parser')
cd /Users/admin/builder/spi-builder-workspace/.swiftpm/xcode
builtin-SwiftPerFileCompile EnumerableFlag.swift
SwiftCompile normal arm64 /Users/admin/builder/spi-builder-workspace/.dependencies/checkouts/swift-argument-parser/Sources/ArgumentParser/Parsable\ Types/ExpressibleByArgument.swift (in target 'ArgumentParser' from project 'swift-argument-parser')
cd /Users/admin/builder/spi-builder-workspace/.swiftpm/xcode
builtin-SwiftPerFileCompile ExpressibleByArgument.swift
SwiftCompile normal arm64 /Users/admin/builder/spi-builder-workspace/.dependencies/checkouts/swift-argument-parser/Sources/ArgumentParser/Parsable\ Types/ParsableArguments.swift (in target 'ArgumentParser' from project 'swift-argument-parser')
cd /Users/admin/builder/spi-builder-workspace/.swiftpm/xcode
builtin-SwiftPerFileCompile ParsableArguments.swift
SwiftCompile normal arm64 /Users/admin/builder/spi-builder-workspace/.dependencies/checkouts/swift-argument-parser/Sources/ArgumentParser/Parsable\ Types/ParsableCommand.swift (in target 'ArgumentParser' from project 'swift-argument-parser')
cd /Users/admin/builder/spi-builder-workspace/.swiftpm/xcode
builtin-SwiftPerFileCompile ParsableCommand.swift
SwiftDriverJobDiscovery normal arm64_32 Compiling SplitArguments.swift, DumpHelpGenerator.swift, HelpCommand.swift, HelpGenerator.swift, MessageInfo.swift (in target 'ArgumentParser' from project 'swift-argument-parser')
SwiftCompile normal arm64_32 Compiling\ UsageGenerator.swift,\ CollectionExtensions.swift,\ Foundation.swift,\ Mutex.swift,\ Platform.swift /Users/admin/builder/spi-builder-workspace/.dependencies/checkouts/swift-argument-parser/Sources/ArgumentParser/Usage/UsageGenerator.swift /Users/admin/builder/spi-builder-workspace/.dependencies/checkouts/swift-argument-parser/Sources/ArgumentParser/Utilities/CollectionExtensions.swift /Users/admin/builder/spi-builder-workspace/.dependencies/checkouts/swift-argument-parser/Sources/ArgumentParser/Utilities/Foundation.swift /Users/admin/builder/spi-builder-workspace/.dependencies/checkouts/swift-argument-parser/Sources/ArgumentParser/Utilities/Mutex.swift /Users/admin/builder/spi-builder-workspace/.dependencies/checkouts/swift-argument-parser/Sources/ArgumentParser/Utilities/Platform.swift (in target 'ArgumentParser' from project 'swift-argument-parser')
SwiftCompile normal arm64_32 /Users/admin/builder/spi-builder-workspace/.dependencies/checkouts/swift-argument-parser/Sources/ArgumentParser/Usage/UsageGenerator.swift (in target 'ArgumentParser' from project 'swift-argument-parser')
cd /Users/admin/builder/spi-builder-workspace/.swiftpm/xcode
builtin-SwiftPerFileCompile UsageGenerator.swift
SwiftCompile normal arm64_32 /Users/admin/builder/spi-builder-workspace/.dependencies/checkouts/swift-argument-parser/Sources/ArgumentParser/Utilities/CollectionExtensions.swift (in target 'ArgumentParser' from project 'swift-argument-parser')
cd /Users/admin/builder/spi-builder-workspace/.swiftpm/xcode
builtin-SwiftPerFileCompile CollectionExtensions.swift
SwiftCompile normal arm64_32 /Users/admin/builder/spi-builder-workspace/.dependencies/checkouts/swift-argument-parser/Sources/ArgumentParser/Utilities/Foundation.swift (in target 'ArgumentParser' from project 'swift-argument-parser')
cd /Users/admin/builder/spi-builder-workspace/.swiftpm/xcode
builtin-SwiftPerFileCompile Foundation.swift
SwiftCompile normal arm64_32 /Users/admin/builder/spi-builder-workspace/.dependencies/checkouts/swift-argument-parser/Sources/ArgumentParser/Utilities/Mutex.swift (in target 'ArgumentParser' from project 'swift-argument-parser')
cd /Users/admin/builder/spi-builder-workspace/.swiftpm/xcode
builtin-SwiftPerFileCompile Mutex.swift
SwiftCompile normal arm64_32 /Users/admin/builder/spi-builder-workspace/.dependencies/checkouts/swift-argument-parser/Sources/ArgumentParser/Utilities/Platform.swift (in target 'ArgumentParser' from project 'swift-argument-parser')
cd /Users/admin/builder/spi-builder-workspace/.swiftpm/xcode
builtin-SwiftPerFileCompile Platform.swift
SwiftDriverJobDiscovery normal arm64_32 Compiling SequenceExtensions.swift, StringExtensions.swift, SwiftExtensions.swift, Tree.swift, AsyncCompletionsValidator.swift (in target 'ArgumentParser' from project 'swift-argument-parser')
SwiftDriverJobDiscovery normal arm64_32 Compiling LineBreak.swift, SoftBreak.swift, SymbolLink.swift, Text.swift, Aside.swift, BlockDirectiveParser.swift, CommonMarkConverter.swift (in target 'Markdown' from project 'swift-markdown')
SwiftDriver\ Compilation Markdown normal arm64_32 com.apple.xcode.tools.swift.compiler (in target 'Markdown' from project 'swift-markdown')
cd /Users/admin/builder/spi-builder-workspace/.swiftpm/xcode
builtin-Swift-Compilation -- /Applications/Xcode-27.0.0-Release.Candidate.app/Contents/Developer/Toolchains/XcodeDefault.xctoolchain/usr/bin/swiftc -parse-as-library -module-name Markdown -Onone @/Users/admin/builder/spi-builder-workspace/.derivedData/Build/Intermediates.noindex/swift-markdown.build/Debug-watchos/Markdown-t.build/Objects-normal/arm64_32/Markdown.SwiftFileList -DSWIFT_PACKAGE -DDEBUG -DSWIFT_MODULE_RESOURCE_BUNDLE_UNAVAILABLE -Xcc -fmodule-map-file\=/Users/admin/builder/spi-builder-workspace/.dependencies/checkouts/swift-cmark/src/include/module.modulemap -Xcc -fmodule-map-file\=/Users/admin/builder/spi-builder-workspace/.dependencies/checkouts/swift-cmark/extensions/include/module.modulemap -Xcc -fmodule-map-file\=/Users/admin/builder/spi-builder-workspace/.dependencies/checkouts/swift-markdown/Sources/CAtomic/include/module.modulemap -DXcode -plugin-path /Applications/Xcode-27.0.0-Release.Candidate.app/Contents/Developer/Toolchains/XcodeDefault.xctoolchain/usr/lib/swift/host/plugins/testing -enable-experimental-feature DebugDescriptionMacro -sdk /Applications/Xcode-27.0.0-Release.Candidate.app/Contents/Developer/Platforms/WatchOS.platform/Developer/SDKs/WatchOS27.0.sdk -target arm64_32-apple-watchos9.0 -g -module-cache-path /Users/admin/builder/spi-builder-workspace/.derivedData/ModuleCache.noindex -Xfrontend -serialize-debugging-options -profile-coverage-mapping -profile-generate -enable-testing -suppress-warnings -index-store-path /Users/admin/builder/spi-builder-workspace/.derivedData/Index.noindex/DataStore -Xcc -D_LIBCPP_HARDENING_MODE\=_LIBCPP_HARDENING_MODE_DEBUG -swift-version 5 -I /Users/admin/builder/spi-builder-workspace/.derivedData/Build/Products/Debug-watchos -Isystem /Applications/Xcode-27.0.0-Release.Candidate.app/Contents/Developer/Platforms/WatchOS.platform/Developer/usr/lib -F /Users/admin/builder/spi-builder-workspace/.derivedData/Build/Products/Debug-watchos/PackageFrameworks -F /Users/admin/builder/spi-builder-workspace/.derivedData/Build/Products/Debug-watchos -F /Applications/Xcode-27.0.0-Release.Candidate.app/Contents/Developer/Platforms/WatchOS.platform/Developer/Library/Frameworks -F /Applications/Xcode-27.0.0-Release.Candidate.app/Contents/Developer/Platforms/WatchOS.platform/Developer/SDKs/WatchOS27.0.sdk/Developer/Library/Frameworks -c -j10 -enable-batch-mode -incremental -Xcc -ivfsstatcache -Xcc /Users/admin/builder/spi-builder-workspace/.derivedData/SDKStatCaches.noindex/watchos27.0-24R360-e829b21a6f8c9b70876ba0858053c04477534ef55a1706bf4c1112bbb242f0a2.sdkstatcache -output-file-map /Users/admin/builder/spi-builder-workspace/.derivedData/Build/Intermediates.noindex/swift-markdown.build/Debug-watchos/Markdown-t.build/Objects-normal/arm64_32/Markdown-OutputFileMap.json -save-temps -no-color-diagnostics -explicit-module-build -module-cache-path /Users/admin/builder/spi-builder-workspace/.derivedData/Build/Intermediates.noindex/SwiftExplicitPrecompiledModules -clang-scanner-module-cache-path /Users/admin/builder/spi-builder-workspace/.derivedData/ModuleCache.noindex -sdk-module-cache-path /Users/admin/builder/spi-builder-workspace/.derivedData/SDKExplicitPrecompiledModules -emit-dependencies -emit-module -emit-module-path /Users/admin/builder/spi-builder-workspace/.derivedData/Build/Intermediates.noindex/swift-markdown.build/Debug-watchos/Markdown-t.build/Objects-normal/arm64_32/Markdown.swiftmodule -serialize-diagnostics -dependency-scan-serialize-diagnostics-path /Users/admin/builder/spi-builder-workspace/.derivedData/Build/Intermediates.noindex/swift-markdown.build/Debug-watchos/Markdown-t.build/Objects-normal/arm64_32/Markdown-dependency-scan.dia -user-module-version 0.8.0 -validate-clang-modules-once -clang-build-session-file /Users/admin/builder/spi-builder-workspace/.derivedData/ModuleCache.noindex/Session.modulevalidation -Xcc -fmodules-prune-interval\=86400 -Xcc -fmodules-prune-after\=345600 -package-name swift_markdown -emit-const-values -const-gather-protocols-list /Users/admin/builder/spi-builder-workspace/.derivedData/Build/Intermediates.noindex/swift-markdown.build/Debug-watchos/Markdown-t.build/Objects-normal/arm64_32/Markdown_const_extract_protocols.json -Xcc -I/Users/admin/builder/spi-builder-workspace/.dependencies/checkouts/swift-cmark/src/include -Xcc -I/Users/admin/builder/spi-builder-workspace/.dependencies/checkouts/swift-cmark/extensions/include -Xcc -I/Users/admin/builder/spi-builder-workspace/.dependencies/checkouts/swift-markdown/Sources/CAtomic/include -Xcc -I/Users/admin/builder/spi-builder-workspace/.derivedData/Build/Products/Debug-watchos/include -Xcc -I/Users/admin/builder/spi-builder-workspace/.derivedData/Build/Intermediates.noindex/swift-markdown.build/Debug-watchos/Markdown-t.build/DerivedSources-normal/arm64_32 -Xcc -I/Users/admin/builder/spi-builder-workspace/.derivedData/Build/Intermediates.noindex/swift-markdown.build/Debug-watchos/Markdown-t.build/DerivedSources/arm64_32 -Xcc -I/Users/admin/builder/spi-builder-workspace/.derivedData/Build/Intermediates.noindex/swift-markdown.build/Debug-watchos/Markdown-t.build/DerivedSources -Xcc -DSWIFT_PACKAGE -Xcc -DDEBUG\=1 -emit-objc-header -emit-objc-header-path /Users/admin/builder/spi-builder-workspace/.derivedData/Build/Intermediates.noindex/swift-markdown.build/Debug-watchos/Markdown-t.build/Objects-normal/arm64_32/Markdown-Swift.h -working-directory /Users/admin/builder/spi-builder-workspace/.swiftpm/xcode -experimental-emit-module-separately -disable-cmo
Ld /Users/admin/builder/spi-builder-workspace/.derivedData/Build/Intermediates.noindex/swift-markdown.build/Debug-watchos/Markdown-t.build/Objects-normal/arm64/Binary/Markdown.o normal arm64 (in target 'Markdown' from project 'swift-markdown')
cd /Users/admin/builder/spi-builder-workspace/.dependencies/checkouts/swift-markdown
/Applications/Xcode-27.0.0-Release.Candidate.app/Contents/Developer/Toolchains/XcodeDefault.xctoolchain/usr/bin/clang -Xlinker -reproducible -target arm64-apple-watchos9.0 -r -isysroot /Applications/Xcode-27.0.0-Release.Candidate.app/Contents/Developer/Platforms/WatchOS.platform/Developer/SDKs/WatchOS27.0.sdk -O0 -w -Xlinker -no_warn_duplicate_libraries -F/Users/admin/builder/spi-builder-workspace/.derivedData/Build/Intermediates.noindex/EagerLinkingTBDs/Debug-watchos -F/Users/admin/builder/spi-builder-workspace/.derivedData/Build/Products/Debug-watchos/PackageFrameworks -F/Users/admin/builder/spi-builder-workspace/.derivedData/Build/Products/Debug-watchos -iframework /Applications/Xcode-27.0.0-Release.Candidate.app/Contents/Developer/Platforms/WatchOS.platform/Developer/Library/Frameworks -iframework /Applications/Xcode-27.0.0-Release.Candidate.app/Contents/Developer/Platforms/WatchOS.platform/Developer/SDKs/WatchOS27.0.sdk/Developer/Library/Frameworks -filelist /Users/admin/builder/spi-builder-workspace/.derivedData/Build/Intermediates.noindex/swift-markdown.build/Debug-watchos/Markdown-t.build/Objects-normal/arm64/Markdown.LinkFileList -nostdlib -Xlinker -object_path_lto -Xlinker /Users/admin/builder/spi-builder-workspace/.derivedData/Build/Intermediates.noindex/swift-markdown.build/Debug-watchos/Markdown-t.build/Objects-normal/arm64/Markdown_lto.o -Xlinker -no_deduplicate -Xlinker -debug_variant -Xlinker -dependency_info -Xlinker /Users/admin/builder/spi-builder-workspace/.derivedData/Build/Intermediates.noindex/swift-markdown.build/Debug-watchos/Markdown-t.build/Objects-normal/arm64/Markdown_dependency_info.dat -fobjc-link-runtime -L/Applications/Xcode-27.0.0-Release.Candidate.app/Contents/Developer/Toolchains/XcodeDefault.xctoolchain/usr/lib/swift/watchos -L/usr/lib/swift -Xlinker -add_ast_path -Xlinker /Users/admin/builder/spi-builder-workspace/.derivedData/Build/Intermediates.noindex/swift-markdown.build/Debug-watchos/Markdown-t.build/Objects-normal/arm64/Markdown.swiftmodule -o /Users/admin/builder/spi-builder-workspace/.derivedData/Build/Intermediates.noindex/swift-markdown.build/Debug-watchos/Markdown-t.build/Objects-normal/arm64/Binary/Markdown.o
Ld /Users/admin/builder/spi-builder-workspace/.derivedData/Build/Intermediates.noindex/swift-markdown.build/Debug-watchos/Markdown-t.build/Objects-normal/arm64_32/Binary/Markdown.o normal arm64_32 (in target 'Markdown' from project 'swift-markdown')
cd /Users/admin/builder/spi-builder-workspace/.dependencies/checkouts/swift-markdown
/Applications/Xcode-27.0.0-Release.Candidate.app/Contents/Developer/Toolchains/XcodeDefault.xctoolchain/usr/bin/clang -Xlinker -reproducible -target arm64_32-apple-watchos9.0 -r -isysroot /Applications/Xcode-27.0.0-Release.Candidate.app/Contents/Developer/Platforms/WatchOS.platform/Developer/SDKs/WatchOS27.0.sdk -O0 -w -Xlinker -no_warn_duplicate_libraries -F/Users/admin/builder/spi-builder-workspace/.derivedData/Build/Intermediates.noindex/EagerLinkingTBDs/Debug-watchos -F/Users/admin/builder/spi-builder-workspace/.derivedData/Build/Products/Debug-watchos/PackageFrameworks -F/Users/admin/builder/spi-builder-workspace/.derivedData/Build/Products/Debug-watchos -iframework /Applications/Xcode-27.0.0-Release.Candidate.app/Contents/Developer/Platforms/WatchOS.platform/Developer/Library/Frameworks -iframework /Applications/Xcode-27.0.0-Release.Candidate.app/Contents/Developer/Platforms/WatchOS.platform/Developer/SDKs/WatchOS27.0.sdk/Developer/Library/Frameworks -filelist /Users/admin/builder/spi-builder-workspace/.derivedData/Build/Intermediates.noindex/swift-markdown.build/Debug-watchos/Markdown-t.build/Objects-normal/arm64_32/Markdown.LinkFileList -nostdlib -Xlinker -object_path_lto -Xlinker /Users/admin/builder/spi-builder-workspace/.derivedData/Build/Intermediates.noindex/swift-markdown.build/Debug-watchos/Markdown-t.build/Objects-normal/arm64_32/Markdown_lto.o -Xlinker -no_deduplicate -Xlinker -debug_variant -Xlinker -dependency_info -Xlinker /Users/admin/builder/spi-builder-workspace/.derivedData/Build/Intermediates.noindex/swift-markdown.build/Debug-watchos/Markdown-t.build/Objects-normal/arm64_32/Markdown_dependency_info.dat -fobjc-link-runtime -L/Applications/Xcode-27.0.0-Release.Candidate.app/Contents/Developer/Toolchains/XcodeDefault.xctoolchain/usr/lib/swift/watchos -L/usr/lib/swift -Xlinker -add_ast_path -Xlinker /Users/admin/builder/spi-builder-workspace/.derivedData/Build/Intermediates.noindex/swift-markdown.build/Debug-watchos/Markdown-t.build/Objects-normal/arm64_32/Markdown.swiftmodule -o /Users/admin/builder/spi-builder-workspace/.derivedData/Build/Intermediates.noindex/swift-markdown.build/Debug-watchos/Markdown-t.build/Objects-normal/arm64_32/Binary/Markdown.o
SwiftDriverJobDiscovery normal arm64 Compiling UsageGenerator.swift, CollectionExtensions.swift, Foundation.swift, Mutex.swift, Platform.swift (in target 'ArgumentParser' from project 'swift-argument-parser')
SwiftDriver EvolutionMetadataExtraction normal arm64 com.apple.xcode.tools.swift.compiler (in target 'EvolutionMetadataExtraction' from project 'swift-evolution-metadata-extractor')
cd /Users/admin/builder/spi-builder-workspace/.swiftpm/xcode
builtin-SwiftDriver -- /Applications/Xcode-27.0.0-Release.Candidate.app/Contents/Developer/Toolchains/XcodeDefault.xctoolchain/usr/bin/swiftc -parse-as-library -module-name EvolutionMetadataExtraction -Onone @/Users/admin/builder/spi-builder-workspace/.derivedData/Build/Intermediates.noindex/swift-evolution-metadata-extractor.build/Debug-watchos/EvolutionMetadataExtraction-t.build/Objects-normal/arm64/EvolutionMetadataExtraction.SwiftFileList -DSWIFT_PACKAGE -DDEBUG -DSWIFT_MODULE_RESOURCE_BUNDLE_UNAVAILABLE -Xcc -fmodule-map-file\=/Users/admin/builder/spi-builder-workspace/.dependencies/checkouts/swift-cmark/src/include/module.modulemap -Xcc -fmodule-map-file\=/Users/admin/builder/spi-builder-workspace/.dependencies/checkouts/swift-cmark/extensions/include/module.modulemap -Xcc -fmodule-map-file\=/Users/admin/builder/spi-builder-workspace/.dependencies/checkouts/swift-markdown/Sources/CAtomic/include/module.modulemap -DXcode -enable-upcoming-feature ExistentialAny -plugin-path /Applications/Xcode-27.0.0-Release.Candidate.app/Contents/Developer/Toolchains/XcodeDefault.xctoolchain/usr/lib/swift/host/plugins/testing -enable-experimental-feature DebugDescriptionMacro -sdk /Applications/Xcode-27.0.0-Release.Candidate.app/Contents/Developer/Platforms/WatchOS.platform/Developer/SDKs/WatchOS27.0.sdk -target arm64-apple-watchos9.0 -g -module-cache-path /Users/admin/builder/spi-builder-workspace/.derivedData/ModuleCache.noindex -Xfrontend -serialize-debugging-options -profile-coverage-mapping -profile-generate -enable-testing -index-store-path /Users/admin/builder/spi-builder-workspace/.derivedData/Index.noindex/DataStore -Xcc -D_LIBCPP_HARDENING_MODE\=_LIBCPP_HARDENING_MODE_DEBUG -swift-version 6 -I /Users/admin/builder/spi-builder-workspace/.derivedData/Build/Products/Debug-watchos -Isystem /Applications/Xcode-27.0.0-Release.Candidate.app/Contents/Developer/Platforms/WatchOS.platform/Developer/usr/lib -F /Users/admin/builder/spi-builder-workspace/.derivedData/Build/Products/Debug-watchos/PackageFrameworks -F /Users/admin/builder/spi-builder-workspace/.derivedData/Build/Products/Debug-watchos -F /Applications/Xcode-27.0.0-Release.Candidate.app/Contents/Developer/Platforms/WatchOS.platform/Developer/Library/Frameworks -F /Applications/Xcode-27.0.0-Release.Candidate.app/Contents/Developer/Platforms/WatchOS.platform/Developer/SDKs/WatchOS27.0.sdk/Developer/Library/Frameworks -c -j10 -enable-batch-mode -incremental -Xcc -ivfsstatcache -Xcc /Users/admin/builder/spi-builder-workspace/.derivedData/SDKStatCaches.noindex/watchos27.0-24R360-e829b21a6f8c9b70876ba0858053c04477534ef55a1706bf4c1112bbb242f0a2.sdkstatcache -output-file-map /Users/admin/builder/spi-builder-workspace/.derivedData/Build/Intermediates.noindex/swift-evolution-metadata-extractor.build/Debug-watchos/EvolutionMetadataExtraction-t.build/Objects-normal/arm64/EvolutionMetadataExtraction-OutputFileMap.json -save-temps -no-color-diagnostics -explicit-module-build -module-cache-path /Users/admin/builder/spi-builder-workspace/.derivedData/Build/Intermediates.noindex/SwiftExplicitPrecompiledModules -clang-scanner-module-cache-path /Users/admin/builder/spi-builder-workspace/.derivedData/ModuleCache.noindex -sdk-module-cache-path /Users/admin/builder/spi-builder-workspace/.derivedData/SDKExplicitPrecompiledModules -emit-dependencies -emit-module -emit-module-path /Users/admin/builder/spi-builder-workspace/.derivedData/Build/Intermediates.noindex/swift-evolution-metadata-extractor.build/Debug-watchos/EvolutionMetadataExtraction-t.build/Objects-normal/arm64/EvolutionMetadataExtraction.swiftmodule -serialize-diagnostics -dependency-scan-serialize-diagnostics-path /Users/admin/builder/spi-builder-workspace/.derivedData/Build/Intermediates.noindex/swift-evolution-metadata-extractor.build/Debug-watchos/EvolutionMetadataExtraction-t.build/Objects-normal/arm64/EvolutionMetadataExtraction-dependency-scan.dia -validate-clang-modules-once -clang-build-session-file /Users/admin/builder/spi-builder-workspace/.derivedData/ModuleCache.noindex/Session.modulevalidation -Xcc -fmodules-prune-interval\=86400 -Xcc -fmodules-prune-after\=345600 -package-name spi_builder_workspace -emit-const-values -const-gather-protocols-list /Users/admin/builder/spi-builder-workspace/.derivedData/Build/Intermediates.noindex/swift-evolution-metadata-extractor.build/Debug-watchos/EvolutionMetadataExtraction-t.build/Objects-normal/arm64/EvolutionMetadataExtraction_const_extract_protocols.json -Xcc -I/Users/admin/builder/spi-builder-workspace/.dependencies/checkouts/swift-cmark/src/include -Xcc -I/Users/admin/builder/spi-builder-workspace/.dependencies/checkouts/swift-cmark/extensions/include -Xcc -I/Users/admin/builder/spi-builder-workspace/.dependencies/checkouts/swift-markdown/Sources/CAtomic/include -Xcc -I/Users/admin/builder/spi-builder-workspace/.derivedData/Build/Products/Debug-watchos/include -Xcc -I/Users/admin/builder/spi-builder-workspace/.derivedData/Build/Intermediates.noindex/swift-evolution-metadata-extractor.build/Debug-watchos/EvolutionMetadataExtraction-t.build/DerivedSources-normal/arm64 -Xcc -I/Users/admin/builder/spi-builder-workspace/.derivedData/Build/Intermediates.noindex/swift-evolution-metadata-extractor.build/Debug-watchos/EvolutionMetadataExtraction-t.build/DerivedSources/arm64 -Xcc -I/Users/admin/builder/spi-builder-workspace/.derivedData/Build/Intermediates.noindex/swift-evolution-metadata-extractor.build/Debug-watchos/EvolutionMetadataExtraction-t.build/DerivedSources -Xcc -DSWIFT_PACKAGE -Xcc -DDEBUG\=1 -emit-objc-header -emit-objc-header-path /Users/admin/builder/spi-builder-workspace/.derivedData/Build/Intermediates.noindex/swift-evolution-metadata-extractor.build/Debug-watchos/EvolutionMetadataExtraction-t.build/Objects-normal/arm64/EvolutionMetadataExtraction-Swift.h -working-directory /Users/admin/builder/spi-builder-workspace/.swiftpm/xcode -experimental-emit-module-separately -disable-cmo
SwiftDriver EvolutionMetadataExtraction normal arm64_32 com.apple.xcode.tools.swift.compiler (in target 'EvolutionMetadataExtraction' from project 'swift-evolution-metadata-extractor')
cd /Users/admin/builder/spi-builder-workspace/.swiftpm/xcode
builtin-SwiftDriver -- /Applications/Xcode-27.0.0-Release.Candidate.app/Contents/Developer/Toolchains/XcodeDefault.xctoolchain/usr/bin/swiftc -parse-as-library -module-name EvolutionMetadataExtraction -Onone @/Users/admin/builder/spi-builder-workspace/.derivedData/Build/Intermediates.noindex/swift-evolution-metadata-extractor.build/Debug-watchos/EvolutionMetadataExtraction-t.build/Objects-normal/arm64_32/EvolutionMetadataExtraction.SwiftFileList -DSWIFT_PACKAGE -DDEBUG -DSWIFT_MODULE_RESOURCE_BUNDLE_UNAVAILABLE -Xcc -fmodule-map-file\=/Users/admin/builder/spi-builder-workspace/.dependencies/checkouts/swift-cmark/src/include/module.modulemap -Xcc -fmodule-map-file\=/Users/admin/builder/spi-builder-workspace/.dependencies/checkouts/swift-cmark/extensions/include/module.modulemap -Xcc -fmodule-map-file\=/Users/admin/builder/spi-builder-workspace/.dependencies/checkouts/swift-markdown/Sources/CAtomic/include/module.modulemap -DXcode -enable-upcoming-feature ExistentialAny -plugin-path /Applications/Xcode-27.0.0-Release.Candidate.app/Contents/Developer/Toolchains/XcodeDefault.xctoolchain/usr/lib/swift/host/plugins/testing -enable-experimental-feature DebugDescriptionMacro -sdk /Applications/Xcode-27.0.0-Release.Candidate.app/Contents/Developer/Platforms/WatchOS.platform/Developer/SDKs/WatchOS27.0.sdk -target arm64_32-apple-watchos9.0 -g -module-cache-path /Users/admin/builder/spi-builder-workspace/.derivedData/ModuleCache.noindex -Xfrontend -serialize-debugging-options -profile-coverage-mapping -profile-generate -enable-testing -index-store-path /Users/admin/builder/spi-builder-workspace/.derivedData/Index.noindex/DataStore -Xcc -D_LIBCPP_HARDENING_MODE\=_LIBCPP_HARDENING_MODE_DEBUG -swift-version 6 -I /Users/admin/builder/spi-builder-workspace/.derivedData/Build/Products/Debug-watchos -Isystem /Applications/Xcode-27.0.0-Release.Candidate.app/Contents/Developer/Platforms/WatchOS.platform/Developer/usr/lib -F /Users/admin/builder/spi-builder-workspace/.derivedData/Build/Products/Debug-watchos/PackageFrameworks -F /Users/admin/builder/spi-builder-workspace/.derivedData/Build/Products/Debug-watchos -F /Applications/Xcode-27.0.0-Release.Candidate.app/Contents/Developer/Platforms/WatchOS.platform/Developer/Library/Frameworks -F /Applications/Xcode-27.0.0-Release.Candidate.app/Contents/Developer/Platforms/WatchOS.platform/Developer/SDKs/WatchOS27.0.sdk/Developer/Library/Frameworks -c -j10 -enable-batch-mode -incremental -Xcc -ivfsstatcache -Xcc /Users/admin/builder/spi-builder-workspace/.derivedData/SDKStatCaches.noindex/watchos27.0-24R360-e829b21a6f8c9b70876ba0858053c04477534ef55a1706bf4c1112bbb242f0a2.sdkstatcache -output-file-map /Users/admin/builder/spi-builder-workspace/.derivedData/Build/Intermediates.noindex/swift-evolution-metadata-extractor.build/Debug-watchos/EvolutionMetadataExtraction-t.build/Objects-normal/arm64_32/EvolutionMetadataExtraction-OutputFileMap.json -save-temps -no-color-diagnostics -explicit-module-build -module-cache-path /Users/admin/builder/spi-builder-workspace/.derivedData/Build/Intermediates.noindex/SwiftExplicitPrecompiledModules -clang-scanner-module-cache-path /Users/admin/builder/spi-builder-workspace/.derivedData/ModuleCache.noindex -sdk-module-cache-path /Users/admin/builder/spi-builder-workspace/.derivedData/SDKExplicitPrecompiledModules -emit-dependencies -emit-module -emit-module-path /Users/admin/builder/spi-builder-workspace/.derivedData/Build/Intermediates.noindex/swift-evolution-metadata-extractor.build/Debug-watchos/EvolutionMetadataExtraction-t.build/Objects-normal/arm64_32/EvolutionMetadataExtraction.swiftmodule -serialize-diagnostics -dependency-scan-serialize-diagnostics-path /Users/admin/builder/spi-builder-workspace/.derivedData/Build/Intermediates.noindex/swift-evolution-metadata-extractor.build/Debug-watchos/EvolutionMetadataExtraction-t.build/Objects-normal/arm64_32/EvolutionMetadataExtraction-dependency-scan.dia -validate-clang-modules-once -clang-build-session-file /Users/admin/builder/spi-builder-workspace/.derivedData/ModuleCache.noindex/Session.modulevalidation -Xcc -fmodules-prune-interval\=86400 -Xcc -fmodules-prune-after\=345600 -package-name spi_builder_workspace -emit-const-values -const-gather-protocols-list /Users/admin/builder/spi-builder-workspace/.derivedData/Build/Intermediates.noindex/swift-evolution-metadata-extractor.build/Debug-watchos/EvolutionMetadataExtraction-t.build/Objects-normal/arm64_32/EvolutionMetadataExtraction_const_extract_protocols.json -Xcc -I/Users/admin/builder/spi-builder-workspace/.dependencies/checkouts/swift-cmark/src/include -Xcc -I/Users/admin/builder/spi-builder-workspace/.dependencies/checkouts/swift-cmark/extensions/include -Xcc -I/Users/admin/builder/spi-builder-workspace/.dependencies/checkouts/swift-markdown/Sources/CAtomic/include -Xcc -I/Users/admin/builder/spi-builder-workspace/.derivedData/Build/Products/Debug-watchos/include -Xcc -I/Users/admin/builder/spi-builder-workspace/.derivedData/Build/Intermediates.noindex/swift-evolution-metadata-extractor.build/Debug-watchos/EvolutionMetadataExtraction-t.build/DerivedSources-normal/arm64_32 -Xcc -I/Users/admin/builder/spi-builder-workspace/.derivedData/Build/Intermediates.noindex/swift-evolution-metadata-extractor.build/Debug-watchos/EvolutionMetadataExtraction-t.build/DerivedSources/arm64_32 -Xcc -I/Users/admin/builder/spi-builder-workspace/.derivedData/Build/Intermediates.noindex/swift-evolution-metadata-extractor.build/Debug-watchos/EvolutionMetadataExtraction-t.build/DerivedSources -Xcc -DSWIFT_PACKAGE -Xcc -DDEBUG\=1 -emit-objc-header -emit-objc-header-path /Users/admin/builder/spi-builder-workspace/.derivedData/Build/Intermediates.noindex/swift-evolution-metadata-extractor.build/Debug-watchos/EvolutionMetadataExtraction-t.build/Objects-normal/arm64_32/EvolutionMetadataExtraction-Swift.h -working-directory /Users/admin/builder/spi-builder-workspace/.swiftpm/xcode -experimental-emit-module-separately -disable-cmo
CreateUniversalBinary /Users/admin/builder/spi-builder-workspace/.derivedData/Build/Products/Debug-watchos/Markdown.o normal arm64\ arm64_32 (in target 'Markdown' from project 'swift-markdown')
cd /Users/admin/builder/spi-builder-workspace/.dependencies/checkouts/swift-markdown
/Applications/Xcode-27.0.0-Release.Candidate.app/Contents/Developer/Toolchains/XcodeDefault.xctoolchain/usr/bin/lipo -create /Users/admin/builder/spi-builder-workspace/.derivedData/Build/Intermediates.noindex/swift-markdown.build/Debug-watchos/Markdown-t.build/Objects-normal/arm64/Binary/Markdown.o /Users/admin/builder/spi-builder-workspace/.derivedData/Build/Intermediates.noindex/swift-markdown.build/Debug-watchos/Markdown-t.build/Objects-normal/arm64_32/Binary/Markdown.o -output /Users/admin/builder/spi-builder-workspace/.derivedData/Build/Products/Debug-watchos/Markdown.o
SwiftDriverJobDiscovery normal arm64_32 Compiling CodingKeyValidator.swift, NonsenseFlagsValidator.swift, ParsableArgumentsValidation.swift, PositionalArgumentsValidator.swift, UniqueNamesValidator.swift (in target 'ArgumentParser' from project 'swift-argument-parser')
ExtractAppIntentsMetadata (in target 'Markdown' from project 'swift-markdown')
cd /Users/admin/builder/spi-builder-workspace/.dependencies/checkouts/swift-markdown
/Applications/Xcode-27.0.0-Release.Candidate.app/Contents/Developer/Toolchains/XcodeDefault.xctoolchain/usr/bin/appintentsmetadataprocessor --toolchain-dir /var/run/com.apple.security.cryptexd/mnt/com.apple.MobileAsset.MetalToolchain-v27.1.266.1.tA01JL/Metal.xctoolchain --module-name Markdown --sdk-root /Applications/Xcode-27.0.0-Release.Candidate.app/Contents/Developer/Platforms/WatchOS.platform/Developer/SDKs/WatchOS27.0.sdk --xcode-version 27A266a --platform-family watchOS --deployment-target 9.0 --bundle-identifier swift-markdown.Markdown --output /Users/admin/builder/spi-builder-workspace/.derivedData/Build/Products/Debug-watchos/Markdown.appintents --target-triple arm64-apple-watchos9.0 --target-triple arm64_32-apple-watchos9.0 --binary-file /Users/admin/builder/spi-builder-workspace/.derivedData/Build/Products/Debug-watchos/Markdown.o --dependency-file /Users/admin/builder/spi-builder-workspace/.derivedData/Build/Intermediates.noindex/swift-markdown.build/Debug-watchos/Markdown-t.build/Objects-normal/arm64/Markdown_dependency_info.dat --dependency-file /Users/admin/builder/spi-builder-workspace/.derivedData/Build/Intermediates.noindex/swift-markdown.build/Debug-watchos/Markdown-t.build/Objects-normal/arm64_32/Markdown_dependency_info.dat --stringsdata-file /Users/admin/builder/spi-builder-workspace/.derivedData/Build/Intermediates.noindex/swift-markdown.build/Debug-watchos/Markdown-t.build/Objects-normal/arm64/ExtractedAppShortcutsMetadata.stringsdata --stringsdata-file /Users/admin/builder/spi-builder-workspace/.derivedData/Build/Intermediates.noindex/swift-markdown.build/Debug-watchos/Markdown-t.build/Objects-normal/arm64_32/ExtractedAppShortcutsMetadata.stringsdata --source-file-list /Users/admin/builder/spi-builder-workspace/.derivedData/Build/Intermediates.noindex/swift-markdown.build/Debug-watchos/Markdown-t.build/Objects-normal/arm64/Markdown.SwiftFileList --source-file-list /Users/admin/builder/spi-builder-workspace/.derivedData/Build/Intermediates.noindex/swift-markdown.build/Debug-watchos/Markdown-t.build/Objects-normal/arm64_32/Markdown.SwiftFileList --metadata-file-list /Users/admin/builder/spi-builder-workspace/.derivedData/Build/Intermediates.noindex/swift-markdown.build/Debug-watchos/Markdown-t.build/Markdown.DependencyMetadataFileList --static-metadata-file-list /Users/admin/builder/spi-builder-workspace/.derivedData/Build/Intermediates.noindex/swift-markdown.build/Debug-watchos/Markdown-t.build/Markdown.DependencyStaticMetadataFileList --swift-const-vals-list /Users/admin/builder/spi-builder-workspace/.derivedData/Build/Intermediates.noindex/swift-markdown.build/Debug-watchos/Markdown-t.build/Objects-normal/arm64/Markdown.SwiftConstValuesFileList --swift-const-vals-list /Users/admin/builder/spi-builder-workspace/.derivedData/Build/Intermediates.noindex/swift-markdown.build/Debug-watchos/Markdown-t.build/Objects-normal/arm64_32/Markdown.SwiftConstValuesFileList --force --compile-time-extraction --deployment-aware-processing --no-app-shortcuts-localization
2026-09-19 02:54:24.568 appintentsmetadataprocessor[1154:6381] Starting appintentsmetadataprocessor export
2026-09-19 02:54:24.635 appintentsmetadataprocessor[1154:6381] Extracted no relevant App Intents symbols, skipping writing output
SwiftDriverJobDiscovery normal arm64 Compiling BashCompletionsGenerator.swift, CompletionsGenerator.swift, FishCompletionsGenerator.swift, ZshCompletionsGenerator.swift, Argument.swift, ArgumentDiscussion.swift (in target 'ArgumentParser' from project 'swift-argument-parser')
SwiftDriverJobDiscovery normal arm64 Compiling SplitArguments.swift, DumpHelpGenerator.swift, HelpCommand.swift, HelpGenerator.swift, MessageInfo.swift (in target 'ArgumentParser' from project 'swift-argument-parser')
SwiftDriverJobDiscovery normal arm64 Compiling SequenceExtensions.swift, StringExtensions.swift, SwiftExtensions.swift, Tree.swift, AsyncCompletionsValidator.swift (in target 'ArgumentParser' from project 'swift-argument-parser')
SwiftExplicitDependencyGeneratePcm arm64_32 /Users/admin/builder/spi-builder-workspace/.derivedData/Build/Intermediates.noindex/SwiftExplicitPrecompiledModules/CAtomic-6JSEAAIH0BDH0LE6D80IOA83.pcm
SwiftExplicitDependencyGeneratePcm arm64_32 /Users/admin/builder/spi-builder-workspace/.derivedData/Build/Intermediates.noindex/SwiftExplicitPrecompiledModules/cmark_gfm-D0NB4AF5SKJR5DDP9NZHBBGRJ.pcm
SwiftExplicitDependencyGeneratePcm arm64 /Users/admin/builder/spi-builder-workspace/.derivedData/Build/Intermediates.noindex/SwiftExplicitPrecompiledModules/cmark_gfm-F4ZIY0BNPSS6P1SV04GV7JHAA.pcm
SwiftExplicitDependencyGeneratePcm arm64 /Users/admin/builder/spi-builder-workspace/.derivedData/Build/Intermediates.noindex/SwiftExplicitPrecompiledModules/CAtomic-7NIKQLOGENA4NS82D0EQJ93JS.pcm
SwiftDriverJobDiscovery normal arm64 Compiling CommandGroup.swift, EnumerableFlag.swift, ExpressibleByArgument.swift, ParsableArguments.swift, ParsableCommand.swift (in target 'ArgumentParser' from project 'swift-argument-parser')
SwiftExplicitDependencyGeneratePcm arm64 /Users/admin/builder/spi-builder-workspace/.derivedData/Build/Intermediates.noindex/SwiftExplicitPrecompiledModules/cmark_gfm_extensions-5DXBY5UK82CCBUJZU0T4C826J.pcm
SwiftExplicitDependencyGeneratePcm arm64_32 /Users/admin/builder/spi-builder-workspace/.derivedData/Build/Intermediates.noindex/SwiftExplicitPrecompiledModules/cmark_gfm_extensions-B2D0KX0W47SJ0VM6HYGP9J7CZ.pcm
SwiftCompile normal arm64_32 Compiling\ ProposalLinkExtractor.swift,\ StatusExtractor.swift /Users/admin/builder/spi-builder-workspace/Sources/EvolutionMetadataExtraction/Extractors/FieldExtractors/ProposalLinkExtractor.swift /Users/admin/builder/spi-builder-workspace/Sources/EvolutionMetadataExtraction/Extractors/FieldExtractors/StatusExtractor.swift (in target 'EvolutionMetadataExtraction' from project 'swift-evolution-metadata-extractor')
SwiftCompile normal arm64_32 /Users/admin/builder/spi-builder-workspace/Sources/EvolutionMetadataExtraction/Extractors/FieldExtractors/ProposalLinkExtractor.swift (in target 'EvolutionMetadataExtraction' from project 'swift-evolution-metadata-extractor')
cd /Users/admin/builder/spi-builder-workspace/.swiftpm/xcode
builtin-SwiftPerFileCompile ProposalLinkExtractor.swift
SwiftCompile normal arm64_32 /Users/admin/builder/spi-builder-workspace/Sources/EvolutionMetadataExtraction/Extractors/FieldExtractors/StatusExtractor.swift (in target 'EvolutionMetadataExtraction' from project 'swift-evolution-metadata-extractor')
cd /Users/admin/builder/spi-builder-workspace/.swiftpm/xcode
builtin-SwiftPerFileCompile StatusExtractor.swift
SwiftEmitModule normal arm64_32 Emitting\ module\ for\ EvolutionMetadataExtraction (in target 'EvolutionMetadataExtraction' from project 'swift-evolution-metadata-extractor')
/Users/admin/builder/spi-builder-workspace/Sources/EvolutionMetadataExtraction/Utilities/FoundationExtensions.swift:58:29: error: cannot find 'kCFNetworkProxiesHTTPEnable' in scope
56 | let httpProxy = environment[["http_proxy", "HTTP_PROXY"]]
57 | if let httpProxy, let url = URL(string: httpProxy.value), let host = url.host, let port = url.port {
58 | proxyDictionary[kCFNetworkProxiesHTTPEnable] = true
| `- error: cannot find 'kCFNetworkProxiesHTTPEnable' in scope
59 | proxyDictionary[kCFNetworkProxiesHTTPProxy] = host
60 | proxyDictionary[kCFNetworkProxiesHTTPPort] = port
/Users/admin/builder/spi-builder-workspace/Sources/EvolutionMetadataExtraction/Utilities/FoundationExtensions.swift:59:29: error: cannot find 'kCFNetworkProxiesHTTPProxy' in scope
57 | if let httpProxy, let url = URL(string: httpProxy.value), let host = url.host, let port = url.port {
58 | proxyDictionary[kCFNetworkProxiesHTTPEnable] = true
59 | proxyDictionary[kCFNetworkProxiesHTTPProxy] = host
| `- error: cannot find 'kCFNetworkProxiesHTTPProxy' in scope
60 | proxyDictionary[kCFNetworkProxiesHTTPPort] = port
61 | } else if let httpProxy {
/Users/admin/builder/spi-builder-workspace/Sources/EvolutionMetadataExtraction/Utilities/FoundationExtensions.swift:60:29: error: cannot find 'kCFNetworkProxiesHTTPPort' in scope
58 | proxyDictionary[kCFNetworkProxiesHTTPEnable] = true
59 | proxyDictionary[kCFNetworkProxiesHTTPProxy] = host
60 | proxyDictionary[kCFNetworkProxiesHTTPPort] = port
| `- error: cannot find 'kCFNetworkProxiesHTTPPort' in scope
61 | } else if let httpProxy {
62 | print("WARNING: Environment variable '\(httpProxy.key)' value '\(httpProxy.value)' does not contain a valid host and port\n")
/Users/admin/builder/spi-builder-workspace/Sources/EvolutionMetadataExtraction/Utilities/FoundationExtensions.swift:67:29: error: cannot find 'kCFNetworkProxiesHTTPSEnable' in scope
65 | let httpsProxy = environment[["https_proxy", "HTTPS_PROXY"]]
66 | if let httpsProxy, let url = URL(string: httpsProxy.value), let host = url.host, let port = url.port {
67 | proxyDictionary[kCFNetworkProxiesHTTPSEnable] = true
| `- error: cannot find 'kCFNetworkProxiesHTTPSEnable' in scope
68 | proxyDictionary[kCFNetworkProxiesHTTPSProxy] = host
69 | proxyDictionary[kCFNetworkProxiesHTTPSPort] = port
/Users/admin/builder/spi-builder-workspace/Sources/EvolutionMetadataExtraction/Utilities/FoundationExtensions.swift:68:29: error: cannot find 'kCFNetworkProxiesHTTPSProxy' in scope
66 | if let httpsProxy, let url = URL(string: httpsProxy.value), let host = url.host, let port = url.port {
67 | proxyDictionary[kCFNetworkProxiesHTTPSEnable] = true
68 | proxyDictionary[kCFNetworkProxiesHTTPSProxy] = host
| `- error: cannot find 'kCFNetworkProxiesHTTPSProxy' in scope
69 | proxyDictionary[kCFNetworkProxiesHTTPSPort] = port
70 | } else if let httpsProxy {
SwiftCompile normal arm64_32 (in target 'EvolutionMetadataExtraction' from project 'swift-evolution-metadata-extractor')
cd /Users/admin/builder/spi-builder-workspace/.swiftpm/xcode
SwiftCompile normal arm64_32 Compiling\ TrackingBugExtractor.swift,\ UpcomingFeatureFlagExtractor.swift /Users/admin/builder/spi-builder-workspace/Sources/EvolutionMetadataExtraction/Extractors/FieldExtractors/TrackingBugExtractor.swift /Users/admin/builder/spi-builder-workspace/Sources/EvolutionMetadataExtraction/Extractors/FieldExtractors/UpcomingFeatureFlagExtractor.swift (in target 'EvolutionMetadataExtraction' from project 'swift-evolution-metadata-extractor')
SwiftCompile normal arm64_32 /Users/admin/builder/spi-builder-workspace/Sources/EvolutionMetadataExtraction/Extractors/FieldExtractors/TrackingBugExtractor.swift (in target 'EvolutionMetadataExtraction' from project 'swift-evolution-metadata-extractor')
cd /Users/admin/builder/spi-builder-workspace/.swiftpm/xcode
builtin-SwiftPerFileCompile TrackingBugExtractor.swift
SwiftCompile normal arm64_32 /Users/admin/builder/spi-builder-workspace/Sources/EvolutionMetadataExtraction/Extractors/FieldExtractors/UpcomingFeatureFlagExtractor.swift (in target 'EvolutionMetadataExtraction' from project 'swift-evolution-metadata-extractor')
cd /Users/admin/builder/spi-builder-workspace/.swiftpm/xcode
builtin-SwiftPerFileCompile UpcomingFeatureFlagExtractor.swift
SwiftCompile normal arm64_32 Compiling\ Networking.swift,\ Project.swift /Users/admin/builder/spi-builder-workspace/Sources/EvolutionMetadataExtraction/Utilities/Networking.swift /Users/admin/builder/spi-builder-workspace/Sources/EvolutionMetadataExtraction/Utilities/Project.swift (in target 'EvolutionMetadataExtraction' from project 'swift-evolution-metadata-extractor')
/Users/admin/builder/spi-builder-workspace/Sources/EvolutionMetadataExtraction/Utilities/Project.swift:30:36: error: 'RangeSet' is only available in watchOS 11.0 or newer
16 | Represents a software project with its own set of evolution proposals.
17 | */
18 | public final class Project: Sendable {
| `- note: add '@available' attribute to enclosing class
19 | let name: String
20 | let organization: String
:
28 | let mainBranchEndpoint: URL
29 | let proposalListingEndpoint: URL
30 | let validationExemptions: [Int:RangeSet<Int>]
| `- error: 'RangeSet' is only available in watchOS 11.0 or newer
31 |
32 | private init(name: String, organization: String, repository: String, path: String, proposalPrefix: String, proposalRegex: Regex<Substring>, previousResultsURL: URL?, defaultOutputFilename: String, validationExemptions: [Int:RangeSet<Int>]) {
/Users/admin/builder/spi-builder-workspace/Sources/EvolutionMetadataExtraction/Utilities/Project.swift:32:229: error: 'RangeSet' is only available in watchOS 11.0 or newer
16 | Represents a software project with its own set of evolution proposals.
17 | */
18 | public final class Project: Sendable {
| `- note: add '@available' attribute to enclosing class
19 | let name: String
20 | let organization: String
:
30 | let validationExemptions: [Int:RangeSet<Int>]
31 |
32 | private init(name: String, organization: String, repository: String, path: String, proposalPrefix: String, proposalRegex: Regex<Substring>, previousResultsURL: URL?, defaultOutputFilename: String, validationExemptions: [Int:RangeSet<Int>]) {
| | `- error: 'RangeSet' is only available in watchOS 11.0 or newer
| `- note: add '@available' attribute to enclosing initializer
33 | self.name = name
34 | self.organization = organization
/Users/admin/builder/spi-builder-workspace/Sources/EvolutionMetadataExtraction/Utilities/Project.swift:73:17: error: 'RangeSet' is only available in watchOS 11.0 or newer
16 | Represents a software project with its own set of evolution proposals.
17 | */
18 | public final class Project: Sendable {
| `- note: add '@available' attribute to enclosing class
19 | let name: String
20 | let organization: String
:
55 | }
56 |
57 | public static let swift = Project(
| `- note: add '@available' attribute to enclosing static property
58 | name: "Swift",
59 | organization: "swiftlang",
:
71 | // Note that some early proposals may not have valid discussions be added and will always need exemption.
72 | Issue.missingReviewField.code:
73 | RangeSet(0001, 0002, 0004, 0020, 0051, 0079, 0100, 0176, 0177, 0188, 0193, 0194, 0196, 0198, 0201, 0203, 0205, 0208, 0209, 0210, 0212, 0213, 0219, 0245, 0247, 0248, 0249, 0250, 0252, 0259, 0263, 0268, 0269, 0273, 0278, 0284, 0289, 0295, 0300, 0312, 0313, 0317, 0318, 0337, 0341, 0343, 0344, 0348, 0350, 0356),
| `- error: 'RangeSet' is only available in watchOS 11.0 or newer
74 |
75 | // Some older proposals are missing links to discussions or do not format discussions correctly.
/Users/admin/builder/spi-builder-workspace/Sources/EvolutionMetadataExtraction/Utilities/Project.swift:79:17: error: 'RangeSet' is only available in watchOS 11.0 or newer
16 | Represents a software project with its own set of evolution proposals.
17 | */
18 | public final class Project: Sendable {
| `- note: add '@available' attribute to enclosing class
19 | let name: String
20 | let organization: String
:
55 | }
56 |
57 | public static let swift = Project(
| `- note: add '@available' attribute to enclosing static property
58 | name: "Swift",
59 | organization: "swiftlang",
:
77 | // Once corrected, the exemption for the corrected proposal can be removed.
78 | Issue.discussionExtractionFailure.code:
79 | RangeSet(0392),
| `- error: 'RangeSet' is only available in watchOS 11.0 or newer
80 |
81 | // Some early proposals did not have a review manager
/Users/admin/builder/spi-builder-workspace/Sources/EvolutionMetadataExtraction/Utilities/Project.swift:83:17: error: 'RangeSet' is only available in watchOS 11.0 or newer
16 | Represents a software project with its own set of evolution proposals.
17 | */
18 | public final class Project: Sendable {
| `- note: add '@available' attribute to enclosing class
19 | let name: String
20 | let organization: String
:
55 | }
56 |
57 | public static let swift = Project(
| `- note: add '@available' attribute to enclosing static property
58 | name: "Swift",
59 | organization: "swiftlang",
:
81 | // Some early proposals did not have a review manager
82 | Issue.missingReviewManagers.code:
83 | RangeSet(0001, 0002, 0004),
| `- error: 'RangeSet' is only available in watchOS 11.0 or newer
84 | ]
85 | )
/Users/admin/builder/spi-builder-workspace/Sources/EvolutionMetadataExtraction/Utilities/Project.swift:99:17: error: 'RangeSet' is only available in watchOS 11.0 or newer
16 | Represents a software project with its own set of evolution proposals.
17 | */
18 | public final class Project: Sendable {
| `- note: add '@available' attribute to enclosing class
19 | let name: String
20 | let organization: String
:
85 | )
86 |
87 | public static let swiftTesting = Project(
| `- note: add '@available' attribute to enclosing static property
88 | name: "Swift Testing",
89 | organization: "swiftlang",
:
97 | // Early proposals did not have a review manager
98 | Issue.missingReviewManagers.code:
99 | RangeSet(.upTo(0008)),
| `- error: 'RangeSet' is only available in watchOS 11.0 or newer
100 | ]
101 | )
SwiftCompile normal arm64_32 /Users/admin/builder/spi-builder-workspace/Sources/EvolutionMetadataExtraction/Utilities/Networking.swift (in target 'EvolutionMetadataExtraction' from project 'swift-evolution-metadata-extractor')
cd /Users/admin/builder/spi-builder-workspace/.swiftpm/xcode
builtin-SwiftPerFileCompile Networking.swift
SwiftCompile normal arm64_32 /Users/admin/builder/spi-builder-workspace/Sources/EvolutionMetadataExtraction/Utilities/Project.swift (in target 'EvolutionMetadataExtraction' from project 'swift-evolution-metadata-extractor')
cd /Users/admin/builder/spi-builder-workspace/.swiftpm/xcode
builtin-SwiftPerFileCompile Project.swift
SwiftCompile normal arm64_32 Compiling\ CommandLineSupport.swift,\ ExtractionJob.swift,\ EvolutionMetadataExtractor.swift /Users/admin/builder/spi-builder-workspace/Sources/EvolutionMetadataExtraction/CommandLineSupport.swift /Users/admin/builder/spi-builder-workspace/Sources/EvolutionMetadataExtraction/ExtractionJob.swift /Users/admin/builder/spi-builder-workspace/Sources/EvolutionMetadataExtraction/Extractors/EvolutionMetadataExtractor.swift (in target 'EvolutionMetadataExtraction' from project 'swift-evolution-metadata-extractor')
SwiftCompile normal arm64_32 /Users/admin/builder/spi-builder-workspace/Sources/EvolutionMetadataExtraction/CommandLineSupport.swift (in target 'EvolutionMetadataExtraction' from project 'swift-evolution-metadata-extractor')
cd /Users/admin/builder/spi-builder-workspace/.swiftpm/xcode
builtin-SwiftPerFileCompile CommandLineSupport.swift
SwiftCompile normal arm64_32 /Users/admin/builder/spi-builder-workspace/Sources/EvolutionMetadataExtraction/ExtractionJob.swift (in target 'EvolutionMetadataExtraction' from project 'swift-evolution-metadata-extractor')
cd /Users/admin/builder/spi-builder-workspace/.swiftpm/xcode
builtin-SwiftPerFileCompile ExtractionJob.swift
SwiftCompile normal arm64_32 /Users/admin/builder/spi-builder-workspace/Sources/EvolutionMetadataExtraction/Extractors/EvolutionMetadataExtractor.swift (in target 'EvolutionMetadataExtraction' from project 'swift-evolution-metadata-extractor')
cd /Users/admin/builder/spi-builder-workspace/.swiftpm/xcode
builtin-SwiftPerFileCompile EvolutionMetadataExtractor.swift
SwiftCompile normal arm64_32 Compiling\ FoundationExtensions.swift,\ ModelExtensions.swift /Users/admin/builder/spi-builder-workspace/Sources/EvolutionMetadataExtraction/Utilities/FoundationExtensions.swift /Users/admin/builder/spi-builder-workspace/Sources/EvolutionMetadataExtraction/Utilities/ModelExtensions.swift (in target 'EvolutionMetadataExtraction' from project 'swift-evolution-metadata-extractor')
/Users/admin/builder/spi-builder-workspace/Sources/EvolutionMetadataExtraction/Utilities/FoundationExtensions.swift:58:29: error: cannot find 'kCFNetworkProxiesHTTPEnable' in scope
56 | let httpProxy = environment[["http_proxy", "HTTP_PROXY"]]
57 | if let httpProxy, let url = URL(string: httpProxy.value), let host = url.host, let port = url.port {
58 | proxyDictionary[kCFNetworkProxiesHTTPEnable] = true
| `- error: cannot find 'kCFNetworkProxiesHTTPEnable' in scope
59 | proxyDictionary[kCFNetworkProxiesHTTPProxy] = host
60 | proxyDictionary[kCFNetworkProxiesHTTPPort] = port
/Users/admin/builder/spi-builder-workspace/Sources/EvolutionMetadataExtraction/Utilities/FoundationExtensions.swift:59:29: error: cannot find 'kCFNetworkProxiesHTTPProxy' in scope
57 | if let httpProxy, let url = URL(string: httpProxy.value), let host = url.host, let port = url.port {
58 | proxyDictionary[kCFNetworkProxiesHTTPEnable] = true
59 | proxyDictionary[kCFNetworkProxiesHTTPProxy] = host
| `- error: cannot find 'kCFNetworkProxiesHTTPProxy' in scope
60 | proxyDictionary[kCFNetworkProxiesHTTPPort] = port
61 | } else if let httpProxy {
/Users/admin/builder/spi-builder-workspace/Sources/EvolutionMetadataExtraction/Utilities/FoundationExtensions.swift:60:29: error: cannot find 'kCFNetworkProxiesHTTPPort' in scope
58 | proxyDictionary[kCFNetworkProxiesHTTPEnable] = true
59 | proxyDictionary[kCFNetworkProxiesHTTPProxy] = host
60 | proxyDictionary[kCFNetworkProxiesHTTPPort] = port
| `- error: cannot find 'kCFNetworkProxiesHTTPPort' in scope
61 | } else if let httpProxy {
62 | print("WARNING: Environment variable '\(httpProxy.key)' value '\(httpProxy.value)' does not contain a valid host and port\n")
/Users/admin/builder/spi-builder-workspace/Sources/EvolutionMetadataExtraction/Utilities/FoundationExtensions.swift:67:29: error: cannot find 'kCFNetworkProxiesHTTPSEnable' in scope
65 | let httpsProxy = environment[["https_proxy", "HTTPS_PROXY"]]
66 | if let httpsProxy, let url = URL(string: httpsProxy.value), let host = url.host, let port = url.port {
67 | proxyDictionary[kCFNetworkProxiesHTTPSEnable] = true
| `- error: cannot find 'kCFNetworkProxiesHTTPSEnable' in scope
68 | proxyDictionary[kCFNetworkProxiesHTTPSProxy] = host
69 | proxyDictionary[kCFNetworkProxiesHTTPSPort] = port
/Users/admin/builder/spi-builder-workspace/Sources/EvolutionMetadataExtraction/Utilities/FoundationExtensions.swift:68:29: error: cannot find 'kCFNetworkProxiesHTTPSProxy' in scope
66 | if let httpsProxy, let url = URL(string: httpsProxy.value), let host = url.host, let port = url.port {
67 | proxyDictionary[kCFNetworkProxiesHTTPSEnable] = true
68 | proxyDictionary[kCFNetworkProxiesHTTPSProxy] = host
| `- error: cannot find 'kCFNetworkProxiesHTTPSProxy' in scope
69 | proxyDictionary[kCFNetworkProxiesHTTPSPort] = port
70 | } else if let httpsProxy {
/Users/admin/builder/spi-builder-workspace/Sources/EvolutionMetadataExtraction/Utilities/FoundationExtensions.swift:69:29: error: cannot find 'kCFNetworkProxiesHTTPSPort' in scope
67 | proxyDictionary[kCFNetworkProxiesHTTPSEnable] = true
68 | proxyDictionary[kCFNetworkProxiesHTTPSProxy] = host
69 | proxyDictionary[kCFNetworkProxiesHTTPSPort] = port
| `- error: cannot find 'kCFNetworkProxiesHTTPSPort' in scope
70 | } else if let httpsProxy {
71 | print("WARNING: Environment variable '\(httpsProxy.key)' value '\(httpsProxy.value)' does not contain a valid host and port\n")
Failed frontend command:
/Applications/Xcode-27.0.0-Release.Candidate.app/Contents/Developer/Toolchains/XcodeDefault.xctoolchain/usr/bin/swift-frontend -frontend -c /Users/admin/builder/spi-builder-workspace/Sources/EvolutionMetadataExtraction/CommandLineSupport.swift /Users/admin/builder/spi-builder-workspace/Sources/EvolutionMetadataExtraction/ExtractionJob.swift /Users/admin/builder/spi-builder-workspace/Sources/EvolutionMetadataExtraction/Extractors/EvolutionMetadataExtractor.swift /Users/admin/builder/spi-builder-workspace/Sources/EvolutionMetadataExtraction/Extractors/FieldExtractors/DiscussionExtractor.swift /Users/admin/builder/spi-builder-workspace/Sources/EvolutionMetadataExtraction/Extractors/FieldExtractors/HeaderFieldExtractor.swift /Users/admin/builder/spi-builder-workspace/Sources/EvolutionMetadataExtraction/Extractors/FieldExtractors/ImplementationExtractor.swift /Users/admin/builder/spi-builder-workspace/Sources/EvolutionMetadataExtraction/Extractors/FieldExtractors/PersonExtractor.swift /Users/admin/builder/spi-builder-workspace/Sources/EvolutionMetadataExtraction/Extractors/FieldExtractors/PreviousProposalExtractor.swift /Users/admin/builder/spi-builder-workspace/Sources/EvolutionMetadataExtraction/Extractors/FieldExtractors/ProposalLinkExtractor.swift /Users/admin/builder/spi-builder-workspace/Sources/EvolutionMetadataExtraction/Extractors/FieldExtractors/StatusExtractor.swift /Users/admin/builder/spi-builder-workspace/Sources/EvolutionMetadataExtraction/Extractors/FieldExtractors/SummaryExtractor.swift /Users/admin/builder/spi-builder-workspace/Sources/EvolutionMetadataExtraction/Extractors/FieldExtractors/TitleExtractor.swift /Users/admin/builder/spi-builder-workspace/Sources/EvolutionMetadataExtraction/Extractors/FieldExtractors/TrackingBugExtractor.swift /Users/admin/builder/spi-builder-workspace/Sources/EvolutionMetadataExtraction/Extractors/FieldExtractors/UpcomingFeatureFlagExtractor.swift /Users/admin/builder/spi-builder-workspace/Sources/EvolutionMetadataExtraction/Extractors/ProposalMetadataExtractor.swift /Users/admin/builder/spi-builder-workspace/Sources/EvolutionMetadataExtraction/Utilities/FileUtilities.swift -primary-file /Users/admin/builder/spi-builder-workspace/Sources/EvolutionMetadataExtraction/Utilities/FoundationExtensions.swift -primary-file /Users/admin/builder/spi-builder-workspace/Sources/EvolutionMetadataExtraction/Utilities/ModelExtensions.swift /Users/admin/builder/spi-builder-workspace/Sources/EvolutionMetadataExtraction/Utilities/Networking.swift /Users/admin/builder/spi-builder-workspace/Sources/EvolutionMetadataExtraction/Utilities/Project.swift /Users/admin/builder/spi-builder-workspace/Sources/EvolutionMetadataExtraction/Utilities/Snapshot.swift /Users/admin/builder/spi-builder-workspace/Sources/EvolutionMetadataExtraction/Utilities/ValidationIssues.swift -emit-dependencies-path /Users/admin/builder/spi-builder-workspace/.derivedData/Build/Intermediates.noindex/swift-evolution-metadata-extractor.build/Debug-watchos/EvolutionMetadataExtraction-t.build/Objects-normal/arm64_32/FoundationExtensions.d -emit-const-values-path /Users/admin/builder/spi-builder-workspace/.derivedData/Build/Intermediates.noindex/swift-evolution-metadata-extractor.build/Debug-watchos/EvolutionMetadataExtraction-t.build/Objects-normal/arm64_32/FoundationExtensions.swiftconstvalues -emit-reference-dependencies-path /Users/admin/builder/spi-builder-workspace/.derivedData/Build/Intermediates.noindex/swift-evolution-metadata-extractor.build/Debug-watchos/EvolutionMetadataExtraction-t.build/Objects-normal/arm64_32/FoundationExtensions.swiftdeps -serialize-diagnostics-path /Users/admin/builder/spi-builder-workspace/.derivedData/Build/Intermediates.noindex/swift-evolution-metadata-extractor.build/Debug-watchos/EvolutionMetadataExtraction-t.build/Objects-normal/arm64_32/FoundationExtensions.dia -emit-dependencies-path /Users/admin/builder/spi-builder-workspace/.derivedData/Build/Intermediates.noindex/swift-evolution-metadata-extractor.build/Debug-watchos/EvolutionMetadataExtraction-t.build/Objects-normal/arm64_32/ModelExtensions.d -emit-const-values-path /Users/admin/builder/spi-builder-workspace/.derivedData/Build/Intermediates.noindex/swift-evolution-metadata-extractor.build/Debug-watchos/EvolutionMetadataExtraction-t.build/Objects-normal/arm64_32/ModelExtensions.swiftconstvalues -emit-reference-dependencies-path /Users/admin/builder/spi-builder-workspace/.derivedData/Build/Intermediates.noindex/swift-evolution-metadata-extractor.build/Debug-watchos/EvolutionMetadataExtraction-t.build/Objects-normal/arm64_32/ModelExtensions.swiftdeps -serialize-diagnostics-path /Users/admin/builder/spi-builder-workspace/.derivedData/Build/Intermediates.noindex/swift-evolution-metadata-extractor.build/Debug-watchos/EvolutionMetadataExtraction-t.build/Objects-normal/arm64_32/ModelExtensions.dia -target arm64_32-apple-watchos9.0 -disable-cross-import-overlay-search -load-resolved-plugin /Applications/Xcode-27.0.0-Release.Candidate.app/Contents/Developer/Platforms/WatchOS.platform/Developer/usr/lib/swift/host/plugins/libFoundationMacros.dylib\#/Applications/Xcode-27.0.0-Release.Candidate.app/Contents/Developer/Platforms/WatchOS.platform/Developer/usr/bin/swift-plugin-server\#FoundationMacros -load-resolved-plugin /Applications/Xcode-27.0.0-Release.Candidate.app/Contents/Developer/Platforms/WatchOS.platform/Developer/usr/lib/swift/host/plugins/libObservationMacros.dylib\#/Applications/Xcode-27.0.0-Release.Candidate.app/Contents/Developer/Platforms/WatchOS.platform/Developer/usr/bin/swift-plugin-server\#ObservationMacros -load-resolved-plugin /Applications/Xcode-27.0.0-Release.Candidate.app/Contents/Developer/Platforms/WatchOS.platform/Developer/usr/lib/swift/host/plugins/libSwiftMacros.dylib\#/Applications/Xcode-27.0.0-Release.Candidate.app/Contents/Developer/Platforms/WatchOS.platform/Developer/usr/bin/swift-plugin-server\#SwiftMacros -disable-implicit-swift-modules -Xcc -fno-implicit-modules -Xcc -fno-implicit-module-maps -explicit-swift-module-map-file /Users/admin/builder/spi-builder-workspace/.derivedData/Build/Intermediates.noindex/swift-evolution-metadata-extractor.build/Debug-watchos/EvolutionMetadataExtraction-t.build/Objects-normal/arm64_32/EvolutionMetadataExtraction-dependencies-2.json -enable-objc-interop -sdk /Applications/Xcode-27.0.0-Release.Candidate.app/Contents/Developer/Platforms/WatchOS.platform/Developer/SDKs/WatchOS27.0.sdk -I /Users/admin/builder/spi-builder-workspace/.derivedData/Build/Products/Debug-watchos -Isystem /Applications/Xcode-27.0.0-Release.Candidate.app/Contents/Developer/Platforms/WatchOS.platform/Developer/usr/lib -F /Users/admin/builder/spi-builder-workspace/.derivedData/Build/Products/Debug-watchos/PackageFrameworks -F /Users/admin/builder/spi-builder-workspace/.derivedData/Build/Products/Debug-watchos -F /Applications/Xcode-27.0.0-Release.Candidate.app/Contents/Developer/Platforms/WatchOS.platform/Developer/Library/Frameworks -F /Applications/Xcode-27.0.0-Release.Candidate.app/Contents/Developer/Platforms/WatchOS.platform/Developer/SDKs/WatchOS27.0.sdk/Developer/Library/Frameworks -module-cache-path /Users/admin/builder/spi-builder-workspace/.derivedData/Build/Intermediates.noindex/SwiftExplicitPrecompiledModules -no-color-diagnostics -Xcc -fno-color-diagnostics -enable-testing -g -debug-info-format\=dwarf -dwarf-version\=4 -profile-generate -profile-coverage-mapping -swift-version 6 -Onone -D SWIFT_PACKAGE -D DEBUG -D SWIFT_MODULE_RESOURCE_BUNDLE_UNAVAILABLE -D Xcode -serialize-debugging-options -enable-upcoming-feature ExistentialAny -enable-experimental-feature DebugDescriptionMacro -empty-abi-descriptor -validate-clang-modules-once -clang-build-session-file /Users/admin/builder/spi-builder-workspace/.derivedData/ModuleCache.noindex/Session.modulevalidation -Xcc -working-directory -Xcc /Users/admin/builder/spi-builder-workspace/.swiftpm/xcode -enable-anonymous-context-mangled-names -file-compilation-dir /Users/admin/builder/spi-builder-workspace/.swiftpm/xcode -Xcc -fmodule-map-file\=/Users/admin/builder/spi-builder-workspace/.dependencies/checkouts/swift-cmark/src/include/module.modulemap -Xcc -fmodule-map-file\=/Users/admin/builder/spi-builder-workspace/.dependencies/checkouts/swift-cmark/extensions/include/module.modulemap -Xcc -fmodule-map-file\=/Users/admin/builder/spi-builder-workspace/.dependencies/checkouts/swift-markdown/Sources/CAtomic/include/module.modulemap -Xcc -D_LIBCPP_HARDENING_MODE\=_LIBCPP_HARDENING_MODE_DEBUG -Xcc -ivfsstatcache -Xcc /Users/admin/builder/spi-builder-workspace/.derivedData/SDKStatCaches.noindex/watchos27.0-24R360-e829b21a6f8c9b70876ba0858053c04477534ef55a1706bf4c1112bbb242f0a2.sdkstatcache -Xcc -fmodules-prune-interval\=86400 -Xcc -fmodules-prune-after\=345600 -Xcc -I/Users/admin/builder/spi-builder-workspace/.dependencies/checkouts/swift-cmark/src/include -Xcc -I/Users/admin/builder/spi-builder-workspace/.dependencies/checkouts/swift-cmark/extensions/include -Xcc -I/Users/admin/builder/spi-builder-workspace/.dependencies/checkouts/swift-markdown/Sources/CAtomic/include -Xcc -I/Users/admin/builder/spi-builder-workspace/.derivedData/Build/Products/Debug-watchos/include -Xcc -I/Users/admin/builder/spi-builder-workspace/.derivedData/Build/Intermediates.noindex/swift-evolution-metadata-extractor.build/Debug-watchos/EvolutionMetadataExtraction-t.build/DerivedSources-normal/arm64_32 -Xcc -I/Users/admin/builder/spi-builder-workspace/.derivedData/Build/Intermediates.noindex/swift-evolution-metadata-extractor.build/Debug-watchos/EvolutionMetadataExtraction-t.build/DerivedSources/arm64_32 -Xcc -I/Users/admin/builder/spi-builder-workspace/.derivedData/Build/Intermediates.noindex/swift-evolution-metadata-extractor.build/Debug-watchos/EvolutionMetadataExtraction-t.build/DerivedSources -Xcc -DSWIFT_PACKAGE -Xcc -DDEBUG\=1 -no-auto-bridging-header-chaining -module-name EvolutionMetadataExtraction -package-name spi_builder_workspace -const-gather-protocols-file /Users/admin/builder/spi-builder-workspace/.derivedData/Build/Intermediates.noindex/swift-evolution-metadata-extractor.build/Debug-watchos/EvolutionMetadataExtraction-t.build/Objects-normal/arm64_32/EvolutionMetadataExtraction_const_extract_protocols.json -disable-clang-spi -clang-target arm64_32-apple-watchos27.0 -target-sdk-version 27.0 -target-sdk-name watchos27.0 -in-process-plugin-server-path /Applications/Xcode-27.0.0-Release.Candidate.app/Contents/Developer/Toolchains/XcodeDefault.xctoolchain/usr/lib/swift/host/libSwiftInProcPluginServer.dylib -parse-as-library -o /Users/admin/builder/spi-builder-workspace/.derivedData/Build/Intermediates.noindex/swift-evolution-metadata-extractor.build/Debug-watchos/EvolutionMetadataExtraction-t.build/Objects-normal/arm64_32/FoundationExtensions.o -o /Users/admin/builder/spi-builder-workspace/.derivedData/Build/Intermediates.noindex/swift-evolution-metadata-extractor.build/Debug-watchos/EvolutionMetadataExtraction-t.build/Objects-normal/arm64_32/ModelExtensions.o -debug-module-path /Users/admin/builder/spi-builder-workspace/.derivedData/Build/Intermediates.noindex/swift-evolution-metadata-extractor.build/Debug-watchos/EvolutionMetadataExtraction-t.build/Objects-normal/arm64_32/EvolutionMetadataExtraction.swiftmodule -index-unit-output-path /swift-evolution-metadata-extractor.build/Debug-watchos/EvolutionMetadataExtraction-t.build/Objects-normal/arm64_32/FoundationExtensions.o -index-unit-output-path /swift-evolution-metadata-extractor.build/Debug-watchos/EvolutionMetadataExtraction-t.build/Objects-normal/arm64_32/ModelExtensions.o -index-store-path /Users/admin/builder/spi-builder-workspace/.derivedData/Index.noindex/DataStore -index-system-modules
SwiftCompile normal arm64_32 /Users/admin/builder/spi-builder-workspace/Sources/EvolutionMetadataExtraction/Utilities/FoundationExtensions.swift (in target 'EvolutionMetadataExtraction' from project 'swift-evolution-metadata-extractor')
cd /Users/admin/builder/spi-builder-workspace/.swiftpm/xcode
builtin-SwiftPerFileCompile FoundationExtensions.swift
SwiftCompile normal arm64_32 /Users/admin/builder/spi-builder-workspace/Sources/EvolutionMetadataExtraction/Utilities/ModelExtensions.swift (in target 'EvolutionMetadataExtraction' from project 'swift-evolution-metadata-extractor')
cd /Users/admin/builder/spi-builder-workspace/.swiftpm/xcode
builtin-SwiftPerFileCompile ModelExtensions.swift
SwiftCompile normal arm64_32 Compiling\ Snapshot.swift,\ ValidationIssues.swift /Users/admin/builder/spi-builder-workspace/Sources/EvolutionMetadataExtraction/Utilities/Snapshot.swift /Users/admin/builder/spi-builder-workspace/Sources/EvolutionMetadataExtraction/Utilities/ValidationIssues.swift (in target 'EvolutionMetadataExtraction' from project 'swift-evolution-metadata-extractor')
SwiftCompile normal arm64_32 /Users/admin/builder/spi-builder-workspace/Sources/EvolutionMetadataExtraction/Utilities/Snapshot.swift (in target 'EvolutionMetadataExtraction' from project 'swift-evolution-metadata-extractor')
cd /Users/admin/builder/spi-builder-workspace/.swiftpm/xcode
builtin-SwiftPerFileCompile Snapshot.swift
SwiftCompile normal arm64_32 /Users/admin/builder/spi-builder-workspace/Sources/EvolutionMetadataExtraction/Utilities/ValidationIssues.swift (in target 'EvolutionMetadataExtraction' from project 'swift-evolution-metadata-extractor')
cd /Users/admin/builder/spi-builder-workspace/.swiftpm/xcode
builtin-SwiftPerFileCompile ValidationIssues.swift
SwiftEmitModule normal arm64 Emitting\ module\ for\ EvolutionMetadataExtraction (in target 'EvolutionMetadataExtraction' from project 'swift-evolution-metadata-extractor')
SwiftCompile normal arm64 (in target 'EvolutionMetadataExtraction' from project 'swift-evolution-metadata-extractor')
cd /Users/admin/builder/spi-builder-workspace/.swiftpm/xcode
PruneExplicitPrecompiledModules /Users/admin/builder/spi-builder-workspace/.derivedData/Build/Intermediates.noindex/SwiftExplicitPrecompiledModules
PruneExplicitPrecompiledModules /Users/admin/builder/spi-builder-workspace/.derivedData/Build/Intermediates.noindex/ExplicitPrecompiledModules
PruneExplicitPrecompiledModules /Users/admin/builder/spi-builder-workspace/.derivedData/SDKExplicitPrecompiledModules
2026-09-19 02:54:15.156 xcodebuild[781:4732] [MT] IDERunDestination: Supported platforms for the buildables in the current scheme is empty.
** BUILD FAILED **
The following build commands failed:
SwiftCompile normal arm64_32 Compiling\ FoundationExtensions.swift,\ ModelExtensions.swift /Users/admin/builder/spi-builder-workspace/Sources/EvolutionMetadataExtraction/Utilities/FoundationExtensions.swift /Users/admin/builder/spi-builder-workspace/Sources/EvolutionMetadataExtraction/Utilities/ModelExtensions.swift (in target 'EvolutionMetadataExtraction' from project 'swift-evolution-metadata-extractor')
SwiftCompile normal arm64_32 /Users/admin/builder/spi-builder-workspace/Sources/EvolutionMetadataExtraction/Utilities/FoundationExtensions.swift (in target 'EvolutionMetadataExtraction' from project 'swift-evolution-metadata-extractor')
Building workspace swift-evolution-metadata-extractor with scheme swift-evolution-metadata-extractor-Package
(3 failures)
Command line invocation:
/Applications/Xcode-27.0.0-Release.Candidate.app/Contents/Developer/usr/bin/xcodebuild -IDEClonedSourcePackagesDirPathOverride=/Users/admin/builder/spi-builder-workspace/.dependencies -resolvePackageDependencies
Resolve Package Graph
Resolved source packages:
swift-markdown: https://github.com/swiftlang/swift-markdown @ 0.8.0
swift-argument-parser: https://github.com/apple/swift-argument-parser.git @ 1.8.2
cmark-gfm: https://github.com/swiftlang/swift-cmark.git @ 0.8.0
swift-evolution-metadata-extractor: /Users/admin/builder/spi-builder-workspace
resolved source packages: swift-markdown, swift-argument-parser, cmark-gfm, swift-evolution-metadata-extractor
2026-09-19 02:54:27.290 xcodebuild[1168:6466] [MT] IDERunDestination: Supported platforms for the buildables in the current scheme is empty.
{
"dependencies" : [
{
"identity" : "swift-markdown",
"requirement" : {
"range" : [
{
"lower_bound" : "0.8.0",
"upper_bound" : "1.0.0"
}
]
},
"type" : "sourceControl",
"url" : "https://github.com/swiftlang/swift-markdown"
},
{
"identity" : "swift-argument-parser",
"requirement" : {
"range" : [
{
"lower_bound" : "1.3.0",
"upper_bound" : "2.0.0"
}
]
},
"type" : "sourceControl",
"url" : "https://github.com/apple/swift-argument-parser.git"
}
],
"manifest_display_name" : "swift-evolution-metadata-extractor",
"name" : "swift-evolution-metadata-extractor",
"path" : "/Users/admin/builder/spi-builder-workspace",
"platforms" : [
{
"name" : "macos",
"version" : "15.0"
}
],
"products" : [
{
"name" : "EvolutionMetadataModel",
"targets" : [
"EvolutionMetadataModel"
],
"type" : {
"library" : [
"automatic"
]
}
},
{
"name" : "swift-evolution-metadata-extractor",
"targets" : [
"swift-evolution-metadata-extractor"
],
"type" : {
"executable" : null
}
}
],
"targets" : [
{
"c99name" : "swift_evolution_metadata_extractor",
"module_type" : "SwiftTarget",
"name" : "swift-evolution-metadata-extractor",
"path" : "Sources/swift-evolution-metadata-extractor",
"product_dependencies" : [
"ArgumentParser"
],
"product_memberships" : [
"swift-evolution-metadata-extractor"
],
"sources" : [
"ExtractCommand.swift",
"Help.swift",
"RootCommand.swift",
"SnapshotCommand.swift",
"ValidateCommand.swift"
],
"target_dependencies" : [
"EvolutionMetadataExtraction"
],
"type" : "executable"
},
{
"c99name" : "ExtractionTests",
"module_type" : "SwiftTarget",
"name" : "ExtractionTests",
"path" : "Tests/ExtractionTests",
"resources" : [
{
"path" : "/Users/admin/builder/spi-builder-workspace/Tests/ExtractionTests/Resources",
"rule" : {
"copy" : {
}
}
}
],
"sources" : [
"BaselineModel/EvolutionMetadata.swift",
"BaselineModel/Proposal+Discussion.swift",
"BaselineModel/Proposal+Implementation.swift",
"BaselineModel/Proposal+Issue.swift",
"BaselineModel/Proposal+Person.swift",
"BaselineModel/Proposal+Status.swift",
"BaselineModel/Proposal+TrackingBug.swift",
"BaselineModel/Proposal+UpcomingFeatureFlag.swift",
"BaselineModel/Proposal.swift",
"ExtractionTests.swift"
],
"target_dependencies" : [
"EvolutionMetadataExtraction"
],
"type" : "test"
},
{
"c99name" : "EvolutionMetadataModel",
"module_type" : "SwiftTarget",
"name" : "EvolutionMetadataModel",
"path" : "Sources/EvolutionMetadataModel",
"product_memberships" : [
"EvolutionMetadataModel",
"swift-evolution-metadata-extractor"
],
"sources" : [
"EvolutionMetadata.swift",
"Proposal+Discussion.swift",
"Proposal+Implementation.swift",
"Proposal+Issue.swift",
"Proposal+Person.swift",
"Proposal+Status.swift",
"Proposal+TrackingBug.swift",
"Proposal+UpcomingFeatureFlag.swift",
"Proposal.swift"
],
"type" : "library"
},
{
"c99name" : "EvolutionMetadataExtraction",
"module_type" : "SwiftTarget",
"name" : "EvolutionMetadataExtraction",
"path" : "Sources/EvolutionMetadataExtraction",
"product_dependencies" : [
"Markdown",
"ArgumentParser"
],
"product_memberships" : [
"swift-evolution-metadata-extractor"
],
"sources" : [
"CommandLineSupport.swift",
"ExtractionJob.swift",
"Extractors/EvolutionMetadataExtractor.swift",
"Extractors/FieldExtractors/DiscussionExtractor.swift",
"Extractors/FieldExtractors/HeaderFieldExtractor.swift",
"Extractors/FieldExtractors/ImplementationExtractor.swift",
"Extractors/FieldExtractors/PersonExtractor.swift",
"Extractors/FieldExtractors/PreviousProposalExtractor.swift",
"Extractors/FieldExtractors/ProposalLinkExtractor.swift",
"Extractors/FieldExtractors/StatusExtractor.swift",
"Extractors/FieldExtractors/SummaryExtractor.swift",
"Extractors/FieldExtractors/TitleExtractor.swift",
"Extractors/FieldExtractors/TrackingBugExtractor.swift",
"Extractors/FieldExtractors/UpcomingFeatureFlagExtractor.swift",
"Extractors/ProposalMetadataExtractor.swift",
"Utilities/FileUtilities.swift",
"Utilities/FoundationExtensions.swift",
"Utilities/ModelExtensions.swift",
"Utilities/Networking.swift",
"Utilities/Project.swift",
"Utilities/Snapshot.swift",
"Utilities/ValidationIssues.swift"
],
"target_dependencies" : [
"EvolutionMetadataModel"
],
"type" : "library"
}
],
"tools_version" : "6.0"
}
{
"workspace" : {
"name" : "swift-evolution-metadata-extractor",
"schemes" : [
"EvolutionMetadataModel",
"swift-evolution-metadata-extractor",
"swift-evolution-metadata-extractor-Package"
]
}
}
2026-09-19 02:54:29.785 xcodebuild[1184:6580] [MT] IDERunDestination: Supported platforms for the buildables in the current scheme is empty.
Running build ...
env DEVELOPER_DIR=/Applications/Xcode-27.0.0-Release.Candidate.app xcrun xcodebuild -IDEClonedSourcePackagesDirPathOverride=$PWD/.dependencies -skipMacroValidation -skipPackagePluginValidation -derivedDataPath $PWD/.derivedData build -scheme swift-evolution-metadata-extractor-Package -destination generic/platform=watchOS
Command line invocation:
/Applications/Xcode-27.0.0-Release.Candidate.app/Contents/Developer/usr/bin/xcodebuild -IDEClonedSourcePackagesDirPathOverride=/Users/admin/builder/spi-builder-workspace/.dependencies -skipMacroValidation -skipPackagePluginValidation -derivedDataPath /Users/admin/builder/spi-builder-workspace/.derivedData build -scheme swift-evolution-metadata-extractor-Package -destination generic/platform=watchOS
Resolve Package Graph
Resolved source packages:
swift-argument-parser: https://github.com/apple/swift-argument-parser.git @ 1.8.2
cmark-gfm: https://github.com/swiftlang/swift-cmark.git @ 0.8.0
swift-evolution-metadata-extractor: /Users/admin/builder/spi-builder-workspace
swift-markdown: https://github.com/swiftlang/swift-markdown @ 0.8.0
ComputePackagePrebuildTargetDependencyGraph
Prepare packages
CreateBuildRequest
SendProjectDescription
CreateBuildOperation
ComputeTargetDependencyGraph
note: Building targets in dependency order
note: Target dependency graph (14 targets)
Target 'swift-evolution-metadata-extractor-product' in project 'swift-evolution-metadata-extractor'
➜ Explicit dependency on target 'EvolutionMetadataModel' in project 'swift-evolution-metadata-extractor'
➜ Explicit dependency on target 'EvolutionMetadataExtraction' in project 'swift-evolution-metadata-extractor'
➜ Explicit dependency on target 'Markdown-product' in project 'swift-markdown'
➜ Explicit dependency on target 'ArgumentParser-product' in project 'swift-argument-parser'
Target 'EvolutionMetadataExtraction' in project 'swift-evolution-metadata-extractor'
➜ Explicit dependency on target 'EvolutionMetadataModel' in project 'swift-evolution-metadata-extractor'
➜ Explicit dependency on target 'Markdown-product' in project 'swift-markdown'
➜ Explicit dependency on target 'ArgumentParser-product' in project 'swift-argument-parser'
Target 'ArgumentParser-product' in project 'swift-argument-parser'
➜ Explicit dependency on target 'ArgumentParser' in project 'swift-argument-parser'
➜ Explicit dependency on target 'ArgumentParserToolInfo' in project 'swift-argument-parser'
Target 'ArgumentParser' in project 'swift-argument-parser'
➜ Explicit dependency on target 'ArgumentParserToolInfo' in project 'swift-argument-parser'
Target 'ArgumentParserToolInfo' in project 'swift-argument-parser' (no dependencies)
Target 'Markdown-product' in project 'swift-markdown'
➜ Explicit dependency on target 'Markdown' in project 'swift-markdown'
➜ Explicit dependency on target 'CAtomic' in project 'swift-markdown'
➜ Explicit dependency on target 'cmark-gfm-product' in project 'cmark-gfm'
➜ Explicit dependency on target 'cmark-gfm-extensions-product' in project 'cmark-gfm'
Target 'Markdown' in project 'swift-markdown'
➜ Explicit dependency on target 'CAtomic' in project 'swift-markdown'
➜ Explicit dependency on target 'cmark-gfm-product' in project 'cmark-gfm'
➜ Explicit dependency on target 'cmark-gfm-extensions-product' in project 'cmark-gfm'
Target 'cmark-gfm-extensions-product' in project 'cmark-gfm'
➜ Explicit dependency on target 'cmark-gfm-extensions' in project 'cmark-gfm'
➜ Explicit dependency on target 'cmark-gfm' in project 'cmark-gfm'
Target 'cmark-gfm-extensions' in project 'cmark-gfm'
➜ Explicit dependency on target 'cmark-gfm' in project 'cmark-gfm'
Target 'cmark-gfm-product' in project 'cmark-gfm'
➜ Explicit dependency on target 'cmark-gfm' in project 'cmark-gfm'
Target 'cmark-gfm' in project 'cmark-gfm' (no dependencies)
Target 'CAtomic' in project 'swift-markdown' (no dependencies)
Target 'EvolutionMetadataModel-product' in project 'swift-evolution-metadata-extractor'
➜ Explicit dependency on target 'EvolutionMetadataModel' in project 'swift-evolution-metadata-extractor'
Target 'EvolutionMetadataModel' in project 'swift-evolution-metadata-extractor' (no dependencies)
GatherProvisioningInputs
CreateBuildDescription
ClangStatCache /Applications/Xcode-27.0.0-Release.Candidate.app/Contents/Developer/Toolchains/XcodeDefault.xctoolchain/usr/bin/clang-stat-cache /Applications/Xcode-27.0.0-Release.Candidate.app/Contents/Developer/Platforms/WatchOS.platform/Developer/SDKs/WatchOS27.0.sdk /Users/admin/builder/spi-builder-workspace/.derivedData/SDKStatCaches.noindex/watchos27.0-24R360-e829b21a6f8c9b70876ba0858053c04477534ef55a1706bf4c1112bbb242f0a2.sdkstatcache
cd /Users/admin/builder/spi-builder-workspace/.swiftpm/xcode
/Applications/Xcode-27.0.0-Release.Candidate.app/Contents/Developer/Toolchains/XcodeDefault.xctoolchain/usr/bin/clang-stat-cache /Applications/Xcode-27.0.0-Release.Candidate.app/Contents/Developer/Platforms/WatchOS.platform/Developer/SDKs/WatchOS27.0.sdk -o /Users/admin/builder/spi-builder-workspace/.derivedData/SDKStatCaches.noindex/watchos27.0-24R360-e829b21a6f8c9b70876ba0858053c04477534ef55a1706bf4c1112bbb242f0a2.sdkstatcache
SwiftDriver ArgumentParser normal arm64 com.apple.xcode.tools.swift.compiler (in target 'ArgumentParser' from project 'swift-argument-parser')
cd /Users/admin/builder/spi-builder-workspace/.swiftpm/xcode
builtin-SwiftDriver -- /Applications/Xcode-27.0.0-Release.Candidate.app/Contents/Developer/Toolchains/XcodeDefault.xctoolchain/usr/bin/swiftc -parse-as-library -module-name ArgumentParser -Onone @/Users/admin/builder/spi-builder-workspace/.derivedData/Build/Intermediates.noindex/swift-argument-parser.build/Debug-watchos/ArgumentParser-t.build/Objects-normal/arm64/ArgumentParser.SwiftFileList -DSWIFT_PACKAGE -DDEBUG -DSWIFT_MODULE_RESOURCE_BUNDLE_UNAVAILABLE -DXcode -plugin-path /Applications/Xcode-27.0.0-Release.Candidate.app/Contents/Developer/Toolchains/XcodeDefault.xctoolchain/usr/lib/swift/host/plugins/testing -enable-experimental-feature DebugDescriptionMacro -sdk /Applications/Xcode-27.0.0-Release.Candidate.app/Contents/Developer/Platforms/WatchOS.platform/Developer/SDKs/WatchOS27.0.sdk -target arm64-apple-watchos9.0 -g -module-cache-path /Users/admin/builder/spi-builder-workspace/.derivedData/ModuleCache.noindex -Xfrontend -serialize-debugging-options -profile-coverage-mapping -profile-generate -enable-testing -suppress-warnings -index-store-path /Users/admin/builder/spi-builder-workspace/.derivedData/Index.noindex/DataStore -Xcc -D_LIBCPP_HARDENING_MODE\=_LIBCPP_HARDENING_MODE_DEBUG -swift-version 6 -I /Users/admin/builder/spi-builder-workspace/.derivedData/Build/Products/Debug-watchos -Isystem /Applications/Xcode-27.0.0-Release.Candidate.app/Contents/Developer/Platforms/WatchOS.platform/Developer/usr/lib -F /Users/admin/builder/spi-builder-workspace/.derivedData/Build/Products/Debug-watchos/PackageFrameworks -F /Users/admin/builder/spi-builder-workspace/.derivedData/Build/Products/Debug-watchos -F /Applications/Xcode-27.0.0-Release.Candidate.app/Contents/Developer/Platforms/WatchOS.platform/Developer/Library/Frameworks -F /Applications/Xcode-27.0.0-Release.Candidate.app/Contents/Developer/Platforms/WatchOS.platform/Developer/SDKs/WatchOS27.0.sdk/Developer/Library/Frameworks -c -j10 -enable-batch-mode -incremental -Xcc -ivfsstatcache -Xcc /Users/admin/builder/spi-builder-workspace/.derivedData/SDKStatCaches.noindex/watchos27.0-24R360-e829b21a6f8c9b70876ba0858053c04477534ef55a1706bf4c1112bbb242f0a2.sdkstatcache -output-file-map /Users/admin/builder/spi-builder-workspace/.derivedData/Build/Intermediates.noindex/swift-argument-parser.build/Debug-watchos/ArgumentParser-t.build/Objects-normal/arm64/ArgumentParser-OutputFileMap.json -save-temps -no-color-diagnostics -explicit-module-build -module-cache-path /Users/admin/builder/spi-builder-workspace/.derivedData/Build/Intermediates.noindex/SwiftExplicitPrecompiledModules -clang-scanner-module-cache-path /Users/admin/builder/spi-builder-workspace/.derivedData/ModuleCache.noindex -sdk-module-cache-path /Users/admin/builder/spi-builder-workspace/.derivedData/SDKExplicitPrecompiledModules -emit-dependencies -emit-module -emit-module-path /Users/admin/builder/spi-builder-workspace/.derivedData/Build/Intermediates.noindex/swift-argument-parser.build/Debug-watchos/ArgumentParser-t.build/Objects-normal/arm64/ArgumentParser.swiftmodule -serialize-diagnostics -dependency-scan-serialize-diagnostics-path /Users/admin/builder/spi-builder-workspace/.derivedData/Build/Intermediates.noindex/swift-argument-parser.build/Debug-watchos/ArgumentParser-t.build/Objects-normal/arm64/ArgumentParser-dependency-scan.dia -user-module-version 1.8.2 -validate-clang-modules-once -clang-build-session-file /Users/admin/builder/spi-builder-workspace/.derivedData/ModuleCache.noindex/Session.modulevalidation -Xcc -fmodules-prune-interval\=86400 -Xcc -fmodules-prune-after\=345600 -package-name swift_argument_parser -emit-const-values -const-gather-protocols-list /Users/admin/builder/spi-builder-workspace/.derivedData/Build/Intermediates.noindex/swift-argument-parser.build/Debug-watchos/ArgumentParser-t.build/Objects-normal/arm64/ArgumentParser_const_extract_protocols.json -Xcc -I/Users/admin/builder/spi-builder-workspace/.derivedData/Build/Products/Debug-watchos/include -Xcc -I/Users/admin/builder/spi-builder-workspace/.derivedData/Build/Intermediates.noindex/swift-argument-parser.build/Debug-watchos/ArgumentParser-t.build/DerivedSources-normal/arm64 -Xcc -I/Users/admin/builder/spi-builder-workspace/.derivedData/Build/Intermediates.noindex/swift-argument-parser.build/Debug-watchos/ArgumentParser-t.build/DerivedSources/arm64 -Xcc -I/Users/admin/builder/spi-builder-workspace/.derivedData/Build/Intermediates.noindex/swift-argument-parser.build/Debug-watchos/ArgumentParser-t.build/DerivedSources -Xcc -DSWIFT_PACKAGE -Xcc -DDEBUG\=1 -emit-objc-header -emit-objc-header-path /Users/admin/builder/spi-builder-workspace/.derivedData/Build/Intermediates.noindex/swift-argument-parser.build/Debug-watchos/ArgumentParser-t.build/Objects-normal/arm64/ArgumentParser-Swift.h -working-directory /Users/admin/builder/spi-builder-workspace/.swiftpm/xcode -experimental-emit-module-separately -disable-cmo
SwiftDriver EvolutionMetadataExtraction normal arm64_32 com.apple.xcode.tools.swift.compiler (in target 'EvolutionMetadataExtraction' from project 'swift-evolution-metadata-extractor')
cd /Users/admin/builder/spi-builder-workspace/.swiftpm/xcode
builtin-SwiftDriver -- /Applications/Xcode-27.0.0-Release.Candidate.app/Contents/Developer/Toolchains/XcodeDefault.xctoolchain/usr/bin/swiftc -parse-as-library -module-name EvolutionMetadataExtraction -Onone @/Users/admin/builder/spi-builder-workspace/.derivedData/Build/Intermediates.noindex/swift-evolution-metadata-extractor.build/Debug-watchos/EvolutionMetadataExtraction-t.build/Objects-normal/arm64_32/EvolutionMetadataExtraction.SwiftFileList -DSWIFT_PACKAGE -DDEBUG -DSWIFT_MODULE_RESOURCE_BUNDLE_UNAVAILABLE -Xcc -fmodule-map-file\=/Users/admin/builder/spi-builder-workspace/.dependencies/checkouts/swift-cmark/src/include/module.modulemap -Xcc -fmodule-map-file\=/Users/admin/builder/spi-builder-workspace/.dependencies/checkouts/swift-cmark/extensions/include/module.modulemap -Xcc -fmodule-map-file\=/Users/admin/builder/spi-builder-workspace/.dependencies/checkouts/swift-markdown/Sources/CAtomic/include/module.modulemap -DXcode -enable-upcoming-feature ExistentialAny -plugin-path /Applications/Xcode-27.0.0-Release.Candidate.app/Contents/Developer/Toolchains/XcodeDefault.xctoolchain/usr/lib/swift/host/plugins/testing -enable-experimental-feature DebugDescriptionMacro -sdk /Applications/Xcode-27.0.0-Release.Candidate.app/Contents/Developer/Platforms/WatchOS.platform/Developer/SDKs/WatchOS27.0.sdk -target arm64_32-apple-watchos9.0 -g -module-cache-path /Users/admin/builder/spi-builder-workspace/.derivedData/ModuleCache.noindex -Xfrontend -serialize-debugging-options -profile-coverage-mapping -profile-generate -enable-testing -index-store-path /Users/admin/builder/spi-builder-workspace/.derivedData/Index.noindex/DataStore -Xcc -D_LIBCPP_HARDENING_MODE\=_LIBCPP_HARDENING_MODE_DEBUG -swift-version 6 -I /Users/admin/builder/spi-builder-workspace/.derivedData/Build/Products/Debug-watchos -Isystem /Applications/Xcode-27.0.0-Release.Candidate.app/Contents/Developer/Platforms/WatchOS.platform/Developer/usr/lib -F /Users/admin/builder/spi-builder-workspace/.derivedData/Build/Products/Debug-watchos/PackageFrameworks -F /Users/admin/builder/spi-builder-workspace/.derivedData/Build/Products/Debug-watchos -F /Applications/Xcode-27.0.0-Release.Candidate.app/Contents/Developer/Platforms/WatchOS.platform/Developer/Library/Frameworks -F /Applications/Xcode-27.0.0-Release.Candidate.app/Contents/Developer/Platforms/WatchOS.platform/Developer/SDKs/WatchOS27.0.sdk/Developer/Library/Frameworks -c -j10 -enable-batch-mode -incremental -Xcc -ivfsstatcache -Xcc /Users/admin/builder/spi-builder-workspace/.derivedData/SDKStatCaches.noindex/watchos27.0-24R360-e829b21a6f8c9b70876ba0858053c04477534ef55a1706bf4c1112bbb242f0a2.sdkstatcache -output-file-map /Users/admin/builder/spi-builder-workspace/.derivedData/Build/Intermediates.noindex/swift-evolution-metadata-extractor.build/Debug-watchos/EvolutionMetadataExtraction-t.build/Objects-normal/arm64_32/EvolutionMetadataExtraction-OutputFileMap.json -save-temps -no-color-diagnostics -explicit-module-build -module-cache-path /Users/admin/builder/spi-builder-workspace/.derivedData/Build/Intermediates.noindex/SwiftExplicitPrecompiledModules -clang-scanner-module-cache-path /Users/admin/builder/spi-builder-workspace/.derivedData/ModuleCache.noindex -sdk-module-cache-path /Users/admin/builder/spi-builder-workspace/.derivedData/SDKExplicitPrecompiledModules -emit-dependencies -emit-module -emit-module-path /Users/admin/builder/spi-builder-workspace/.derivedData/Build/Intermediates.noindex/swift-evolution-metadata-extractor.build/Debug-watchos/EvolutionMetadataExtraction-t.build/Objects-normal/arm64_32/EvolutionMetadataExtraction.swiftmodule -serialize-diagnostics -dependency-scan-serialize-diagnostics-path /Users/admin/builder/spi-builder-workspace/.derivedData/Build/Intermediates.noindex/swift-evolution-metadata-extractor.build/Debug-watchos/EvolutionMetadataExtraction-t.build/Objects-normal/arm64_32/EvolutionMetadataExtraction-dependency-scan.dia -validate-clang-modules-once -clang-build-session-file /Users/admin/builder/spi-builder-workspace/.derivedData/ModuleCache.noindex/Session.modulevalidation -Xcc -fmodules-prune-interval\=86400 -Xcc -fmodules-prune-after\=345600 -package-name spi_builder_workspace -emit-const-values -const-gather-protocols-list /Users/admin/builder/spi-builder-workspace/.derivedData/Build/Intermediates.noindex/swift-evolution-metadata-extractor.build/Debug-watchos/EvolutionMetadataExtraction-t.build/Objects-normal/arm64_32/EvolutionMetadataExtraction_const_extract_protocols.json -Xcc -I/Users/admin/builder/spi-builder-workspace/.dependencies/checkouts/swift-cmark/src/include -Xcc -I/Users/admin/builder/spi-builder-workspace/.dependencies/checkouts/swift-cmark/extensions/include -Xcc -I/Users/admin/builder/spi-builder-workspace/.dependencies/checkouts/swift-markdown/Sources/CAtomic/include -Xcc -I/Users/admin/builder/spi-builder-workspace/.derivedData/Build/Products/Debug-watchos/include -Xcc -I/Users/admin/builder/spi-builder-workspace/.derivedData/Build/Intermediates.noindex/swift-evolution-metadata-extractor.build/Debug-watchos/EvolutionMetadataExtraction-t.build/DerivedSources-normal/arm64_32 -Xcc -I/Users/admin/builder/spi-builder-workspace/.derivedData/Build/Intermediates.noindex/swift-evolution-metadata-extractor.build/Debug-watchos/EvolutionMetadataExtraction-t.build/DerivedSources/arm64_32 -Xcc -I/Users/admin/builder/spi-builder-workspace/.derivedData/Build/Intermediates.noindex/swift-evolution-metadata-extractor.build/Debug-watchos/EvolutionMetadataExtraction-t.build/DerivedSources -Xcc -DSWIFT_PACKAGE -Xcc -DDEBUG\=1 -emit-objc-header -emit-objc-header-path /Users/admin/builder/spi-builder-workspace/.derivedData/Build/Intermediates.noindex/swift-evolution-metadata-extractor.build/Debug-watchos/EvolutionMetadataExtraction-t.build/Objects-normal/arm64_32/EvolutionMetadataExtraction-Swift.h -working-directory /Users/admin/builder/spi-builder-workspace/.swiftpm/xcode -experimental-emit-module-separately -disable-cmo
SwiftDriver EvolutionMetadataExtraction normal arm64 com.apple.xcode.tools.swift.compiler (in target 'EvolutionMetadataExtraction' from project 'swift-evolution-metadata-extractor')
cd /Users/admin/builder/spi-builder-workspace/.swiftpm/xcode
builtin-SwiftDriver -- /Applications/Xcode-27.0.0-Release.Candidate.app/Contents/Developer/Toolchains/XcodeDefault.xctoolchain/usr/bin/swiftc -parse-as-library -module-name EvolutionMetadataExtraction -Onone @/Users/admin/builder/spi-builder-workspace/.derivedData/Build/Intermediates.noindex/swift-evolution-metadata-extractor.build/Debug-watchos/EvolutionMetadataExtraction-t.build/Objects-normal/arm64/EvolutionMetadataExtraction.SwiftFileList -DSWIFT_PACKAGE -DDEBUG -DSWIFT_MODULE_RESOURCE_BUNDLE_UNAVAILABLE -Xcc -fmodule-map-file\=/Users/admin/builder/spi-builder-workspace/.dependencies/checkouts/swift-cmark/src/include/module.modulemap -Xcc -fmodule-map-file\=/Users/admin/builder/spi-builder-workspace/.dependencies/checkouts/swift-cmark/extensions/include/module.modulemap -Xcc -fmodule-map-file\=/Users/admin/builder/spi-builder-workspace/.dependencies/checkouts/swift-markdown/Sources/CAtomic/include/module.modulemap -DXcode -enable-upcoming-feature ExistentialAny -plugin-path /Applications/Xcode-27.0.0-Release.Candidate.app/Contents/Developer/Toolchains/XcodeDefault.xctoolchain/usr/lib/swift/host/plugins/testing -enable-experimental-feature DebugDescriptionMacro -sdk /Applications/Xcode-27.0.0-Release.Candidate.app/Contents/Developer/Platforms/WatchOS.platform/Developer/SDKs/WatchOS27.0.sdk -target arm64-apple-watchos9.0 -g -module-cache-path /Users/admin/builder/spi-builder-workspace/.derivedData/ModuleCache.noindex -Xfrontend -serialize-debugging-options -profile-coverage-mapping -profile-generate -enable-testing -index-store-path /Users/admin/builder/spi-builder-workspace/.derivedData/Index.noindex/DataStore -Xcc -D_LIBCPP_HARDENING_MODE\=_LIBCPP_HARDENING_MODE_DEBUG -swift-version 6 -I /Users/admin/builder/spi-builder-workspace/.derivedData/Build/Products/Debug-watchos -Isystem /Applications/Xcode-27.0.0-Release.Candidate.app/Contents/Developer/Platforms/WatchOS.platform/Developer/usr/lib -F /Users/admin/builder/spi-builder-workspace/.derivedData/Build/Products/Debug-watchos/PackageFrameworks -F /Users/admin/builder/spi-builder-workspace/.derivedData/Build/Products/Debug-watchos -F /Applications/Xcode-27.0.0-Release.Candidate.app/Contents/Developer/Platforms/WatchOS.platform/Developer/Library/Frameworks -F /Applications/Xcode-27.0.0-Release.Candidate.app/Contents/Developer/Platforms/WatchOS.platform/Developer/SDKs/WatchOS27.0.sdk/Developer/Library/Frameworks -c -j10 -enable-batch-mode -incremental -Xcc -ivfsstatcache -Xcc /Users/admin/builder/spi-builder-workspace/.derivedData/SDKStatCaches.noindex/watchos27.0-24R360-e829b21a6f8c9b70876ba0858053c04477534ef55a1706bf4c1112bbb242f0a2.sdkstatcache -output-file-map /Users/admin/builder/spi-builder-workspace/.derivedData/Build/Intermediates.noindex/swift-evolution-metadata-extractor.build/Debug-watchos/EvolutionMetadataExtraction-t.build/Objects-normal/arm64/EvolutionMetadataExtraction-OutputFileMap.json -save-temps -no-color-diagnostics -explicit-module-build -module-cache-path /Users/admin/builder/spi-builder-workspace/.derivedData/Build/Intermediates.noindex/SwiftExplicitPrecompiledModules -clang-scanner-module-cache-path /Users/admin/builder/spi-builder-workspace/.derivedData/ModuleCache.noindex -sdk-module-cache-path /Users/admin/builder/spi-builder-workspace/.derivedData/SDKExplicitPrecompiledModules -emit-dependencies -emit-module -emit-module-path /Users/admin/builder/spi-builder-workspace/.derivedData/Build/Intermediates.noindex/swift-evolution-metadata-extractor.build/Debug-watchos/EvolutionMetadataExtraction-t.build/Objects-normal/arm64/EvolutionMetadataExtraction.swiftmodule -serialize-diagnostics -dependency-scan-serialize-diagnostics-path /Users/admin/builder/spi-builder-workspace/.derivedData/Build/Intermediates.noindex/swift-evolution-metadata-extractor.build/Debug-watchos/EvolutionMetadataExtraction-t.build/Objects-normal/arm64/EvolutionMetadataExtraction-dependency-scan.dia -validate-clang-modules-once -clang-build-session-file /Users/admin/builder/spi-builder-workspace/.derivedData/ModuleCache.noindex/Session.modulevalidation -Xcc -fmodules-prune-interval\=86400 -Xcc -fmodules-prune-after\=345600 -package-name spi_builder_workspace -emit-const-values -const-gather-protocols-list /Users/admin/builder/spi-builder-workspace/.derivedData/Build/Intermediates.noindex/swift-evolution-metadata-extractor.build/Debug-watchos/EvolutionMetadataExtraction-t.build/Objects-normal/arm64/EvolutionMetadataExtraction_const_extract_protocols.json -Xcc -I/Users/admin/builder/spi-builder-workspace/.dependencies/checkouts/swift-cmark/src/include -Xcc -I/Users/admin/builder/spi-builder-workspace/.dependencies/checkouts/swift-cmark/extensions/include -Xcc -I/Users/admin/builder/spi-builder-workspace/.dependencies/checkouts/swift-markdown/Sources/CAtomic/include -Xcc -I/Users/admin/builder/spi-builder-workspace/.derivedData/Build/Products/Debug-watchos/include -Xcc -I/Users/admin/builder/spi-builder-workspace/.derivedData/Build/Intermediates.noindex/swift-evolution-metadata-extractor.build/Debug-watchos/EvolutionMetadataExtraction-t.build/DerivedSources-normal/arm64 -Xcc -I/Users/admin/builder/spi-builder-workspace/.derivedData/Build/Intermediates.noindex/swift-evolution-metadata-extractor.build/Debug-watchos/EvolutionMetadataExtraction-t.build/DerivedSources/arm64 -Xcc -I/Users/admin/builder/spi-builder-workspace/.derivedData/Build/Intermediates.noindex/swift-evolution-metadata-extractor.build/Debug-watchos/EvolutionMetadataExtraction-t.build/DerivedSources -Xcc -DSWIFT_PACKAGE -Xcc -DDEBUG\=1 -emit-objc-header -emit-objc-header-path /Users/admin/builder/spi-builder-workspace/.derivedData/Build/Intermediates.noindex/swift-evolution-metadata-extractor.build/Debug-watchos/EvolutionMetadataExtraction-t.build/Objects-normal/arm64/EvolutionMetadataExtraction-Swift.h -working-directory /Users/admin/builder/spi-builder-workspace/.swiftpm/xcode -experimental-emit-module-separately -disable-cmo
SwiftDriver ArgumentParser normal arm64_32 com.apple.xcode.tools.swift.compiler (in target 'ArgumentParser' from project 'swift-argument-parser')
cd /Users/admin/builder/spi-builder-workspace/.swiftpm/xcode
builtin-SwiftDriver -- /Applications/Xcode-27.0.0-Release.Candidate.app/Contents/Developer/Toolchains/XcodeDefault.xctoolchain/usr/bin/swiftc -parse-as-library -module-name ArgumentParser -Onone @/Users/admin/builder/spi-builder-workspace/.derivedData/Build/Intermediates.noindex/swift-argument-parser.build/Debug-watchos/ArgumentParser-t.build/Objects-normal/arm64_32/ArgumentParser.SwiftFileList -DSWIFT_PACKAGE -DDEBUG -DSWIFT_MODULE_RESOURCE_BUNDLE_UNAVAILABLE -DXcode -plugin-path /Applications/Xcode-27.0.0-Release.Candidate.app/Contents/Developer/Toolchains/XcodeDefault.xctoolchain/usr/lib/swift/host/plugins/testing -enable-experimental-feature DebugDescriptionMacro -sdk /Applications/Xcode-27.0.0-Release.Candidate.app/Contents/Developer/Platforms/WatchOS.platform/Developer/SDKs/WatchOS27.0.sdk -target arm64_32-apple-watchos9.0 -g -module-cache-path /Users/admin/builder/spi-builder-workspace/.derivedData/ModuleCache.noindex -Xfrontend -serialize-debugging-options -profile-coverage-mapping -profile-generate -enable-testing -suppress-warnings -index-store-path /Users/admin/builder/spi-builder-workspace/.derivedData/Index.noindex/DataStore -Xcc -D_LIBCPP_HARDENING_MODE\=_LIBCPP_HARDENING_MODE_DEBUG -swift-version 6 -I /Users/admin/builder/spi-builder-workspace/.derivedData/Build/Products/Debug-watchos -Isystem /Applications/Xcode-27.0.0-Release.Candidate.app/Contents/Developer/Platforms/WatchOS.platform/Developer/usr/lib -F /Users/admin/builder/spi-builder-workspace/.derivedData/Build/Products/Debug-watchos/PackageFrameworks -F /Users/admin/builder/spi-builder-workspace/.derivedData/Build/Products/Debug-watchos -F /Applications/Xcode-27.0.0-Release.Candidate.app/Contents/Developer/Platforms/WatchOS.platform/Developer/Library/Frameworks -F /Applications/Xcode-27.0.0-Release.Candidate.app/Contents/Developer/Platforms/WatchOS.platform/Developer/SDKs/WatchOS27.0.sdk/Developer/Library/Frameworks -c -j10 -enable-batch-mode -incremental -Xcc -ivfsstatcache -Xcc /Users/admin/builder/spi-builder-workspace/.derivedData/SDKStatCaches.noindex/watchos27.0-24R360-e829b21a6f8c9b70876ba0858053c04477534ef55a1706bf4c1112bbb242f0a2.sdkstatcache -output-file-map /Users/admin/builder/spi-builder-workspace/.derivedData/Build/Intermediates.noindex/swift-argument-parser.build/Debug-watchos/ArgumentParser-t.build/Objects-normal/arm64_32/ArgumentParser-OutputFileMap.json -save-temps -no-color-diagnostics -explicit-module-build -module-cache-path /Users/admin/builder/spi-builder-workspace/.derivedData/Build/Intermediates.noindex/SwiftExplicitPrecompiledModules -clang-scanner-module-cache-path /Users/admin/builder/spi-builder-workspace/.derivedData/ModuleCache.noindex -sdk-module-cache-path /Users/admin/builder/spi-builder-workspace/.derivedData/SDKExplicitPrecompiledModules -emit-dependencies -emit-module -emit-module-path /Users/admin/builder/spi-builder-workspace/.derivedData/Build/Intermediates.noindex/swift-argument-parser.build/Debug-watchos/ArgumentParser-t.build/Objects-normal/arm64_32/ArgumentParser.swiftmodule -serialize-diagnostics -dependency-scan-serialize-diagnostics-path /Users/admin/builder/spi-builder-workspace/.derivedData/Build/Intermediates.noindex/swift-argument-parser.build/Debug-watchos/ArgumentParser-t.build/Objects-normal/arm64_32/ArgumentParser-dependency-scan.dia -user-module-version 1.8.2 -validate-clang-modules-once -clang-build-session-file /Users/admin/builder/spi-builder-workspace/.derivedData/ModuleCache.noindex/Session.modulevalidation -Xcc -fmodules-prune-interval\=86400 -Xcc -fmodules-prune-after\=345600 -package-name swift_argument_parser -emit-const-values -const-gather-protocols-list /Users/admin/builder/spi-builder-workspace/.derivedData/Build/Intermediates.noindex/swift-argument-parser.build/Debug-watchos/ArgumentParser-t.build/Objects-normal/arm64_32/ArgumentParser_const_extract_protocols.json -Xcc -I/Users/admin/builder/spi-builder-workspace/.derivedData/Build/Products/Debug-watchos/include -Xcc -I/Users/admin/builder/spi-builder-workspace/.derivedData/Build/Intermediates.noindex/swift-argument-parser.build/Debug-watchos/ArgumentParser-t.build/DerivedSources-normal/arm64_32 -Xcc -I/Users/admin/builder/spi-builder-workspace/.derivedData/Build/Intermediates.noindex/swift-argument-parser.build/Debug-watchos/ArgumentParser-t.build/DerivedSources/arm64_32 -Xcc -I/Users/admin/builder/spi-builder-workspace/.derivedData/Build/Intermediates.noindex/swift-argument-parser.build/Debug-watchos/ArgumentParser-t.build/DerivedSources -Xcc -DSWIFT_PACKAGE -Xcc -DDEBUG\=1 -emit-objc-header -emit-objc-header-path /Users/admin/builder/spi-builder-workspace/.derivedData/Build/Intermediates.noindex/swift-argument-parser.build/Debug-watchos/ArgumentParser-t.build/Objects-normal/arm64_32/ArgumentParser-Swift.h -working-directory /Users/admin/builder/spi-builder-workspace/.swiftpm/xcode -experimental-emit-module-separately -disable-cmo
SwiftEmitModule normal arm64_32 Emitting\ module\ for\ EvolutionMetadataExtraction (in target 'EvolutionMetadataExtraction' from project 'swift-evolution-metadata-extractor')
SwiftCompile normal arm64_32 (in target 'EvolutionMetadataExtraction' from project 'swift-evolution-metadata-extractor')
cd /Users/admin/builder/spi-builder-workspace/.swiftpm/xcode
/Users/admin/builder/spi-builder-workspace/Sources/EvolutionMetadataExtraction/Utilities/FoundationExtensions.swift:58:29: error: cannot find 'kCFNetworkProxiesHTTPEnable' in scope
56 | let httpProxy = environment[["http_proxy", "HTTP_PROXY"]]
57 | if let httpProxy, let url = URL(string: httpProxy.value), let host = url.host, let port = url.port {
58 | proxyDictionary[kCFNetworkProxiesHTTPEnable] = true
| `- error: cannot find 'kCFNetworkProxiesHTTPEnable' in scope
59 | proxyDictionary[kCFNetworkProxiesHTTPProxy] = host
60 | proxyDictionary[kCFNetworkProxiesHTTPPort] = port
/Users/admin/builder/spi-builder-workspace/Sources/EvolutionMetadataExtraction/Utilities/FoundationExtensions.swift:59:29: error: cannot find 'kCFNetworkProxiesHTTPProxy' in scope
57 | if let httpProxy, let url = URL(string: httpProxy.value), let host = url.host, let port = url.port {
58 | proxyDictionary[kCFNetworkProxiesHTTPEnable] = true
59 | proxyDictionary[kCFNetworkProxiesHTTPProxy] = host
| `- error: cannot find 'kCFNetworkProxiesHTTPProxy' in scope
60 | proxyDictionary[kCFNetworkProxiesHTTPPort] = port
61 | } else if let httpProxy {
/Users/admin/builder/spi-builder-workspace/Sources/EvolutionMetadataExtraction/Utilities/FoundationExtensions.swift:60:29: error: cannot find 'kCFNetworkProxiesHTTPPort' in scope
58 | proxyDictionary[kCFNetworkProxiesHTTPEnable] = true
59 | proxyDictionary[kCFNetworkProxiesHTTPProxy] = host
60 | proxyDictionary[kCFNetworkProxiesHTTPPort] = port
| `- error: cannot find 'kCFNetworkProxiesHTTPPort' in scope
61 | } else if let httpProxy {
62 | print("WARNING: Environment variable '\(httpProxy.key)' value '\(httpProxy.value)' does not contain a valid host and port\n")
/Users/admin/builder/spi-builder-workspace/Sources/EvolutionMetadataExtraction/Utilities/FoundationExtensions.swift:67:29: error: cannot find 'kCFNetworkProxiesHTTPSEnable' in scope
65 | let httpsProxy = environment[["https_proxy", "HTTPS_PROXY"]]
66 | if let httpsProxy, let url = URL(string: httpsProxy.value), let host = url.host, let port = url.port {
67 | proxyDictionary[kCFNetworkProxiesHTTPSEnable] = true
| `- error: cannot find 'kCFNetworkProxiesHTTPSEnable' in scope
68 | proxyDictionary[kCFNetworkProxiesHTTPSProxy] = host
69 | proxyDictionary[kCFNetworkProxiesHTTPSPort] = port
/Users/admin/builder/spi-builder-workspace/Sources/EvolutionMetadataExtraction/Utilities/FoundationExtensions.swift:68:29: error: cannot find 'kCFNetworkProxiesHTTPSProxy' in scope
66 | if let httpsProxy, let url = URL(string: httpsProxy.value), let host = url.host, let port = url.port {
67 | proxyDictionary[kCFNetworkProxiesHTTPSEnable] = true
68 | proxyDictionary[kCFNetworkProxiesHTTPSProxy] = host
| `- error: cannot find 'kCFNetworkProxiesHTTPSProxy' in scope
69 | proxyDictionary[kCFNetworkProxiesHTTPSPort] = port
70 | } else if let httpsProxy {
/Users/admin/builder/spi-builder-workspace/Sources/EvolutionMetadataExtraction/Utilities/FoundationExtensions.swift:69:29: error: cannot find 'kCFNetworkProxiesHTTPSPort' in scope
67 | proxyDictionary[kCFNetworkProxiesHTTPSEnable] = true
68 | proxyDictionary[kCFNetworkProxiesHTTPSProxy] = host
69 | proxyDictionary[kCFNetworkProxiesHTTPSPort] = port
| `- error: cannot find 'kCFNetworkProxiesHTTPSPort' in scope
70 | } else if let httpsProxy {
71 | print("WARNING: Environment variable '\(httpsProxy.key)' value '\(httpsProxy.value)' does not contain a valid host and port\n")
/Users/admin/builder/spi-builder-workspace/Sources/EvolutionMetadataExtraction/Utilities/Project.swift:30:36: error: 'RangeSet' is only available in watchOS 11.0 or newer
16 | Represents a software project with its own set of evolution proposals.
17 | */
18 | public final class Project: Sendable {
| `- note: add '@available' attribute to enclosing class
19 | let name: String
20 | let organization: String
:
28 | let mainBranchEndpoint: URL
29 | let proposalListingEndpoint: URL
30 | let validationExemptions: [Int:RangeSet<Int>]
| `- error: 'RangeSet' is only available in watchOS 11.0 or newer
31 |
32 | private init(name: String, organization: String, repository: String, path: String, proposalPrefix: String, proposalRegex: Regex<Substring>, previousResultsURL: URL?, defaultOutputFilename: String, validationExemptions: [Int:RangeSet<Int>]) {
SwiftCompile normal arm64_32 Compiling\ DiscussionExtractor.swift,\ HeaderFieldExtractor.swift,\ ImplementationExtractor.swift /Users/admin/builder/spi-builder-workspace/Sources/EvolutionMetadataExtraction/Extractors/FieldExtractors/DiscussionExtractor.swift /Users/admin/builder/spi-builder-workspace/Sources/EvolutionMetadataExtraction/Extractors/FieldExtractors/HeaderFieldExtractor.swift /Users/admin/builder/spi-builder-workspace/Sources/EvolutionMetadataExtraction/Extractors/FieldExtractors/ImplementationExtractor.swift (in target 'EvolutionMetadataExtraction' from project 'swift-evolution-metadata-extractor')
SwiftCompile normal arm64_32 /Users/admin/builder/spi-builder-workspace/Sources/EvolutionMetadataExtraction/Extractors/FieldExtractors/DiscussionExtractor.swift (in target 'EvolutionMetadataExtraction' from project 'swift-evolution-metadata-extractor')
cd /Users/admin/builder/spi-builder-workspace/.swiftpm/xcode
builtin-SwiftPerFileCompile DiscussionExtractor.swift
SwiftCompile normal arm64_32 /Users/admin/builder/spi-builder-workspace/Sources/EvolutionMetadataExtraction/Extractors/FieldExtractors/HeaderFieldExtractor.swift (in target 'EvolutionMetadataExtraction' from project 'swift-evolution-metadata-extractor')
cd /Users/admin/builder/spi-builder-workspace/.swiftpm/xcode
builtin-SwiftPerFileCompile HeaderFieldExtractor.swift
SwiftCompile normal arm64_32 /Users/admin/builder/spi-builder-workspace/Sources/EvolutionMetadataExtraction/Extractors/FieldExtractors/ImplementationExtractor.swift (in target 'EvolutionMetadataExtraction' from project 'swift-evolution-metadata-extractor')
cd /Users/admin/builder/spi-builder-workspace/.swiftpm/xcode
builtin-SwiftPerFileCompile ImplementationExtractor.swift
SwiftCompile normal arm64_32 Compiling\ PersonExtractor.swift,\ PreviousProposalExtractor.swift /Users/admin/builder/spi-builder-workspace/Sources/EvolutionMetadataExtraction/Extractors/FieldExtractors/PersonExtractor.swift /Users/admin/builder/spi-builder-workspace/Sources/EvolutionMetadataExtraction/Extractors/FieldExtractors/PreviousProposalExtractor.swift (in target 'EvolutionMetadataExtraction' from project 'swift-evolution-metadata-extractor')
SwiftCompile normal arm64_32 /Users/admin/builder/spi-builder-workspace/Sources/EvolutionMetadataExtraction/Extractors/FieldExtractors/PersonExtractor.swift (in target 'EvolutionMetadataExtraction' from project 'swift-evolution-metadata-extractor')
cd /Users/admin/builder/spi-builder-workspace/.swiftpm/xcode
builtin-SwiftPerFileCompile PersonExtractor.swift
SwiftCompile normal arm64_32 /Users/admin/builder/spi-builder-workspace/Sources/EvolutionMetadataExtraction/Extractors/FieldExtractors/PreviousProposalExtractor.swift (in target 'EvolutionMetadataExtraction' from project 'swift-evolution-metadata-extractor')
cd /Users/admin/builder/spi-builder-workspace/.swiftpm/xcode
builtin-SwiftPerFileCompile PreviousProposalExtractor.swift
SwiftCompile normal arm64_32 Compiling\ CommandLineSupport.swift,\ ExtractionJob.swift,\ EvolutionMetadataExtractor.swift /Users/admin/builder/spi-builder-workspace/Sources/EvolutionMetadataExtraction/CommandLineSupport.swift /Users/admin/builder/spi-builder-workspace/Sources/EvolutionMetadataExtraction/ExtractionJob.swift /Users/admin/builder/spi-builder-workspace/Sources/EvolutionMetadataExtraction/Extractors/EvolutionMetadataExtractor.swift (in target 'EvolutionMetadataExtraction' from project 'swift-evolution-metadata-extractor')
SwiftCompile normal arm64_32 /Users/admin/builder/spi-builder-workspace/Sources/EvolutionMetadataExtraction/CommandLineSupport.swift (in target 'EvolutionMetadataExtraction' from project 'swift-evolution-metadata-extractor')
cd /Users/admin/builder/spi-builder-workspace/.swiftpm/xcode
builtin-SwiftPerFileCompile CommandLineSupport.swift
SwiftCompile normal arm64_32 /Users/admin/builder/spi-builder-workspace/Sources/EvolutionMetadataExtraction/ExtractionJob.swift (in target 'EvolutionMetadataExtraction' from project 'swift-evolution-metadata-extractor')
cd /Users/admin/builder/spi-builder-workspace/.swiftpm/xcode
builtin-SwiftPerFileCompile ExtractionJob.swift
SwiftCompile normal arm64_32 /Users/admin/builder/spi-builder-workspace/Sources/EvolutionMetadataExtraction/Extractors/EvolutionMetadataExtractor.swift (in target 'EvolutionMetadataExtraction' from project 'swift-evolution-metadata-extractor')
cd /Users/admin/builder/spi-builder-workspace/.swiftpm/xcode
builtin-SwiftPerFileCompile EvolutionMetadataExtractor.swift
SwiftCompile normal arm64_32 Compiling\ FoundationExtensions.swift,\ ModelExtensions.swift /Users/admin/builder/spi-builder-workspace/Sources/EvolutionMetadataExtraction/Utilities/FoundationExtensions.swift /Users/admin/builder/spi-builder-workspace/Sources/EvolutionMetadataExtraction/Utilities/ModelExtensions.swift (in target 'EvolutionMetadataExtraction' from project 'swift-evolution-metadata-extractor')
/Users/admin/builder/spi-builder-workspace/Sources/EvolutionMetadataExtraction/Utilities/FoundationExtensions.swift:58:29: error: cannot find 'kCFNetworkProxiesHTTPEnable' in scope
56 | let httpProxy = environment[["http_proxy", "HTTP_PROXY"]]
57 | if let httpProxy, let url = URL(string: httpProxy.value), let host = url.host, let port = url.port {
58 | proxyDictionary[kCFNetworkProxiesHTTPEnable] = true
| `- error: cannot find 'kCFNetworkProxiesHTTPEnable' in scope
59 | proxyDictionary[kCFNetworkProxiesHTTPProxy] = host
60 | proxyDictionary[kCFNetworkProxiesHTTPPort] = port
/Users/admin/builder/spi-builder-workspace/Sources/EvolutionMetadataExtraction/Utilities/FoundationExtensions.swift:59:29: error: cannot find 'kCFNetworkProxiesHTTPProxy' in scope
57 | if let httpProxy, let url = URL(string: httpProxy.value), let host = url.host, let port = url.port {
58 | proxyDictionary[kCFNetworkProxiesHTTPEnable] = true
59 | proxyDictionary[kCFNetworkProxiesHTTPProxy] = host
| `- error: cannot find 'kCFNetworkProxiesHTTPProxy' in scope
60 | proxyDictionary[kCFNetworkProxiesHTTPPort] = port
61 | } else if let httpProxy {
/Users/admin/builder/spi-builder-workspace/Sources/EvolutionMetadataExtraction/Utilities/FoundationExtensions.swift:60:29: error: cannot find 'kCFNetworkProxiesHTTPPort' in scope
58 | proxyDictionary[kCFNetworkProxiesHTTPEnable] = true
59 | proxyDictionary[kCFNetworkProxiesHTTPProxy] = host
60 | proxyDictionary[kCFNetworkProxiesHTTPPort] = port
| `- error: cannot find 'kCFNetworkProxiesHTTPPort' in scope
61 | } else if let httpProxy {
62 | print("WARNING: Environment variable '\(httpProxy.key)' value '\(httpProxy.value)' does not contain a valid host and port\n")
/Users/admin/builder/spi-builder-workspace/Sources/EvolutionMetadataExtraction/Utilities/FoundationExtensions.swift:67:29: error: cannot find 'kCFNetworkProxiesHTTPSEnable' in scope
65 | let httpsProxy = environment[["https_proxy", "HTTPS_PROXY"]]
66 | if let httpsProxy, let url = URL(string: httpsProxy.value), let host = url.host, let port = url.port {
67 | proxyDictionary[kCFNetworkProxiesHTTPSEnable] = true
| `- error: cannot find 'kCFNetworkProxiesHTTPSEnable' in scope
68 | proxyDictionary[kCFNetworkProxiesHTTPSProxy] = host
69 | proxyDictionary[kCFNetworkProxiesHTTPSPort] = port
/Users/admin/builder/spi-builder-workspace/Sources/EvolutionMetadataExtraction/Utilities/FoundationExtensions.swift:68:29: error: cannot find 'kCFNetworkProxiesHTTPSProxy' in scope
66 | if let httpsProxy, let url = URL(string: httpsProxy.value), let host = url.host, let port = url.port {
67 | proxyDictionary[kCFNetworkProxiesHTTPSEnable] = true
68 | proxyDictionary[kCFNetworkProxiesHTTPSProxy] = host
| `- error: cannot find 'kCFNetworkProxiesHTTPSProxy' in scope
69 | proxyDictionary[kCFNetworkProxiesHTTPSPort] = port
70 | } else if let httpsProxy {
/Users/admin/builder/spi-builder-workspace/Sources/EvolutionMetadataExtraction/Utilities/FoundationExtensions.swift:69:29: error: cannot find 'kCFNetworkProxiesHTTPSPort' in scope
67 | proxyDictionary[kCFNetworkProxiesHTTPSEnable] = true
68 | proxyDictionary[kCFNetworkProxiesHTTPSProxy] = host
69 | proxyDictionary[kCFNetworkProxiesHTTPSPort] = port
| `- error: cannot find 'kCFNetworkProxiesHTTPSPort' in scope
70 | } else if let httpsProxy {
71 | print("WARNING: Environment variable '\(httpsProxy.key)' value '\(httpsProxy.value)' does not contain a valid host and port\n")
Failed frontend command:
/Applications/Xcode-27.0.0-Release.Candidate.app/Contents/Developer/Toolchains/XcodeDefault.xctoolchain/usr/bin/swift-frontend -frontend -c /Users/admin/builder/spi-builder-workspace/Sources/EvolutionMetadataExtraction/CommandLineSupport.swift /Users/admin/builder/spi-builder-workspace/Sources/EvolutionMetadataExtraction/ExtractionJob.swift /Users/admin/builder/spi-builder-workspace/Sources/EvolutionMetadataExtraction/Extractors/EvolutionMetadataExtractor.swift /Users/admin/builder/spi-builder-workspace/Sources/EvolutionMetadataExtraction/Extractors/FieldExtractors/DiscussionExtractor.swift /Users/admin/builder/spi-builder-workspace/Sources/EvolutionMetadataExtraction/Extractors/FieldExtractors/HeaderFieldExtractor.swift /Users/admin/builder/spi-builder-workspace/Sources/EvolutionMetadataExtraction/Extractors/FieldExtractors/ImplementationExtractor.swift /Users/admin/builder/spi-builder-workspace/Sources/EvolutionMetadataExtraction/Extractors/FieldExtractors/PersonExtractor.swift /Users/admin/builder/spi-builder-workspace/Sources/EvolutionMetadataExtraction/Extractors/FieldExtractors/PreviousProposalExtractor.swift /Users/admin/builder/spi-builder-workspace/Sources/EvolutionMetadataExtraction/Extractors/FieldExtractors/ProposalLinkExtractor.swift /Users/admin/builder/spi-builder-workspace/Sources/EvolutionMetadataExtraction/Extractors/FieldExtractors/StatusExtractor.swift /Users/admin/builder/spi-builder-workspace/Sources/EvolutionMetadataExtraction/Extractors/FieldExtractors/SummaryExtractor.swift /Users/admin/builder/spi-builder-workspace/Sources/EvolutionMetadataExtraction/Extractors/FieldExtractors/TitleExtractor.swift /Users/admin/builder/spi-builder-workspace/Sources/EvolutionMetadataExtraction/Extractors/FieldExtractors/TrackingBugExtractor.swift /Users/admin/builder/spi-builder-workspace/Sources/EvolutionMetadataExtraction/Extractors/FieldExtractors/UpcomingFeatureFlagExtractor.swift /Users/admin/builder/spi-builder-workspace/Sources/EvolutionMetadataExtraction/Extractors/ProposalMetadataExtractor.swift /Users/admin/builder/spi-builder-workspace/Sources/EvolutionMetadataExtraction/Utilities/FileUtilities.swift -primary-file /Users/admin/builder/spi-builder-workspace/Sources/EvolutionMetadataExtraction/Utilities/FoundationExtensions.swift -primary-file /Users/admin/builder/spi-builder-workspace/Sources/EvolutionMetadataExtraction/Utilities/ModelExtensions.swift /Users/admin/builder/spi-builder-workspace/Sources/EvolutionMetadataExtraction/Utilities/Networking.swift /Users/admin/builder/spi-builder-workspace/Sources/EvolutionMetadataExtraction/Utilities/Project.swift /Users/admin/builder/spi-builder-workspace/Sources/EvolutionMetadataExtraction/Utilities/Snapshot.swift /Users/admin/builder/spi-builder-workspace/Sources/EvolutionMetadataExtraction/Utilities/ValidationIssues.swift -emit-dependencies-path /Users/admin/builder/spi-builder-workspace/.derivedData/Build/Intermediates.noindex/swift-evolution-metadata-extractor.build/Debug-watchos/EvolutionMetadataExtraction-t.build/Objects-normal/arm64_32/FoundationExtensions.d -emit-const-values-path /Users/admin/builder/spi-builder-workspace/.derivedData/Build/Intermediates.noindex/swift-evolution-metadata-extractor.build/Debug-watchos/EvolutionMetadataExtraction-t.build/Objects-normal/arm64_32/FoundationExtensions.swiftconstvalues -emit-reference-dependencies-path /Users/admin/builder/spi-builder-workspace/.derivedData/Build/Intermediates.noindex/swift-evolution-metadata-extractor.build/Debug-watchos/EvolutionMetadataExtraction-t.build/Objects-normal/arm64_32/FoundationExtensions.swiftdeps -serialize-diagnostics-path /Users/admin/builder/spi-builder-workspace/.derivedData/Build/Intermediates.noindex/swift-evolution-metadata-extractor.build/Debug-watchos/EvolutionMetadataExtraction-t.build/Objects-normal/arm64_32/FoundationExtensions.dia -emit-dependencies-path /Users/admin/builder/spi-builder-workspace/.derivedData/Build/Intermediates.noindex/swift-evolution-metadata-extractor.build/Debug-watchos/EvolutionMetadataExtraction-t.build/Objects-normal/arm64_32/ModelExtensions.d -emit-const-values-path /Users/admin/builder/spi-builder-workspace/.derivedData/Build/Intermediates.noindex/swift-evolution-metadata-extractor.build/Debug-watchos/EvolutionMetadataExtraction-t.build/Objects-normal/arm64_32/ModelExtensions.swiftconstvalues -emit-reference-dependencies-path /Users/admin/builder/spi-builder-workspace/.derivedData/Build/Intermediates.noindex/swift-evolution-metadata-extractor.build/Debug-watchos/EvolutionMetadataExtraction-t.build/Objects-normal/arm64_32/ModelExtensions.swiftdeps -serialize-diagnostics-path /Users/admin/builder/spi-builder-workspace/.derivedData/Build/Intermediates.noindex/swift-evolution-metadata-extractor.build/Debug-watchos/EvolutionMetadataExtraction-t.build/Objects-normal/arm64_32/ModelExtensions.dia -target arm64_32-apple-watchos9.0 -disable-cross-import-overlay-search -load-resolved-plugin /Applications/Xcode-27.0.0-Release.Candidate.app/Contents/Developer/Platforms/WatchOS.platform/Developer/usr/lib/swift/host/plugins/libFoundationMacros.dylib\#/Applications/Xcode-27.0.0-Release.Candidate.app/Contents/Developer/Platforms/WatchOS.platform/Developer/usr/bin/swift-plugin-server\#FoundationMacros -load-resolved-plugin /Applications/Xcode-27.0.0-Release.Candidate.app/Contents/Developer/Platforms/WatchOS.platform/Developer/usr/lib/swift/host/plugins/libObservationMacros.dylib\#/Applications/Xcode-27.0.0-Release.Candidate.app/Contents/Developer/Platforms/WatchOS.platform/Developer/usr/bin/swift-plugin-server\#ObservationMacros -load-resolved-plugin /Applications/Xcode-27.0.0-Release.Candidate.app/Contents/Developer/Platforms/WatchOS.platform/Developer/usr/lib/swift/host/plugins/libSwiftMacros.dylib\#/Applications/Xcode-27.0.0-Release.Candidate.app/Contents/Developer/Platforms/WatchOS.platform/Developer/usr/bin/swift-plugin-server\#SwiftMacros -disable-implicit-swift-modules -Xcc -fno-implicit-modules -Xcc -fno-implicit-module-maps -explicit-swift-module-map-file /Users/admin/builder/spi-builder-workspace/.derivedData/Build/Intermediates.noindex/swift-evolution-metadata-extractor.build/Debug-watchos/EvolutionMetadataExtraction-t.build/Objects-normal/arm64_32/EvolutionMetadataExtraction-dependencies-1.json -enable-objc-interop -sdk /Applications/Xcode-27.0.0-Release.Candidate.app/Contents/Developer/Platforms/WatchOS.platform/Developer/SDKs/WatchOS27.0.sdk -I /Users/admin/builder/spi-builder-workspace/.derivedData/Build/Products/Debug-watchos -Isystem /Applications/Xcode-27.0.0-Release.Candidate.app/Contents/Developer/Platforms/WatchOS.platform/Developer/usr/lib -F /Users/admin/builder/spi-builder-workspace/.derivedData/Build/Products/Debug-watchos/PackageFrameworks -F /Users/admin/builder/spi-builder-workspace/.derivedData/Build/Products/Debug-watchos -F /Applications/Xcode-27.0.0-Release.Candidate.app/Contents/Developer/Platforms/WatchOS.platform/Developer/Library/Frameworks -F /Applications/Xcode-27.0.0-Release.Candidate.app/Contents/Developer/Platforms/WatchOS.platform/Developer/SDKs/WatchOS27.0.sdk/Developer/Library/Frameworks -module-cache-path /Users/admin/builder/spi-builder-workspace/.derivedData/Build/Intermediates.noindex/SwiftExplicitPrecompiledModules -no-color-diagnostics -Xcc -fno-color-diagnostics -enable-testing -g -debug-info-format\=dwarf -dwarf-version\=4 -profile-generate -profile-coverage-mapping -swift-version 6 -Onone -D SWIFT_PACKAGE -D DEBUG -D SWIFT_MODULE_RESOURCE_BUNDLE_UNAVAILABLE -D Xcode -serialize-debugging-options -enable-upcoming-feature ExistentialAny -enable-experimental-feature DebugDescriptionMacro -empty-abi-descriptor -validate-clang-modules-once -clang-build-session-file /Users/admin/builder/spi-builder-workspace/.derivedData/ModuleCache.noindex/Session.modulevalidation -Xcc -working-directory -Xcc /Users/admin/builder/spi-builder-workspace/.swiftpm/xcode -enable-anonymous-context-mangled-names -file-compilation-dir /Users/admin/builder/spi-builder-workspace/.swiftpm/xcode -Xcc -fmodule-map-file\=/Users/admin/builder/spi-builder-workspace/.dependencies/checkouts/swift-cmark/src/include/module.modulemap -Xcc -fmodule-map-file\=/Users/admin/builder/spi-builder-workspace/.dependencies/checkouts/swift-cmark/extensions/include/module.modulemap -Xcc -fmodule-map-file\=/Users/admin/builder/spi-builder-workspace/.dependencies/checkouts/swift-markdown/Sources/CAtomic/include/module.modulemap -Xcc -D_LIBCPP_HARDENING_MODE\=_LIBCPP_HARDENING_MODE_DEBUG -Xcc -ivfsstatcache -Xcc /Users/admin/builder/spi-builder-workspace/.derivedData/SDKStatCaches.noindex/watchos27.0-24R360-e829b21a6f8c9b70876ba0858053c04477534ef55a1706bf4c1112bbb242f0a2.sdkstatcache -Xcc -fmodules-prune-interval\=86400 -Xcc -fmodules-prune-after\=345600 -Xcc -I/Users/admin/builder/spi-builder-workspace/.dependencies/checkouts/swift-cmark/src/include -Xcc -I/Users/admin/builder/spi-builder-workspace/.dependencies/checkouts/swift-cmark/extensions/include -Xcc -I/Users/admin/builder/spi-builder-workspace/.dependencies/checkouts/swift-markdown/Sources/CAtomic/include -Xcc -I/Users/admin/builder/spi-builder-workspace/.derivedData/Build/Products/Debug-watchos/include -Xcc -I/Users/admin/builder/spi-builder-workspace/.derivedData/Build/Intermediates.noindex/swift-evolution-metadata-extractor.build/Debug-watchos/EvolutionMetadataExtraction-t.build/DerivedSources-normal/arm64_32 -Xcc -I/Users/admin/builder/spi-builder-workspace/.derivedData/Build/Intermediates.noindex/swift-evolution-metadata-extractor.build/Debug-watchos/EvolutionMetadataExtraction-t.build/DerivedSources/arm64_32 -Xcc -I/Users/admin/builder/spi-builder-workspace/.derivedData/Build/Intermediates.noindex/swift-evolution-metadata-extractor.build/Debug-watchos/EvolutionMetadataExtraction-t.build/DerivedSources -Xcc -DSWIFT_PACKAGE -Xcc -DDEBUG\=1 -no-auto-bridging-header-chaining -module-name EvolutionMetadataExtraction -package-name spi_builder_workspace -const-gather-protocols-file /Users/admin/builder/spi-builder-workspace/.derivedData/Build/Intermediates.noindex/swift-evolution-metadata-extractor.build/Debug-watchos/EvolutionMetadataExtraction-t.build/Objects-normal/arm64_32/EvolutionMetadataExtraction_const_extract_protocols.json -disable-clang-spi -clang-target arm64_32-apple-watchos27.0 -target-sdk-version 27.0 -target-sdk-name watchos27.0 -in-process-plugin-server-path /Applications/Xcode-27.0.0-Release.Candidate.app/Contents/Developer/Toolchains/XcodeDefault.xctoolchain/usr/lib/swift/host/libSwiftInProcPluginServer.dylib -parse-as-library -o /Users/admin/builder/spi-builder-workspace/.derivedData/Build/Intermediates.noindex/swift-evolution-metadata-extractor.build/Debug-watchos/EvolutionMetadataExtraction-t.build/Objects-normal/arm64_32/FoundationExtensions.o -o /Users/admin/builder/spi-builder-workspace/.derivedData/Build/Intermediates.noindex/swift-evolution-metadata-extractor.build/Debug-watchos/EvolutionMetadataExtraction-t.build/Objects-normal/arm64_32/ModelExtensions.o -debug-module-path /Users/admin/builder/spi-builder-workspace/.derivedData/Build/Intermediates.noindex/swift-evolution-metadata-extractor.build/Debug-watchos/EvolutionMetadataExtraction-t.build/Objects-normal/arm64_32/EvolutionMetadataExtraction.swiftmodule -index-unit-output-path /swift-evolution-metadata-extractor.build/Debug-watchos/EvolutionMetadataExtraction-t.build/Objects-normal/arm64_32/FoundationExtensions.o -index-unit-output-path /swift-evolution-metadata-extractor.build/Debug-watchos/EvolutionMetadataExtraction-t.build/Objects-normal/arm64_32/ModelExtensions.o -index-store-path /Users/admin/builder/spi-builder-workspace/.derivedData/Index.noindex/DataStore -index-system-modules
SwiftCompile normal arm64_32 /Users/admin/builder/spi-builder-workspace/Sources/EvolutionMetadataExtraction/Utilities/FoundationExtensions.swift (in target 'EvolutionMetadataExtraction' from project 'swift-evolution-metadata-extractor')
cd /Users/admin/builder/spi-builder-workspace/.swiftpm/xcode
builtin-SwiftPerFileCompile FoundationExtensions.swift
SwiftCompile normal arm64_32 /Users/admin/builder/spi-builder-workspace/Sources/EvolutionMetadataExtraction/Utilities/ModelExtensions.swift (in target 'EvolutionMetadataExtraction' from project 'swift-evolution-metadata-extractor')
cd /Users/admin/builder/spi-builder-workspace/.swiftpm/xcode
builtin-SwiftPerFileCompile ModelExtensions.swift
SwiftCompile normal arm64 Compiling\ CommandLineSupport.swift,\ ExtractionJob.swift,\ EvolutionMetadataExtractor.swift /Users/admin/builder/spi-builder-workspace/Sources/EvolutionMetadataExtraction/CommandLineSupport.swift /Users/admin/builder/spi-builder-workspace/Sources/EvolutionMetadataExtraction/ExtractionJob.swift /Users/admin/builder/spi-builder-workspace/Sources/EvolutionMetadataExtraction/Extractors/EvolutionMetadataExtractor.swift (in target 'EvolutionMetadataExtraction' from project 'swift-evolution-metadata-extractor')
SwiftCompile normal arm64 /Users/admin/builder/spi-builder-workspace/Sources/EvolutionMetadataExtraction/CommandLineSupport.swift (in target 'EvolutionMetadataExtraction' from project 'swift-evolution-metadata-extractor')
cd /Users/admin/builder/spi-builder-workspace/.swiftpm/xcode
builtin-SwiftPerFileCompile CommandLineSupport.swift
SwiftCompile normal arm64 /Users/admin/builder/spi-builder-workspace/Sources/EvolutionMetadataExtraction/ExtractionJob.swift (in target 'EvolutionMetadataExtraction' from project 'swift-evolution-metadata-extractor')
cd /Users/admin/builder/spi-builder-workspace/.swiftpm/xcode
builtin-SwiftPerFileCompile ExtractionJob.swift
SwiftCompile normal arm64 /Users/admin/builder/spi-builder-workspace/Sources/EvolutionMetadataExtraction/Extractors/EvolutionMetadataExtractor.swift (in target 'EvolutionMetadataExtraction' from project 'swift-evolution-metadata-extractor')
cd /Users/admin/builder/spi-builder-workspace/.swiftpm/xcode
builtin-SwiftPerFileCompile EvolutionMetadataExtractor.swift
SwiftEmitModule normal arm64 Emitting\ module\ for\ EvolutionMetadataExtraction (in target 'EvolutionMetadataExtraction' from project 'swift-evolution-metadata-extractor')
/Users/admin/builder/spi-builder-workspace/Sources/EvolutionMetadataExtraction/Utilities/FoundationExtensions.swift:58:29: error: cannot find 'kCFNetworkProxiesHTTPEnable' in scope
56 | let httpProxy = environment[["http_proxy", "HTTP_PROXY"]]
57 | if let httpProxy, let url = URL(string: httpProxy.value), let host = url.host, let port = url.port {
58 | proxyDictionary[kCFNetworkProxiesHTTPEnable] = true
| `- error: cannot find 'kCFNetworkProxiesHTTPEnable' in scope
59 | proxyDictionary[kCFNetworkProxiesHTTPProxy] = host
60 | proxyDictionary[kCFNetworkProxiesHTTPPort] = port
/Users/admin/builder/spi-builder-workspace/Sources/EvolutionMetadataExtraction/Utilities/FoundationExtensions.swift:59:29: error: cannot find 'kCFNetworkProxiesHTTPProxy' in scope
57 | if let httpProxy, let url = URL(string: httpProxy.value), let host = url.host, let port = url.port {
58 | proxyDictionary[kCFNetworkProxiesHTTPEnable] = true
59 | proxyDictionary[kCFNetworkProxiesHTTPProxy] = host
| `- error: cannot find 'kCFNetworkProxiesHTTPProxy' in scope
60 | proxyDictionary[kCFNetworkProxiesHTTPPort] = port
61 | } else if let httpProxy {
/Users/admin/builder/spi-builder-workspace/Sources/EvolutionMetadataExtraction/Utilities/FoundationExtensions.swift:60:29: error: cannot find 'kCFNetworkProxiesHTTPPort' in scope
58 | proxyDictionary[kCFNetworkProxiesHTTPEnable] = true
59 | proxyDictionary[kCFNetworkProxiesHTTPProxy] = host
60 | proxyDictionary[kCFNetworkProxiesHTTPPort] = port
| `- error: cannot find 'kCFNetworkProxiesHTTPPort' in scope
61 | } else if let httpProxy {
62 | print("WARNING: Environment variable '\(httpProxy.key)' value '\(httpProxy.value)' does not contain a valid host and port\n")
/Users/admin/builder/spi-builder-workspace/Sources/EvolutionMetadataExtraction/Utilities/FoundationExtensions.swift:67:29: error: cannot find 'kCFNetworkProxiesHTTPSEnable' in scope
65 | let httpsProxy = environment[["https_proxy", "HTTPS_PROXY"]]
66 | if let httpsProxy, let url = URL(string: httpsProxy.value), let host = url.host, let port = url.port {
67 | proxyDictionary[kCFNetworkProxiesHTTPSEnable] = true
| `- error: cannot find 'kCFNetworkProxiesHTTPSEnable' in scope
68 | proxyDictionary[kCFNetworkProxiesHTTPSProxy] = host
69 | proxyDictionary[kCFNetworkProxiesHTTPSPort] = port
/Users/admin/builder/spi-builder-workspace/Sources/EvolutionMetadataExtraction/Utilities/FoundationExtensions.swift:68:29: error: cannot find 'kCFNetworkProxiesHTTPSProxy' in scope
66 | if let httpsProxy, let url = URL(string: httpsProxy.value), let host = url.host, let port = url.port {
67 | proxyDictionary[kCFNetworkProxiesHTTPSEnable] = true
68 | proxyDictionary[kCFNetworkProxiesHTTPSProxy] = host
| `- error: cannot find 'kCFNetworkProxiesHTTPSProxy' in scope
69 | proxyDictionary[kCFNetworkProxiesHTTPSPort] = port
70 | } else if let httpsProxy {
/Users/admin/builder/spi-builder-workspace/Sources/EvolutionMetadataExtraction/Utilities/FoundationExtensions.swift:69:29: error: cannot find 'kCFNetworkProxiesHTTPSPort' in scope
67 | proxyDictionary[kCFNetworkProxiesHTTPSEnable] = true
68 | proxyDictionary[kCFNetworkProxiesHTTPSProxy] = host
69 | proxyDictionary[kCFNetworkProxiesHTTPSPort] = port
| `- error: cannot find 'kCFNetworkProxiesHTTPSPort' in scope
70 | } else if let httpsProxy {
71 | print("WARNING: Environment variable '\(httpsProxy.key)' value '\(httpsProxy.value)' does not contain a valid host and port\n")
/Users/admin/builder/spi-builder-workspace/Sources/EvolutionMetadataExtraction/Utilities/Project.swift:30:36: error: 'RangeSet' is only available in watchOS 11.0 or newer
16 | Represents a software project with its own set of evolution proposals.
17 | */
18 | public final class Project: Sendable {
| `- note: add '@available' attribute to enclosing class
19 | let name: String
20 | let organization: String
:
28 | let mainBranchEndpoint: URL
29 | let proposalListingEndpoint: URL
30 | let validationExemptions: [Int:RangeSet<Int>]
| `- error: 'RangeSet' is only available in watchOS 11.0 or newer
31 |
32 | private init(name: String, organization: String, repository: String, path: String, proposalPrefix: String, proposalRegex: Regex<Substring>, previousResultsURL: URL?, defaultOutputFilename: String, validationExemptions: [Int:RangeSet<Int>]) {
/Users/admin/builder/spi-builder-workspace/Sources/EvolutionMetadataExtraction/Utilities/Project.swift:32:229: error: 'RangeSet' is only available in watchOS 11.0 or newer
16 | Represents a software project with its own set of evolution proposals.
17 | */
18 | public final class Project: Sendable {
| `- note: add '@available' attribute to enclosing class
19 | let name: String
20 | let organization: String
:
30 | let validationExemptions: [Int:RangeSet<Int>]
31 |
32 | private init(name: String, organization: String, repository: String, path: String, proposalPrefix: String, proposalRegex: Regex<Substring>, previousResultsURL: URL?, defaultOutputFilename: String, validationExemptions: [Int:RangeSet<Int>]) {
| | `- error: 'RangeSet' is only available in watchOS 11.0 or newer
| `- note: add '@available' attribute to enclosing initializer
33 | self.name = name
34 | self.organization = organization
/Users/admin/builder/spi-builder-workspace/Sources/EvolutionMetadataExtraction/Utilities/Project.swift:73:17: error: 'RangeSet' is only available in watchOS 11.0 or newer
16 | Represents a software project with its own set of evolution proposals.
17 | */
18 | public final class Project: Sendable {
| `- note: add '@available' attribute to enclosing class
19 | let name: String
20 | let organization: String
:
55 | }
56 |
57 | public static let swift = Project(
| `- note: add '@available' attribute to enclosing static property
58 | name: "Swift",
59 | organization: "swiftlang",
:
71 | // Note that some early proposals may not have valid discussions be added and will always need exemption.
72 | Issue.missingReviewField.code:
73 | RangeSet(0001, 0002, 0004, 0020, 0051, 0079, 0100, 0176, 0177, 0188, 0193, 0194, 0196, 0198, 0201, 0203, 0205, 0208, 0209, 0210, 0212, 0213, 0219, 0245, 0247, 0248, 0249, 0250, 0252, 0259, 0263, 0268, 0269, 0273, 0278, 0284, 0289, 0295, 0300, 0312, 0313, 0317, 0318, 0337, 0341, 0343, 0344, 0348, 0350, 0356),
| `- error: 'RangeSet' is only available in watchOS 11.0 or newer
74 |
75 | // Some older proposals are missing links to discussions or do not format discussions correctly.
/Users/admin/builder/spi-builder-workspace/Sources/EvolutionMetadataExtraction/Utilities/Project.swift:79:17: error: 'RangeSet' is only available in watchOS 11.0 or newer
16 | Represents a software project with its own set of evolution proposals.
17 | */
18 | public final class Project: Sendable {
| `- note: add '@available' attribute to enclosing class
19 | let name: String
20 | let organization: String
:
55 | }
56 |
57 | public static let swift = Project(
| `- note: add '@available' attribute to enclosing static property
58 | name: "Swift",
59 | organization: "swiftlang",
:
77 | // Once corrected, the exemption for the corrected proposal can be removed.
78 | Issue.discussionExtractionFailure.code:
79 | RangeSet(0392),
| `- error: 'RangeSet' is only available in watchOS 11.0 or newer
80 |
81 | // Some early proposals did not have a review manager
/Users/admin/builder/spi-builder-workspace/Sources/EvolutionMetadataExtraction/Utilities/Project.swift:83:17: error: 'RangeSet' is only available in watchOS 11.0 or newer
16 | Represents a software project with its own set of evolution proposals.
17 | */
18 | public final class Project: Sendable {
| `- note: add '@available' attribute to enclosing class
19 | let name: String
20 | let organization: String
:
55 | }
56 |
57 | public static let swift = Project(
| `- note: add '@available' attribute to enclosing static property
58 | name: "Swift",
59 | organization: "swiftlang",
:
81 | // Some early proposals did not have a review manager
82 | Issue.missingReviewManagers.code:
83 | RangeSet(0001, 0002, 0004),
| `- error: 'RangeSet' is only available in watchOS 11.0 or newer
84 | ]
85 | )
/Users/admin/builder/spi-builder-workspace/Sources/EvolutionMetadataExtraction/Utilities/Project.swift:99:17: error: 'RangeSet' is only available in watchOS 11.0 or newer
16 | Represents a software project with its own set of evolution proposals.
17 | */
18 | public final class Project: Sendable {
| `- note: add '@available' attribute to enclosing class
19 | let name: String
20 | let organization: String
:
85 | )
86 |
87 | public static let swiftTesting = Project(
| `- note: add '@available' attribute to enclosing static property
88 | name: "Swift Testing",
89 | organization: "swiftlang",
:
97 | // Early proposals did not have a review manager
98 | Issue.missingReviewManagers.code:
99 | RangeSet(.upTo(0008)),
| `- error: 'RangeSet' is only available in watchOS 11.0 or newer
100 | ]
101 | )
/Users/admin/builder/spi-builder-workspace/Sources/EvolutionMetadataExtraction/Utilities/Project.swift:125:27: error: 'RangeSet' is only available in watchOS 11.0 or newer
122 | }
123 |
124 | private extension RangeSet where Bound == Int {
| `- note: add '@available' attribute to enclosing extension
125 | static var allExempt: RangeSet { RangeSet(0..<Int.max) }
| | `- error: 'RangeSet' is only available in watchOS 11.0 or newer
| `- note: add '@available' attribute to enclosing static property
126 | init(_ ranges: Range<Int>...) { self.init(ranges) }
127 | }
SwiftCompile normal arm64 (in target 'EvolutionMetadataExtraction' from project 'swift-evolution-metadata-extractor')
cd /Users/admin/builder/spi-builder-workspace/.swiftpm/xcode
SwiftCompile normal arm64_32 Compiling\ TrackingBugExtractor.swift,\ UpcomingFeatureFlagExtractor.swift /Users/admin/builder/spi-builder-workspace/Sources/EvolutionMetadataExtraction/Extractors/FieldExtractors/TrackingBugExtractor.swift /Users/admin/builder/spi-builder-workspace/Sources/EvolutionMetadataExtraction/Extractors/FieldExtractors/UpcomingFeatureFlagExtractor.swift (in target 'EvolutionMetadataExtraction' from project 'swift-evolution-metadata-extractor')
SwiftCompile normal arm64_32 /Users/admin/builder/spi-builder-workspace/Sources/EvolutionMetadataExtraction/Extractors/FieldExtractors/TrackingBugExtractor.swift (in target 'EvolutionMetadataExtraction' from project 'swift-evolution-metadata-extractor')
cd /Users/admin/builder/spi-builder-workspace/.swiftpm/xcode
builtin-SwiftPerFileCompile TrackingBugExtractor.swift
SwiftCompile normal arm64_32 /Users/admin/builder/spi-builder-workspace/Sources/EvolutionMetadataExtraction/Extractors/FieldExtractors/UpcomingFeatureFlagExtractor.swift (in target 'EvolutionMetadataExtraction' from project 'swift-evolution-metadata-extractor')
cd /Users/admin/builder/spi-builder-workspace/.swiftpm/xcode
builtin-SwiftPerFileCompile UpcomingFeatureFlagExtractor.swift
SwiftCompile normal arm64_32 Compiling\ ProposalMetadataExtractor.swift,\ FileUtilities.swift /Users/admin/builder/spi-builder-workspace/Sources/EvolutionMetadataExtraction/Extractors/ProposalMetadataExtractor.swift /Users/admin/builder/spi-builder-workspace/Sources/EvolutionMetadataExtraction/Utilities/FileUtilities.swift (in target 'EvolutionMetadataExtraction' from project 'swift-evolution-metadata-extractor')
SwiftCompile normal arm64_32 /Users/admin/builder/spi-builder-workspace/Sources/EvolutionMetadataExtraction/Extractors/ProposalMetadataExtractor.swift (in target 'EvolutionMetadataExtraction' from project 'swift-evolution-metadata-extractor')
cd /Users/admin/builder/spi-builder-workspace/.swiftpm/xcode
builtin-SwiftPerFileCompile ProposalMetadataExtractor.swift
SwiftCompile normal arm64_32 /Users/admin/builder/spi-builder-workspace/Sources/EvolutionMetadataExtraction/Utilities/FileUtilities.swift (in target 'EvolutionMetadataExtraction' from project 'swift-evolution-metadata-extractor')
cd /Users/admin/builder/spi-builder-workspace/.swiftpm/xcode
builtin-SwiftPerFileCompile FileUtilities.swift
SwiftEmitModule normal arm64 Emitting\ module\ for\ ArgumentParser (in target 'ArgumentParser' from project 'swift-argument-parser')
SwiftCompile normal arm64 (in target 'ArgumentParser' from project 'swift-argument-parser')
cd /Users/admin/builder/spi-builder-workspace/.swiftpm/xcode
SwiftEmitModule normal arm64_32 Emitting\ module\ for\ ArgumentParser (in target 'ArgumentParser' from project 'swift-argument-parser')
SwiftCompile normal arm64_32 (in target 'ArgumentParser' from project 'swift-argument-parser')
cd /Users/admin/builder/spi-builder-workspace/.swiftpm/xcode
SwiftDriverJobDiscovery normal arm64_32 Compiling TrackingBugExtractor.swift, UpcomingFeatureFlagExtractor.swift (in target 'EvolutionMetadataExtraction' from project 'swift-evolution-metadata-extractor')
SwiftCompile normal arm64_32 Compiling\ Networking.swift,\ Project.swift /Users/admin/builder/spi-builder-workspace/Sources/EvolutionMetadataExtraction/Utilities/Networking.swift /Users/admin/builder/spi-builder-workspace/Sources/EvolutionMetadataExtraction/Utilities/Project.swift (in target 'EvolutionMetadataExtraction' from project 'swift-evolution-metadata-extractor')
SwiftCompile normal arm64_32 /Users/admin/builder/spi-builder-workspace/Sources/EvolutionMetadataExtraction/Utilities/Networking.swift (in target 'EvolutionMetadataExtraction' from project 'swift-evolution-metadata-extractor')
cd /Users/admin/builder/spi-builder-workspace/.swiftpm/xcode
builtin-SwiftPerFileCompile Networking.swift
SwiftCompile normal arm64_32 /Users/admin/builder/spi-builder-workspace/Sources/EvolutionMetadataExtraction/Utilities/Project.swift (in target 'EvolutionMetadataExtraction' from project 'swift-evolution-metadata-extractor')
cd /Users/admin/builder/spi-builder-workspace/.swiftpm/xcode
builtin-SwiftPerFileCompile Project.swift
PruneExplicitPrecompiledModules /Users/admin/builder/spi-builder-workspace/.derivedData/Build/Intermediates.noindex/SwiftExplicitPrecompiledModules
PruneExplicitPrecompiledModules /Users/admin/builder/spi-builder-workspace/.derivedData/Build/Intermediates.noindex/ExplicitPrecompiledModules
PruneExplicitPrecompiledModules /Users/admin/builder/spi-builder-workspace/.derivedData/SDKExplicitPrecompiledModules
2026-09-19 02:54:32.206 xcodebuild[1193:6657] [MT] IDERunDestination: Supported platforms for the buildables in the current scheme is empty.
** BUILD FAILED **
The following build commands failed:
SwiftCompile normal arm64_32 Compiling\ FoundationExtensions.swift,\ ModelExtensions.swift /Users/admin/builder/spi-builder-workspace/Sources/EvolutionMetadataExtraction/Utilities/FoundationExtensions.swift /Users/admin/builder/spi-builder-workspace/Sources/EvolutionMetadataExtraction/Utilities/ModelExtensions.swift (in target 'EvolutionMetadataExtraction' from project 'swift-evolution-metadata-extractor')
SwiftCompile normal arm64_32 /Users/admin/builder/spi-builder-workspace/Sources/EvolutionMetadataExtraction/Utilities/FoundationExtensions.swift (in target 'EvolutionMetadataExtraction' from project 'swift-evolution-metadata-extractor')
Building workspace swift-evolution-metadata-extractor with scheme swift-evolution-metadata-extractor-Package
(3 failures)
BUILD FAILURE 6.4 watchOS