The Swift Package Index logo.Swift Package Index

Build Information

Failed to build TCAFlow, reference main (1b0420), with Swift 6.3 for Android on 15 Sep 2026 13:33:20 UTC.

Build Command

bash -c docker run --pull=always --rm -v "checkouts-54344844-3":/host -w "$PWD" -e JAVA_HOME="/root/.sdkman/candidates/java/current" -e SPI_BUILD="1" -e SPI_PROCESSING="1" registry.gitlab.com/saguaro1/spi-images:android-6.3-latest swift build --swift-sdk aarch64-unknown-linux-android28 2>&1

Build Log

========================================
RunAll
========================================
Builder version: 5.0.2
Interrupt handler set up.
========================================
Checkout
========================================
Clone URL: https://github.com/Roy-wonji/TCAFlow.git
Reference: main
Initialized empty Git repository in /host/spi-builder-workspace/.git/
hint: Using 'master' as the name for the initial branch. This default branch name
hint: is subject to change. To configure the initial branch name to use in all
hint: of your new repositories, which will suppress this warning, call:
hint:
hint: 	git config --global init.defaultBranch <name>
hint:
hint: Names commonly chosen instead of 'master' are 'main', 'trunk' and
hint: 'development'. The just-created branch can be renamed via this command:
hint:
hint: 	git branch -m <name>
From https://github.com/Roy-wonji/TCAFlow
 * branch            main       -> FETCH_HEAD
 * [new branch]      main       -> origin/main
HEAD is now at 1b04206 feat: 기존 라우터를 유지하며 UIKit 전환 기반을 마련한다
Cloned https://github.com/Roy-wonji/TCAFlow.git
Revision (git rev-parse @):
1b042061985c86b8fe357f51671fc88529261b8c
SUCCESS checkout https://github.com/Roy-wonji/TCAFlow.git at main
========================================
Build
========================================
Selected platform:         android
Swift version:             6.3
Building package at path:  $PWD
https://github.com/Roy-wonji/TCAFlow.git
Running build ...
bash -c docker run --pull=always --rm -v "checkouts-54344844-3":/host -w "$PWD" -e JAVA_HOME="/root/.sdkman/candidates/java/current" -e SPI_BUILD="1" -e SPI_PROCESSING="1" registry.gitlab.com/saguaro1/spi-images:android-6.3-latest swift build --swift-sdk aarch64-unknown-linux-android28 2>&1
android-6.3-latest: Pulling from saguaro1/spi-images
Digest: sha256:8ca9e1e6d70fd53f5b05e4f64d92569d697563f7f457a1485802bc9eb2cd1382
Status: Image is up to date for registry.gitlab.com/saguaro1/spi-images:android-6.3-latest
Fetching https://github.com/swiftlang/swift-syntax.git
Fetching https://github.com/pointfreeco/swift-composable-architecture
[1/313656] Fetching swift-composable-architecture
[6275/393550] Fetching swift-composable-architecture, swift-syntax
Fetched https://github.com/swiftlang/swift-syntax.git from cache (4.70s)
[213287/313656] Fetching swift-composable-architecture
Fetched https://github.com/pointfreeco/swift-composable-architecture from cache (10.24s)
Computing version for https://github.com/swiftlang/swift-syntax.git
Computed https://github.com/swiftlang/swift-syntax.git at 603.0.2 (12.25s)
Computing version for https://github.com/pointfreeco/swift-composable-architecture
Computed https://github.com/pointfreeco/swift-composable-architecture at 1.26.2 (1.70s)
Fetching https://github.com/pointfreeco/swift-sharing
Fetching https://github.com/pointfreeco/xctest-dynamic-overlay
Fetching https://github.com/pointfreeco/swift-dependencies
Fetching https://github.com/pointfreeco/swift-navigation
Fetching https://github.com/pointfreeco/swift-perception
Fetching https://github.com/pointfreeco/swift-custom-dump
[1/2078] Fetching swift-perception
[2079/9669] Fetching swift-perception, swift-dependencies
[2307/13769] Fetching swift-perception, swift-dependencies, swift-sharing
[13770/16496] Fetching swift-perception, swift-dependencies, swift-sharing, xctest-dynamic-overlay
[16497/22152] Fetching swift-perception, swift-dependencies, swift-sharing, xctest-dynamic-overlay, swift-custom-dump
Fetched https://github.com/pointfreeco/swift-custom-dump from cache (1.51s)
Fetching https://github.com/pointfreeco/swift-identified-collections
[1/47610] Fetching swift-navigation
[47611/49190] Fetching swift-navigation, swift-identified-collections
Fetched https://github.com/pointfreeco/swift-identified-collections from cache (0.85s)
Fetched https://github.com/pointfreeco/swift-perception from cache (2.36s)
Fetched https://github.com/pointfreeco/swift-dependencies from cache (2.36s)
Fetching https://github.com/pointfreeco/combine-schedulers
Fetched https://github.com/pointfreeco/xctest-dynamic-overlay from cache (2.36s)
Fetched https://github.com/pointfreeco/swift-sharing from cache (2.36s)
Fetching https://github.com/pointfreeco/swift-concurrency-extras
Fetching https://github.com/apple/swift-collections
Fetched https://github.com/pointfreeco/swift-navigation from cache (2.37s)
[1/2686] Fetching combine-schedulers
[700/3744] Fetching combine-schedulers, swift-concurrency-extras
Fetching https://github.com/pointfreeco/swift-case-paths
Fetched https://github.com/pointfreeco/combine-schedulers from cache (0.53s)
Fetching https://github.com/pointfreeco/swift-clocks
[1/27245] Fetching swift-collections
[17438/28691] Fetching swift-collections, swift-clocks
Fetched https://github.com/pointfreeco/swift-clocks from cache (0.47s)
[20434/27245] Fetching swift-collections
[21525/32532] Fetching swift-collections, swift-case-paths
Fetched https://github.com/pointfreeco/swift-case-paths from cache (0.58s)
Fetched https://github.com/pointfreeco/swift-concurrency-extras from cache (1.26s)
Fetched https://github.com/apple/swift-collections from cache (1.28s)
Computing version for https://github.com/pointfreeco/xctest-dynamic-overlay
Computed https://github.com/pointfreeco/xctest-dynamic-overlay at 1.13.1 (4.61s)
Computing version for https://github.com/pointfreeco/swift-identified-collections
Computed https://github.com/pointfreeco/swift-identified-collections at 1.1.1 (0.16s)
Computing version for https://github.com/pointfreeco/swift-clocks
Computed https://github.com/pointfreeco/swift-clocks at 1.1.1 (0.16s)
Computing version for https://github.com/pointfreeco/swift-concurrency-extras
Computed https://github.com/pointfreeco/swift-concurrency-extras at 1.4.1 (0.16s)
Computing version for https://github.com/pointfreeco/combine-schedulers
Computed https://github.com/pointfreeco/combine-schedulers at 1.2.2 (0.18s)
Fetching https://github.com/OpenCombine/OpenCombine.git
[1/8284] Fetching opencombine
Fetched https://github.com/OpenCombine/OpenCombine.git from cache (0.76s)
Computing version for https://github.com/OpenCombine/OpenCombine.git
Computed https://github.com/OpenCombine/OpenCombine.git at 0.14.0 (0.97s)
Computing version for https://github.com/pointfreeco/swift-navigation
Computed https://github.com/pointfreeco/swift-navigation at 2.11.2 (0.23s)
Computing version for https://github.com/pointfreeco/swift-case-paths
Computed https://github.com/pointfreeco/swift-case-paths at 1.10.0 (0.22s)
Computing version for https://github.com/pointfreeco/swift-custom-dump
Computed https://github.com/pointfreeco/swift-custom-dump at 1.7.3 (0.17s)
Computing version for https://github.com/apple/swift-collections
Computed https://github.com/apple/swift-collections at 1.6.0 (0.25s)
Computing version for https://github.com/pointfreeco/swift-perception
Computed https://github.com/pointfreeco/swift-perception at 2.0.12 (0.18s)
Computing version for https://github.com/pointfreeco/swift-dependencies
Computed https://github.com/pointfreeco/swift-dependencies at 1.17.1 (0.19s)
Computing version for https://github.com/pointfreeco/swift-sharing
Computed https://github.com/pointfreeco/swift-sharing at 2.10.1 (0.24s)
Creating working copy for https://github.com/apple/swift-collections
Working copy of https://github.com/apple/swift-collections resolved at 1.6.0
Creating working copy for https://github.com/swiftlang/swift-syntax.git
Working copy of https://github.com/swiftlang/swift-syntax.git resolved at 603.0.2
Creating working copy for https://github.com/pointfreeco/swift-clocks
Working copy of https://github.com/pointfreeco/swift-clocks resolved at 1.1.1
Creating working copy for https://github.com/pointfreeco/swift-concurrency-extras
Working copy of https://github.com/pointfreeco/swift-concurrency-extras resolved at 1.4.1
Creating working copy for https://github.com/OpenCombine/OpenCombine.git
Working copy of https://github.com/OpenCombine/OpenCombine.git resolved at 0.14.0
Creating working copy for https://github.com/pointfreeco/swift-case-paths
Working copy of https://github.com/pointfreeco/swift-case-paths resolved at 1.10.0
Creating working copy for https://github.com/pointfreeco/xctest-dynamic-overlay
Working copy of https://github.com/pointfreeco/xctest-dynamic-overlay resolved at 1.13.1
Creating working copy for https://github.com/pointfreeco/swift-navigation
Working copy of https://github.com/pointfreeco/swift-navigation resolved at 2.11.2
Creating working copy for https://github.com/pointfreeco/swift-perception
Working copy of https://github.com/pointfreeco/swift-perception resolved at 2.0.12
Creating working copy for https://github.com/pointfreeco/swift-identified-collections
Working copy of https://github.com/pointfreeco/swift-identified-collections resolved at 1.1.1
Creating working copy for https://github.com/pointfreeco/swift-sharing
Working copy of https://github.com/pointfreeco/swift-sharing resolved at 2.10.1
Creating working copy for https://github.com/pointfreeco/combine-schedulers
Working copy of https://github.com/pointfreeco/combine-schedulers resolved at 1.2.2
Creating working copy for https://github.com/pointfreeco/swift-custom-dump
Working copy of https://github.com/pointfreeco/swift-custom-dump resolved at 1.7.3
Creating working copy for https://github.com/pointfreeco/swift-composable-architecture
Working copy of https://github.com/pointfreeco/swift-composable-architecture resolved at 1.26.2
Creating working copy for https://github.com/pointfreeco/swift-dependencies
Working copy of https://github.com/pointfreeco/swift-dependencies resolved at 1.17.1
Downloading package prebuilt https://download.swift.org/prebuilts/swift-syntax/603.0.2/swift-6.3.2-RELEASE-ubuntu_jammy_x86_64-MacroSupport.tar.gz
Downloaded https://download.swift.org/prebuilts/swift-syntax/603.0.2/swift-6.3.2-RELEASE-ubuntu_jammy_x86_64-MacroSupport.tar.gz (0.21s)
Building for debugging...
[0/87] Copying PrivacyInfo.xcprivacy
[2/87] Write sources
[23/87] Compiling UIKitNavigationShim shim.m
[24/87] Write sources
[31/87] Copying PrivacyInfo.xcprivacy
[33/87] Write sources
[51/87] Compiling UIKitNavigationShim shim.m
[52/87] Write sources
[65/87] Write swift-version-272D24FF697CF451.txt
[66/128] Compiling COpenCombineHelpers COpenCombineHelpers.cpp
[68/131] Emitting module TCAFlowMacros
[69/131] Emitting module InternalCollectionsUtilities
[69/133] Compiling COpenCombineHelpers COpenCombineHelpers.cpp
[71/135] Compiling Sharing2 Empty.swift
[72/135] Emitting module Sharing2
[74/136] Compiling InternalCollectionsUtilities UnsafeBufferPointer+Extras.swift
[75/136] Compiling InternalCollectionsUtilities UnsafeMutableBufferPointer+Extras.swift
[76/136] Compiling InternalCollectionsUtilities LifetimeOverride.swift
[77/136] Compiling InternalCollectionsUtilities RandomAccessCollection+Offsets.swift
[78/136] Compiling InternalCollectionsUtilities Span+Extras.swift
[79/136] Compiling InternalCollectionsUtilities String+Padding.swift
[80/136] Compiling InternalCollectionsUtilities _UnsafeBitSet+Index.swift
[81/136] Emitting module ComposableArchitectureMacros
[82/136] Compiling InternalCollectionsUtilities _UnsafeBitSet+_Word.swift
[83/136] Compiling InternalCollectionsUtilities _UnsafeBitSet.swift
[84/136] Compiling InternalCollectionsUtilities UnsafeMutableRawBufferPointer+Extras.swift
[85/136] Compiling TCAFlowMacros Plugin.swift
[86/136] Compiling InternalCollectionsUtilities UnsafeRawBufferPointer+Extras.swift
[87/138] Compiling Sharing1 Empty.swift
[88/138] Emitting module Sharing1
[89/139] Compiling InternalCollectionsUtilities Integer rank.swift
[90/139] Compiling InternalCollectionsUtilities UInt+first and last set bit.swift
[91/139] Compiling InternalCollectionsUtilities UInt+reversed.swift
[93/139] Emitting module Sharing1
[94/139] Compiling InternalCollectionsUtilities Debugging.swift
[95/139] Compiling InternalCollectionsUtilities Descriptions.swift
[96/139] Compiling InternalCollectionsUtilities FixedWidthInteger+roundUpToPowerOfTwo.swift
[97/139] Compiling InternalCollectionsUtilities _SortedCollection.swift
[98/139] Compiling InternalCollectionsUtilities _UniqueCollection.swift
[99/140] Compiling TCAFlowMacros FlowCoordinatorMacro.swift
[101/141] Compiling ComposableArchitectureMacros ViewActionMacro.swift
[102/141] Emitting module DependenciesMacrosPlugin
[103/141] Compiling ComposableArchitectureMacros Plugins.swift
[104/141] Compiling ComposableArchitectureMacros Availability.swift
[106/142] Compiling DependenciesMacrosPlugin DependencyEntryMacro.swift
[107/145] Compiling DependenciesMacrosPlugin DependencyEndpointMacro.swift
[108/145] Compiling DependenciesMacrosPlugin DependencyClientMacro.swift
[109/151] Compiling DependenciesMacrosPlugin Plugins.swift
[110/155] Compiling DependenciesMacrosPlugin Support.swift
[112/337] Emitting module PerceptionMacros
[113/337] Compiling PerceptionMacros Availability.swift
[114/337] Compiling PerceptionMacros PerceptibleMacro.swift
[115/338] Compiling PerceptionMacros Plugins.swift
[116/338] Compiling PerceptionMacros Extensions.swift
[117/384] Compiling ComposableArchitectureMacros ObservableStateMacro.swift
[118/384] Compiling ComposableArchitectureMacros Extensions.swift
[120/426] Compiling OrderedCollections OrderedSet+Partial SetAlgebra formSymmetricDifference.swift
[121/426] Compiling OrderedCollections OrderedSet+Partial SetAlgebra formUnion.swift
[122/426] Compiling OrderedCollections OrderedSet+Partial SetAlgebra intersection.swift
[123/426] Compiling OrderedCollections OrderedSet+Partial SetAlgebra isDisjoint.swift
[124/426] Compiling OrderedCollections OrderedSet+Partial SetAlgebra isEqualSet.swift
[125/426] Compiling OrderedCollections OrderedSet+Partial SetAlgebra isStrictSubset.swift
[126/426] Compiling OrderedCollections OrderedSet+Partial SetAlgebra isStrictSuperset.swift
[127/426] Compiling OrderedCollections OrderedSet+Partial SetAlgebra isSubset.swift
[128/426] Compiling OrderedCollections OrderedSet+Partial SetAlgebra isSuperset.swift
[129/426] Compiling OrderedCollections OrderedSet+Partial SetAlgebra subtract.swift
[130/426] Compiling OrderedCollections OrderedSet+Partial SetAlgebra subtracting.swift
[131/426] Compiling OrderedCollections OrderedSet+Partial SetAlgebra symmetricDifference.swift
[132/426] Compiling OrderedCollections OrderedSet+Partial SetAlgebra union.swift
[133/426] Compiling OrderedCollections OrderedSet+Partial SetAlgebra+Basics.swift
[134/426] Compiling OrderedCollections OrderedSet+RandomAccessCollection.swift
[135/426] Compiling OrderedCollections OrderedSet+ReserveCapacity.swift
[136/433] Compiling Sharing1 Empty.swift
[137/434] Emitting module Sharing2
[138/434] Compiling Sharing2 Empty.swift
[139/435] Emitting module IssueReporting
[142/437] Compiling IssueReporting XCTest.swift
[143/437] Compiling IssueReporting IsTesting.swift
[144/437] Compiling IssueReporting IssueReporter.swift
[145/437] Compiling IssueReporting BreakpointReporter.swift
[146/437] Compiling IssueReporting DefaultReporter.swift
[147/437] Compiling IssueReporting FatalErrorReporter.swift
[148/437] Compiling IssueReporting IssueSeverity.swift
[149/437] Compiling IssueReporting ReportIssue.swift
[150/466] Compiling OrderedCollections OrderedDictionary+Values.swift
[151/466] Compiling OrderedCollections OrderedDictionary.swift
[152/466] Compiling OrderedCollections OrderedSet+Codable.swift
[153/466] Compiling OrderedCollections OrderedSet+CustomReflectable.swift
[154/466] Compiling OrderedCollections OrderedSet+Descriptions.swift
[155/466] Compiling OrderedCollections OrderedSet+Diffing.swift
[156/466] Compiling OrderedCollections OrderedSet+Equatable.swift
[157/466] Compiling OrderedCollections OrderedSet+ExpressibleByArrayLiteral.swift
[158/466] Compiling ConcurrencyExtras Result.swift
[159/467] Compiling InternalCollectionsUtilities UnsafeMutableRawBufferPointer+Extras.swift
[160/467] Compiling InternalCollectionsUtilities UnsafeRawBufferPointer+Extras.swift
[161/469] Emitting module ConcurrencyExtras
[162/469] Compiling InternalCollectionsUtilities Debugging.swift
[163/469] Compiling InternalCollectionsUtilities Descriptions.swift
[164/469] Compiling InternalCollectionsUtilities FixedWidthInteger+roundUpToPowerOfTwo.swift
[165/469] Compiling InternalCollectionsUtilities _SortedCollection.swift
[166/469] Compiling InternalCollectionsUtilities _UniqueCollection.swift
[167/469] Compiling InternalCollectionsUtilities RandomAccessCollection+Offsets.swift
[168/469] Compiling InternalCollectionsUtilities Span+Extras.swift
[169/469] Compiling InternalCollectionsUtilities String+Padding.swift
[170/469] Compiling InternalCollectionsUtilities _UnsafeBitSet+Index.swift
[173/469] Compiling IssueReporting Warn.swift
[174/469] Compiling IssueReporting WithExpectedIssue.swift
[175/469] Compiling IssueReporting WithIssueContext.swift
[176/469] Compiling OrderedCollections OrderedDictionary+Equatable.swift
[177/469] Compiling OrderedCollections OrderedDictionary+ExpressibleByDictionaryLiteral.swift
[178/469] Compiling OrderedCollections OrderedSet+Hashable.swift
[179/469] Compiling OrderedCollections OrderedSet+Initializers.swift
[180/481] Compiling ConcurrencyExtras UncheckedSendable.swift
[183/481] Compiling InternalCollectionsUtilities Integer rank.swift
[184/481] Compiling InternalCollectionsUtilities UInt+first and last set bit.swift
[185/481] Compiling InternalCollectionsUtilities UInt+reversed.swift
[188/481] Compiling InternalCollectionsUtilities UnsafeBufferPointer+Extras.swift
[189/481] Compiling InternalCollectionsUtilities UnsafeMutableBufferPointer+Extras.swift
[192/481] Compiling OrderedCollections OrderedSet+Insertions.swift
[193/481] Compiling OrderedCollections OrderedSet+Invariants.swift
[194/481] Compiling OrderedCollections OrderedSet+Move.swift
[195/481] Compiling OrderedCollections OrderedSet+Partial MutableCollection.swift
[196/481] Compiling OrderedCollections OrderedSet+Partial RangeReplaceableCollection.swift
[197/481] Compiling OrderedCollections OrderedSet+Partial SetAlgebra formIntersection.swift
[206/481] Compiling OpenCombine ConduitBase.swift
[207/481] Compiling OpenCombine ConduitList.swift
[208/481] Compiling OpenCombine DebugHook.swift
[209/481] Compiling OpenCombine FilterProducer.swift
[210/481] Compiling OpenCombine Locking.swift
[211/481] Compiling OpenCombine PartialCompletion.swift
[212/481] Compiling OpenCombine PublishedSubject.swift
[213/481] Compiling OpenCombine PublishedSubscriber.swift
[214/481] Compiling OpenCombine ReduceProducer.swift
[215/481] Compiling OpenCombine SubjectSubscriber.swift
[216/481] Compiling OpenCombine SubscriberTap.swift
[217/481] Compiling OpenCombine SubscriptionStatus.swift
[218/481] Compiling OpenCombine SubscriptionTap.swift
[237/493] Compiling InternalCollectionsUtilities _UnsafeBitSet+_Word.swift
[238/493] Compiling InternalCollectionsUtilities _UnsafeBitSet.swift
[239/493] Compiling InternalCollectionsUtilities LifetimeOverride.swift
[248/493] Emitting module InternalCollectionsUtilities
[272/493] Compiling ConcurrencyExtras LockIsolated.swift
[275/493] Compiling ConcurrencyExtras MainSerialExecutor.swift
[276/493] Compiling ConcurrencyExtras Task.swift
[288/494] Compiling OrderedCollections OrderedSet+Sendable.swift
[289/494] Compiling OrderedCollections OrderedSet+SubSequence.swift
[290/494] Compiling OrderedCollections OrderedSet+Testing.swift
[291/494] Compiling OrderedCollections OrderedSet+UnorderedView.swift
[292/494] Compiling OrderedCollections OrderedSet+UnstableInternals.swift
[293/494] Compiling OrderedCollections OrderedSet.swift
[294/494] Compiling OrderedCollections _UnsafeBitset.swift
[298/550] Compiling ComposableArchitectureMacros ReducerMacro.swift
[299/550] Compiling ComposableArchitectureMacros PresentsMacro.swift
[300/550] Emitting module OpenCombine
[315/551] Compiling CustomDump GameKit.swift
[316/551] Compiling CustomDump KeyPath.swift
[317/551] Compiling CustomDump Photos.swift
[318/551] Compiling CustomDump Speech.swift
[319/554] Emitting module OpenCombine
[320/578] Compiling OrderedCollections _HashTable+Testing.swift
[321/578] Compiling OrderedCollections _HashTable+UnsafeHandle.swift
[322/578] Compiling OrderedCollections _HashTable.swift
[323/578] Compiling OrderedCollections _Hashtable+Header.swift
[324/611] Compiling OrderedCollections OrderedDictionary+Values.swift
[325/611] Compiling OrderedCollections OrderedDictionary.swift
[326/611] Compiling OrderedCollections OrderedSet+Codable.swift
[327/611] Compiling OrderedCollections _HashTable+Bucket.swift
[328/611] Compiling OrderedCollections _HashTable+BucketIterator.swift
[329/611] Compiling OrderedCollections _HashTable+Constants.swift
[330/611] Compiling OrderedCollections _HashTable+CustomStringConvertible.swift
[331/611] Compiling OrderedCollections OrderedDictionary+Partial MutableCollection.swift
[332/611] Compiling OrderedCollections OrderedDictionary+Partial RangeReplaceableCollection.swift
[333/611] Compiling OrderedCollections OrderedDictionary+Sendable.swift
[334/611] Compiling OrderedCollections OrderedDictionary+Sequence.swift
[348/611] Compiling OpenCombine Result.swift
[349/611] Compiling OpenCombine Scheduler.swift
[350/611] Compiling OpenCombine Subject+Void.swift
[351/611] Compiling OpenCombine Subscriber+Void.swift
[352/611] Compiling OpenCombine Subscribers.Assign.swift
[353/611] Compiling OpenCombine Subscribers.Completion.swift
[354/611] Compiling OpenCombine Subscribers.Demand.swift
[355/611] Compiling OpenCombine Subscribers.Sink.swift
[356/611] Compiling OpenCombine Subscribers.swift
[357/611] Compiling OpenCombine Subscription.swift
[358/611] Compiling OpenCombine Subscriptions.swift
[359/611] Compiling OpenCombine _Introspection.swift
[360/611] Emitting module OrderedCollections
[362/612] Compiling OrderedCollections OrderedSet+CustomReflectable.swift
[363/612] Compiling OrderedCollections OrderedSet+Descriptions.swift
[364/612] Compiling OrderedCollections OrderedSet+Diffing.swift
[365/612] Compiling OrderedCollections OrderedSet+Partial SetAlgebra union.swift
[366/612] Compiling OrderedCollections OrderedSet+Partial SetAlgebra+Basics.swift
[367/612] Compiling OrderedCollections OrderedSet+RandomAccessCollection.swift
[368/612] Compiling OrderedCollections OrderedSet+ReserveCapacity.swift
[376/612] Compiling OpenCombine Publishers.ReplaceEmpty.swift
[377/612] Compiling OpenCombine Publishers.ReplaceError.swift
[378/612] Compiling OpenCombine Utils.swift
[379/612] Compiling OpenCombine Violations.swift
[380/612] Compiling OpenCombine ImmediateScheduler.swift
[381/612] Compiling OpenCombine ObservableObject.swift
[382/612] Compiling OpenCombine PassthroughSubject.swift
[383/612] Compiling OpenCombine Published.swift
[384/612] Compiling OpenCombine Publisher+Subscribe.swift
[385/612] Compiling OpenCombine Deferred.swift
[386/612] Compiling OpenCombine Empty.swift
[387/612] Compiling OpenCombine Fail.swift
[388/612] Compiling OpenCombine GENERATED-Publishers.Catch.swift
[389/612] Compiling OpenCombine GENERATED-Publishers.Encode.swift
[390/612] Compiling OpenCombine GENERATED-Publishers.MapKeyPath.swift
[391/612] Emitting module CustomDump
[408/620] Compiling OrderedCollections OrderedSet+Equatable.swift
[409/620] Compiling OrderedCollections OrderedSet+ExpressibleByArrayLiteral.swift
[410/620] Compiling OrderedCollections OrderedSet+Partial SetAlgebra formSymmetricDifference.swift
[411/620] Compiling OrderedCollections OrderedSet+Partial SetAlgebra formUnion.swift
[412/620] Compiling OrderedCollections OrderedSet+Partial SetAlgebra intersection.swift
[413/620] Compiling OrderedCollections OrderedSet+Partial SetAlgebra isDisjoint.swift
[414/620] Compiling OrderedCollections OrderedSet+Partial SetAlgebra isEqualSet.swift
[415/620] Compiling OrderedCollections OrderedSet+Partial SetAlgebra isStrictSubset.swift
[416/620] Compiling OrderedCollections OrderedSet+Partial SetAlgebra isStrictSuperset.swift
[417/620] Compiling OrderedCollections OrderedSet+Partial SetAlgebra isSubset.swift
[418/620] Compiling OrderedCollections OrderedSet+Hashable.swift
[419/620] Compiling OrderedCollections OrderedSet+Initializers.swift
[420/620] Compiling OrderedCollections OrderedSet+Insertions.swift
[421/620] Compiling OrderedCollections OrderedSet+Invariants.swift
[422/620] Compiling OrderedCollections OrderedSet+Move.swift
[423/620] Compiling OrderedCollections OrderedSet+Partial MutableCollection.swift
[424/620] Compiling OrderedCollections OrderedSet+Partial RangeReplaceableCollection.swift
[425/620] Compiling OrderedCollections OrderedSet+Partial SetAlgebra formIntersection.swift
[426/620] Compiling OrderedCollections OrderedSet+Partial SetAlgebra isSuperset.swift
[427/620] Compiling OrderedCollections OrderedSet+Partial SetAlgebra subtract.swift
[428/620] Compiling OrderedCollections OrderedSet+Partial SetAlgebra subtracting.swift
[429/620] Compiling OrderedCollections OrderedSet+Partial SetAlgebra symmetricDifference.swift
[430/620] Compiling Clocks Timer.swift
[439/621] Compiling Clocks Lock.swift
[461/628] Compiling Clocks ImmediateClock.swift
[462/628] Compiling Clocks AnyClock.swift
[463/628] Emitting module Clocks
[464/628] Compiling ConcurrencyExtras MainSerialExecutor.swift
[465/629] Compiling Clocks _AsyncTimerSequence.swift
[466/629] Compiling Clocks UnimplementedClock.swift
[467/629] Compiling OrderedCollections OrderedDictionary+Hashable.swift
[468/629] Compiling OrderedCollections OrderedDictionary+Initializers.swift
[469/629] Compiling OrderedCollections OrderedDictionary+Invariants.swift
[470/629] Compiling OrderedCollections OrderedDictionary+Move.swift
[475/629] Compiling OrderedCollections OrderedDictionary+Codable.swift
[476/629] Compiling OrderedCollections OrderedDictionary+CustomReflectable.swift
[477/629] Compiling OrderedCollections OrderedDictionary+Deprecations.swift
[478/629] Compiling OrderedCollections OrderedDictionary+Descriptions.swift
[479/629] Compiling OrderedCollections OrderedDictionary+Elements.SubSequence.swift
[480/629] Compiling OrderedCollections OrderedDictionary+Elements.swift
[481/629] Compiling OrderedCollections OrderedDictionary+Equatable.swift
[482/629] Compiling OrderedCollections OrderedDictionary+ExpressibleByDictionaryLiteral.swift
[483/629] Compiling ConcurrencyExtras Result.swift
[484/629] Compiling Clocks TestClock.swift
[485/629] Compiling Clocks SwiftUI.swift
[498/630] Compiling OrderedCollections OrderedSet+Sendable.swift
[499/630] Compiling OrderedCollections OrderedSet+SubSequence.swift
[500/630] Compiling OrderedCollections OrderedSet+Testing.swift
[501/630] Compiling OrderedCollections OrderedSet+UnorderedView.swift
[502/630] Compiling OrderedCollections OrderedSet+UnstableInternals.swift
[503/630] Compiling OrderedCollections OrderedSet.swift
[504/630] Compiling OrderedCollections _UnsafeBitset.swift
[507/630] Compiling ConcurrencyExtras UncheckedSendable.swift
[536/639] Emitting module PerceptionCore
[537/664] Compiling CasePathsCore UncheckedSendable.swift
[538/665] Emitting module CasePathsMacrosSupport
[539/665] Compiling CasePathsCore Result+CasePathable.swift
[540/665] Compiling CasePathsCore AnyCasePath.swift
[541/665] Compiling IdentifiedCollections IdentifiedArray+CollectionAlgorithms.swift
[542/665] Compiling IdentifiedCollections IdentifiedArray+CustomDebugStringConvertible.swift
[543/665] Compiling IdentifiedCollections IdentifiedArray+CustomReflectable.swift
[544/665] Compiling CasePathsCore CasePathIterable.swift
[545/665] Compiling CasePathsCore CasePathReflectable.swift
[546/665] Emitting module IssueReporting
[547/667] Compiling CasePathsCore Never+CasePathable.swift
[548/667] Compiling IdentifiedCollections IdentifiedArray+RangeReplaceableCollection.swift
[549/667] Compiling IdentifiedCollections IdentifiedArray+Sendable.swift
[550/667] Compiling IdentifiedCollections IdentifiedArray+MutableCollection.swift
[551/667] Compiling IdentifiedCollections IdentifiedArray+RandomAccessCollection.swift
[552/669] Emitting module IdentifiedCollections
[553/669] Compiling IdentifiedCollections IdentifiedArray+Initializers.swift
[554/669] Compiling IdentifiedCollections IdentifiedArray+Insertions.swift
[562/669] Compiling IdentifiedCollections IdentifiedArray+IdentifiedCollection.swift
[563/669] Compiling IdentifiedCollections IdentifiedArray+CustomStringConvertible.swift
[564/669] Compiling IdentifiedCollections IdentifiedArray+Equatable.swift
[565/669] Compiling IdentifiedCollections IdentifiedArray+ExpressibleByArrayLiteral.swift
[566/669] Compiling IdentifiedCollections IdentifiedArray.swift
[567/669] Compiling IdentifiedCollections IdentifiedCollection.swift
[569/669] Compiling IssueReporting WithExpectedIssue.swift
[570/669] Compiling IssueReporting WithIssueContext.swift
[577/669] Emitting module CasePathsCore
[592/670] Compiling PerceptionCore _PerceptionRegistrar.swift
[605/670] Compiling CasePathsCore Optional+CasePathable.swift
[606/670] Compiling CasePathsCore TypeName.swift
[607/670] Compiling IdentifiedCollections IdentifiedArray+Hashable.swift
[624/699] Compiling CasePathsMacrosSupport CasePathableMacro.swift
[626/700] Emitting module OrderedCollections
[626/701] Wrapping AST for TCAFlowMacros for debugging
[629/709] Emitting module OpenCombineDispatch
[630/709] Compiling OpenCombineDispatch DispatchQueue+Scheduler.swift
[631/710] Emitting module CasePathsMacros
[633/710] Compiling CasePathsMacros Plugin.swift
[634/710] Compiling CasePathsMacros CasePathableMacro.swift
[636/711] Compiling SwiftNavigationMacros Support.swift
[637/711] Compiling SwiftNavigationMacros Plugin.swift
[638/711] Compiling SwiftNavigationMacros TransactionEntryMacro.swift
[639/711] Emitting module SwiftNavigationMacros
[640/711] Compiling SwiftNavigationMacros CaseBindableMacro.swift
[641/713] Write Objects.LinkFileList
[642/713] Wrapping AST for PerceptionMacros for debugging
[643/730] Wrapping AST for SwiftNavigationMacros for debugging
[645/730] Compiling IdentifiedCollections IdentifiedArray+Collection.swift
[646/730] Compiling IdentifiedCollections IdentifiedArray+CollectionAlgorithms.swift
[646/731] Write Objects.LinkFileList
[648/731] Compiling OpenCombineFoundation PropertyListEncoder.swift
[649/731] Emitting module IdentifiedCollections
[649/733] Wrapping AST for DependenciesMacrosPlugin for debugging
[651/733] Compiling IdentifiedCollections IdentifiedArray+RangeReplaceableCollection.swift
[652/733] Compiling IdentifiedCollections IdentifiedArray+Sendable.swift
[653/733] Compiling IdentifiedCollections IdentifiedArray+MutableCollection.swift
[654/733] Compiling IdentifiedCollections IdentifiedArray+RandomAccessCollection.swift
[655/733] Compiling OpenCombineFoundation URLSession.swift
[656/733] Compiling IdentifiedCollections IdentifiedArray.swift
[657/733] Compiling IdentifiedCollections IdentifiedCollection.swift
[658/733] Compiling IdentifiedCollections Identified.swift
[659/733] Compiling IdentifiedCollections IdentifiedArray+Codable.swift
[660/733] Emitting module OpenCombineFoundation
[661/733] Compiling IdentifiedCollections IdentifiedArray+CustomStringConvertible.swift
[662/733] Emitting module OpenCombineDispatch
[663/733] Compiling IdentifiedCollections IdentifiedArray+Equatable.swift
[664/733] Compiling IdentifiedCollections IdentifiedArray+ExpressibleByArrayLiteral.swift
[665/733] Compiling OpenCombineDispatch DispatchQueue+Scheduler.swift
[669/734] Compiling IdentifiedCollections IdentifiedArray+CustomDebugStringConvertible.swift
[670/734] Compiling IdentifiedCollections IdentifiedArray+CustomReflectable.swift
[671/734] Compiling IdentifiedCollections IdentifiedArray+Initializers.swift
[673/734] Compiling IdentifiedCollections IdentifiedArray+Insertions.swift
[674/734] Compiling IdentifiedCollections IdentifiedArray+Hashable.swift
[675/734] Compiling IdentifiedCollections IdentifiedArray+IdentifiedCollection.swift
[676/734] Compiling OpenCombineFoundation Timer+Publisher.swift
[677/734] Compiling OpenCombineFoundation OperationQueue+Scheduler.swift
[678/734] Compiling OpenCombineFoundation RunLoop+Scheduler.swift
[678/735] Write Objects.LinkFileList
[680/735] Linking TCAFlowMacros-tool
[681/735] Wrapping AST for ComposableArchitectureMacros for debugging
[682/737] Wrapping AST for CasePathsMacrosSupport for debugging
[683/737] Write Objects.LinkFileList
[686/737] Compiling OpenCombineShim OpenCombineShim.swift
[687/737] Emitting module OpenCombineShim
[688/738] Linking PerceptionMacros-tool
[690/751] Compiling CombineSchedulers Platform.swift
[691/751] Compiling CombineSchedulers SwiftUI.swift
[692/751] Compiling CombineSchedulers ImmediateScheduler.swift
[693/751] Compiling CombineSchedulers Deprecations.swift
[694/751] Emitting module ConcurrencyExtras
[695/751] Compiling ConcurrencyExtras Task.swift
[696/751] Compiling CombineSchedulers Lock.swift
[697/751] Compiling CombineSchedulers NSRecursiveLock.swift
[697/751] Linking DependenciesMacrosPlugin-tool
[702/751] Compiling CombineSchedulers TestScheduler.swift
[703/751] Compiling CombineSchedulers Timer.swift
[706/751] Compiling CombineSchedulers AnyScheduler.swift
[707/751] Compiling CombineSchedulers Concurrency.swift
[724/756] Compiling ConcurrencyExtras LockIsolated.swift
[725/757] Emitting module Perception
[726/757] Wrapping AST for CasePathsMacros for debugging
[728/774] Compiling Perception Exports.swift
[729/774] Compiling Perception Macros.swift
[730/778] Compiling PerceptionCore PerceptionTracking.swift
[731/778] Compiling PerceptionCore Perceptions.swift
[732/780] Compiling DependenciesMacros Macros.swift
[733/780] Emitting module CombineSchedulers
[734/780] Emitting module DependenciesMacros
[735/780] Compiling DependenciesMacros Exports.swift
[738/781] Compiling CombineSchedulers UIScheduler.swift
[738/781] Linking SwiftNavigationMacros-tool
[740/781] Compiling DependenciesMacros Exports.swift
[741/781] Emitting module DependenciesMacros
[742/781] Compiling DependenciesMacros Macros.swift
[743/829] Write Objects.LinkFileList
[745/829] Compiling CombineSchedulers UnimplementedScheduler.swift
[746/829] Compiling Clocks SwiftUI.swift
[747/830] Compiling CasePathsCore CasePathable.swift
[748/830] Compiling CasePathsCore KeyPath+Sendable.swift
[749/830] Compiling CustomDump Photos.swift
[750/830] Compiling CustomDump Speech.swift
[751/833] Compiling Clocks Timer.swift
[752/833] Compiling CustomDump UniformTypeIdentifiers.swift
[753/833] Compiling CustomDump UserNotifications.swift
[754/833] Compiling CustomDump UserNotificationsUI.swift
[755/833] Compiling CustomDump CustomDumpReflectable.swift
[758/833] Compiling CasePathsCore AnyCasePath.swift
[759/833] Compiling CasePathsCore CasePath.swift
[760/833] Compiling CasePathsCore CasePathIterable.swift
[761/833] Compiling CasePathsCore CasePathReflectable.swift
[762/833] Compiling CasePathsCore Never+CasePathable.swift
[763/834] Compiling Clocks Lock.swift
[764/834] Compiling CasePathsCore Optional+CasePathable.swift
[765/834] Compiling CasePathsCore UncheckedSendable.swift
[766/834] Compiling CasePathsCore TypeName.swift
[767/834] Compiling Clocks AnyClock.swift
[768/834] Emitting module CasePathsCore
[771/834] Emitting module Clocks
[772/834] Compiling CustomDump StoreKit.swift
[773/834] Compiling CustomDump Swift.swift
[774/834] Compiling CustomDump SwiftUI.swift
[775/834] Compiling CustomDump UIKit.swift
[776/834] Compiling CasePathsCore Result+CasePathable.swift
[776/834] Linking ComposableArchitectureMacros-tool
[778/834] Compiling Clocks ImmediateClock.swift
[779/834] Compiling Clocks UnimplementedClock.swift
[784/834] Compiling Clocks TestClock.swift
[785/834] Compiling Clocks _AsyncTimerSequence.swift
[786/835] Compiling CustomDump ExpectDifference.swift
[787/835] Compiling CustomDump ExpectNoDifference.swift
[788/835] Compiling CustomDump AnyType.swift
[789/835] Compiling CustomDump CollectionDifference.swift
[795/836] Compiling CombineSchedulers UIKit.swift
[799/837] Emitting module CustomDump
[800/837] Compiling CustomDump Identifiable.swift
[801/837] Compiling CustomDump Mirror.swift
[802/837] Compiling CustomDump String.swift
[804/837] Compiling CustomDump Unordered.swift
[805/837] Compiling CustomDump XCTAssertDifference.swift
[806/837] Compiling CustomDump XCTAssertNoDifference.swift
[807/838] Compiling OpenCombineFoundation PropertyListEncoder.swift
[807/863] Linking CasePathsMacros-tool
[809/877] Compiling Dependencies DependencyKey.swift
[810/877] Compiling Dependencies DependencyValues.swift
[811/878] Compiling Dependencies Date.swift
[812/878] Compiling Dependencies FireAndForget.swift
[813/878] Compiling Dependencies Locale.swift
[814/878] Compiling Dependencies MainQueue.swift
[815/878] Emitting module PerceptionCore
[816/878] Compiling Dependencies Exports.swift
[817/878] Compiling Dependencies SendableKeyPath.swift
[818/878] Compiling Dependencies TypeName.swift
[819/881] Compiling CasePaths Exports.swift
[820/881] Compiling CasePaths LockIsolated.swift
[821/881] Compiling Dependencies MainRunLoop.swift
[822/881] Compiling Dependencies NotificationCenter.swift
[823/881] Compiling Dependencies OpenURL.swift
[826/881] Compiling OpenCombineFoundation Timer+Publisher.swift
[827/881] Compiling Dependencies Assert.swift
[828/881] Compiling Dependencies Calendar.swift
[829/881] Compiling Dependencies Clocks.swift
[830/881] Compiling Dependencies Context.swift
[833/881] Compiling OpenCombineFoundation OperationQueue+Scheduler.swift
[834/881] Emitting module OpenCombineFoundation
[835/881] Compiling Dependencies Dependency.swift
[836/881] Compiling Dependencies DependencyContext.swift
[837/881] Compiling OpenCombineFoundation URLSession.swift
[840/881] Compiling CasePaths XCTestSupport.swift
[841/881] Compiling CasePaths Macros.swift
[842/881] Compiling OpenCombineFoundation RunLoop+Scheduler.swift
[843/882] Compiling CasePaths Deprecations.swift
[844/882] Emitting module Dependencies
[845/882] Compiling Dependencies TimeZone.swift
[846/882] Compiling Dependencies URLSession.swift
[847/882] Compiling Dependencies UUID.swift
[849/882] Compiling CasePaths Macros.swift
[850/882] Compiling CasePaths XCTestSupport.swift
[851/882] Compiling CasePaths LockIsolated.swift
[852/882] Compiling CasePaths Exports.swift
[853/882] Compiling Dependencies WithRandomNumberGenerator.swift
[854/882] Compiling Dependencies AppEntryPoint.swift
[855/882] Compiling Dependencies Deprecations.swift
[856/882] Compiling PerceptionCore _PerceptionRegistrar.swift
[861/882] Compiling CasePaths Deprecations.swift
[869/885] Compiling OpenCombineShim OpenCombineShim.swift
[870/885] Emitting module OpenCombineShim
[876/890] Compiling Dependencies PreviewTrait.swift
[877/890] Compiling Dependencies TestTrait.swift
[878/890] Compiling Dependencies WithDependencies.swift
[879/890] Emitting module Perception
[880/890] Compiling Perception Macros.swift
[881/890] Compiling Perception Exports.swift
[884/904] Emitting module CasePaths
[885/904] Compiling CasePaths EnumReflection.swift
[886/905] Compiling CombineSchedulers Lock.swift
[887/905] Compiling CombineSchedulers NSRecursiveLock.swift
[888/905] Compiling CombineSchedulers TestScheduler.swift
[889/905] Compiling CombineSchedulers Timer.swift
[892/957] Emitting module CasePaths
[893/957] Compiling CasePaths EnumReflection.swift
[895/986] Compiling CombineSchedulers UIKit.swift
[896/987] Compiling SwiftNavigation CasePaths.swift
[897/987] Compiling SwiftNavigation CustomDump.swift
[898/987] Compiling SwiftNavigation IssueReporting.swift
[899/987] Compiling SwiftNavigation Perception.swift
[900/987] Compiling SwiftNavigation Sharing.swift
[901/987] Compiling SwiftNavigation TransactionEntry.swift
[902/987] Compiling SwiftNavigation UIBindable.swift
error: emit-module command failed with exit code 1 (use -v to see invocation)
[903/990] Emitting module SwiftNavigation
/host/spi-builder-workspace/.build/checkouts/swift-navigation/Sources/SwiftNavigation/TextState.swift:212:20: error: cannot find type 'LocalizedStringResource' in scope
210 |
211 |   @available(iOS 16, macOS 13, tvOS 16, watchOS 9, *)
212 |   init(_ resource: LocalizedStringResource) {
    |                    `- error: cannot find type 'LocalizedStringResource' in scope
213 |     self.value = resource
214 |   }
/host/spi-builder-workspace/.build/checkouts/swift-navigation/Sources/SwiftNavigation/TextState.swift:216:20: error: cannot find type 'Text' in scope
214 |   }
215 |
216 |   func asText() -> Text {
    |                    `- error: cannot find type 'Text' in scope
217 |     guard
218 |       #available(iOS 16, macOS 13, tvOS 16, watchOS 9, *),
/host/spi-builder-workspace/.build/checkouts/swift-navigation/Sources/SwiftNavigation/TextState.swift:277:17: error: cannot find type 'LocalizedStringResource' in scope
275 |   @available(iOS 16, macOS 13, tvOS 16, watchOS 9, *)
276 |   public init(
277 |     _ resource: LocalizedStringResource
    |                 `- error: cannot find type 'LocalizedStringResource' in scope
278 |   ) {
279 |     self.storage = .localizedStringResource(
/host/spi-builder-workspace/.build/checkouts/swift-navigation/Sources/SwiftNavigation/TextState.swift:669:10: error: initializer cannot be declared public because its parameter uses an internal type
  1 | import Foundation
    | `- note: struct 'Locale' imported as 'internal' from 'Foundation' here
  2 |
  3 | #if canImport(SwiftUI)
    :
667 |
668 | extension String {
669 |   public init(state: TextState, locale: Locale? = nil) {
    |          |- error: initializer cannot be declared public because its parameter uses an internal type
    |          `- note: struct 'Locale' is imported by this file as 'internal' from 'Foundation'
670 |     switch state.storage {
671 |     case .concatenated(let lhs, let rhs):
FoundationEssentials.Locale:2:15: note: type declared here
  1 | @available(macOS 10.10, iOS 8.0, watchOS 2.0, tvOS 9.0, *)
  2 | public struct Locale : Hashable, Equatable, Sendable {
    |               `- note: type declared here
  3 |     public enum LanguageDirection : UInt, Sendable {
  4 |         case unknown
[904/990] Compiling SwiftNavigation ToOptionalUnit.swift
[905/990] Compiling SwiftNavigation NSObject+Observe.swift
[906/990] Compiling SwiftNavigation Observe.swift
[907/990] Compiling SwiftNavigation TextState.swift
[908/990] Emitting module Sharing
[909/993] Compiling SwiftNavigation AssumeIsolated.swift
[910/993] Compiling SwiftNavigation Deprecations.swift
[911/993] Compiling SwiftNavigation ErrorMechanism.swift
[912/993] Compiling SwiftNavigation ButtonState.swift
[913/993] Compiling SwiftNavigation ButtonStateBuilder.swift
[914/993] Compiling SwiftNavigation CaseBindable.swift
[915/993] Compiling SwiftNavigation Exports.swift
[916/993] Compiling SwiftNavigation HashableStaticString.swift
[917/993] Compiling SwiftNavigation KeyPath+Sendable.swift
[918/993] Compiling SwiftNavigation LockIsolated.swift
[919/993] Compiling SwiftNavigation AnyHashableSendable.swift
/host/spi-builder-workspace/.build/checkouts/swift-navigation/Sources/SwiftNavigation/TextState.swift:212:20: error: cannot find type 'LocalizedStringResource' in scope
210 |
211 |   @available(iOS 16, macOS 13, tvOS 16, watchOS 9, *)
212 |   init(_ resource: LocalizedStringResource) {
    |                    `- error: cannot find type 'LocalizedStringResource' in scope
213 |     self.value = resource
214 |   }
/host/spi-builder-workspace/.build/checkouts/swift-navigation/Sources/SwiftNavigation/TextState.swift:216:20: error: cannot find type 'Text' in scope
214 |   }
215 |
216 |   func asText() -> Text {
    |                    `- error: cannot find type 'Text' in scope
217 |     guard
218 |       #available(iOS 16, macOS 13, tvOS 16, watchOS 9, *),
/host/spi-builder-workspace/.build/checkouts/swift-navigation/Sources/SwiftNavigation/TextState.swift:277:17: error: cannot find type 'LocalizedStringResource' in scope
275 |   @available(iOS 16, macOS 13, tvOS 16, watchOS 9, *)
276 |   public init(
277 |     _ resource: LocalizedStringResource
    |                 `- error: cannot find type 'LocalizedStringResource' in scope
278 |   ) {
279 |     self.storage = .localizedStringResource(
/host/spi-builder-workspace/.build/checkouts/swift-navigation/Sources/SwiftNavigation/TextState.swift:669:10: error: initializer cannot be declared public because its parameter uses an internal type
  1 | import Foundation
    | `- note: struct 'Locale' imported as 'internal' from 'Foundation' here
  2 |
  3 | #if canImport(SwiftUI)
    :
667 |
668 | extension String {
669 |   public init(state: TextState, locale: Locale? = nil) {
    |          |- error: initializer cannot be declared public because its parameter uses an internal type
    |          `- note: struct 'Locale' is imported by this file as 'internal' from 'Foundation'
670 |     switch state.storage {
671 |     case .concatenated(let lhs, let rhs):
FoundationEssentials.Locale:2:15: note: type declared here
  1 | @available(macOS 10.10, iOS 8.0, watchOS 2.0, tvOS 9.0, *)
  2 | public struct Locale : Hashable, Equatable, Sendable {
    |               `- note: type declared here
  3 |     public enum LanguageDirection : UInt, Sendable {
  4 |         case unknown
/host/spi-builder-workspace/.build/checkouts/swift-navigation/Sources/SwiftNavigation/TextState.swift:219:32: error: cannot find type 'LocalizedStringResource' in scope
217 |     guard
218 |       #available(iOS 16, macOS 13, tvOS 16, watchOS 9, *),
219 |       let resource = value as? LocalizedStringResource
    |                                `- error: cannot find type 'LocalizedStringResource' in scope
220 |     else {
221 |       preconditionFailure(
/host/spi-builder-workspace/.build/checkouts/swift-navigation/Sources/SwiftNavigation/TextState.swift:226:12: error: cannot find 'Text' in scope
224 |     }
225 |
226 |     return Text(resource)
    |            `- error: cannot find 'Text' in scope
227 |   }
228 |
/host/spi-builder-workspace/.build/checkouts/swift-navigation/Sources/SwiftNavigation/TextState.swift:232:32: error: cannot find type 'LocalizedStringResource' in scope
230 |     guard
231 |       #available(iOS 16, macOS 13, tvOS 16, watchOS 9, *),
232 |       var resource = value as? LocalizedStringResource
    |                                `- error: cannot find type 'LocalizedStringResource' in scope
233 |     else {
234 |       preconditionFailure(
/host/spi-builder-workspace/.build/checkouts/swift-navigation/Sources/SwiftNavigation/TextState.swift:243:12: error: no exact matches in call to initializer
241 |     }
242 |
243 |     return String(localized: resource)
    |            `- error: no exact matches in call to initializer
244 |   }
245 | }
Swift.String.init:2:19: note: incorrect labels for candidate (have: '(localized:)', expected: '(_:)')
1 | struct String {
2 | @inlinable public init(_ c: Character)}
  |                   `- note: incorrect labels for candidate (have: '(localized:)', expected: '(_:)')
3 |
Swift.String.init:2:19: note: incorrect labels for candidate (have: '(localized:)', expected: '(_:)')
1 | struct String {
2 | @inlinable public init(_ scalar: Unicode.Scalar)}
  |                   `- note: incorrect labels for candidate (have: '(localized:)', expected: '(_:)')
3 |
Swift.String.init:2:19: note: incorrect labels for candidate (have: '(localized:)', expected: '(_:)')
1 | struct String {
2 | @inlinable public init(_ unicodeScalars: String.UnicodeScalarView)}
  |                   `- note: incorrect labels for candidate (have: '(localized:)', expected: '(_:)')
3 |
Swift.String.init:3:21: note: incorrect labels for candidate (have: '(localized:)', expected: '(_:)')
1 | struct String {
2 | @available(swift 4.0)
3 |   @inlinable public init(_ utf16: String.UTF16View)}
  |                     `- note: incorrect labels for candidate (have: '(localized:)', expected: '(_:)')
4 |
Swift.String.init:3:21: note: incorrect labels for candidate (have: '(localized:)', expected: '(_:)')
1 | struct String {
2 | @available(swift, introduced: 4.0, message: "Please use failable String.init?(_:UTF8View) when in Swift 3.2 mode")
3 |   @inlinable public init(_ utf8: String.UTF8View)}
  |                     `- note: incorrect labels for candidate (have: '(localized:)', expected: '(_:)')
4 |
Swift.String.init:2:19: note: incorrect labels for candidate (have: '(localized:)', expected: '(_:)')
1 | struct String {
2 | @inlinable public init(_ substring: __shared Substring)}
  |                   `- note: incorrect labels for candidate (have: '(localized:)', expected: '(_:)')
3 |
Swift.String.init:2:8: note: incorrect labels for candidate (have: '(localized:)', expected: '(_:)')
1 | struct String {
2 | public init(_ content: Substring.UnicodeScalarView)}
  |        `- note: incorrect labels for candidate (have: '(localized:)', expected: '(_:)')
3 |
FoundationEssentials.String.init:3:10: note: incorrect labels for candidate (have: '(localized:)', expected: '(_:)')
1 | struct String {
2 | @available(macOS 12, iOS 15, tvOS 15, watchOS 8, *)
3 |   public init(_ characters: Slice<AttributedString.CharacterView>)}
  |          `- note: incorrect labels for candidate (have: '(localized:)', expected: '(_:)')
4 |
FoundationEssentials.String.init:3:10: note: incorrect labels for candidate (have: '(localized:)', expected: '(_:)')
1 | struct String {
2 | @available(macOS 15, iOS 18, tvOS 18, watchOS 11, *)
3 |   public init(_ key: URL.Template.VariableName)}
  |          `- note: incorrect labels for candidate (have: '(localized:)', expected: '(_:)')
4 |
Foundation.String.init:2:8: note: incorrect labels for candidate (have: '(localized:)', expected: '(_:)')
1 | struct String {
2 | public init(_ cocoaString: NSString)}
  |        `- note: incorrect labels for candidate (have: '(localized:)', expected: '(_:)')
3 |
/host/spi-builder-workspace/.build/checkouts/swift-navigation/Sources/SwiftNavigation/TextState.swift:212:20: error: cannot find type 'LocalizedStringResource' in scope
210 |
211 |   @available(iOS 16, macOS 13, tvOS 16, watchOS 9, *)
212 |   init(_ resource: LocalizedStringResource) {
    |                    `- error: cannot find type 'LocalizedStringResource' in scope
213 |     self.value = resource
214 |   }
/host/spi-builder-workspace/.build/checkouts/swift-navigation/Sources/SwiftNavigation/TextState.swift:216:20: error: cannot find type 'Text' in scope
214 |   }
215 |
216 |   func asText() -> Text {
    |                    `- error: cannot find type 'Text' in scope
217 |     guard
218 |       #available(iOS 16, macOS 13, tvOS 16, watchOS 9, *),
/host/spi-builder-workspace/.build/checkouts/swift-navigation/Sources/SwiftNavigation/TextState.swift:277:17: error: cannot find type 'LocalizedStringResource' in scope
275 |   @available(iOS 16, macOS 13, tvOS 16, watchOS 9, *)
276 |   public init(
277 |     _ resource: LocalizedStringResource
    |                 `- error: cannot find type 'LocalizedStringResource' in scope
278 |   ) {
279 |     self.storage = .localizedStringResource(
/host/spi-builder-workspace/.build/checkouts/swift-navigation/Sources/SwiftNavigation/TextState.swift:669:10: error: initializer cannot be declared public because its parameter uses an internal type
  1 | import Foundation
    | `- note: struct 'Locale' imported as 'internal' from 'Foundation' here
  2 |
  3 | #if canImport(SwiftUI)
    :
667 |
668 | extension String {
669 |   public init(state: TextState, locale: Locale? = nil) {
    |          |- error: initializer cannot be declared public because its parameter uses an internal type
    |          `- note: struct 'Locale' is imported by this file as 'internal' from 'Foundation'
670 |     switch state.storage {
671 |     case .concatenated(let lhs, let rhs):
FoundationEssentials.Locale:2:15: note: type declared here
  1 | @available(macOS 10.10, iOS 8.0, watchOS 2.0, tvOS 9.0, *)
  2 | public struct Locale : Hashable, Equatable, Sendable {
    |               `- note: type declared here
  3 |     public enum LanguageDirection : UInt, Sendable {
  4 |         case unknown
/host/spi-builder-workspace/.build/checkouts/swift-navigation/Sources/SwiftNavigation/TextState.swift:219:32: error: cannot find type 'LocalizedStringResource' in scope
217 |     guard
218 |       #available(iOS 16, macOS 13, tvOS 16, watchOS 9, *),
219 |       let resource = value as? LocalizedStringResource
    |                                `- error: cannot find type 'LocalizedStringResource' in scope
220 |     else {
221 |       preconditionFailure(
/host/spi-builder-workspace/.build/checkouts/swift-navigation/Sources/SwiftNavigation/TextState.swift:226:12: error: cannot find 'Text' in scope
224 |     }
225 |
226 |     return Text(resource)
    |            `- error: cannot find 'Text' in scope
227 |   }
228 |
/host/spi-builder-workspace/.build/checkouts/swift-navigation/Sources/SwiftNavigation/TextState.swift:232:32: error: cannot find type 'LocalizedStringResource' in scope
230 |     guard
231 |       #available(iOS 16, macOS 13, tvOS 16, watchOS 9, *),
232 |       var resource = value as? LocalizedStringResource
    |                                `- error: cannot find type 'LocalizedStringResource' in scope
233 |     else {
234 |       preconditionFailure(
/host/spi-builder-workspace/.build/checkouts/swift-navigation/Sources/SwiftNavigation/TextState.swift:243:12: error: no exact matches in call to initializer
241 |     }
242 |
243 |     return String(localized: resource)
    |            `- error: no exact matches in call to initializer
244 |   }
245 | }
Swift.String.init:2:19: note: incorrect labels for candidate (have: '(localized:)', expected: '(_:)')
1 | struct String {
2 | @inlinable public init(_ c: Character)}
  |                   `- note: incorrect labels for candidate (have: '(localized:)', expected: '(_:)')
3 |
Swift.String.init:2:19: note: incorrect labels for candidate (have: '(localized:)', expected: '(_:)')
1 | struct String {
2 | @inlinable public init(_ scalar: Unicode.Scalar)}
  |                   `- note: incorrect labels for candidate (have: '(localized:)', expected: '(_:)')
3 |
Swift.String.init:2:19: note: incorrect labels for candidate (have: '(localized:)', expected: '(_:)')
1 | struct String {
2 | @inlinable public init(_ unicodeScalars: String.UnicodeScalarView)}
  |                   `- note: incorrect labels for candidate (have: '(localized:)', expected: '(_:)')
3 |
Swift.String.init:3:21: note: incorrect labels for candidate (have: '(localized:)', expected: '(_:)')
1 | struct String {
2 | @available(swift 4.0)
3 |   @inlinable public init(_ utf16: String.UTF16View)}
  |                     `- note: incorrect labels for candidate (have: '(localized:)', expected: '(_:)')
4 |
Swift.String.init:3:21: note: incorrect labels for candidate (have: '(localized:)', expected: '(_:)')
1 | struct String {
2 | @available(swift, introduced: 4.0, message: "Please use failable String.init?(_:UTF8View) when in Swift 3.2 mode")
3 |   @inlinable public init(_ utf8: String.UTF8View)}
  |                     `- note: incorrect labels for candidate (have: '(localized:)', expected: '(_:)')
4 |
Swift.String.init:2:19: note: incorrect labels for candidate (have: '(localized:)', expected: '(_:)')
1 | struct String {
2 | @inlinable public init(_ substring: __shared Substring)}
  |                   `- note: incorrect labels for candidate (have: '(localized:)', expected: '(_:)')
3 |
Swift.String.init:2:8: note: incorrect labels for candidate (have: '(localized:)', expected: '(_:)')
1 | struct String {
2 | public init(_ content: Substring.UnicodeScalarView)}
  |        `- note: incorrect labels for candidate (have: '(localized:)', expected: '(_:)')
3 |
FoundationEssentials.String.init:3:10: note: incorrect labels for candidate (have: '(localized:)', expected: '(_:)')
1 | struct String {
2 | @available(macOS 12, iOS 15, tvOS 15, watchOS 8, *)
3 |   public init(_ characters: Slice<AttributedString.CharacterView>)}
  |          `- note: incorrect labels for candidate (have: '(localized:)', expected: '(_:)')
4 |
FoundationEssentials.String.init:3:10: note: incorrect labels for candidate (have: '(localized:)', expected: '(_:)')
1 | struct String {
2 | @available(macOS 15, iOS 18, tvOS 18, watchOS 11, *)
3 |   public init(_ key: URL.Template.VariableName)}
  |          `- note: incorrect labels for candidate (have: '(localized:)', expected: '(_:)')
4 |
Foundation.String.init:2:8: note: incorrect labels for candidate (have: '(localized:)', expected: '(_:)')
1 | struct String {
2 | public init(_ cocoaString: NSString)}
  |        `- note: incorrect labels for candidate (have: '(localized:)', expected: '(_:)')
3 |
/host/spi-builder-workspace/.build/checkouts/swift-navigation/Sources/SwiftNavigation/TextState.swift:212:20: error: cannot find type 'LocalizedStringResource' in scope
210 |
211 |   @available(iOS 16, macOS 13, tvOS 16, watchOS 9, *)
212 |   init(_ resource: LocalizedStringResource) {
    |                    `- error: cannot find type 'LocalizedStringResource' in scope
213 |     self.value = resource
214 |   }
/host/spi-builder-workspace/.build/checkouts/swift-navigation/Sources/SwiftNavigation/TextState.swift:216:20: error: cannot find type 'Text' in scope
214 |   }
215 |
216 |   func asText() -> Text {
    |                    `- error: cannot find type 'Text' in scope
217 |     guard
218 |       #available(iOS 16, macOS 13, tvOS 16, watchOS 9, *),
/host/spi-builder-workspace/.build/checkouts/swift-navigation/Sources/SwiftNavigation/TextState.swift:277:17: error: cannot find type 'LocalizedStringResource' in scope
275 |   @available(iOS 16, macOS 13, tvOS 16, watchOS 9, *)
276 |   public init(
277 |     _ resource: LocalizedStringResource
    |                 `- error: cannot find type 'LocalizedStringResource' in scope
278 |   ) {
279 |     self.storage = .localizedStringResource(
/host/spi-builder-workspace/.build/checkouts/swift-navigation/Sources/SwiftNavigation/TextState.swift:669:10: error: initializer cannot be declared public because its parameter uses an internal type
  1 | import Foundation
    | `- note: struct 'Locale' imported as 'internal' from 'Foundation' here
  2 |
  3 | #if canImport(SwiftUI)
    :
667 |
668 | extension String {
669 |   public init(state: TextState, locale: Locale? = nil) {
    |          |- error: initializer cannot be declared public because its parameter uses an internal type
    |          `- note: struct 'Locale' is imported by this file as 'internal' from 'Foundation'
670 |     switch state.storage {
671 |     case .concatenated(let lhs, let rhs):
FoundationEssentials.Locale:2:15: note: type declared here
  1 | @available(macOS 10.10, iOS 8.0, watchOS 2.0, tvOS 9.0, *)
  2 | public struct Locale : Hashable, Equatable, Sendable {
    |               `- note: type declared here
  3 |     public enum LanguageDirection : UInt, Sendable {
  4 |         case unknown
/host/spi-builder-workspace/.build/checkouts/swift-navigation/Sources/SwiftNavigation/TextState.swift:219:32: error: cannot find type 'LocalizedStringResource' in scope
217 |     guard
218 |       #available(iOS 16, macOS 13, tvOS 16, watchOS 9, *),
219 |       let resource = value as? LocalizedStringResource
    |                                `- error: cannot find type 'LocalizedStringResource' in scope
220 |     else {
221 |       preconditionFailure(
/host/spi-builder-workspace/.build/checkouts/swift-navigation/Sources/SwiftNavigation/TextState.swift:226:12: error: cannot find 'Text' in scope
224 |     }
225 |
226 |     return Text(resource)
    |            `- error: cannot find 'Text' in scope
227 |   }
228 |
/host/spi-builder-workspace/.build/checkouts/swift-navigation/Sources/SwiftNavigation/TextState.swift:232:32: error: cannot find type 'LocalizedStringResource' in scope
230 |     guard
231 |       #available(iOS 16, macOS 13, tvOS 16, watchOS 9, *),
232 |       var resource = value as? LocalizedStringResource
    |                                `- error: cannot find type 'LocalizedStringResource' in scope
233 |     else {
234 |       preconditionFailure(
/host/spi-builder-workspace/.build/checkouts/swift-navigation/Sources/SwiftNavigation/TextState.swift:243:12: error: no exact matches in call to initializer
241 |     }
242 |
243 |     return String(localized: resource)
    |            `- error: no exact matches in call to initializer
244 |   }
245 | }
Swift.String.init:2:19: note: incorrect labels for candidate (have: '(localized:)', expected: '(_:)')
1 | struct String {
2 | @inlinable public init(_ c: Character)}
  |                   `- note: incorrect labels for candidate (have: '(localized:)', expected: '(_:)')
3 |
Swift.String.init:2:19: note: incorrect labels for candidate (have: '(localized:)', expected: '(_:)')
1 | struct String {
2 | @inlinable public init(_ scalar: Unicode.Scalar)}
  |                   `- note: incorrect labels for candidate (have: '(localized:)', expected: '(_:)')
3 |
Swift.String.init:2:19: note: incorrect labels for candidate (have: '(localized:)', expected: '(_:)')
1 | struct String {
2 | @inlinable public init(_ unicodeScalars: String.UnicodeScalarView)}
  |                   `- note: incorrect labels for candidate (have: '(localized:)', expected: '(_:)')
3 |
Swift.String.init:3:21: note: incorrect labels for candidate (have: '(localized:)', expected: '(_:)')
1 | struct String {
2 | @available(swift 4.0)
3 |   @inlinable public init(_ utf16: String.UTF16View)}
  |                     `- note: incorrect labels for candidate (have: '(localized:)', expected: '(_:)')
4 |
Swift.String.init:3:21: note: incorrect labels for candidate (have: '(localized:)', expected: '(_:)')
1 | struct String {
2 | @available(swift, introduced: 4.0, message: "Please use failable String.init?(_:UTF8View) when in Swift 3.2 mode")
3 |   @inlinable public init(_ utf8: String.UTF8View)}
  |                     `- note: incorrect labels for candidate (have: '(localized:)', expected: '(_:)')
4 |
Swift.String.init:2:19: note: incorrect labels for candidate (have: '(localized:)', expected: '(_:)')
1 | struct String {
2 | @inlinable public init(_ substring: __shared Substring)}
  |                   `- note: incorrect labels for candidate (have: '(localized:)', expected: '(_:)')
3 |
Swift.String.init:2:8: note: incorrect labels for candidate (have: '(localized:)', expected: '(_:)')
1 | struct String {
2 | public init(_ content: Substring.UnicodeScalarView)}
  |        `- note: incorrect labels for candidate (have: '(localized:)', expected: '(_:)')
3 |
FoundationEssentials.String.init:3:10: note: incorrect labels for candidate (have: '(localized:)', expected: '(_:)')
1 | struct String {
2 | @available(macOS 12, iOS 15, tvOS 15, watchOS 8, *)
3 |   public init(_ characters: Slice<AttributedString.CharacterView>)}
  |          `- note: incorrect labels for candidate (have: '(localized:)', expected: '(_:)')
4 |
FoundationEssentials.String.init:3:10: note: incorrect labels for candidate (have: '(localized:)', expected: '(_:)')
1 | struct String {
2 | @available(macOS 15, iOS 18, tvOS 18, watchOS 11, *)
3 |   public init(_ key: URL.Template.VariableName)}
  |          `- note: incorrect labels for candidate (have: '(localized:)', expected: '(_:)')
4 |
Foundation.String.init:2:8: note: incorrect labels for candidate (have: '(localized:)', expected: '(_:)')
1 | struct String {
2 | public init(_ cocoaString: NSString)}
  |        `- note: incorrect labels for candidate (have: '(localized:)', expected: '(_:)')
3 |
/host/spi-builder-workspace/.build/checkouts/swift-navigation/Sources/SwiftNavigation/TextState.swift:212:20: error: cannot find type 'LocalizedStringResource' in scope
210 |
211 |   @available(iOS 16, macOS 13, tvOS 16, watchOS 9, *)
212 |   init(_ resource: LocalizedStringResource) {
    |                    `- error: cannot find type 'LocalizedStringResource' in scope
213 |     self.value = resource
214 |   }
/host/spi-builder-workspace/.build/checkouts/swift-navigation/Sources/SwiftNavigation/TextState.swift:216:20: error: cannot find type 'Text' in scope
214 |   }
215 |
216 |   func asText() -> Text {
    |                    `- error: cannot find type 'Text' in scope
217 |     guard
218 |       #available(iOS 16, macOS 13, tvOS 16, watchOS 9, *),
/host/spi-builder-workspace/.build/checkouts/swift-navigation/Sources/SwiftNavigation/TextState.swift:277:17: error: cannot find type 'LocalizedStringResource' in scope
275 |   @available(iOS 16, macOS 13, tvOS 16, watchOS 9, *)
276 |   public init(
277 |     _ resource: LocalizedStringResource
    |                 `- error: cannot find type 'LocalizedStringResource' in scope
278 |   ) {
279 |     self.storage = .localizedStringResource(
/host/spi-builder-workspace/.build/checkouts/swift-navigation/Sources/SwiftNavigation/TextState.swift:669:10: error: initializer cannot be declared public because its parameter uses an internal type
  1 | import Foundation
    | `- note: struct 'Locale' imported as 'internal' from 'Foundation' here
  2 |
  3 | #if canImport(SwiftUI)
    :
667 |
668 | extension String {
669 |   public init(state: TextState, locale: Locale? = nil) {
    |          |- error: initializer cannot be declared public because its parameter uses an internal type
    |          `- note: struct 'Locale' is imported by this file as 'internal' from 'Foundation'
670 |     switch state.storage {
671 |     case .concatenated(let lhs, let rhs):
FoundationEssentials.Locale:2:15: note: type declared here
  1 | @available(macOS 10.10, iOS 8.0, watchOS 2.0, tvOS 9.0, *)
  2 | public struct Locale : Hashable, Equatable, Sendable {
    |               `- note: type declared here
  3 |     public enum LanguageDirection : UInt, Sendable {
  4 |         case unknown
/host/spi-builder-workspace/.build/checkouts/swift-navigation/Sources/SwiftNavigation/TextState.swift:219:32: error: cannot find type 'LocalizedStringResource' in scope
217 |     guard
218 |       #available(iOS 16, macOS 13, tvOS 16, watchOS 9, *),
219 |       let resource = value as? LocalizedStringResource
    |                                `- error: cannot find type 'LocalizedStringResource' in scope
220 |     else {
221 |       preconditionFailure(
/host/spi-builder-workspace/.build/checkouts/swift-navigation/Sources/SwiftNavigation/TextState.swift:226:12: error: cannot find 'Text' in scope
224 |     }
225 |
226 |     return Text(resource)
    |            `- error: cannot find 'Text' in scope
227 |   }
228 |
/host/spi-builder-workspace/.build/checkouts/swift-navigation/Sources/SwiftNavigation/TextState.swift:232:32: error: cannot find type 'LocalizedStringResource' in scope
230 |     guard
231 |       #available(iOS 16, macOS 13, tvOS 16, watchOS 9, *),
232 |       var resource = value as? LocalizedStringResource
    |                                `- error: cannot find type 'LocalizedStringResource' in scope
233 |     else {
234 |       preconditionFailure(
/host/spi-builder-workspace/.build/checkouts/swift-navigation/Sources/SwiftNavigation/TextState.swift:243:12: error: no exact matches in call to initializer
241 |     }
242 |
243 |     return String(localized: resource)
    |            `- error: no exact matches in call to initializer
244 |   }
245 | }
Swift.String.init:2:19: note: incorrect labels for candidate (have: '(localized:)', expected: '(_:)')
1 | struct String {
2 | @inlinable public init(_ c: Character)}
  |                   `- note: incorrect labels for candidate (have: '(localized:)', expected: '(_:)')
3 |
Swift.String.init:2:19: note: incorrect labels for candidate (have: '(localized:)', expected: '(_:)')
1 | struct String {
2 | @inlinable public init(_ scalar: Unicode.Scalar)}
  |                   `- note: incorrect labels for candidate (have: '(localized:)', expected: '(_:)')
3 |
Swift.String.init:2:19: note: incorrect labels for candidate (have: '(localized:)', expected: '(_:)')
1 | struct String {
2 | @inlinable public init(_ unicodeScalars: String.UnicodeScalarView)}
  |                   `- note: incorrect labels for candidate (have: '(localized:)', expected: '(_:)')
3 |
Swift.String.init:3:21: note: incorrect labels for candidate (have: '(localized:)', expected: '(_:)')
1 | struct String {
2 | @available(swift 4.0)
3 |   @inlinable public init(_ utf16: String.UTF16View)}
  |                     `- note: incorrect labels for candidate (have: '(localized:)', expected: '(_:)')
4 |
Swift.String.init:3:21: note: incorrect labels for candidate (have: '(localized:)', expected: '(_:)')
1 | struct String {
2 | @available(swift, introduced: 4.0, message: "Please use failable String.init?(_:UTF8View) when in Swift 3.2 mode")
3 |   @inlinable public init(_ utf8: String.UTF8View)}
  |                     `- note: incorrect labels for candidate (have: '(localized:)', expected: '(_:)')
4 |
Swift.String.init:2:19: note: incorrect labels for candidate (have: '(localized:)', expected: '(_:)')
1 | struct String {
2 | @inlinable public init(_ substring: __shared Substring)}
  |                   `- note: incorrect labels for candidate (have: '(localized:)', expected: '(_:)')
3 |
Swift.String.init:2:8: note: incorrect labels for candidate (have: '(localized:)', expected: '(_:)')
1 | struct String {
2 | public init(_ content: Substring.UnicodeScalarView)}
  |        `- note: incorrect labels for candidate (have: '(localized:)', expected: '(_:)')
3 |
FoundationEssentials.String.init:3:10: note: incorrect labels for candidate (have: '(localized:)', expected: '(_:)')
1 | struct String {
2 | @available(macOS 12, iOS 15, tvOS 15, watchOS 8, *)
3 |   public init(_ characters: Slice<AttributedString.CharacterView>)}
  |          `- note: incorrect labels for candidate (have: '(localized:)', expected: '(_:)')
4 |
FoundationEssentials.String.init:3:10: note: incorrect labels for candidate (have: '(localized:)', expected: '(_:)')
1 | struct String {
2 | @available(macOS 15, iOS 18, tvOS 18, watchOS 11, *)
3 |   public init(_ key: URL.Template.VariableName)}
  |          `- note: incorrect labels for candidate (have: '(localized:)', expected: '(_:)')
4 |
Foundation.String.init:2:8: note: incorrect labels for candidate (have: '(localized:)', expected: '(_:)')
1 | struct String {
2 | public init(_ cocoaString: NSString)}
  |        `- note: incorrect labels for candidate (have: '(localized:)', expected: '(_:)')
3 |
[925/993] Compiling SwiftNavigation ConfirmationDialogState.swift
[926/993] Compiling SwiftNavigation HashableObject.swift
[934/996] Compiling CombineSchedulers UnimplementedScheduler.swift
[935/996] Compiling CombineSchedulers UIScheduler.swift
error: emit-module command failed with exit code 1 (use -v to see invocation)
[938/996] Emitting module SwiftNavigation
/host/spi-builder-workspace/.build/checkouts/swift-navigation/Sources/SwiftNavigation/TextState.swift:212:20: error: cannot find type 'LocalizedStringResource' in scope
210 |
211 |   @available(iOS 16, macOS 13, tvOS 16, watchOS 9, *)
212 |   init(_ resource: LocalizedStringResource) {
    |                    `- error: cannot find type 'LocalizedStringResource' in scope
213 |     self.value = resource
214 |   }
/host/spi-builder-workspace/.build/checkouts/swift-navigation/Sources/SwiftNavigation/TextState.swift:216:20: error: cannot find type 'Text' in scope
214 |   }
215 |
216 |   func asText() -> Text {
    |                    `- error: cannot find type 'Text' in scope
217 |     guard
218 |       #available(iOS 16, macOS 13, tvOS 16, watchOS 9, *),
/host/spi-builder-workspace/.build/checkouts/swift-navigation/Sources/SwiftNavigation/TextState.swift:277:17: error: cannot find type 'LocalizedStringResource' in scope
275 |   @available(iOS 16, macOS 13, tvOS 16, watchOS 9, *)
276 |   public init(
277 |     _ resource: LocalizedStringResource
    |                 `- error: cannot find type 'LocalizedStringResource' in scope
278 |   ) {
279 |     self.storage = .localizedStringResource(
/host/spi-builder-workspace/.build/checkouts/swift-navigation/Sources/SwiftNavigation/TextState.swift:669:10: error: initializer cannot be declared public because its parameter uses an internal type
  1 | import Foundation
    | `- note: struct 'Locale' imported as 'internal' from 'Foundation' here
  2 |
  3 | #if canImport(SwiftUI)
    :
667 |
668 | extension String {
669 |   public init(state: TextState, locale: Locale? = nil) {
    |          |- error: initializer cannot be declared public because its parameter uses an internal type
    |          `- note: struct 'Locale' is imported by this file as 'internal' from 'Foundation'
670 |     switch state.storage {
671 |     case .concatenated(let lhs, let rhs):
FoundationEssentials.Locale:2:15: note: type declared here
  1 | @available(macOS 10.10, iOS 8.0, watchOS 2.0, tvOS 9.0, *)
  2 | public struct Locale : Hashable, Equatable, Sendable {
    |               `- note: type declared here
  3 |     public enum LanguageDirection : UInt, Sendable {
  4 |         case unknown
[940/996] Compiling SwiftNavigation AlertState.swift
[941/996] Compiling SwiftNavigation Bind.swift
[942/996] Compiling SwiftNavigation Binding.swift
/host/spi-builder-workspace/.build/checkouts/swift-navigation/Sources/SwiftNavigation/TextState.swift:212:20: error: cannot find type 'LocalizedStringResource' in scope
210 |
211 |   @available(iOS 16, macOS 13, tvOS 16, watchOS 9, *)
212 |   init(_ resource: LocalizedStringResource) {
    |                    `- error: cannot find type 'LocalizedStringResource' in scope
213 |     self.value = resource
214 |   }
/host/spi-builder-workspace/.build/checkouts/swift-navigation/Sources/SwiftNavigation/TextState.swift:216:20: error: cannot find type 'Text' in scope
214 |   }
215 |
216 |   func asText() -> Text {
    |                    `- error: cannot find type 'Text' in scope
217 |     guard
218 |       #available(iOS 16, macOS 13, tvOS 16, watchOS 9, *),
/host/spi-builder-workspace/.build/checkouts/swift-navigation/Sources/SwiftNavigation/TextState.swift:277:17: error: cannot find type 'LocalizedStringResource' in scope
275 |   @available(iOS 16, macOS 13, tvOS 16, watchOS 9, *)
276 |   public init(
277 |     _ resource: LocalizedStringResource
    |                 `- error: cannot find type 'LocalizedStringResource' in scope
278 |   ) {
279 |     self.storage = .localizedStringResource(
/host/spi-builder-workspace/.build/checkouts/swift-navigation/Sources/SwiftNavigation/TextState.swift:669:10: error: initializer cannot be declared public because its parameter uses an internal type
  1 | import Foundation
    | `- note: struct 'Locale' imported as 'internal' from 'Foundation' here
  2 |
  3 | #if canImport(SwiftUI)
    :
667 |
668 | extension String {
669 |   public init(state: TextState, locale: Locale? = nil) {
    |          |- error: initializer cannot be declared public because its parameter uses an internal type
    |          `- note: struct 'Locale' is imported by this file as 'internal' from 'Foundation'
670 |     switch state.storage {
671 |     case .concatenated(let lhs, let rhs):
FoundationEssentials.Locale:2:15: note: type declared here
  1 | @available(macOS 10.10, iOS 8.0, watchOS 2.0, tvOS 9.0, *)
  2 | public struct Locale : Hashable, Equatable, Sendable {
    |               `- note: type declared here
  3 |     public enum LanguageDirection : UInt, Sendable {
  4 |         case unknown
/host/spi-builder-workspace/.build/checkouts/swift-navigation/Sources/SwiftNavigation/TextState.swift:219:32: error: cannot find type 'LocalizedStringResource' in scope
217 |     guard
218 |       #available(iOS 16, macOS 13, tvOS 16, watchOS 9, *),
219 |       let resource = value as? LocalizedStringResource
    |                                `- error: cannot find type 'LocalizedStringResource' in scope
220 |     else {
221 |       preconditionFailure(
/host/spi-builder-workspace/.build/checkouts/swift-navigation/Sources/SwiftNavigation/TextState.swift:226:12: error: cannot find 'Text' in scope
224 |     }
225 |
226 |     return Text(resource)
    |            `- error: cannot find 'Text' in scope
227 |   }
228 |
/host/spi-builder-workspace/.build/checkouts/swift-navigation/Sources/SwiftNavigation/TextState.swift:232:32: error: cannot find type 'LocalizedStringResource' in scope
230 |     guard
231 |       #available(iOS 16, macOS 13, tvOS 16, watchOS 9, *),
232 |       var resource = value as? LocalizedStringResource
    |                                `- error: cannot find type 'LocalizedStringResource' in scope
233 |     else {
234 |       preconditionFailure(
/host/spi-builder-workspace/.build/checkouts/swift-navigation/Sources/SwiftNavigation/TextState.swift:243:12: error: no exact matches in call to initializer
241 |     }
242 |
243 |     return String(localized: resource)
    |            `- error: no exact matches in call to initializer
244 |   }
245 | }
Swift.String.init:2:19: note: incorrect labels for candidate (have: '(localized:)', expected: '(_:)')
1 | struct String {
2 | @inlinable public init(_ c: Character)}
  |                   `- note: incorrect labels for candidate (have: '(localized:)', expected: '(_:)')
3 |
Swift.String.init:2:19: note: incorrect labels for candidate (have: '(localized:)', expected: '(_:)')
1 | struct String {
2 | @inlinable public init(_ scalar: Unicode.Scalar)}
  |                   `- note: incorrect labels for candidate (have: '(localized:)', expected: '(_:)')
3 |
Swift.String.init:2:19: note: incorrect labels for candidate (have: '(localized:)', expected: '(_:)')
1 | struct String {
2 | @inlinable public init(_ unicodeScalars: String.UnicodeScalarView)}
  |                   `- note: incorrect labels for candidate (have: '(localized:)', expected: '(_:)')
3 |
Swift.String.init:3:21: note: incorrect labels for candidate (have: '(localized:)', expected: '(_:)')
1 | struct String {
2 | @available(swift 4.0)
3 |   @inlinable public init(_ utf16: String.UTF16View)}
  |                     `- note: incorrect labels for candidate (have: '(localized:)', expected: '(_:)')
4 |
Swift.String.init:3:21: note: incorrect labels for candidate (have: '(localized:)', expected: '(_:)')
1 | struct String {
2 | @available(swift, introduced: 4.0, message: "Please use failable String.init?(_:UTF8View) when in Swift 3.2 mode")
3 |   @inlinable public init(_ utf8: String.UTF8View)}
  |                     `- note: incorrect labels for candidate (have: '(localized:)', expected: '(_:)')
4 |
Swift.String.init:2:19: note: incorrect labels for candidate (have: '(localized:)', expected: '(_:)')
1 | struct String {
2 | @inlinable public init(_ substring: __shared Substring)}
  |                   `- note: incorrect labels for candidate (have: '(localized:)', expected: '(_:)')
3 |
Swift.String.init:2:8: note: incorrect labels for candidate (have: '(localized:)', expected: '(_:)')
1 | struct String {
2 | public init(_ content: Substring.UnicodeScalarView)}
  |        `- note: incorrect labels for candidate (have: '(localized:)', expected: '(_:)')
3 |
FoundationEssentials.String.init:3:10: note: incorrect labels for candidate (have: '(localized:)', expected: '(_:)')
1 | struct String {
2 | @available(macOS 12, iOS 15, tvOS 15, watchOS 8, *)
3 |   public init(_ characters: Slice<AttributedString.CharacterView>)}
  |          `- note: incorrect labels for candidate (have: '(localized:)', expected: '(_:)')
4 |
FoundationEssentials.String.init:3:10: note: incorrect labels for candidate (have: '(localized:)', expected: '(_:)')
1 | struct String {
2 | @available(macOS 15, iOS 18, tvOS 18, watchOS 11, *)
3 |   public init(_ key: URL.Template.VariableName)}
  |          `- note: incorrect labels for candidate (have: '(localized:)', expected: '(_:)')
4 |
Foundation.String.init:2:8: note: incorrect labels for candidate (have: '(localized:)', expected: '(_:)')
1 | struct String {
2 | public init(_ cocoaString: NSString)}
  |        `- note: incorrect labels for candidate (have: '(localized:)', expected: '(_:)')
3 |
/host/spi-builder-workspace/.build/checkouts/swift-navigation/Sources/SwiftNavigation/TextState.swift:212:20: error: cannot find type 'LocalizedStringResource' in scope
210 |
211 |   @available(iOS 16, macOS 13, tvOS 16, watchOS 9, *)
212 |   init(_ resource: LocalizedStringResource) {
    |                    `- error: cannot find type 'LocalizedStringResource' in scope
213 |     self.value = resource
214 |   }
/host/spi-builder-workspace/.build/checkouts/swift-navigation/Sources/SwiftNavigation/TextState.swift:216:20: error: cannot find type 'Text' in scope
214 |   }
215 |
216 |   func asText() -> Text {
    |                    `- error: cannot find type 'Text' in scope
217 |     guard
218 |       #available(iOS 16, macOS 13, tvOS 16, watchOS 9, *),
/host/spi-builder-workspace/.build/checkouts/swift-navigation/Sources/SwiftNavigation/TextState.swift:277:17: error: cannot find type 'LocalizedStringResource' in scope
275 |   @available(iOS 16, macOS 13, tvOS 16, watchOS 9, *)
276 |   public init(
277 |     _ resource: LocalizedStringResource
    |                 `- error: cannot find type 'LocalizedStringResource' in scope
278 |   ) {
279 |     self.storage = .localizedStringResource(
/host/spi-builder-workspace/.build/checkouts/swift-navigation/Sources/SwiftNavigation/TextState.swift:669:10: error: initializer cannot be declared public because its parameter uses an internal type
  1 | import Foundation
    | `- note: struct 'Locale' imported as 'internal' from 'Foundation' here
  2 |
  3 | #if canImport(SwiftUI)
    :
667 |
668 | extension String {
669 |   public init(state: TextState, locale: Locale? = nil) {
    |          |- error: initializer cannot be declared public because its parameter uses an internal type
    |          `- note: struct 'Locale' is imported by this file as 'internal' from 'Foundation'
670 |     switch state.storage {
671 |     case .concatenated(let lhs, let rhs):
FoundationEssentials.Locale:2:15: note: type declared here
  1 | @available(macOS 10.10, iOS 8.0, watchOS 2.0, tvOS 9.0, *)
  2 | public struct Locale : Hashable, Equatable, Sendable {
    |               `- note: type declared here
  3 |     public enum LanguageDirection : UInt, Sendable {
  4 |         case unknown
/host/spi-builder-workspace/.build/checkouts/swift-navigation/Sources/SwiftNavigation/TextState.swift:219:32: error: cannot find type 'LocalizedStringResource' in scope
217 |     guard
218 |       #available(iOS 16, macOS 13, tvOS 16, watchOS 9, *),
219 |       let resource = value as? LocalizedStringResource
    |                                `- error: cannot find type 'LocalizedStringResource' in scope
220 |     else {
221 |       preconditionFailure(
/host/spi-builder-workspace/.build/checkouts/swift-navigation/Sources/SwiftNavigation/TextState.swift:226:12: error: cannot find 'Text' in scope
224 |     }
225 |
226 |     return Text(resource)
    |            `- error: cannot find 'Text' in scope
227 |   }
228 |
/host/spi-builder-workspace/.build/checkouts/swift-navigation/Sources/SwiftNavigation/TextState.swift:232:32: error: cannot find type 'LocalizedStringResource' in scope
230 |     guard
231 |       #available(iOS 16, macOS 13, tvOS 16, watchOS 9, *),
232 |       var resource = value as? LocalizedStringResource
    |                                `- error: cannot find type 'LocalizedStringResource' in scope
233 |     else {
234 |       preconditionFailure(
/host/spi-builder-workspace/.build/checkouts/swift-navigation/Sources/SwiftNavigation/TextState.swift:243:12: error: no exact matches in call to initializer
241 |     }
242 |
243 |     return String(localized: resource)
    |            `- error: no exact matches in call to initializer
244 |   }
245 | }
Swift.String.init:2:19: note: incorrect labels for candidate (have: '(localized:)', expected: '(_:)')
1 | struct String {
2 | @inlinable public init(_ c: Character)}
  |                   `- note: incorrect labels for candidate (have: '(localized:)', expected: '(_:)')
3 |
Swift.String.init:2:19: note: incorrect labels for candidate (have: '(localized:)', expected: '(_:)')
1 | struct String {
2 | @inlinable public init(_ scalar: Unicode.Scalar)}
  |                   `- note: incorrect labels for candidate (have: '(localized:)', expected: '(_:)')
3 |
Swift.String.init:2:19: note: incorrect labels for candidate (have: '(localized:)', expected: '(_:)')
1 | struct String {
2 | @inlinable public init(_ unicodeScalars: String.UnicodeScalarView)}
  |                   `- note: incorrect labels for candidate (have: '(localized:)', expected: '(_:)')
3 |
Swift.String.init:3:21: note: incorrect labels for candidate (have: '(localized:)', expected: '(_:)')
1 | struct String {
2 | @available(swift 4.0)
3 |   @inlinable public init(_ utf16: String.UTF16View)}
  |                     `- note: incorrect labels for candidate (have: '(localized:)', expected: '(_:)')
4 |
Swift.String.init:3:21: note: incorrect labels for candidate (have: '(localized:)', expected: '(_:)')
1 | struct String {
2 | @available(swift, introduced: 4.0, message: "Please use failable String.init?(_:UTF8View) when in Swift 3.2 mode")
3 |   @inlinable public init(_ utf8: String.UTF8View)}
  |                     `- note: incorrect labels for candidate (have: '(localized:)', expected: '(_:)')
4 |
Swift.String.init:2:19: note: incorrect labels for candidate (have: '(localized:)', expected: '(_:)')
1 | struct String {
2 | @inlinable public init(_ substring: __shared Substring)}
  |                   `- note: incorrect labels for candidate (have: '(localized:)', expected: '(_:)')
3 |
Swift.String.init:2:8: note: incorrect labels for candidate (have: '(localized:)', expected: '(_:)')
1 | struct String {
2 | public init(_ content: Substring.UnicodeScalarView)}
  |        `- note: incorrect labels for candidate (have: '(localized:)', expected: '(_:)')
3 |
FoundationEssentials.String.init:3:10: note: incorrect labels for candidate (have: '(localized:)', expected: '(_:)')
1 | struct String {
2 | @available(macOS 12, iOS 15, tvOS 15, watchOS 8, *)
3 |   public init(_ characters: Slice<AttributedString.CharacterView>)}
  |          `- note: incorrect labels for candidate (have: '(localized:)', expected: '(_:)')
4 |
FoundationEssentials.String.init:3:10: note: incorrect labels for candidate (have: '(localized:)', expected: '(_:)')
1 | struct String {
2 | @available(macOS 15, iOS 18, tvOS 18, watchOS 11, *)
3 |   public init(_ key: URL.Template.VariableName)}
  |          `- note: incorrect labels for candidate (have: '(localized:)', expected: '(_:)')
4 |
Foundation.String.init:2:8: note: incorrect labels for candidate (have: '(localized:)', expected: '(_:)')
1 | struct String {
2 | public init(_ cocoaString: NSString)}
  |        `- note: incorrect labels for candidate (have: '(localized:)', expected: '(_:)')
3 |
/host/spi-builder-workspace/.build/checkouts/swift-navigation/Sources/SwiftNavigation/TextState.swift:212:20: error: cannot find type 'LocalizedStringResource' in scope
210 |
211 |   @available(iOS 16, macOS 13, tvOS 16, watchOS 9, *)
212 |   init(_ resource: LocalizedStringResource) {
    |                    `- error: cannot find type 'LocalizedStringResource' in scope
213 |     self.value = resource
214 |   }
/host/spi-builder-workspace/.build/checkouts/swift-navigation/Sources/SwiftNavigation/TextState.swift:216:20: error: cannot find type 'Text' in scope
214 |   }
215 |
216 |   func asText() -> Text {
    |                    `- error: cannot find type 'Text' in scope
217 |     guard
218 |       #available(iOS 16, macOS 13, tvOS 16, watchOS 9, *),
/host/spi-builder-workspace/.build/checkouts/swift-navigation/Sources/SwiftNavigation/TextState.swift:277:17: error: cannot find type 'LocalizedStringResource' in scope
275 |   @available(iOS 16, macOS 13, tvOS 16, watchOS 9, *)
276 |   public init(
277 |     _ resource: LocalizedStringResource
    |                 `- error: cannot find type 'LocalizedStringResource' in scope
278 |   ) {
279 |     self.storage = .localizedStringResource(
/host/spi-builder-workspace/.build/checkouts/swift-navigation/Sources/SwiftNavigation/TextState.swift:669:10: error: initializer cannot be declared public because its parameter uses an internal type
  1 | import Foundation
    | `- note: struct 'Locale' imported as 'internal' from 'Foundation' here
  2 |
  3 | #if canImport(SwiftUI)
    :
667 |
668 | extension String {
669 |   public init(state: TextState, locale: Locale? = nil) {
    |          |- error: initializer cannot be declared public because its parameter uses an internal type
    |          `- note: struct 'Locale' is imported by this file as 'internal' from 'Foundation'
670 |     switch state.storage {
671 |     case .concatenated(let lhs, let rhs):
FoundationEssentials.Locale:2:15: note: type declared here
  1 | @available(macOS 10.10, iOS 8.0, watchOS 2.0, tvOS 9.0, *)
  2 | public struct Locale : Hashable, Equatable, Sendable {
    |               `- note: type declared here
  3 |     public enum LanguageDirection : UInt, Sendable {
  4 |         case unknown
/host/spi-builder-workspace/.build/checkouts/swift-navigation/Sources/SwiftNavigation/TextState.swift:219:32: error: cannot find type 'LocalizedStringResource' in scope
217 |     guard
218 |       #available(iOS 16, macOS 13, tvOS 16, watchOS 9, *),
219 |       let resource = value as? LocalizedStringResource
    |                                `- error: cannot find type 'LocalizedStringResource' in scope
220 |     else {
221 |       preconditionFailure(
/host/spi-builder-workspace/.build/checkouts/swift-navigation/Sources/SwiftNavigation/TextState.swift:226:12: error: cannot find 'Text' in scope
224 |     }
225 |
226 |     return Text(resource)
    |            `- error: cannot find 'Text' in scope
227 |   }
228 |
/host/spi-builder-workspace/.build/checkouts/swift-navigation/Sources/SwiftNavigation/TextState.swift:232:32: error: cannot find type 'LocalizedStringResource' in scope
230 |     guard
231 |       #available(iOS 16, macOS 13, tvOS 16, watchOS 9, *),
232 |       var resource = value as? LocalizedStringResource
    |                                `- error: cannot find type 'LocalizedStringResource' in scope
233 |     else {
234 |       preconditionFailure(
/host/spi-builder-workspace/.build/checkouts/swift-navigation/Sources/SwiftNavigation/TextState.swift:243:12: error: no exact matches in call to initializer
241 |     }
242 |
243 |     return String(localized: resource)
    |            `- error: no exact matches in call to initializer
244 |   }
245 | }
Swift.String.init:2:19: note: incorrect labels for candidate (have: '(localized:)', expected: '(_:)')
1 | struct String {
2 | @inlinable public init(_ c: Character)}
  |                   `- note: incorrect labels for candidate (have: '(localized:)', expected: '(_:)')
3 |
Swift.String.init:2:19: note: incorrect labels for candidate (have: '(localized:)', expected: '(_:)')
1 | struct String {
2 | @inlinable public init(_ scalar: Unicode.Scalar)}
  |                   `- note: incorrect labels for candidate (have: '(localized:)', expected: '(_:)')
3 |
Swift.String.init:2:19: note: incorrect labels for candidate (have: '(localized:)', expected: '(_:)')
1 | struct String {
2 | @inlinable public init(_ unicodeScalars: String.UnicodeScalarView)}
  |                   `- note: incorrect labels for candidate (have: '(localized:)', expected: '(_:)')
3 |
Swift.String.init:3:21: note: incorrect labels for candidate (have: '(localized:)', expected: '(_:)')
1 | struct String {
2 | @available(swift 4.0)
3 |   @inlinable public init(_ utf16: String.UTF16View)}
  |                     `- note: incorrect labels for candidate (have: '(localized:)', expected: '(_:)')
4 |
Swift.String.init:3:21: note: incorrect labels for candidate (have: '(localized:)', expected: '(_:)')
1 | struct String {
2 | @available(swift, introduced: 4.0, message: "Please use failable String.init?(_:UTF8View) when in Swift 3.2 mode")
3 |   @inlinable public init(_ utf8: String.UTF8View)}
  |                     `- note: incorrect labels for candidate (have: '(localized:)', expected: '(_:)')
4 |
Swift.String.init:2:19: note: incorrect labels for candidate (have: '(localized:)', expected: '(_:)')
1 | struct String {
2 | @inlinable public init(_ substring: __shared Substring)}
  |                   `- note: incorrect labels for candidate (have: '(localized:)', expected: '(_:)')
3 |
Swift.String.init:2:8: note: incorrect labels for candidate (have: '(localized:)', expected: '(_:)')
1 | struct String {
2 | public init(_ content: Substring.UnicodeScalarView)}
  |        `- note: incorrect labels for candidate (have: '(localized:)', expected: '(_:)')
3 |
FoundationEssentials.String.init:3:10: note: incorrect labels for candidate (have: '(localized:)', expected: '(_:)')
1 | struct String {
2 | @available(macOS 12, iOS 15, tvOS 15, watchOS 8, *)
3 |   public init(_ characters: Slice<AttributedString.CharacterView>)}
  |          `- note: incorrect labels for candidate (have: '(localized:)', expected: '(_:)')
4 |
FoundationEssentials.String.init:3:10: note: incorrect labels for candidate (have: '(localized:)', expected: '(_:)')
1 | struct String {
2 | @available(macOS 15, iOS 18, tvOS 18, watchOS 11, *)
3 |   public init(_ key: URL.Template.VariableName)}
  |          `- note: incorrect labels for candidate (have: '(localized:)', expected: '(_:)')
4 |
Foundation.String.init:2:8: note: incorrect labels for candidate (have: '(localized:)', expected: '(_:)')
1 | struct String {
2 | public init(_ cocoaString: NSString)}
  |        `- note: incorrect labels for candidate (have: '(localized:)', expected: '(_:)')
3 |
/host/spi-builder-workspace/.build/checkouts/swift-navigation/Sources/SwiftNavigation/TextState.swift:212:20: error: cannot find type 'LocalizedStringResource' in scope
210 |
211 |   @available(iOS 16, macOS 13, tvOS 16, watchOS 9, *)
212 |   init(_ resource: LocalizedStringResource) {
    |                    `- error: cannot find type 'LocalizedStringResource' in scope
213 |     self.value = resource
214 |   }
/host/spi-builder-workspace/.build/checkouts/swift-navigation/Sources/SwiftNavigation/TextState.swift:216:20: error: cannot find type 'Text' in scope
214 |   }
215 |
216 |   func asText() -> Text {
    |                    `- error: cannot find type 'Text' in scope
217 |     guard
218 |       #available(iOS 16, macOS 13, tvOS 16, watchOS 9, *),
/host/spi-builder-workspace/.build/checkouts/swift-navigation/Sources/SwiftNavigation/TextState.swift:277:17: error: cannot find type 'LocalizedStringResource' in scope
275 |   @available(iOS 16, macOS 13, tvOS 16, watchOS 9, *)
276 |   public init(
277 |     _ resource: LocalizedStringResource
    |                 `- error: cannot find type 'LocalizedStringResource' in scope
278 |   ) {
279 |     self.storage = .localizedStringResource(
/host/spi-builder-workspace/.build/checkouts/swift-navigation/Sources/SwiftNavigation/TextState.swift:669:10: error: initializer cannot be declared public because its parameter uses an internal type
  1 | import Foundation
    | `- note: struct 'Locale' imported as 'internal' from 'Foundation' here
  2 |
  3 | #if canImport(SwiftUI)
    :
667 |
668 | extension String {
669 |   public init(state: TextState, locale: Locale? = nil) {
    |          |- error: initializer cannot be declared public because its parameter uses an internal type
    |          `- note: struct 'Locale' is imported by this file as 'internal' from 'Foundation'
670 |     switch state.storage {
671 |     case .concatenated(let lhs, let rhs):
FoundationEssentials.Locale:2:15: note: type declared here
  1 | @available(macOS 10.10, iOS 8.0, watchOS 2.0, tvOS 9.0, *)
  2 | public struct Locale : Hashable, Equatable, Sendable {
    |               `- note: type declared here
  3 |     public enum LanguageDirection : UInt, Sendable {
  4 |         case unknown
/host/spi-builder-workspace/.build/checkouts/swift-navigation/Sources/SwiftNavigation/TextState.swift:219:32: error: cannot find type 'LocalizedStringResource' in scope
217 |     guard
218 |       #available(iOS 16, macOS 13, tvOS 16, watchOS 9, *),
219 |       let resource = value as? LocalizedStringResource
    |                                `- error: cannot find type 'LocalizedStringResource' in scope
220 |     else {
221 |       preconditionFailure(
/host/spi-builder-workspace/.build/checkouts/swift-navigation/Sources/SwiftNavigation/TextState.swift:226:12: error: cannot find 'Text' in scope
224 |     }
225 |
226 |     return Text(resource)
    |            `- error: cannot find 'Text' in scope
227 |   }
228 |
/host/spi-builder-workspace/.build/checkouts/swift-navigation/Sources/SwiftNavigation/TextState.swift:232:32: error: cannot find type 'LocalizedStringResource' in scope
230 |     guard
231 |       #available(iOS 16, macOS 13, tvOS 16, watchOS 9, *),
232 |       var resource = value as? LocalizedStringResource
    |                                `- error: cannot find type 'LocalizedStringResource' in scope
233 |     else {
234 |       preconditionFailure(
/host/spi-builder-workspace/.build/checkouts/swift-navigation/Sources/SwiftNavigation/TextState.swift:243:12: error: no exact matches in call to initializer
241 |     }
242 |
243 |     return String(localized: resource)
    |            `- error: no exact matches in call to initializer
244 |   }
245 | }
Swift.String.init:2:19: note: incorrect labels for candidate (have: '(localized:)', expected: '(_:)')
1 | struct String {
2 | @inlinable public init(_ c: Character)}
  |                   `- note: incorrect labels for candidate (have: '(localized:)', expected: '(_:)')
3 |
Swift.String.init:2:19: note: incorrect labels for candidate (have: '(localized:)', expected: '(_:)')
1 | struct String {
2 | @inlinable public init(_ scalar: Unicode.Scalar)}
  |                   `- note: incorrect labels for candidate (have: '(localized:)', expected: '(_:)')
3 |
Swift.String.init:2:19: note: incorrect labels for candidate (have: '(localized:)', expected: '(_:)')
1 | struct String {
2 | @inlinable public init(_ unicodeScalars: String.UnicodeScalarView)}
  |                   `- note: incorrect labels for candidate (have: '(localized:)', expected: '(_:)')
3 |
Swift.String.init:3:21: note: incorrect labels for candidate (have: '(localized:)', expected: '(_:)')
1 | struct String {
2 | @available(swift 4.0)
3 |   @inlinable public init(_ utf16: String.UTF16View)}
  |                     `- note: incorrect labels for candidate (have: '(localized:)', expected: '(_:)')
4 |
Swift.String.init:3:21: note: incorrect labels for candidate (have: '(localized:)', expected: '(_:)')
1 | struct String {
2 | @available(swift, introduced: 4.0, message: "Please use failable String.init?(_:UTF8View) when in Swift 3.2 mode")
3 |   @inlinable public init(_ utf8: String.UTF8View)}
  |                     `- note: incorrect labels for candidate (have: '(localized:)', expected: '(_:)')
4 |
Swift.String.init:2:19: note: incorrect labels for candidate (have: '(localized:)', expected: '(_:)')
1 | struct String {
2 | @inlinable public init(_ substring: __shared Substring)}
  |                   `- note: incorrect labels for candidate (have: '(localized:)', expected: '(_:)')
3 |
Swift.String.init:2:8: note: incorrect labels for candidate (have: '(localized:)', expected: '(_:)')
1 | struct String {
2 | public init(_ content: Substring.UnicodeScalarView)}
  |        `- note: incorrect labels for candidate (have: '(localized:)', expected: '(_:)')
3 |
FoundationEssentials.String.init:3:10: note: incorrect labels for candidate (have: '(localized:)', expected: '(_:)')
1 | struct String {
2 | @available(macOS 12, iOS 15, tvOS 15, watchOS 8, *)
3 |   public init(_ characters: Slice<AttributedString.CharacterView>)}
  |          `- note: incorrect labels for candidate (have: '(localized:)', expected: '(_:)')
4 |
FoundationEssentials.String.init:3:10: note: incorrect labels for candidate (have: '(localized:)', expected: '(_:)')
1 | struct String {
2 | @available(macOS 15, iOS 18, tvOS 18, watchOS 11, *)
3 |   public init(_ key: URL.Template.VariableName)}
  |          `- note: incorrect labels for candidate (have: '(localized:)', expected: '(_:)')
4 |
Foundation.String.init:2:8: note: incorrect labels for candidate (have: '(localized:)', expected: '(_:)')
1 | struct String {
2 | public init(_ cocoaString: NSString)}
  |        `- note: incorrect labels for candidate (have: '(localized:)', expected: '(_:)')
3 |
[952/996] Compiling Sharing CustomDump.swift
[953/996] Compiling Sharing IdentifiedCollections.swift
[954/996] Compiling Sharing resource_bundle_accessor.swift
[976/996] Emitting module CombineSchedulers
[989/1022] Compiling SwiftNavigation UIBinding.swift
[990/1022] Compiling SwiftNavigation UINavigationPath.swift
[991/1022] Compiling SwiftNavigation UITransaction.swift
BUILD FAILURE 6.3 android