The Swift Package Index logo.Swift Package Index

Build Information

Failed to build Datadog, reference 3.21.0 (36ca2c), with Swift 6.4 for Wasm on 29 Oct 2026 16:24:10 UTC.

Build Command

bash -c docker run --pull=always --rm -v "checkouts-54344845-0":/host -w "$PWD" -e JAVA_HOME="/root/.sdkman/candidates/java/current" -e SPI_BUILD="1" -e SPI_PROCESSING="1" registry.gitlab.com/saguaro1/spi-images:wasm-6.4-latest swift build --swift-sdk swift-6.4.0-RELEASE_wasm 2>&1

Build Log

========================================
RunAll
========================================
Builder version: 5.1.4
Interrupt handler set up.
========================================
Checkout
========================================
Clone URL: https://github.com/DataDog/dd-sdk-ios.git
Reference: 3.21.0
Initialized empty Git repository in /host/spi-builder-workspace/.git/
hint: Using 'master' as the name for the initial branch. This default branch name
hint: is subject to change. To configure the initial branch name to use in all
hint: of your new repositories, which will suppress this warning, call:
hint:
hint: 	git config --global init.defaultBranch <name>
hint:
hint: Names commonly chosen instead of 'master' are 'main', 'trunk' and
hint: 'development'. The just-created branch can be renamed via this command:
hint:
hint: 	git branch -m <name>
From https://github.com/DataDog/dd-sdk-ios
 * tag               3.21.0     -> FETCH_HEAD
HEAD is now at 36ca2cf Merge pull request #3371 from DataDog/release/3.21.0
Cloned https://github.com/DataDog/dd-sdk-ios.git
Revision (git rev-parse @):
36ca2cfdf8e02a2753fd66f6dbdd2a065a84e412
SPI manifest file found: $PWD/.spi.yml
SUCCESS checkout https://github.com/DataDog/dd-sdk-ios.git at 3.21.0
========================================
Build
========================================
Selected platform:         wasm
Swift version:             6.4
Building package at path:  $PWD
https://github.com/DataDog/dd-sdk-ios.git
Running build ...
bash -c docker run --pull=always --rm -v "checkouts-54344845-0":/host -w "$PWD" -e JAVA_HOME="/root/.sdkman/candidates/java/current" -e SPI_BUILD="1" -e SPI_PROCESSING="1" registry.gitlab.com/saguaro1/spi-images:wasm-6.4-latest swift build --swift-sdk swift-6.4.0-RELEASE_wasm 2>&1
wasm-6.4-latest: Pulling from saguaro1/spi-images
Digest: sha256:0ad19d16955074ecc72bbe910025b19c4e4614184c1a48afc82660d4c7620121
Status: Image is up to date for registry.gitlab.com/saguaro1/spi-images:wasm-6.4-latest
Fetching https://github.com/kstenerud/KSCrash.git
Fetching https://github.com/open-telemetry/opentelemetry-swift-core
[1/15203] Fetching opentelemetry-swift-core
[15204/64612] Fetching opentelemetry-swift-core, kscrash
Fetched https://github.com/open-telemetry/opentelemetry-swift-core (14.63s)
Fetched https://github.com/kstenerud/KSCrash.git (14.82s)
Computing version for https://github.com/kstenerud/KSCrash.git
Computed https://github.com/kstenerud/KSCrash.git at 2.5.1 (15.76s)
Computing version for https://github.com/open-telemetry/opentelemetry-swift-core
warning: 'opentelemetry-swift-core': /Package.swift:13:15: warning: 'v4' is deprecated: watchOS 9.0 is the oldest supported version [#DeprecatedDeclaration]
11 |     .iOS(.v12),
12 |     .tvOS(.v12),
13 |     .watchOS(.v4),
   |               `- warning: 'v4' is deprecated: watchOS 9.0 is the oldest supported version [#DeprecatedDeclaration]
14 |     .visionOS(.v1),
15 |   ],
[#DeprecatedDeclaration]: <https://docs.swift.org/compiler/documentation/diagnostics/deprecated-declaration>
Computed https://github.com/open-telemetry/opentelemetry-swift-core at 2.5.1 (0.19s)
Fetching https://github.com/apple/swift-atomics.git
[1/1893] Fetching swift-atomics
Fetched https://github.com/apple/swift-atomics.git (0.47s)
Computing version for https://github.com/apple/swift-atomics.git
Computed https://github.com/apple/swift-atomics.git at 1.3.1 (0.62s)
Creating working copy for https://github.com/apple/swift-atomics.git
Working copy of https://github.com/apple/swift-atomics.git resolved at 1.3.1
Creating working copy for https://github.com/kstenerud/KSCrash.git
Working copy of https://github.com/kstenerud/KSCrash.git resolved at 2.5.1
Creating working copy for https://github.com/open-telemetry/opentelemetry-swift-core
Working copy of https://github.com/open-telemetry/opentelemetry-swift-core resolved at 2.5.1
warning: 'opentelemetry-swift-core': /host/spi-builder-workspace/.build/checkouts/opentelemetry-swift-core/Package.swift:13:15: warning: 'v4' is deprecated: watchOS 9.0 is the oldest supported version [#DeprecatedDeclaration]
11 |     .iOS(.v12),
12 |     .tvOS(.v12),
13 |     .watchOS(.v4),
   |               `- warning: 'v4' is deprecated: watchOS 9.0 is the oldest supported version [#DeprecatedDeclaration]
14 |     .visionOS(.v1),
15 |   ],
[#DeprecatedDeclaration]: <https://docs.swift.org/compiler/documentation/diagnostics/deprecated-declaration>
warning: 'spi-builder-workspace': found 141 file(s) which are unhandled; explicitly declare them as resources or exclude from the target
    /host/spi-builder-workspace/DatadogCore/Private/ObjcAppLaunchHandler.m
    /host/spi-builder-workspace/DatadogCore/Private/ObjcExceptionHandler.m
    /host/spi-builder-workspace/DatadogCore/Tests/Datadog/Core/DD/InternalLoggerTests.swift
    /host/spi-builder-workspace/DatadogCore/Tests/Datadog/Core/DataStore/DataStore+TLVTests.swift
    /host/spi-builder-workspace/DatadogCore/Tests/Datadog/Core/DataStore/DataStoreFileReaderTests.swift
    /host/spi-builder-workspace/DatadogCore/Tests/Datadog/Core/DataStore/DataStoreFileWriterTests.swift
    /host/spi-builder-workspace/DatadogCore/Tests/Datadog/Core/DataStore/FeatureDataStoreTests.swift
    /host/spi-builder-workspace/DatadogCore/Tests/Datadog/Core/DirectoriesTests.swift
    /host/spi-builder-workspace/DatadogCore/Tests/Datadog/Core/FeatureTests.swift
    /host/spi-builder-workspace/DatadogCore/Tests/Datadog/Core/PerformancePresetTests.swift
    /host/spi-builder-workspace/DatadogCore/Tests/Datadog/Core/Persistence/EventGeneratorTests.swift
    /host/spi-builder-workspace/DatadogCore/Tests/Datadog/Core/Persistence/Files/DirectoryTests.swift
    /host/spi-builder-workspace/DatadogCore/Tests/Datadog/Core/Persistence/Files/FileTests.swift
    /host/spi-builder-workspace/DatadogCore/Tests/Datadog/Core/Persistence/FilesOrchestrator+MetricsTests.swift
    /host/spi-builder-workspace/DatadogCore/Tests/Datadog/Core/Persistence/FilesOrchestratorTests.swift
    /host/spi-builder-workspace/DatadogCore/Tests/Datadog/Core/Persistence/Reading/FileReaderTests.swift
    /host/spi-builder-workspace/DatadogCore/Tests/Datadog/Core/Persistence/Storage+TLVTests.swift
    /host/spi-builder-workspace/DatadogCore/Tests/Datadog/Core/Persistence/Writing/FileWriterTests.swift
    /host/spi-builder-workspace/DatadogCore/Tests/Datadog/Core/RemoteConfigurationTests.swift
    /host/spi-builder-workspace/DatadogCore/Tests/Datadog/Core/TLV/TLVBlockReaderTests.swift
    /host/spi-builder-workspace/DatadogCore/Tests/Datadog/Core/TLV/TLVBlockTests.swift
    /host/spi-builder-workspace/DatadogCore/Tests/Datadog/Core/Upload/AppBackgroundTaskCoordinatorTests.swift
    /host/spi-builder-workspace/DatadogCore/Tests/Datadog/Core/Upload/DataUploadConditionsTests.swift
    /host/spi-builder-workspace/DatadogCore/Tests/Datadog/Core/Upload/DataUploadDelayTests.swift
    /host/spi-builder-workspace/DatadogCore/Tests/Datadog/Core/Upload/DataUploadStatusTests.swift
    /host/spi-builder-workspace/DatadogCore/Tests/Datadog/Core/Upload/DataUploadWorkerTests.swift
    /host/spi-builder-workspace/DatadogCore/Tests/Datadog/Core/Upload/DataUploaderReconciliationTests.swift
    /host/spi-builder-workspace/DatadogCore/Tests/Datadog/Core/Upload/DataUploaderTests.swift
    /host/spi-builder-workspace/DatadogCore/Tests/Datadog/Core/Upload/ExtensionBackgroundTaskCoordinatorTests.swift
    /host/spi-builder-workspace/DatadogCore/Tests/Datadog/Core/Upload/RequestBuilderTests.swift
    /host/spi-builder-workspace/DatadogCore/Tests/Datadog/Core/Upload/URLSessionClientTests.swift
    /host/spi-builder-workspace/DatadogCore/Tests/Datadog/Core/Utils/CryptographyTests.swift
    /host/spi-builder-workspace/DatadogCore/Tests/Datadog/Core/Utils/DDErrorTests.swift
    /host/spi-builder-workspace/DatadogCore/Tests/Datadog/Core/Utils/DateFormattingTests.swift
    /host/spi-builder-workspace/DatadogCore/Tests/Datadog/Core/Utils/JSONEncoderTests.swift
    /host/spi-builder-workspace/DatadogCore/Tests/Datadog/Core/Utils/RetryingTests.swift
    /host/spi-builder-workspace/DatadogCore/Tests/Datadog/CrashReporting/CrashContext/CrashContextProviderTests.swift
    /host/spi-builder-workspace/DatadogCore/Tests/Datadog/CrashReporting/CrashContext/CrashContextTests.swift
    /host/spi-builder-workspace/DatadogCore/Tests/Datadog/CrashReporting/CrashReporterTests.swift
    /host/spi-builder-workspace/DatadogCore/Tests/Datadog/DatadogConfigurationTests.swift
    /host/spi-builder-workspace/DatadogCore/Tests/Datadog/DatadogCore/Context/AccountInfoPublisherTests.swift
    /host/spi-builder-workspace/DatadogCore/Tests/Datadog/DatadogCore/Context/ApplicationVersionPublisherTests.swift
    /host/spi-builder-workspace/DatadogCore/Tests/Datadog/DatadogCore/Context/BatteryStatusPublisherTests.swift
    /host/spi-builder-workspace/DatadogCore/Tests/Datadog/DatadogCore/Context/BrightnessLevelPublisherTests.swift
    /host/spi-builder-workspace/DatadogCore/Tests/Datadog/DatadogCore/Context/CarrierInfoPublisherTests.swift
    /host/spi-builder-workspace/DatadogCore/Tests/Datadog/DatadogCore/Context/DatadogContextProviderTests.swift
    /host/spi-builder-workspace/DatadogCore/Tests/Datadog/DatadogCore/Context/FeatureContextTests.swift
    /host/spi-builder-workspace/DatadogCore/Tests/Datadog/DatadogCore/Context/LaunchInfoPublisherTests.swift
    /host/spi-builder-workspace/DatadogCore/Tests/Datadog/DatadogCore/Context/LocaleInfoPublisherTests.swift
    /host/spi-builder-workspace/DatadogCore/Tests/Datadog/DatadogCore/Context/LowPowerModePublisherTests.swift
    /host/spi-builder-workspace/DatadogCore/Tests/Datadog/DatadogCore/Context/NetworkConnectionInfoPublisherTests.swift
    /host/spi-builder-workspace/DatadogCore/Tests/Datadog/DatadogCore/Context/ServerOffsetPublisherTests.swift
    /host/spi-builder-workspace/DatadogCore/Tests/Datadog/DatadogCore/Context/TrackingConsentPublisherTests.swift
    /host/spi-builder-workspace/DatadogCore/Tests/Datadog/DatadogCore/Context/UserInfoPublisherTests.swift
    /host/spi-builder-workspace/DatadogCore/Tests/Datadog/DatadogCore/Context/iOS/AppStateTests.swift
    /host/spi-builder-workspace/DatadogCore/Tests/Datadog/DatadogCore/Context/iOS/ApplicationStatePublisherTests.swift
    /host/spi-builder-workspace/DatadogCore/Tests/Datadog/DatadogCore/Context/macOS/ApplicationStatePublisherTests_macOS.swift
    /host/spi-builder-workspace/DatadogCore/Tests/Datadog/DatadogCore/DatadogCore+FeatureDataStoreTests.swift
    /host/spi-builder-workspace/DatadogCore/Tests/Datadog/DatadogCore/DatadogCore+FeatureDirectoriesTests.swift
    /host/spi-builder-workspace/DatadogCore/Tests/Datadog/DatadogCore/DatadogCoreTests.swift
    /host/spi-builder-workspace/DatadogCore/Tests/Datadog/DatadogCore/MessageBusTests.swift
    /host/spi-builder-workspace/DatadogCore/Tests/Datadog/DatadogTests.swift
    /host/spi-builder-workspace/DatadogCore/Tests/Datadog/Extensions/ContextSharing/ContextSharingTransformerTests.swift
    /host/spi-builder-workspace/DatadogCore/Tests/Datadog/Extensions/ContextSharing/SharedContextTests.swift
    /host/spi-builder-workspace/DatadogCore/Tests/Datadog/Extensions/CrossPlatformExtensionTests.swift
    /host/spi-builder-workspace/DatadogCore/Tests/Datadog/FeaturesIntegration/CITestIntegrationTests.swift
    /host/spi-builder-workspace/DatadogCore/Tests/Datadog/FeaturesIntegration/TracingWithLoggingIntegrationTests.swift
    /host/spi-builder-workspace/DatadogCore/Tests/Datadog/InternalProxyTests.swift
    /host/spi-builder-workspace/DatadogCore/Tests/Datadog/Kronos/KronosInternetAddressTests.swift
    /host/spi-builder-workspace/DatadogCore/Tests/Datadog/Kronos/KronosNTPPacketTests.swift
    /host/spi-builder-workspace/DatadogCore/Tests/Datadog/Kronos/KronosTimeStorageTests.swift
    /host/spi-builder-workspace/DatadogCore/Tests/Datadog/LoggerTests.swift
    /host/spi-builder-workspace/DatadogCore/Tests/Datadog/Logs/DatadogLogsFeatureTests.swift
    /host/spi-builder-workspace/DatadogCore/Tests/Datadog/Mocks/RUM/RUMFeatureMocks.swift
    /host/spi-builder-workspace/DatadogCore/Tests/Datadog/OpenTracing/OTSpanTests.swift
    /host/spi-builder-workspace/DatadogCore/Tests/Datadog/RUM/Casting+RUM.swift
    /host/spi-builder-workspace/DatadogCore/Tests/Datadog/RUM/Integrations/CrashReportReceiverTests.swift
    /host/spi-builder-workspace/DatadogCore/Tests/Datadog/RUM/RUMEventOutputs/RUMEventFileOutputTests.swift
    /host/spi-builder-workspace/DatadogCore/Tests/Datadog/RUM/RUMFeatureTests.swift
    /host/spi-builder-workspace/DatadogCore/Tests/Datadog/RUM/RUMInternalProxyTests.swift
    /host/spi-builder-workspace/DatadogCore/Tests/Datadog/RUM/RUMMonitorConfigurationTests.swift
    /host/spi-builder-workspace/DatadogCore/Tests/Datadog/RUM/RUMMonitorTests.swift
    /host/spi-builder-workspace/DatadogCore/Tests/Datadog/RUM/RUMVitals/DisplayLinkerTests.swift
    /host/spi-builder-workspace/DatadogCore/Tests/Datadog/RUM/RUMVitals/FirstFrameReaderTests.swift
    /host/spi-builder-workspace/DatadogCore/Tests/Datadog/RUM/RUMVitals/ViewHitchesReaderTests.swift
    /host/spi-builder-workspace/DatadogCore/Tests/Datadog/RUM/RUMVitals/VitalCPUReaderTests.swift
    /host/spi-builder-workspace/DatadogCore/Tests/Datadog/RUM/RUMVitals/VitalInfoSamplerTests.swift
    /host/spi-builder-workspace/DatadogCore/Tests/Datadog/RUM/RUMVitals/VitalInfoTests.swift
    /host/spi-builder-workspace/DatadogCore/Tests/Datadog/RUM/RUMVitals/VitalMemoryReaderTests.swift
    /host/spi-builder-workspace/DatadogCore/Tests/Datadog/RUM/RUMVitals/VitalRefreshRateReaderTests.swift
    /host/spi-builder-workspace/DatadogCore/Tests/Datadog/RUM/TelemetryReceiverTests.swift
    /host/spi-builder-workspace/DatadogCore/Tests/Datadog/RUM/UIKitRUMViewsPredicateTests.swift
    /host/spi-builder-workspace/DatadogCore/Tests/Datadog/RUM/UIViewControllerSwizzlerTests.swift
    /host/spi-builder-workspace/DatadogCore/Tests/Datadog/SDKMetrics/BatchMetricsTests.swift
    /host/spi-builder-workspace/DatadogCore/Tests/Datadog/TestUtilities/DirectoriesStub.swift
    /host/spi-builder-workspace/DatadogCore/Tests/Datadog/TracerTests.swift
    /host/spi-builder-workspace/DatadogCore/Tests/Datadog/Tracing/DDSpanTests.swift
    /host/spi-builder-workspace/DatadogCore/Tests/Datadog/Tracing/DatadogTraceFeatureTests.swift
    /host/spi-builder-workspace/DatadogCore/Tests/Datadog/Tracing/OTelSpanTests.swift
    /host/spi-builder-workspace/DatadogCore/Tests/Datadog/Tracing/TracingURLSessionHandlerTests.swift
    /host/spi-builder-workspace/DatadogCore/Tests/Datadog/URLSessionAutoInstrumentation/Interception/URLFiltering/FirstPartyURLsFilterTests.swift
    /host/spi-builder-workspace/DatadogCore/Tests/Datadog/Utils/Casting+Tracing.swift
    /host/spi-builder-workspace/DatadogCore/Tests/Datadog/Utils/SwiftUIExtensionsTests.swift
    /host/spi-builder-workspace/DatadogCore/Tests/Datadog/Utils/UIKitExtensionsTests.swift
    /host/spi-builder-workspace/DatadogCore/Tests/DatadogPrivate/ObjcExceptionHandlerTests.swift
    /host/spi-builder-workspace/DatadogCore/Tests/Helpers/CustomObjcViewController.m
    /host/spi-builder-workspace/DatadogCore/Tests/Helpers/DatadogExtensions.swift
    /host/spi-builder-workspace/DatadogCore/Tests/Helpers/NSURLSessionBridge.m
    /host/spi-builder-workspace/DatadogCore/Tests/Objc/DDConfigurationTests.swift
    /host/spi-builder-workspace/DatadogCore/Tests/Objc/DDCoreTestPlatformTypes.swift
    /host/spi-builder-workspace/DatadogCore/Tests/Objc/DDDatadogTests.swift
    /host/spi-builder-workspace/DatadogCore/Tests/Objc/DDInternalLoggerTests.swift
    /host/spi-builder-workspace/DatadogCore/Tests/Objc/DDLogsTests.swift
    /host/spi-builder-workspace/DatadogCore/Tests/Objc/DDRUMConfigurationTests.swift
    /host/spi-builder-workspace/DatadogCore/Tests/Objc/DDRUMMonitorTests.swift
    /host/spi-builder-workspace/DatadogCore/Tests/Objc/DDRUMTests.swift
    /host/spi-builder-workspace/DatadogCore/Tests/Objc/DDSwiftUIRUMActionsPredicateTests.swift
    /host/spi-builder-workspace/DatadogCore/Tests/Objc/DDSwiftUIRUMViewsPredicateTests.swift
    /host/spi-builder-workspace/DatadogCore/Tests/Objc/DDTraceConfigurationTests.swift
    /host/spi-builder-workspace/DatadogCore/Tests/Objc/DDTraceTests.swift
    /host/spi-builder-workspace/DatadogCore/Tests/Objc/DDTracerTests.swift
    /host/spi-builder-workspace/DatadogCore/Tests/Objc/DDUIKitRUMActionsPredicateTests.swift
    /host/spi-builder-workspace/DatadogCore/Tests/Objc/DDUIKitRUMViewsPredicateTests.swift
    /host/spi-builder-workspace/DatadogCore/Tests/Objc/DDURLSessionInstrumentationConfigurationTests.swift
    /host/spi-builder-workspace/DatadogCore/Tests/Objc/ObjcAPITests/DDB3HTTPHeadersWriter+apiTests.m
    /host/spi-builder-workspace/DatadogCore/Tests/Objc/ObjcAPITests/DDConfiguration+apiTests.m
    /host/spi-builder-workspace/DatadogCore/Tests/Objc/ObjcAPITests/DDCrossPlatformExtension+apiTests.m
    /host/spi-builder-workspace/DatadogCore/Tests/Objc/ObjcAPITests/DDDatadog+apiTests.m
    /host/spi-builder-workspace/DatadogCore/Tests/Objc/ObjcAPITests/DDHTTPHeadersWriter+apiTests.m
    /host/spi-builder-workspace/DatadogCore/Tests/Objc/ObjcAPITests/DDInternalLogger+apiTests.m
    /host/spi-builder-workspace/DatadogCore/Tests/Objc/ObjcAPITests/DDLogs+apiTests.m
    /host/spi-builder-workspace/DatadogCore/Tests/Objc/ObjcAPITests/DDRUM+apiTests.m
    /host/spi-builder-workspace/DatadogCore/Tests/Objc/ObjcAPITests/DDRUMMonitor+apiTests.m
    /host/spi-builder-workspace/DatadogCore/Tests/Objc/ObjcAPITests/DDSessionReplay+apiTests.m
    /host/spi-builder-workspace/DatadogCore/Tests/Objc/ObjcAPITests/DDTrace+apiTests.m
    /host/spi-builder-workspace/DatadogCore/Tests/Objc/ObjcAPITests/DDURLSessionInstrumentationTests+apiTests.m
    /host/spi-builder-workspace/DatadogCore/Tests/Objc/ObjcAPITests/DDW3CHTTPHeadersWriter+apiTests.m
    /host/spi-builder-workspace/DatadogCore/Tests/Objc/ObjcAPITests/DDWebViewTracking+apiTests.m
    /host/spi-builder-workspace/DatadogCore/Tests/Objc/RUM/RUMDataModels+objcTests.swift
    /host/spi-builder-workspace/DatadogCore/Tests/TestsObserver/DatadogTestsObserver.swift
    /host/spi-builder-workspace/DatadogCore/Tests/TestsObserver/DatadogTestsObserverLoader.m
warning: 'spi-builder-workspace': found 82 file(s) which are unhandled; explicitly declare them as resources or exclude from the target
    /host/spi-builder-workspace/DatadogRUM/Private/DDForwardingProxyBase.m
    /host/spi-builder-workspace/DatadogRUM/RUM_FEATURE.md
    /host/spi-builder-workspace/DatadogRUM/Tests/DDTAssertValidRUMUUID.swift
    /host/spi-builder-workspace/DatadogRUM/Tests/DataModels/RUMDataModelsMappingTests.swift
    /host/spi-builder-workspace/DatadogRUM/Tests/Feature/RequestBuilderTests.swift
    /host/spi-builder-workspace/DatadogRUM/Tests/Heatmaps/HeatmapIdentifierStoreTests.swift
    /host/spi-builder-workspace/DatadogRUM/Tests/Instrumentation/Actions/RUMActionsHandlerTests.swift
    /host/spi-builder-workspace/DatadogRUM/Tests/Instrumentation/Actions/RUMActionsHandlerToolbar_macOSTests.swift
    /host/spi-builder-workspace/DatadogRUM/Tests/Instrumentation/Actions/RUMActionsHandler_macOSTests.swift
    /host/spi-builder-workspace/DatadogRUM/Tests/Instrumentation/Actions/RUMScrollHandlerTests.swift
    /host/spi-builder-workspace/DatadogRUM/Tests/Instrumentation/Actions/SwiftUIComponentDetectorTests.swift
    /host/spi-builder-workspace/DatadogRUM/Tests/Instrumentation/Actions/SwiftUIComponentDetector_macOSTests.swift
    /host/spi-builder-workspace/DatadogRUM/Tests/Instrumentation/Actions/UIKit/ThirdPartyDelegateProxy.swift
    /host/spi-builder-workspace/DatadogRUM/Tests/Instrumentation/Actions/UIKit/UIScrollViewDelegateProxyTests.swift
    /host/spi-builder-workspace/DatadogRUM/Tests/Instrumentation/Actions/UIKit/UIScrollViewSwizzlerTests.swift
    /host/spi-builder-workspace/DatadogRUM/Tests/Instrumentation/AppHangs/AppHangsMonitorTests.swift
    /host/spi-builder-workspace/DatadogRUM/Tests/Instrumentation/AppHangs/AppHangsWatchdogThreadTests.swift
    /host/spi-builder-workspace/DatadogRUM/Tests/Instrumentation/MemoryWarnings/MemoryWarningMocks.swift
    /host/spi-builder-workspace/DatadogRUM/Tests/Instrumentation/MemoryWarnings/MemoryWarningMonitorTests.swift
    /host/spi-builder-workspace/DatadogRUM/Tests/Instrumentation/RUMInstrumentationTests.swift
    /host/spi-builder-workspace/DatadogRUM/Tests/Instrumentation/Resources/BaggageHeaderMergerTests.swift
    /host/spi-builder-workspace/DatadogRUM/Tests/Instrumentation/Resources/DisallowList/DisallowListTests.swift
    /host/spi-builder-workspace/DatadogRUM/Tests/Instrumentation/Resources/HeaderCapture/HeaderProcessorTests.swift
    /host/spi-builder-workspace/DatadogRUM/Tests/Instrumentation/Resources/URLSessionRUMResourcesHandlerTests.swift
    /host/spi-builder-workspace/DatadogRUM/Tests/Instrumentation/Views/RUMViewsHandlerTests.swift
    /host/spi-builder-workspace/DatadogRUM/Tests/Instrumentation/Views/SwiftUIViewNameExtractorTests.swift
    /host/spi-builder-workspace/DatadogRUM/Tests/Instrumentation/WatchdogTerminations/AppStateManagerTests.swift
    /host/spi-builder-workspace/DatadogRUM/Tests/Instrumentation/WatchdogTerminations/WatchdogTerminationCheckerTests.swift
    /host/spi-builder-workspace/DatadogRUM/Tests/Instrumentation/WatchdogTerminations/WatchdogTerminationMonitorTests.swift
    /host/spi-builder-workspace/DatadogRUM/Tests/Instrumentation/WatchdogTerminations/WatchdogTerminationReporterTests.swift
    /host/spi-builder-workspace/DatadogRUM/Tests/Integrations/AnonymousIdentifierManagerTests.swift
    /host/spi-builder-workspace/DatadogRUM/Tests/Integrations/ErrorMessageReceiverTests.swift
    /host/spi-builder-workspace/DatadogRUM/Tests/Integrations/FlagEvaluationReceiverTests.swift
    /host/spi-builder-workspace/DatadogRUM/Tests/Integrations/HasReplayMessageReceiverTests.swift
    /host/spi-builder-workspace/DatadogRUM/Tests/Integrations/SessionReplayDependencyTests.swift
    /host/spi-builder-workspace/DatadogRUM/Tests/Integrations/SwiftUIViewNameExtractorIntegrationTests.swift
    /host/spi-builder-workspace/DatadogRUM/Tests/Integrations/TelemetryInterceptorTests.swift
    /host/spi-builder-workspace/DatadogRUM/Tests/Integrations/TelemetryReceiverTests.swift
    /host/spi-builder-workspace/DatadogRUM/Tests/Integrations/WebViewEventReceiverTests.swift
    /host/spi-builder-workspace/DatadogRUM/Tests/RUMConfiguration+RemoteConfigurationTests.swift
    /host/spi-builder-workspace/DatadogRUM/Tests/RUMConfigurationTests.swift
    /host/spi-builder-workspace/DatadogRUM/Tests/RUMContext/AccessibilityReaderTests.swift
    /host/spi-builder-workspace/DatadogRUM/Tests/RUMEvent/RUMDeviceInfoTests.swift
    /host/spi-builder-workspace/DatadogRUM/Tests/RUMEvent/RUMEventBuilderTests.swift
    /host/spi-builder-workspace/DatadogRUM/Tests/RUMEvent/RUMEventSanitizerTests.swift
    /host/spi-builder-workspace/DatadogRUM/Tests/RUMMetrics/INVMetricTests.swift
    /host/spi-builder-workspace/DatadogRUM/Tests/RUMMetrics/TNSMetricTests.swift
    /host/spi-builder-workspace/DatadogRUM/Tests/RUMMonitor/Monitor+AttributeEncodingTests.swift
    /host/spi-builder-workspace/DatadogRUM/Tests/RUMMonitor/Monitor+GlobalAttributesTests.swift
    /host/spi-builder-workspace/DatadogRUM/Tests/RUMMonitor/MonitorTests.swift
    /host/spi-builder-workspace/DatadogRUM/Tests/RUMMonitor/RUMCommandTests.swift
    /host/spi-builder-workspace/DatadogRUM/Tests/RUMMonitor/RUMFeatureOperationManagerTests.swift
    /host/spi-builder-workspace/DatadogRUM/Tests/RUMMonitor/RUMScopeTests.swift
    /host/spi-builder-workspace/DatadogRUM/Tests/RUMMonitor/Scopes/FatalErrorContextNotifierTests.swift
    /host/spi-builder-workspace/DatadogRUM/Tests/RUMMonitor/Scopes/RUMAppLaunchManagerTests.swift
    /host/spi-builder-workspace/DatadogRUM/Tests/RUMMonitor/Scopes/RUMApplicationScopeTests.swift
    /host/spi-builder-workspace/DatadogRUM/Tests/RUMMonitor/Scopes/RUMResourceScopeTests.swift
    /host/spi-builder-workspace/DatadogRUM/Tests/RUMMonitor/Scopes/RUMSessionScopeTests.swift
    /host/spi-builder-workspace/DatadogRUM/Tests/RUMMonitor/Scopes/RUMUserActionScopeTests.swift
    /host/spi-builder-workspace/DatadogRUM/Tests/RUMMonitor/Scopes/RUMViewScopeTests.swift
    /host/spi-builder-workspace/DatadogRUM/Tests/RUMMonitor/Scopes/RUMViewScope_Tests.swift
    /host/spi-builder-workspace/DatadogRUM/Tests/RUMMonitor/Scopes/RUMViewUpdateEventTests.swift
    /host/spi-builder-workspace/DatadogRUM/Tests/RUMMonitor/Scopes/Utils/LaunchReasonResolverTests.swift
    /host/spi-builder-workspace/DatadogRUM/Tests/RUMMonitor/Scopes/Utils/ProfilingContextRUMTests.swift
    /host/spi-builder-workspace/DatadogRUM/Tests/RUMMonitor/Scopes/Utils/RUMOffViewEventsHandlingRuleTests.swift
    /host/spi-builder-workspace/DatadogRUM/Tests/RUMMonitor/Scopes/Utils/StartupTypeHandlerTests.swift
    /host/spi-builder-workspace/DatadogRUM/Tests/RUMMonitor/Scopes/Utils/ViewCacheTests.swift
    /host/spi-builder-workspace/DatadogRUM/Tests/RUMMonitor/Scopes/Utils/ViewIdentifierTests.swift
    /host/spi-builder-workspace/DatadogRUM/Tests/RUMMonitorProtocol+ConvenienceTests.swift
    /host/spi-builder-workspace/DatadogRUM/Tests/RUMMonitorProtocol+InternalTests.swift
    /host/spi-builder-workspace/DatadogRUM/Tests/RUMMonitorProtocolTests.swift
    /host/spi-builder-workspace/DatadogRUM/Tests/RUMTests.swift
    /host/spi-builder-workspace/DatadogRUM/Tests/RUMViewEventsFilterTests.swift
    /host/spi-builder-workspace/DatadogRUM/Tests/SDKMetrics/AppLaunchMetricControllerTests.swift
    /host/spi-builder-workspace/DatadogRUM/Tests/SDKMetrics/SessionEndedMetricControllerTests.swift
    /host/spi-builder-workspace/DatadogRUM/Tests/SDKMetrics/SessionEndedMetricTests.swift
    /host/spi-builder-workspace/DatadogRUM/Tests/Scrubbing/RUMEventsMapperTests.swift
    /host/spi-builder-workspace/DatadogRUM/Tests/Timeseries/TimeseriesConfigurationTests.swift
    /host/spi-builder-workspace/DatadogRUM/Tests/Timeseries/TimeseriesSessionCollectorTests.swift
    /host/spi-builder-workspace/DatadogRUM/Tests/Utils/AppKitExtensionsTests.swift
    /host/spi-builder-workspace/DatadogRUM/Tests/Utils/UIKitExtensionsTests.swift
    /host/spi-builder-workspace/DatadogRUM/Tests/Utils/ValuePublisherTests.swift
warning: 'spi-builder-workspace': found 10 file(s) which are unhandled; explicitly declare them as resources or exclude from the target
    /host/spi-builder-workspace/DatadogCrashReporting/Tests/CrashContextCoreProviderTests.swift
    /host/spi-builder-workspace/DatadogCrashReporting/Tests/CrashReportSenderTests.swift
    /host/spi-builder-workspace/DatadogCrashReporting/Tests/CrashReportingFeatureTests.swift
    /host/spi-builder-workspace/DatadogCrashReporting/Tests/KSCrashIntegration/CrashFieldDictionaryTests.swift
    /host/spi-builder-workspace/DatadogCrashReporting/Tests/KSCrashIntegration/DatadogCrashReportFilterTests.swift
    /host/spi-builder-workspace/DatadogCrashReporting/Tests/KSCrashIntegration/DatadogDiagnosticFilterTests.swift
    /host/spi-builder-workspace/DatadogCrashReporting/Tests/KSCrashIntegration/DatadogMinifyFilterTests.swift
    /host/spi-builder-workspace/DatadogCrashReporting/Tests/KSCrashIntegration/DatadogTypeSafeFilterTests.swift
    /host/spi-builder-workspace/DatadogCrashReporting/Tests/KSCrashIntegration/KSCrashBacktraceTests.swift
    /host/spi-builder-workspace/DatadogCrashReporting/Tests/KSCrashIntegration/KSCrashPluginTests.swift
warning: 'spi-builder-workspace': found 31 file(s) which are unhandled; explicitly declare them as resources or exclude from the target
    /host/spi-builder-workspace/DatadogProfiling/Mach/aggregation_worker.cpp
    /host/spi-builder-workspace/DatadogProfiling/Mach/binary_image_resolver.cpp
    /host/spi-builder-workspace/DatadogProfiling/Mach/dd_pprof.cpp
    /host/spi-builder-workspace/DatadogProfiling/Mach/dd_profiler.cpp
    /host/spi-builder-workspace/DatadogProfiling/Mach/mach_sampling_profiler.cpp
    /host/spi-builder-workspace/DatadogProfiling/Mach/profile.cpp
    /host/spi-builder-workspace/DatadogProfiling/Mach/profile.pb-c.c
    /host/spi-builder-workspace/DatadogProfiling/Mach/profile_pprof_packer.cpp
    /host/spi-builder-workspace/DatadogProfiling/Mach/protobuf-c.c
    /host/spi-builder-workspace/DatadogProfiling/PROFILING_FEATURE.md
    /host/spi-builder-workspace/DatadogProfiling/Protos/profile.proto
    /host/spi-builder-workspace/DatadogProfiling/Tests/BinaryImageResolverTests.swift
    /host/spi-builder-workspace/DatadogProfiling/Tests/CCallbackContext.swift
    /host/spi-builder-workspace/DatadogProfiling/Tests/DDProfilerCAPITests.swift
    /host/spi-builder-workspace/DatadogProfiling/Tests/DDProfilerTests.swift
    /host/spi-builder-workspace/DatadogProfiling/Tests/DatadogProfilerTests.swift
    /host/spi-builder-workspace/DatadogProfiling/Tests/MachSamplingProfilerTests.swift
    /host/spi-builder-workspace/DatadogProfiling/Tests/MockThread.swift
    /host/spi-builder-workspace/DatadogProfiling/Tests/ProfileCxxTests.swift
    /host/spi-builder-workspace/DatadogProfiling/Tests/ProfileEventTests.swift
    /host/spi-builder-workspace/DatadogProfiling/Tests/ProfileMocks.swift
    /host/spi-builder-workspace/DatadogProfiling/Tests/ProfilerFeatureTests.swift
    /host/spi-builder-workspace/DatadogProfiling/Tests/ProfilingConditionsTests.swift
    /host/spi-builder-workspace/DatadogProfiling/Tests/ProfilingConfiguration+RemoteConfigurationTests.swift
    /host/spi-builder-workspace/DatadogProfiling/Tests/ProfilingConfigurationTests.swift
    /host/spi-builder-workspace/DatadogProfiling/Tests/ProfilingHandlerTests.swift
    /host/spi-builder-workspace/DatadogProfiling/Tests/ProfilingQuotaCheckerTests.swift
    /host/spi-builder-workspace/DatadogProfiling/Tests/ProfilingTest.swift
    /host/spi-builder-workspace/DatadogProfiling/Tests/RequestBuilderTests.swift
    /host/spi-builder-workspace/DatadogProfiling/Tests/SDKMetrics/ProfilingTelemetryControllerTests.swift
    /host/spi-builder-workspace/DatadogProfiling/Tests/SafeReadTests.swift
warning: 'spi-builder-workspace': found 54 file(s) which are unhandled; explicitly declare them as resources or exclude from the target
    /host/spi-builder-workspace/DatadogInternal/Tests/AttributeEncodingTests.swift
    /host/spi-builder-workspace/DatadogInternal/Tests/AttributesSanitizerTests.swift
    /host/spi-builder-workspace/DatadogInternal/Tests/Codable/AnyCodableTests.swift
    /host/spi-builder-workspace/DatadogInternal/Tests/Codable/AnyEncodableTests.swift
    /host/spi-builder-workspace/DatadogInternal/Tests/Concurrency/ReadWriteLockTests.swift
    /host/spi-builder-workspace/DatadogInternal/Tests/Context/AppStateHistoryTests.swift
    /host/spi-builder-workspace/DatadogInternal/Tests/Context/BundleTypeTests.swift
    /host/spi-builder-workspace/DatadogInternal/Tests/Context/DatadogContextTests.swift
    /host/spi-builder-workspace/DatadogInternal/Tests/Context/DatadogSiteTests.swift
    /host/spi-builder-workspace/DatadogInternal/Tests/Context/DeviceInfoTests.swift
    /host/spi-builder-workspace/DatadogInternal/Tests/CoreRegistryTest.swift
    /host/spi-builder-workspace/DatadogInternal/Tests/DatadogCoreProtocolTests.swift
    /host/spi-builder-workspace/DatadogInternal/Tests/Extensions/Attributes+EquatableTests.swift
    /host/spi-builder-workspace/DatadogInternal/Tests/Extensions/Data+CryptoTests.swift
    /host/spi-builder-workspace/DatadogInternal/Tests/Extensions/FixedWidthInteger+ConvenienceTests.swift
    /host/spi-builder-workspace/DatadogInternal/Tests/Extensions/TimeInterval+ConvenienceTests.swift
    /host/spi-builder-workspace/DatadogInternal/Tests/Heatmaps/HeatmapIdentifierTests.swift
    /host/spi-builder-workspace/DatadogInternal/Tests/MessageBus/FeatureMessageReceiverTests.swift
    /host/spi-builder-workspace/DatadogInternal/Tests/Models/UIViewSessionReplaySlotIDTests.swift
    /host/spi-builder-workspace/DatadogInternal/Tests/Models/WebViewMessageTests.swift
    /host/spi-builder-workspace/DatadogInternal/Tests/NetworkInstrumentation/B3HTTPHeadersReaderTests.swift
    /host/spi-builder-workspace/DatadogInternal/Tests/NetworkInstrumentation/B3HTTPHeadersWriterTests.swift
    /host/spi-builder-workspace/DatadogInternal/Tests/NetworkInstrumentation/FirstPartyHostsTests.swift
    /host/spi-builder-workspace/DatadogInternal/Tests/NetworkInstrumentation/HTTPHeadersReaderTests.swift
    /host/spi-builder-workspace/DatadogInternal/Tests/NetworkInstrumentation/HTTPHeadersWriterTests.swift
    /host/spi-builder-workspace/DatadogInternal/Tests/NetworkInstrumentation/HostsSanitizerTests.swift
    /host/spi-builder-workspace/DatadogInternal/Tests/NetworkInstrumentation/ImmutableRequestTests.swift
    /host/spi-builder-workspace/DatadogInternal/Tests/NetworkInstrumentation/NetworkInstrumentationFeatureTests.swift
    /host/spi-builder-workspace/DatadogInternal/Tests/NetworkInstrumentation/SpanIDGeneratorTests.swift
    /host/spi-builder-workspace/DatadogInternal/Tests/NetworkInstrumentation/SpanIDTests.swift
    /host/spi-builder-workspace/DatadogInternal/Tests/NetworkInstrumentation/TraceIDGeneratorTests.swift
    /host/spi-builder-workspace/DatadogInternal/Tests/NetworkInstrumentation/TraceIDTests.swift
    /host/spi-builder-workspace/DatadogInternal/Tests/NetworkInstrumentation/URLSessionDataDelegateSwizzlerTests.swift
    /host/spi-builder-workspace/DatadogInternal/Tests/NetworkInstrumentation/URLSessionSwizzlerTests.swift
    /host/spi-builder-workspace/DatadogInternal/Tests/NetworkInstrumentation/URLSessionTask+TrackingTests.swift
    /host/spi-builder-workspace/DatadogInternal/Tests/NetworkInstrumentation/URLSessionTaskDelegateSwizzlerTests.swift
    /host/spi-builder-workspace/DatadogInternal/Tests/NetworkInstrumentation/URLSessionTaskInterceptionTests.swift
    /host/spi-builder-workspace/DatadogInternal/Tests/NetworkInstrumentation/URLSessionTaskStateSwizzlerTests.swift
    /host/spi-builder-workspace/DatadogInternal/Tests/NetworkInstrumentation/URLSessionTaskSwizzlerTests.swift
    /host/spi-builder-workspace/DatadogInternal/Tests/NetworkInstrumentation/W3CHTTPHeadersReaderTests.swift
    /host/spi-builder-workspace/DatadogInternal/Tests/NetworkInstrumentation/W3CHTTPHeadersWriterTests.swift
    /host/spi-builder-workspace/DatadogInternal/Tests/Swizzling/MethodSwizzlerTests.swift
    /host/spi-builder-workspace/DatadogInternal/Tests/Telemetry/TelemetrySanitizableErrorTests.swift
    /host/spi-builder-workspace/DatadogInternal/Tests/Telemetry/TelemetryTests.swift
    /host/spi-builder-workspace/DatadogInternal/Tests/Upload/DataCompressionTests.swift
    /host/spi-builder-workspace/DatadogInternal/Tests/Upload/DataFormatTests.swift
    /host/spi-builder-workspace/DatadogInternal/Tests/Upload/MultipartFormDataTests.swift
    /host/spi-builder-workspace/DatadogInternal/Tests/Utils/DeterministicSamplerTests.swift
    /host/spi-builder-workspace/DatadogInternal/Tests/Utils/ObjcExceptionTests.swift
    /host/spi-builder-workspace/DatadogInternal/Tests/Utils/ReflectionMirrorTests.swift
    /host/spi-builder-workspace/DatadogInternal/Tests/Utils/ReflectorTests.swift
    /host/spi-builder-workspace/DatadogInternal/Tests/Utils/SampleRateTests.swift
    /host/spi-builder-workspace/DatadogInternal/Tests/Utils/SamplerTests.swift
    /host/spi-builder-workspace/DatadogInternal/Tests/Utils/SwiftExtensionsTests.swift
Building for debugging...
[Computing dependencies]
[Pre-planning 1 / 1179]
[Planning deferred tasks]
[Starting]
[89 / 365] DatadogWebViewTracking
In file included from <built-in>:1:
/host/spi-builder-workspace/.build/out/Intermediates.noindex/KSCrash.build/Debug-webassembly-wasm32/KSCrashReportingCore-t.build/DerivedSources/resource_bundle_accessor.h:1:9: fatal error: 'Foundation/Foundation.h' file not found
    1 | #import <Foundation/Foundation.h>
      |         ^~~~~~~~~~~~~~~~~~~~~~~~~
1 error generated.
error: CompileC /host/spi-builder-workspace/.build/out/Intermediates.noindex/KSCrash.build/Debug-webassembly-wasm32/KSCrashReportingCore-t.build/Objects-normal/wasm32/KSNSDictionaryHelper.o /host/spi-builder-workspace/.build/checkouts/KSCrash/Sources/KSCrashReportingCore/KSNSDictionaryHelper.m normal wasm32 objective-c com.apple.compilers.llvm.clang.1_0.compiler failed with a nonzero exit code. Command line:     cd /host

    Using response file: /host/spi-builder-workspace/.build/out/Intermediates.noindex/KSCrash.build/Debug-webassembly-wasm32/KSCrashReportingCore-t.build/Objects-normal/wasm32/6f95552a3397ee1cec971b90cf334075d5f321c3a3b0689ad55c3d1e24702600-common-args.resp

    /usr/bin/clang -x objective-c -target wasm32-unknown-wasip1 -fmessage-length\=0 -fdiagnostics-show-note-include-stack -fmacro-backtrace-limit\=0 -fcolor-diagnostics -Wno-trigraphs -Wno-missing-field-initializers -Wno-missing-prototypes -Wno-return-type -Wno-implicit-atomic-properties -Wno-objc-interface-ivars -Wno-arc-repeated-use-of-weak -Wno-missing-braces -Wparentheses -Wswitch -Wno-unused-function -Wno-unused-label -Wno-unused-parameter -Wno-unused-variable -Wunused-value -Wno-empty-body -Wno-uninitialized -Wno-unknown-pragmas -w -Wno-shadow -Wno-four-char-constants -Wno-conversion -Wno-constant-conversion -Wno-int-conversion -Wno-bool-conversion -Wno-enum-conversion -Wno-float-conversion -Wno-non-literal-null-conversion -Wno-objc-literal-conversion -Wno-shorten-64-to-32 -Wpointer-sign -Wno-newline-eof -Wno-selector -Wno-strict-selector-match -Wno-undeclared-selector -Wno-deprecated-implementations -Wno-implicit-fallthrough -fstrict-aliasing -Wprotocol -Wdeprecated-declarations -Wno-sign-conversion -Wno-infinite-recursion -Wno-comma -Wno-block-capture-autoreleasing -Wno-strict-prototypes -Wno-semicolon-before-method-body --sysroot /root/.swiftpm/swift-sdks/swift-6.4.0-RELEASE_wasm.artifactbundle/swift-6.4.0-RELEASE_wasm/wasm32-unknown-wasip1/WASI.sdk @/host/spi-builder-workspace/.build/out/Intermediates.noindex/KSCrash.build/Debug-webassembly-wasm32/KSCrashReportingCore-t.build/Objects-normal/wasm32/6f95552a3397ee1cec971b90cf334075d5f321c3a3b0689ad55c3d1e24702600-common-args.resp -include /host/spi-builder-workspace/.build/out/Intermediates.noindex/KSCrash.build/Debug-webassembly-wasm32/KSCrashReportingCore-t.build/DerivedSources/resource_bundle_accessor.h -MMD -MT dependencies -MF /host/spi-builder-workspace/.build/out/Intermediates.noindex/KSCrash.build/Debug-webassembly-wasm32/KSCrashReportingCore-t.build/Objects-normal/wasm32/KSNSDictionaryHelper.d --serialize-diagnostics /host/spi-builder-workspace/.build/out/Intermediates.noindex/KSCrash.build/Debug-webassembly-wasm32/KSCrashReportingCore-t.build/Objects-normal/wasm32/KSNSDictionaryHelper.dia -c /host/spi-builder-workspace/.build/checkouts/KSCrash/Sources/KSCrashReportingCore/KSNSDictionaryHelper.m -o /host/spi-builder-workspace/.build/out/Intermediates.noindex/KSCrash.build/Debug-webassembly-wasm32/KSCrashReportingCore-t.build/Objects-normal/wasm32/KSNSDictionaryHelper.o
In file included from <built-in>:1:
/host/spi-builder-workspace/.build/out/Intermediates.noindex/KSCrash.build/Debug-webassembly-wasm32/KSCrashReportingCore-t.build/DerivedSources/resource_bundle_accessor.h:1:9: fatal error: 'Foundation/Foundation.h' file not found
    1 | #import <Foundation/Foundation.h>
      |         ^~~~~~~~~~~~~~~~~~~~~~~~~
1 error generated.
error: CompileC /host/spi-builder-workspace/.build/out/Intermediates.noindex/KSCrash.build/Debug-webassembly-wasm32/KSCrashReportingCore-t.build/Objects-normal/wasm32/resource_bundle_accessor.o /host/spi-builder-workspace/.build/out/Intermediates.noindex/KSCrash.build/Debug-webassembly-wasm32/KSCrashReportingCore-t.build/DerivedSources/resource_bundle_accessor.m normal wasm32 objective-c com.apple.compilers.llvm.clang.1_0.compiler failed with a nonzero exit code. Command line:     cd /host

    Using response file: /host/spi-builder-workspace/.build/out/Intermediates.noindex/KSCrash.build/Debug-webassembly-wasm32/KSCrashReportingCore-t.build/Objects-normal/wasm32/6f95552a3397ee1cec971b90cf334075d5f321c3a3b0689ad55c3d1e24702600-common-args.resp

    /usr/bin/clang -x objective-c -target wasm32-unknown-wasip1 -fmessage-length\=0 -fdiagnostics-show-note-include-stack -fmacro-backtrace-limit\=0 -fcolor-diagnostics -Wno-trigraphs -Wno-missing-field-initializers -Wno-missing-prototypes -Wno-return-type -Wno-implicit-atomic-properties -Wno-objc-interface-ivars -Wno-arc-repeated-use-of-weak -Wno-missing-braces -Wparentheses -Wswitch -Wno-unused-function -Wno-unused-label -Wno-unused-parameter -Wno-unused-variable -Wunused-value -Wno-empty-body -Wno-uninitialized -Wno-unknown-pragmas -w -Wno-shadow -Wno-four-char-constants -Wno-conversion -Wno-constant-conversion -Wno-int-conversion -Wno-bool-conversion -Wno-enum-conversion -Wno-float-conversion -Wno-non-literal-null-conversion -Wno-objc-literal-conversion -Wno-shorten-64-to-32 -Wpointer-sign -Wno-newline-eof -Wno-selector -Wno-strict-selector-match -Wno-undeclared-selector -Wno-deprecated-implementations -Wno-implicit-fallthrough -fstrict-aliasing -Wprotocol -Wdeprecated-declarations -Wno-sign-conversion -Wno-infinite-recursion -Wno-comma -Wno-block-capture-autoreleasing -Wno-strict-prototypes -Wno-semicolon-before-method-body --sysroot /root/.swiftpm/swift-sdks/swift-6.4.0-RELEASE_wasm.artifactbundle/swift-6.4.0-RELEASE_wasm/wasm32-unknown-wasip1/WASI.sdk @/host/spi-builder-workspace/.build/out/Intermediates.noindex/KSCrash.build/Debug-webassembly-wasm32/KSCrashReportingCore-t.build/Objects-normal/wasm32/6f95552a3397ee1cec971b90cf334075d5f321c3a3b0689ad55c3d1e24702600-common-args.resp -include /host/spi-builder-workspace/.build/out/Intermediates.noindex/KSCrash.build/Debug-webassembly-wasm32/KSCrashReportingCore-t.build/DerivedSources/resource_bundle_accessor.h -MMD -MT dependencies -MF /host/spi-builder-workspace/.build/out/Intermediates.noindex/KSCrash.build/Debug-webassembly-wasm32/KSCrashReportingCore-t.build/Objects-normal/wasm32/resource_bundle_accessor.d --serialize-diagnostics /host/spi-builder-workspace/.build/out/Intermediates.noindex/KSCrash.build/Debug-webassembly-wasm32/KSCrashReportingCore-t.build/Objects-normal/wasm32/resource_bundle_accessor.dia -c /host/spi-builder-workspace/.build/out/Intermediates.noindex/KSCrash.build/Debug-webassembly-wasm32/KSCrashReportingCore-t.build/DerivedSources/resource_bundle_accessor.m -o /host/spi-builder-workspace/.build/out/Intermediates.noindex/KSCrash.build/Debug-webassembly-wasm32/KSCrashReportingCore-t.build/Objects-normal/wasm32/resource_bundle_accessor.o
In file included from <built-in>:1:
/host/spi-builder-workspace/.build/out/Intermediates.noindex/KSCrash.build/Debug-webassembly-wasm32/KSCrashReportingCore-t.build/DerivedSources/resource_bundle_accessor.h:1:9: fatal error: 'Foundation/Foundation.h' file not found
    1 | #import <Foundation/Foundation.h>
      |         ^~~~~~~~~~~~~~~~~~~~~~~~~
1 error generated.
error: CompileC /host/spi-builder-workspace/.build/out/Intermediates.noindex/KSCrash.build/Debug-webassembly-wasm32/KSCrashReportingCore-t.build/Objects-normal/wasm32/KSReachabilityKSCrash.o /host/spi-builder-workspace/.build/checkouts/KSCrash/Sources/KSCrashReportingCore/KSReachabilityKSCrash.m normal wasm32 objective-c com.apple.compilers.llvm.clang.1_0.compiler failed with a nonzero exit code. Command line:     cd /host

    Using response file: /host/spi-builder-workspace/.build/out/Intermediates.noindex/KSCrash.build/Debug-webassembly-wasm32/KSCrashReportingCore-t.build/Objects-normal/wasm32/6f95552a3397ee1cec971b90cf334075d5f321c3a3b0689ad55c3d1e24702600-common-args.resp

    /usr/bin/clang -x objective-c -target wasm32-unknown-wasip1 -fmessage-length\=0 -fdiagnostics-show-note-include-stack -fmacro-backtrace-limit\=0 -fcolor-diagnostics -Wno-trigraphs -Wno-missing-field-initializers -Wno-missing-prototypes -Wno-return-type -Wno-implicit-atomic-properties -Wno-objc-interface-ivars -Wno-arc-repeated-use-of-weak -Wno-missing-braces -Wparentheses -Wswitch -Wno-unused-function -Wno-unused-label -Wno-unused-parameter -Wno-unused-variable -Wunused-value -Wno-empty-body -Wno-uninitialized -Wno-unknown-pragmas -w -Wno-shadow -Wno-four-char-constants -Wno-conversion -Wno-constant-conversion -Wno-int-conversion -Wno-bool-conversion -Wno-enum-conversion -Wno-float-conversion -Wno-non-literal-null-conversion -Wno-objc-literal-conversion -Wno-shorten-64-to-32 -Wpointer-sign -Wno-newline-eof -Wno-selector -Wno-strict-selector-match -Wno-undeclared-selector -Wno-deprecated-implementations -Wno-implicit-fallthrough -fstrict-aliasing -Wprotocol -Wdeprecated-declarations -Wno-sign-conversion -Wno-infinite-recursion -Wno-comma -Wno-block-capture-autoreleasing -Wno-strict-prototypes -Wno-semicolon-before-method-body --sysroot /root/.swiftpm/swift-sdks/swift-6.4.0-RELEASE_wasm.artifactbundle/swift-6.4.0-RELEASE_wasm/wasm32-unknown-wasip1/WASI.sdk @/host/spi-builder-workspace/.build/out/Intermediates.noindex/KSCrash.build/Debug-webassembly-wasm32/KSCrashReportingCore-t.build/Objects-normal/wasm32/6f95552a3397ee1cec971b90cf334075d5f321c3a3b0689ad55c3d1e24702600-common-args.resp -include /host/spi-builder-workspace/.build/out/Intermediates.noindex/KSCrash.build/Debug-webassembly-wasm32/KSCrashReportingCore-t.build/DerivedSources/resource_bundle_accessor.h -MMD -MT dependencies -MF /host/spi-builder-workspace/.build/out/Intermediates.noindex/KSCrash.build/Debug-webassembly-wasm32/KSCrashReportingCore-t.build/Objects-normal/wasm32/KSReachabilityKSCrash.d --serialize-diagnostics /host/spi-builder-workspace/.build/out/Intermediates.noindex/KSCrash.build/Debug-webassembly-wasm32/KSCrashReportingCore-t.build/Objects-normal/wasm32/KSReachabilityKSCrash.dia -c /host/spi-builder-workspace/.build/checkouts/KSCrash/Sources/KSCrashReportingCore/KSReachabilityKSCrash.m -o /host/spi-builder-workspace/.build/out/Intermediates.noindex/KSCrash.build/Debug-webassembly-wasm32/KSCrashReportingCore-t.build/Objects-normal/wasm32/KSReachabilityKSCrash.o
In file included from <built-in>:1:
/host/spi-builder-workspace/.build/out/Intermediates.noindex/KSCrash.build/Debug-webassembly-wasm32/KSCrashReportingCore-t.build/DerivedSources/resource_bundle_accessor.h:1:9: fatal error: 'Foundation/Foundation.h' file not found
    1 | #import <Foundation/Foundation.h>
      |         ^~~~~~~~~~~~~~~~~~~~~~~~~
1 error generated.
error: CompileC /host/spi-builder-workspace/.build/out/Intermediates.noindex/KSCrash.build/Debug-webassembly-wasm32/KSCrashReportingCore-t.build/Objects-normal/wasm32/KSHTTPRequestSender.o /host/spi-builder-workspace/.build/checkouts/KSCrash/Sources/KSCrashReportingCore/KSHTTPRequestSender.m normal wasm32 objective-c com.apple.compilers.llvm.clang.1_0.compiler failed with a nonzero exit code. Command line:     cd /host

    Using response file: /host/spi-builder-workspace/.build/out/Intermediates.noindex/KSCrash.build/Debug-webassembly-wasm32/KSCrashReportingCore-t.build/Objects-normal/wasm32/6f95552a3397ee1cec971b90cf334075d5f321c3a3b0689ad55c3d1e24702600-common-args.resp

    /usr/bin/clang -x objective-c -target wasm32-unknown-wasip1 -fmessage-length\=0 -fdiagnostics-show-note-include-stack -fmacro-backtrace-limit\=0 -fcolor-diagnostics -Wno-trigraphs -Wno-missing-field-initializers -Wno-missing-prototypes -Wno-return-type -Wno-implicit-atomic-properties -Wno-objc-interface-ivars -Wno-arc-repeated-use-of-weak -Wno-missing-braces -Wparentheses -Wswitch -Wno-unused-function -Wno-unused-label -Wno-unused-parameter -Wno-unused-variable -Wunused-value -Wno-empty-body -Wno-uninitialized -Wno-unknown-pragmas -w -Wno-shadow -Wno-four-char-constants -Wno-conversion -Wno-constant-conversion -Wno-int-conversion -Wno-bool-conversion -Wno-enum-conversion -Wno-float-conversion -Wno-non-literal-null-conversion -Wno-objc-literal-conversion -Wno-shorten-64-to-32 -Wpointer-sign -Wno-newline-eof -Wno-selector -Wno-strict-selector-match -Wno-undeclared-selector -Wno-deprecated-implementations -Wno-implicit-fallthrough -fstrict-aliasing -Wprotocol -Wdeprecated-declarations -Wno-sign-conversion -Wno-infinite-recursion -Wno-comma -Wno-block-capture-autoreleasing -Wno-strict-prototypes -Wno-semicolon-before-method-body --sysroot /root/.swiftpm/swift-sdks/swift-6.4.0-RELEASE_wasm.artifactbundle/swift-6.4.0-RELEASE_wasm/wasm32-unknown-wasip1/WASI.sdk @/host/spi-builder-workspace/.build/out/Intermediates.noindex/KSCrash.build/Debug-webassembly-wasm32/KSCrashReportingCore-t.build/Objects-normal/wasm32/6f95552a3397ee1cec971b90cf334075d5f321c3a3b0689ad55c3d1e24702600-common-args.resp -include /host/spi-builder-workspace/.build/out/Intermediates.noindex/KSCrash.build/Debug-webassembly-wasm32/KSCrashReportingCore-t.build/DerivedSources/resource_bundle_accessor.h -MMD -MT dependencies -MF /host/spi-builder-workspace/.build/out/Intermediates.noindex/KSCrash.build/Debug-webassembly-wasm32/KSCrashReportingCore-t.build/Objects-normal/wasm32/KSHTTPRequestSender.d --serialize-diagnostics /host/spi-builder-workspace/.build/out/Intermediates.noindex/KSCrash.build/Debug-webassembly-wasm32/KSCrashReportingCore-t.build/Objects-normal/wasm32/KSHTTPRequestSender.dia -c /host/spi-builder-workspace/.build/checkouts/KSCrash/Sources/KSCrashReportingCore/KSHTTPRequestSender.m -o /host/spi-builder-workspace/.build/out/Intermediates.noindex/KSCrash.build/Debug-webassembly-wasm32/KSCrashReportingCore-t.build/Objects-normal/wasm32/KSHTTPRequestSender.o
In file included from <built-in>:1:
/host/spi-builder-workspace/.build/out/Intermediates.noindex/KSCrash.build/Debug-webassembly-wasm32/KSCrashReportingCore-t.build/DerivedSources/resource_bundle_accessor.h:1:9: fatal error: 'Foundation/Foundation.h' file not found
    1 | #import <Foundation/Foundation.h>
      |         ^~~~~~~~~~~~~~~~~~~~~~~~~
1 error generated.
error: CompileC /host/spi-builder-workspace/.build/out/Intermediates.noindex/KSCrash.build/Debug-webassembly-wasm32/KSCrashReportingCore-t.build/Objects-normal/wasm32/KSHTTPMultipartPostBody.o /host/spi-builder-workspace/.build/checkouts/KSCrash/Sources/KSCrashReportingCore/KSHTTPMultipartPostBody.m normal wasm32 objective-c com.apple.compilers.llvm.clang.1_0.compiler failed with a nonzero exit code. Command line:     cd /host

    Using response file: /host/spi-builder-workspace/.build/out/Intermediates.noindex/KSCrash.build/Debug-webassembly-wasm32/KSCrashReportingCore-t.build/Objects-normal/wasm32/6f95552a3397ee1cec971b90cf334075d5f321c3a3b0689ad55c3d1e24702600-common-args.resp

    /usr/bin/clang -x objective-c -target wasm32-unknown-wasip1 -fmessage-length\=0 -fdiagnostics-show-note-include-stack -fmacro-backtrace-limit\=0 -fcolor-diagnostics -Wno-trigraphs -Wno-missing-field-initializers -Wno-missing-prototypes -Wno-return-type -Wno-implicit-atomic-properties -Wno-objc-interface-ivars -Wno-arc-repeated-use-of-weak -Wno-missing-braces -Wparentheses -Wswitch -Wno-unused-function -Wno-unused-label -Wno-unused-parameter -Wno-unused-variable -Wunused-value -Wno-empty-body -Wno-uninitialized -Wno-unknown-pragmas -w -Wno-shadow -Wno-four-char-constants -Wno-conversion -Wno-constant-conversion -Wno-int-conversion -Wno-bool-conversion -Wno-enum-conversion -Wno-float-conversion -Wno-non-literal-null-conversion -Wno-objc-literal-conversion -Wno-shorten-64-to-32 -Wpointer-sign -Wno-newline-eof -Wno-selector -Wno-strict-selector-match -Wno-undeclared-selector -Wno-deprecated-implementations -Wno-implicit-fallthrough -fstrict-aliasing -Wprotocol -Wdeprecated-declarations -Wno-sign-conversion -Wno-infinite-recursion -Wno-comma -Wno-block-capture-autoreleasing -Wno-strict-prototypes -Wno-semicolon-before-method-body --sysroot /root/.swiftpm/swift-sdks/swift-6.4.0-RELEASE_wasm.artifactbundle/swift-6.4.0-RELEASE_wasm/wasm32-unknown-wasip1/WASI.sdk @/host/spi-builder-workspace/.build/out/Intermediates.noindex/KSCrash.build/Debug-webassembly-wasm32/KSCrashReportingCore-t.build/Objects-normal/wasm32/6f95552a3397ee1cec971b90cf334075d5f321c3a3b0689ad55c3d1e24702600-common-args.resp -include /host/spi-builder-workspace/.build/out/Intermediates.noindex/KSCrash.build/Debug-webassembly-wasm32/KSCrashReportingCore-t.build/DerivedSources/resource_bundle_accessor.h -MMD -MT dependencies -MF /host/spi-builder-workspace/.build/out/Intermediates.noindex/KSCrash.build/Debug-webassembly-wasm32/KSCrashReportingCore-t.build/Objects-normal/wasm32/KSHTTPMultipartPostBody.d --serialize-diagnostics /host/spi-builder-workspace/.build/out/Intermediates.noindex/KSCrash.build/Debug-webassembly-wasm32/KSCrashReportingCore-t.build/Objects-normal/wasm32/KSHTTPMultipartPostBody.dia -c /host/spi-builder-workspace/.build/checkouts/KSCrash/Sources/KSCrashReportingCore/KSHTTPMultipartPostBody.m -o /host/spi-builder-workspace/.build/out/Intermediates.noindex/KSCrash.build/Debug-webassembly-wasm32/KSCrashReportingCore-t.build/Objects-normal/wasm32/KSHTTPMultipartPostBody.o
In file included from <built-in>:1:
/host/spi-builder-workspace/.build/out/Intermediates.noindex/KSCrash.build/Debug-webassembly-wasm32/KSCrashReportingCore-t.build/DerivedSources/resource_bundle_accessor.h:1:9: fatal error: 'Foundation/Foundation.h' file not found
    1 | #import <Foundation/Foundation.h>
      |         ^~~~~~~~~~~~~~~~~~~~~~~~~
1 error generated.
error: CompileC /host/spi-builder-workspace/.build/out/Intermediates.noindex/KSCrash.build/Debug-webassembly-wasm32/KSCrashReportingCore-t.build/Objects-normal/wasm32/KSGZipHelper.o /host/spi-builder-workspace/.build/checkouts/KSCrash/Sources/KSCrashReportingCore/KSGZipHelper.m normal wasm32 objective-c com.apple.compilers.llvm.clang.1_0.compiler failed with a nonzero exit code. Command line:     cd /host

    Using response file: /host/spi-builder-workspace/.build/out/Intermediates.noindex/KSCrash.build/Debug-webassembly-wasm32/KSCrashReportingCore-t.build/Objects-normal/wasm32/6f95552a3397ee1cec971b90cf334075d5f321c3a3b0689ad55c3d1e24702600-common-args.resp

    /usr/bin/clang -x objective-c -target wasm32-unknown-wasip1 -fmessage-length\=0 -fdiagnostics-show-note-include-stack -fmacro-backtrace-limit\=0 -fcolor-diagnostics -Wno-trigraphs -Wno-missing-field-initializers -Wno-missing-prototypes -Wno-return-type -Wno-implicit-atomic-properties -Wno-objc-interface-ivars -Wno-arc-repeated-use-of-weak -Wno-missing-braces -Wparentheses -Wswitch -Wno-unused-function -Wno-unused-label -Wno-unused-parameter -Wno-unused-variable -Wunused-value -Wno-empty-body -Wno-uninitialized -Wno-unknown-pragmas -w -Wno-shadow -Wno-four-char-constants -Wno-conversion -Wno-constant-conversion -Wno-int-conversion -Wno-bool-conversion -Wno-enum-conversion -Wno-float-conversion -Wno-non-literal-null-conversion -Wno-objc-literal-conversion -Wno-shorten-64-to-32 -Wpointer-sign -Wno-newline-eof -Wno-selector -Wno-strict-selector-match -Wno-undeclared-selector -Wno-deprecated-implementations -Wno-implicit-fallthrough -fstrict-aliasing -Wprotocol -Wdeprecated-declarations -Wno-sign-conversion -Wno-infinite-recursion -Wno-comma -Wno-block-capture-autoreleasing -Wno-strict-prototypes -Wno-semicolon-before-method-body --sysroot /root/.swiftpm/swift-sdks/swift-6.4.0-RELEASE_wasm.artifactbundle/swift-6.4.0-RELEASE_wasm/wasm32-unknown-wasip1/WASI.sdk @/host/spi-builder-workspace/.build/out/Intermediates.noindex/KSCrash.build/Debug-webassembly-wasm32/KSCrashReportingCore-t.build/Objects-normal/wasm32/6f95552a3397ee1cec971b90cf334075d5f321c3a3b0689ad55c3d1e24702600-common-args.resp -include /host/spi-builder-workspace/.build/out/Intermediates.noindex/KSCrash.build/Debug-webassembly-wasm32/KSCrashReportingCore-t.build/DerivedSources/resource_bundle_accessor.h -MMD -MT dependencies -MF /host/spi-builder-workspace/.build/out/Intermediates.noindex/KSCrash.build/Debug-webassembly-wasm32/KSCrashReportingCore-t.build/Objects-normal/wasm32/KSGZipHelper.d --serialize-diagnostics /host/spi-builder-workspace/.build/out/Intermediates.noindex/KSCrash.build/Debug-webassembly-wasm32/KSCrashReportingCore-t.build/Objects-normal/wasm32/KSGZipHelper.dia -c /host/spi-builder-workspace/.build/checkouts/KSCrash/Sources/KSCrashReportingCore/KSGZipHelper.m -o /host/spi-builder-workspace/.build/out/Intermediates.noindex/KSCrash.build/Debug-webassembly-wasm32/KSCrashReportingCore-t.build/Objects-normal/wasm32/KSGZipHelper.o
error: Build failed
BUILD FAILURE 6.4 wasm