Build Information
Failed to build XCResultKit, reference main (ffab58), with Swift 6.4 for watchOS using Xcode 27.0 on 20 Sep 2026 05:14:28 UTC.
Build Command
env DEVELOPER_DIR=/Applications/Xcode-27.0.0-Release.Candidate.app xcrun xcodebuild -IDEClonedSourcePackagesDirPathOverride=$PWD/.dependencies -skipMacroValidation -skipPackagePluginValidation -derivedDataPath $PWD/.derivedData build -scheme XCResultKit -destination generic/platform=watchOSBuild Log
SwiftDriver XCResultKit normal arm64_32 com.apple.xcode.tools.swift.compiler (in target 'XCResultKit' from project 'XCResultKit')
cd /Users/admin/builder/spi-builder-workspace/.swiftpm/xcode
builtin-SwiftDriver -- /Applications/Xcode-27.0.0-Release.Candidate.app/Contents/Developer/Toolchains/XcodeDefault.xctoolchain/usr/bin/swiftc -parse-as-library -module-name XCResultKit -Onone @/Users/admin/builder/spi-builder-workspace/.derivedData/Build/Intermediates.noindex/XCResultKit.build/Debug-watchos/XCResultKit-t.build/Objects-normal/arm64_32/XCResultKit.SwiftFileList -DSWIFT_PACKAGE -DDEBUG -DSWIFT_MODULE_RESOURCE_BUNDLE_UNAVAILABLE -DXcode -plugin-path /Applications/Xcode-27.0.0-Release.Candidate.app/Contents/Developer/Toolchains/XcodeDefault.xctoolchain/usr/lib/swift/host/plugins/testing -enable-experimental-feature DebugDescriptionMacro -sdk /Applications/Xcode-27.0.0-Release.Candidate.app/Contents/Developer/Platforms/WatchOS.platform/Developer/SDKs/WatchOS27.0.sdk -target arm64_32-apple-watchos9.0 -g -module-cache-path /Users/admin/builder/spi-builder-workspace/.derivedData/ModuleCache.noindex -Xfrontend -serialize-debugging-options -enable-testing -index-store-path /Users/admin/builder/spi-builder-workspace/.derivedData/Index.noindex/DataStore -Xcc -D_LIBCPP_HARDENING_MODE\=_LIBCPP_HARDENING_MODE_DEBUG -swift-version 5 -I /Users/admin/builder/spi-builder-workspace/.derivedData/Build/Products/Debug-watchos -Isystem /Applications/Xcode-27.0.0-Release.Candidate.app/Contents/Developer/Platforms/WatchOS.platform/Developer/usr/lib -F /Users/admin/builder/spi-builder-workspace/.derivedData/Build/Products/Debug-watchos -F /Applications/Xcode-27.0.0-Release.Candidate.app/Contents/Developer/Platforms/WatchOS.platform/Developer/Library/Frameworks -F /Applications/Xcode-27.0.0-Release.Candidate.app/Contents/Developer/Platforms/WatchOS.platform/Developer/SDKs/WatchOS27.0.sdk/Developer/Library/Frameworks -c -j10 -enable-batch-mode -incremental -Xcc -ivfsstatcache -Xcc /Users/admin/builder/spi-builder-workspace/.derivedData/SDKStatCaches.noindex/watchos27.0-24R360-e829b21a6f8c9b70876ba0858053c04477534ef55a1706bf4c1112bbb242f0a2.sdkstatcache -output-file-map /Users/admin/builder/spi-builder-workspace/.derivedData/Build/Intermediates.noindex/XCResultKit.build/Debug-watchos/XCResultKit-t.build/Objects-normal/arm64_32/XCResultKit-OutputFileMap.json -save-temps -no-color-diagnostics -explicit-module-build -module-cache-path /Users/admin/builder/spi-builder-workspace/.derivedData/Build/Intermediates.noindex/SwiftExplicitPrecompiledModules -clang-scanner-module-cache-path /Users/admin/builder/spi-builder-workspace/.derivedData/ModuleCache.noindex -sdk-module-cache-path /Users/admin/builder/spi-builder-workspace/.derivedData/SDKExplicitPrecompiledModules -emit-dependencies -emit-module -emit-module-path /Users/admin/builder/spi-builder-workspace/.derivedData/Build/Intermediates.noindex/XCResultKit.build/Debug-watchos/XCResultKit-t.build/Objects-normal/arm64_32/XCResultKit.swiftmodule -serialize-diagnostics -dependency-scan-serialize-diagnostics-path /Users/admin/builder/spi-builder-workspace/.derivedData/Build/Intermediates.noindex/XCResultKit.build/Debug-watchos/XCResultKit-t.build/Objects-normal/arm64_32/XCResultKit-dependency-scan.dia -validate-clang-modules-once -clang-build-session-file /Users/admin/builder/spi-builder-workspace/.derivedData/ModuleCache.noindex/Session.modulevalidation -Xcc -fmodules-prune-interval\=86400 -Xcc -fmodules-prune-after\=345600 -emit-const-values -const-gather-protocols-list /Users/admin/builder/spi-builder-workspace/.derivedData/Build/Intermediates.noindex/XCResultKit.build/Debug-watchos/XCResultKit-t.build/Objects-normal/arm64_32/XCResultKit_const_extract_protocols.json -Xcc -I/Users/admin/builder/spi-builder-workspace/.derivedData/Build/Products/Debug-watchos/include -Xcc -I/Users/admin/builder/spi-builder-workspace/.derivedData/Build/Intermediates.noindex/XCResultKit.build/Debug-watchos/XCResultKit-t.build/DerivedSources-normal/arm64_32 -Xcc -I/Users/admin/builder/spi-builder-workspace/.derivedData/Build/Intermediates.noindex/XCResultKit.build/Debug-watchos/XCResultKit-t.build/DerivedSources/arm64_32 -Xcc -I/Users/admin/builder/spi-builder-workspace/.derivedData/Build/Intermediates.noindex/XCResultKit.build/Debug-watchos/XCResultKit-t.build/DerivedSources -Xcc -DSWIFT_PACKAGE -Xcc -DDEBUG\=1 -emit-objc-header -emit-objc-header-path /Users/admin/builder/spi-builder-workspace/.derivedData/Build/Intermediates.noindex/XCResultKit.build/Debug-watchos/XCResultKit-t.build/Objects-normal/arm64_32/XCResultKit-Swift.h -working-directory /Users/admin/builder/spi-builder-workspace/.swiftpm/xcode -experimental-emit-module-separately -disable-cmo
SwiftDriver XCResultKit normal arm64 com.apple.xcode.tools.swift.compiler (in target 'XCResultKit' from project 'XCResultKit')
cd /Users/admin/builder/spi-builder-workspace/.swiftpm/xcode
builtin-SwiftDriver -- /Applications/Xcode-27.0.0-Release.Candidate.app/Contents/Developer/Toolchains/XcodeDefault.xctoolchain/usr/bin/swiftc -parse-as-library -module-name XCResultKit -Onone @/Users/admin/builder/spi-builder-workspace/.derivedData/Build/Intermediates.noindex/XCResultKit.build/Debug-watchos/XCResultKit-t.build/Objects-normal/arm64/XCResultKit.SwiftFileList -DSWIFT_PACKAGE -DDEBUG -DSWIFT_MODULE_RESOURCE_BUNDLE_UNAVAILABLE -DXcode -plugin-path /Applications/Xcode-27.0.0-Release.Candidate.app/Contents/Developer/Toolchains/XcodeDefault.xctoolchain/usr/lib/swift/host/plugins/testing -enable-experimental-feature DebugDescriptionMacro -sdk /Applications/Xcode-27.0.0-Release.Candidate.app/Contents/Developer/Platforms/WatchOS.platform/Developer/SDKs/WatchOS27.0.sdk -target arm64-apple-watchos9.0 -g -module-cache-path /Users/admin/builder/spi-builder-workspace/.derivedData/ModuleCache.noindex -Xfrontend -serialize-debugging-options -enable-testing -index-store-path /Users/admin/builder/spi-builder-workspace/.derivedData/Index.noindex/DataStore -Xcc -D_LIBCPP_HARDENING_MODE\=_LIBCPP_HARDENING_MODE_DEBUG -swift-version 5 -I /Users/admin/builder/spi-builder-workspace/.derivedData/Build/Products/Debug-watchos -Isystem /Applications/Xcode-27.0.0-Release.Candidate.app/Contents/Developer/Platforms/WatchOS.platform/Developer/usr/lib -F /Users/admin/builder/spi-builder-workspace/.derivedData/Build/Products/Debug-watchos -F /Applications/Xcode-27.0.0-Release.Candidate.app/Contents/Developer/Platforms/WatchOS.platform/Developer/Library/Frameworks -F /Applications/Xcode-27.0.0-Release.Candidate.app/Contents/Developer/Platforms/WatchOS.platform/Developer/SDKs/WatchOS27.0.sdk/Developer/Library/Frameworks -c -j10 -enable-batch-mode -incremental -Xcc -ivfsstatcache -Xcc /Users/admin/builder/spi-builder-workspace/.derivedData/SDKStatCaches.noindex/watchos27.0-24R360-e829b21a6f8c9b70876ba0858053c04477534ef55a1706bf4c1112bbb242f0a2.sdkstatcache -output-file-map /Users/admin/builder/spi-builder-workspace/.derivedData/Build/Intermediates.noindex/XCResultKit.build/Debug-watchos/XCResultKit-t.build/Objects-normal/arm64/XCResultKit-OutputFileMap.json -save-temps -no-color-diagnostics -explicit-module-build -module-cache-path /Users/admin/builder/spi-builder-workspace/.derivedData/Build/Intermediates.noindex/SwiftExplicitPrecompiledModules -clang-scanner-module-cache-path /Users/admin/builder/spi-builder-workspace/.derivedData/ModuleCache.noindex -sdk-module-cache-path /Users/admin/builder/spi-builder-workspace/.derivedData/SDKExplicitPrecompiledModules -emit-dependencies -emit-module -emit-module-path /Users/admin/builder/spi-builder-workspace/.derivedData/Build/Intermediates.noindex/XCResultKit.build/Debug-watchos/XCResultKit-t.build/Objects-normal/arm64/XCResultKit.swiftmodule -serialize-diagnostics -dependency-scan-serialize-diagnostics-path /Users/admin/builder/spi-builder-workspace/.derivedData/Build/Intermediates.noindex/XCResultKit.build/Debug-watchos/XCResultKit-t.build/Objects-normal/arm64/XCResultKit-dependency-scan.dia -validate-clang-modules-once -clang-build-session-file /Users/admin/builder/spi-builder-workspace/.derivedData/ModuleCache.noindex/Session.modulevalidation -Xcc -fmodules-prune-interval\=86400 -Xcc -fmodules-prune-after\=345600 -emit-const-values -const-gather-protocols-list /Users/admin/builder/spi-builder-workspace/.derivedData/Build/Intermediates.noindex/XCResultKit.build/Debug-watchos/XCResultKit-t.build/Objects-normal/arm64/XCResultKit_const_extract_protocols.json -Xcc -I/Users/admin/builder/spi-builder-workspace/.derivedData/Build/Products/Debug-watchos/include -Xcc -I/Users/admin/builder/spi-builder-workspace/.derivedData/Build/Intermediates.noindex/XCResultKit.build/Debug-watchos/XCResultKit-t.build/DerivedSources-normal/arm64 -Xcc -I/Users/admin/builder/spi-builder-workspace/.derivedData/Build/Intermediates.noindex/XCResultKit.build/Debug-watchos/XCResultKit-t.build/DerivedSources/arm64 -Xcc -I/Users/admin/builder/spi-builder-workspace/.derivedData/Build/Intermediates.noindex/XCResultKit.build/Debug-watchos/XCResultKit-t.build/DerivedSources -Xcc -DSWIFT_PACKAGE -Xcc -DDEBUG\=1 -emit-objc-header -emit-objc-header-path /Users/admin/builder/spi-builder-workspace/.derivedData/Build/Intermediates.noindex/XCResultKit.build/Debug-watchos/XCResultKit-t.build/Objects-normal/arm64/XCResultKit-Swift.h -working-directory /Users/admin/builder/spi-builder-workspace/.swiftpm/xcode -experimental-emit-module-separately -disable-cmo
SwiftExplicitDependencyGeneratePcm arm64_32 /Users/admin/builder/spi-builder-workspace/.derivedData/SDKExplicitPrecompiledModules/SwiftShims-9CQQGWTSNTN9EB5NSHDWUJICH.pcm
SwiftExplicitDependencyGeneratePcm arm64_32 /Users/admin/builder/spi-builder-workspace/.derivedData/SDKExplicitPrecompiledModules/ptrcheck-7ELIH9BTIGVKX3UBITM9N72WD.pcm
SwiftExplicitDependencyGeneratePcm arm64_32 /Users/admin/builder/spi-builder-workspace/.derivedData/SDKExplicitPrecompiledModules/_SwiftConcurrencyShims-6RTBPQ03V7BM9SPRK8SUE055H.pcm
SwiftExplicitDependencyGeneratePcm arm64_32 /Users/admin/builder/spi-builder-workspace/.derivedData/SDKExplicitPrecompiledModules/_Builtin_stdbool-A967K8W8YUYEC9SN52KJ7OO88.pcm
SwiftExplicitDependencyGeneratePcm arm64_32 /Users/admin/builder/spi-builder-workspace/.derivedData/SDKExplicitPrecompiledModules/_Builtin_stddef-H44EFHQX6XSS5MZ7QP6YJZ76.pcm
SwiftExplicitDependencyGeneratePcm arm64_32 /Users/admin/builder/spi-builder-workspace/.derivedData/SDKExplicitPrecompiledModules/ptrauth-BFXF358ME5AK535N5A9Z766WU.pcm
SwiftExplicitDependencyGeneratePcm arm64_32 /Users/admin/builder/spi-builder-workspace/.derivedData/SDKExplicitPrecompiledModules/_AvailabilityInternal-244WAN3Z1QBT7PIA64EZEFY1R.pcm
SwiftExplicitDependencyGeneratePcm arm64_32 /Users/admin/builder/spi-builder-workspace/.derivedData/SDKExplicitPrecompiledModules/_Builtin_float-6KO8O3PEWRCA4WC6PPLOYO6WJ.pcm
SwiftExplicitDependencyGeneratePcm arm64_32 /Users/admin/builder/spi-builder-workspace/.derivedData/SDKExplicitPrecompiledModules/_Builtin_stdarg-D305JG44A2WPI6CJY37X3QJE8.pcm
SwiftExplicitDependencyGeneratePcm arm64 /Users/admin/builder/spi-builder-workspace/.derivedData/SDKExplicitPrecompiledModules/_SwiftConcurrencyShims-659N52XSKR5F0QSB880BH2FJR.pcm
SwiftExplicitDependencyGeneratePcm arm64 /Users/admin/builder/spi-builder-workspace/.derivedData/SDKExplicitPrecompiledModules/_AvailabilityInternal-BUNV3UXM65NT37THI4W1AM0SF.pcm
SwiftExplicitDependencyGeneratePcm arm64 /Users/admin/builder/spi-builder-workspace/.derivedData/SDKExplicitPrecompiledModules/_Builtin_stdarg-A7UU8LE6MP85SM26YO7PBZNUQ.pcm
SwiftExplicitDependencyGeneratePcm arm64 /Users/admin/builder/spi-builder-workspace/.derivedData/SDKExplicitPrecompiledModules/_Builtin_stddef-1FU30Y8SWFB7OUUHMJQH5J6FM.pcm
SwiftExplicitDependencyGeneratePcm arm64 /Users/admin/builder/spi-builder-workspace/.derivedData/SDKExplicitPrecompiledModules/ptrauth-3TZ9WJCGLYD25HQPWH4968ONX.pcm
SwiftExplicitDependencyGeneratePcm arm64 /Users/admin/builder/spi-builder-workspace/.derivedData/SDKExplicitPrecompiledModules/_Builtin_float-C0CW5Q4HGBQYKE77TC42IAFB5.pcm
SwiftExplicitDependencyGeneratePcm arm64 /Users/admin/builder/spi-builder-workspace/.derivedData/SDKExplicitPrecompiledModules/_Builtin_stdbool-83J96QSOFE9VX04AAS6310UAE.pcm
SwiftExplicitDependencyGeneratePcm arm64 /Users/admin/builder/spi-builder-workspace/.derivedData/SDKExplicitPrecompiledModules/ptrcheck-AIF0NDOYZ8ORBNHQAQR5NNB8M.pcm
SwiftExplicitDependencyGeneratePcm arm64 /Users/admin/builder/spi-builder-workspace/.derivedData/SDKExplicitPrecompiledModules/SwiftShims-4MXFZPV6FEB0XBYXCGPWAMQGL.pcm
SwiftExplicitDependencyGeneratePcm arm64_32 /Users/admin/builder/spi-builder-workspace/.derivedData/SDKExplicitPrecompiledModules/_DarwinFoundation1-2GWF9RFMPLQW4PDHS3NARVI3G.pcm
SwiftExplicitDependencyGeneratePcm arm64 /Users/admin/builder/spi-builder-workspace/.derivedData/SDKExplicitPrecompiledModules/_DarwinFoundation1-7SPX3MD0HMP55E4OLNCPNDQ53.pcm
SwiftExplicitDependencyGeneratePcm arm64_32 /Users/admin/builder/spi-builder-workspace/.derivedData/SDKExplicitPrecompiledModules/_DarwinFoundation2-9MY8GOSYRO0M9MKNXF6D3MBNK.pcm
SwiftExplicitDependencyGeneratePcm arm64_32 /Users/admin/builder/spi-builder-workspace/.derivedData/SDKExplicitPrecompiledModules/_Builtin_limits-3VKBU2AFTD65PAJZ5CJ3LHFM2.pcm
SwiftExplicitDependencyGeneratePcm arm64 /Users/admin/builder/spi-builder-workspace/.derivedData/SDKExplicitPrecompiledModules/_Builtin_limits-9GWPA2B0H20DYUNYHYCWKABJG.pcm
SwiftExplicitDependencyGeneratePcm arm64 /Users/admin/builder/spi-builder-workspace/.derivedData/SDKExplicitPrecompiledModules/_DarwinFoundation2-D0XAPJU49S5E9XMKYOFGSTB1Q.pcm
SwiftExplicitDependencyGeneratePcm arm64_32 /Users/admin/builder/spi-builder-workspace/.derivedData/SDKExplicitPrecompiledModules/sys_types-8TLLMW08ZJWDGIIPKOYFGHHZW.pcm
SwiftExplicitDependencyGeneratePcm arm64_32 /Users/admin/builder/spi-builder-workspace/.derivedData/SDKExplicitPrecompiledModules/_Builtin_stdint-1HMXWI3V0V4TXHRWZOMZGZ80Y.pcm
SwiftExplicitDependencyGeneratePcm arm64_32 /Users/admin/builder/spi-builder-workspace/.derivedData/SDKExplicitPrecompiledModules/string_h-BFVLUQUSBZWYMLCU9QI7VZALW.pcm
SwiftExplicitDependencyGeneratePcm arm64 /Users/admin/builder/spi-builder-workspace/.derivedData/SDKExplicitPrecompiledModules/sys_types-2KXQLI78OUCDP779AE68GZJ2.pcm
SwiftExplicitDependencyGeneratePcm arm64 /Users/admin/builder/spi-builder-workspace/.derivedData/SDKExplicitPrecompiledModules/string_h-E6PRXK75PHIPCZFWOFCQ3QBMK.pcm
SwiftExplicitDependencyGeneratePcm arm64 /Users/admin/builder/spi-builder-workspace/.derivedData/SDKExplicitPrecompiledModules/_Builtin_stdint-8XMILLJZEGRN2XG7XZUXZ5RLX.pcm
SwiftExplicitDependencyGeneratePcm arm64_32 /Users/admin/builder/spi-builder-workspace/.derivedData/SDKExplicitPrecompiledModules/_DarwinFoundation3-3DUTYQDQSD9HUAAVY947NMWOI.pcm
SwiftExplicitDependencyGeneratePcm arm64 /Users/admin/builder/spi-builder-workspace/.derivedData/SDKExplicitPrecompiledModules/_DarwinFoundation3-B97LRG0E9GON2NUE65TVG81HU.pcm
SwiftExplicitDependencyGeneratePcm arm64_32 /Users/admin/builder/spi-builder-workspace/.derivedData/SDKExplicitPrecompiledModules/_Builtin_inttypes-D2KPCR4PEX9AQA33NGLUT5SBR.pcm
SwiftExplicitDependencyGeneratePcm arm64 /Users/admin/builder/spi-builder-workspace/.derivedData/SDKExplicitPrecompiledModules/_Builtin_inttypes-3UQSCM7WNM9EK4HZML8TY5J3D.pcm
SwiftExplicitDependencyGeneratePcm arm64_32 /Users/admin/builder/spi-builder-workspace/.derivedData/SDKExplicitPrecompiledModules/Darwin-3FVT1SKLN2ZQ5RVOABMTQBB34.pcm
SwiftExplicitDependencyGeneratePcm arm64 /Users/admin/builder/spi-builder-workspace/.derivedData/SDKExplicitPrecompiledModules/Darwin-3984OXKFNSPE77NT743WK8SEX.pcm
SwiftExplicitDependencyGeneratePcm arm64_32 /Users/admin/builder/spi-builder-workspace/.derivedData/SDKExplicitPrecompiledModules/ObjectiveC-6IJNELR2E80E7LUKESVCP2KET.pcm
SwiftExplicitDependencyGeneratePcm arm64 /Users/admin/builder/spi-builder-workspace/.derivedData/SDKExplicitPrecompiledModules/ObjectiveC-72IVD3VS2RS8Q28D9PIMY0KQP.pcm
SwiftExplicitDependencyGeneratePcm arm64_32 /Users/admin/builder/spi-builder-workspace/.derivedData/SDKExplicitPrecompiledModules/os_object-5YWTC6L4756IWSTPGXS5NM0D0.pcm
SwiftExplicitDependencyGeneratePcm arm64 /Users/admin/builder/spi-builder-workspace/.derivedData/SDKExplicitPrecompiledModules/os_object-3SDKD7F87FTZ26OON37DRYT6O.pcm
SwiftExplicitDependencyGeneratePcm arm64_32 /Users/admin/builder/spi-builder-workspace/.derivedData/SDKExplicitPrecompiledModules/os_workgroup-5JHTPDMNBUNHLJI8LPHKQK1JK.pcm
SwiftExplicitDependencyGeneratePcm arm64 /Users/admin/builder/spi-builder-workspace/.derivedData/SDKExplicitPrecompiledModules/os_workgroup-89GG5G7YC2D0ZTK6AZXXQ20DH.pcm
SwiftExplicitDependencyGeneratePcm arm64_32 /Users/admin/builder/spi-builder-workspace/.derivedData/SDKExplicitPrecompiledModules/Dispatch-2P62F1T4XV63S4P99TUDTOK2Q.pcm
SwiftExplicitDependencyGeneratePcm arm64 /Users/admin/builder/spi-builder-workspace/.derivedData/SDKExplicitPrecompiledModules/Dispatch-1NLJOVAK60XP0DUB05XA59EIM.pcm
SwiftExplicitDependencyGeneratePcm arm64_32 /Users/admin/builder/spi-builder-workspace/.derivedData/SDKExplicitPrecompiledModules/CoreFoundation-8E6Y4BA3EXYKUGJ24GT9LGV3N.pcm
SwiftExplicitDependencyGeneratePcm arm64_32 /Users/admin/builder/spi-builder-workspace/.derivedData/SDKExplicitPrecompiledModules/XPC-81Y45QFY96XYYFCW2GT6FY8S4.pcm
SwiftExplicitDependencyGeneratePcm arm64 /Users/admin/builder/spi-builder-workspace/.derivedData/SDKExplicitPrecompiledModules/CoreFoundation-8T2L24YC5NU7WO6WQJWRY7W08.pcm
SwiftExplicitDependencyGeneratePcm arm64 /Users/admin/builder/spi-builder-workspace/.derivedData/SDKExplicitPrecompiledModules/XPC-40DR0X1DHKGCV4J1IOLFS8MOU.pcm
SwiftExplicitDependencyGeneratePcm arm64_32 /Users/admin/builder/spi-builder-workspace/.derivedData/SDKExplicitPrecompiledModules/Security-D7TOWF88VWF67TB9HAFP5UWB1.pcm
SwiftExplicitDependencyGeneratePcm arm64 /Users/admin/builder/spi-builder-workspace/.derivedData/SDKExplicitPrecompiledModules/Security-6RZ6YBRU8WCUHRFFRVUK5WKMM.pcm
SwiftExplicitDependencyGeneratePcm arm64_32 /Users/admin/builder/spi-builder-workspace/.derivedData/SDKExplicitPrecompiledModules/Foundation-BJ2VQGI3OGR34500MEQ1VKHPH.pcm
SwiftExplicitDependencyGeneratePcm arm64 /Users/admin/builder/spi-builder-workspace/.derivedData/SDKExplicitPrecompiledModules/Foundation-DLBKUSGXN8QHAT8W0OARR9S8A.pcm
SwiftCompile normal arm64_32 Compiling\ XCResultDate.swift,\ XCResultDouble.swift,\ XCResultFile.swift,\ XCResultInt.swift,\ XCResultObject.swift,\ XCResultString.swift,\ XCResultUInt.swift /Users/admin/builder/spi-builder-workspace/Sources/XCResultKit/XCResultDate.swift /Users/admin/builder/spi-builder-workspace/Sources/XCResultKit/XCResultDouble.swift /Users/admin/builder/spi-builder-workspace/Sources/XCResultKit/XCResultFile.swift /Users/admin/builder/spi-builder-workspace/Sources/XCResultKit/XCResultInt.swift /Users/admin/builder/spi-builder-workspace/Sources/XCResultKit/XCResultObject.swift /Users/admin/builder/spi-builder-workspace/Sources/XCResultKit/XCResultString.swift /Users/admin/builder/spi-builder-workspace/Sources/XCResultKit/XCResultUInt.swift (in target 'XCResultKit' from project 'XCResultKit')
/Users/admin/builder/spi-builder-workspace/Sources/XCResultKit/XCResultFile.swift:135:24: error: cannot find 'Process' in scope
133 | private func xcrun(_ arguments: [String], output: XCRunOutput = .onlyOnSuccess) -> Data? {
134 | autoreleasepool {
135 | let task = Process()
| `- error: cannot find 'Process' in scope
136 | task.launchPath = "/usr/bin/xcrun"
137 | task.arguments = arguments
Failed frontend command:
SwiftCompile normal arm64_32 /Users/admin/builder/spi-builder-workspace/Sources/XCResultKit/XCResultDate.swift (in target 'XCResultKit' from project 'XCResultKit')
cd /Users/admin/builder/spi-builder-workspace/.swiftpm/xcode
builtin-SwiftPerFileCompile XCResultDate.swift
SwiftCompile normal arm64_32 /Users/admin/builder/spi-builder-workspace/Sources/XCResultKit/XCResultDouble.swift (in target 'XCResultKit' from project 'XCResultKit')
cd /Users/admin/builder/spi-builder-workspace/.swiftpm/xcode
builtin-SwiftPerFileCompile XCResultDouble.swift
SwiftCompile normal arm64_32 /Users/admin/builder/spi-builder-workspace/Sources/XCResultKit/XCResultFile.swift (in target 'XCResultKit' from project 'XCResultKit')
cd /Users/admin/builder/spi-builder-workspace/.swiftpm/xcode
builtin-SwiftPerFileCompile XCResultFile.swift
SwiftCompile normal arm64_32 /Users/admin/builder/spi-builder-workspace/Sources/XCResultKit/XCResultInt.swift (in target 'XCResultKit' from project 'XCResultKit')
cd /Users/admin/builder/spi-builder-workspace/.swiftpm/xcode
builtin-SwiftPerFileCompile XCResultInt.swift
SwiftCompile normal arm64_32 /Users/admin/builder/spi-builder-workspace/Sources/XCResultKit/XCResultObject.swift (in target 'XCResultKit' from project 'XCResultKit')
cd /Users/admin/builder/spi-builder-workspace/.swiftpm/xcode
builtin-SwiftPerFileCompile XCResultObject.swift
SwiftCompile normal arm64_32 /Users/admin/builder/spi-builder-workspace/Sources/XCResultKit/XCResultString.swift (in target 'XCResultKit' from project 'XCResultKit')
cd /Users/admin/builder/spi-builder-workspace/.swiftpm/xcode
builtin-SwiftPerFileCompile XCResultString.swift
SwiftCompile normal arm64_32 /Users/admin/builder/spi-builder-workspace/Sources/XCResultKit/XCResultUInt.swift (in target 'XCResultKit' from project 'XCResultKit')
cd /Users/admin/builder/spi-builder-workspace/.swiftpm/xcode
builtin-SwiftPerFileCompile XCResultUInt.swift
/Applications/Xcode-27.0.0-Release.Candidate.app/Contents/Developer/Toolchains/XcodeDefault.xctoolchain/usr/bin/swift-frontend -frontend -c /Users/admin/builder/spi-builder-workspace/Sources/XCResultKit/CodeCoverage.swift /Users/admin/builder/spi-builder-workspace/Sources/XCResultKit/LogStoreExecution.swift /Users/admin/builder/spi-builder-workspace/Sources/XCResultKit/LogStoreManifest.swift /Users/admin/builder/spi-builder-workspace/Sources/XCResultKit/Logger.swift /Users/admin/builder/spi-builder-workspace/Sources/XCResultKit/Schema/ActionAbstractTestSummary.swift /Users/admin/builder/spi-builder-workspace/Sources/XCResultKit/Schema/ActionDeviceRecord.swift /Users/admin/builder/spi-builder-workspace/Sources/XCResultKit/Schema/ActionPlatformRecord.swift /Users/admin/builder/spi-builder-workspace/Sources/XCResultKit/Schema/ActionRecord.swift /Users/admin/builder/spi-builder-workspace/Sources/XCResultKit/Schema/ActionResult.swift /Users/admin/builder/spi-builder-workspace/Sources/XCResultKit/Schema/ActionRunDestinationRecord.swift /Users/admin/builder/spi-builder-workspace/Sources/XCResultKit/Schema/ActionSDKRecord.swift /Users/admin/builder/spi-builder-workspace/Sources/XCResultKit/Schema/ActionTestActivitySummary.swift /Users/admin/builder/spi-builder-workspace/Sources/XCResultKit/Schema/ActionTestAttachment.swift /Users/admin/builder/spi-builder-workspace/Sources/XCResultKit/Schema/ActionTestConfiguration.swift /Users/admin/builder/spi-builder-workspace/Sources/XCResultKit/Schema/ActionTestExpectedFailure.swift /Users/admin/builder/spi-builder-workspace/Sources/XCResultKit/Schema/ActionTestFailureSummary.swift /Users/admin/builder/spi-builder-workspace/Sources/XCResultKit/Schema/ActionTestIssueSummary.swift /Users/admin/builder/spi-builder-workspace/Sources/XCResultKit/Schema/ActionTestMetadata.swift /Users/admin/builder/spi-builder-workspace/Sources/XCResultKit/Schema/ActionTestNoticeSummary.swift /Users/admin/builder/spi-builder-workspace/Sources/XCResultKit/Schema/ActionTestPerformanceMetricSummary.swift /Users/admin/builder/spi-builder-workspace/Sources/XCResultKit/Schema/ActionTestPlanRunSummaries.swift /Users/admin/builder/spi-builder-workspace/Sources/XCResultKit/Schema/ActionTestPlanRunSummary.swift /Users/admin/builder/spi-builder-workspace/Sources/XCResultKit/Schema/ActionTestRepetitionPolicySummary.swift /Users/admin/builder/spi-builder-workspace/Sources/XCResultKit/Schema/ActionTestSummary.swift /Users/admin/builder/spi-builder-workspace/Sources/XCResultKit/Schema/ActionTestSummaryGroup.swift /Users/admin/builder/spi-builder-workspace/Sources/XCResultKit/Schema/ActionTestSummaryIdentifiableObject.swift /Users/admin/builder/spi-builder-workspace/Sources/XCResultKit/Schema/ActionTestableSummary.swift /Users/admin/builder/spi-builder-workspace/Sources/XCResultKit/Schema/ActionsInvocationMetadata.swift /Users/admin/builder/spi-builder-workspace/Sources/XCResultKit/Schema/ActionsInvocationRecord.swift /Users/admin/builder/spi-builder-workspace/Sources/XCResultKit/Schema/ActivityLogAnalyzerControlFlowStep.swift /Users/admin/builder/spi-builder-workspace/Sources/XCResultKit/Schema/ActivityLogAnalyzerControlFlowStepEdge.swift /Users/admin/builder/spi-builder-workspace/Sources/XCResultKit/Schema/ActivityLogAnalyzerEventStep.swift /Users/admin/builder/spi-builder-workspace/Sources/XCResultKit/Schema/ActivityLogAnalyzerResultMessage.swift /Users/admin/builder/spi-builder-workspace/Sources/XCResultKit/Schema/ActivityLogAnalyzerStep.swift /Users/admin/builder/spi-builder-workspace/Sources/XCResultKit/Schema/ActivityLogAnalyzerWarningMessage.swift /Users/admin/builder/spi-builder-workspace/Sources/XCResultKit/Schema/ActivityLogCommandInvocationSection.swift /Users/admin/builder/spi-builder-workspace/Sources/XCResultKit/Schema/ActivityLogMajorSection.swift /Users/admin/builder/spi-builder-workspace/Sources/XCResultKit/Schema/ActivityLogMessage.swift /Users/admin/builder/spi-builder-workspace/Sources/XCResultKit/Schema/ActivityLogMessageAnnotation.swift /Users/admin/builder/spi-builder-workspace/Sources/XCResultKit/Schema/ActivityLogSection.swift /Users/admin/builder/spi-builder-workspace/Sources/XCResultKit/Schema/ActivityLogTargetBuildSection.swift /Users/admin/builder/spi-builder-workspace/Sources/XCResultKit/Schema/ActivityLogUnitTestSection.swift /Users/admin/builder/spi-builder-workspace/Sources/XCResultKit/Schema/ArchiveInfo.swift /Users/admin/builder/spi-builder-workspace/Sources/XCResultKit/Schema/CodeCoverageInfo.swift /Users/admin/builder/spi-builder-workspace/Sources/XCResultKit/Schema/ConsoleLogItem.swift /Users/admin/builder/spi-builder-workspace/Sources/XCResultKit/Schema/ConsoleLogItemLogData.swift /Users/admin/builder/spi-builder-workspace/Sources/XCResultKit/Schema/ConsoleLogSection.swift /Users/admin/builder/spi-builder-workspace/Sources/XCResultKit/Schema/DocumentLocation.swift /Users/admin/builder/spi-builder-workspace/Sources/XCResultKit/Schema/EntityIdentifier.swift /Users/admin/builder/spi-builder-workspace/Sources/XCResultKit/Schema/IssueSummary.swift /Users/admin/builder/spi-builder-workspace/Sources/XCResultKit/Schema/Reference.swift /Users/admin/builder/spi-builder-workspace/Sources/XCResultKit/Schema/ResultIssueSummaries.swift /Users/admin/builder/spi-builder-workspace/Sources/XCResultKit/Schema/ResultMetrics.swift /Users/admin/builder/spi-builder-workspace/Sources/XCResultKit/Schema/SortedKeyValueArray.swift /Users/admin/builder/spi-builder-workspace/Sources/XCResultKit/Schema/SortedKeyValueArrayPair.swift /Users/admin/builder/spi-builder-workspace/Sources/XCResultKit/Schema/SourceCodeContext.swift /Users/admin/builder/spi-builder-workspace/Sources/XCResultKit/Schema/SourceCodeFrame.swift /Users/admin/builder/spi-builder-workspace/Sources/XCResultKit/Schema/SourceCodeLocation.swift /Users/admin/builder/spi-builder-workspace/Sources/XCResultKit/Schema/SourceCodeSymbolInfo.swift /Users/admin/builder/spi-builder-workspace/Sources/XCResultKit/Schema/TestAssociatedError.swift /Users/admin/builder/spi-builder-workspace/Sources/XCResultKit/Schema/TestFailureIssueSummary.swift /Users/admin/builder/spi-builder-workspace/Sources/XCResultKit/Schema/TestIssueSummary.swift /Users/admin/builder/spi-builder-workspace/Sources/XCResultKit/Schema/TypeDefinition.swift /Users/admin/builder/spi-builder-workspace/Sources/XCResultKit/XCResultBool.swift -primary-file /Users/admin/builder/spi-builder-workspace/Sources/XCResultKit/XCResultDate.swift -primary-file /Users/admin/builder/spi-builder-workspace/Sources/XCResultKit/XCResultDouble.swift -primary-file /Users/admin/builder/spi-builder-workspace/Sources/XCResultKit/XCResultFile.swift -primary-file /Users/admin/builder/spi-builder-workspace/Sources/XCResultKit/XCResultInt.swift -primary-file /Users/admin/builder/spi-builder-workspace/Sources/XCResultKit/XCResultObject.swift -primary-file /Users/admin/builder/spi-builder-workspace/Sources/XCResultKit/XCResultString.swift -primary-file /Users/admin/builder/spi-builder-workspace/Sources/XCResultKit/XCResultUInt.swift -supplementary-output-file-map /Users/admin/builder/spi-builder-workspace/.derivedData/Build/Intermediates.noindex/XCResultKit.build/Debug-watchos/XCResultKit-t.build/Objects-normal/arm64_32/supplementaryOutputs-18 -target arm64_32-apple-watchos9.0 -disable-cross-import-overlay-search -load-resolved-plugin /Applications/Xcode-27.0.0-Release.Candidate.app/Contents/Developer/Platforms/WatchOS.platform/Developer/usr/lib/swift/host/plugins/libFoundationMacros.dylib\#/Applications/Xcode-27.0.0-Release.Candidate.app/Contents/Developer/Platforms/WatchOS.platform/Developer/usr/bin/swift-plugin-server\#FoundationMacros -load-resolved-plugin /Applications/Xcode-27.0.0-Release.Candidate.app/Contents/Developer/Platforms/WatchOS.platform/Developer/usr/lib/swift/host/plugins/libObservationMacros.dylib\#/Applications/Xcode-27.0.0-Release.Candidate.app/Contents/Developer/Platforms/WatchOS.platform/Developer/usr/bin/swift-plugin-server\#ObservationMacros -load-resolved-plugin /Applications/Xcode-27.0.0-Release.Candidate.app/Contents/Developer/Platforms/WatchOS.platform/Developer/usr/lib/swift/host/plugins/libSwiftMacros.dylib\#/Applications/Xcode-27.0.0-Release.Candidate.app/Contents/Developer/Platforms/WatchOS.platform/Developer/usr/bin/swift-plugin-server\#SwiftMacros -disable-implicit-swift-modules -Xcc -fno-implicit-modules -Xcc -fno-implicit-module-maps -explicit-swift-module-map-file /Users/admin/builder/spi-builder-workspace/.derivedData/Build/Intermediates.noindex/XCResultKit.build/Debug-watchos/XCResultKit-t.build/Objects-normal/arm64_32/XCResultKit-dependencies-2.json -enable-objc-interop -sdk /Applications/Xcode-27.0.0-Release.Candidate.app/Contents/Developer/Platforms/WatchOS.platform/Developer/SDKs/WatchOS27.0.sdk -I /Users/admin/builder/spi-builder-workspace/.derivedData/Build/Products/Debug-watchos -Isystem /Applications/Xcode-27.0.0-Release.Candidate.app/Contents/Developer/Platforms/WatchOS.platform/Developer/usr/lib -F /Users/admin/builder/spi-builder-workspace/.derivedData/Build/Products/Debug-watchos -F /Applications/Xcode-27.0.0-Release.Candidate.app/Contents/Developer/Platforms/WatchOS.platform/Developer/Library/Frameworks -F /Applications/Xcode-27.0.0-Release.Candidate.app/Contents/Developer/Platforms/WatchOS.platform/Developer/SDKs/WatchOS27.0.sdk/Developer/Library/Frameworks -module-cache-path /Users/admin/builder/spi-builder-workspace/.derivedData/Build/Intermediates.noindex/SwiftExplicitPrecompiledModules -no-color-diagnostics -Xcc -fno-color-diagnostics -enable-testing -g -debug-info-format\=dwarf -dwarf-version\=4 -swift-version 5 -Onone -D SWIFT_PACKAGE -D DEBUG -D SWIFT_MODULE_RESOURCE_BUNDLE_UNAVAILABLE -D Xcode -serialize-debugging-options -enable-experimental-feature DebugDescriptionMacro -empty-abi-descriptor -validate-clang-modules-once -clang-build-session-file /Users/admin/builder/spi-builder-workspace/.derivedData/ModuleCache.noindex/Session.modulevalidation -Xcc -working-directory -Xcc /Users/admin/builder/spi-builder-workspace/.swiftpm/xcode -enable-anonymous-context-mangled-names -file-compilation-dir /Users/admin/builder/spi-builder-workspace/.swiftpm/xcode -Xcc -D_LIBCPP_HARDENING_MODE\=_LIBCPP_HARDENING_MODE_DEBUG -Xcc -ivfsstatcache -Xcc /Users/admin/builder/spi-builder-workspace/.derivedData/SDKStatCaches.noindex/watchos27.0-24R360-e829b21a6f8c9b70876ba0858053c04477534ef55a1706bf4c1112bbb242f0a2.sdkstatcache -Xcc -fmodules-prune-interval\=86400 -Xcc -fmodules-prune-after\=345600 -Xcc -I/Users/admin/builder/spi-builder-workspace/.derivedData/Build/Products/Debug-watchos/include -Xcc -I/Users/admin/builder/spi-builder-workspace/.derivedData/Build/Intermediates.noindex/XCResultKit.build/Debug-watchos/XCResultKit-t.build/DerivedSources-normal/arm64_32 -Xcc -I/Users/admin/builder/spi-builder-workspace/.derivedData/Build/Intermediates.noindex/XCResultKit.build/Debug-watchos/XCResultKit-t.build/DerivedSources/arm64_32 -Xcc -I/Users/admin/builder/spi-builder-workspace/.derivedData/Build/Intermediates.noindex/XCResultKit.build/Debug-watchos/XCResultKit-t.build/DerivedSources -Xcc -DSWIFT_PACKAGE -Xcc -DDEBUG\=1 -no-auto-bridging-header-chaining -module-name XCResultKit -const-gather-protocols-file /Users/admin/builder/spi-builder-workspace/.derivedData/Build/Intermediates.noindex/XCResultKit.build/Debug-watchos/XCResultKit-t.build/Objects-normal/arm64_32/XCResultKit_const_extract_protocols.json -disable-clang-spi -clang-target arm64_32-apple-watchos27.0 -target-sdk-version 27.0 -target-sdk-name watchos27.0 -in-process-plugin-server-path /Applications/Xcode-27.0.0-Release.Candidate.app/Contents/Developer/Toolchains/XcodeDefault.xctoolchain/usr/lib/swift/host/libSwiftInProcPluginServer.dylib -parse-as-library -o /Users/admin/builder/spi-builder-workspace/.derivedData/Build/Intermediates.noindex/XCResultKit.build/Debug-watchos/XCResultKit-t.build/Objects-normal/arm64_32/XCResultDate.o -o /Users/admin/builder/spi-builder-workspace/.derivedData/Build/Intermediates.noindex/XCResultKit.build/Debug-watchos/XCResultKit-t.build/Objects-normal/arm64_32/XCResultDouble.o -o /Users/admin/builder/spi-builder-workspace/.derivedData/Build/Intermediates.noindex/XCResultKit.build/Debug-watchos/XCResultKit-t.build/Objects-normal/arm64_32/XCResultFile.o -o /Users/admin/builder/spi-builder-workspace/.derivedData/Build/Intermediates.noindex/XCResultKit.build/Debug-watchos/XCResultKit-t.build/Objects-normal/arm64_32/XCResultInt.o -o /Users/admin/builder/spi-builder-workspace/.derivedData/Build/Intermediates.noindex/XCResultKit.build/Debug-watchos/XCResultKit-t.build/Objects-normal/arm64_32/XCResultObject.o -o /Users/admin/builder/spi-builder-workspace/.derivedData/Build/Intermediates.noindex/XCResultKit.build/Debug-watchos/XCResultKit-t.build/Objects-normal/arm64_32/XCResultString.o -o /Users/admin/builder/spi-builder-workspace/.derivedData/Build/Intermediates.noindex/XCResultKit.build/Debug-watchos/XCResultKit-t.build/Objects-normal/arm64_32/XCResultUInt.o -debug-module-path /Users/admin/builder/spi-builder-workspace/.derivedData/Build/Intermediates.noindex/XCResultKit.build/Debug-watchos/XCResultKit-t.build/Objects-normal/arm64_32/XCResultKit.swiftmodule -index-unit-output-path /XCResultKit.build/Debug-watchos/XCResultKit-t.build/Objects-normal/arm64_32/XCResultDate.o -index-unit-output-path /XCResultKit.build/Debug-watchos/XCResultKit-t.build/Objects-normal/arm64_32/XCResultDouble.o -index-unit-output-path /XCResultKit.build/Debug-watchos/XCResultKit-t.build/Objects-normal/arm64_32/XCResultFile.o -index-unit-output-path /XCResultKit.build/Debug-watchos/XCResultKit-t.build/Objects-normal/arm64_32/XCResultInt.o -index-unit-output-path /XCResultKit.build/Debug-watchos/XCResultKit-t.build/Objects-normal/arm64_32/XCResultObject.o -index-unit-output-path /XCResultKit.build/Debug-watchos/XCResultKit-t.build/Objects-normal/arm64_32/XCResultString.o -index-unit-output-path /XCResultKit.build/Debug-watchos/XCResultKit-t.build/Objects-normal/arm64_32/XCResultUInt.o -index-store-path /Users/admin/builder/spi-builder-workspace/.derivedData/Index.noindex/DataStore -index-system-modules
SwiftCompile normal arm64_32 Compiling\ SourceCodeLocation.swift,\ SourceCodeSymbolInfo.swift,\ TestAssociatedError.swift,\ TestFailureIssueSummary.swift,\ TestIssueSummary.swift,\ TypeDefinition.swift,\ XCResultBool.swift /Users/admin/builder/spi-builder-workspace/Sources/XCResultKit/Schema/SourceCodeLocation.swift /Users/admin/builder/spi-builder-workspace/Sources/XCResultKit/Schema/SourceCodeSymbolInfo.swift /Users/admin/builder/spi-builder-workspace/Sources/XCResultKit/Schema/TestAssociatedError.swift /Users/admin/builder/spi-builder-workspace/Sources/XCResultKit/Schema/TestFailureIssueSummary.swift /Users/admin/builder/spi-builder-workspace/Sources/XCResultKit/Schema/TestIssueSummary.swift /Users/admin/builder/spi-builder-workspace/Sources/XCResultKit/Schema/TypeDefinition.swift /Users/admin/builder/spi-builder-workspace/Sources/XCResultKit/XCResultBool.swift (in target 'XCResultKit' from project 'XCResultKit')
SwiftCompile normal arm64_32 /Users/admin/builder/spi-builder-workspace/Sources/XCResultKit/Schema/SourceCodeLocation.swift (in target 'XCResultKit' from project 'XCResultKit')
cd /Users/admin/builder/spi-builder-workspace/.swiftpm/xcode
builtin-SwiftPerFileCompile SourceCodeLocation.swift
SwiftCompile normal arm64_32 /Users/admin/builder/spi-builder-workspace/Sources/XCResultKit/Schema/SourceCodeSymbolInfo.swift (in target 'XCResultKit' from project 'XCResultKit')
cd /Users/admin/builder/spi-builder-workspace/.swiftpm/xcode
builtin-SwiftPerFileCompile SourceCodeSymbolInfo.swift
SwiftCompile normal arm64_32 /Users/admin/builder/spi-builder-workspace/Sources/XCResultKit/Schema/TestAssociatedError.swift (in target 'XCResultKit' from project 'XCResultKit')
cd /Users/admin/builder/spi-builder-workspace/.swiftpm/xcode
builtin-SwiftPerFileCompile TestAssociatedError.swift
SwiftCompile normal arm64_32 /Users/admin/builder/spi-builder-workspace/Sources/XCResultKit/Schema/TestFailureIssueSummary.swift (in target 'XCResultKit' from project 'XCResultKit')
cd /Users/admin/builder/spi-builder-workspace/.swiftpm/xcode
builtin-SwiftPerFileCompile TestFailureIssueSummary.swift
SwiftCompile normal arm64_32 /Users/admin/builder/spi-builder-workspace/Sources/XCResultKit/Schema/TestIssueSummary.swift (in target 'XCResultKit' from project 'XCResultKit')
cd /Users/admin/builder/spi-builder-workspace/.swiftpm/xcode
builtin-SwiftPerFileCompile TestIssueSummary.swift
SwiftCompile normal arm64_32 /Users/admin/builder/spi-builder-workspace/Sources/XCResultKit/Schema/TypeDefinition.swift (in target 'XCResultKit' from project 'XCResultKit')
cd /Users/admin/builder/spi-builder-workspace/.swiftpm/xcode
builtin-SwiftPerFileCompile TypeDefinition.swift
SwiftCompile normal arm64_32 /Users/admin/builder/spi-builder-workspace/Sources/XCResultKit/XCResultBool.swift (in target 'XCResultKit' from project 'XCResultKit')
cd /Users/admin/builder/spi-builder-workspace/.swiftpm/xcode
builtin-SwiftPerFileCompile XCResultBool.swift
SwiftCompile normal arm64_32 Compiling\ Reference.swift,\ ResultIssueSummaries.swift,\ ResultMetrics.swift,\ SortedKeyValueArray.swift,\ SortedKeyValueArrayPair.swift,\ SourceCodeContext.swift,\ SourceCodeFrame.swift /Users/admin/builder/spi-builder-workspace/Sources/XCResultKit/Schema/Reference.swift /Users/admin/builder/spi-builder-workspace/Sources/XCResultKit/Schema/ResultIssueSummaries.swift /Users/admin/builder/spi-builder-workspace/Sources/XCResultKit/Schema/ResultMetrics.swift /Users/admin/builder/spi-builder-workspace/Sources/XCResultKit/Schema/SortedKeyValueArray.swift /Users/admin/builder/spi-builder-workspace/Sources/XCResultKit/Schema/SortedKeyValueArrayPair.swift /Users/admin/builder/spi-builder-workspace/Sources/XCResultKit/Schema/SourceCodeContext.swift /Users/admin/builder/spi-builder-workspace/Sources/XCResultKit/Schema/SourceCodeFrame.swift (in target 'XCResultKit' from project 'XCResultKit')
SwiftCompile normal arm64_32 /Users/admin/builder/spi-builder-workspace/Sources/XCResultKit/Schema/Reference.swift (in target 'XCResultKit' from project 'XCResultKit')
cd /Users/admin/builder/spi-builder-workspace/.swiftpm/xcode
builtin-SwiftPerFileCompile Reference.swift
SwiftCompile normal arm64_32 /Users/admin/builder/spi-builder-workspace/Sources/XCResultKit/Schema/ResultIssueSummaries.swift (in target 'XCResultKit' from project 'XCResultKit')
cd /Users/admin/builder/spi-builder-workspace/.swiftpm/xcode
builtin-SwiftPerFileCompile ResultIssueSummaries.swift
SwiftCompile normal arm64_32 /Users/admin/builder/spi-builder-workspace/Sources/XCResultKit/Schema/ResultMetrics.swift (in target 'XCResultKit' from project 'XCResultKit')
cd /Users/admin/builder/spi-builder-workspace/.swiftpm/xcode
builtin-SwiftPerFileCompile ResultMetrics.swift
SwiftCompile normal arm64_32 /Users/admin/builder/spi-builder-workspace/Sources/XCResultKit/Schema/SortedKeyValueArray.swift (in target 'XCResultKit' from project 'XCResultKit')
cd /Users/admin/builder/spi-builder-workspace/.swiftpm/xcode
builtin-SwiftPerFileCompile SortedKeyValueArray.swift
SwiftCompile normal arm64_32 /Users/admin/builder/spi-builder-workspace/Sources/XCResultKit/Schema/SortedKeyValueArrayPair.swift (in target 'XCResultKit' from project 'XCResultKit')
cd /Users/admin/builder/spi-builder-workspace/.swiftpm/xcode
builtin-SwiftPerFileCompile SortedKeyValueArrayPair.swift
SwiftCompile normal arm64_32 /Users/admin/builder/spi-builder-workspace/Sources/XCResultKit/Schema/SourceCodeContext.swift (in target 'XCResultKit' from project 'XCResultKit')
cd /Users/admin/builder/spi-builder-workspace/.swiftpm/xcode
builtin-SwiftPerFileCompile SourceCodeContext.swift
SwiftCompile normal arm64_32 /Users/admin/builder/spi-builder-workspace/Sources/XCResultKit/Schema/SourceCodeFrame.swift (in target 'XCResultKit' from project 'XCResultKit')
cd /Users/admin/builder/spi-builder-workspace/.swiftpm/xcode
builtin-SwiftPerFileCompile SourceCodeFrame.swift
SwiftCompile normal arm64_32 Compiling\ ActionTestRepetitionPolicySummary.swift,\ ActionTestSummary.swift,\ ActionTestSummaryGroup.swift,\ ActionTestSummaryIdentifiableObject.swift,\ ActionTestableSummary.swift,\ ActionsInvocationMetadata.swift,\ ActionsInvocationRecord.swift /Users/admin/builder/spi-builder-workspace/Sources/XCResultKit/Schema/ActionTestRepetitionPolicySummary.swift /Users/admin/builder/spi-builder-workspace/Sources/XCResultKit/Schema/ActionTestSummary.swift /Users/admin/builder/spi-builder-workspace/Sources/XCResultKit/Schema/ActionTestSummaryGroup.swift /Users/admin/builder/spi-builder-workspace/Sources/XCResultKit/Schema/ActionTestSummaryIdentifiableObject.swift /Users/admin/builder/spi-builder-workspace/Sources/XCResultKit/Schema/ActionTestableSummary.swift /Users/admin/builder/spi-builder-workspace/Sources/XCResultKit/Schema/ActionsInvocationMetadata.swift /Users/admin/builder/spi-builder-workspace/Sources/XCResultKit/Schema/ActionsInvocationRecord.swift (in target 'XCResultKit' from project 'XCResultKit')
SwiftCompile normal arm64_32 /Users/admin/builder/spi-builder-workspace/Sources/XCResultKit/Schema/ActionTestRepetitionPolicySummary.swift (in target 'XCResultKit' from project 'XCResultKit')
cd /Users/admin/builder/spi-builder-workspace/.swiftpm/xcode
builtin-SwiftPerFileCompile ActionTestRepetitionPolicySummary.swift
SwiftCompile normal arm64_32 /Users/admin/builder/spi-builder-workspace/Sources/XCResultKit/Schema/ActionTestSummary.swift (in target 'XCResultKit' from project 'XCResultKit')
cd /Users/admin/builder/spi-builder-workspace/.swiftpm/xcode
builtin-SwiftPerFileCompile ActionTestSummary.swift
SwiftCompile normal arm64_32 /Users/admin/builder/spi-builder-workspace/Sources/XCResultKit/Schema/ActionTestSummaryGroup.swift (in target 'XCResultKit' from project 'XCResultKit')
cd /Users/admin/builder/spi-builder-workspace/.swiftpm/xcode
builtin-SwiftPerFileCompile ActionTestSummaryGroup.swift
SwiftCompile normal arm64_32 /Users/admin/builder/spi-builder-workspace/Sources/XCResultKit/Schema/ActionTestSummaryIdentifiableObject.swift (in target 'XCResultKit' from project 'XCResultKit')
cd /Users/admin/builder/spi-builder-workspace/.swiftpm/xcode
builtin-SwiftPerFileCompile ActionTestSummaryIdentifiableObject.swift
SwiftCompile normal arm64_32 /Users/admin/builder/spi-builder-workspace/Sources/XCResultKit/Schema/ActionTestableSummary.swift (in target 'XCResultKit' from project 'XCResultKit')
cd /Users/admin/builder/spi-builder-workspace/.swiftpm/xcode
builtin-SwiftPerFileCompile ActionTestableSummary.swift
SwiftCompile normal arm64_32 /Users/admin/builder/spi-builder-workspace/Sources/XCResultKit/Schema/ActionsInvocationMetadata.swift (in target 'XCResultKit' from project 'XCResultKit')
cd /Users/admin/builder/spi-builder-workspace/.swiftpm/xcode
builtin-SwiftPerFileCompile ActionsInvocationMetadata.swift
SwiftCompile normal arm64_32 /Users/admin/builder/spi-builder-workspace/Sources/XCResultKit/Schema/ActionsInvocationRecord.swift (in target 'XCResultKit' from project 'XCResultKit')
cd /Users/admin/builder/spi-builder-workspace/.swiftpm/xcode
builtin-SwiftPerFileCompile ActionsInvocationRecord.swift
SwiftCompile normal arm64_32 Compiling\ ActivityLogAnalyzerControlFlowStep.swift,\ ActivityLogAnalyzerControlFlowStepEdge.swift,\ ActivityLogAnalyzerEventStep.swift,\ ActivityLogAnalyzerResultMessage.swift,\ ActivityLogAnalyzerStep.swift,\ ActivityLogAnalyzerWarningMessage.swift,\ ActivityLogCommandInvocationSection.swift /Users/admin/builder/spi-builder-workspace/Sources/XCResultKit/Schema/ActivityLogAnalyzerControlFlowStep.swift /Users/admin/builder/spi-builder-workspace/Sources/XCResultKit/Schema/ActivityLogAnalyzerControlFlowStepEdge.swift /Users/admin/builder/spi-builder-workspace/Sources/XCResultKit/Schema/ActivityLogAnalyzerEventStep.swift /Users/admin/builder/spi-builder-workspace/Sources/XCResultKit/Schema/ActivityLogAnalyzerResultMessage.swift /Users/admin/builder/spi-builder-workspace/Sources/XCResultKit/Schema/ActivityLogAnalyzerStep.swift /Users/admin/builder/spi-builder-workspace/Sources/XCResultKit/Schema/ActivityLogAnalyzerWarningMessage.swift /Users/admin/builder/spi-builder-workspace/Sources/XCResultKit/Schema/ActivityLogCommandInvocationSection.swift (in target 'XCResultKit' from project 'XCResultKit')
SwiftCompile normal arm64_32 /Users/admin/builder/spi-builder-workspace/Sources/XCResultKit/Schema/ActivityLogAnalyzerControlFlowStep.swift (in target 'XCResultKit' from project 'XCResultKit')
cd /Users/admin/builder/spi-builder-workspace/.swiftpm/xcode
builtin-SwiftPerFileCompile ActivityLogAnalyzerControlFlowStep.swift
SwiftCompile normal arm64_32 /Users/admin/builder/spi-builder-workspace/Sources/XCResultKit/Schema/ActivityLogAnalyzerControlFlowStepEdge.swift (in target 'XCResultKit' from project 'XCResultKit')
cd /Users/admin/builder/spi-builder-workspace/.swiftpm/xcode
builtin-SwiftPerFileCompile ActivityLogAnalyzerControlFlowStepEdge.swift
SwiftCompile normal arm64_32 /Users/admin/builder/spi-builder-workspace/Sources/XCResultKit/Schema/ActivityLogAnalyzerEventStep.swift (in target 'XCResultKit' from project 'XCResultKit')
cd /Users/admin/builder/spi-builder-workspace/.swiftpm/xcode
builtin-SwiftPerFileCompile ActivityLogAnalyzerEventStep.swift
SwiftCompile normal arm64_32 /Users/admin/builder/spi-builder-workspace/Sources/XCResultKit/Schema/ActivityLogAnalyzerResultMessage.swift (in target 'XCResultKit' from project 'XCResultKit')
cd /Users/admin/builder/spi-builder-workspace/.swiftpm/xcode
builtin-SwiftPerFileCompile ActivityLogAnalyzerResultMessage.swift
SwiftCompile normal arm64_32 /Users/admin/builder/spi-builder-workspace/Sources/XCResultKit/Schema/ActivityLogAnalyzerStep.swift (in target 'XCResultKit' from project 'XCResultKit')
cd /Users/admin/builder/spi-builder-workspace/.swiftpm/xcode
builtin-SwiftPerFileCompile ActivityLogAnalyzerStep.swift
SwiftCompile normal arm64_32 /Users/admin/builder/spi-builder-workspace/Sources/XCResultKit/Schema/ActivityLogAnalyzerWarningMessage.swift (in target 'XCResultKit' from project 'XCResultKit')
cd /Users/admin/builder/spi-builder-workspace/.swiftpm/xcode
builtin-SwiftPerFileCompile ActivityLogAnalyzerWarningMessage.swift
SwiftCompile normal arm64_32 /Users/admin/builder/spi-builder-workspace/Sources/XCResultKit/Schema/ActivityLogCommandInvocationSection.swift (in target 'XCResultKit' from project 'XCResultKit')
cd /Users/admin/builder/spi-builder-workspace/.swiftpm/xcode
builtin-SwiftPerFileCompile ActivityLogCommandInvocationSection.swift
SwiftCompile normal arm64_32 Compiling\ ActionTestFailureSummary.swift,\ ActionTestIssueSummary.swift,\ ActionTestMetadata.swift,\ ActionTestNoticeSummary.swift,\ ActionTestPerformanceMetricSummary.swift,\ ActionTestPlanRunSummaries.swift,\ ActionTestPlanRunSummary.swift /Users/admin/builder/spi-builder-workspace/Sources/XCResultKit/Schema/ActionTestFailureSummary.swift /Users/admin/builder/spi-builder-workspace/Sources/XCResultKit/Schema/ActionTestIssueSummary.swift /Users/admin/builder/spi-builder-workspace/Sources/XCResultKit/Schema/ActionTestMetadata.swift /Users/admin/builder/spi-builder-workspace/Sources/XCResultKit/Schema/ActionTestNoticeSummary.swift /Users/admin/builder/spi-builder-workspace/Sources/XCResultKit/Schema/ActionTestPerformanceMetricSummary.swift /Users/admin/builder/spi-builder-workspace/Sources/XCResultKit/Schema/ActionTestPlanRunSummaries.swift /Users/admin/builder/spi-builder-workspace/Sources/XCResultKit/Schema/ActionTestPlanRunSummary.swift (in target 'XCResultKit' from project 'XCResultKit')
SwiftCompile normal arm64_32 /Users/admin/builder/spi-builder-workspace/Sources/XCResultKit/Schema/ActionTestFailureSummary.swift (in target 'XCResultKit' from project 'XCResultKit')
cd /Users/admin/builder/spi-builder-workspace/.swiftpm/xcode
builtin-SwiftPerFileCompile ActionTestFailureSummary.swift
SwiftCompile normal arm64_32 /Users/admin/builder/spi-builder-workspace/Sources/XCResultKit/Schema/ActionTestIssueSummary.swift (in target 'XCResultKit' from project 'XCResultKit')
cd /Users/admin/builder/spi-builder-workspace/.swiftpm/xcode
builtin-SwiftPerFileCompile ActionTestIssueSummary.swift
SwiftCompile normal arm64_32 /Users/admin/builder/spi-builder-workspace/Sources/XCResultKit/Schema/ActionTestMetadata.swift (in target 'XCResultKit' from project 'XCResultKit')
cd /Users/admin/builder/spi-builder-workspace/.swiftpm/xcode
builtin-SwiftPerFileCompile ActionTestMetadata.swift
SwiftCompile normal arm64_32 /Users/admin/builder/spi-builder-workspace/Sources/XCResultKit/Schema/ActionTestNoticeSummary.swift (in target 'XCResultKit' from project 'XCResultKit')
cd /Users/admin/builder/spi-builder-workspace/.swiftpm/xcode
builtin-SwiftPerFileCompile ActionTestNoticeSummary.swift
SwiftCompile normal arm64_32 /Users/admin/builder/spi-builder-workspace/Sources/XCResultKit/Schema/ActionTestPerformanceMetricSummary.swift (in target 'XCResultKit' from project 'XCResultKit')
cd /Users/admin/builder/spi-builder-workspace/.swiftpm/xcode
builtin-SwiftPerFileCompile ActionTestPerformanceMetricSummary.swift
SwiftCompile normal arm64_32 /Users/admin/builder/spi-builder-workspace/Sources/XCResultKit/Schema/ActionTestPlanRunSummaries.swift (in target 'XCResultKit' from project 'XCResultKit')
cd /Users/admin/builder/spi-builder-workspace/.swiftpm/xcode
builtin-SwiftPerFileCompile ActionTestPlanRunSummaries.swift
SwiftCompile normal arm64_32 /Users/admin/builder/spi-builder-workspace/Sources/XCResultKit/Schema/ActionTestPlanRunSummary.swift (in target 'XCResultKit' from project 'XCResultKit')
cd /Users/admin/builder/spi-builder-workspace/.swiftpm/xcode
builtin-SwiftPerFileCompile ActionTestPlanRunSummary.swift
SwiftEmitModule normal arm64_32 Emitting\ module\ for\ XCResultKit (in target 'XCResultKit' from project 'XCResultKit')
SwiftCompile normal arm64_32 (in target 'XCResultKit' from project 'XCResultKit')
cd /Users/admin/builder/spi-builder-workspace/.swiftpm/xcode
SwiftCompile normal arm64_32 Compiling\ ActionResult.swift,\ ActionRunDestinationRecord.swift,\ ActionSDKRecord.swift,\ ActionTestActivitySummary.swift,\ ActionTestAttachment.swift,\ ActionTestConfiguration.swift,\ ActionTestExpectedFailure.swift /Users/admin/builder/spi-builder-workspace/Sources/XCResultKit/Schema/ActionResult.swift /Users/admin/builder/spi-builder-workspace/Sources/XCResultKit/Schema/ActionRunDestinationRecord.swift /Users/admin/builder/spi-builder-workspace/Sources/XCResultKit/Schema/ActionSDKRecord.swift /Users/admin/builder/spi-builder-workspace/Sources/XCResultKit/Schema/ActionTestActivitySummary.swift /Users/admin/builder/spi-builder-workspace/Sources/XCResultKit/Schema/ActionTestAttachment.swift /Users/admin/builder/spi-builder-workspace/Sources/XCResultKit/Schema/ActionTestConfiguration.swift /Users/admin/builder/spi-builder-workspace/Sources/XCResultKit/Schema/ActionTestExpectedFailure.swift (in target 'XCResultKit' from project 'XCResultKit')
SwiftCompile normal arm64_32 /Users/admin/builder/spi-builder-workspace/Sources/XCResultKit/Schema/ActionResult.swift (in target 'XCResultKit' from project 'XCResultKit')
cd /Users/admin/builder/spi-builder-workspace/.swiftpm/xcode
builtin-SwiftPerFileCompile ActionResult.swift
SwiftCompile normal arm64_32 /Users/admin/builder/spi-builder-workspace/Sources/XCResultKit/Schema/ActionRunDestinationRecord.swift (in target 'XCResultKit' from project 'XCResultKit')
cd /Users/admin/builder/spi-builder-workspace/.swiftpm/xcode
builtin-SwiftPerFileCompile ActionRunDestinationRecord.swift
SwiftCompile normal arm64_32 /Users/admin/builder/spi-builder-workspace/Sources/XCResultKit/Schema/ActionSDKRecord.swift (in target 'XCResultKit' from project 'XCResultKit')
cd /Users/admin/builder/spi-builder-workspace/.swiftpm/xcode
builtin-SwiftPerFileCompile ActionSDKRecord.swift
SwiftCompile normal arm64_32 /Users/admin/builder/spi-builder-workspace/Sources/XCResultKit/Schema/ActionTestActivitySummary.swift (in target 'XCResultKit' from project 'XCResultKit')
cd /Users/admin/builder/spi-builder-workspace/.swiftpm/xcode
builtin-SwiftPerFileCompile ActionTestActivitySummary.swift
SwiftCompile normal arm64_32 /Users/admin/builder/spi-builder-workspace/Sources/XCResultKit/Schema/ActionTestAttachment.swift (in target 'XCResultKit' from project 'XCResultKit')
cd /Users/admin/builder/spi-builder-workspace/.swiftpm/xcode
builtin-SwiftPerFileCompile ActionTestAttachment.swift
SwiftCompile normal arm64_32 /Users/admin/builder/spi-builder-workspace/Sources/XCResultKit/Schema/ActionTestConfiguration.swift (in target 'XCResultKit' from project 'XCResultKit')
cd /Users/admin/builder/spi-builder-workspace/.swiftpm/xcode
builtin-SwiftPerFileCompile ActionTestConfiguration.swift
SwiftCompile normal arm64_32 /Users/admin/builder/spi-builder-workspace/Sources/XCResultKit/Schema/ActionTestExpectedFailure.swift (in target 'XCResultKit' from project 'XCResultKit')
cd /Users/admin/builder/spi-builder-workspace/.swiftpm/xcode
builtin-SwiftPerFileCompile ActionTestExpectedFailure.swift
SwiftCompile normal arm64_32 Compiling\ ActivityLogMajorSection.swift,\ ActivityLogMessage.swift,\ ActivityLogMessageAnnotation.swift,\ ActivityLogSection.swift,\ ActivityLogTargetBuildSection.swift,\ ActivityLogUnitTestSection.swift,\ ArchiveInfo.swift /Users/admin/builder/spi-builder-workspace/Sources/XCResultKit/Schema/ActivityLogMajorSection.swift /Users/admin/builder/spi-builder-workspace/Sources/XCResultKit/Schema/ActivityLogMessage.swift /Users/admin/builder/spi-builder-workspace/Sources/XCResultKit/Schema/ActivityLogMessageAnnotation.swift /Users/admin/builder/spi-builder-workspace/Sources/XCResultKit/Schema/ActivityLogSection.swift /Users/admin/builder/spi-builder-workspace/Sources/XCResultKit/Schema/ActivityLogTargetBuildSection.swift /Users/admin/builder/spi-builder-workspace/Sources/XCResultKit/Schema/ActivityLogUnitTestSection.swift /Users/admin/builder/spi-builder-workspace/Sources/XCResultKit/Schema/ArchiveInfo.swift (in target 'XCResultKit' from project 'XCResultKit')
SwiftCompile normal arm64_32 /Users/admin/builder/spi-builder-workspace/Sources/XCResultKit/Schema/ActivityLogMajorSection.swift (in target 'XCResultKit' from project 'XCResultKit')
cd /Users/admin/builder/spi-builder-workspace/.swiftpm/xcode
builtin-SwiftPerFileCompile ActivityLogMajorSection.swift
SwiftCompile normal arm64_32 /Users/admin/builder/spi-builder-workspace/Sources/XCResultKit/Schema/ActivityLogMessage.swift (in target 'XCResultKit' from project 'XCResultKit')
cd /Users/admin/builder/spi-builder-workspace/.swiftpm/xcode
builtin-SwiftPerFileCompile ActivityLogMessage.swift
SwiftCompile normal arm64_32 /Users/admin/builder/spi-builder-workspace/Sources/XCResultKit/Schema/ActivityLogMessageAnnotation.swift (in target 'XCResultKit' from project 'XCResultKit')
cd /Users/admin/builder/spi-builder-workspace/.swiftpm/xcode
builtin-SwiftPerFileCompile ActivityLogMessageAnnotation.swift
SwiftCompile normal arm64_32 /Users/admin/builder/spi-builder-workspace/Sources/XCResultKit/Schema/ActivityLogSection.swift (in target 'XCResultKit' from project 'XCResultKit')
cd /Users/admin/builder/spi-builder-workspace/.swiftpm/xcode
builtin-SwiftPerFileCompile ActivityLogSection.swift
SwiftCompile normal arm64_32 /Users/admin/builder/spi-builder-workspace/Sources/XCResultKit/Schema/ActivityLogTargetBuildSection.swift (in target 'XCResultKit' from project 'XCResultKit')
cd /Users/admin/builder/spi-builder-workspace/.swiftpm/xcode
builtin-SwiftPerFileCompile ActivityLogTargetBuildSection.swift
SwiftCompile normal arm64_32 /Users/admin/builder/spi-builder-workspace/Sources/XCResultKit/Schema/ActivityLogUnitTestSection.swift (in target 'XCResultKit' from project 'XCResultKit')
cd /Users/admin/builder/spi-builder-workspace/.swiftpm/xcode
builtin-SwiftPerFileCompile ActivityLogUnitTestSection.swift
SwiftCompile normal arm64_32 /Users/admin/builder/spi-builder-workspace/Sources/XCResultKit/Schema/ArchiveInfo.swift (in target 'XCResultKit' from project 'XCResultKit')
cd /Users/admin/builder/spi-builder-workspace/.swiftpm/xcode
builtin-SwiftPerFileCompile ArchiveInfo.swift
SwiftCompile normal arm64_32 Compiling\ CodeCoverageInfo.swift,\ ConsoleLogItem.swift,\ ConsoleLogItemLogData.swift,\ ConsoleLogSection.swift,\ DocumentLocation.swift,\ EntityIdentifier.swift,\ IssueSummary.swift /Users/admin/builder/spi-builder-workspace/Sources/XCResultKit/Schema/CodeCoverageInfo.swift /Users/admin/builder/spi-builder-workspace/Sources/XCResultKit/Schema/ConsoleLogItem.swift /Users/admin/builder/spi-builder-workspace/Sources/XCResultKit/Schema/ConsoleLogItemLogData.swift /Users/admin/builder/spi-builder-workspace/Sources/XCResultKit/Schema/ConsoleLogSection.swift /Users/admin/builder/spi-builder-workspace/Sources/XCResultKit/Schema/DocumentLocation.swift /Users/admin/builder/spi-builder-workspace/Sources/XCResultKit/Schema/EntityIdentifier.swift /Users/admin/builder/spi-builder-workspace/Sources/XCResultKit/Schema/IssueSummary.swift (in target 'XCResultKit' from project 'XCResultKit')
SwiftCompile normal arm64_32 /Users/admin/builder/spi-builder-workspace/Sources/XCResultKit/Schema/CodeCoverageInfo.swift (in target 'XCResultKit' from project 'XCResultKit')
cd /Users/admin/builder/spi-builder-workspace/.swiftpm/xcode
builtin-SwiftPerFileCompile CodeCoverageInfo.swift
SwiftCompile normal arm64_32 /Users/admin/builder/spi-builder-workspace/Sources/XCResultKit/Schema/ConsoleLogItem.swift (in target 'XCResultKit' from project 'XCResultKit')
cd /Users/admin/builder/spi-builder-workspace/.swiftpm/xcode
builtin-SwiftPerFileCompile ConsoleLogItem.swift
SwiftCompile normal arm64_32 /Users/admin/builder/spi-builder-workspace/Sources/XCResultKit/Schema/ConsoleLogItemLogData.swift (in target 'XCResultKit' from project 'XCResultKit')
cd /Users/admin/builder/spi-builder-workspace/.swiftpm/xcode
builtin-SwiftPerFileCompile ConsoleLogItemLogData.swift
SwiftCompile normal arm64_32 /Users/admin/builder/spi-builder-workspace/Sources/XCResultKit/Schema/ConsoleLogSection.swift (in target 'XCResultKit' from project 'XCResultKit')
cd /Users/admin/builder/spi-builder-workspace/.swiftpm/xcode
builtin-SwiftPerFileCompile ConsoleLogSection.swift
SwiftCompile normal arm64_32 /Users/admin/builder/spi-builder-workspace/Sources/XCResultKit/Schema/DocumentLocation.swift (in target 'XCResultKit' from project 'XCResultKit')
cd /Users/admin/builder/spi-builder-workspace/.swiftpm/xcode
builtin-SwiftPerFileCompile DocumentLocation.swift
SwiftCompile normal arm64_32 /Users/admin/builder/spi-builder-workspace/Sources/XCResultKit/Schema/EntityIdentifier.swift (in target 'XCResultKit' from project 'XCResultKit')
cd /Users/admin/builder/spi-builder-workspace/.swiftpm/xcode
builtin-SwiftPerFileCompile EntityIdentifier.swift
SwiftCompile normal arm64_32 /Users/admin/builder/spi-builder-workspace/Sources/XCResultKit/Schema/IssueSummary.swift (in target 'XCResultKit' from project 'XCResultKit')
cd /Users/admin/builder/spi-builder-workspace/.swiftpm/xcode
builtin-SwiftPerFileCompile IssueSummary.swift
SwiftEmitModule normal arm64 Emitting\ module\ for\ XCResultKit (in target 'XCResultKit' from project 'XCResultKit')
SwiftCompile normal arm64 (in target 'XCResultKit' from project 'XCResultKit')
cd /Users/admin/builder/spi-builder-workspace/.swiftpm/xcode
SwiftDriverJobDiscovery normal arm64_32 Emitting module for XCResultKit (in target 'XCResultKit' from project 'XCResultKit')
SwiftDriver\ Compilation\ Requirements XCResultKit normal arm64_32 com.apple.xcode.tools.swift.compiler (in target 'XCResultKit' from project 'XCResultKit')
cd /Users/admin/builder/spi-builder-workspace/.swiftpm/xcode
builtin-Swift-Compilation-Requirements -- /Applications/Xcode-27.0.0-Release.Candidate.app/Contents/Developer/Toolchains/XcodeDefault.xctoolchain/usr/bin/swiftc -parse-as-library -module-name XCResultKit -Onone @/Users/admin/builder/spi-builder-workspace/.derivedData/Build/Intermediates.noindex/XCResultKit.build/Debug-watchos/XCResultKit-t.build/Objects-normal/arm64_32/XCResultKit.SwiftFileList -DSWIFT_PACKAGE -DDEBUG -DSWIFT_MODULE_RESOURCE_BUNDLE_UNAVAILABLE -DXcode -plugin-path /Applications/Xcode-27.0.0-Release.Candidate.app/Contents/Developer/Toolchains/XcodeDefault.xctoolchain/usr/lib/swift/host/plugins/testing -enable-experimental-feature DebugDescriptionMacro -sdk /Applications/Xcode-27.0.0-Release.Candidate.app/Contents/Developer/Platforms/WatchOS.platform/Developer/SDKs/WatchOS27.0.sdk -target arm64_32-apple-watchos9.0 -g -module-cache-path /Users/admin/builder/spi-builder-workspace/.derivedData/ModuleCache.noindex -Xfrontend -serialize-debugging-options -enable-testing -index-store-path /Users/admin/builder/spi-builder-workspace/.derivedData/Index.noindex/DataStore -Xcc -D_LIBCPP_HARDENING_MODE\=_LIBCPP_HARDENING_MODE_DEBUG -swift-version 5 -I /Users/admin/builder/spi-builder-workspace/.derivedData/Build/Products/Debug-watchos -Isystem /Applications/Xcode-27.0.0-Release.Candidate.app/Contents/Developer/Platforms/WatchOS.platform/Developer/usr/lib -F /Users/admin/builder/spi-builder-workspace/.derivedData/Build/Products/Debug-watchos -F /Applications/Xcode-27.0.0-Release.Candidate.app/Contents/Developer/Platforms/WatchOS.platform/Developer/Library/Frameworks -F /Applications/Xcode-27.0.0-Release.Candidate.app/Contents/Developer/Platforms/WatchOS.platform/Developer/SDKs/WatchOS27.0.sdk/Developer/Library/Frameworks -c -j10 -enable-batch-mode -incremental -Xcc -ivfsstatcache -Xcc /Users/admin/builder/spi-builder-workspace/.derivedData/SDKStatCaches.noindex/watchos27.0-24R360-e829b21a6f8c9b70876ba0858053c04477534ef55a1706bf4c1112bbb242f0a2.sdkstatcache -output-file-map /Users/admin/builder/spi-builder-workspace/.derivedData/Build/Intermediates.noindex/XCResultKit.build/Debug-watchos/XCResultKit-t.build/Objects-normal/arm64_32/XCResultKit-OutputFileMap.json -save-temps -no-color-diagnostics -explicit-module-build -module-cache-path /Users/admin/builder/spi-builder-workspace/.derivedData/Build/Intermediates.noindex/SwiftExplicitPrecompiledModules -clang-scanner-module-cache-path /Users/admin/builder/spi-builder-workspace/.derivedData/ModuleCache.noindex -sdk-module-cache-path /Users/admin/builder/spi-builder-workspace/.derivedData/SDKExplicitPrecompiledModules -emit-dependencies -emit-module -emit-module-path /Users/admin/builder/spi-builder-workspace/.derivedData/Build/Intermediates.noindex/XCResultKit.build/Debug-watchos/XCResultKit-t.build/Objects-normal/arm64_32/XCResultKit.swiftmodule -serialize-diagnostics -dependency-scan-serialize-diagnostics-path /Users/admin/builder/spi-builder-workspace/.derivedData/Build/Intermediates.noindex/XCResultKit.build/Debug-watchos/XCResultKit-t.build/Objects-normal/arm64_32/XCResultKit-dependency-scan.dia -validate-clang-modules-once -clang-build-session-file /Users/admin/builder/spi-builder-workspace/.derivedData/ModuleCache.noindex/Session.modulevalidation -Xcc -fmodules-prune-interval\=86400 -Xcc -fmodules-prune-after\=345600 -emit-const-values -const-gather-protocols-list /Users/admin/builder/spi-builder-workspace/.derivedData/Build/Intermediates.noindex/XCResultKit.build/Debug-watchos/XCResultKit-t.build/Objects-normal/arm64_32/XCResultKit_const_extract_protocols.json -Xcc -I/Users/admin/builder/spi-builder-workspace/.derivedData/Build/Products/Debug-watchos/include -Xcc -I/Users/admin/builder/spi-builder-workspace/.derivedData/Build/Intermediates.noindex/XCResultKit.build/Debug-watchos/XCResultKit-t.build/DerivedSources-normal/arm64_32 -Xcc -I/Users/admin/builder/spi-builder-workspace/.derivedData/Build/Intermediates.noindex/XCResultKit.build/Debug-watchos/XCResultKit-t.build/DerivedSources/arm64_32 -Xcc -I/Users/admin/builder/spi-builder-workspace/.derivedData/Build/Intermediates.noindex/XCResultKit.build/Debug-watchos/XCResultKit-t.build/DerivedSources -Xcc -DSWIFT_PACKAGE -Xcc -DDEBUG\=1 -emit-objc-header -emit-objc-header-path /Users/admin/builder/spi-builder-workspace/.derivedData/Build/Intermediates.noindex/XCResultKit.build/Debug-watchos/XCResultKit-t.build/Objects-normal/arm64_32/XCResultKit-Swift.h -working-directory /Users/admin/builder/spi-builder-workspace/.swiftpm/xcode -experimental-emit-module-separately -disable-cmo
SwiftDriverJobDiscovery normal arm64 Emitting module for XCResultKit (in target 'XCResultKit' from project 'XCResultKit')
SwiftCompile normal arm64 Compiling\ ActionTestRepetitionPolicySummary.swift,\ ActionTestSummary.swift,\ ActionTestSummaryGroup.swift,\ ActionTestSummaryIdentifiableObject.swift,\ ActionTestableSummary.swift,\ ActionsInvocationMetadata.swift,\ ActionsInvocationRecord.swift /Users/admin/builder/spi-builder-workspace/Sources/XCResultKit/Schema/ActionTestRepetitionPolicySummary.swift /Users/admin/builder/spi-builder-workspace/Sources/XCResultKit/Schema/ActionTestSummary.swift /Users/admin/builder/spi-builder-workspace/Sources/XCResultKit/Schema/ActionTestSummaryGroup.swift /Users/admin/builder/spi-builder-workspace/Sources/XCResultKit/Schema/ActionTestSummaryIdentifiableObject.swift /Users/admin/builder/spi-builder-workspace/Sources/XCResultKit/Schema/ActionTestableSummary.swift /Users/admin/builder/spi-builder-workspace/Sources/XCResultKit/Schema/ActionsInvocationMetadata.swift /Users/admin/builder/spi-builder-workspace/Sources/XCResultKit/Schema/ActionsInvocationRecord.swift (in target 'XCResultKit' from project 'XCResultKit')
SwiftCompile normal arm64 /Users/admin/builder/spi-builder-workspace/Sources/XCResultKit/Schema/ActionTestRepetitionPolicySummary.swift (in target 'XCResultKit' from project 'XCResultKit')
cd /Users/admin/builder/spi-builder-workspace/.swiftpm/xcode
builtin-SwiftPerFileCompile ActionTestRepetitionPolicySummary.swift
SwiftCompile normal arm64 /Users/admin/builder/spi-builder-workspace/Sources/XCResultKit/Schema/ActionTestSummary.swift (in target 'XCResultKit' from project 'XCResultKit')
cd /Users/admin/builder/spi-builder-workspace/.swiftpm/xcode
builtin-SwiftPerFileCompile ActionTestSummary.swift
SwiftCompile normal arm64 /Users/admin/builder/spi-builder-workspace/Sources/XCResultKit/Schema/ActionTestSummaryGroup.swift (in target 'XCResultKit' from project 'XCResultKit')
cd /Users/admin/builder/spi-builder-workspace/.swiftpm/xcode
builtin-SwiftPerFileCompile ActionTestSummaryGroup.swift
SwiftCompile normal arm64 /Users/admin/builder/spi-builder-workspace/Sources/XCResultKit/Schema/ActionTestSummaryIdentifiableObject.swift (in target 'XCResultKit' from project 'XCResultKit')
cd /Users/admin/builder/spi-builder-workspace/.swiftpm/xcode
builtin-SwiftPerFileCompile ActionTestSummaryIdentifiableObject.swift
SwiftCompile normal arm64 /Users/admin/builder/spi-builder-workspace/Sources/XCResultKit/Schema/ActionTestableSummary.swift (in target 'XCResultKit' from project 'XCResultKit')
cd /Users/admin/builder/spi-builder-workspace/.swiftpm/xcode
builtin-SwiftPerFileCompile ActionTestableSummary.swift
SwiftCompile normal arm64 /Users/admin/builder/spi-builder-workspace/Sources/XCResultKit/Schema/ActionsInvocationMetadata.swift (in target 'XCResultKit' from project 'XCResultKit')
cd /Users/admin/builder/spi-builder-workspace/.swiftpm/xcode
builtin-SwiftPerFileCompile ActionsInvocationMetadata.swift
SwiftCompile normal arm64 /Users/admin/builder/spi-builder-workspace/Sources/XCResultKit/Schema/ActionsInvocationRecord.swift (in target 'XCResultKit' from project 'XCResultKit')
cd /Users/admin/builder/spi-builder-workspace/.swiftpm/xcode
builtin-SwiftPerFileCompile ActionsInvocationRecord.swift
SwiftDriver\ Compilation\ Requirements XCResultKit normal arm64 com.apple.xcode.tools.swift.compiler (in target 'XCResultKit' from project 'XCResultKit')
cd /Users/admin/builder/spi-builder-workspace/.swiftpm/xcode
builtin-Swift-Compilation-Requirements -- /Applications/Xcode-27.0.0-Release.Candidate.app/Contents/Developer/Toolchains/XcodeDefault.xctoolchain/usr/bin/swiftc -parse-as-library -module-name XCResultKit -Onone @/Users/admin/builder/spi-builder-workspace/.derivedData/Build/Intermediates.noindex/XCResultKit.build/Debug-watchos/XCResultKit-t.build/Objects-normal/arm64/XCResultKit.SwiftFileList -DSWIFT_PACKAGE -DDEBUG -DSWIFT_MODULE_RESOURCE_BUNDLE_UNAVAILABLE -DXcode -plugin-path /Applications/Xcode-27.0.0-Release.Candidate.app/Contents/Developer/Toolchains/XcodeDefault.xctoolchain/usr/lib/swift/host/plugins/testing -enable-experimental-feature DebugDescriptionMacro -sdk /Applications/Xcode-27.0.0-Release.Candidate.app/Contents/Developer/Platforms/WatchOS.platform/Developer/SDKs/WatchOS27.0.sdk -target arm64-apple-watchos9.0 -g -module-cache-path /Users/admin/builder/spi-builder-workspace/.derivedData/ModuleCache.noindex -Xfrontend -serialize-debugging-options -enable-testing -index-store-path /Users/admin/builder/spi-builder-workspace/.derivedData/Index.noindex/DataStore -Xcc -D_LIBCPP_HARDENING_MODE\=_LIBCPP_HARDENING_MODE_DEBUG -swift-version 5 -I /Users/admin/builder/spi-builder-workspace/.derivedData/Build/Products/Debug-watchos -Isystem /Applications/Xcode-27.0.0-Release.Candidate.app/Contents/Developer/Platforms/WatchOS.platform/Developer/usr/lib -F /Users/admin/builder/spi-builder-workspace/.derivedData/Build/Products/Debug-watchos -F /Applications/Xcode-27.0.0-Release.Candidate.app/Contents/Developer/Platforms/WatchOS.platform/Developer/Library/Frameworks -F /Applications/Xcode-27.0.0-Release.Candidate.app/Contents/Developer/Platforms/WatchOS.platform/Developer/SDKs/WatchOS27.0.sdk/Developer/Library/Frameworks -c -j10 -enable-batch-mode -incremental -Xcc -ivfsstatcache -Xcc /Users/admin/builder/spi-builder-workspace/.derivedData/SDKStatCaches.noindex/watchos27.0-24R360-e829b21a6f8c9b70876ba0858053c04477534ef55a1706bf4c1112bbb242f0a2.sdkstatcache -output-file-map /Users/admin/builder/spi-builder-workspace/.derivedData/Build/Intermediates.noindex/XCResultKit.build/Debug-watchos/XCResultKit-t.build/Objects-normal/arm64/XCResultKit-OutputFileMap.json -save-temps -no-color-diagnostics -explicit-module-build -module-cache-path /Users/admin/builder/spi-builder-workspace/.derivedData/Build/Intermediates.noindex/SwiftExplicitPrecompiledModules -clang-scanner-module-cache-path /Users/admin/builder/spi-builder-workspace/.derivedData/ModuleCache.noindex -sdk-module-cache-path /Users/admin/builder/spi-builder-workspace/.derivedData/SDKExplicitPrecompiledModules -emit-dependencies -emit-module -emit-module-path /Users/admin/builder/spi-builder-workspace/.derivedData/Build/Intermediates.noindex/XCResultKit.build/Debug-watchos/XCResultKit-t.build/Objects-normal/arm64/XCResultKit.swiftmodule -serialize-diagnostics -dependency-scan-serialize-diagnostics-path /Users/admin/builder/spi-builder-workspace/.derivedData/Build/Intermediates.noindex/XCResultKit.build/Debug-watchos/XCResultKit-t.build/Objects-normal/arm64/XCResultKit-dependency-scan.dia -validate-clang-modules-once -clang-build-session-file /Users/admin/builder/spi-builder-workspace/.derivedData/ModuleCache.noindex/Session.modulevalidation -Xcc -fmodules-prune-interval\=86400 -Xcc -fmodules-prune-after\=345600 -emit-const-values -const-gather-protocols-list /Users/admin/builder/spi-builder-workspace/.derivedData/Build/Intermediates.noindex/XCResultKit.build/Debug-watchos/XCResultKit-t.build/Objects-normal/arm64/XCResultKit_const_extract_protocols.json -Xcc -I/Users/admin/builder/spi-builder-workspace/.derivedData/Build/Products/Debug-watchos/include -Xcc -I/Users/admin/builder/spi-builder-workspace/.derivedData/Build/Intermediates.noindex/XCResultKit.build/Debug-watchos/XCResultKit-t.build/DerivedSources-normal/arm64 -Xcc -I/Users/admin/builder/spi-builder-workspace/.derivedData/Build/Intermediates.noindex/XCResultKit.build/Debug-watchos/XCResultKit-t.build/DerivedSources/arm64 -Xcc -I/Users/admin/builder/spi-builder-workspace/.derivedData/Build/Intermediates.noindex/XCResultKit.build/Debug-watchos/XCResultKit-t.build/DerivedSources -Xcc -DSWIFT_PACKAGE -Xcc -DDEBUG\=1 -emit-objc-header -emit-objc-header-path /Users/admin/builder/spi-builder-workspace/.derivedData/Build/Intermediates.noindex/XCResultKit.build/Debug-watchos/XCResultKit-t.build/Objects-normal/arm64/XCResultKit-Swift.h -working-directory /Users/admin/builder/spi-builder-workspace/.swiftpm/xcode -experimental-emit-module-separately -disable-cmo
PruneExplicitPrecompiledModules /Users/admin/builder/spi-builder-workspace/.derivedData/Build/Intermediates.noindex/ExplicitPrecompiledModules
PruneExplicitPrecompiledModules /Users/admin/builder/spi-builder-workspace/.derivedData/Build/Intermediates.noindex/SwiftExplicitPrecompiledModules
PruneExplicitPrecompiledModules /Users/admin/builder/spi-builder-workspace/.derivedData/SDKExplicitPrecompiledModules
2026-09-20 01:14:16.683 xcodebuild[648:4221] [MT] IDERunDestination: Supported platforms for the buildables in the current scheme is empty.
2026-09-20 01:14:16.783 xcodebuild[648:4221] [MT] IDERunDestination: Supported platforms for the buildables in the current scheme is empty.
** BUILD FAILED **
The following build commands failed:
SwiftCompile normal arm64_32 /Users/admin/builder/spi-builder-workspace/Sources/XCResultKit/XCResultFile.swift (in target 'XCResultKit' from project 'XCResultKit')
SwiftCompile normal arm64_32 Compiling\ XCResultDate.swift,\ XCResultDouble.swift,\ XCResultFile.swift,\ XCResultInt.swift,\ XCResultObject.swift,\ XCResultString.swift,\ XCResultUInt.swift /Users/admin/builder/spi-builder-workspace/Sources/XCResultKit/XCResultDate.swift /Users/admin/builder/spi-builder-workspace/Sources/XCResultKit/XCResultDouble.swift /Users/admin/builder/spi-builder-workspace/Sources/XCResultKit/XCResultFile.swift /Users/admin/builder/spi-builder-workspace/Sources/XCResultKit/XCResultInt.swift /Users/admin/builder/spi-builder-workspace/Sources/XCResultKit/XCResultObject.swift /Users/admin/builder/spi-builder-workspace/Sources/XCResultKit/XCResultString.swift /Users/admin/builder/spi-builder-workspace/Sources/XCResultKit/XCResultUInt.swift (in target 'XCResultKit' from project 'XCResultKit')
Building workspace XCResultKit with scheme XCResultKit
(3 failures)
Command line invocation:
/Applications/Xcode-27.0.0-Release.Candidate.app/Contents/Developer/usr/bin/xcodebuild -IDEClonedSourcePackagesDirPathOverride=/Users/admin/builder/spi-builder-workspace/.dependencies -resolvePackageDependencies
Resolve Package Graph
Resolved source packages:
XCResultKit: /Users/admin/builder/spi-builder-workspace
resolved source packages: XCResultKit
2026-09-20 01:14:24.231 xcodebuild[727:4632] [MT] IDERunDestination: Supported platforms for the buildables in the current scheme is empty.
2026-09-20 01:14:24.332 xcodebuild[727:4632] [MT] IDERunDestination: Supported platforms for the buildables in the current scheme is empty.
{
"dependencies" : [
],
"manifest_display_name" : "XCResultKit",
"name" : "XCResultKit",
"path" : "/Users/admin/builder/spi-builder-workspace",
"platforms" : [
{
"name" : "macos",
"version" : "10.15"
}
],
"products" : [
{
"name" : "XCResultKit",
"targets" : [
"XCResultKit"
],
"type" : {
"library" : [
"automatic"
]
}
}
],
"targets" : [
{
"c99name" : "XCResultKitTests",
"module_type" : "SwiftTarget",
"name" : "XCResultKitTests",
"path" : "Tests/XCResultKitTests",
"sources" : [
"ActionTestPlanRunSummaries.swift",
"ActionTestPlanRunSummaryTests.swift",
"ActionTestSummaryTests.swift",
"ActionsInvocationRecordTests.swift",
"ActivityLogTests.swift",
"CodeCoverageInfoTests.swift",
"DocumentLocationTests.swift",
"LogStoreManifestTests.swift",
"ResultMetricsTests.swift",
"XCResultBoolTests.swift",
"XCTestManifests.swift"
],
"target_dependencies" : [
"XCResultKit"
],
"type" : "test"
},
{
"c99name" : "XCResultKit",
"module_type" : "SwiftTarget",
"name" : "XCResultKit",
"path" : "Sources/XCResultKit",
"product_memberships" : [
"XCResultKit"
],
"sources" : [
"CodeCoverage.swift",
"LogStoreExecution.swift",
"LogStoreManifest.swift",
"Logger.swift",
"Schema/ActionAbstractTestSummary.swift",
"Schema/ActionDeviceRecord.swift",
"Schema/ActionPlatformRecord.swift",
"Schema/ActionRecord.swift",
"Schema/ActionResult.swift",
"Schema/ActionRunDestinationRecord.swift",
"Schema/ActionSDKRecord.swift",
"Schema/ActionTestActivitySummary.swift",
"Schema/ActionTestAttachment.swift",
"Schema/ActionTestConfiguration.swift",
"Schema/ActionTestExpectedFailure.swift",
"Schema/ActionTestFailureSummary.swift",
"Schema/ActionTestIssueSummary.swift",
"Schema/ActionTestMetadata.swift",
"Schema/ActionTestNoticeSummary.swift",
"Schema/ActionTestPerformanceMetricSummary.swift",
"Schema/ActionTestPlanRunSummaries.swift",
"Schema/ActionTestPlanRunSummary.swift",
"Schema/ActionTestRepetitionPolicySummary.swift",
"Schema/ActionTestSummary.swift",
"Schema/ActionTestSummaryGroup.swift",
"Schema/ActionTestSummaryIdentifiableObject.swift",
"Schema/ActionTestableSummary.swift",
"Schema/ActionsInvocationMetadata.swift",
"Schema/ActionsInvocationRecord.swift",
"Schema/ActivityLogAnalyzerControlFlowStep.swift",
"Schema/ActivityLogAnalyzerControlFlowStepEdge.swift",
"Schema/ActivityLogAnalyzerEventStep.swift",
"Schema/ActivityLogAnalyzerResultMessage.swift",
"Schema/ActivityLogAnalyzerStep.swift",
"Schema/ActivityLogAnalyzerWarningMessage.swift",
"Schema/ActivityLogCommandInvocationSection.swift",
"Schema/ActivityLogMajorSection.swift",
"Schema/ActivityLogMessage.swift",
"Schema/ActivityLogMessageAnnotation.swift",
"Schema/ActivityLogSection.swift",
"Schema/ActivityLogTargetBuildSection.swift",
"Schema/ActivityLogUnitTestSection.swift",
"Schema/ArchiveInfo.swift",
"Schema/CodeCoverageInfo.swift",
"Schema/ConsoleLogItem.swift",
"Schema/ConsoleLogItemLogData.swift",
"Schema/ConsoleLogSection.swift",
"Schema/DocumentLocation.swift",
"Schema/EntityIdentifier.swift",
"Schema/IssueSummary.swift",
"Schema/Reference.swift",
"Schema/ResultIssueSummaries.swift",
"Schema/ResultMetrics.swift",
"Schema/SortedKeyValueArray.swift",
"Schema/SortedKeyValueArrayPair.swift",
"Schema/SourceCodeContext.swift",
"Schema/SourceCodeFrame.swift",
"Schema/SourceCodeLocation.swift",
"Schema/SourceCodeSymbolInfo.swift",
"Schema/TestAssociatedError.swift",
"Schema/TestFailureIssueSummary.swift",
"Schema/TestIssueSummary.swift",
"Schema/TypeDefinition.swift",
"XCResultBool.swift",
"XCResultDate.swift",
"XCResultDouble.swift",
"XCResultFile.swift",
"XCResultInt.swift",
"XCResultObject.swift",
"XCResultString.swift",
"XCResultUInt.swift"
],
"type" : "library"
}
],
"tools_version" : "5.1"
}
{
"workspace" : {
"name" : "XCResultKit",
"schemes" : [
"XCResultKit"
]
}
}
2026-09-20 01:14:25.434 xcodebuild[735:4701] [MT] IDERunDestination: Supported platforms for the buildables in the current scheme is empty.
2026-09-20 01:14:25.536 xcodebuild[735:4701] [MT] IDERunDestination: Supported platforms for the buildables in the current scheme is empty.
Running build ...
env DEVELOPER_DIR=/Applications/Xcode-27.0.0-Release.Candidate.app xcrun xcodebuild -IDEClonedSourcePackagesDirPathOverride=$PWD/.dependencies -skipMacroValidation -skipPackagePluginValidation -derivedDataPath $PWD/.derivedData build -scheme XCResultKit -destination generic/platform=watchOS
Command line invocation:
/Applications/Xcode-27.0.0-Release.Candidate.app/Contents/Developer/usr/bin/xcodebuild -IDEClonedSourcePackagesDirPathOverride=/Users/admin/builder/spi-builder-workspace/.dependencies -skipMacroValidation -skipPackagePluginValidation -derivedDataPath /Users/admin/builder/spi-builder-workspace/.derivedData build -scheme XCResultKit -destination generic/platform=watchOS
Resolve Package Graph
Resolved source packages:
XCResultKit: /Users/admin/builder/spi-builder-workspace
ComputePackagePrebuildTargetDependencyGraph
Prepare packages
CreateBuildRequest
SendProjectDescription
CreateBuildOperation
ComputeTargetDependencyGraph
note: Building targets in dependency order
note: Target dependency graph (3 targets)
Target 'XCResultKitTests-product' in project 'XCResultKit'
➜ Explicit dependency on target 'XCResultKit' in project 'XCResultKit'
Target 'XCResultKit-product' in project 'XCResultKit'
➜ Explicit dependency on target 'XCResultKit' in project 'XCResultKit'
Target 'XCResultKit' in project 'XCResultKit' (no dependencies)
GatherProvisioningInputs
CreateBuildDescription
ClangStatCache /Applications/Xcode-27.0.0-Release.Candidate.app/Contents/Developer/Toolchains/XcodeDefault.xctoolchain/usr/bin/clang-stat-cache /Applications/Xcode-27.0.0-Release.Candidate.app/Contents/Developer/Platforms/WatchOS.platform/Developer/SDKs/WatchOS27.0.sdk /Users/admin/builder/spi-builder-workspace/.derivedData/SDKStatCaches.noindex/watchos27.0-24R360-e829b21a6f8c9b70876ba0858053c04477534ef55a1706bf4c1112bbb242f0a2.sdkstatcache
cd /Users/admin/builder/spi-builder-workspace/.swiftpm/xcode
/Applications/Xcode-27.0.0-Release.Candidate.app/Contents/Developer/Toolchains/XcodeDefault.xctoolchain/usr/bin/clang-stat-cache /Applications/Xcode-27.0.0-Release.Candidate.app/Contents/Developer/Platforms/WatchOS.platform/Developer/SDKs/WatchOS27.0.sdk -o /Users/admin/builder/spi-builder-workspace/.derivedData/SDKStatCaches.noindex/watchos27.0-24R360-e829b21a6f8c9b70876ba0858053c04477534ef55a1706bf4c1112bbb242f0a2.sdkstatcache
SwiftDriver XCResultKit normal arm64 com.apple.xcode.tools.swift.compiler (in target 'XCResultKit' from project 'XCResultKit')
cd /Users/admin/builder/spi-builder-workspace/.swiftpm/xcode
builtin-SwiftDriver -- /Applications/Xcode-27.0.0-Release.Candidate.app/Contents/Developer/Toolchains/XcodeDefault.xctoolchain/usr/bin/swiftc -parse-as-library -module-name XCResultKit -Onone @/Users/admin/builder/spi-builder-workspace/.derivedData/Build/Intermediates.noindex/XCResultKit.build/Debug-watchos/XCResultKit-t.build/Objects-normal/arm64/XCResultKit.SwiftFileList -DSWIFT_PACKAGE -DDEBUG -DSWIFT_MODULE_RESOURCE_BUNDLE_UNAVAILABLE -DXcode -plugin-path /Applications/Xcode-27.0.0-Release.Candidate.app/Contents/Developer/Toolchains/XcodeDefault.xctoolchain/usr/lib/swift/host/plugins/testing -enable-experimental-feature DebugDescriptionMacro -sdk /Applications/Xcode-27.0.0-Release.Candidate.app/Contents/Developer/Platforms/WatchOS.platform/Developer/SDKs/WatchOS27.0.sdk -target arm64-apple-watchos9.0 -g -module-cache-path /Users/admin/builder/spi-builder-workspace/.derivedData/ModuleCache.noindex -Xfrontend -serialize-debugging-options -enable-testing -index-store-path /Users/admin/builder/spi-builder-workspace/.derivedData/Index.noindex/DataStore -Xcc -D_LIBCPP_HARDENING_MODE\=_LIBCPP_HARDENING_MODE_DEBUG -swift-version 5 -I /Users/admin/builder/spi-builder-workspace/.derivedData/Build/Products/Debug-watchos -Isystem /Applications/Xcode-27.0.0-Release.Candidate.app/Contents/Developer/Platforms/WatchOS.platform/Developer/usr/lib -F /Users/admin/builder/spi-builder-workspace/.derivedData/Build/Products/Debug-watchos -F /Applications/Xcode-27.0.0-Release.Candidate.app/Contents/Developer/Platforms/WatchOS.platform/Developer/Library/Frameworks -F /Applications/Xcode-27.0.0-Release.Candidate.app/Contents/Developer/Platforms/WatchOS.platform/Developer/SDKs/WatchOS27.0.sdk/Developer/Library/Frameworks -c -j10 -enable-batch-mode -incremental -Xcc -ivfsstatcache -Xcc /Users/admin/builder/spi-builder-workspace/.derivedData/SDKStatCaches.noindex/watchos27.0-24R360-e829b21a6f8c9b70876ba0858053c04477534ef55a1706bf4c1112bbb242f0a2.sdkstatcache -output-file-map /Users/admin/builder/spi-builder-workspace/.derivedData/Build/Intermediates.noindex/XCResultKit.build/Debug-watchos/XCResultKit-t.build/Objects-normal/arm64/XCResultKit-OutputFileMap.json -save-temps -no-color-diagnostics -explicit-module-build -module-cache-path /Users/admin/builder/spi-builder-workspace/.derivedData/Build/Intermediates.noindex/SwiftExplicitPrecompiledModules -clang-scanner-module-cache-path /Users/admin/builder/spi-builder-workspace/.derivedData/ModuleCache.noindex -sdk-module-cache-path /Users/admin/builder/spi-builder-workspace/.derivedData/SDKExplicitPrecompiledModules -emit-dependencies -emit-module -emit-module-path /Users/admin/builder/spi-builder-workspace/.derivedData/Build/Intermediates.noindex/XCResultKit.build/Debug-watchos/XCResultKit-t.build/Objects-normal/arm64/XCResultKit.swiftmodule -serialize-diagnostics -dependency-scan-serialize-diagnostics-path /Users/admin/builder/spi-builder-workspace/.derivedData/Build/Intermediates.noindex/XCResultKit.build/Debug-watchos/XCResultKit-t.build/Objects-normal/arm64/XCResultKit-dependency-scan.dia -validate-clang-modules-once -clang-build-session-file /Users/admin/builder/spi-builder-workspace/.derivedData/ModuleCache.noindex/Session.modulevalidation -Xcc -fmodules-prune-interval\=86400 -Xcc -fmodules-prune-after\=345600 -emit-const-values -const-gather-protocols-list /Users/admin/builder/spi-builder-workspace/.derivedData/Build/Intermediates.noindex/XCResultKit.build/Debug-watchos/XCResultKit-t.build/Objects-normal/arm64/XCResultKit_const_extract_protocols.json -Xcc -I/Users/admin/builder/spi-builder-workspace/.derivedData/Build/Products/Debug-watchos/include -Xcc -I/Users/admin/builder/spi-builder-workspace/.derivedData/Build/Intermediates.noindex/XCResultKit.build/Debug-watchos/XCResultKit-t.build/DerivedSources-normal/arm64 -Xcc -I/Users/admin/builder/spi-builder-workspace/.derivedData/Build/Intermediates.noindex/XCResultKit.build/Debug-watchos/XCResultKit-t.build/DerivedSources/arm64 -Xcc -I/Users/admin/builder/spi-builder-workspace/.derivedData/Build/Intermediates.noindex/XCResultKit.build/Debug-watchos/XCResultKit-t.build/DerivedSources -Xcc -DSWIFT_PACKAGE -Xcc -DDEBUG\=1 -emit-objc-header -emit-objc-header-path /Users/admin/builder/spi-builder-workspace/.derivedData/Build/Intermediates.noindex/XCResultKit.build/Debug-watchos/XCResultKit-t.build/Objects-normal/arm64/XCResultKit-Swift.h -working-directory /Users/admin/builder/spi-builder-workspace/.swiftpm/xcode -experimental-emit-module-separately -disable-cmo
SwiftDriver XCResultKit normal arm64_32 com.apple.xcode.tools.swift.compiler (in target 'XCResultKit' from project 'XCResultKit')
cd /Users/admin/builder/spi-builder-workspace/.swiftpm/xcode
builtin-SwiftDriver -- /Applications/Xcode-27.0.0-Release.Candidate.app/Contents/Developer/Toolchains/XcodeDefault.xctoolchain/usr/bin/swiftc -parse-as-library -module-name XCResultKit -Onone @/Users/admin/builder/spi-builder-workspace/.derivedData/Build/Intermediates.noindex/XCResultKit.build/Debug-watchos/XCResultKit-t.build/Objects-normal/arm64_32/XCResultKit.SwiftFileList -DSWIFT_PACKAGE -DDEBUG -DSWIFT_MODULE_RESOURCE_BUNDLE_UNAVAILABLE -DXcode -plugin-path /Applications/Xcode-27.0.0-Release.Candidate.app/Contents/Developer/Toolchains/XcodeDefault.xctoolchain/usr/lib/swift/host/plugins/testing -enable-experimental-feature DebugDescriptionMacro -sdk /Applications/Xcode-27.0.0-Release.Candidate.app/Contents/Developer/Platforms/WatchOS.platform/Developer/SDKs/WatchOS27.0.sdk -target arm64_32-apple-watchos9.0 -g -module-cache-path /Users/admin/builder/spi-builder-workspace/.derivedData/ModuleCache.noindex -Xfrontend -serialize-debugging-options -enable-testing -index-store-path /Users/admin/builder/spi-builder-workspace/.derivedData/Index.noindex/DataStore -Xcc -D_LIBCPP_HARDENING_MODE\=_LIBCPP_HARDENING_MODE_DEBUG -swift-version 5 -I /Users/admin/builder/spi-builder-workspace/.derivedData/Build/Products/Debug-watchos -Isystem /Applications/Xcode-27.0.0-Release.Candidate.app/Contents/Developer/Platforms/WatchOS.platform/Developer/usr/lib -F /Users/admin/builder/spi-builder-workspace/.derivedData/Build/Products/Debug-watchos -F /Applications/Xcode-27.0.0-Release.Candidate.app/Contents/Developer/Platforms/WatchOS.platform/Developer/Library/Frameworks -F /Applications/Xcode-27.0.0-Release.Candidate.app/Contents/Developer/Platforms/WatchOS.platform/Developer/SDKs/WatchOS27.0.sdk/Developer/Library/Frameworks -c -j10 -enable-batch-mode -incremental -Xcc -ivfsstatcache -Xcc /Users/admin/builder/spi-builder-workspace/.derivedData/SDKStatCaches.noindex/watchos27.0-24R360-e829b21a6f8c9b70876ba0858053c04477534ef55a1706bf4c1112bbb242f0a2.sdkstatcache -output-file-map /Users/admin/builder/spi-builder-workspace/.derivedData/Build/Intermediates.noindex/XCResultKit.build/Debug-watchos/XCResultKit-t.build/Objects-normal/arm64_32/XCResultKit-OutputFileMap.json -save-temps -no-color-diagnostics -explicit-module-build -module-cache-path /Users/admin/builder/spi-builder-workspace/.derivedData/Build/Intermediates.noindex/SwiftExplicitPrecompiledModules -clang-scanner-module-cache-path /Users/admin/builder/spi-builder-workspace/.derivedData/ModuleCache.noindex -sdk-module-cache-path /Users/admin/builder/spi-builder-workspace/.derivedData/SDKExplicitPrecompiledModules -emit-dependencies -emit-module -emit-module-path /Users/admin/builder/spi-builder-workspace/.derivedData/Build/Intermediates.noindex/XCResultKit.build/Debug-watchos/XCResultKit-t.build/Objects-normal/arm64_32/XCResultKit.swiftmodule -serialize-diagnostics -dependency-scan-serialize-diagnostics-path /Users/admin/builder/spi-builder-workspace/.derivedData/Build/Intermediates.noindex/XCResultKit.build/Debug-watchos/XCResultKit-t.build/Objects-normal/arm64_32/XCResultKit-dependency-scan.dia -validate-clang-modules-once -clang-build-session-file /Users/admin/builder/spi-builder-workspace/.derivedData/ModuleCache.noindex/Session.modulevalidation -Xcc -fmodules-prune-interval\=86400 -Xcc -fmodules-prune-after\=345600 -emit-const-values -const-gather-protocols-list /Users/admin/builder/spi-builder-workspace/.derivedData/Build/Intermediates.noindex/XCResultKit.build/Debug-watchos/XCResultKit-t.build/Objects-normal/arm64_32/XCResultKit_const_extract_protocols.json -Xcc -I/Users/admin/builder/spi-builder-workspace/.derivedData/Build/Products/Debug-watchos/include -Xcc -I/Users/admin/builder/spi-builder-workspace/.derivedData/Build/Intermediates.noindex/XCResultKit.build/Debug-watchos/XCResultKit-t.build/DerivedSources-normal/arm64_32 -Xcc -I/Users/admin/builder/spi-builder-workspace/.derivedData/Build/Intermediates.noindex/XCResultKit.build/Debug-watchos/XCResultKit-t.build/DerivedSources/arm64_32 -Xcc -I/Users/admin/builder/spi-builder-workspace/.derivedData/Build/Intermediates.noindex/XCResultKit.build/Debug-watchos/XCResultKit-t.build/DerivedSources -Xcc -DSWIFT_PACKAGE -Xcc -DDEBUG\=1 -emit-objc-header -emit-objc-header-path /Users/admin/builder/spi-builder-workspace/.derivedData/Build/Intermediates.noindex/XCResultKit.build/Debug-watchos/XCResultKit-t.build/Objects-normal/arm64_32/XCResultKit-Swift.h -working-directory /Users/admin/builder/spi-builder-workspace/.swiftpm/xcode -experimental-emit-module-separately -disable-cmo
Copy /Users/admin/builder/spi-builder-workspace/.derivedData/Build/Products/Debug-watchos/XCResultKit.swiftmodule/arm64_32-apple-watchos.swiftdoc /Users/admin/builder/spi-builder-workspace/.derivedData/Build/Intermediates.noindex/XCResultKit.build/Debug-watchos/XCResultKit-t.build/Objects-normal/arm64_32/XCResultKit.swiftdoc (in target 'XCResultKit' from project 'XCResultKit')
cd /Users/admin/builder/spi-builder-workspace
builtin-copy -exclude .DS_Store -exclude CVS -exclude .svn -exclude .git -exclude .hg -resolve-src-symlinks -rename /Users/admin/builder/spi-builder-workspace/.derivedData/Build/Intermediates.noindex/XCResultKit.build/Debug-watchos/XCResultKit-t.build/Objects-normal/arm64_32/XCResultKit.swiftdoc /Users/admin/builder/spi-builder-workspace/.derivedData/Build/Products/Debug-watchos/XCResultKit.swiftmodule/arm64_32-apple-watchos.swiftdoc
Copy /Users/admin/builder/spi-builder-workspace/.derivedData/Build/Products/Debug-watchos/XCResultKit.swiftmodule/arm64_32-apple-watchos.abi.json /Users/admin/builder/spi-builder-workspace/.derivedData/Build/Intermediates.noindex/XCResultKit.build/Debug-watchos/XCResultKit-t.build/Objects-normal/arm64_32/XCResultKit.abi.json (in target 'XCResultKit' from project 'XCResultKit')
cd /Users/admin/builder/spi-builder-workspace
builtin-copy -exclude .DS_Store -exclude CVS -exclude .svn -exclude .git -exclude .hg -resolve-src-symlinks -rename /Users/admin/builder/spi-builder-workspace/.derivedData/Build/Intermediates.noindex/XCResultKit.build/Debug-watchos/XCResultKit-t.build/Objects-normal/arm64_32/XCResultKit.abi.json /Users/admin/builder/spi-builder-workspace/.derivedData/Build/Products/Debug-watchos/XCResultKit.swiftmodule/arm64_32-apple-watchos.abi.json
Copy /Users/admin/builder/spi-builder-workspace/.derivedData/Build/Products/Debug-watchos/XCResultKit.swiftmodule/arm64_32-apple-watchos.swiftmodule /Users/admin/builder/spi-builder-workspace/.derivedData/Build/Intermediates.noindex/XCResultKit.build/Debug-watchos/XCResultKit-t.build/Objects-normal/arm64_32/XCResultKit.swiftmodule (in target 'XCResultKit' from project 'XCResultKit')
cd /Users/admin/builder/spi-builder-workspace
builtin-copy -exclude .DS_Store -exclude CVS -exclude .svn -exclude .git -exclude .hg -resolve-src-symlinks -rename /Users/admin/builder/spi-builder-workspace/.derivedData/Build/Intermediates.noindex/XCResultKit.build/Debug-watchos/XCResultKit-t.build/Objects-normal/arm64_32/XCResultKit.swiftmodule /Users/admin/builder/spi-builder-workspace/.derivedData/Build/Products/Debug-watchos/XCResultKit.swiftmodule/arm64_32-apple-watchos.swiftmodule
Copy /Users/admin/builder/spi-builder-workspace/.derivedData/Build/Products/Debug-watchos/XCResultKit.swiftmodule/Project/arm64_32-apple-watchos.swiftsourceinfo /Users/admin/builder/spi-builder-workspace/.derivedData/Build/Intermediates.noindex/XCResultKit.build/Debug-watchos/XCResultKit-t.build/Objects-normal/arm64_32/XCResultKit.swiftsourceinfo (in target 'XCResultKit' from project 'XCResultKit')
cd /Users/admin/builder/spi-builder-workspace
builtin-copy -exclude .DS_Store -exclude CVS -exclude .svn -exclude .git -exclude .hg -resolve-src-symlinks -rename /Users/admin/builder/spi-builder-workspace/.derivedData/Build/Intermediates.noindex/XCResultKit.build/Debug-watchos/XCResultKit-t.build/Objects-normal/arm64_32/XCResultKit.swiftsourceinfo /Users/admin/builder/spi-builder-workspace/.derivedData/Build/Products/Debug-watchos/XCResultKit.swiftmodule/Project/arm64_32-apple-watchos.swiftsourceinfo
SwiftCompile normal arm64 Compiling\ CodeCoverage.swift,\ LogStoreExecution.swift,\ LogStoreManifest.swift,\ Logger.swift,\ ActionAbstractTestSummary.swift,\ ActionDeviceRecord.swift,\ ActionPlatformRecord.swift,\ ActionRecord.swift /Users/admin/builder/spi-builder-workspace/Sources/XCResultKit/CodeCoverage.swift /Users/admin/builder/spi-builder-workspace/Sources/XCResultKit/LogStoreExecution.swift /Users/admin/builder/spi-builder-workspace/Sources/XCResultKit/LogStoreManifest.swift /Users/admin/builder/spi-builder-workspace/Sources/XCResultKit/Logger.swift /Users/admin/builder/spi-builder-workspace/Sources/XCResultKit/Schema/ActionAbstractTestSummary.swift /Users/admin/builder/spi-builder-workspace/Sources/XCResultKit/Schema/ActionDeviceRecord.swift /Users/admin/builder/spi-builder-workspace/Sources/XCResultKit/Schema/ActionPlatformRecord.swift /Users/admin/builder/spi-builder-workspace/Sources/XCResultKit/Schema/ActionRecord.swift (in target 'XCResultKit' from project 'XCResultKit')
SwiftCompile normal arm64 /Users/admin/builder/spi-builder-workspace/Sources/XCResultKit/CodeCoverage.swift (in target 'XCResultKit' from project 'XCResultKit')
cd /Users/admin/builder/spi-builder-workspace/.swiftpm/xcode
builtin-SwiftPerFileCompile CodeCoverage.swift
SwiftCompile normal arm64 /Users/admin/builder/spi-builder-workspace/Sources/XCResultKit/LogStoreExecution.swift (in target 'XCResultKit' from project 'XCResultKit')
cd /Users/admin/builder/spi-builder-workspace/.swiftpm/xcode
builtin-SwiftPerFileCompile LogStoreExecution.swift
SwiftCompile normal arm64 /Users/admin/builder/spi-builder-workspace/Sources/XCResultKit/LogStoreManifest.swift (in target 'XCResultKit' from project 'XCResultKit')
cd /Users/admin/builder/spi-builder-workspace/.swiftpm/xcode
builtin-SwiftPerFileCompile LogStoreManifest.swift
SwiftCompile normal arm64 /Users/admin/builder/spi-builder-workspace/Sources/XCResultKit/Logger.swift (in target 'XCResultKit' from project 'XCResultKit')
cd /Users/admin/builder/spi-builder-workspace/.swiftpm/xcode
builtin-SwiftPerFileCompile Logger.swift
SwiftCompile normal arm64 /Users/admin/builder/spi-builder-workspace/Sources/XCResultKit/Schema/ActionAbstractTestSummary.swift (in target 'XCResultKit' from project 'XCResultKit')
cd /Users/admin/builder/spi-builder-workspace/.swiftpm/xcode
builtin-SwiftPerFileCompile ActionAbstractTestSummary.swift
SwiftCompile normal arm64 /Users/admin/builder/spi-builder-workspace/Sources/XCResultKit/Schema/ActionDeviceRecord.swift (in target 'XCResultKit' from project 'XCResultKit')
cd /Users/admin/builder/spi-builder-workspace/.swiftpm/xcode
builtin-SwiftPerFileCompile ActionDeviceRecord.swift
SwiftCompile normal arm64 /Users/admin/builder/spi-builder-workspace/Sources/XCResultKit/Schema/ActionPlatformRecord.swift (in target 'XCResultKit' from project 'XCResultKit')
cd /Users/admin/builder/spi-builder-workspace/.swiftpm/xcode
builtin-SwiftPerFileCompile ActionPlatformRecord.swift
SwiftCompile normal arm64 /Users/admin/builder/spi-builder-workspace/Sources/XCResultKit/Schema/ActionRecord.swift (in target 'XCResultKit' from project 'XCResultKit')
cd /Users/admin/builder/spi-builder-workspace/.swiftpm/xcode
builtin-SwiftPerFileCompile ActionRecord.swift
SwiftCompile normal arm64 Compiling\ ActionResult.swift,\ ActionRunDestinationRecord.swift,\ ActionSDKRecord.swift,\ ActionTestActivitySummary.swift,\ ActionTestAttachment.swift,\ ActionTestConfiguration.swift,\ ActionTestExpectedFailure.swift /Users/admin/builder/spi-builder-workspace/Sources/XCResultKit/Schema/ActionResult.swift /Users/admin/builder/spi-builder-workspace/Sources/XCResultKit/Schema/ActionRunDestinationRecord.swift /Users/admin/builder/spi-builder-workspace/Sources/XCResultKit/Schema/ActionSDKRecord.swift /Users/admin/builder/spi-builder-workspace/Sources/XCResultKit/Schema/ActionTestActivitySummary.swift /Users/admin/builder/spi-builder-workspace/Sources/XCResultKit/Schema/ActionTestAttachment.swift /Users/admin/builder/spi-builder-workspace/Sources/XCResultKit/Schema/ActionTestConfiguration.swift /Users/admin/builder/spi-builder-workspace/Sources/XCResultKit/Schema/ActionTestExpectedFailure.swift (in target 'XCResultKit' from project 'XCResultKit')
SwiftCompile normal arm64 /Users/admin/builder/spi-builder-workspace/Sources/XCResultKit/Schema/ActionResult.swift (in target 'XCResultKit' from project 'XCResultKit')
cd /Users/admin/builder/spi-builder-workspace/.swiftpm/xcode
builtin-SwiftPerFileCompile ActionResult.swift
SwiftCompile normal arm64 /Users/admin/builder/spi-builder-workspace/Sources/XCResultKit/Schema/ActionRunDestinationRecord.swift (in target 'XCResultKit' from project 'XCResultKit')
cd /Users/admin/builder/spi-builder-workspace/.swiftpm/xcode
builtin-SwiftPerFileCompile ActionRunDestinationRecord.swift
SwiftCompile normal arm64 /Users/admin/builder/spi-builder-workspace/Sources/XCResultKit/Schema/ActionSDKRecord.swift (in target 'XCResultKit' from project 'XCResultKit')
cd /Users/admin/builder/spi-builder-workspace/.swiftpm/xcode
builtin-SwiftPerFileCompile ActionSDKRecord.swift
SwiftCompile normal arm64 /Users/admin/builder/spi-builder-workspace/Sources/XCResultKit/Schema/ActionTestActivitySummary.swift (in target 'XCResultKit' from project 'XCResultKit')
cd /Users/admin/builder/spi-builder-workspace/.swiftpm/xcode
builtin-SwiftPerFileCompile ActionTestActivitySummary.swift
SwiftCompile normal arm64 /Users/admin/builder/spi-builder-workspace/Sources/XCResultKit/Schema/ActionTestAttachment.swift (in target 'XCResultKit' from project 'XCResultKit')
cd /Users/admin/builder/spi-builder-workspace/.swiftpm/xcode
builtin-SwiftPerFileCompile ActionTestAttachment.swift
SwiftCompile normal arm64 /Users/admin/builder/spi-builder-workspace/Sources/XCResultKit/Schema/ActionTestConfiguration.swift (in target 'XCResultKit' from project 'XCResultKit')
cd /Users/admin/builder/spi-builder-workspace/.swiftpm/xcode
builtin-SwiftPerFileCompile ActionTestConfiguration.swift
SwiftCompile normal arm64 /Users/admin/builder/spi-builder-workspace/Sources/XCResultKit/Schema/ActionTestExpectedFailure.swift (in target 'XCResultKit' from project 'XCResultKit')
cd /Users/admin/builder/spi-builder-workspace/.swiftpm/xcode
builtin-SwiftPerFileCompile ActionTestExpectedFailure.swift
SwiftCompile normal arm64 Compiling\ ActionTestRepetitionPolicySummary.swift,\ ActionTestSummary.swift,\ ActionTestSummaryGroup.swift,\ ActionTestSummaryIdentifiableObject.swift,\ ActionTestableSummary.swift,\ ActionsInvocationMetadata.swift,\ ActionsInvocationRecord.swift /Users/admin/builder/spi-builder-workspace/Sources/XCResultKit/Schema/ActionTestRepetitionPolicySummary.swift /Users/admin/builder/spi-builder-workspace/Sources/XCResultKit/Schema/ActionTestSummary.swift /Users/admin/builder/spi-builder-workspace/Sources/XCResultKit/Schema/ActionTestSummaryGroup.swift /Users/admin/builder/spi-builder-workspace/Sources/XCResultKit/Schema/ActionTestSummaryIdentifiableObject.swift /Users/admin/builder/spi-builder-workspace/Sources/XCResultKit/Schema/ActionTestableSummary.swift /Users/admin/builder/spi-builder-workspace/Sources/XCResultKit/Schema/ActionsInvocationMetadata.swift /Users/admin/builder/spi-builder-workspace/Sources/XCResultKit/Schema/ActionsInvocationRecord.swift (in target 'XCResultKit' from project 'XCResultKit')
SwiftCompile normal arm64 /Users/admin/builder/spi-builder-workspace/Sources/XCResultKit/Schema/ActionTestRepetitionPolicySummary.swift (in target 'XCResultKit' from project 'XCResultKit')
cd /Users/admin/builder/spi-builder-workspace/.swiftpm/xcode
builtin-SwiftPerFileCompile ActionTestRepetitionPolicySummary.swift
SwiftCompile normal arm64 /Users/admin/builder/spi-builder-workspace/Sources/XCResultKit/Schema/ActionTestSummary.swift (in target 'XCResultKit' from project 'XCResultKit')
cd /Users/admin/builder/spi-builder-workspace/.swiftpm/xcode
builtin-SwiftPerFileCompile ActionTestSummary.swift
SwiftCompile normal arm64 /Users/admin/builder/spi-builder-workspace/Sources/XCResultKit/Schema/ActionTestSummaryGroup.swift (in target 'XCResultKit' from project 'XCResultKit')
cd /Users/admin/builder/spi-builder-workspace/.swiftpm/xcode
builtin-SwiftPerFileCompile ActionTestSummaryGroup.swift
SwiftCompile normal arm64 /Users/admin/builder/spi-builder-workspace/Sources/XCResultKit/Schema/ActionTestSummaryIdentifiableObject.swift (in target 'XCResultKit' from project 'XCResultKit')
cd /Users/admin/builder/spi-builder-workspace/.swiftpm/xcode
builtin-SwiftPerFileCompile ActionTestSummaryIdentifiableObject.swift
SwiftCompile normal arm64 /Users/admin/builder/spi-builder-workspace/Sources/XCResultKit/Schema/ActionTestableSummary.swift (in target 'XCResultKit' from project 'XCResultKit')
cd /Users/admin/builder/spi-builder-workspace/.swiftpm/xcode
builtin-SwiftPerFileCompile ActionTestableSummary.swift
SwiftCompile normal arm64 /Users/admin/builder/spi-builder-workspace/Sources/XCResultKit/Schema/ActionsInvocationMetadata.swift (in target 'XCResultKit' from project 'XCResultKit')
cd /Users/admin/builder/spi-builder-workspace/.swiftpm/xcode
builtin-SwiftPerFileCompile ActionsInvocationMetadata.swift
SwiftCompile normal arm64 /Users/admin/builder/spi-builder-workspace/Sources/XCResultKit/Schema/ActionsInvocationRecord.swift (in target 'XCResultKit' from project 'XCResultKit')
cd /Users/admin/builder/spi-builder-workspace/.swiftpm/xcode
builtin-SwiftPerFileCompile ActionsInvocationRecord.swift
SwiftCompile normal arm64 Compiling\ ActivityLogAnalyzerControlFlowStep.swift,\ ActivityLogAnalyzerControlFlowStepEdge.swift,\ ActivityLogAnalyzerEventStep.swift,\ ActivityLogAnalyzerResultMessage.swift,\ ActivityLogAnalyzerStep.swift,\ ActivityLogAnalyzerWarningMessage.swift,\ ActivityLogCommandInvocationSection.swift /Users/admin/builder/spi-builder-workspace/Sources/XCResultKit/Schema/ActivityLogAnalyzerControlFlowStep.swift /Users/admin/builder/spi-builder-workspace/Sources/XCResultKit/Schema/ActivityLogAnalyzerControlFlowStepEdge.swift /Users/admin/builder/spi-builder-workspace/Sources/XCResultKit/Schema/ActivityLogAnalyzerEventStep.swift /Users/admin/builder/spi-builder-workspace/Sources/XCResultKit/Schema/ActivityLogAnalyzerResultMessage.swift /Users/admin/builder/spi-builder-workspace/Sources/XCResultKit/Schema/ActivityLogAnalyzerStep.swift /Users/admin/builder/spi-builder-workspace/Sources/XCResultKit/Schema/ActivityLogAnalyzerWarningMessage.swift /Users/admin/builder/spi-builder-workspace/Sources/XCResultKit/Schema/ActivityLogCommandInvocationSection.swift (in target 'XCResultKit' from project 'XCResultKit')
SwiftCompile normal arm64 /Users/admin/builder/spi-builder-workspace/Sources/XCResultKit/Schema/ActivityLogAnalyzerControlFlowStep.swift (in target 'XCResultKit' from project 'XCResultKit')
cd /Users/admin/builder/spi-builder-workspace/.swiftpm/xcode
builtin-SwiftPerFileCompile ActivityLogAnalyzerControlFlowStep.swift
SwiftCompile normal arm64 /Users/admin/builder/spi-builder-workspace/Sources/XCResultKit/Schema/ActivityLogAnalyzerControlFlowStepEdge.swift (in target 'XCResultKit' from project 'XCResultKit')
cd /Users/admin/builder/spi-builder-workspace/.swiftpm/xcode
builtin-SwiftPerFileCompile ActivityLogAnalyzerControlFlowStepEdge.swift
SwiftCompile normal arm64 /Users/admin/builder/spi-builder-workspace/Sources/XCResultKit/Schema/ActivityLogAnalyzerEventStep.swift (in target 'XCResultKit' from project 'XCResultKit')
cd /Users/admin/builder/spi-builder-workspace/.swiftpm/xcode
builtin-SwiftPerFileCompile ActivityLogAnalyzerEventStep.swift
SwiftCompile normal arm64 /Users/admin/builder/spi-builder-workspace/Sources/XCResultKit/Schema/ActivityLogAnalyzerResultMessage.swift (in target 'XCResultKit' from project 'XCResultKit')
cd /Users/admin/builder/spi-builder-workspace/.swiftpm/xcode
builtin-SwiftPerFileCompile ActivityLogAnalyzerResultMessage.swift
SwiftCompile normal arm64 /Users/admin/builder/spi-builder-workspace/Sources/XCResultKit/Schema/ActivityLogAnalyzerStep.swift (in target 'XCResultKit' from project 'XCResultKit')
cd /Users/admin/builder/spi-builder-workspace/.swiftpm/xcode
builtin-SwiftPerFileCompile ActivityLogAnalyzerStep.swift
SwiftCompile normal arm64 /Users/admin/builder/spi-builder-workspace/Sources/XCResultKit/Schema/ActivityLogAnalyzerWarningMessage.swift (in target 'XCResultKit' from project 'XCResultKit')
cd /Users/admin/builder/spi-builder-workspace/.swiftpm/xcode
builtin-SwiftPerFileCompile ActivityLogAnalyzerWarningMessage.swift
SwiftCompile normal arm64 /Users/admin/builder/spi-builder-workspace/Sources/XCResultKit/Schema/ActivityLogCommandInvocationSection.swift (in target 'XCResultKit' from project 'XCResultKit')
cd /Users/admin/builder/spi-builder-workspace/.swiftpm/xcode
builtin-SwiftPerFileCompile ActivityLogCommandInvocationSection.swift
SwiftCompile normal arm64 Compiling\ ActionTestFailureSummary.swift,\ ActionTestIssueSummary.swift,\ ActionTestMetadata.swift,\ ActionTestNoticeSummary.swift,\ ActionTestPerformanceMetricSummary.swift,\ ActionTestPlanRunSummaries.swift,\ ActionTestPlanRunSummary.swift /Users/admin/builder/spi-builder-workspace/Sources/XCResultKit/Schema/ActionTestFailureSummary.swift /Users/admin/builder/spi-builder-workspace/Sources/XCResultKit/Schema/ActionTestIssueSummary.swift /Users/admin/builder/spi-builder-workspace/Sources/XCResultKit/Schema/ActionTestMetadata.swift /Users/admin/builder/spi-builder-workspace/Sources/XCResultKit/Schema/ActionTestNoticeSummary.swift /Users/admin/builder/spi-builder-workspace/Sources/XCResultKit/Schema/ActionTestPerformanceMetricSummary.swift /Users/admin/builder/spi-builder-workspace/Sources/XCResultKit/Schema/ActionTestPlanRunSummaries.swift /Users/admin/builder/spi-builder-workspace/Sources/XCResultKit/Schema/ActionTestPlanRunSummary.swift (in target 'XCResultKit' from project 'XCResultKit')
SwiftCompile normal arm64 /Users/admin/builder/spi-builder-workspace/Sources/XCResultKit/Schema/ActionTestFailureSummary.swift (in target 'XCResultKit' from project 'XCResultKit')
cd /Users/admin/builder/spi-builder-workspace/.swiftpm/xcode
builtin-SwiftPerFileCompile ActionTestFailureSummary.swift
SwiftCompile normal arm64 /Users/admin/builder/spi-builder-workspace/Sources/XCResultKit/Schema/ActionTestIssueSummary.swift (in target 'XCResultKit' from project 'XCResultKit')
cd /Users/admin/builder/spi-builder-workspace/.swiftpm/xcode
builtin-SwiftPerFileCompile ActionTestIssueSummary.swift
SwiftCompile normal arm64 /Users/admin/builder/spi-builder-workspace/Sources/XCResultKit/Schema/ActionTestMetadata.swift (in target 'XCResultKit' from project 'XCResultKit')
cd /Users/admin/builder/spi-builder-workspace/.swiftpm/xcode
builtin-SwiftPerFileCompile ActionTestMetadata.swift
SwiftCompile normal arm64 /Users/admin/builder/spi-builder-workspace/Sources/XCResultKit/Schema/ActionTestNoticeSummary.swift (in target 'XCResultKit' from project 'XCResultKit')
cd /Users/admin/builder/spi-builder-workspace/.swiftpm/xcode
builtin-SwiftPerFileCompile ActionTestNoticeSummary.swift
SwiftCompile normal arm64 /Users/admin/builder/spi-builder-workspace/Sources/XCResultKit/Schema/ActionTestPerformanceMetricSummary.swift (in target 'XCResultKit' from project 'XCResultKit')
cd /Users/admin/builder/spi-builder-workspace/.swiftpm/xcode
builtin-SwiftPerFileCompile ActionTestPerformanceMetricSummary.swift
SwiftCompile normal arm64 /Users/admin/builder/spi-builder-workspace/Sources/XCResultKit/Schema/ActionTestPlanRunSummaries.swift (in target 'XCResultKit' from project 'XCResultKit')
cd /Users/admin/builder/spi-builder-workspace/.swiftpm/xcode
builtin-SwiftPerFileCompile ActionTestPlanRunSummaries.swift
SwiftCompile normal arm64 /Users/admin/builder/spi-builder-workspace/Sources/XCResultKit/Schema/ActionTestPlanRunSummary.swift (in target 'XCResultKit' from project 'XCResultKit')
cd /Users/admin/builder/spi-builder-workspace/.swiftpm/xcode
builtin-SwiftPerFileCompile ActionTestPlanRunSummary.swift
SwiftCompile normal arm64 Compiling\ CodeCoverageInfo.swift,\ ConsoleLogItem.swift,\ ConsoleLogItemLogData.swift,\ ConsoleLogSection.swift,\ DocumentLocation.swift,\ EntityIdentifier.swift,\ IssueSummary.swift /Users/admin/builder/spi-builder-workspace/Sources/XCResultKit/Schema/CodeCoverageInfo.swift /Users/admin/builder/spi-builder-workspace/Sources/XCResultKit/Schema/ConsoleLogItem.swift /Users/admin/builder/spi-builder-workspace/Sources/XCResultKit/Schema/ConsoleLogItemLogData.swift /Users/admin/builder/spi-builder-workspace/Sources/XCResultKit/Schema/ConsoleLogSection.swift /Users/admin/builder/spi-builder-workspace/Sources/XCResultKit/Schema/DocumentLocation.swift /Users/admin/builder/spi-builder-workspace/Sources/XCResultKit/Schema/EntityIdentifier.swift /Users/admin/builder/spi-builder-workspace/Sources/XCResultKit/Schema/IssueSummary.swift (in target 'XCResultKit' from project 'XCResultKit')
SwiftCompile normal arm64 /Users/admin/builder/spi-builder-workspace/Sources/XCResultKit/Schema/CodeCoverageInfo.swift (in target 'XCResultKit' from project 'XCResultKit')
cd /Users/admin/builder/spi-builder-workspace/.swiftpm/xcode
builtin-SwiftPerFileCompile CodeCoverageInfo.swift
SwiftCompile normal arm64 /Users/admin/builder/spi-builder-workspace/Sources/XCResultKit/Schema/ConsoleLogItem.swift (in target 'XCResultKit' from project 'XCResultKit')
cd /Users/admin/builder/spi-builder-workspace/.swiftpm/xcode
builtin-SwiftPerFileCompile ConsoleLogItem.swift
SwiftCompile normal arm64 /Users/admin/builder/spi-builder-workspace/Sources/XCResultKit/Schema/ConsoleLogItemLogData.swift (in target 'XCResultKit' from project 'XCResultKit')
cd /Users/admin/builder/spi-builder-workspace/.swiftpm/xcode
builtin-SwiftPerFileCompile ConsoleLogItemLogData.swift
SwiftCompile normal arm64 /Users/admin/builder/spi-builder-workspace/Sources/XCResultKit/Schema/ConsoleLogSection.swift (in target 'XCResultKit' from project 'XCResultKit')
cd /Users/admin/builder/spi-builder-workspace/.swiftpm/xcode
builtin-SwiftPerFileCompile ConsoleLogSection.swift
SwiftCompile normal arm64 /Users/admin/builder/spi-builder-workspace/Sources/XCResultKit/Schema/DocumentLocation.swift (in target 'XCResultKit' from project 'XCResultKit')
cd /Users/admin/builder/spi-builder-workspace/.swiftpm/xcode
builtin-SwiftPerFileCompile DocumentLocation.swift
SwiftCompile normal arm64 /Users/admin/builder/spi-builder-workspace/Sources/XCResultKit/Schema/EntityIdentifier.swift (in target 'XCResultKit' from project 'XCResultKit')
cd /Users/admin/builder/spi-builder-workspace/.swiftpm/xcode
builtin-SwiftPerFileCompile EntityIdentifier.swift
SwiftCompile normal arm64 /Users/admin/builder/spi-builder-workspace/Sources/XCResultKit/Schema/IssueSummary.swift (in target 'XCResultKit' from project 'XCResultKit')
cd /Users/admin/builder/spi-builder-workspace/.swiftpm/xcode
builtin-SwiftPerFileCompile IssueSummary.swift
SwiftCompile normal arm64 Compiling\ ActivityLogMajorSection.swift,\ ActivityLogMessage.swift,\ ActivityLogMessageAnnotation.swift,\ ActivityLogSection.swift,\ ActivityLogTargetBuildSection.swift,\ ActivityLogUnitTestSection.swift,\ ArchiveInfo.swift /Users/admin/builder/spi-builder-workspace/Sources/XCResultKit/Schema/ActivityLogMajorSection.swift /Users/admin/builder/spi-builder-workspace/Sources/XCResultKit/Schema/ActivityLogMessage.swift /Users/admin/builder/spi-builder-workspace/Sources/XCResultKit/Schema/ActivityLogMessageAnnotation.swift /Users/admin/builder/spi-builder-workspace/Sources/XCResultKit/Schema/ActivityLogSection.swift /Users/admin/builder/spi-builder-workspace/Sources/XCResultKit/Schema/ActivityLogTargetBuildSection.swift /Users/admin/builder/spi-builder-workspace/Sources/XCResultKit/Schema/ActivityLogUnitTestSection.swift /Users/admin/builder/spi-builder-workspace/Sources/XCResultKit/Schema/ArchiveInfo.swift (in target 'XCResultKit' from project 'XCResultKit')
SwiftCompile normal arm64 /Users/admin/builder/spi-builder-workspace/Sources/XCResultKit/Schema/ActivityLogMajorSection.swift (in target 'XCResultKit' from project 'XCResultKit')
cd /Users/admin/builder/spi-builder-workspace/.swiftpm/xcode
builtin-SwiftPerFileCompile ActivityLogMajorSection.swift
SwiftCompile normal arm64 /Users/admin/builder/spi-builder-workspace/Sources/XCResultKit/Schema/ActivityLogMessage.swift (in target 'XCResultKit' from project 'XCResultKit')
cd /Users/admin/builder/spi-builder-workspace/.swiftpm/xcode
builtin-SwiftPerFileCompile ActivityLogMessage.swift
SwiftCompile normal arm64 /Users/admin/builder/spi-builder-workspace/Sources/XCResultKit/Schema/ActivityLogMessageAnnotation.swift (in target 'XCResultKit' from project 'XCResultKit')
cd /Users/admin/builder/spi-builder-workspace/.swiftpm/xcode
builtin-SwiftPerFileCompile ActivityLogMessageAnnotation.swift
SwiftCompile normal arm64 /Users/admin/builder/spi-builder-workspace/Sources/XCResultKit/Schema/ActivityLogSection.swift (in target 'XCResultKit' from project 'XCResultKit')
cd /Users/admin/builder/spi-builder-workspace/.swiftpm/xcode
builtin-SwiftPerFileCompile ActivityLogSection.swift
SwiftCompile normal arm64 /Users/admin/builder/spi-builder-workspace/Sources/XCResultKit/Schema/ActivityLogTargetBuildSection.swift (in target 'XCResultKit' from project 'XCResultKit')
cd /Users/admin/builder/spi-builder-workspace/.swiftpm/xcode
builtin-SwiftPerFileCompile ActivityLogTargetBuildSection.swift
SwiftCompile normal arm64 /Users/admin/builder/spi-builder-workspace/Sources/XCResultKit/Schema/ActivityLogUnitTestSection.swift (in target 'XCResultKit' from project 'XCResultKit')
cd /Users/admin/builder/spi-builder-workspace/.swiftpm/xcode
builtin-SwiftPerFileCompile ActivityLogUnitTestSection.swift
SwiftCompile normal arm64 /Users/admin/builder/spi-builder-workspace/Sources/XCResultKit/Schema/ArchiveInfo.swift (in target 'XCResultKit' from project 'XCResultKit')
cd /Users/admin/builder/spi-builder-workspace/.swiftpm/xcode
builtin-SwiftPerFileCompile ArchiveInfo.swift
SwiftEmitModule normal arm64 Emitting\ module\ for\ XCResultKit (in target 'XCResultKit' from project 'XCResultKit')
SwiftCompile normal arm64 (in target 'XCResultKit' from project 'XCResultKit')
cd /Users/admin/builder/spi-builder-workspace/.swiftpm/xcode
SwiftCompile normal arm64 Compiling\ Reference.swift,\ ResultIssueSummaries.swift,\ ResultMetrics.swift,\ SortedKeyValueArray.swift,\ SortedKeyValueArrayPair.swift,\ SourceCodeContext.swift,\ SourceCodeFrame.swift /Users/admin/builder/spi-builder-workspace/Sources/XCResultKit/Schema/Reference.swift /Users/admin/builder/spi-builder-workspace/Sources/XCResultKit/Schema/ResultIssueSummaries.swift /Users/admin/builder/spi-builder-workspace/Sources/XCResultKit/Schema/ResultMetrics.swift /Users/admin/builder/spi-builder-workspace/Sources/XCResultKit/Schema/SortedKeyValueArray.swift /Users/admin/builder/spi-builder-workspace/Sources/XCResultKit/Schema/SortedKeyValueArrayPair.swift /Users/admin/builder/spi-builder-workspace/Sources/XCResultKit/Schema/SourceCodeContext.swift /Users/admin/builder/spi-builder-workspace/Sources/XCResultKit/Schema/SourceCodeFrame.swift (in target 'XCResultKit' from project 'XCResultKit')
SwiftCompile normal arm64 /Users/admin/builder/spi-builder-workspace/Sources/XCResultKit/Schema/Reference.swift (in target 'XCResultKit' from project 'XCResultKit')
cd /Users/admin/builder/spi-builder-workspace/.swiftpm/xcode
builtin-SwiftPerFileCompile Reference.swift
SwiftCompile normal arm64 /Users/admin/builder/spi-builder-workspace/Sources/XCResultKit/Schema/ResultIssueSummaries.swift (in target 'XCResultKit' from project 'XCResultKit')
cd /Users/admin/builder/spi-builder-workspace/.swiftpm/xcode
builtin-SwiftPerFileCompile ResultIssueSummaries.swift
SwiftCompile normal arm64 /Users/admin/builder/spi-builder-workspace/Sources/XCResultKit/Schema/ResultMetrics.swift (in target 'XCResultKit' from project 'XCResultKit')
cd /Users/admin/builder/spi-builder-workspace/.swiftpm/xcode
builtin-SwiftPerFileCompile ResultMetrics.swift
SwiftCompile normal arm64 /Users/admin/builder/spi-builder-workspace/Sources/XCResultKit/Schema/SortedKeyValueArray.swift (in target 'XCResultKit' from project 'XCResultKit')
cd /Users/admin/builder/spi-builder-workspace/.swiftpm/xcode
builtin-SwiftPerFileCompile SortedKeyValueArray.swift
SwiftCompile normal arm64 /Users/admin/builder/spi-builder-workspace/Sources/XCResultKit/Schema/SortedKeyValueArrayPair.swift (in target 'XCResultKit' from project 'XCResultKit')
cd /Users/admin/builder/spi-builder-workspace/.swiftpm/xcode
builtin-SwiftPerFileCompile SortedKeyValueArrayPair.swift
SwiftCompile normal arm64 /Users/admin/builder/spi-builder-workspace/Sources/XCResultKit/Schema/SourceCodeContext.swift (in target 'XCResultKit' from project 'XCResultKit')
cd /Users/admin/builder/spi-builder-workspace/.swiftpm/xcode
builtin-SwiftPerFileCompile SourceCodeContext.swift
SwiftCompile normal arm64 /Users/admin/builder/spi-builder-workspace/Sources/XCResultKit/Schema/SourceCodeFrame.swift (in target 'XCResultKit' from project 'XCResultKit')
cd /Users/admin/builder/spi-builder-workspace/.swiftpm/xcode
builtin-SwiftPerFileCompile SourceCodeFrame.swift
SwiftCompile normal arm64 Compiling\ SourceCodeLocation.swift,\ SourceCodeSymbolInfo.swift,\ TestAssociatedError.swift,\ TestFailureIssueSummary.swift,\ TestIssueSummary.swift,\ TypeDefinition.swift,\ XCResultBool.swift /Users/admin/builder/spi-builder-workspace/Sources/XCResultKit/Schema/SourceCodeLocation.swift /Users/admin/builder/spi-builder-workspace/Sources/XCResultKit/Schema/SourceCodeSymbolInfo.swift /Users/admin/builder/spi-builder-workspace/Sources/XCResultKit/Schema/TestAssociatedError.swift /Users/admin/builder/spi-builder-workspace/Sources/XCResultKit/Schema/TestFailureIssueSummary.swift /Users/admin/builder/spi-builder-workspace/Sources/XCResultKit/Schema/TestIssueSummary.swift /Users/admin/builder/spi-builder-workspace/Sources/XCResultKit/Schema/TypeDefinition.swift /Users/admin/builder/spi-builder-workspace/Sources/XCResultKit/XCResultBool.swift (in target 'XCResultKit' from project 'XCResultKit')
SwiftCompile normal arm64 /Users/admin/builder/spi-builder-workspace/Sources/XCResultKit/Schema/SourceCodeLocation.swift (in target 'XCResultKit' from project 'XCResultKit')
cd /Users/admin/builder/spi-builder-workspace/.swiftpm/xcode
builtin-SwiftPerFileCompile SourceCodeLocation.swift
SwiftCompile normal arm64 /Users/admin/builder/spi-builder-workspace/Sources/XCResultKit/Schema/SourceCodeSymbolInfo.swift (in target 'XCResultKit' from project 'XCResultKit')
cd /Users/admin/builder/spi-builder-workspace/.swiftpm/xcode
builtin-SwiftPerFileCompile SourceCodeSymbolInfo.swift
SwiftCompile normal arm64 /Users/admin/builder/spi-builder-workspace/Sources/XCResultKit/Schema/TestAssociatedError.swift (in target 'XCResultKit' from project 'XCResultKit')
cd /Users/admin/builder/spi-builder-workspace/.swiftpm/xcode
builtin-SwiftPerFileCompile TestAssociatedError.swift
SwiftCompile normal arm64 /Users/admin/builder/spi-builder-workspace/Sources/XCResultKit/Schema/TestFailureIssueSummary.swift (in target 'XCResultKit' from project 'XCResultKit')
cd /Users/admin/builder/spi-builder-workspace/.swiftpm/xcode
builtin-SwiftPerFileCompile TestFailureIssueSummary.swift
SwiftCompile normal arm64 /Users/admin/builder/spi-builder-workspace/Sources/XCResultKit/Schema/TestIssueSummary.swift (in target 'XCResultKit' from project 'XCResultKit')
cd /Users/admin/builder/spi-builder-workspace/.swiftpm/xcode
builtin-SwiftPerFileCompile TestIssueSummary.swift
SwiftCompile normal arm64 /Users/admin/builder/spi-builder-workspace/Sources/XCResultKit/Schema/TypeDefinition.swift (in target 'XCResultKit' from project 'XCResultKit')
cd /Users/admin/builder/spi-builder-workspace/.swiftpm/xcode
builtin-SwiftPerFileCompile TypeDefinition.swift
SwiftCompile normal arm64 /Users/admin/builder/spi-builder-workspace/Sources/XCResultKit/XCResultBool.swift (in target 'XCResultKit' from project 'XCResultKit')
cd /Users/admin/builder/spi-builder-workspace/.swiftpm/xcode
builtin-SwiftPerFileCompile XCResultBool.swift
SwiftEmitModule normal arm64_32 Emitting\ module\ for\ XCResultKit (in target 'XCResultKit' from project 'XCResultKit')
SwiftCompile normal arm64_32 (in target 'XCResultKit' from project 'XCResultKit')
cd /Users/admin/builder/spi-builder-workspace/.swiftpm/xcode
SwiftDriverJobDiscovery normal arm64 Compiling Reference.swift, ResultIssueSummaries.swift, ResultMetrics.swift, SortedKeyValueArray.swift, SortedKeyValueArrayPair.swift, SourceCodeContext.swift, SourceCodeFrame.swift (in target 'XCResultKit' from project 'XCResultKit')
SwiftCompile normal arm64_32 Compiling\ ActionTestRepetitionPolicySummary.swift,\ ActionTestSummary.swift,\ ActionTestSummaryGroup.swift,\ ActionTestSummaryIdentifiableObject.swift,\ ActionTestableSummary.swift,\ ActionsInvocationMetadata.swift,\ ActionsInvocationRecord.swift /Users/admin/builder/spi-builder-workspace/Sources/XCResultKit/Schema/ActionTestRepetitionPolicySummary.swift /Users/admin/builder/spi-builder-workspace/Sources/XCResultKit/Schema/ActionTestSummary.swift /Users/admin/builder/spi-builder-workspace/Sources/XCResultKit/Schema/ActionTestSummaryGroup.swift /Users/admin/builder/spi-builder-workspace/Sources/XCResultKit/Schema/ActionTestSummaryIdentifiableObject.swift /Users/admin/builder/spi-builder-workspace/Sources/XCResultKit/Schema/ActionTestableSummary.swift /Users/admin/builder/spi-builder-workspace/Sources/XCResultKit/Schema/ActionsInvocationMetadata.swift /Users/admin/builder/spi-builder-workspace/Sources/XCResultKit/Schema/ActionsInvocationRecord.swift (in target 'XCResultKit' from project 'XCResultKit')
SwiftCompile normal arm64_32 /Users/admin/builder/spi-builder-workspace/Sources/XCResultKit/Schema/ActionTestRepetitionPolicySummary.swift (in target 'XCResultKit' from project 'XCResultKit')
cd /Users/admin/builder/spi-builder-workspace/.swiftpm/xcode
builtin-SwiftPerFileCompile ActionTestRepetitionPolicySummary.swift
SwiftCompile normal arm64_32 /Users/admin/builder/spi-builder-workspace/Sources/XCResultKit/Schema/ActionTestSummary.swift (in target 'XCResultKit' from project 'XCResultKit')
cd /Users/admin/builder/spi-builder-workspace/.swiftpm/xcode
builtin-SwiftPerFileCompile ActionTestSummary.swift
SwiftCompile normal arm64_32 /Users/admin/builder/spi-builder-workspace/Sources/XCResultKit/Schema/ActionTestSummaryGroup.swift (in target 'XCResultKit' from project 'XCResultKit')
cd /Users/admin/builder/spi-builder-workspace/.swiftpm/xcode
builtin-SwiftPerFileCompile ActionTestSummaryGroup.swift
SwiftCompile normal arm64_32 /Users/admin/builder/spi-builder-workspace/Sources/XCResultKit/Schema/ActionTestSummaryIdentifiableObject.swift (in target 'XCResultKit' from project 'XCResultKit')
cd /Users/admin/builder/spi-builder-workspace/.swiftpm/xcode
builtin-SwiftPerFileCompile ActionTestSummaryIdentifiableObject.swift
SwiftCompile normal arm64_32 /Users/admin/builder/spi-builder-workspace/Sources/XCResultKit/Schema/ActionTestableSummary.swift (in target 'XCResultKit' from project 'XCResultKit')
cd /Users/admin/builder/spi-builder-workspace/.swiftpm/xcode
builtin-SwiftPerFileCompile ActionTestableSummary.swift
SwiftCompile normal arm64_32 /Users/admin/builder/spi-builder-workspace/Sources/XCResultKit/Schema/ActionsInvocationMetadata.swift (in target 'XCResultKit' from project 'XCResultKit')
cd /Users/admin/builder/spi-builder-workspace/.swiftpm/xcode
builtin-SwiftPerFileCompile ActionsInvocationMetadata.swift
SwiftCompile normal arm64_32 /Users/admin/builder/spi-builder-workspace/Sources/XCResultKit/Schema/ActionsInvocationRecord.swift (in target 'XCResultKit' from project 'XCResultKit')
cd /Users/admin/builder/spi-builder-workspace/.swiftpm/xcode
builtin-SwiftPerFileCompile ActionsInvocationRecord.swift
SwiftDriverJobDiscovery normal arm64 Compiling ActionTestRepetitionPolicySummary.swift, ActionTestSummary.swift, ActionTestSummaryGroup.swift, ActionTestSummaryIdentifiableObject.swift, ActionTestableSummary.swift, ActionsInvocationMetadata.swift, ActionsInvocationRecord.swift (in target 'XCResultKit' from project 'XCResultKit')
SwiftCompile normal arm64_32 Compiling\ CodeCoverageInfo.swift,\ ConsoleLogItem.swift,\ ConsoleLogItemLogData.swift,\ ConsoleLogSection.swift,\ DocumentLocation.swift,\ EntityIdentifier.swift,\ IssueSummary.swift /Users/admin/builder/spi-builder-workspace/Sources/XCResultKit/Schema/CodeCoverageInfo.swift /Users/admin/builder/spi-builder-workspace/Sources/XCResultKit/Schema/ConsoleLogItem.swift /Users/admin/builder/spi-builder-workspace/Sources/XCResultKit/Schema/ConsoleLogItemLogData.swift /Users/admin/builder/spi-builder-workspace/Sources/XCResultKit/Schema/ConsoleLogSection.swift /Users/admin/builder/spi-builder-workspace/Sources/XCResultKit/Schema/DocumentLocation.swift /Users/admin/builder/spi-builder-workspace/Sources/XCResultKit/Schema/EntityIdentifier.swift /Users/admin/builder/spi-builder-workspace/Sources/XCResultKit/Schema/IssueSummary.swift (in target 'XCResultKit' from project 'XCResultKit')
SwiftCompile normal arm64_32 /Users/admin/builder/spi-builder-workspace/Sources/XCResultKit/Schema/CodeCoverageInfo.swift (in target 'XCResultKit' from project 'XCResultKit')
cd /Users/admin/builder/spi-builder-workspace/.swiftpm/xcode
builtin-SwiftPerFileCompile CodeCoverageInfo.swift
SwiftCompile normal arm64_32 /Users/admin/builder/spi-builder-workspace/Sources/XCResultKit/Schema/ConsoleLogItem.swift (in target 'XCResultKit' from project 'XCResultKit')
cd /Users/admin/builder/spi-builder-workspace/.swiftpm/xcode
builtin-SwiftPerFileCompile ConsoleLogItem.swift
SwiftCompile normal arm64_32 /Users/admin/builder/spi-builder-workspace/Sources/XCResultKit/Schema/ConsoleLogItemLogData.swift (in target 'XCResultKit' from project 'XCResultKit')
cd /Users/admin/builder/spi-builder-workspace/.swiftpm/xcode
builtin-SwiftPerFileCompile ConsoleLogItemLogData.swift
SwiftCompile normal arm64_32 /Users/admin/builder/spi-builder-workspace/Sources/XCResultKit/Schema/ConsoleLogSection.swift (in target 'XCResultKit' from project 'XCResultKit')
cd /Users/admin/builder/spi-builder-workspace/.swiftpm/xcode
builtin-SwiftPerFileCompile ConsoleLogSection.swift
SwiftCompile normal arm64_32 /Users/admin/builder/spi-builder-workspace/Sources/XCResultKit/Schema/DocumentLocation.swift (in target 'XCResultKit' from project 'XCResultKit')
cd /Users/admin/builder/spi-builder-workspace/.swiftpm/xcode
builtin-SwiftPerFileCompile DocumentLocation.swift
SwiftCompile normal arm64_32 /Users/admin/builder/spi-builder-workspace/Sources/XCResultKit/Schema/EntityIdentifier.swift (in target 'XCResultKit' from project 'XCResultKit')
cd /Users/admin/builder/spi-builder-workspace/.swiftpm/xcode
builtin-SwiftPerFileCompile EntityIdentifier.swift
SwiftCompile normal arm64_32 /Users/admin/builder/spi-builder-workspace/Sources/XCResultKit/Schema/IssueSummary.swift (in target 'XCResultKit' from project 'XCResultKit')
cd /Users/admin/builder/spi-builder-workspace/.swiftpm/xcode
builtin-SwiftPerFileCompile IssueSummary.swift
SwiftCompile normal arm64_32 Compiling\ Reference.swift,\ ResultIssueSummaries.swift,\ ResultMetrics.swift,\ SortedKeyValueArray.swift,\ SortedKeyValueArrayPair.swift,\ SourceCodeContext.swift,\ SourceCodeFrame.swift /Users/admin/builder/spi-builder-workspace/Sources/XCResultKit/Schema/Reference.swift /Users/admin/builder/spi-builder-workspace/Sources/XCResultKit/Schema/ResultIssueSummaries.swift /Users/admin/builder/spi-builder-workspace/Sources/XCResultKit/Schema/ResultMetrics.swift /Users/admin/builder/spi-builder-workspace/Sources/XCResultKit/Schema/SortedKeyValueArray.swift /Users/admin/builder/spi-builder-workspace/Sources/XCResultKit/Schema/SortedKeyValueArrayPair.swift /Users/admin/builder/spi-builder-workspace/Sources/XCResultKit/Schema/SourceCodeContext.swift /Users/admin/builder/spi-builder-workspace/Sources/XCResultKit/Schema/SourceCodeFrame.swift (in target 'XCResultKit' from project 'XCResultKit')
SwiftCompile normal arm64_32 /Users/admin/builder/spi-builder-workspace/Sources/XCResultKit/Schema/Reference.swift (in target 'XCResultKit' from project 'XCResultKit')
cd /Users/admin/builder/spi-builder-workspace/.swiftpm/xcode
builtin-SwiftPerFileCompile Reference.swift
SwiftCompile normal arm64_32 /Users/admin/builder/spi-builder-workspace/Sources/XCResultKit/Schema/ResultIssueSummaries.swift (in target 'XCResultKit' from project 'XCResultKit')
cd /Users/admin/builder/spi-builder-workspace/.swiftpm/xcode
builtin-SwiftPerFileCompile ResultIssueSummaries.swift
SwiftCompile normal arm64_32 /Users/admin/builder/spi-builder-workspace/Sources/XCResultKit/Schema/ResultMetrics.swift (in target 'XCResultKit' from project 'XCResultKit')
cd /Users/admin/builder/spi-builder-workspace/.swiftpm/xcode
builtin-SwiftPerFileCompile ResultMetrics.swift
SwiftCompile normal arm64_32 /Users/admin/builder/spi-builder-workspace/Sources/XCResultKit/Schema/SortedKeyValueArray.swift (in target 'XCResultKit' from project 'XCResultKit')
cd /Users/admin/builder/spi-builder-workspace/.swiftpm/xcode
builtin-SwiftPerFileCompile SortedKeyValueArray.swift
SwiftCompile normal arm64_32 /Users/admin/builder/spi-builder-workspace/Sources/XCResultKit/Schema/SortedKeyValueArrayPair.swift (in target 'XCResultKit' from project 'XCResultKit')
cd /Users/admin/builder/spi-builder-workspace/.swiftpm/xcode
builtin-SwiftPerFileCompile SortedKeyValueArrayPair.swift
SwiftCompile normal arm64_32 /Users/admin/builder/spi-builder-workspace/Sources/XCResultKit/Schema/SourceCodeContext.swift (in target 'XCResultKit' from project 'XCResultKit')
cd /Users/admin/builder/spi-builder-workspace/.swiftpm/xcode
builtin-SwiftPerFileCompile SourceCodeContext.swift
SwiftCompile normal arm64_32 /Users/admin/builder/spi-builder-workspace/Sources/XCResultKit/Schema/SourceCodeFrame.swift (in target 'XCResultKit' from project 'XCResultKit')
cd /Users/admin/builder/spi-builder-workspace/.swiftpm/xcode
builtin-SwiftPerFileCompile SourceCodeFrame.swift
SwiftDriverJobDiscovery normal arm64 Compiling CodeCoverageInfo.swift, ConsoleLogItem.swift, ConsoleLogItemLogData.swift, ConsoleLogSection.swift, DocumentLocation.swift, EntityIdentifier.swift, IssueSummary.swift (in target 'XCResultKit' from project 'XCResultKit')
SwiftDriverJobDiscovery normal arm64 Compiling SourceCodeLocation.swift, SourceCodeSymbolInfo.swift, TestAssociatedError.swift, TestFailureIssueSummary.swift, TestIssueSummary.swift, TypeDefinition.swift, XCResultBool.swift (in target 'XCResultKit' from project 'XCResultKit')
SwiftCompile normal arm64_32 Compiling\ ActivityLogAnalyzerControlFlowStep.swift,\ ActivityLogAnalyzerControlFlowStepEdge.swift,\ ActivityLogAnalyzerEventStep.swift,\ ActivityLogAnalyzerResultMessage.swift,\ ActivityLogAnalyzerStep.swift,\ ActivityLogAnalyzerWarningMessage.swift,\ ActivityLogCommandInvocationSection.swift /Users/admin/builder/spi-builder-workspace/Sources/XCResultKit/Schema/ActivityLogAnalyzerControlFlowStep.swift /Users/admin/builder/spi-builder-workspace/Sources/XCResultKit/Schema/ActivityLogAnalyzerControlFlowStepEdge.swift /Users/admin/builder/spi-builder-workspace/Sources/XCResultKit/Schema/ActivityLogAnalyzerEventStep.swift /Users/admin/builder/spi-builder-workspace/Sources/XCResultKit/Schema/ActivityLogAnalyzerResultMessage.swift /Users/admin/builder/spi-builder-workspace/Sources/XCResultKit/Schema/ActivityLogAnalyzerStep.swift /Users/admin/builder/spi-builder-workspace/Sources/XCResultKit/Schema/ActivityLogAnalyzerWarningMessage.swift /Users/admin/builder/spi-builder-workspace/Sources/XCResultKit/Schema/ActivityLogCommandInvocationSection.swift (in target 'XCResultKit' from project 'XCResultKit')
SwiftCompile normal arm64_32 /Users/admin/builder/spi-builder-workspace/Sources/XCResultKit/Schema/ActivityLogAnalyzerControlFlowStep.swift (in target 'XCResultKit' from project 'XCResultKit')
cd /Users/admin/builder/spi-builder-workspace/.swiftpm/xcode
builtin-SwiftPerFileCompile ActivityLogAnalyzerControlFlowStep.swift
SwiftCompile normal arm64_32 /Users/admin/builder/spi-builder-workspace/Sources/XCResultKit/Schema/ActivityLogAnalyzerControlFlowStepEdge.swift (in target 'XCResultKit' from project 'XCResultKit')
cd /Users/admin/builder/spi-builder-workspace/.swiftpm/xcode
builtin-SwiftPerFileCompile ActivityLogAnalyzerControlFlowStepEdge.swift
SwiftCompile normal arm64_32 /Users/admin/builder/spi-builder-workspace/Sources/XCResultKit/Schema/ActivityLogAnalyzerEventStep.swift (in target 'XCResultKit' from project 'XCResultKit')
cd /Users/admin/builder/spi-builder-workspace/.swiftpm/xcode
builtin-SwiftPerFileCompile ActivityLogAnalyzerEventStep.swift
SwiftCompile normal arm64_32 /Users/admin/builder/spi-builder-workspace/Sources/XCResultKit/Schema/ActivityLogAnalyzerResultMessage.swift (in target 'XCResultKit' from project 'XCResultKit')
cd /Users/admin/builder/spi-builder-workspace/.swiftpm/xcode
builtin-SwiftPerFileCompile ActivityLogAnalyzerResultMessage.swift
SwiftCompile normal arm64_32 /Users/admin/builder/spi-builder-workspace/Sources/XCResultKit/Schema/ActivityLogAnalyzerStep.swift (in target 'XCResultKit' from project 'XCResultKit')
cd /Users/admin/builder/spi-builder-workspace/.swiftpm/xcode
builtin-SwiftPerFileCompile ActivityLogAnalyzerStep.swift
SwiftCompile normal arm64_32 /Users/admin/builder/spi-builder-workspace/Sources/XCResultKit/Schema/ActivityLogAnalyzerWarningMessage.swift (in target 'XCResultKit' from project 'XCResultKit')
cd /Users/admin/builder/spi-builder-workspace/.swiftpm/xcode
builtin-SwiftPerFileCompile ActivityLogAnalyzerWarningMessage.swift
SwiftCompile normal arm64_32 /Users/admin/builder/spi-builder-workspace/Sources/XCResultKit/Schema/ActivityLogCommandInvocationSection.swift (in target 'XCResultKit' from project 'XCResultKit')
cd /Users/admin/builder/spi-builder-workspace/.swiftpm/xcode
builtin-SwiftPerFileCompile ActivityLogCommandInvocationSection.swift
SwiftDriverJobDiscovery normal arm64 Compiling ActivityLogAnalyzerControlFlowStep.swift, ActivityLogAnalyzerControlFlowStepEdge.swift, ActivityLogAnalyzerEventStep.swift, ActivityLogAnalyzerResultMessage.swift, ActivityLogAnalyzerStep.swift, ActivityLogAnalyzerWarningMessage.swift, ActivityLogCommandInvocationSection.swift (in target 'XCResultKit' from project 'XCResultKit')
SwiftCompile normal arm64_32 Compiling\ SourceCodeLocation.swift,\ SourceCodeSymbolInfo.swift,\ TestAssociatedError.swift,\ TestFailureIssueSummary.swift,\ TestIssueSummary.swift,\ TypeDefinition.swift,\ XCResultBool.swift /Users/admin/builder/spi-builder-workspace/Sources/XCResultKit/Schema/SourceCodeLocation.swift /Users/admin/builder/spi-builder-workspace/Sources/XCResultKit/Schema/SourceCodeSymbolInfo.swift /Users/admin/builder/spi-builder-workspace/Sources/XCResultKit/Schema/TestAssociatedError.swift /Users/admin/builder/spi-builder-workspace/Sources/XCResultKit/Schema/TestFailureIssueSummary.swift /Users/admin/builder/spi-builder-workspace/Sources/XCResultKit/Schema/TestIssueSummary.swift /Users/admin/builder/spi-builder-workspace/Sources/XCResultKit/Schema/TypeDefinition.swift /Users/admin/builder/spi-builder-workspace/Sources/XCResultKit/XCResultBool.swift (in target 'XCResultKit' from project 'XCResultKit')
SwiftCompile normal arm64_32 /Users/admin/builder/spi-builder-workspace/Sources/XCResultKit/Schema/SourceCodeLocation.swift (in target 'XCResultKit' from project 'XCResultKit')
cd /Users/admin/builder/spi-builder-workspace/.swiftpm/xcode
builtin-SwiftPerFileCompile SourceCodeLocation.swift
SwiftCompile normal arm64_32 /Users/admin/builder/spi-builder-workspace/Sources/XCResultKit/Schema/SourceCodeSymbolInfo.swift (in target 'XCResultKit' from project 'XCResultKit')
cd /Users/admin/builder/spi-builder-workspace/.swiftpm/xcode
builtin-SwiftPerFileCompile SourceCodeSymbolInfo.swift
SwiftCompile normal arm64_32 /Users/admin/builder/spi-builder-workspace/Sources/XCResultKit/Schema/TestAssociatedError.swift (in target 'XCResultKit' from project 'XCResultKit')
cd /Users/admin/builder/spi-builder-workspace/.swiftpm/xcode
builtin-SwiftPerFileCompile TestAssociatedError.swift
SwiftCompile normal arm64_32 /Users/admin/builder/spi-builder-workspace/Sources/XCResultKit/Schema/TestFailureIssueSummary.swift (in target 'XCResultKit' from project 'XCResultKit')
cd /Users/admin/builder/spi-builder-workspace/.swiftpm/xcode
builtin-SwiftPerFileCompile TestFailureIssueSummary.swift
SwiftCompile normal arm64_32 /Users/admin/builder/spi-builder-workspace/Sources/XCResultKit/Schema/TestIssueSummary.swift (in target 'XCResultKit' from project 'XCResultKit')
cd /Users/admin/builder/spi-builder-workspace/.swiftpm/xcode
builtin-SwiftPerFileCompile TestIssueSummary.swift
SwiftCompile normal arm64_32 /Users/admin/builder/spi-builder-workspace/Sources/XCResultKit/Schema/TypeDefinition.swift (in target 'XCResultKit' from project 'XCResultKit')
cd /Users/admin/builder/spi-builder-workspace/.swiftpm/xcode
builtin-SwiftPerFileCompile TypeDefinition.swift
SwiftCompile normal arm64_32 /Users/admin/builder/spi-builder-workspace/Sources/XCResultKit/XCResultBool.swift (in target 'XCResultKit' from project 'XCResultKit')
cd /Users/admin/builder/spi-builder-workspace/.swiftpm/xcode
builtin-SwiftPerFileCompile XCResultBool.swift
SwiftDriverJobDiscovery normal arm64 Compiling ActionTestFailureSummary.swift, ActionTestIssueSummary.swift, ActionTestMetadata.swift, ActionTestNoticeSummary.swift, ActionTestPerformanceMetricSummary.swift, ActionTestPlanRunSummaries.swift, ActionTestPlanRunSummary.swift (in target 'XCResultKit' from project 'XCResultKit')
SwiftCompile normal arm64_32 Compiling\ ActivityLogMajorSection.swift,\ ActivityLogMessage.swift,\ ActivityLogMessageAnnotation.swift,\ ActivityLogSection.swift,\ ActivityLogTargetBuildSection.swift,\ ActivityLogUnitTestSection.swift,\ ArchiveInfo.swift /Users/admin/builder/spi-builder-workspace/Sources/XCResultKit/Schema/ActivityLogMajorSection.swift /Users/admin/builder/spi-builder-workspace/Sources/XCResultKit/Schema/ActivityLogMessage.swift /Users/admin/builder/spi-builder-workspace/Sources/XCResultKit/Schema/ActivityLogMessageAnnotation.swift /Users/admin/builder/spi-builder-workspace/Sources/XCResultKit/Schema/ActivityLogSection.swift /Users/admin/builder/spi-builder-workspace/Sources/XCResultKit/Schema/ActivityLogTargetBuildSection.swift /Users/admin/builder/spi-builder-workspace/Sources/XCResultKit/Schema/ActivityLogUnitTestSection.swift /Users/admin/builder/spi-builder-workspace/Sources/XCResultKit/Schema/ArchiveInfo.swift (in target 'XCResultKit' from project 'XCResultKit')
SwiftCompile normal arm64_32 /Users/admin/builder/spi-builder-workspace/Sources/XCResultKit/Schema/ActivityLogMajorSection.swift (in target 'XCResultKit' from project 'XCResultKit')
cd /Users/admin/builder/spi-builder-workspace/.swiftpm/xcode
builtin-SwiftPerFileCompile ActivityLogMajorSection.swift
SwiftCompile normal arm64_32 /Users/admin/builder/spi-builder-workspace/Sources/XCResultKit/Schema/ActivityLogMessage.swift (in target 'XCResultKit' from project 'XCResultKit')
cd /Users/admin/builder/spi-builder-workspace/.swiftpm/xcode
builtin-SwiftPerFileCompile ActivityLogMessage.swift
SwiftCompile normal arm64_32 /Users/admin/builder/spi-builder-workspace/Sources/XCResultKit/Schema/ActivityLogMessageAnnotation.swift (in target 'XCResultKit' from project 'XCResultKit')
cd /Users/admin/builder/spi-builder-workspace/.swiftpm/xcode
builtin-SwiftPerFileCompile ActivityLogMessageAnnotation.swift
SwiftCompile normal arm64_32 /Users/admin/builder/spi-builder-workspace/Sources/XCResultKit/Schema/ActivityLogSection.swift (in target 'XCResultKit' from project 'XCResultKit')
cd /Users/admin/builder/spi-builder-workspace/.swiftpm/xcode
builtin-SwiftPerFileCompile ActivityLogSection.swift
SwiftCompile normal arm64_32 /Users/admin/builder/spi-builder-workspace/Sources/XCResultKit/Schema/ActivityLogTargetBuildSection.swift (in target 'XCResultKit' from project 'XCResultKit')
cd /Users/admin/builder/spi-builder-workspace/.swiftpm/xcode
builtin-SwiftPerFileCompile ActivityLogTargetBuildSection.swift
SwiftCompile normal arm64_32 /Users/admin/builder/spi-builder-workspace/Sources/XCResultKit/Schema/ActivityLogUnitTestSection.swift (in target 'XCResultKit' from project 'XCResultKit')
cd /Users/admin/builder/spi-builder-workspace/.swiftpm/xcode
builtin-SwiftPerFileCompile ActivityLogUnitTestSection.swift
SwiftCompile normal arm64_32 /Users/admin/builder/spi-builder-workspace/Sources/XCResultKit/Schema/ArchiveInfo.swift (in target 'XCResultKit' from project 'XCResultKit')
cd /Users/admin/builder/spi-builder-workspace/.swiftpm/xcode
builtin-SwiftPerFileCompile ArchiveInfo.swift
SwiftDriverJobDiscovery normal arm64 Emitting module for XCResultKit (in target 'XCResultKit' from project 'XCResultKit')
SwiftDriver\ Compilation\ Requirements XCResultKit normal arm64 com.apple.xcode.tools.swift.compiler (in target 'XCResultKit' from project 'XCResultKit')
cd /Users/admin/builder/spi-builder-workspace/.swiftpm/xcode
builtin-Swift-Compilation-Requirements -- /Applications/Xcode-27.0.0-Release.Candidate.app/Contents/Developer/Toolchains/XcodeDefault.xctoolchain/usr/bin/swiftc -parse-as-library -module-name XCResultKit -Onone @/Users/admin/builder/spi-builder-workspace/.derivedData/Build/Intermediates.noindex/XCResultKit.build/Debug-watchos/XCResultKit-t.build/Objects-normal/arm64/XCResultKit.SwiftFileList -DSWIFT_PACKAGE -DDEBUG -DSWIFT_MODULE_RESOURCE_BUNDLE_UNAVAILABLE -DXcode -plugin-path /Applications/Xcode-27.0.0-Release.Candidate.app/Contents/Developer/Toolchains/XcodeDefault.xctoolchain/usr/lib/swift/host/plugins/testing -enable-experimental-feature DebugDescriptionMacro -sdk /Applications/Xcode-27.0.0-Release.Candidate.app/Contents/Developer/Platforms/WatchOS.platform/Developer/SDKs/WatchOS27.0.sdk -target arm64-apple-watchos9.0 -g -module-cache-path /Users/admin/builder/spi-builder-workspace/.derivedData/ModuleCache.noindex -Xfrontend -serialize-debugging-options -enable-testing -index-store-path /Users/admin/builder/spi-builder-workspace/.derivedData/Index.noindex/DataStore -Xcc -D_LIBCPP_HARDENING_MODE\=_LIBCPP_HARDENING_MODE_DEBUG -swift-version 5 -I /Users/admin/builder/spi-builder-workspace/.derivedData/Build/Products/Debug-watchos -Isystem /Applications/Xcode-27.0.0-Release.Candidate.app/Contents/Developer/Platforms/WatchOS.platform/Developer/usr/lib -F /Users/admin/builder/spi-builder-workspace/.derivedData/Build/Products/Debug-watchos -F /Applications/Xcode-27.0.0-Release.Candidate.app/Contents/Developer/Platforms/WatchOS.platform/Developer/Library/Frameworks -F /Applications/Xcode-27.0.0-Release.Candidate.app/Contents/Developer/Platforms/WatchOS.platform/Developer/SDKs/WatchOS27.0.sdk/Developer/Library/Frameworks -c -j10 -enable-batch-mode -incremental -Xcc -ivfsstatcache -Xcc /Users/admin/builder/spi-builder-workspace/.derivedData/SDKStatCaches.noindex/watchos27.0-24R360-e829b21a6f8c9b70876ba0858053c04477534ef55a1706bf4c1112bbb242f0a2.sdkstatcache -output-file-map /Users/admin/builder/spi-builder-workspace/.derivedData/Build/Intermediates.noindex/XCResultKit.build/Debug-watchos/XCResultKit-t.build/Objects-normal/arm64/XCResultKit-OutputFileMap.json -save-temps -no-color-diagnostics -explicit-module-build -module-cache-path /Users/admin/builder/spi-builder-workspace/.derivedData/Build/Intermediates.noindex/SwiftExplicitPrecompiledModules -clang-scanner-module-cache-path /Users/admin/builder/spi-builder-workspace/.derivedData/ModuleCache.noindex -sdk-module-cache-path /Users/admin/builder/spi-builder-workspace/.derivedData/SDKExplicitPrecompiledModules -emit-dependencies -emit-module -emit-module-path /Users/admin/builder/spi-builder-workspace/.derivedData/Build/Intermediates.noindex/XCResultKit.build/Debug-watchos/XCResultKit-t.build/Objects-normal/arm64/XCResultKit.swiftmodule -serialize-diagnostics -dependency-scan-serialize-diagnostics-path /Users/admin/builder/spi-builder-workspace/.derivedData/Build/Intermediates.noindex/XCResultKit.build/Debug-watchos/XCResultKit-t.build/Objects-normal/arm64/XCResultKit-dependency-scan.dia -validate-clang-modules-once -clang-build-session-file /Users/admin/builder/spi-builder-workspace/.derivedData/ModuleCache.noindex/Session.modulevalidation -Xcc -fmodules-prune-interval\=86400 -Xcc -fmodules-prune-after\=345600 -emit-const-values -const-gather-protocols-list /Users/admin/builder/spi-builder-workspace/.derivedData/Build/Intermediates.noindex/XCResultKit.build/Debug-watchos/XCResultKit-t.build/Objects-normal/arm64/XCResultKit_const_extract_protocols.json -Xcc -I/Users/admin/builder/spi-builder-workspace/.derivedData/Build/Products/Debug-watchos/include -Xcc -I/Users/admin/builder/spi-builder-workspace/.derivedData/Build/Intermediates.noindex/XCResultKit.build/Debug-watchos/XCResultKit-t.build/DerivedSources-normal/arm64 -Xcc -I/Users/admin/builder/spi-builder-workspace/.derivedData/Build/Intermediates.noindex/XCResultKit.build/Debug-watchos/XCResultKit-t.build/DerivedSources/arm64 -Xcc -I/Users/admin/builder/spi-builder-workspace/.derivedData/Build/Intermediates.noindex/XCResultKit.build/Debug-watchos/XCResultKit-t.build/DerivedSources -Xcc -DSWIFT_PACKAGE -Xcc -DDEBUG\=1 -emit-objc-header -emit-objc-header-path /Users/admin/builder/spi-builder-workspace/.derivedData/Build/Intermediates.noindex/XCResultKit.build/Debug-watchos/XCResultKit-t.build/Objects-normal/arm64/XCResultKit-Swift.h -working-directory /Users/admin/builder/spi-builder-workspace/.swiftpm/xcode -experimental-emit-module-separately -disable-cmo
SwiftDriverJobDiscovery normal arm64 Compiling ActivityLogMajorSection.swift, ActivityLogMessage.swift, ActivityLogMessageAnnotation.swift, ActivityLogSection.swift, ActivityLogTargetBuildSection.swift, ActivityLogUnitTestSection.swift, ArchiveInfo.swift (in target 'XCResultKit' from project 'XCResultKit')
SwiftCompile normal arm64_32 Compiling\ CodeCoverage.swift,\ LogStoreExecution.swift,\ LogStoreManifest.swift,\ Logger.swift,\ ActionAbstractTestSummary.swift,\ ActionDeviceRecord.swift,\ ActionPlatformRecord.swift,\ ActionRecord.swift /Users/admin/builder/spi-builder-workspace/Sources/XCResultKit/CodeCoverage.swift /Users/admin/builder/spi-builder-workspace/Sources/XCResultKit/LogStoreExecution.swift /Users/admin/builder/spi-builder-workspace/Sources/XCResultKit/LogStoreManifest.swift /Users/admin/builder/spi-builder-workspace/Sources/XCResultKit/Logger.swift /Users/admin/builder/spi-builder-workspace/Sources/XCResultKit/Schema/ActionAbstractTestSummary.swift /Users/admin/builder/spi-builder-workspace/Sources/XCResultKit/Schema/ActionDeviceRecord.swift /Users/admin/builder/spi-builder-workspace/Sources/XCResultKit/Schema/ActionPlatformRecord.swift /Users/admin/builder/spi-builder-workspace/Sources/XCResultKit/Schema/ActionRecord.swift (in target 'XCResultKit' from project 'XCResultKit')
SwiftCompile normal arm64_32 /Users/admin/builder/spi-builder-workspace/Sources/XCResultKit/CodeCoverage.swift (in target 'XCResultKit' from project 'XCResultKit')
cd /Users/admin/builder/spi-builder-workspace/.swiftpm/xcode
builtin-SwiftPerFileCompile CodeCoverage.swift
SwiftCompile normal arm64_32 /Users/admin/builder/spi-builder-workspace/Sources/XCResultKit/LogStoreExecution.swift (in target 'XCResultKit' from project 'XCResultKit')
cd /Users/admin/builder/spi-builder-workspace/.swiftpm/xcode
builtin-SwiftPerFileCompile LogStoreExecution.swift
SwiftCompile normal arm64_32 /Users/admin/builder/spi-builder-workspace/Sources/XCResultKit/LogStoreManifest.swift (in target 'XCResultKit' from project 'XCResultKit')
cd /Users/admin/builder/spi-builder-workspace/.swiftpm/xcode
builtin-SwiftPerFileCompile LogStoreManifest.swift
SwiftCompile normal arm64_32 /Users/admin/builder/spi-builder-workspace/Sources/XCResultKit/Logger.swift (in target 'XCResultKit' from project 'XCResultKit')
cd /Users/admin/builder/spi-builder-workspace/.swiftpm/xcode
builtin-SwiftPerFileCompile Logger.swift
SwiftCompile normal arm64_32 /Users/admin/builder/spi-builder-workspace/Sources/XCResultKit/Schema/ActionAbstractTestSummary.swift (in target 'XCResultKit' from project 'XCResultKit')
cd /Users/admin/builder/spi-builder-workspace/.swiftpm/xcode
builtin-SwiftPerFileCompile ActionAbstractTestSummary.swift
SwiftCompile normal arm64_32 /Users/admin/builder/spi-builder-workspace/Sources/XCResultKit/Schema/ActionDeviceRecord.swift (in target 'XCResultKit' from project 'XCResultKit')
cd /Users/admin/builder/spi-builder-workspace/.swiftpm/xcode
builtin-SwiftPerFileCompile ActionDeviceRecord.swift
SwiftCompile normal arm64_32 /Users/admin/builder/spi-builder-workspace/Sources/XCResultKit/Schema/ActionPlatformRecord.swift (in target 'XCResultKit' from project 'XCResultKit')
cd /Users/admin/builder/spi-builder-workspace/.swiftpm/xcode
builtin-SwiftPerFileCompile ActionPlatformRecord.swift
SwiftCompile normal arm64_32 /Users/admin/builder/spi-builder-workspace/Sources/XCResultKit/Schema/ActionRecord.swift (in target 'XCResultKit' from project 'XCResultKit')
cd /Users/admin/builder/spi-builder-workspace/.swiftpm/xcode
builtin-SwiftPerFileCompile ActionRecord.swift
SwiftMergeGeneratedHeaders /Users/admin/builder/spi-builder-workspace/.derivedData/Build/Intermediates.noindex/GeneratedModuleMaps-watchos/XCResultKit-Swift.h /Users/admin/builder/spi-builder-workspace/.derivedData/Build/Intermediates.noindex/XCResultKit.build/Debug-watchos/XCResultKit-t.build/Objects-normal/arm64/XCResultKit-Swift.h /Users/admin/builder/spi-builder-workspace/.derivedData/Build/Intermediates.noindex/XCResultKit.build/Debug-watchos/XCResultKit-t.build/Objects-normal/arm64_32/XCResultKit-Swift.h (in target 'XCResultKit' from project 'XCResultKit')
cd /Users/admin/builder/spi-builder-workspace
builtin-swiftHeaderTool -arch arm64 /Users/admin/builder/spi-builder-workspace/.derivedData/Build/Intermediates.noindex/XCResultKit.build/Debug-watchos/XCResultKit-t.build/Objects-normal/arm64/XCResultKit-Swift.h -arch arm64_32 /Users/admin/builder/spi-builder-workspace/.derivedData/Build/Intermediates.noindex/XCResultKit.build/Debug-watchos/XCResultKit-t.build/Objects-normal/arm64_32/XCResultKit-Swift.h -o /Users/admin/builder/spi-builder-workspace/.derivedData/Build/Intermediates.noindex/GeneratedModuleMaps-watchos/XCResultKit-Swift.h
SwiftDriverJobDiscovery normal arm64 Compiling ActionResult.swift, ActionRunDestinationRecord.swift, ActionSDKRecord.swift, ActionTestActivitySummary.swift, ActionTestAttachment.swift, ActionTestConfiguration.swift, ActionTestExpectedFailure.swift (in target 'XCResultKit' from project 'XCResultKit')
Copy /Users/admin/builder/spi-builder-workspace/.derivedData/Build/Products/Debug-watchos/XCResultKit.swiftmodule/arm64-apple-watchos.swiftmodule /Users/admin/builder/spi-builder-workspace/.derivedData/Build/Intermediates.noindex/XCResultKit.build/Debug-watchos/XCResultKit-t.build/Objects-normal/arm64/XCResultKit.swiftmodule (in target 'XCResultKit' from project 'XCResultKit')
cd /Users/admin/builder/spi-builder-workspace
builtin-copy -exclude .DS_Store -exclude CVS -exclude .svn -exclude .git -exclude .hg -resolve-src-symlinks -rename /Users/admin/builder/spi-builder-workspace/.derivedData/Build/Intermediates.noindex/XCResultKit.build/Debug-watchos/XCResultKit-t.build/Objects-normal/arm64/XCResultKit.swiftmodule /Users/admin/builder/spi-builder-workspace/.derivedData/Build/Products/Debug-watchos/XCResultKit.swiftmodule/arm64-apple-watchos.swiftmodule
Copy /Users/admin/builder/spi-builder-workspace/.derivedData/Build/Products/Debug-watchos/XCResultKit.swiftmodule/arm64-apple-watchos.swiftdoc /Users/admin/builder/spi-builder-workspace/.derivedData/Build/Intermediates.noindex/XCResultKit.build/Debug-watchos/XCResultKit-t.build/Objects-normal/arm64/XCResultKit.swiftdoc (in target 'XCResultKit' from project 'XCResultKit')
cd /Users/admin/builder/spi-builder-workspace
builtin-copy -exclude .DS_Store -exclude CVS -exclude .svn -exclude .git -exclude .hg -resolve-src-symlinks -rename /Users/admin/builder/spi-builder-workspace/.derivedData/Build/Intermediates.noindex/XCResultKit.build/Debug-watchos/XCResultKit-t.build/Objects-normal/arm64/XCResultKit.swiftdoc /Users/admin/builder/spi-builder-workspace/.derivedData/Build/Products/Debug-watchos/XCResultKit.swiftmodule/arm64-apple-watchos.swiftdoc
Copy /Users/admin/builder/spi-builder-workspace/.derivedData/Build/Products/Debug-watchos/XCResultKit.swiftmodule/arm64-apple-watchos.abi.json /Users/admin/builder/spi-builder-workspace/.derivedData/Build/Intermediates.noindex/XCResultKit.build/Debug-watchos/XCResultKit-t.build/Objects-normal/arm64/XCResultKit.abi.json (in target 'XCResultKit' from project 'XCResultKit')
cd /Users/admin/builder/spi-builder-workspace
builtin-copy -exclude .DS_Store -exclude CVS -exclude .svn -exclude .git -exclude .hg -resolve-src-symlinks -rename /Users/admin/builder/spi-builder-workspace/.derivedData/Build/Intermediates.noindex/XCResultKit.build/Debug-watchos/XCResultKit-t.build/Objects-normal/arm64/XCResultKit.abi.json /Users/admin/builder/spi-builder-workspace/.derivedData/Build/Products/Debug-watchos/XCResultKit.swiftmodule/arm64-apple-watchos.abi.json
Copy /Users/admin/builder/spi-builder-workspace/.derivedData/Build/Products/Debug-watchos/XCResultKit.swiftmodule/Project/arm64-apple-watchos.swiftsourceinfo /Users/admin/builder/spi-builder-workspace/.derivedData/Build/Intermediates.noindex/XCResultKit.build/Debug-watchos/XCResultKit-t.build/Objects-normal/arm64/XCResultKit.swiftsourceinfo (in target 'XCResultKit' from project 'XCResultKit')
cd /Users/admin/builder/spi-builder-workspace
builtin-copy -exclude .DS_Store -exclude CVS -exclude .svn -exclude .git -exclude .hg -resolve-src-symlinks -rename /Users/admin/builder/spi-builder-workspace/.derivedData/Build/Intermediates.noindex/XCResultKit.build/Debug-watchos/XCResultKit-t.build/Objects-normal/arm64/XCResultKit.swiftsourceinfo /Users/admin/builder/spi-builder-workspace/.derivedData/Build/Products/Debug-watchos/XCResultKit.swiftmodule/Project/arm64-apple-watchos.swiftsourceinfo
SwiftCompile normal arm64 Compiling\ XCResultDate.swift,\ XCResultDouble.swift,\ XCResultFile.swift,\ XCResultInt.swift,\ XCResultObject.swift,\ XCResultString.swift,\ XCResultUInt.swift /Users/admin/builder/spi-builder-workspace/Sources/XCResultKit/XCResultDate.swift /Users/admin/builder/spi-builder-workspace/Sources/XCResultKit/XCResultDouble.swift /Users/admin/builder/spi-builder-workspace/Sources/XCResultKit/XCResultFile.swift /Users/admin/builder/spi-builder-workspace/Sources/XCResultKit/XCResultInt.swift /Users/admin/builder/spi-builder-workspace/Sources/XCResultKit/XCResultObject.swift /Users/admin/builder/spi-builder-workspace/Sources/XCResultKit/XCResultString.swift /Users/admin/builder/spi-builder-workspace/Sources/XCResultKit/XCResultUInt.swift (in target 'XCResultKit' from project 'XCResultKit')
/Users/admin/builder/spi-builder-workspace/Sources/XCResultKit/XCResultFile.swift:135:24: error: cannot find 'Process' in scope
133 | private func xcrun(_ arguments: [String], output: XCRunOutput = .onlyOnSuccess) -> Data? {
134 | autoreleasepool {
135 | let task = Process()
| `- error: cannot find 'Process' in scope
136 | task.launchPath = "/usr/bin/xcrun"
137 | task.arguments = arguments
Failed frontend command:
/Applications/Xcode-27.0.0-Release.Candidate.app/Contents/Developer/Toolchains/XcodeDefault.xctoolchain/usr/bin/swift-frontend -frontend -c /Users/admin/builder/spi-builder-workspace/Sources/XCResultKit/CodeCoverage.swift /Users/admin/builder/spi-builder-workspace/Sources/XCResultKit/LogStoreExecution.swift /Users/admin/builder/spi-builder-workspace/Sources/XCResultKit/LogStoreManifest.swift /Users/admin/builder/spi-builder-workspace/Sources/XCResultKit/Logger.swift /Users/admin/builder/spi-builder-workspace/Sources/XCResultKit/Schema/ActionAbstractTestSummary.swift /Users/admin/builder/spi-builder-workspace/Sources/XCResultKit/Schema/ActionDeviceRecord.swift /Users/admin/builder/spi-builder-workspace/Sources/XCResultKit/Schema/ActionPlatformRecord.swift /Users/admin/builder/spi-builder-workspace/Sources/XCResultKit/Schema/ActionRecord.swift /Users/admin/builder/spi-builder-workspace/Sources/XCResultKit/Schema/ActionResult.swift /Users/admin/builder/spi-builder-workspace/Sources/XCResultKit/Schema/ActionRunDestinationRecord.swift /Users/admin/builder/spi-builder-workspace/Sources/XCResultKit/Schema/ActionSDKRecord.swift /Users/admin/builder/spi-builder-workspace/Sources/XCResultKit/Schema/ActionTestActivitySummary.swift /Users/admin/builder/spi-builder-workspace/Sources/XCResultKit/Schema/ActionTestAttachment.swift /Users/admin/builder/spi-builder-workspace/Sources/XCResultKit/Schema/ActionTestConfiguration.swift /Users/admin/builder/spi-builder-workspace/Sources/XCResultKit/Schema/ActionTestExpectedFailure.swift /Users/admin/builder/spi-builder-workspace/Sources/XCResultKit/Schema/ActionTestFailureSummary.swift /Users/admin/builder/spi-builder-workspace/Sources/XCResultKit/Schema/ActionTestIssueSummary.swift /Users/admin/builder/spi-builder-workspace/Sources/XCResultKit/Schema/ActionTestMetadata.swift /Users/admin/builder/spi-builder-workspace/Sources/XCResultKit/Schema/ActionTestNoticeSummary.swift /Users/admin/builder/spi-builder-workspace/Sources/XCResultKit/Schema/ActionTestPerformanceMetricSummary.swift /Users/admin/builder/spi-builder-workspace/Sources/XCResultKit/Schema/ActionTestPlanRunSummaries.swift /Users/admin/builder/spi-builder-workspace/Sources/XCResultKit/Schema/ActionTestPlanRunSummary.swift /Users/admin/builder/spi-builder-workspace/Sources/XCResultKit/Schema/ActionTestRepetitionPolicySummary.swift /Users/admin/builder/spi-builder-workspace/Sources/XCResultKit/Schema/ActionTestSummary.swift /Users/admin/builder/spi-builder-workspace/Sources/XCResultKit/Schema/ActionTestSummaryGroup.swift /Users/admin/builder/spi-builder-workspace/Sources/XCResultKit/Schema/ActionTestSummaryIdentifiableObject.swift /Users/admin/builder/spi-builder-workspace/Sources/XCResultKit/Schema/ActionTestableSummary.swift /Users/admin/builder/spi-builder-workspace/Sources/XCResultKit/Schema/ActionsInvocationMetadata.swift /Users/admin/builder/spi-builder-workspace/Sources/XCResultKit/Schema/ActionsInvocationRecord.swift /Users/admin/builder/spi-builder-workspace/Sources/XCResultKit/Schema/ActivityLogAnalyzerControlFlowStep.swift /Users/admin/builder/spi-builder-workspace/Sources/XCResultKit/Schema/ActivityLogAnalyzerControlFlowStepEdge.swift /Users/admin/builder/spi-builder-workspace/Sources/XCResultKit/Schema/ActivityLogAnalyzerEventStep.swift /Users/admin/builder/spi-builder-workspace/Sources/XCResultKit/Schema/ActivityLogAnalyzerResultMessage.swift /Users/admin/builder/spi-builder-workspace/Sources/XCResultKit/Schema/ActivityLogAnalyzerStep.swift /Users/admin/builder/spi-builder-workspace/Sources/XCResultKit/Schema/ActivityLogAnalyzerWarningMessage.swift /Users/admin/builder/spi-builder-workspace/Sources/XCResultKit/Schema/ActivityLogCommandInvocationSection.swift /Users/admin/builder/spi-builder-workspace/Sources/XCResultKit/Schema/ActivityLogMajorSection.swift /Users/admin/builder/spi-builder-workspace/Sources/XCResultKit/Schema/ActivityLogMessage.swift /Users/admin/builder/spi-builder-workspace/Sources/XCResultKit/Schema/ActivityLogMessageAnnotation.swift /Users/admin/builder/spi-builder-workspace/Sources/XCResultKit/Schema/ActivityLogSection.swift /Users/admin/builder/spi-builder-workspace/Sources/XCResultKit/Schema/ActivityLogTargetBuildSection.swift /Users/admin/builder/spi-builder-workspace/Sources/XCResultKit/Schema/ActivityLogUnitTestSection.swift /Users/admin/builder/spi-builder-workspace/Sources/XCResultKit/Schema/ArchiveInfo.swift /Users/admin/builder/spi-builder-workspace/Sources/XCResultKit/Schema/CodeCoverageInfo.swift /Users/admin/builder/spi-builder-workspace/Sources/XCResultKit/Schema/ConsoleLogItem.swift /Users/admin/builder/spi-builder-workspace/Sources/XCResultKit/Schema/ConsoleLogItemLogData.swift /Users/admin/builder/spi-builder-workspace/Sources/XCResultKit/Schema/ConsoleLogSection.swift /Users/admin/builder/spi-builder-workspace/Sources/XCResultKit/Schema/DocumentLocation.swift /Users/admin/builder/spi-builder-workspace/Sources/XCResultKit/Schema/EntityIdentifier.swift /Users/admin/builder/spi-builder-workspace/Sources/XCResultKit/Schema/IssueSummary.swift /Users/admin/builder/spi-builder-workspace/Sources/XCResultKit/Schema/Reference.swift /Users/admin/builder/spi-builder-workspace/Sources/XCResultKit/Schema/ResultIssueSummaries.swift /Users/admin/builder/spi-builder-workspace/Sources/XCResultKit/Schema/ResultMetrics.swift /Users/admin/builder/spi-builder-workspace/Sources/XCResultKit/Schema/SortedKeyValueArray.swift /Users/admin/builder/spi-builder-workspace/Sources/XCResultKit/Schema/SortedKeyValueArrayPair.swift /Users/admin/builder/spi-builder-workspace/Sources/XCResultKit/Schema/SourceCodeContext.swift /Users/admin/builder/spi-builder-workspace/Sources/XCResultKit/Schema/SourceCodeFrame.swift /Users/admin/builder/spi-builder-workspace/Sources/XCResultKit/Schema/SourceCodeLocation.swift /Users/admin/builder/spi-builder-workspace/Sources/XCResultKit/Schema/SourceCodeSymbolInfo.swift /Users/admin/builder/spi-builder-workspace/Sources/XCResultKit/Schema/TestAssociatedError.swift /Users/admin/builder/spi-builder-workspace/Sources/XCResultKit/Schema/TestFailureIssueSummary.swift /Users/admin/builder/spi-builder-workspace/Sources/XCResultKit/Schema/TestIssueSummary.swift /Users/admin/builder/spi-builder-workspace/Sources/XCResultKit/Schema/TypeDefinition.swift /Users/admin/builder/spi-builder-workspace/Sources/XCResultKit/XCResultBool.swift -primary-file /Users/admin/builder/spi-builder-workspace/Sources/XCResultKit/XCResultDate.swift -primary-file /Users/admin/builder/spi-builder-workspace/Sources/XCResultKit/XCResultDouble.swift -primary-file /Users/admin/builder/spi-builder-workspace/Sources/XCResultKit/XCResultFile.swift -primary-file /Users/admin/builder/spi-builder-workspace/Sources/XCResultKit/XCResultInt.swift -primary-file /Users/admin/builder/spi-builder-workspace/Sources/XCResultKit/XCResultObject.swift -primary-file /Users/admin/builder/spi-builder-workspace/Sources/XCResultKit/XCResultString.swift -primary-file /Users/admin/builder/spi-builder-workspace/Sources/XCResultKit/XCResultUInt.swift -supplementary-output-file-map /Users/admin/builder/spi-builder-workspace/.derivedData/Build/Intermediates.noindex/XCResultKit.build/Debug-watchos/XCResultKit-t.build/Objects-normal/arm64/supplementaryOutputs-16 -target arm64-apple-watchos9.0 -disable-cross-import-overlay-search -load-resolved-plugin /Applications/Xcode-27.0.0-Release.Candidate.app/Contents/Developer/Platforms/WatchOS.platform/Developer/usr/lib/swift/host/plugins/libFoundationMacros.dylib\#/Applications/Xcode-27.0.0-Release.Candidate.app/Contents/Developer/Platforms/WatchOS.platform/Developer/usr/bin/swift-plugin-server\#FoundationMacros -load-resolved-plugin /Applications/Xcode-27.0.0-Release.Candidate.app/Contents/Developer/Platforms/WatchOS.platform/Developer/usr/lib/swift/host/plugins/libObservationMacros.dylib\#/Applications/Xcode-27.0.0-Release.Candidate.app/Contents/Developer/Platforms/WatchOS.platform/Developer/usr/bin/swift-plugin-server\#ObservationMacros -load-resolved-plugin /Applications/Xcode-27.0.0-Release.Candidate.app/Contents/Developer/Platforms/WatchOS.platform/Developer/usr/lib/swift/host/plugins/libSwiftMacros.dylib\#/Applications/Xcode-27.0.0-Release.Candidate.app/Contents/Developer/Platforms/WatchOS.platform/Developer/usr/bin/swift-plugin-server\#SwiftMacros -disable-implicit-swift-modules -Xcc -fno-implicit-modules -Xcc -fno-implicit-module-maps -explicit-swift-module-map-file /Users/admin/builder/spi-builder-workspace/.derivedData/Build/Intermediates.noindex/XCResultKit.build/Debug-watchos/XCResultKit-t.build/Objects-normal/arm64/XCResultKit-dependencies-1.json -Xllvm -aarch64-use-tbi -enable-objc-interop -stack-check -sdk /Applications/Xcode-27.0.0-Release.Candidate.app/Contents/Developer/Platforms/WatchOS.platform/Developer/SDKs/WatchOS27.0.sdk -I /Users/admin/builder/spi-builder-workspace/.derivedData/Build/Products/Debug-watchos -Isystem /Applications/Xcode-27.0.0-Release.Candidate.app/Contents/Developer/Platforms/WatchOS.platform/Developer/usr/lib -F /Users/admin/builder/spi-builder-workspace/.derivedData/Build/Products/Debug-watchos -F /Applications/Xcode-27.0.0-Release.Candidate.app/Contents/Developer/Platforms/WatchOS.platform/Developer/Library/Frameworks -F /Applications/Xcode-27.0.0-Release.Candidate.app/Contents/Developer/Platforms/WatchOS.platform/Developer/SDKs/WatchOS27.0.sdk/Developer/Library/Frameworks -module-cache-path /Users/admin/builder/spi-builder-workspace/.derivedData/Build/Intermediates.noindex/SwiftExplicitPrecompiledModules -no-color-diagnostics -Xcc -fno-color-diagnostics -enable-testing -g -debug-info-format\=dwarf -dwarf-version\=4 -swift-version 5 -Onone -D SWIFT_PACKAGE -D DEBUG -D SWIFT_MODULE_RESOURCE_BUNDLE_UNAVAILABLE -D Xcode -serialize-debugging-options -enable-experimental-feature DebugDescriptionMacro -empty-abi-descriptor -validate-clang-modules-once -clang-build-session-file /Users/admin/builder/spi-builder-workspace/.derivedData/ModuleCache.noindex/Session.modulevalidation -Xcc -working-directory -Xcc /Users/admin/builder/spi-builder-workspace/.swiftpm/xcode -enable-anonymous-context-mangled-names -file-compilation-dir /Users/admin/builder/spi-builder-workspace/.swiftpm/xcode -Xcc -D_LIBCPP_HARDENING_MODE\=_LIBCPP_HARDENING_MODE_DEBUG -Xcc -ivfsstatcache -Xcc /Users/admin/builder/spi-builder-workspace/.derivedData/SDKStatCaches.noindex/watchos27.0-24R360-e829b21a6f8c9b70876ba0858053c04477534ef55a1706bf4c1112bbb242f0a2.sdkstatcache -Xcc -fmodules-prune-interval\=86400 -Xcc -fmodules-prune-after\=345600 -Xcc -I/Users/admin/builder/spi-builder-workspace/.derivedData/Build/Products/Debug-watchos/include -Xcc -I/Users/admin/builder/spi-builder-workspace/.derivedData/Build/Intermediates.noindex/XCResultKit.build/Debug-watchos/XCResultKit-t.build/DerivedSources-normal/arm64 -Xcc -I/Users/admin/builder/spi-builder-workspace/.derivedData/Build/Intermediates.noindex/XCResultKit.build/Debug-watchos/XCResultKit-t.build/DerivedSources/arm64 -Xcc -I/Users/admin/builder/spi-builder-workspace/.derivedData/Build/Intermediates.noindex/XCResultKit.build/Debug-watchos/XCResultKit-t.build/DerivedSources -Xcc -DSWIFT_PACKAGE -Xcc -DDEBUG\=1 -no-auto-bridging-header-chaining -module-name XCResultKit -const-gather-protocols-file /Users/admin/builder/spi-builder-workspace/.derivedData/Build/Intermediates.noindex/XCResultKit.build/Debug-watchos/XCResultKit-t.build/Objects-normal/arm64/XCResultKit_const_extract_protocols.json -disable-clang-spi -clang-target arm64-apple-watchos27.0 -target-sdk-version 27.0 -target-sdk-name watchos27.0 -in-process-plugin-server-path /Applications/Xcode-27.0.0-Release.Candidate.app/Contents/Developer/Toolchains/XcodeDefault.xctoolchain/usr/lib/swift/host/libSwiftInProcPluginServer.dylib -parse-as-library -o /Users/admin/builder/spi-builder-workspace/.derivedData/Build/Intermediates.noindex/XCResultKit.build/Debug-watchos/XCResultKit-t.build/Objects-normal/arm64/XCResultDate.o -o /Users/admin/builder/spi-builder-workspace/.derivedData/Build/Intermediates.noindex/XCResultKit.build/Debug-watchos/XCResultKit-t.build/Objects-normal/arm64/XCResultDouble.o -o /Users/admin/builder/spi-builder-workspace/.derivedData/Build/Intermediates.noindex/XCResultKit.build/Debug-watchos/XCResultKit-t.build/Objects-normal/arm64/XCResultFile.o -o /Users/admin/builder/spi-builder-workspace/.derivedData/Build/Intermediates.noindex/XCResultKit.build/Debug-watchos/XCResultKit-t.build/Objects-normal/arm64/XCResultInt.o -o /Users/admin/builder/spi-builder-workspace/.derivedData/Build/Intermediates.noindex/XCResultKit.build/Debug-watchos/XCResultKit-t.build/Objects-normal/arm64/XCResultObject.o -o /Users/admin/builder/spi-builder-workspace/.derivedData/Build/Intermediates.noindex/XCResultKit.build/Debug-watchos/XCResultKit-t.build/Objects-normal/arm64/XCResultString.o -o /Users/admin/builder/spi-builder-workspace/.derivedData/Build/Intermediates.noindex/XCResultKit.build/Debug-watchos/XCResultKit-t.build/Objects-normal/arm64/XCResultUInt.o -debug-module-path /Users/admin/builder/spi-builder-workspace/.derivedData/Build/Intermediates.noindex/XCResultKit.build/Debug-watchos/XCResultKit-t.build/Objects-normal/arm64/XCResultKit.swiftmodule -index-unit-output-path /XCResultKit.build/Debug-watchos/XCResultKit-t.build/Objects-normal/arm64/XCResultDate.o -index-unit-output-path /XCResultKit.build/Debug-watchos/XCResultKit-t.build/Objects-normal/arm64/XCResultDouble.o -index-unit-output-path /XCResultKit.build/Debug-watchos/XCResultKit-t.build/Objects-normal/arm64/XCResultFile.o -index-unit-output-path /XCResultKit.build/Debug-watchos/XCResultKit-t.build/Objects-normal/arm64/XCResultInt.o -index-unit-output-path /XCResultKit.build/Debug-watchos/XCResultKit-t.build/Objects-normal/arm64/XCResultObject.o -index-unit-output-path /XCResultKit.build/Debug-watchos/XCResultKit-t.build/Objects-normal/arm64/XCResultString.o -index-unit-output-path /XCResultKit.build/Debug-watchos/XCResultKit-t.build/Objects-normal/arm64/XCResultUInt.o -index-store-path /Users/admin/builder/spi-builder-workspace/.derivedData/Index.noindex/DataStore -index-system-modules
SwiftCompile normal arm64 /Users/admin/builder/spi-builder-workspace/Sources/XCResultKit/XCResultDate.swift (in target 'XCResultKit' from project 'XCResultKit')
cd /Users/admin/builder/spi-builder-workspace/.swiftpm/xcode
builtin-SwiftPerFileCompile XCResultDate.swift
SwiftCompile normal arm64 /Users/admin/builder/spi-builder-workspace/Sources/XCResultKit/XCResultDouble.swift (in target 'XCResultKit' from project 'XCResultKit')
cd /Users/admin/builder/spi-builder-workspace/.swiftpm/xcode
builtin-SwiftPerFileCompile XCResultDouble.swift
SwiftCompile normal arm64 /Users/admin/builder/spi-builder-workspace/Sources/XCResultKit/XCResultFile.swift (in target 'XCResultKit' from project 'XCResultKit')
cd /Users/admin/builder/spi-builder-workspace/.swiftpm/xcode
builtin-SwiftPerFileCompile XCResultFile.swift
SwiftCompile normal arm64 /Users/admin/builder/spi-builder-workspace/Sources/XCResultKit/XCResultInt.swift (in target 'XCResultKit' from project 'XCResultKit')
cd /Users/admin/builder/spi-builder-workspace/.swiftpm/xcode
builtin-SwiftPerFileCompile XCResultInt.swift
SwiftCompile normal arm64 /Users/admin/builder/spi-builder-workspace/Sources/XCResultKit/XCResultObject.swift (in target 'XCResultKit' from project 'XCResultKit')
cd /Users/admin/builder/spi-builder-workspace/.swiftpm/xcode
builtin-SwiftPerFileCompile XCResultObject.swift
SwiftCompile normal arm64 /Users/admin/builder/spi-builder-workspace/Sources/XCResultKit/XCResultString.swift (in target 'XCResultKit' from project 'XCResultKit')
cd /Users/admin/builder/spi-builder-workspace/.swiftpm/xcode
builtin-SwiftPerFileCompile XCResultString.swift
SwiftCompile normal arm64 /Users/admin/builder/spi-builder-workspace/Sources/XCResultKit/XCResultUInt.swift (in target 'XCResultKit' from project 'XCResultKit')
cd /Users/admin/builder/spi-builder-workspace/.swiftpm/xcode
builtin-SwiftPerFileCompile XCResultUInt.swift
SwiftDriverJobDiscovery normal arm64_32 Compiling Reference.swift, ResultIssueSummaries.swift, ResultMetrics.swift, SortedKeyValueArray.swift, SortedKeyValueArrayPair.swift, SourceCodeContext.swift, SourceCodeFrame.swift (in target 'XCResultKit' from project 'XCResultKit')
SwiftCompile normal arm64_32 Compiling\ ActionResult.swift,\ ActionRunDestinationRecord.swift,\ ActionSDKRecord.swift,\ ActionTestActivitySummary.swift,\ ActionTestAttachment.swift,\ ActionTestConfiguration.swift,\ ActionTestExpectedFailure.swift /Users/admin/builder/spi-builder-workspace/Sources/XCResultKit/Schema/ActionResult.swift /Users/admin/builder/spi-builder-workspace/Sources/XCResultKit/Schema/ActionRunDestinationRecord.swift /Users/admin/builder/spi-builder-workspace/Sources/XCResultKit/Schema/ActionSDKRecord.swift /Users/admin/builder/spi-builder-workspace/Sources/XCResultKit/Schema/ActionTestActivitySummary.swift /Users/admin/builder/spi-builder-workspace/Sources/XCResultKit/Schema/ActionTestAttachment.swift /Users/admin/builder/spi-builder-workspace/Sources/XCResultKit/Schema/ActionTestConfiguration.swift /Users/admin/builder/spi-builder-workspace/Sources/XCResultKit/Schema/ActionTestExpectedFailure.swift (in target 'XCResultKit' from project 'XCResultKit')
SwiftCompile normal arm64_32 /Users/admin/builder/spi-builder-workspace/Sources/XCResultKit/Schema/ActionResult.swift (in target 'XCResultKit' from project 'XCResultKit')
cd /Users/admin/builder/spi-builder-workspace/.swiftpm/xcode
builtin-SwiftPerFileCompile ActionResult.swift
SwiftCompile normal arm64_32 /Users/admin/builder/spi-builder-workspace/Sources/XCResultKit/Schema/ActionRunDestinationRecord.swift (in target 'XCResultKit' from project 'XCResultKit')
cd /Users/admin/builder/spi-builder-workspace/.swiftpm/xcode
builtin-SwiftPerFileCompile ActionRunDestinationRecord.swift
SwiftCompile normal arm64_32 /Users/admin/builder/spi-builder-workspace/Sources/XCResultKit/Schema/ActionSDKRecord.swift (in target 'XCResultKit' from project 'XCResultKit')
cd /Users/admin/builder/spi-builder-workspace/.swiftpm/xcode
builtin-SwiftPerFileCompile ActionSDKRecord.swift
SwiftCompile normal arm64_32 /Users/admin/builder/spi-builder-workspace/Sources/XCResultKit/Schema/ActionTestActivitySummary.swift (in target 'XCResultKit' from project 'XCResultKit')
cd /Users/admin/builder/spi-builder-workspace/.swiftpm/xcode
builtin-SwiftPerFileCompile ActionTestActivitySummary.swift
SwiftCompile normal arm64_32 /Users/admin/builder/spi-builder-workspace/Sources/XCResultKit/Schema/ActionTestAttachment.swift (in target 'XCResultKit' from project 'XCResultKit')
cd /Users/admin/builder/spi-builder-workspace/.swiftpm/xcode
builtin-SwiftPerFileCompile ActionTestAttachment.swift
SwiftCompile normal arm64_32 /Users/admin/builder/spi-builder-workspace/Sources/XCResultKit/Schema/ActionTestConfiguration.swift (in target 'XCResultKit' from project 'XCResultKit')
cd /Users/admin/builder/spi-builder-workspace/.swiftpm/xcode
builtin-SwiftPerFileCompile ActionTestConfiguration.swift
SwiftCompile normal arm64_32 /Users/admin/builder/spi-builder-workspace/Sources/XCResultKit/Schema/ActionTestExpectedFailure.swift (in target 'XCResultKit' from project 'XCResultKit')
cd /Users/admin/builder/spi-builder-workspace/.swiftpm/xcode
builtin-SwiftPerFileCompile ActionTestExpectedFailure.swift
SwiftDriverJobDiscovery normal arm64_32 Compiling CodeCoverageInfo.swift, ConsoleLogItem.swift, ConsoleLogItemLogData.swift, ConsoleLogSection.swift, DocumentLocation.swift, EntityIdentifier.swift, IssueSummary.swift (in target 'XCResultKit' from project 'XCResultKit')
SwiftCompile normal arm64_32 Compiling\ ActionTestFailureSummary.swift,\ ActionTestIssueSummary.swift,\ ActionTestMetadata.swift,\ ActionTestNoticeSummary.swift,\ ActionTestPerformanceMetricSummary.swift,\ ActionTestPlanRunSummaries.swift,\ ActionTestPlanRunSummary.swift /Users/admin/builder/spi-builder-workspace/Sources/XCResultKit/Schema/ActionTestFailureSummary.swift /Users/admin/builder/spi-builder-workspace/Sources/XCResultKit/Schema/ActionTestIssueSummary.swift /Users/admin/builder/spi-builder-workspace/Sources/XCResultKit/Schema/ActionTestMetadata.swift /Users/admin/builder/spi-builder-workspace/Sources/XCResultKit/Schema/ActionTestNoticeSummary.swift /Users/admin/builder/spi-builder-workspace/Sources/XCResultKit/Schema/ActionTestPerformanceMetricSummary.swift /Users/admin/builder/spi-builder-workspace/Sources/XCResultKit/Schema/ActionTestPlanRunSummaries.swift /Users/admin/builder/spi-builder-workspace/Sources/XCResultKit/Schema/ActionTestPlanRunSummary.swift (in target 'XCResultKit' from project 'XCResultKit')
SwiftCompile normal arm64_32 /Users/admin/builder/spi-builder-workspace/Sources/XCResultKit/Schema/ActionTestFailureSummary.swift (in target 'XCResultKit' from project 'XCResultKit')
cd /Users/admin/builder/spi-builder-workspace/.swiftpm/xcode
builtin-SwiftPerFileCompile ActionTestFailureSummary.swift
SwiftCompile normal arm64_32 /Users/admin/builder/spi-builder-workspace/Sources/XCResultKit/Schema/ActionTestIssueSummary.swift (in target 'XCResultKit' from project 'XCResultKit')
cd /Users/admin/builder/spi-builder-workspace/.swiftpm/xcode
builtin-SwiftPerFileCompile ActionTestIssueSummary.swift
SwiftCompile normal arm64_32 /Users/admin/builder/spi-builder-workspace/Sources/XCResultKit/Schema/ActionTestMetadata.swift (in target 'XCResultKit' from project 'XCResultKit')
cd /Users/admin/builder/spi-builder-workspace/.swiftpm/xcode
builtin-SwiftPerFileCompile ActionTestMetadata.swift
SwiftCompile normal arm64_32 /Users/admin/builder/spi-builder-workspace/Sources/XCResultKit/Schema/ActionTestNoticeSummary.swift (in target 'XCResultKit' from project 'XCResultKit')
cd /Users/admin/builder/spi-builder-workspace/.swiftpm/xcode
builtin-SwiftPerFileCompile ActionTestNoticeSummary.swift
SwiftCompile normal arm64_32 /Users/admin/builder/spi-builder-workspace/Sources/XCResultKit/Schema/ActionTestPerformanceMetricSummary.swift (in target 'XCResultKit' from project 'XCResultKit')
cd /Users/admin/builder/spi-builder-workspace/.swiftpm/xcode
builtin-SwiftPerFileCompile ActionTestPerformanceMetricSummary.swift
SwiftCompile normal arm64_32 /Users/admin/builder/spi-builder-workspace/Sources/XCResultKit/Schema/ActionTestPlanRunSummaries.swift (in target 'XCResultKit' from project 'XCResultKit')
cd /Users/admin/builder/spi-builder-workspace/.swiftpm/xcode
builtin-SwiftPerFileCompile ActionTestPlanRunSummaries.swift
SwiftCompile normal arm64_32 /Users/admin/builder/spi-builder-workspace/Sources/XCResultKit/Schema/ActionTestPlanRunSummary.swift (in target 'XCResultKit' from project 'XCResultKit')
cd /Users/admin/builder/spi-builder-workspace/.swiftpm/xcode
builtin-SwiftPerFileCompile ActionTestPlanRunSummary.swift
SwiftCompile normal arm64_32 Compiling\ XCResultDate.swift,\ XCResultDouble.swift,\ XCResultFile.swift,\ XCResultInt.swift,\ XCResultObject.swift,\ XCResultString.swift,\ XCResultUInt.swift /Users/admin/builder/spi-builder-workspace/Sources/XCResultKit/XCResultDate.swift /Users/admin/builder/spi-builder-workspace/Sources/XCResultKit/XCResultDouble.swift /Users/admin/builder/spi-builder-workspace/Sources/XCResultKit/XCResultFile.swift /Users/admin/builder/spi-builder-workspace/Sources/XCResultKit/XCResultInt.swift /Users/admin/builder/spi-builder-workspace/Sources/XCResultKit/XCResultObject.swift /Users/admin/builder/spi-builder-workspace/Sources/XCResultKit/XCResultString.swift /Users/admin/builder/spi-builder-workspace/Sources/XCResultKit/XCResultUInt.swift (in target 'XCResultKit' from project 'XCResultKit')
SwiftCompile normal arm64_32 /Users/admin/builder/spi-builder-workspace/Sources/XCResultKit/XCResultDate.swift (in target 'XCResultKit' from project 'XCResultKit')
cd /Users/admin/builder/spi-builder-workspace/.swiftpm/xcode
builtin-SwiftPerFileCompile XCResultDate.swift
SwiftCompile normal arm64_32 /Users/admin/builder/spi-builder-workspace/Sources/XCResultKit/XCResultDouble.swift (in target 'XCResultKit' from project 'XCResultKit')
cd /Users/admin/builder/spi-builder-workspace/.swiftpm/xcode
builtin-SwiftPerFileCompile XCResultDouble.swift
SwiftCompile normal arm64_32 /Users/admin/builder/spi-builder-workspace/Sources/XCResultKit/XCResultFile.swift (in target 'XCResultKit' from project 'XCResultKit')
cd /Users/admin/builder/spi-builder-workspace/.swiftpm/xcode
builtin-SwiftPerFileCompile XCResultFile.swift
SwiftCompile normal arm64_32 /Users/admin/builder/spi-builder-workspace/Sources/XCResultKit/XCResultInt.swift (in target 'XCResultKit' from project 'XCResultKit')
cd /Users/admin/builder/spi-builder-workspace/.swiftpm/xcode
builtin-SwiftPerFileCompile XCResultInt.swift
SwiftCompile normal arm64_32 /Users/admin/builder/spi-builder-workspace/Sources/XCResultKit/XCResultObject.swift (in target 'XCResultKit' from project 'XCResultKit')
cd /Users/admin/builder/spi-builder-workspace/.swiftpm/xcode
builtin-SwiftPerFileCompile XCResultObject.swift
SwiftCompile normal arm64_32 /Users/admin/builder/spi-builder-workspace/Sources/XCResultKit/XCResultString.swift (in target 'XCResultKit' from project 'XCResultKit')
cd /Users/admin/builder/spi-builder-workspace/.swiftpm/xcode
builtin-SwiftPerFileCompile XCResultString.swift
SwiftCompile normal arm64_32 /Users/admin/builder/spi-builder-workspace/Sources/XCResultKit/XCResultUInt.swift (in target 'XCResultKit' from project 'XCResultKit')
cd /Users/admin/builder/spi-builder-workspace/.swiftpm/xcode
builtin-SwiftPerFileCompile XCResultUInt.swift
SwiftDriverJobDiscovery normal arm64_32 Compiling ActivityLogAnalyzerControlFlowStep.swift, ActivityLogAnalyzerControlFlowStepEdge.swift, ActivityLogAnalyzerEventStep.swift, ActivityLogAnalyzerResultMessage.swift, ActivityLogAnalyzerStep.swift, ActivityLogAnalyzerWarningMessage.swift, ActivityLogCommandInvocationSection.swift (in target 'XCResultKit' from project 'XCResultKit')
SwiftDriverJobDiscovery normal arm64_32 Compiling SourceCodeLocation.swift, SourceCodeSymbolInfo.swift, TestAssociatedError.swift, TestFailureIssueSummary.swift, TestIssueSummary.swift, TypeDefinition.swift, XCResultBool.swift (in target 'XCResultKit' from project 'XCResultKit')
SwiftDriverJobDiscovery normal arm64_32 Compiling ActivityLogMajorSection.swift, ActivityLogMessage.swift, ActivityLogMessageAnnotation.swift, ActivityLogSection.swift, ActivityLogTargetBuildSection.swift, ActivityLogUnitTestSection.swift, ArchiveInfo.swift (in target 'XCResultKit' from project 'XCResultKit')
SwiftDriver XCResultKitTests normal arm64 com.apple.xcode.tools.swift.compiler (in target 'XCResultKitTests-product' from project 'XCResultKit')
cd /Users/admin/builder/spi-builder-workspace/.swiftpm/xcode
builtin-SwiftDriver -- /Applications/Xcode-27.0.0-Release.Candidate.app/Contents/Developer/Toolchains/XcodeDefault.xctoolchain/usr/bin/swiftc -parse-as-library -module-name XCResultKitTests -Onone @/Users/admin/builder/spi-builder-workspace/.derivedData/Build/Intermediates.noindex/XCResultKit.build/Debug-watchos/XCResultKitTests-p.build/Objects-normal/arm64/XCResultKitTests.SwiftFileList -DSWIFT_PACKAGE -DDEBUG -DXcode -plugin-path /Applications/Xcode-27.0.0-Release.Candidate.app/Contents/Developer/Toolchains/XcodeDefault.xctoolchain/usr/lib/swift/host/plugins/testing -enable-experimental-feature DebugDescriptionMacro -sdk /Applications/Xcode-27.0.0-Release.Candidate.app/Contents/Developer/Platforms/WatchOS.platform/Developer/SDKs/WatchOS27.0.sdk -target arm64-apple-watchos10.0 -g -module-cache-path /Users/admin/builder/spi-builder-workspace/.derivedData/ModuleCache.noindex -Xfrontend -serialize-debugging-options -enable-testing -index-store-path /Users/admin/builder/spi-builder-workspace/.derivedData/Index.noindex/DataStore -Xcc -D_LIBCPP_HARDENING_MODE\=_LIBCPP_HARDENING_MODE_DEBUG -swift-version 5 -I /Users/admin/builder/spi-builder-workspace/.derivedData/Build/Products/Debug-watchos -Isystem /Applications/Xcode-27.0.0-Release.Candidate.app/Contents/Developer/Platforms/WatchOS.platform/Developer/usr/lib -F /Users/admin/builder/spi-builder-workspace/.derivedData/Build/Products/Debug-watchos/PackageFrameworks -F /Users/admin/builder/spi-builder-workspace/.derivedData/Build/Products/Debug-watchos -F /Applications/Xcode-27.0.0-Release.Candidate.app/Contents/Developer/Platforms/WatchOS.platform/Developer/Library/Frameworks -F /Applications/Xcode-27.0.0-Release.Candidate.app/Contents/Developer/Platforms/WatchOS.platform/Developer/SDKs/WatchOS27.0.sdk/Developer/Library/Frameworks -c -j10 -enable-batch-mode -incremental -Xcc -ivfsstatcache -Xcc /Users/admin/builder/spi-builder-workspace/.derivedData/SDKStatCaches.noindex/watchos27.0-24R360-e829b21a6f8c9b70876ba0858053c04477534ef55a1706bf4c1112bbb242f0a2.sdkstatcache -output-file-map /Users/admin/builder/spi-builder-workspace/.derivedData/Build/Intermediates.noindex/XCResultKit.build/Debug-watchos/XCResultKitTests-p.build/Objects-normal/arm64/XCResultKitTests-OutputFileMap.json -save-temps -no-color-diagnostics -explicit-module-build -module-cache-path /Users/admin/builder/spi-builder-workspace/.derivedData/Build/Intermediates.noindex/SwiftExplicitPrecompiledModules -clang-scanner-module-cache-path /Users/admin/builder/spi-builder-workspace/.derivedData/ModuleCache.noindex -sdk-module-cache-path /Users/admin/builder/spi-builder-workspace/.derivedData/SDKExplicitPrecompiledModules -emit-dependencies -emit-module -emit-module-path /Users/admin/builder/spi-builder-workspace/.derivedData/Build/Intermediates.noindex/XCResultKit.build/Debug-watchos/XCResultKitTests-p.build/Objects-normal/arm64/XCResultKitTests.swiftmodule -serialize-diagnostics -dependency-scan-serialize-diagnostics-path /Users/admin/builder/spi-builder-workspace/.derivedData/Build/Intermediates.noindex/XCResultKit.build/Debug-watchos/XCResultKitTests-p.build/Objects-normal/arm64/XCResultKitTests-dependency-scan.dia -validate-clang-modules-once -clang-build-session-file /Users/admin/builder/spi-builder-workspace/.derivedData/ModuleCache.noindex/Session.modulevalidation -Xcc -fmodules-prune-interval\=86400 -Xcc -fmodules-prune-after\=345600 -emit-const-values -const-gather-protocols-list /Users/admin/builder/spi-builder-workspace/.derivedData/Build/Intermediates.noindex/XCResultKit.build/Debug-watchos/XCResultKitTests-p.build/Objects-normal/arm64/XCResultKitTests_const_extract_protocols.json -Xcc -I/Users/admin/builder/spi-builder-workspace/.derivedData/Build/Products/Debug-watchos/include -Xcc -I/Users/admin/builder/spi-builder-workspace/.derivedData/Build/Intermediates.noindex/XCResultKit.build/Debug-watchos/XCResultKitTests-p.build/DerivedSources-normal/arm64 -Xcc -I/Users/admin/builder/spi-builder-workspace/.derivedData/Build/Intermediates.noindex/XCResultKit.build/Debug-watchos/XCResultKitTests-p.build/DerivedSources/arm64 -Xcc -I/Users/admin/builder/spi-builder-workspace/.derivedData/Build/Intermediates.noindex/XCResultKit.build/Debug-watchos/XCResultKitTests-p.build/DerivedSources -Xcc -DSWIFT_PACKAGE -Xcc -DDEBUG\=1 -working-directory /Users/admin/builder/spi-builder-workspace/.swiftpm/xcode -experimental-emit-module-separately -disable-cmo
SwiftDriver XCResultKitTests normal arm64_32 com.apple.xcode.tools.swift.compiler (in target 'XCResultKitTests-product' from project 'XCResultKit')
cd /Users/admin/builder/spi-builder-workspace/.swiftpm/xcode
builtin-SwiftDriver -- /Applications/Xcode-27.0.0-Release.Candidate.app/Contents/Developer/Toolchains/XcodeDefault.xctoolchain/usr/bin/swiftc -parse-as-library -module-name XCResultKitTests -Onone @/Users/admin/builder/spi-builder-workspace/.derivedData/Build/Intermediates.noindex/XCResultKit.build/Debug-watchos/XCResultKitTests-p.build/Objects-normal/arm64_32/XCResultKitTests.SwiftFileList -DSWIFT_PACKAGE -DDEBUG -DXcode -plugin-path /Applications/Xcode-27.0.0-Release.Candidate.app/Contents/Developer/Toolchains/XcodeDefault.xctoolchain/usr/lib/swift/host/plugins/testing -enable-experimental-feature DebugDescriptionMacro -sdk /Applications/Xcode-27.0.0-Release.Candidate.app/Contents/Developer/Platforms/WatchOS.platform/Developer/SDKs/WatchOS27.0.sdk -target arm64_32-apple-watchos10.0 -g -module-cache-path /Users/admin/builder/spi-builder-workspace/.derivedData/ModuleCache.noindex -Xfrontend -serialize-debugging-options -enable-testing -index-store-path /Users/admin/builder/spi-builder-workspace/.derivedData/Index.noindex/DataStore -Xcc -D_LIBCPP_HARDENING_MODE\=_LIBCPP_HARDENING_MODE_DEBUG -swift-version 5 -I /Users/admin/builder/spi-builder-workspace/.derivedData/Build/Products/Debug-watchos -Isystem /Applications/Xcode-27.0.0-Release.Candidate.app/Contents/Developer/Platforms/WatchOS.platform/Developer/usr/lib -F /Users/admin/builder/spi-builder-workspace/.derivedData/Build/Products/Debug-watchos/PackageFrameworks -F /Users/admin/builder/spi-builder-workspace/.derivedData/Build/Products/Debug-watchos -F /Applications/Xcode-27.0.0-Release.Candidate.app/Contents/Developer/Platforms/WatchOS.platform/Developer/Library/Frameworks -F /Applications/Xcode-27.0.0-Release.Candidate.app/Contents/Developer/Platforms/WatchOS.platform/Developer/SDKs/WatchOS27.0.sdk/Developer/Library/Frameworks -c -j10 -enable-batch-mode -incremental -Xcc -ivfsstatcache -Xcc /Users/admin/builder/spi-builder-workspace/.derivedData/SDKStatCaches.noindex/watchos27.0-24R360-e829b21a6f8c9b70876ba0858053c04477534ef55a1706bf4c1112bbb242f0a2.sdkstatcache -output-file-map /Users/admin/builder/spi-builder-workspace/.derivedData/Build/Intermediates.noindex/XCResultKit.build/Debug-watchos/XCResultKitTests-p.build/Objects-normal/arm64_32/XCResultKitTests-OutputFileMap.json -save-temps -no-color-diagnostics -explicit-module-build -module-cache-path /Users/admin/builder/spi-builder-workspace/.derivedData/Build/Intermediates.noindex/SwiftExplicitPrecompiledModules -clang-scanner-module-cache-path /Users/admin/builder/spi-builder-workspace/.derivedData/ModuleCache.noindex -sdk-module-cache-path /Users/admin/builder/spi-builder-workspace/.derivedData/SDKExplicitPrecompiledModules -emit-dependencies -emit-module -emit-module-path /Users/admin/builder/spi-builder-workspace/.derivedData/Build/Intermediates.noindex/XCResultKit.build/Debug-watchos/XCResultKitTests-p.build/Objects-normal/arm64_32/XCResultKitTests.swiftmodule -serialize-diagnostics -dependency-scan-serialize-diagnostics-path /Users/admin/builder/spi-builder-workspace/.derivedData/Build/Intermediates.noindex/XCResultKit.build/Debug-watchos/XCResultKitTests-p.build/Objects-normal/arm64_32/XCResultKitTests-dependency-scan.dia -validate-clang-modules-once -clang-build-session-file /Users/admin/builder/spi-builder-workspace/.derivedData/ModuleCache.noindex/Session.modulevalidation -Xcc -fmodules-prune-interval\=86400 -Xcc -fmodules-prune-after\=345600 -emit-const-values -const-gather-protocols-list /Users/admin/builder/spi-builder-workspace/.derivedData/Build/Intermediates.noindex/XCResultKit.build/Debug-watchos/XCResultKitTests-p.build/Objects-normal/arm64_32/XCResultKitTests_const_extract_protocols.json -Xcc -I/Users/admin/builder/spi-builder-workspace/.derivedData/Build/Products/Debug-watchos/include -Xcc -I/Users/admin/builder/spi-builder-workspace/.derivedData/Build/Intermediates.noindex/XCResultKit.build/Debug-watchos/XCResultKitTests-p.build/DerivedSources-normal/arm64_32 -Xcc -I/Users/admin/builder/spi-builder-workspace/.derivedData/Build/Intermediates.noindex/XCResultKit.build/Debug-watchos/XCResultKitTests-p.build/DerivedSources/arm64_32 -Xcc -I/Users/admin/builder/spi-builder-workspace/.derivedData/Build/Intermediates.noindex/XCResultKit.build/Debug-watchos/XCResultKitTests-p.build/DerivedSources -Xcc -DSWIFT_PACKAGE -Xcc -DDEBUG\=1 -working-directory /Users/admin/builder/spi-builder-workspace/.swiftpm/xcode -experimental-emit-module-separately -disable-cmo
SwiftDriverJobDiscovery normal arm64_32 Compiling ActionTestRepetitionPolicySummary.swift, ActionTestSummary.swift, ActionTestSummaryGroup.swift, ActionTestSummaryIdentifiableObject.swift, ActionTestableSummary.swift, ActionsInvocationMetadata.swift, ActionsInvocationRecord.swift (in target 'XCResultKit' from project 'XCResultKit')
PruneExplicitPrecompiledModules /Users/admin/builder/spi-builder-workspace/.derivedData/SDKExplicitPrecompiledModules
PruneExplicitPrecompiledModules /Users/admin/builder/spi-builder-workspace/.derivedData/Build/Intermediates.noindex/SwiftExplicitPrecompiledModules
PruneExplicitPrecompiledModules /Users/admin/builder/spi-builder-workspace/.derivedData/Build/Intermediates.noindex/ExplicitPrecompiledModules
2026-09-20 01:14:26.381 xcodebuild[736:4727] [MT] IDERunDestination: Supported platforms for the buildables in the current scheme is empty.
2026-09-20 01:14:26.482 xcodebuild[736:4727] [MT] IDERunDestination: Supported platforms for the buildables in the current scheme is empty.
** BUILD FAILED **
The following build commands failed:
SwiftCompile normal arm64 Compiling\ XCResultDate.swift,\ XCResultDouble.swift,\ XCResultFile.swift,\ XCResultInt.swift,\ XCResultObject.swift,\ XCResultString.swift,\ XCResultUInt.swift /Users/admin/builder/spi-builder-workspace/Sources/XCResultKit/XCResultDate.swift /Users/admin/builder/spi-builder-workspace/Sources/XCResultKit/XCResultDouble.swift /Users/admin/builder/spi-builder-workspace/Sources/XCResultKit/XCResultFile.swift /Users/admin/builder/spi-builder-workspace/Sources/XCResultKit/XCResultInt.swift /Users/admin/builder/spi-builder-workspace/Sources/XCResultKit/XCResultObject.swift /Users/admin/builder/spi-builder-workspace/Sources/XCResultKit/XCResultString.swift /Users/admin/builder/spi-builder-workspace/Sources/XCResultKit/XCResultUInt.swift (in target 'XCResultKit' from project 'XCResultKit')
SwiftCompile normal arm64 /Users/admin/builder/spi-builder-workspace/Sources/XCResultKit/XCResultFile.swift (in target 'XCResultKit' from project 'XCResultKit')
Building workspace XCResultKit with scheme XCResultKit
(3 failures)
BUILD FAILURE 6.4 watchOS