Build Information
Failed to build DiffableUI, reference main (02796b), with Swift 6.1 for watchOS using Xcode 16.3 on 3 Oct 2026 04:24:13 UTC.
Build Command
env DEVELOPER_DIR=/Applications/Xcode-16.3.0.app xcrun xcodebuild -IDEClonedSourcePackagesDirPathOverride=$PWD/.dependencies -skipMacroValidation -skipPackagePluginValidation -derivedDataPath $PWD/.derivedData build -scheme DiffableUI -destination generic/platform=watchOSBuild Log
========================================
RunAll
========================================
Builder version: 5.1.1
Interrupt handler set up.
========================================
Checkout
========================================
Clone URL: https://github.com/loloop/DiffableUI.git
Reference: main
Initialized empty Git repository in /Users/admin/builder/spi-builder-workspace/.git/
From https://github.com/loloop/DiffableUI
* branch main -> FETCH_HEAD
* [new branch] main -> origin/main
HEAD is now at 02796b0 Merge pull request #12 from loloop/mauricio/swift-6
Cloned https://github.com/loloop/DiffableUI.git
Revision (git rev-parse @):
02796b03ee06188ed0de33c31640e6093fe36beb
SUCCESS checkout https://github.com/loloop/DiffableUI.git at main
========================================
Build
========================================
Selected platform: watchOS
Swift version: 6.1
Building package at path: $PWD
https://github.com/loloop/DiffableUI.git
https://github.com/loloop/DiffableUI.git
{
"dependencies" : [
],
"manifest_display_name" : "DiffableUI",
"name" : "DiffableUI",
"path" : "/Users/admin/builder/spi-builder-workspace",
"platforms" : [
{
"name" : "ios",
"version" : "14.0"
}
],
"products" : [
{
"name" : "DiffableUI",
"targets" : [
"DiffableUI"
],
"type" : {
"library" : [
"automatic"
]
}
}
],
"targets" : [
{
"c99name" : "DiffableUITests",
"module_type" : "SwiftTarget",
"name" : "DiffableUITests",
"path" : "Tests/DiffableUITests",
"sources" : [
"ContextMenuPreviewTests.swift",
"GridColumnCountTests.swift",
"GridLayoutTests.swift",
"HostingItemUpdateTests.swift",
"OnAppearTests.swift",
"SnapshotIDsTests.swift",
"TestSupport.swift",
"ToggleTests.swift",
"WillDisplayTests.swift"
],
"target_dependencies" : [
"DiffableUI"
],
"type" : "test"
},
{
"c99name" : "DiffableUI",
"module_type" : "SwiftTarget",
"name" : "DiffableUI",
"path" : "Sources/DiffableUI",
"product_memberships" : [
"DiffableUI"
],
"sources" : [
"CollectionItem.swift",
"CollectionSection.swift",
"DiffableViewController.swift",
"Items/ContextMenu.swift",
"Items/ForEach.swift",
"Items/Padding.swift",
"Items/Tappable.swift",
"Items/Taskable.swift",
"ResultBuilders/CollectionItemBuilder.swift",
"ResultBuilders/CollectionViewBuilder.swift",
"UI/CollectionViewCell.swift",
"UI/Extensions/NSDirectionalEdgeInsets+Init.swift",
"UI/Extensions/UIView+Constraints.swift",
"UI/Items/ActivityIndicator.swift",
"UI/Items/Empty.swift",
"UI/Items/HostingItem.swift",
"UI/Items/Label.swift",
"UI/Items/Toggle.swift",
"UI/Sections/Grid.swift",
"UI/Sections/List.swift"
],
"type" : "library"
}
],
"tools_version" : "6.0"
}
Command line invocation:
/Applications/Xcode-16.3.0.app/Contents/Developer/usr/bin/xcodebuild -IDEClonedSourcePackagesDirPathOverride=/Users/admin/builder/spi-builder-workspace/.dependencies -resolvePackageDependencies
Resolve Package Graph
Resolve Package Graph
Resolved source packages:
DiffableUI: /Users/admin/builder/spi-builder-workspace
resolved source packages: DiffableUI
{
"dependencies" : [
],
"manifest_display_name" : "DiffableUI",
"name" : "DiffableUI",
"path" : "/Users/admin/builder/spi-builder-workspace",
"platforms" : [
{
"name" : "ios",
"version" : "14.0"
}
],
"products" : [
{
"name" : "DiffableUI",
"targets" : [
"DiffableUI"
],
"type" : {
"library" : [
"automatic"
]
}
}
],
"targets" : [
{
"c99name" : "DiffableUITests",
"module_type" : "SwiftTarget",
"name" : "DiffableUITests",
"path" : "Tests/DiffableUITests",
"sources" : [
"ContextMenuPreviewTests.swift",
"GridColumnCountTests.swift",
"GridLayoutTests.swift",
"HostingItemUpdateTests.swift",
"OnAppearTests.swift",
"SnapshotIDsTests.swift",
"TestSupport.swift",
"ToggleTests.swift",
"WillDisplayTests.swift"
],
"target_dependencies" : [
"DiffableUI"
],
"type" : "test"
},
{
"c99name" : "DiffableUI",
"module_type" : "SwiftTarget",
"name" : "DiffableUI",
"path" : "Sources/DiffableUI",
"product_memberships" : [
"DiffableUI"
],
"sources" : [
"CollectionItem.swift",
"CollectionSection.swift",
"DiffableViewController.swift",
"Items/ContextMenu.swift",
"Items/ForEach.swift",
"Items/Padding.swift",
"Items/Tappable.swift",
"Items/Taskable.swift",
"ResultBuilders/CollectionItemBuilder.swift",
"ResultBuilders/CollectionViewBuilder.swift",
"UI/CollectionViewCell.swift",
"UI/Extensions/NSDirectionalEdgeInsets+Init.swift",
"UI/Extensions/UIView+Constraints.swift",
"UI/Items/ActivityIndicator.swift",
"UI/Items/Empty.swift",
"UI/Items/HostingItem.swift",
"UI/Items/Label.swift",
"UI/Items/Toggle.swift",
"UI/Sections/Grid.swift",
"UI/Sections/List.swift"
],
"type" : "library"
}
],
"tools_version" : "6.0"
}
{
"workspace" : {
"name" : "DiffableUI",
"schemes" : [
"DiffableUI",
"HackerNews"
]
}
}
{
"workspace" : {
"name" : "spi-builder-workspace",
"schemes" : [
"DiffableUI"
]
}
}
Running build ...
env DEVELOPER_DIR=/Applications/Xcode-16.3.0.app xcrun xcodebuild -IDEClonedSourcePackagesDirPathOverride=$PWD/.dependencies -skipMacroValidation -skipPackagePluginValidation -derivedDataPath $PWD/.derivedData build -scheme DiffableUI -destination generic/platform=watchOS OTHER_SWIFT_FLAGS=-stats-output-dir .stats
Command line invocation:
/Applications/Xcode-16.3.0.app/Contents/Developer/usr/bin/xcodebuild -IDEClonedSourcePackagesDirPathOverride=/Users/admin/builder/spi-builder-workspace/.dependencies -skipMacroValidation -skipPackagePluginValidation -derivedDataPath /Users/admin/builder/spi-builder-workspace/.derivedData build -scheme DiffableUI -destination generic/platform=watchOS "OTHER_SWIFT_FLAGS=-stats-output-dir .stats"
Build settings from command line:
OTHER_SWIFT_FLAGS = -stats-output-dir .stats
Resolve Package Graph
Resolved source packages:
DiffableUI: /Users/admin/builder/spi-builder-workspace
ComputePackagePrebuildTargetDependencyGraph
Prepare packages
CreateBuildRequest
SendProjectDescription
CreateBuildOperation
ComputeTargetDependencyGraph
note: Building targets in dependency order
note: Target dependency graph (2 targets)
Target 'DiffableUI' in project 'DiffableUI'
➜ Explicit dependency on target 'DiffableUI' in project 'DiffableUI'
Target 'DiffableUI' in project 'DiffableUI' (no dependencies)
GatherProvisioningInputs
CreateBuildDescription
ExecuteExternalTool /Applications/Xcode-16.3.0.app/Contents/Developer/Toolchains/XcodeDefault.xctoolchain/usr/bin/clang -v -E -dM -isysroot /Applications/Xcode-16.3.0.app/Contents/Developer/Platforms/WatchOS.platform/Developer/SDKs/WatchOS11.4.sdk -x c -c /dev/null
ExecuteExternalTool /Applications/Xcode-16.3.0.app/Contents/Developer/Toolchains/XcodeDefault.xctoolchain/usr/bin/swiftc --version
ExecuteExternalTool /Applications/Xcode-16.3.0.app/Contents/Developer/Toolchains/XcodeDefault.xctoolchain/usr/bin/ld -version_details
Build description signature: 3725658d16983500e69107ca1e145e6b
Build description path: /Users/admin/builder/spi-builder-workspace/.derivedData/Build/Intermediates.noindex/XCBuildData/3725658d16983500e69107ca1e145e6b.xcbuilddata
ClangStatCache /Applications/Xcode-16.3.0.app/Contents/Developer/Toolchains/XcodeDefault.xctoolchain/usr/bin/clang-stat-cache /Applications/Xcode-16.3.0.app/Contents/Developer/Platforms/WatchOS.platform/Developer/SDKs/WatchOS11.4.sdk /Users/admin/builder/spi-builder-workspace/.derivedData/SDKStatCaches.noindex/watchos11.4-22T246-43efb940ff07ba2497b70ec94253f576.sdkstatcache
cd /Users/admin/builder/spi-builder-workspace/.swiftpm/xcode
/Applications/Xcode-16.3.0.app/Contents/Developer/Toolchains/XcodeDefault.xctoolchain/usr/bin/clang-stat-cache /Applications/Xcode-16.3.0.app/Contents/Developer/Platforms/WatchOS.platform/Developer/SDKs/WatchOS11.4.sdk -o /Users/admin/builder/spi-builder-workspace/.derivedData/SDKStatCaches.noindex/watchos11.4-22T246-43efb940ff07ba2497b70ec94253f576.sdkstatcache
CreateBuildDirectory /Users/admin/builder/spi-builder-workspace/.derivedData/Build/Intermediates.noindex
cd /Users/admin/builder/spi-builder-workspace/.swiftpm/xcode
builtin-create-build-directory /Users/admin/builder/spi-builder-workspace/.derivedData/Build/Intermediates.noindex
CreateBuildDirectory /Users/admin/builder/spi-builder-workspace/.derivedData/Build/Products
cd /Users/admin/builder/spi-builder-workspace/.swiftpm/xcode
builtin-create-build-directory /Users/admin/builder/spi-builder-workspace/.derivedData/Build/Products
CreateBuildDirectory /Users/admin/builder/spi-builder-workspace/.derivedData/Build/Intermediates.noindex/EagerLinkingTBDs/Debug-watchos
cd /Users/admin/builder/spi-builder-workspace/.swiftpm/xcode
builtin-create-build-directory /Users/admin/builder/spi-builder-workspace/.derivedData/Build/Intermediates.noindex/EagerLinkingTBDs/Debug-watchos
CreateBuildDirectory /Users/admin/builder/spi-builder-workspace/.derivedData/Build/Products/Debug-watchos
cd /Users/admin/builder/spi-builder-workspace/.swiftpm/xcode
builtin-create-build-directory /Users/admin/builder/spi-builder-workspace/.derivedData/Build/Products/Debug-watchos
CreateBuildDirectory /Users/admin/builder/spi-builder-workspace/.derivedData/Build/Products/Debug-watchos/PackageFrameworks
cd /Users/admin/builder/spi-builder-workspace/.swiftpm/xcode
builtin-create-build-directory /Users/admin/builder/spi-builder-workspace/.derivedData/Build/Products/Debug-watchos/PackageFrameworks
WriteAuxiliaryFile /Users/admin/builder/spi-builder-workspace/.derivedData/Build/Intermediates.noindex/DiffableUI.build/Debug-watchos/DiffableUI.build/Objects-normal/armv7k/DiffableUI.SwiftFileList (in target 'DiffableUI' from project 'DiffableUI')
cd /Users/admin/builder/spi-builder-workspace
write-file /Users/admin/builder/spi-builder-workspace/.derivedData/Build/Intermediates.noindex/DiffableUI.build/Debug-watchos/DiffableUI.build/Objects-normal/armv7k/DiffableUI.SwiftFileList
WriteAuxiliaryFile /Users/admin/builder/spi-builder-workspace/.derivedData/Build/Intermediates.noindex/DiffableUI.build/Debug-watchos/DiffableUI.build/Objects-normal/armv7k/DiffableUI-OutputFileMap.json (in target 'DiffableUI' from project 'DiffableUI')
cd /Users/admin/builder/spi-builder-workspace
write-file /Users/admin/builder/spi-builder-workspace/.derivedData/Build/Intermediates.noindex/DiffableUI.build/Debug-watchos/DiffableUI.build/Objects-normal/armv7k/DiffableUI-OutputFileMap.json
WriteAuxiliaryFile /Users/admin/builder/spi-builder-workspace/.derivedData/Build/Intermediates.noindex/DiffableUI.build/Debug-watchos/DiffableUI.build/Objects-normal/armv7k/DiffableUI_const_extract_protocols.json (in target 'DiffableUI' from project 'DiffableUI')
cd /Users/admin/builder/spi-builder-workspace
write-file /Users/admin/builder/spi-builder-workspace/.derivedData/Build/Intermediates.noindex/DiffableUI.build/Debug-watchos/DiffableUI.build/Objects-normal/armv7k/DiffableUI_const_extract_protocols.json
WriteAuxiliaryFile /Users/admin/builder/spi-builder-workspace/.derivedData/Build/Intermediates.noindex/DiffableUI.build/Debug-watchos/DiffableUI.build/Objects-normal/armv7k/DiffableUI.LinkFileList (in target 'DiffableUI' from project 'DiffableUI')
cd /Users/admin/builder/spi-builder-workspace
write-file /Users/admin/builder/spi-builder-workspace/.derivedData/Build/Intermediates.noindex/DiffableUI.build/Debug-watchos/DiffableUI.build/Objects-normal/armv7k/DiffableUI.LinkFileList
WriteAuxiliaryFile /Users/admin/builder/spi-builder-workspace/.derivedData/Build/Intermediates.noindex/DiffableUI.build/Debug-watchos/DiffableUI.build/Objects-normal/armv7k/DiffableUI.SwiftConstValuesFileList (in target 'DiffableUI' from project 'DiffableUI')
cd /Users/admin/builder/spi-builder-workspace
write-file /Users/admin/builder/spi-builder-workspace/.derivedData/Build/Intermediates.noindex/DiffableUI.build/Debug-watchos/DiffableUI.build/Objects-normal/armv7k/DiffableUI.SwiftConstValuesFileList
WriteAuxiliaryFile /Users/admin/builder/spi-builder-workspace/.derivedData/Build/Intermediates.noindex/DiffableUI.build/Debug-watchos/DiffableUI.build/Objects-normal/arm64/DiffableUI_const_extract_protocols.json (in target 'DiffableUI' from project 'DiffableUI')
cd /Users/admin/builder/spi-builder-workspace
write-file /Users/admin/builder/spi-builder-workspace/.derivedData/Build/Intermediates.noindex/DiffableUI.build/Debug-watchos/DiffableUI.build/Objects-normal/arm64/DiffableUI_const_extract_protocols.json
WriteAuxiliaryFile /Users/admin/builder/spi-builder-workspace/.derivedData/Build/Intermediates.noindex/DiffableUI.build/Debug-watchos/DiffableUI.build/Objects-normal/arm64_32/DiffableUI.SwiftFileList (in target 'DiffableUI' from project 'DiffableUI')
cd /Users/admin/builder/spi-builder-workspace
write-file /Users/admin/builder/spi-builder-workspace/.derivedData/Build/Intermediates.noindex/DiffableUI.build/Debug-watchos/DiffableUI.build/Objects-normal/arm64_32/DiffableUI.SwiftFileList
WriteAuxiliaryFile /Users/admin/builder/spi-builder-workspace/.derivedData/Build/Intermediates.noindex/DiffableUI.build/Debug-watchos/DiffableUI.build/Objects-normal/arm64_32/DiffableUI-OutputFileMap.json (in target 'DiffableUI' from project 'DiffableUI')
cd /Users/admin/builder/spi-builder-workspace
write-file /Users/admin/builder/spi-builder-workspace/.derivedData/Build/Intermediates.noindex/DiffableUI.build/Debug-watchos/DiffableUI.build/Objects-normal/arm64_32/DiffableUI-OutputFileMap.json
WriteAuxiliaryFile /Users/admin/builder/spi-builder-workspace/.derivedData/Build/Intermediates.noindex/DiffableUI.build/Debug-watchos/DiffableUI.build/Objects-normal/arm64_32/DiffableUI_const_extract_protocols.json (in target 'DiffableUI' from project 'DiffableUI')
cd /Users/admin/builder/spi-builder-workspace
write-file /Users/admin/builder/spi-builder-workspace/.derivedData/Build/Intermediates.noindex/DiffableUI.build/Debug-watchos/DiffableUI.build/Objects-normal/arm64_32/DiffableUI_const_extract_protocols.json
WriteAuxiliaryFile /Users/admin/builder/spi-builder-workspace/.derivedData/Build/Intermediates.noindex/DiffableUI.build/Debug-watchos/DiffableUI.build/Objects-normal/arm64_32/DiffableUI.SwiftConstValuesFileList (in target 'DiffableUI' from project 'DiffableUI')
cd /Users/admin/builder/spi-builder-workspace
write-file /Users/admin/builder/spi-builder-workspace/.derivedData/Build/Intermediates.noindex/DiffableUI.build/Debug-watchos/DiffableUI.build/Objects-normal/arm64_32/DiffableUI.SwiftConstValuesFileList
WriteAuxiliaryFile /Users/admin/builder/spi-builder-workspace/.derivedData/Build/Intermediates.noindex/DiffableUI.build/Debug-watchos/DiffableUI.build/Objects-normal/arm64_32/DiffableUI.LinkFileList (in target 'DiffableUI' from project 'DiffableUI')
cd /Users/admin/builder/spi-builder-workspace
write-file /Users/admin/builder/spi-builder-workspace/.derivedData/Build/Intermediates.noindex/DiffableUI.build/Debug-watchos/DiffableUI.build/Objects-normal/arm64_32/DiffableUI.LinkFileList
WriteAuxiliaryFile /Users/admin/builder/spi-builder-workspace/.derivedData/Build/Intermediates.noindex/DiffableUI.build/Debug-watchos/DiffableUI.build/Objects-normal/arm64/DiffableUI.SwiftFileList (in target 'DiffableUI' from project 'DiffableUI')
cd /Users/admin/builder/spi-builder-workspace
write-file /Users/admin/builder/spi-builder-workspace/.derivedData/Build/Intermediates.noindex/DiffableUI.build/Debug-watchos/DiffableUI.build/Objects-normal/arm64/DiffableUI.SwiftFileList
WriteAuxiliaryFile /Users/admin/builder/spi-builder-workspace/.derivedData/Build/Intermediates.noindex/DiffableUI.build/Debug-watchos/DiffableUI.build/Objects-normal/arm64/DiffableUI.SwiftConstValuesFileList (in target 'DiffableUI' from project 'DiffableUI')
cd /Users/admin/builder/spi-builder-workspace
write-file /Users/admin/builder/spi-builder-workspace/.derivedData/Build/Intermediates.noindex/DiffableUI.build/Debug-watchos/DiffableUI.build/Objects-normal/arm64/DiffableUI.SwiftConstValuesFileList
WriteAuxiliaryFile /Users/admin/builder/spi-builder-workspace/.derivedData/Build/Intermediates.noindex/DiffableUI.build/Debug-watchos/DiffableUI.build/Objects-normal/arm64/DiffableUI.LinkFileList (in target 'DiffableUI' from project 'DiffableUI')
cd /Users/admin/builder/spi-builder-workspace
write-file /Users/admin/builder/spi-builder-workspace/.derivedData/Build/Intermediates.noindex/DiffableUI.build/Debug-watchos/DiffableUI.build/Objects-normal/arm64/DiffableUI.LinkFileList
WriteAuxiliaryFile /Users/admin/builder/spi-builder-workspace/.derivedData/Build/Intermediates.noindex/DiffableUI.build/Debug-watchos/DiffableUI.build/Objects-normal/arm64/DiffableUI-OutputFileMap.json (in target 'DiffableUI' from project 'DiffableUI')
cd /Users/admin/builder/spi-builder-workspace
write-file /Users/admin/builder/spi-builder-workspace/.derivedData/Build/Intermediates.noindex/DiffableUI.build/Debug-watchos/DiffableUI.build/Objects-normal/arm64/DiffableUI-OutputFileMap.json
WriteAuxiliaryFile /Users/admin/builder/spi-builder-workspace/.derivedData/Build/Intermediates.noindex/DiffableUI.build/Debug-watchos/DiffableUI.build/DiffableUI.modulemap (in target 'DiffableUI' from project 'DiffableUI')
cd /Users/admin/builder/spi-builder-workspace
write-file /Users/admin/builder/spi-builder-workspace/.derivedData/Build/Intermediates.noindex/DiffableUI.build/Debug-watchos/DiffableUI.build/DiffableUI.modulemap
WriteAuxiliaryFile /Users/admin/builder/spi-builder-workspace/.derivedData/Build/Intermediates.noindex/DiffableUI.build/Debug-watchos/DiffableUI.build/DiffableUI.DependencyStaticMetadataFileList (in target 'DiffableUI' from project 'DiffableUI')
cd /Users/admin/builder/spi-builder-workspace
write-file /Users/admin/builder/spi-builder-workspace/.derivedData/Build/Intermediates.noindex/DiffableUI.build/Debug-watchos/DiffableUI.build/DiffableUI.DependencyStaticMetadataFileList
WriteAuxiliaryFile /Users/admin/builder/spi-builder-workspace/.derivedData/Build/Intermediates.noindex/DiffableUI.build/Debug-watchos/DiffableUI.build/DiffableUI.DependencyMetadataFileList (in target 'DiffableUI' from project 'DiffableUI')
cd /Users/admin/builder/spi-builder-workspace
write-file /Users/admin/builder/spi-builder-workspace/.derivedData/Build/Intermediates.noindex/DiffableUI.build/Debug-watchos/DiffableUI.build/DiffableUI.DependencyMetadataFileList
Copy /Users/admin/builder/spi-builder-workspace/.derivedData/Build/Intermediates.noindex/GeneratedModuleMaps-watchos/DiffableUI.modulemap /Users/admin/builder/spi-builder-workspace/.derivedData/Build/Intermediates.noindex/DiffableUI.build/Debug-watchos/DiffableUI.build/DiffableUI.modulemap (in target 'DiffableUI' from project 'DiffableUI')
cd /Users/admin/builder/spi-builder-workspace
builtin-copy -exclude .DS_Store -exclude CVS -exclude .svn -exclude .git -exclude .hg -resolve-src-symlinks /Users/admin/builder/spi-builder-workspace/.derivedData/Build/Intermediates.noindex/DiffableUI.build/Debug-watchos/DiffableUI.build/DiffableUI.modulemap /Users/admin/builder/spi-builder-workspace/.derivedData/Build/Intermediates.noindex/GeneratedModuleMaps-watchos
SwiftDriver DiffableUI normal arm64 com.apple.xcode.tools.swift.compiler (in target 'DiffableUI' from project 'DiffableUI')
cd /Users/admin/builder/spi-builder-workspace/.swiftpm/xcode
builtin-SwiftDriver -- /Applications/Xcode-16.3.0.app/Contents/Developer/Toolchains/XcodeDefault.xctoolchain/usr/bin/swiftc -module-name DiffableUI -Onone -enforce-exclusivity\=checked @/Users/admin/builder/spi-builder-workspace/.derivedData/Build/Intermediates.noindex/DiffableUI.build/Debug-watchos/DiffableUI.build/Objects-normal/arm64/DiffableUI.SwiftFileList -DSWIFT_PACKAGE -DDEBUG -stats-output-dir .stats -plugin-path /Applications/Xcode-16.3.0.app/Contents/Developer/Toolchains/XcodeDefault.xctoolchain/usr/lib/swift/host/plugins/testing -enable-experimental-feature DebugDescriptionMacro -sdk /Applications/Xcode-16.3.0.app/Contents/Developer/Platforms/WatchOS.platform/Developer/SDKs/WatchOS11.4.sdk -target arm64-apple-watchos7.0 -g -module-cache-path /Users/admin/builder/spi-builder-workspace/.derivedData/ModuleCache.noindex -Xfrontend -serialize-debugging-options -profile-coverage-mapping -profile-generate -enable-testing -index-store-path /Users/admin/builder/spi-builder-workspace/.derivedData/Index.noindex/DataStore -swift-version 6 -I /Users/admin/builder/spi-builder-workspace/.derivedData/Build/Products/Debug-watchos -I /Applications/Xcode-16.3.0.app/Contents/Developer/Platforms/WatchOS.platform/Developer/usr/lib -F /Users/admin/builder/spi-builder-workspace/.derivedData/Build/Products/Debug-watchos -F /Applications/Xcode-16.3.0.app/Contents/Developer/Platforms/WatchOS.platform/Developer/Library/Frameworks -F /Applications/Xcode-16.3.0.app/Contents/Developer/Platforms/WatchOS.platform/Developer/SDKs/WatchOS11.4.sdk/Developer/Library/Frameworks -c -j10 -enable-batch-mode -incremental -Xcc -ivfsstatcache -Xcc /Users/admin/builder/spi-builder-workspace/.derivedData/SDKStatCaches.noindex/watchos11.4-22T246-43efb940ff07ba2497b70ec94253f576.sdkstatcache -output-file-map /Users/admin/builder/spi-builder-workspace/.derivedData/Build/Intermediates.noindex/DiffableUI.build/Debug-watchos/DiffableUI.build/Objects-normal/arm64/DiffableUI-OutputFileMap.json -use-frontend-parseable-output -save-temps -no-color-diagnostics -serialize-diagnostics -emit-dependencies -emit-module -emit-module-path /Users/admin/builder/spi-builder-workspace/.derivedData/Build/Intermediates.noindex/DiffableUI.build/Debug-watchos/DiffableUI.build/Objects-normal/arm64/DiffableUI.swiftmodule -validate-clang-modules-once -clang-build-session-file /Users/admin/builder/spi-builder-workspace/.derivedData/ModuleCache.noindex/Session.modulevalidation -package-name spi_builder_workspace -Xcc -I/Users/admin/builder/spi-builder-workspace/.derivedData/Build/Intermediates.noindex/DiffableUI.build/Debug-watchos/DiffableUI.build/swift-overrides.hmap -emit-const-values -Xfrontend -const-gather-protocols-file -Xfrontend /Users/admin/builder/spi-builder-workspace/.derivedData/Build/Intermediates.noindex/DiffableUI.build/Debug-watchos/DiffableUI.build/Objects-normal/arm64/DiffableUI_const_extract_protocols.json -Xcc -I/Users/admin/builder/spi-builder-workspace/.derivedData/Build/Products/Debug-watchos/include -Xcc -I/Users/admin/builder/spi-builder-workspace/.derivedData/Build/Intermediates.noindex/DiffableUI.build/Debug-watchos/DiffableUI.build/DerivedSources-normal/arm64 -Xcc -I/Users/admin/builder/spi-builder-workspace/.derivedData/Build/Intermediates.noindex/DiffableUI.build/Debug-watchos/DiffableUI.build/DerivedSources/arm64 -Xcc -I/Users/admin/builder/spi-builder-workspace/.derivedData/Build/Intermediates.noindex/DiffableUI.build/Debug-watchos/DiffableUI.build/DerivedSources -Xcc -DSWIFT_PACKAGE -Xcc -DDEBUG\=1 -emit-objc-header -emit-objc-header-path /Users/admin/builder/spi-builder-workspace/.derivedData/Build/Intermediates.noindex/DiffableUI.build/Debug-watchos/DiffableUI.build/Objects-normal/arm64/DiffableUI-Swift.h -working-directory /Users/admin/builder/spi-builder-workspace/.swiftpm/xcode -experimental-emit-module-separately -disable-cmo
SwiftDriver DiffableUI normal arm64_32 com.apple.xcode.tools.swift.compiler (in target 'DiffableUI' from project 'DiffableUI')
cd /Users/admin/builder/spi-builder-workspace/.swiftpm/xcode
builtin-SwiftDriver -- /Applications/Xcode-16.3.0.app/Contents/Developer/Toolchains/XcodeDefault.xctoolchain/usr/bin/swiftc -module-name DiffableUI -Onone -enforce-exclusivity\=checked @/Users/admin/builder/spi-builder-workspace/.derivedData/Build/Intermediates.noindex/DiffableUI.build/Debug-watchos/DiffableUI.build/Objects-normal/arm64_32/DiffableUI.SwiftFileList -DSWIFT_PACKAGE -DDEBUG -stats-output-dir .stats -plugin-path /Applications/Xcode-16.3.0.app/Contents/Developer/Toolchains/XcodeDefault.xctoolchain/usr/lib/swift/host/plugins/testing -enable-experimental-feature DebugDescriptionMacro -sdk /Applications/Xcode-16.3.0.app/Contents/Developer/Platforms/WatchOS.platform/Developer/SDKs/WatchOS11.4.sdk -target arm64_32-apple-watchos7.0 -g -module-cache-path /Users/admin/builder/spi-builder-workspace/.derivedData/ModuleCache.noindex -Xfrontend -serialize-debugging-options -profile-coverage-mapping -profile-generate -enable-testing -index-store-path /Users/admin/builder/spi-builder-workspace/.derivedData/Index.noindex/DataStore -swift-version 6 -I /Users/admin/builder/spi-builder-workspace/.derivedData/Build/Products/Debug-watchos -I /Applications/Xcode-16.3.0.app/Contents/Developer/Platforms/WatchOS.platform/Developer/usr/lib -F /Users/admin/builder/spi-builder-workspace/.derivedData/Build/Products/Debug-watchos -F /Applications/Xcode-16.3.0.app/Contents/Developer/Platforms/WatchOS.platform/Developer/Library/Frameworks -F /Applications/Xcode-16.3.0.app/Contents/Developer/Platforms/WatchOS.platform/Developer/SDKs/WatchOS11.4.sdk/Developer/Library/Frameworks -c -j10 -enable-batch-mode -incremental -Xcc -ivfsstatcache -Xcc /Users/admin/builder/spi-builder-workspace/.derivedData/SDKStatCaches.noindex/watchos11.4-22T246-43efb940ff07ba2497b70ec94253f576.sdkstatcache -output-file-map /Users/admin/builder/spi-builder-workspace/.derivedData/Build/Intermediates.noindex/DiffableUI.build/Debug-watchos/DiffableUI.build/Objects-normal/arm64_32/DiffableUI-OutputFileMap.json -use-frontend-parseable-output -save-temps -no-color-diagnostics -serialize-diagnostics -emit-dependencies -emit-module -emit-module-path /Users/admin/builder/spi-builder-workspace/.derivedData/Build/Intermediates.noindex/DiffableUI.build/Debug-watchos/DiffableUI.build/Objects-normal/arm64_32/DiffableUI.swiftmodule -validate-clang-modules-once -clang-build-session-file /Users/admin/builder/spi-builder-workspace/.derivedData/ModuleCache.noindex/Session.modulevalidation -package-name spi_builder_workspace -Xcc -I/Users/admin/builder/spi-builder-workspace/.derivedData/Build/Intermediates.noindex/DiffableUI.build/Debug-watchos/DiffableUI.build/swift-overrides.hmap -emit-const-values -Xfrontend -const-gather-protocols-file -Xfrontend /Users/admin/builder/spi-builder-workspace/.derivedData/Build/Intermediates.noindex/DiffableUI.build/Debug-watchos/DiffableUI.build/Objects-normal/arm64_32/DiffableUI_const_extract_protocols.json -Xcc -I/Users/admin/builder/spi-builder-workspace/.derivedData/Build/Products/Debug-watchos/include -Xcc -I/Users/admin/builder/spi-builder-workspace/.derivedData/Build/Intermediates.noindex/DiffableUI.build/Debug-watchos/DiffableUI.build/DerivedSources-normal/arm64_32 -Xcc -I/Users/admin/builder/spi-builder-workspace/.derivedData/Build/Intermediates.noindex/DiffableUI.build/Debug-watchos/DiffableUI.build/DerivedSources/arm64_32 -Xcc -I/Users/admin/builder/spi-builder-workspace/.derivedData/Build/Intermediates.noindex/DiffableUI.build/Debug-watchos/DiffableUI.build/DerivedSources -Xcc -DSWIFT_PACKAGE -Xcc -DDEBUG\=1 -emit-objc-header -emit-objc-header-path /Users/admin/builder/spi-builder-workspace/.derivedData/Build/Intermediates.noindex/DiffableUI.build/Debug-watchos/DiffableUI.build/Objects-normal/arm64_32/DiffableUI-Swift.h -working-directory /Users/admin/builder/spi-builder-workspace/.swiftpm/xcode -experimental-emit-module-separately -disable-cmo
SwiftDriver DiffableUI normal armv7k com.apple.xcode.tools.swift.compiler (in target 'DiffableUI' from project 'DiffableUI')
cd /Users/admin/builder/spi-builder-workspace/.swiftpm/xcode
builtin-SwiftDriver -- /Applications/Xcode-16.3.0.app/Contents/Developer/Toolchains/XcodeDefault.xctoolchain/usr/bin/swiftc -module-name DiffableUI -Onone -enforce-exclusivity\=checked @/Users/admin/builder/spi-builder-workspace/.derivedData/Build/Intermediates.noindex/DiffableUI.build/Debug-watchos/DiffableUI.build/Objects-normal/armv7k/DiffableUI.SwiftFileList -DSWIFT_PACKAGE -DDEBUG -stats-output-dir .stats -plugin-path /Applications/Xcode-16.3.0.app/Contents/Developer/Toolchains/XcodeDefault.xctoolchain/usr/lib/swift/host/plugins/testing -enable-experimental-feature DebugDescriptionMacro -sdk /Applications/Xcode-16.3.0.app/Contents/Developer/Platforms/WatchOS.platform/Developer/SDKs/WatchOS11.4.sdk -target armv7k-apple-watchos7.0 -g -module-cache-path /Users/admin/builder/spi-builder-workspace/.derivedData/ModuleCache.noindex -Xfrontend -serialize-debugging-options -profile-coverage-mapping -profile-generate -enable-testing -index-store-path /Users/admin/builder/spi-builder-workspace/.derivedData/Index.noindex/DataStore -swift-version 6 -I /Users/admin/builder/spi-builder-workspace/.derivedData/Build/Products/Debug-watchos -I /Applications/Xcode-16.3.0.app/Contents/Developer/Platforms/WatchOS.platform/Developer/usr/lib -F /Users/admin/builder/spi-builder-workspace/.derivedData/Build/Products/Debug-watchos -F /Applications/Xcode-16.3.0.app/Contents/Developer/Platforms/WatchOS.platform/Developer/Library/Frameworks -F /Applications/Xcode-16.3.0.app/Contents/Developer/Platforms/WatchOS.platform/Developer/SDKs/WatchOS11.4.sdk/Developer/Library/Frameworks -c -j10 -enable-batch-mode -incremental -Xcc -ivfsstatcache -Xcc /Users/admin/builder/spi-builder-workspace/.derivedData/SDKStatCaches.noindex/watchos11.4-22T246-43efb940ff07ba2497b70ec94253f576.sdkstatcache -output-file-map /Users/admin/builder/spi-builder-workspace/.derivedData/Build/Intermediates.noindex/DiffableUI.build/Debug-watchos/DiffableUI.build/Objects-normal/armv7k/DiffableUI-OutputFileMap.json -use-frontend-parseable-output -save-temps -no-color-diagnostics -serialize-diagnostics -emit-dependencies -emit-module -emit-module-path /Users/admin/builder/spi-builder-workspace/.derivedData/Build/Intermediates.noindex/DiffableUI.build/Debug-watchos/DiffableUI.build/Objects-normal/armv7k/DiffableUI.swiftmodule -validate-clang-modules-once -clang-build-session-file /Users/admin/builder/spi-builder-workspace/.derivedData/ModuleCache.noindex/Session.modulevalidation -package-name spi_builder_workspace -Xcc -I/Users/admin/builder/spi-builder-workspace/.derivedData/Build/Intermediates.noindex/DiffableUI.build/Debug-watchos/DiffableUI.build/swift-overrides.hmap -emit-const-values -Xfrontend -const-gather-protocols-file -Xfrontend /Users/admin/builder/spi-builder-workspace/.derivedData/Build/Intermediates.noindex/DiffableUI.build/Debug-watchos/DiffableUI.build/Objects-normal/armv7k/DiffableUI_const_extract_protocols.json -Xcc -I/Users/admin/builder/spi-builder-workspace/.derivedData/Build/Products/Debug-watchos/include -Xcc -I/Users/admin/builder/spi-builder-workspace/.derivedData/Build/Intermediates.noindex/DiffableUI.build/Debug-watchos/DiffableUI.build/DerivedSources-normal/armv7k -Xcc -I/Users/admin/builder/spi-builder-workspace/.derivedData/Build/Intermediates.noindex/DiffableUI.build/Debug-watchos/DiffableUI.build/DerivedSources/armv7k -Xcc -I/Users/admin/builder/spi-builder-workspace/.derivedData/Build/Intermediates.noindex/DiffableUI.build/Debug-watchos/DiffableUI.build/DerivedSources -Xcc -DSWIFT_PACKAGE -Xcc -DDEBUG\=1 -emit-objc-header -emit-objc-header-path /Users/admin/builder/spi-builder-workspace/.derivedData/Build/Intermediates.noindex/DiffableUI.build/Debug-watchos/DiffableUI.build/Objects-normal/armv7k/DiffableUI-Swift.h -working-directory /Users/admin/builder/spi-builder-workspace/.swiftpm/xcode -experimental-emit-module-separately -disable-cmo
SwiftCompile normal arm64 Compiling\ DiffableViewController.swift,\ ContextMenu.swift /Users/admin/builder/spi-builder-workspace/Sources/DiffableUI/DiffableViewController.swift /Users/admin/builder/spi-builder-workspace/Sources/DiffableUI/Items/ContextMenu.swift (in target 'DiffableUI' from project 'DiffableUI')
SwiftCompile normal arm64 /Users/admin/builder/spi-builder-workspace/Sources/DiffableUI/DiffableViewController.swift (in target 'DiffableUI' from project 'DiffableUI')
cd /Users/admin/builder/spi-builder-workspace/.swiftpm/xcode
SwiftCompile normal arm64 /Users/admin/builder/spi-builder-workspace/Sources/DiffableUI/Items/ContextMenu.swift (in target 'DiffableUI' from project 'DiffableUI')
cd /Users/admin/builder/spi-builder-workspace/.swiftpm/xcode
SwiftCompile normal arm64 Compiling\ CollectionItem.swift,\ CollectionSection.swift /Users/admin/builder/spi-builder-workspace/Sources/DiffableUI/CollectionItem.swift /Users/admin/builder/spi-builder-workspace/Sources/DiffableUI/CollectionSection.swift (in target 'DiffableUI' from project 'DiffableUI')
SwiftCompile normal arm64 /Users/admin/builder/spi-builder-workspace/Sources/DiffableUI/CollectionItem.swift (in target 'DiffableUI' from project 'DiffableUI')
cd /Users/admin/builder/spi-builder-workspace/.swiftpm/xcode
SwiftCompile normal arm64 /Users/admin/builder/spi-builder-workspace/Sources/DiffableUI/CollectionSection.swift (in target 'DiffableUI' from project 'DiffableUI')
cd /Users/admin/builder/spi-builder-workspace/.swiftpm/xcode
SwiftCompile normal arm64 Compiling\ CollectionItemBuilder.swift,\ CollectionViewBuilder.swift /Users/admin/builder/spi-builder-workspace/Sources/DiffableUI/ResultBuilders/CollectionItemBuilder.swift /Users/admin/builder/spi-builder-workspace/Sources/DiffableUI/ResultBuilders/CollectionViewBuilder.swift (in target 'DiffableUI' from project 'DiffableUI')
SwiftCompile normal arm64 /Users/admin/builder/spi-builder-workspace/Sources/DiffableUI/ResultBuilders/CollectionItemBuilder.swift (in target 'DiffableUI' from project 'DiffableUI')
cd /Users/admin/builder/spi-builder-workspace/.swiftpm/xcode
SwiftCompile normal arm64 /Users/admin/builder/spi-builder-workspace/Sources/DiffableUI/ResultBuilders/CollectionViewBuilder.swift (in target 'DiffableUI' from project 'DiffableUI')
cd /Users/admin/builder/spi-builder-workspace/.swiftpm/xcode
SwiftCompile normal arm64 Compiling\ Tappable.swift,\ Taskable.swift /Users/admin/builder/spi-builder-workspace/Sources/DiffableUI/Items/Tappable.swift /Users/admin/builder/spi-builder-workspace/Sources/DiffableUI/Items/Taskable.swift (in target 'DiffableUI' from project 'DiffableUI')
SwiftCompile normal arm64 /Users/admin/builder/spi-builder-workspace/Sources/DiffableUI/Items/Tappable.swift (in target 'DiffableUI' from project 'DiffableUI')
cd /Users/admin/builder/spi-builder-workspace/.swiftpm/xcode
SwiftCompile normal arm64 /Users/admin/builder/spi-builder-workspace/Sources/DiffableUI/Items/Taskable.swift (in target 'DiffableUI' from project 'DiffableUI')
cd /Users/admin/builder/spi-builder-workspace/.swiftpm/xcode
SwiftCompile normal arm64 Compiling\ UIView+Constraints.swift,\ ActivityIndicator.swift /Users/admin/builder/spi-builder-workspace/Sources/DiffableUI/UI/Extensions/UIView+Constraints.swift /Users/admin/builder/spi-builder-workspace/Sources/DiffableUI/UI/Items/ActivityIndicator.swift (in target 'DiffableUI' from project 'DiffableUI')
SwiftCompile normal arm64 /Users/admin/builder/spi-builder-workspace/Sources/DiffableUI/UI/Extensions/UIView+Constraints.swift (in target 'DiffableUI' from project 'DiffableUI')
cd /Users/admin/builder/spi-builder-workspace/.swiftpm/xcode
SwiftCompile normal arm64 /Users/admin/builder/spi-builder-workspace/Sources/DiffableUI/UI/Items/ActivityIndicator.swift (in target 'DiffableUI' from project 'DiffableUI')
cd /Users/admin/builder/spi-builder-workspace/.swiftpm/xcode
SwiftCompile normal arm64 Compiling\ Empty.swift,\ HostingItem.swift /Users/admin/builder/spi-builder-workspace/Sources/DiffableUI/UI/Items/Empty.swift /Users/admin/builder/spi-builder-workspace/Sources/DiffableUI/UI/Items/HostingItem.swift (in target 'DiffableUI' from project 'DiffableUI')
SwiftCompile normal arm64 /Users/admin/builder/spi-builder-workspace/Sources/DiffableUI/UI/Items/Empty.swift (in target 'DiffableUI' from project 'DiffableUI')
cd /Users/admin/builder/spi-builder-workspace/.swiftpm/xcode
SwiftCompile normal arm64 /Users/admin/builder/spi-builder-workspace/Sources/DiffableUI/UI/Items/HostingItem.swift (in target 'DiffableUI' from project 'DiffableUI')
cd /Users/admin/builder/spi-builder-workspace/.swiftpm/xcode
SwiftEmitModule normal armv7k Emitting\ module\ for\ DiffableUI (in target 'DiffableUI' from project 'DiffableUI')
Failed frontend command:
/Applications/Xcode-16.3.0.app/Contents/Developer/Toolchains/XcodeDefault.xctoolchain/usr/bin/swift-frontend -frontend -emit-module -experimental-skip-non-inlinable-function-bodies-without-types /Users/admin/builder/spi-builder-workspace/Sources/DiffableUI/CollectionItem.swift /Users/admin/builder/spi-builder-workspace/Sources/DiffableUI/CollectionSection.swift /Users/admin/builder/spi-builder-workspace/Sources/DiffableUI/DiffableViewController.swift /Users/admin/builder/spi-builder-workspace/Sources/DiffableUI/Items/ContextMenu.swift /Users/admin/builder/spi-builder-workspace/Sources/DiffableUI/Items/ForEach.swift /Users/admin/builder/spi-builder-workspace/Sources/DiffableUI/Items/Padding.swift /Users/admin/builder/spi-builder-workspace/Sources/DiffableUI/Items/Tappable.swift /Users/admin/builder/spi-builder-workspace/Sources/DiffableUI/Items/Taskable.swift /Users/admin/builder/spi-builder-workspace/Sources/DiffableUI/ResultBuilders/CollectionItemBuilder.swift /Users/admin/builder/spi-builder-workspace/Sources/DiffableUI/ResultBuilders/CollectionViewBuilder.swift /Users/admin/builder/spi-builder-workspace/Sources/DiffableUI/UI/CollectionViewCell.swift /Users/admin/builder/spi-builder-workspace/Sources/DiffableUI/UI/Extensions/NSDirectionalEdgeInsets+Init.swift /Users/admin/builder/spi-builder-workspace/Sources/DiffableUI/UI/Extensions/UIView+Constraints.swift /Users/admin/builder/spi-builder-workspace/Sources/DiffableUI/UI/Items/ActivityIndicator.swift /Users/admin/builder/spi-builder-workspace/Sources/DiffableUI/UI/Items/Empty.swift /Users/admin/builder/spi-builder-workspace/Sources/DiffableUI/UI/Items/HostingItem.swift /Users/admin/builder/spi-builder-workspace/Sources/DiffableUI/UI/Items/Label.swift /Users/admin/builder/spi-builder-workspace/Sources/DiffableUI/UI/Items/Toggle.swift /Users/admin/builder/spi-builder-workspace/Sources/DiffableUI/UI/Sections/Grid.swift /Users/admin/builder/spi-builder-workspace/Sources/DiffableUI/UI/Sections/List.swift -target armv7k-apple-watchos7.0 -enable-objc-interop -stack-check -sdk /Applications/Xcode-16.3.0.app/Contents/Developer/Platforms/WatchOS.platform/Developer/SDKs/WatchOS11.4.sdk -I /Users/admin/builder/spi-builder-workspace/.derivedData/Build/Products/Debug-watchos -I /Applications/Xcode-16.3.0.app/Contents/Developer/Platforms/WatchOS.platform/Developer/usr/lib -F /Users/admin/builder/spi-builder-workspace/.derivedData/Build/Products/Debug-watchos -F /Applications/Xcode-16.3.0.app/Contents/Developer/Platforms/WatchOS.platform/Developer/Library/Frameworks -F /Applications/Xcode-16.3.0.app/Contents/Developer/Platforms/WatchOS.platform/Developer/SDKs/WatchOS11.4.sdk/Developer/Library/Frameworks -no-color-diagnostics -enable-testing -g -debug-info-format\=dwarf -dwarf-version\=4 -module-cache-path /Users/admin/builder/spi-builder-workspace/.derivedData/ModuleCache.noindex -profile-generate -profile-coverage-mapping -swift-version 6 -enforce-exclusivity\=checked -stats-output-dir /Users/admin/builder/spi-builder-workspace/.swiftpm/xcode/.stats -Onone -D SWIFT_PACKAGE -D DEBUG -serialize-debugging-options -const-gather-protocols-file /Users/admin/builder/spi-builder-workspace/.derivedData/Build/Intermediates.noindex/DiffableUI.build/Debug-watchos/DiffableUI.build/Objects-normal/armv7k/DiffableUI_const_extract_protocols.json -enable-experimental-feature DebugDescriptionMacro -empty-abi-descriptor -plugin-path /Applications/Xcode-16.3.0.app/Contents/Developer/Toolchains/XcodeDefault.xctoolchain/usr/lib/swift/host/plugins/testing -validate-clang-modules-once -clang-build-session-file /Users/admin/builder/spi-builder-workspace/.derivedData/ModuleCache.noindex/Session.modulevalidation -Xcc -working-directory -Xcc /Users/admin/builder/spi-builder-workspace/.swiftpm/xcode -resource-dir /Applications/Xcode-16.3.0.app/Contents/Developer/Toolchains/XcodeDefault.xctoolchain/usr/lib/swift -enable-anonymous-context-mangled-names -file-compilation-dir /Users/admin/builder/spi-builder-workspace/.swiftpm/xcode -Xcc -ivfsstatcache -Xcc /Users/admin/builder/spi-builder-workspace/.derivedData/SDKStatCaches.noindex/watchos11.4-22T246-43efb940ff07ba2497b70ec94253f576.sdkstatcache -Xcc -I/Users/admin/builder/spi-builder-workspace/.derivedData/Build/Intermediates.noindex/DiffableUI.build/Debug-watchos/DiffableUI.build/swift-overrides.hmap -Xcc -I/Users/admin/builder/spi-builder-workspace/.derivedData/Build/Products/Debug-watchos/include -Xcc -I/Users/admin/builder/spi-builder-workspace/.derivedData/Build/Intermediates.noindex/DiffableUI.build/Debug-watchos/DiffableUI.build/DerivedSources-normal/armv7k -Xcc -I/Users/admin/builder/spi-builder-workspace/.derivedData/Build/Intermediates.noindex/DiffableUI.build/Debug-watchos/DiffableUI.build/DerivedSources/armv7k -Xcc -I/Users/admin/builder/spi-builder-workspace/.derivedData/Build/Intermediates.noindex/DiffableUI.build/Debug-watchos/DiffableUI.build/DerivedSources -Xcc -DSWIFT_PACKAGE -Xcc -DDEBUG\=1 -module-name DiffableUI -package-name spi_builder_workspace -frontend-parseable-output -disable-clang-spi -target-sdk-version 11.4 -target-sdk-name watchos11.4 -external-plugin-path /Applications/Xcode-16.3.0.app/Contents/Developer/Platforms/WatchOS.platform/Developer/usr/lib/swift/host/plugins\#/Applications/Xcode-16.3.0.app/Contents/Developer/Platforms/WatchOS.platform/Developer/usr/bin/swift-plugin-server -external-plugin-path /Applications/Xcode-16.3.0.app/Contents/Developer/Platforms/WatchOS.platform/Developer/usr/local/lib/swift/host/plugins\#/Applications/Xcode-16.3.0.app/Contents/Developer/Platforms/WatchOS.platform/Developer/usr/bin/swift-plugin-server -in-process-plugin-server-path /Applications/Xcode-16.3.0.app/Contents/Developer/Toolchains/XcodeDefault.xctoolchain/usr/lib/swift/host/libSwiftInProcPluginServer.dylib -plugin-path /Applications/Xcode-16.3.0.app/Contents/Developer/Toolchains/XcodeDefault.xctoolchain/usr/lib/swift/host/plugins -plugin-path /Applications/Xcode-16.3.0.app/Contents/Developer/Toolchains/XcodeDefault.xctoolchain/usr/local/lib/swift/host/plugins -emit-module-doc-path /Users/admin/builder/spi-builder-workspace/.derivedData/Build/Intermediates.noindex/DiffableUI.build/Debug-watchos/DiffableUI.build/Objects-normal/armv7k/DiffableUI.swiftdoc -emit-module-source-info-path /Users/admin/builder/spi-builder-workspace/.derivedData/Build/Intermediates.noindex/DiffableUI.build/Debug-watchos/DiffableUI.build/Objects-normal/armv7k/DiffableUI.swiftsourceinfo -emit-objc-header-path /Users/admin/builder/spi-builder-workspace/.derivedData/Build/Intermediates.noindex/DiffableUI.build/Debug-watchos/DiffableUI.build/Objects-normal/armv7k/DiffableUI-Swift.h -serialize-diagnostics-path /Users/admin/builder/spi-builder-workspace/.derivedData/Build/Intermediates.noindex/DiffableUI.build/Debug-watchos/DiffableUI.build/Objects-normal/armv7k/DiffableUI-master-emit-module.dia -emit-dependencies-path /Users/admin/builder/spi-builder-workspace/.derivedData/Build/Intermediates.noindex/DiffableUI.build/Debug-watchos/DiffableUI.build/Objects-normal/armv7k/DiffableUI-master-emit-module.d -o /Users/admin/builder/spi-builder-workspace/.derivedData/Build/Intermediates.noindex/DiffableUI.build/Debug-watchos/DiffableUI.build/Objects-normal/armv7k/DiffableUI.swiftmodule -emit-abi-descriptor-path /Users/admin/builder/spi-builder-workspace/.derivedData/Build/Intermediates.noindex/DiffableUI.build/Debug-watchos/DiffableUI.build/Objects-normal/armv7k/DiffableUI.abi.json
EmitSwiftModule normal armv7k (in target 'DiffableUI' from project 'DiffableUI')
cd /Users/admin/builder/spi-builder-workspace/.swiftpm/xcode
/Users/admin/builder/spi-builder-workspace/Sources/DiffableUI/CollectionItem.swift:19:28: error: cannot find type 'UICollectionViewCell' in scope
associatedtype CellType: UICollectionViewCell
^~~~~~~~~~~~~~~~~~~~
/Users/admin/builder/spi-builder-workspace/Sources/DiffableUI/CollectionItem.swift:29:49: error: cannot find type 'UIContextMenuConfiguration' in scope
@MainActor func contextMenuConfiguration() -> UIContextMenuConfiguration?
^~~~~~~~~~~~~~~~~~~~~~~~~~
/Users/admin/builder/spi-builder-workspace/Sources/DiffableUI/CollectionItem.swift:33:71: error: cannot find type 'UIPreviewParameters' in scope
@MainActor func contextMenuPreviewParameters(for cell: CellType) -> UIPreviewParameters?
^~~~~~~~~~~~~~~~~~~
/Users/admin/builder/spi-builder-workspace/Sources/DiffableUI/CollectionItem.swift:46:56: error: cannot find type 'UIContextMenuConfiguration' in scope
@MainActor public func contextMenuConfiguration() -> UIContextMenuConfiguration? {
^~~~~~~~~~~~~~~~~~~~~~~~~~
/Users/admin/builder/spi-builder-workspace/Sources/DiffableUI/CollectionItem.swift:50:78: error: cannot find type 'UIPreviewParameters' in scope
@MainActor public func contextMenuPreviewParameters(for cell: CellType) -> UIPreviewParameters? {
^~~~~~~~~~~~~~~~~~~
/Users/admin/builder/spi-builder-workspace/Sources/DiffableUI/CollectionItem.swift:58:41: error: cannot find type 'UICollectionViewCell' in scope
@MainActor func configureCell(_ cell: UICollectionViewCell) {
^~~~~~~~~~~~~~~~~~~~
/Users/admin/builder/spi-builder-workspace/Sources/DiffableUI/CollectionItem.swift:63:44: error: cannot find type 'UICollectionViewCell' in scope
@MainActor func setCellBehaviors(_ cell: UICollectionViewCell) {
^~~~~~~~~~~~~~~~~~~~
/Users/admin/builder/spi-builder-workspace/Sources/DiffableUI/CollectionItem.swift:68:88: error: cannot find type 'UIPreviewParameters' in scope
@MainActor func contextMenuPreviewParametersForCell(_ cell: UICollectionViewCell) -> UIPreviewParameters? {
^~~~~~~~~~~~~~~~~~~
/Users/admin/builder/spi-builder-workspace/Sources/DiffableUI/CollectionItem.swift:68:63: error: cannot find type 'UICollectionViewCell' in scope
@MainActor func contextMenuPreviewParametersForCell(_ cell: UICollectionViewCell) -> UIPreviewParameters? {
^~~~~~~~~~~~~~~~~~~~
/Users/admin/builder/spi-builder-workspace/Sources/DiffableUI/CollectionSection.swift:17:73: error: cannot find type 'NSCollectionLayoutSection' in scope
@MainActor func layout(environment: NSCollectionLayoutEnvironment) -> NSCollectionLayoutSection
^~~~~~~~~~~~~~~~~~~~~~~~~
/Users/admin/builder/spi-builder-workspace/Sources/DiffableUI/CollectionSection.swift:17:39: error: cannot find type 'NSCollectionLayoutEnvironment' in scope
@MainActor func layout(environment: NSCollectionLayoutEnvironment) -> NSCollectionLayoutSection
^~~~~~~~~~~~~~~~~~~~~~~~~~~~~
/Users/admin/builder/spi-builder-workspace/Sources/DiffableUI/CollectionSection.swift:62:67: error: cannot find type 'NSDiffableDataSourceSnapshot' in scope
mutating func snapshot(of sections: [any CollectionSection]) -> NSDiffableDataSourceSnapshot<SnapshotID, SnapshotID> {
^~~~~~~~~~~~~~~~~~~~~~~~~~~~
/Users/admin/builder/spi-builder-workspace/Sources/DiffableUI/DiffableViewController.swift:107:41: error: cannot find 'UICollectionViewDiffableDataSource' in scope
private lazy var diffableDataSource = UICollectionViewDiffableDataSource<SnapshotID, SnapshotID>(
^~~~~~~~~~~~~~~~~~~~~~~~~~~~~~~~~~
/Users/admin/builder/spi-builder-workspace/Sources/DiffableUI/DiffableViewController.swift:110:56: error: cannot find 'UICollectionViewCell' in scope
self?.cell(in: collectionView, at: indexPath) ?? UICollectionViewCell()
^~~~~~~~~~~~~~~~~~~~
/Users/admin/builder/spi-builder-workspace/Sources/DiffableUI/DiffableViewController.swift:124:23: error: cannot find type 'UICollectionView' in scope
_ collectionView: UICollectionView,
^~~~~~~~~~~~~~~~
/Users/admin/builder/spi-builder-workspace/Sources/DiffableUI/DiffableViewController.swift:132:23: error: cannot find type 'UICollectionView' in scope
_ collectionView: UICollectionView,
^~~~~~~~~~~~~~~~
/Users/admin/builder/spi-builder-workspace/Sources/DiffableUI/DiffableViewController.swift:133:23: error: cannot find type 'UICollectionViewCell' in scope
willDisplay cell: UICollectionViewCell,
^~~~~~~~~~~~~~~~~~~~
/Users/admin/builder/spi-builder-workspace/Sources/DiffableUI/DiffableViewController.swift:143:24: error: cannot find type 'UIContextMenuConfiguration' in scope
point: CGPoint) -> UIContextMenuConfiguration?
^~~~~~~~~~~~~~~~~~~~~~~~~~
/Users/admin/builder/spi-builder-workspace/Sources/DiffableUI/DiffableViewController.swift:141:23: error: cannot find type 'UICollectionView' in scope
_ collectionView: UICollectionView,
^~~~~~~~~~~~~~~~
/Users/admin/builder/spi-builder-workspace/Sources/DiffableUI/DiffableViewController.swift:153:56: error: cannot find type 'UITargetedPreview' in scope
highlightPreviewForItemAt indexPath: IndexPath) -> UITargetedPreview?
^~~~~~~~~~~~~~~~~
/Users/admin/builder/spi-builder-workspace/Sources/DiffableUI/DiffableViewController.swift:151:23: error: cannot find type 'UICollectionView' in scope
_ collectionView: UICollectionView,
^~~~~~~~~~~~~~~~
/Users/admin/builder/spi-builder-workspace/Sources/DiffableUI/DiffableViewController.swift:152:45: error: cannot find type 'UIContextMenuConfiguration' in scope
contextMenuConfiguration configuration: UIContextMenuConfiguration,
^~~~~~~~~~~~~~~~~~~~~~~~~~
/Users/admin/builder/spi-builder-workspace/Sources/DiffableUI/DiffableViewController.swift:161:56: error: cannot find type 'UITargetedPreview' in scope
dismissalPreviewForItemAt indexPath: IndexPath) -> UITargetedPreview?
^~~~~~~~~~~~~~~~~
/Users/admin/builder/spi-builder-workspace/Sources/DiffableUI/DiffableViewController.swift:159:23: error: cannot find type 'UICollectionView' in scope
_ collectionView: UICollectionView,
^~~~~~~~~~~~~~~~
/Users/admin/builder/spi-builder-workspace/Sources/DiffableUI/DiffableViewController.swift:160:45: error: cannot find type 'UIContextMenuConfiguration' in scope
contextMenuConfiguration configuration: UIContextMenuConfiguration,
^~~~~~~~~~~~~~~~~~~~~~~~~~
/Users/admin/builder/spi-builder-workspace/Sources/DiffableUI/DiffableViewController.swift:194:8: error: cannot find type 'UICollectionViewCell' in scope
-> UICollectionViewCell
^~~~~~~~~~~~~~~~~~~~
/Users/admin/builder/spi-builder-workspace/Sources/DiffableUI/DiffableViewController.swift:192:24: error: cannot find type 'UICollectionView' in scope
in collectionView: UICollectionView,
^~~~~~~~~~~~~~~~
/Users/admin/builder/spi-builder-workspace/Sources/DiffableUI/DiffableViewController.swift:109:33: error: cannot infer type of closure parameter 'collectionView' without a type annotation
cellProvider: { [weak self] collectionView, indexPath, _ in
^
/Users/admin/builder/spi-builder-workspace/Sources/DiffableUI/DiffableViewController.swift:109:49: error: cannot infer type of closure parameter 'indexPath' without a type annotation
cellProvider: { [weak self] collectionView, indexPath, _ in
^
/Users/admin/builder/spi-builder-workspace/Sources/DiffableUI/DiffableViewController.swift:109:60: error: cannot infer type of closure parameter '_' without a type annotation
cellProvider: { [weak self] collectionView, indexPath, _ in
^
/Users/admin/builder/spi-builder-workspace/Sources/DiffableUI/DiffableViewController.swift:14:30: error: cannot find type 'UICollectionViewCompositionalLayoutConfiguration' in scope
public init(configuration: UICollectionViewCompositionalLayoutConfiguration = .init()) {
^~~~~~~~~~~~~~~~~~~~~~~~~~~~~~~~~~~~~~~~~~~~~~~~
/Users/admin/builder/spi-builder-workspace/Sources/DiffableUI/DiffableViewController.swift:24:22: error: method does not override any method from its superclass
open override func viewDidLoad() {
~~~~~~~~ ^
/Users/admin/builder/spi-builder-workspace/Sources/DiffableUI/DiffableViewController.swift:78:18: error: cannot find type 'NSDiffableDataSourceSnapshot' in scope
newSnapshot: NSDiffableDataSourceSnapshot<SnapshotID, SnapshotID>)
^~~~~~~~~~~~~~~~~~~~~~~~~~~~
/Users/admin/builder/spi-builder-workspace/Sources/DiffableUI/DiffableViewController.swift:170:45: error: cannot find type 'UITargetedPreview' in scope
in collectionView: UICollectionView) -> UITargetedPreview?
^~~~~~~~~~~~~~~~~
/Users/admin/builder/spi-builder-workspace/Sources/DiffableUI/DiffableViewController.swift:170:24: error: cannot find type 'UICollectionView' in scope
in collectionView: UICollectionView) -> UITargetedPreview?
^~~~~~~~~~~~~~~~
/Users/admin/builder/spi-builder-workspace/Sources/DiffableUI/DiffableViewController.swift:12:36: error: cannot find type 'UICollectionViewController' in scope
open class DiffableViewController: UICollectionViewController {
^~~~~~~~~~~~~~~~~~~~~~~~~~
/Users/admin/builder/spi-builder-workspace/Sources/DiffableUI/DiffableViewController.swift:214:23: error: cannot find type 'UICollectionViewCompositionalLayoutConfiguration' in scope
init(configuration: UICollectionViewCompositionalLayoutConfiguration) {
^~~~~~~~~~~~~~~~~~~~~~~~~~~~~~~~~~~~~~~~~~~~~~~~
/Users/admin/builder/spi-builder-workspace/Sources/DiffableUI/DiffableViewController.swift:218:28: error: cannot find type 'UICollectionViewCompositionalLayout' in scope
var compositionalLayout: UICollectionViewCompositionalLayout {
^~~~~~~~~~~~~~~~~~~~~~~~~~~~~~~~~~~
/Users/admin/builder/spi-builder-workspace/Sources/DiffableUI/DiffableViewController.swift:226:24: error: cannot find type 'UICollectionViewCompositionalLayoutSectionProvider' in scope
var sectionProvider: UICollectionViewCompositionalLayoutSectionProvider?
^~~~~~~~~~~~~~~~~~~~~~~~~~~~~~~~~~~~~~~~~~~~~~~~~~
/Users/admin/builder/spi-builder-workspace/Sources/DiffableUI/DiffableViewController.swift:228:30: error: cannot find type 'UICollectionViewCompositionalLayoutConfiguration' in scope
private let configuration: UICollectionViewCompositionalLayoutConfiguration
^~~~~~~~~~~~~~~~~~~~~~~~~~~~~~~~~~~~~~~~~~~~~~~~
/Users/admin/builder/spi-builder-workspace/Sources/DiffableUI/Items/ContextMenu.swift:12:23: error: cannot find type 'UIMenu' in scope
init(item: T, menu: UIMenu, previewPadding: CGFloat?, previewCornerRadius: CGFloat) {
^~~~~~
/Users/admin/builder/spi-builder-workspace/Sources/DiffableUI/Items/ContextMenu.swift:20:14: error: cannot find type 'UIMenu' in scope
let _menu: UIMenu
^~~~~~
/Users/admin/builder/spi-builder-workspace/Sources/DiffableUI/Items/ContextMenu.swift:32:45: error: cannot find type 'UIContextMenuConfiguration' in scope
public func contextMenuConfiguration() -> UIContextMenuConfiguration? {
^~~~~~~~~~~~~~~~~~~~~~~~~~
/Users/admin/builder/spi-builder-workspace/Sources/DiffableUI/Items/ContextMenu.swift:36:69: error: cannot find type 'UIPreviewParameters' in scope
public func contextMenuPreviewParameters(for cell: T.CellType) -> UIPreviewParameters? {
^~~~~~~~~~~~~~~~~~~
/Users/admin/builder/spi-builder-workspace/Sources/DiffableUI/Items/ContextMenu.swift:60:13: error: cannot find type 'UIMenu' in scope
_ menu: UIMenu,
^~~~~~
/Users/admin/builder/spi-builder-workspace/Sources/DiffableUI/Items/Padding.swift:45:45: error: cannot find type 'UIContextMenuConfiguration' in scope
public func contextMenuConfiguration() -> UIContextMenuConfiguration? {
^~~~~~~~~~~~~~~~~~~~~~~~~~
/Users/admin/builder/spi-builder-workspace/Sources/DiffableUI/Items/Padding.swift:49:69: error: cannot find type 'UIPreviewParameters' in scope
public func contextMenuPreviewParameters(for cell: T.CellType) -> UIPreviewParameters? {
^~~~~~~~~~~~~~~~~~~
/Users/admin/builder/spi-builder-workspace/Sources/DiffableUI/Items/Tappable.swift:49:45: error: cannot find type 'UIContextMenuConfiguration' in scope
public func contextMenuConfiguration() -> UIContextMenuConfiguration? {
^~~~~~~~~~~~~~~~~~~~~~~~~~
/Users/admin/builder/spi-builder-workspace/Sources/DiffableUI/Items/Tappable.swift:53:69: error: cannot find type 'UIPreviewParameters' in scope
public func contextMenuPreviewParameters(for cell: T.CellType) -> UIPreviewParameters? {
^~~~~~~~~~~~~~~~~~~
/Users/admin/builder/spi-builder-workspace/Sources/DiffableUI/Items/Taskable.swift:59:45: error: cannot find type 'UIContextMenuConfiguration' in scope
public func contextMenuConfiguration() -> UIContextMenuConfiguration? {
^~~~~~~~~~~~~~~~~~~~~~~~~~
/Users/admin/builder/spi-builder-workspace/Sources/DiffableUI/Items/Taskable.swift:63:69: error: cannot find type 'UIPreviewParameters' in scope
public func contextMenuPreviewParameters(for cell: T.CellType) -> UIPreviewParameters? {
^~~~~~~~~~~~~~~~~~~
/Users/admin/builder/spi-builder-workspace/Sources/DiffableUI/UI/CollectionViewCell.swift:14:19: error: initializer does not override a designated initializer from its superclass
override public init(frame: CGRect) {
~~~~~~~~ ^
/Users/admin/builder/spi-builder-workspace/Sources/DiffableUI/UI/CollectionViewCell.swift:12:32: error: cannot find type 'UICollectionViewCell' in scope
open class CollectionViewCell: UICollectionViewCell {
^~~~~~~~~~~~~~~~~~~~
/Users/admin/builder/spi-builder-workspace/Sources/DiffableUI/UI/Extensions/UIView+Constraints.swift:15:44: error: cannot find type 'UILayoutGuide' in scope
func constrainVertically(to layoutGuide: UILayoutGuide) -> Self {
^~~~~~~~~~~~~
/Users/admin/builder/spi-builder-workspace/Sources/DiffableUI/UI/Extensions/UIView+Constraints.swift:25:37: error: 'UIView' is unavailable: This Objective-C class has only been forward-declared; import its owning module to use it
func constrainVertically(to view: UIView) -> Self {
^~~~~~
UIKit.UIView:2:14: note: 'UIView' has been explicitly marked unavailable here
public class UIView {
^
/Users/admin/builder/spi-builder-workspace/Sources/DiffableUI/UI/Extensions/UIView+Constraints.swift:35:46: error: cannot find type 'UILayoutGuide' in scope
func constrainHorizontally(to layoutGuide: UILayoutGuide) -> Self {
^~~~~~~~~~~~~
/Users/admin/builder/spi-builder-workspace/Sources/DiffableUI/UI/Extensions/UIView+Constraints.swift:45:39: error: 'UIView' is unavailable: This Objective-C class has only been forward-declared; import its owning module to use it
func constrainHorizontally(to view: UIView) -> Self {
^~~~~~
UIKit.UIView:2:14: note: 'UIView' has been explicitly marked unavailable here
public class UIView {
^
/Users/admin/builder/spi-builder-workspace/Sources/DiffableUI/UI/Extensions/UIView+Constraints.swift:54:42: error: 'UIView' is unavailable: This Objective-C class has only been forward-declared; import its owning module to use it
func constrainToLayoutMargins(of view: UIView) {
^~~~~~
UIKit.UIView:2:14: note: 'UIView' has been explicitly marked unavailable here
public class UIView {
^
/Users/admin/builder/spi-builder-workspace/Sources/DiffableUI/UI/Extensions/UIView+Constraints.swift:60:34: error: 'UIView' is unavailable: This Objective-C class has only been forward-declared; import its owning module to use it
func constrainToEdges(of view: UIView) {
^~~~~~
UIKit.UIView:2:14: note: 'UIView' has been explicitly marked unavailable here
public class UIView {
^
/Users/admin/builder/spi-builder-workspace/Sources/DiffableUI/UI/Extensions/UIView+Constraints.swift:70:24: error: 'UIView' is unavailable: This Objective-C class has only been forward-declared; import its owning module to use it
func center(in view: UIView) {
^~~~~~
UIKit.UIView:2:14: note: 'UIView' has been explicitly marked unavailable here
public class UIView {
^
/Users/admin/builder/spi-builder-workspace/Sources/DiffableUI/UI/Extensions/UIView+Constraints.swift:12:11: error: 'UIView' is unavailable: This Objective-C class has only been forward-declared; import its owning module to use it
extension UIView {
^~~~~~
UIKit.UIView:2:14: note: 'UIView' has been explicitly marked unavailable here
public class UIView {
^
/Users/admin/builder/spi-builder-workspace/Sources/DiffableUI/UI/Items/ActivityIndicator.swift:29:27: error: cannot find 'UIActivityIndicatorView' in scope
let activityIndicator = UIActivityIndicatorView()
^~~~~~~~~~~~~~~~~~~~~~~
/Users/admin/builder/spi-builder-workspace/Sources/DiffableUI/UI/Items/Empty.swift:17:31: error: cannot find type 'UICollectionViewCell' in scope
public func configure(cell: UICollectionViewCell) {}
^~~~~~~~~~~~~~~~~~~~
/Users/admin/builder/spi-builder-workspace/Sources/DiffableUI/UI/Items/Empty.swift:12:15: error: type 'Empty' does not conform to protocol 'CollectionItem'
public struct Empty: CollectionItem {
^
/Users/admin/builder/spi-builder-workspace/Sources/DiffableUI/UI/Items/Empty.swift:12:15: note: add stubs for conformance
public struct Empty: CollectionItem {
^
/Users/admin/builder/spi-builder-workspace/Sources/DiffableUI/CollectionItem.swift:19:18: note: protocol requires nested type 'CellType'
associatedtype CellType: UICollectionViewCell
^
/Users/admin/builder/spi-builder-workspace/Sources/DiffableUI/CollectionItem.swift:20:18: note: protocol requires nested type 'ItemType'
associatedtype ItemType: Hashable & Equatable
^
/Users/admin/builder/spi-builder-workspace/Sources/DiffableUI/UI/Items/HostingItem.swift:49:33: error: cannot find type 'UICollectionViewCell' in scope
public func configure(cell: UICollectionViewCell) {
^~~~~~~~~~~~~~~~~~~~
/Users/admin/builder/spi-builder-workspace/Sources/DiffableUI/UI/Items/HostingItem.swift:54:47: error: cannot find type 'UIContextMenuConfiguration' in scope
public func contextMenuConfiguration() -> UIContextMenuConfiguration? { nil }
^~~~~~~~~~~~~~~~~~~~~~~~~~
/Users/admin/builder/spi-builder-workspace/Sources/DiffableUI/UI/Items/HostingItem.swift:22:15: error: type 'HostingItem<Content>' does not conform to protocol 'CollectionItem'
public struct HostingItem<Content: View>: CollectionItem {
^
/Users/admin/builder/spi-builder-workspace/Sources/DiffableUI/UI/Items/HostingItem.swift:22:15: note: add stubs for conformance
public struct HostingItem<Content: View>: CollectionItem {
^
/Users/admin/builder/spi-builder-workspace/Sources/DiffableUI/CollectionItem.swift:19:18: note: protocol requires nested type 'CellType'
associatedtype CellType: UICollectionViewCell
^
/Users/admin/builder/spi-builder-workspace/Sources/DiffableUI/CollectionItem.swift:20:18: note: protocol requires nested type 'ItemType'
associatedtype ItemType: Hashable & Equatable
^
/Users/admin/builder/spi-builder-workspace/Sources/DiffableUI/UI/Items/Label.swift:35:31: error: type 'UIColor' has no member 'label'
var textColor: UIColor = .label
~^~~~~
/Users/admin/builder/spi-builder-workspace/Sources/DiffableUI/UI/Items/Label.swift:94:17: error: cannot find 'UILabel' in scope
let label = UILabel()
^~~~~~~
/Users/admin/builder/spi-builder-workspace/Sources/DiffableUI/UI/Items/Toggle.swift:62:24: error: cannot find 'UISwitch' in scope
private let toggle = UISwitch()
^~~~~~~~
/Users/admin/builder/spi-builder-workspace/Sources/DiffableUI/UI/Sections/Grid.swift:125:25: error: cannot find type 'NSCollectionLayoutDimension' in scope
var itemHeight: NSCollectionLayoutDimension?
^~~~~~~~~~~~~~~~~~~~~~~~~~~
/Users/admin/builder/spi-builder-workspace/Sources/DiffableUI/UI/Sections/Grid.swift:129:37: error: cannot find type 'UIContentInsetsReference' in scope
var contentInsetsReference: UIContentInsetsReference = .automatic
^~~~~~~~~~~~~~~~~~~~~~~~
/Users/admin/builder/spi-builder-workspace/Sources/DiffableUI/UI/Sections/Grid.swift:58:71: error: cannot find type 'NSCollectionLayoutSection' in scope
public func layout(environment: NSCollectionLayoutEnvironment) -> NSCollectionLayoutSection {
^~~~~~~~~~~~~~~~~~~~~~~~~
/Users/admin/builder/spi-builder-workspace/Sources/DiffableUI/UI/Sections/Grid.swift:58:37: error: cannot find type 'NSCollectionLayoutEnvironment' in scope
public func layout(environment: NSCollectionLayoutEnvironment) -> NSCollectionLayoutSection {
^~~~~~~~~~~~~~~~~~~~~~~~~~~~~
/Users/admin/builder/spi-builder-workspace/Sources/DiffableUI/UI/Sections/Grid.swift:157:41: error: cannot find type 'NSCollectionLayoutDimension' in scope
public func itemHeight(_ dimension: NSCollectionLayoutDimension) -> Self {
^~~~~~~~~~~~~~~~~~~~~~~~~~~
/Users/admin/builder/spi-builder-workspace/Sources/DiffableUI/UI/Sections/Grid.swift:188:66: error: cannot find type 'UIContentInsetsReference' in scope
public func contentInsetsReference(_ contentInsetsReference: UIContentInsetsReference) -> Self {
^~~~~~~~~~~~~~~~~~~~~~~~
/Users/admin/builder/spi-builder-workspace/Sources/DiffableUI/UI/Sections/List.swift:55:21: error: cannot find type 'NSCollectionLayoutDimension' in scope
var itemHeight: NSCollectionLayoutDimension?
^~~~~~~~~~~~~~~~~~~~~~~~~~~
/Users/admin/builder/spi-builder-workspace/Sources/DiffableUI/UI/Sections/List.swift:57:33: error: cannot find type 'UIContentInsetsReference' in scope
var contentInsetsReference: UIContentInsetsReference = .automatic
^~~~~~~~~~~~~~~~~~~~~~~~
/Users/admin/builder/spi-builder-workspace/Sources/DiffableUI/UI/Sections/List.swift:18:69: error: cannot find type 'NSCollectionLayoutSection' in scope
public func layout(environment: NSCollectionLayoutEnvironment) -> NSCollectionLayoutSection {
^~~~~~~~~~~~~~~~~~~~~~~~~
/Users/admin/builder/spi-builder-workspace/Sources/DiffableUI/UI/Sections/List.swift:18:35: error: cannot find type 'NSCollectionLayoutEnvironment' in scope
public func layout(environment: NSCollectionLayoutEnvironment) -> NSCollectionLayoutSection {
^~~~~~~~~~~~~~~~~~~~~~~~~~~~~
/Users/admin/builder/spi-builder-workspace/Sources/DiffableUI/UI/Sections/List.swift:60:39: error: cannot find type 'NSCollectionLayoutDimension' in scope
public func itemHeight(_ dimension: NSCollectionLayoutDimension) -> Self {
^~~~~~~~~~~~~~~~~~~~~~~~~~~
/Users/admin/builder/spi-builder-workspace/Sources/DiffableUI/UI/Sections/List.swift:66:64: error: cannot find type 'UIContentInsetsReference' in scope
public func contentInsetsReference(_ contentInsetsReference: UIContentInsetsReference) -> Self {
^~~~~~~~~~~~~~~~~~~~~~~~
SwiftEmitModule normal arm64 Emitting\ module\ for\ DiffableUI (in target 'DiffableUI' from project 'DiffableUI')
EmitSwiftModule normal arm64 (in target 'DiffableUI' from project 'DiffableUI')
cd /Users/admin/builder/spi-builder-workspace/.swiftpm/xcode
SwiftEmitModule normal arm64_32 Emitting\ module\ for\ DiffableUI (in target 'DiffableUI' from project 'DiffableUI')
Failed frontend command:
/Applications/Xcode-16.3.0.app/Contents/Developer/Toolchains/XcodeDefault.xctoolchain/usr/bin/swift-frontend -frontend -emit-module -experimental-skip-non-inlinable-function-bodies-without-types /Users/admin/builder/spi-builder-workspace/Sources/DiffableUI/CollectionItem.swift /Users/admin/builder/spi-builder-workspace/Sources/DiffableUI/CollectionSection.swift /Users/admin/builder/spi-builder-workspace/Sources/DiffableUI/DiffableViewController.swift /Users/admin/builder/spi-builder-workspace/Sources/DiffableUI/Items/ContextMenu.swift /Users/admin/builder/spi-builder-workspace/Sources/DiffableUI/Items/ForEach.swift /Users/admin/builder/spi-builder-workspace/Sources/DiffableUI/Items/Padding.swift /Users/admin/builder/spi-builder-workspace/Sources/DiffableUI/Items/Tappable.swift /Users/admin/builder/spi-builder-workspace/Sources/DiffableUI/Items/Taskable.swift /Users/admin/builder/spi-builder-workspace/Sources/DiffableUI/ResultBuilders/CollectionItemBuilder.swift /Users/admin/builder/spi-builder-workspace/Sources/DiffableUI/ResultBuilders/CollectionViewBuilder.swift /Users/admin/builder/spi-builder-workspace/Sources/DiffableUI/UI/CollectionViewCell.swift /Users/admin/builder/spi-builder-workspace/Sources/DiffableUI/UI/Extensions/NSDirectionalEdgeInsets+Init.swift /Users/admin/builder/spi-builder-workspace/Sources/DiffableUI/UI/Extensions/UIView+Constraints.swift /Users/admin/builder/spi-builder-workspace/Sources/DiffableUI/UI/Items/ActivityIndicator.swift /Users/admin/builder/spi-builder-workspace/Sources/DiffableUI/UI/Items/Empty.swift /Users/admin/builder/spi-builder-workspace/Sources/DiffableUI/UI/Items/HostingItem.swift /Users/admin/builder/spi-builder-workspace/Sources/DiffableUI/UI/Items/Label.swift /Users/admin/builder/spi-builder-workspace/Sources/DiffableUI/UI/Items/Toggle.swift /Users/admin/builder/spi-builder-workspace/Sources/DiffableUI/UI/Sections/Grid.swift /Users/admin/builder/spi-builder-workspace/Sources/DiffableUI/UI/Sections/List.swift -target arm64_32-apple-watchos7.0 -enable-objc-interop -sdk /Applications/Xcode-16.3.0.app/Contents/Developer/Platforms/WatchOS.platform/Developer/SDKs/WatchOS11.4.sdk -I /Users/admin/builder/spi-builder-workspace/.derivedData/Build/Products/Debug-watchos -I /Applications/Xcode-16.3.0.app/Contents/Developer/Platforms/WatchOS.platform/Developer/usr/lib -F /Users/admin/builder/spi-builder-workspace/.derivedData/Build/Products/Debug-watchos -F /Applications/Xcode-16.3.0.app/Contents/Developer/Platforms/WatchOS.platform/Developer/Library/Frameworks -F /Applications/Xcode-16.3.0.app/Contents/Developer/Platforms/WatchOS.platform/Developer/SDKs/WatchOS11.4.sdk/Developer/Library/Frameworks -no-color-diagnostics -enable-testing -g -debug-info-format\=dwarf -dwarf-version\=4 -module-cache-path /Users/admin/builder/spi-builder-workspace/.derivedData/ModuleCache.noindex -profile-generate -profile-coverage-mapping -swift-version 6 -enforce-exclusivity\=checked -stats-output-dir /Users/admin/builder/spi-builder-workspace/.swiftpm/xcode/.stats -Onone -D SWIFT_PACKAGE -D DEBUG -serialize-debugging-options -const-gather-protocols-file /Users/admin/builder/spi-builder-workspace/.derivedData/Build/Intermediates.noindex/DiffableUI.build/Debug-watchos/DiffableUI.build/Objects-normal/arm64_32/DiffableUI_const_extract_protocols.json -enable-experimental-feature DebugDescriptionMacro -empty-abi-descriptor -plugin-path /Applications/Xcode-16.3.0.app/Contents/Developer/Toolchains/XcodeDefault.xctoolchain/usr/lib/swift/host/plugins/testing -validate-clang-modules-once -clang-build-session-file /Users/admin/builder/spi-builder-workspace/.derivedData/ModuleCache.noindex/Session.modulevalidation -Xcc -working-directory -Xcc /Users/admin/builder/spi-builder-workspace/.swiftpm/xcode -resource-dir /Applications/Xcode-16.3.0.app/Contents/Developer/Toolchains/XcodeDefault.xctoolchain/usr/lib/swift -enable-anonymous-context-mangled-names -file-compilation-dir /Users/admin/builder/spi-builder-workspace/.swiftpm/xcode -Xcc -ivfsstatcache -Xcc /Users/admin/builder/spi-builder-workspace/.derivedData/SDKStatCaches.noindex/watchos11.4-22T246-43efb940ff07ba2497b70ec94253f576.sdkstatcache -Xcc -I/Users/admin/builder/spi-builder-workspace/.derivedData/Build/Intermediates.noindex/DiffableUI.build/Debug-watchos/DiffableUI.build/swift-overrides.hmap -Xcc -I/Users/admin/builder/spi-builder-workspace/.derivedData/Build/Products/Debug-watchos/include -Xcc -I/Users/admin/builder/spi-builder-workspace/.derivedData/Build/Intermediates.noindex/DiffableUI.build/Debug-watchos/DiffableUI.build/DerivedSources-normal/arm64_32 -Xcc -I/Users/admin/builder/spi-builder-workspace/.derivedData/Build/Intermediates.noindex/DiffableUI.build/Debug-watchos/DiffableUI.build/DerivedSources/arm64_32 -Xcc -I/Users/admin/builder/spi-builder-workspace/.derivedData/Build/Intermediates.noindex/DiffableUI.build/Debug-watchos/DiffableUI.build/DerivedSources -Xcc -DSWIFT_PACKAGE -Xcc -DDEBUG\=1 -module-name DiffableUI -package-name spi_builder_workspace -frontend-parseable-output -disable-clang-spi -target-sdk-version 11.4 -target-sdk-name watchos11.4 -external-plugin-path /Applications/Xcode-16.3.0.app/Contents/Developer/Platforms/WatchOS.platform/Developer/usr/lib/swift/host/plugins\#/Applications/Xcode-16.3.0.app/Contents/Developer/Platforms/WatchOS.platform/Developer/usr/bin/swift-plugin-server -external-plugin-path /Applications/Xcode-16.3.0.app/Contents/Developer/Platforms/WatchOS.platform/Developer/usr/local/lib/swift/host/plugins\#/Applications/Xcode-16.3.0.app/Contents/Developer/Platforms/WatchOS.platform/Developer/usr/bin/swift-plugin-server -in-process-plugin-server-path /Applications/Xcode-16.3.0.app/Contents/Developer/Toolchains/XcodeDefault.xctoolchain/usr/lib/swift/host/libSwiftInProcPluginServer.dylib -plugin-path /Applications/Xcode-16.3.0.app/Contents/Developer/Toolchains/XcodeDefault.xctoolchain/usr/lib/swift/host/plugins -plugin-path /Applications/Xcode-16.3.0.app/Contents/Developer/Toolchains/XcodeDefault.xctoolchain/usr/local/lib/swift/host/plugins -emit-module-doc-path /Users/admin/builder/spi-builder-workspace/.derivedData/Build/Intermediates.noindex/DiffableUI.build/Debug-watchos/DiffableUI.build/Objects-normal/arm64_32/DiffableUI.swiftdoc -emit-module-source-info-path /Users/admin/builder/spi-builder-workspace/.derivedData/Build/Intermediates.noindex/DiffableUI.build/Debug-watchos/DiffableUI.build/Objects-normal/arm64_32/DiffableUI.swiftsourceinfo -emit-objc-header-path /Users/admin/builder/spi-builder-workspace/.derivedData/Build/Intermediates.noindex/DiffableUI.build/Debug-watchos/DiffableUI.build/Objects-normal/arm64_32/DiffableUI-Swift.h -serialize-diagnostics-path /Users/admin/builder/spi-builder-workspace/.derivedData/Build/Intermediates.noindex/DiffableUI.build/Debug-watchos/DiffableUI.build/Objects-normal/arm64_32/DiffableUI-master-emit-module.dia -emit-dependencies-path /Users/admin/builder/spi-builder-workspace/.derivedData/Build/Intermediates.noindex/DiffableUI.build/Debug-watchos/DiffableUI.build/Objects-normal/arm64_32/DiffableUI-master-emit-module.d -o /Users/admin/builder/spi-builder-workspace/.derivedData/Build/Intermediates.noindex/DiffableUI.build/Debug-watchos/DiffableUI.build/Objects-normal/arm64_32/DiffableUI.swiftmodule -emit-abi-descriptor-path /Users/admin/builder/spi-builder-workspace/.derivedData/Build/Intermediates.noindex/DiffableUI.build/Debug-watchos/DiffableUI.build/Objects-normal/arm64_32/DiffableUI.abi.json
EmitSwiftModule normal arm64_32 (in target 'DiffableUI' from project 'DiffableUI')
cd /Users/admin/builder/spi-builder-workspace/.swiftpm/xcode
/Users/admin/builder/spi-builder-workspace/Sources/DiffableUI/CollectionItem.swift:19:28: error: cannot find type 'UICollectionViewCell' in scope
associatedtype CellType: UICollectionViewCell
^~~~~~~~~~~~~~~~~~~~
/Users/admin/builder/spi-builder-workspace/Sources/DiffableUI/CollectionItem.swift:29:49: error: cannot find type 'UIContextMenuConfiguration' in scope
@MainActor func contextMenuConfiguration() -> UIContextMenuConfiguration?
^~~~~~~~~~~~~~~~~~~~~~~~~~
/Users/admin/builder/spi-builder-workspace/Sources/DiffableUI/CollectionItem.swift:33:71: error: cannot find type 'UIPreviewParameters' in scope
@MainActor func contextMenuPreviewParameters(for cell: CellType) -> UIPreviewParameters?
^~~~~~~~~~~~~~~~~~~
/Users/admin/builder/spi-builder-workspace/Sources/DiffableUI/CollectionItem.swift:46:56: error: cannot find type 'UIContextMenuConfiguration' in scope
@MainActor public func contextMenuConfiguration() -> UIContextMenuConfiguration? {
^~~~~~~~~~~~~~~~~~~~~~~~~~
/Users/admin/builder/spi-builder-workspace/Sources/DiffableUI/CollectionItem.swift:50:78: error: cannot find type 'UIPreviewParameters' in scope
@MainActor public func contextMenuPreviewParameters(for cell: CellType) -> UIPreviewParameters? {
^~~~~~~~~~~~~~~~~~~
/Users/admin/builder/spi-builder-workspace/Sources/DiffableUI/CollectionItem.swift:58:41: error: cannot find type 'UICollectionViewCell' in scope
@MainActor func configureCell(_ cell: UICollectionViewCell) {
^~~~~~~~~~~~~~~~~~~~
/Users/admin/builder/spi-builder-workspace/Sources/DiffableUI/CollectionItem.swift:63:44: error: cannot find type 'UICollectionViewCell' in scope
@MainActor func setCellBehaviors(_ cell: UICollectionViewCell) {
^~~~~~~~~~~~~~~~~~~~
/Users/admin/builder/spi-builder-workspace/Sources/DiffableUI/CollectionItem.swift:68:88: error: cannot find type 'UIPreviewParameters' in scope
@MainActor func contextMenuPreviewParametersForCell(_ cell: UICollectionViewCell) -> UIPreviewParameters? {
^~~~~~~~~~~~~~~~~~~
/Users/admin/builder/spi-builder-workspace/Sources/DiffableUI/CollectionItem.swift:68:63: error: cannot find type 'UICollectionViewCell' in scope
@MainActor func contextMenuPreviewParametersForCell(_ cell: UICollectionViewCell) -> UIPreviewParameters? {
^~~~~~~~~~~~~~~~~~~~
/Users/admin/builder/spi-builder-workspace/Sources/DiffableUI/CollectionSection.swift:17:73: error: cannot find type 'NSCollectionLayoutSection' in scope
@MainActor func layout(environment: NSCollectionLayoutEnvironment) -> NSCollectionLayoutSection
^~~~~~~~~~~~~~~~~~~~~~~~~
/Users/admin/builder/spi-builder-workspace/Sources/DiffableUI/CollectionSection.swift:17:39: error: cannot find type 'NSCollectionLayoutEnvironment' in scope
@MainActor func layout(environment: NSCollectionLayoutEnvironment) -> NSCollectionLayoutSection
^~~~~~~~~~~~~~~~~~~~~~~~~~~~~
/Users/admin/builder/spi-builder-workspace/Sources/DiffableUI/CollectionSection.swift:62:67: error: cannot find type 'NSDiffableDataSourceSnapshot' in scope
mutating func snapshot(of sections: [any CollectionSection]) -> NSDiffableDataSourceSnapshot<SnapshotID, SnapshotID> {
^~~~~~~~~~~~~~~~~~~~~~~~~~~~
/Users/admin/builder/spi-builder-workspace/Sources/DiffableUI/DiffableViewController.swift:107:41: error: cannot find 'UICollectionViewDiffableDataSource' in scope
private lazy var diffableDataSource = UICollectionViewDiffableDataSource<SnapshotID, SnapshotID>(
^~~~~~~~~~~~~~~~~~~~~~~~~~~~~~~~~~
/Users/admin/builder/spi-builder-workspace/Sources/DiffableUI/DiffableViewController.swift:110:56: error: cannot find 'UICollectionViewCell' in scope
self?.cell(in: collectionView, at: indexPath) ?? UICollectionViewCell()
^~~~~~~~~~~~~~~~~~~~
/Users/admin/builder/spi-builder-workspace/Sources/DiffableUI/DiffableViewController.swift:124:23: error: cannot find type 'UICollectionView' in scope
_ collectionView: UICollectionView,
^~~~~~~~~~~~~~~~
/Users/admin/builder/spi-builder-workspace/Sources/DiffableUI/DiffableViewController.swift:132:23: error: cannot find type 'UICollectionView' in scope
_ collectionView: UICollectionView,
^~~~~~~~~~~~~~~~
/Users/admin/builder/spi-builder-workspace/Sources/DiffableUI/DiffableViewController.swift:133:23: error: cannot find type 'UICollectionViewCell' in scope
willDisplay cell: UICollectionViewCell,
^~~~~~~~~~~~~~~~~~~~
/Users/admin/builder/spi-builder-workspace/Sources/DiffableUI/DiffableViewController.swift:143:24: error: cannot find type 'UIContextMenuConfiguration' in scope
point: CGPoint) -> UIContextMenuConfiguration?
^~~~~~~~~~~~~~~~~~~~~~~~~~
/Users/admin/builder/spi-builder-workspace/Sources/DiffableUI/DiffableViewController.swift:141:23: error: cannot find type 'UICollectionView' in scope
_ collectionView: UICollectionView,
^~~~~~~~~~~~~~~~
/Users/admin/builder/spi-builder-workspace/Sources/DiffableUI/DiffableViewController.swift:153:56: error: cannot find type 'UITargetedPreview' in scope
highlightPreviewForItemAt indexPath: IndexPath) -> UITargetedPreview?
^~~~~~~~~~~~~~~~~
/Users/admin/builder/spi-builder-workspace/Sources/DiffableUI/DiffableViewController.swift:151:23: error: cannot find type 'UICollectionView' in scope
_ collectionView: UICollectionView,
^~~~~~~~~~~~~~~~
/Users/admin/builder/spi-builder-workspace/Sources/DiffableUI/DiffableViewController.swift:152:45: error: cannot find type 'UIContextMenuConfiguration' in scope
contextMenuConfiguration configuration: UIContextMenuConfiguration,
^~~~~~~~~~~~~~~~~~~~~~~~~~
/Users/admin/builder/spi-builder-workspace/Sources/DiffableUI/DiffableViewController.swift:161:56: error: cannot find type 'UITargetedPreview' in scope
dismissalPreviewForItemAt indexPath: IndexPath) -> UITargetedPreview?
^~~~~~~~~~~~~~~~~
/Users/admin/builder/spi-builder-workspace/Sources/DiffableUI/DiffableViewController.swift:159:23: error: cannot find type 'UICollectionView' in scope
_ collectionView: UICollectionView,
^~~~~~~~~~~~~~~~
/Users/admin/builder/spi-builder-workspace/Sources/DiffableUI/DiffableViewController.swift:160:45: error: cannot find type 'UIContextMenuConfiguration' in scope
contextMenuConfiguration configuration: UIContextMenuConfiguration,
^~~~~~~~~~~~~~~~~~~~~~~~~~
/Users/admin/builder/spi-builder-workspace/Sources/DiffableUI/DiffableViewController.swift:194:8: error: cannot find type 'UICollectionViewCell' in scope
-> UICollectionViewCell
^~~~~~~~~~~~~~~~~~~~
/Users/admin/builder/spi-builder-workspace/Sources/DiffableUI/DiffableViewController.swift:192:24: error: cannot find type 'UICollectionView' in scope
in collectionView: UICollectionView,
^~~~~~~~~~~~~~~~
/Users/admin/builder/spi-builder-workspace/Sources/DiffableUI/DiffableViewController.swift:109:33: error: cannot infer type of closure parameter 'collectionView' without a type annotation
cellProvider: { [weak self] collectionView, indexPath, _ in
^
/Users/admin/builder/spi-builder-workspace/Sources/DiffableUI/DiffableViewController.swift:109:49: error: cannot infer type of closure parameter 'indexPath' without a type annotation
cellProvider: { [weak self] collectionView, indexPath, _ in
^
/Users/admin/builder/spi-builder-workspace/Sources/DiffableUI/DiffableViewController.swift:109:60: error: cannot infer type of closure parameter '_' without a type annotation
cellProvider: { [weak self] collectionView, indexPath, _ in
^
/Users/admin/builder/spi-builder-workspace/Sources/DiffableUI/DiffableViewController.swift:14:30: error: cannot find type 'UICollectionViewCompositionalLayoutConfiguration' in scope
public init(configuration: UICollectionViewCompositionalLayoutConfiguration = .init()) {
^~~~~~~~~~~~~~~~~~~~~~~~~~~~~~~~~~~~~~~~~~~~~~~~
/Users/admin/builder/spi-builder-workspace/Sources/DiffableUI/DiffableViewController.swift:24:22: error: method does not override any method from its superclass
open override func viewDidLoad() {
~~~~~~~~ ^
/Users/admin/builder/spi-builder-workspace/Sources/DiffableUI/DiffableViewController.swift:78:18: error: cannot find type 'NSDiffableDataSourceSnapshot' in scope
newSnapshot: NSDiffableDataSourceSnapshot<SnapshotID, SnapshotID>)
^~~~~~~~~~~~~~~~~~~~~~~~~~~~
/Users/admin/builder/spi-builder-workspace/Sources/DiffableUI/DiffableViewController.swift:170:45: error: cannot find type 'UITargetedPreview' in scope
in collectionView: UICollectionView) -> UITargetedPreview?
^~~~~~~~~~~~~~~~~
/Users/admin/builder/spi-builder-workspace/Sources/DiffableUI/DiffableViewController.swift:170:24: error: cannot find type 'UICollectionView' in scope
in collectionView: UICollectionView) -> UITargetedPreview?
^~~~~~~~~~~~~~~~
/Users/admin/builder/spi-builder-workspace/Sources/DiffableUI/DiffableViewController.swift:12:36: error: cannot find type 'UICollectionViewController' in scope
open class DiffableViewController: UICollectionViewController {
^~~~~~~~~~~~~~~~~~~~~~~~~~
/Users/admin/builder/spi-builder-workspace/Sources/DiffableUI/DiffableViewController.swift:214:23: error: cannot find type 'UICollectionViewCompositionalLayoutConfiguration' in scope
init(configuration: UICollectionViewCompositionalLayoutConfiguration) {
^~~~~~~~~~~~~~~~~~~~~~~~~~~~~~~~~~~~~~~~~~~~~~~~
/Users/admin/builder/spi-builder-workspace/Sources/DiffableUI/DiffableViewController.swift:218:28: error: cannot find type 'UICollectionViewCompositionalLayout' in scope
var compositionalLayout: UICollectionViewCompositionalLayout {
^~~~~~~~~~~~~~~~~~~~~~~~~~~~~~~~~~~
/Users/admin/builder/spi-builder-workspace/Sources/DiffableUI/DiffableViewController.swift:226:24: error: cannot find type 'UICollectionViewCompositionalLayoutSectionProvider' in scope
var sectionProvider: UICollectionViewCompositionalLayoutSectionProvider?
^~~~~~~~~~~~~~~~~~~~~~~~~~~~~~~~~~~~~~~~~~~~~~~~~~
/Users/admin/builder/spi-builder-workspace/Sources/DiffableUI/DiffableViewController.swift:228:30: error: cannot find type 'UICollectionViewCompositionalLayoutConfiguration' in scope
private let configuration: UICollectionViewCompositionalLayoutConfiguration
^~~~~~~~~~~~~~~~~~~~~~~~~~~~~~~~~~~~~~~~~~~~~~~~
/Users/admin/builder/spi-builder-workspace/Sources/DiffableUI/Items/ContextMenu.swift:12:23: error: cannot find type 'UIMenu' in scope
init(item: T, menu: UIMenu, previewPadding: CGFloat?, previewCornerRadius: CGFloat) {
^~~~~~
/Users/admin/builder/spi-builder-workspace/Sources/DiffableUI/Items/ContextMenu.swift:20:14: error: cannot find type 'UIMenu' in scope
let _menu: UIMenu
^~~~~~
/Users/admin/builder/spi-builder-workspace/Sources/DiffableUI/Items/ContextMenu.swift:32:45: error: cannot find type 'UIContextMenuConfiguration' in scope
public func contextMenuConfiguration() -> UIContextMenuConfiguration? {
^~~~~~~~~~~~~~~~~~~~~~~~~~
/Users/admin/builder/spi-builder-workspace/Sources/DiffableUI/Items/ContextMenu.swift:36:69: error: cannot find type 'UIPreviewParameters' in scope
public func contextMenuPreviewParameters(for cell: T.CellType) -> UIPreviewParameters? {
^~~~~~~~~~~~~~~~~~~
/Users/admin/builder/spi-builder-workspace/Sources/DiffableUI/Items/ContextMenu.swift:60:13: error: cannot find type 'UIMenu' in scope
_ menu: UIMenu,
^~~~~~
/Users/admin/builder/spi-builder-workspace/Sources/DiffableUI/Items/Padding.swift:45:45: error: cannot find type 'UIContextMenuConfiguration' in scope
public func contextMenuConfiguration() -> UIContextMenuConfiguration? {
^~~~~~~~~~~~~~~~~~~~~~~~~~
/Users/admin/builder/spi-builder-workspace/Sources/DiffableUI/Items/Padding.swift:49:69: error: cannot find type 'UIPreviewParameters' in scope
public func contextMenuPreviewParameters(for cell: T.CellType) -> UIPreviewParameters? {
^~~~~~~~~~~~~~~~~~~
/Users/admin/builder/spi-builder-workspace/Sources/DiffableUI/Items/Tappable.swift:49:45: error: cannot find type 'UIContextMenuConfiguration' in scope
public func contextMenuConfiguration() -> UIContextMenuConfiguration? {
^~~~~~~~~~~~~~~~~~~~~~~~~~
/Users/admin/builder/spi-builder-workspace/Sources/DiffableUI/Items/Tappable.swift:53:69: error: cannot find type 'UIPreviewParameters' in scope
public func contextMenuPreviewParameters(for cell: T.CellType) -> UIPreviewParameters? {
^~~~~~~~~~~~~~~~~~~
/Users/admin/builder/spi-builder-workspace/Sources/DiffableUI/Items/Taskable.swift:59:45: error: cannot find type 'UIContextMenuConfiguration' in scope
public func contextMenuConfiguration() -> UIContextMenuConfiguration? {
^~~~~~~~~~~~~~~~~~~~~~~~~~
/Users/admin/builder/spi-builder-workspace/Sources/DiffableUI/Items/Taskable.swift:63:69: error: cannot find type 'UIPreviewParameters' in scope
public func contextMenuPreviewParameters(for cell: T.CellType) -> UIPreviewParameters? {
^~~~~~~~~~~~~~~~~~~
/Users/admin/builder/spi-builder-workspace/Sources/DiffableUI/UI/CollectionViewCell.swift:14:19: error: initializer does not override a designated initializer from its superclass
override public init(frame: CGRect) {
~~~~~~~~ ^
/Users/admin/builder/spi-builder-workspace/Sources/DiffableUI/UI/CollectionViewCell.swift:12:32: error: cannot find type 'UICollectionViewCell' in scope
open class CollectionViewCell: UICollectionViewCell {
^~~~~~~~~~~~~~~~~~~~
/Users/admin/builder/spi-builder-workspace/Sources/DiffableUI/UI/Extensions/UIView+Constraints.swift:15:44: error: cannot find type 'UILayoutGuide' in scope
func constrainVertically(to layoutGuide: UILayoutGuide) -> Self {
^~~~~~~~~~~~~
/Users/admin/builder/spi-builder-workspace/Sources/DiffableUI/UI/Extensions/UIView+Constraints.swift:25:37: error: 'UIView' is unavailable: This Objective-C class has only been forward-declared; import its owning module to use it
func constrainVertically(to view: UIView) -> Self {
^~~~~~
UIKit.UIView:2:14: note: 'UIView' has been explicitly marked unavailable here
public class UIView {
^
/Users/admin/builder/spi-builder-workspace/Sources/DiffableUI/UI/Extensions/UIView+Constraints.swift:35:46: error: cannot find type 'UILayoutGuide' in scope
func constrainHorizontally(to layoutGuide: UILayoutGuide) -> Self {
^~~~~~~~~~~~~
/Users/admin/builder/spi-builder-workspace/Sources/DiffableUI/UI/Extensions/UIView+Constraints.swift:45:39: error: 'UIView' is unavailable: This Objective-C class has only been forward-declared; import its owning module to use it
func constrainHorizontally(to view: UIView) -> Self {
^~~~~~
UIKit.UIView:2:14: note: 'UIView' has been explicitly marked unavailable here
public class UIView {
^
/Users/admin/builder/spi-builder-workspace/Sources/DiffableUI/UI/Extensions/UIView+Constraints.swift:54:42: error: 'UIView' is unavailable: This Objective-C class has only been forward-declared; import its owning module to use it
func constrainToLayoutMargins(of view: UIView) {
^~~~~~
UIKit.UIView:2:14: note: 'UIView' has been explicitly marked unavailable here
public class UIView {
^
/Users/admin/builder/spi-builder-workspace/Sources/DiffableUI/UI/Extensions/UIView+Constraints.swift:60:34: error: 'UIView' is unavailable: This Objective-C class has only been forward-declared; import its owning module to use it
func constrainToEdges(of view: UIView) {
^~~~~~
UIKit.UIView:2:14: note: 'UIView' has been explicitly marked unavailable here
public class UIView {
^
/Users/admin/builder/spi-builder-workspace/Sources/DiffableUI/UI/Extensions/UIView+Constraints.swift:70:24: error: 'UIView' is unavailable: This Objective-C class has only been forward-declared; import its owning module to use it
func center(in view: UIView) {
^~~~~~
UIKit.UIView:2:14: note: 'UIView' has been explicitly marked unavailable here
public class UIView {
^
/Users/admin/builder/spi-builder-workspace/Sources/DiffableUI/UI/Extensions/UIView+Constraints.swift:12:11: error: 'UIView' is unavailable: This Objective-C class has only been forward-declared; import its owning module to use it
extension UIView {
^~~~~~
UIKit.UIView:2:14: note: 'UIView' has been explicitly marked unavailable here
public class UIView {
^
/Users/admin/builder/spi-builder-workspace/Sources/DiffableUI/UI/Items/ActivityIndicator.swift:29:27: error: cannot find 'UIActivityIndicatorView' in scope
let activityIndicator = UIActivityIndicatorView()
^~~~~~~~~~~~~~~~~~~~~~~
/Users/admin/builder/spi-builder-workspace/Sources/DiffableUI/UI/Items/Empty.swift:17:31: error: cannot find type 'UICollectionViewCell' in scope
public func configure(cell: UICollectionViewCell) {}
^~~~~~~~~~~~~~~~~~~~
/Users/admin/builder/spi-builder-workspace/Sources/DiffableUI/UI/Items/Empty.swift:12:15: error: type 'Empty' does not conform to protocol 'CollectionItem'
public struct Empty: CollectionItem {
^
/Users/admin/builder/spi-builder-workspace/Sources/DiffableUI/UI/Items/Empty.swift:12:15: note: add stubs for conformance
public struct Empty: CollectionItem {
^
/Users/admin/builder/spi-builder-workspace/Sources/DiffableUI/CollectionItem.swift:19:18: note: protocol requires nested type 'CellType'
associatedtype CellType: UICollectionViewCell
^
/Users/admin/builder/spi-builder-workspace/Sources/DiffableUI/CollectionItem.swift:20:18: note: protocol requires nested type 'ItemType'
associatedtype ItemType: Hashable & Equatable
^
/Users/admin/builder/spi-builder-workspace/Sources/DiffableUI/UI/Items/HostingItem.swift:49:33: error: cannot find type 'UICollectionViewCell' in scope
public func configure(cell: UICollectionViewCell) {
^~~~~~~~~~~~~~~~~~~~
/Users/admin/builder/spi-builder-workspace/Sources/DiffableUI/UI/Items/HostingItem.swift:54:47: error: cannot find type 'UIContextMenuConfiguration' in scope
public func contextMenuConfiguration() -> UIContextMenuConfiguration? { nil }
^~~~~~~~~~~~~~~~~~~~~~~~~~
/Users/admin/builder/spi-builder-workspace/Sources/DiffableUI/UI/Items/HostingItem.swift:22:15: error: type 'HostingItem<Content>' does not conform to protocol 'CollectionItem'
public struct HostingItem<Content: View>: CollectionItem {
^
/Users/admin/builder/spi-builder-workspace/Sources/DiffableUI/UI/Items/HostingItem.swift:22:15: note: add stubs for conformance
public struct HostingItem<Content: View>: CollectionItem {
^
/Users/admin/builder/spi-builder-workspace/Sources/DiffableUI/CollectionItem.swift:19:18: note: protocol requires nested type 'CellType'
associatedtype CellType: UICollectionViewCell
^
/Users/admin/builder/spi-builder-workspace/Sources/DiffableUI/CollectionItem.swift:20:18: note: protocol requires nested type 'ItemType'
associatedtype ItemType: Hashable & Equatable
^
/Users/admin/builder/spi-builder-workspace/Sources/DiffableUI/UI/Items/Label.swift:35:31: error: type 'UIColor' has no member 'label'
var textColor: UIColor = .label
~^~~~~
/Users/admin/builder/spi-builder-workspace/Sources/DiffableUI/UI/Items/Label.swift:94:17: error: cannot find 'UILabel' in scope
let label = UILabel()
^~~~~~~
/Users/admin/builder/spi-builder-workspace/Sources/DiffableUI/UI/Items/Toggle.swift:62:24: error: cannot find 'UISwitch' in scope
private let toggle = UISwitch()
^~~~~~~~
/Users/admin/builder/spi-builder-workspace/Sources/DiffableUI/UI/Sections/Grid.swift:125:25: error: cannot find type 'NSCollectionLayoutDimension' in scope
var itemHeight: NSCollectionLayoutDimension?
^~~~~~~~~~~~~~~~~~~~~~~~~~~
/Users/admin/builder/spi-builder-workspace/Sources/DiffableUI/UI/Sections/Grid.swift:129:37: error: cannot find type 'UIContentInsetsReference' in scope
var contentInsetsReference: UIContentInsetsReference = .automatic
^~~~~~~~~~~~~~~~~~~~~~~~
/Users/admin/builder/spi-builder-workspace/Sources/DiffableUI/UI/Sections/Grid.swift:58:71: error: cannot find type 'NSCollectionLayoutSection' in scope
public func layout(environment: NSCollectionLayoutEnvironment) -> NSCollectionLayoutSection {
^~~~~~~~~~~~~~~~~~~~~~~~~
/Users/admin/builder/spi-builder-workspace/Sources/DiffableUI/UI/Sections/Grid.swift:58:37: error: cannot find type 'NSCollectionLayoutEnvironment' in scope
public func layout(environment: NSCollectionLayoutEnvironment) -> NSCollectionLayoutSection {
^~~~~~~~~~~~~~~~~~~~~~~~~~~~~
/Users/admin/builder/spi-builder-workspace/Sources/DiffableUI/UI/Sections/Grid.swift:157:41: error: cannot find type 'NSCollectionLayoutDimension' in scope
public func itemHeight(_ dimension: NSCollectionLayoutDimension) -> Self {
^~~~~~~~~~~~~~~~~~~~~~~~~~~
/Users/admin/builder/spi-builder-workspace/Sources/DiffableUI/UI/Sections/Grid.swift:188:66: error: cannot find type 'UIContentInsetsReference' in scope
public func contentInsetsReference(_ contentInsetsReference: UIContentInsetsReference) -> Self {
^~~~~~~~~~~~~~~~~~~~~~~~
/Users/admin/builder/spi-builder-workspace/Sources/DiffableUI/UI/Sections/List.swift:55:21: error: cannot find type 'NSCollectionLayoutDimension' in scope
var itemHeight: NSCollectionLayoutDimension?
^~~~~~~~~~~~~~~~~~~~~~~~~~~
/Users/admin/builder/spi-builder-workspace/Sources/DiffableUI/UI/Sections/List.swift:57:33: error: cannot find type 'UIContentInsetsReference' in scope
var contentInsetsReference: UIContentInsetsReference = .automatic
^~~~~~~~~~~~~~~~~~~~~~~~
/Users/admin/builder/spi-builder-workspace/Sources/DiffableUI/UI/Sections/List.swift:18:69: error: cannot find type 'NSCollectionLayoutSection' in scope
public func layout(environment: NSCollectionLayoutEnvironment) -> NSCollectionLayoutSection {
^~~~~~~~~~~~~~~~~~~~~~~~~
/Users/admin/builder/spi-builder-workspace/Sources/DiffableUI/UI/Sections/List.swift:18:35: error: cannot find type 'NSCollectionLayoutEnvironment' in scope
public func layout(environment: NSCollectionLayoutEnvironment) -> NSCollectionLayoutSection {
^~~~~~~~~~~~~~~~~~~~~~~~~~~~~
/Users/admin/builder/spi-builder-workspace/Sources/DiffableUI/UI/Sections/List.swift:60:39: error: cannot find type 'NSCollectionLayoutDimension' in scope
public func itemHeight(_ dimension: NSCollectionLayoutDimension) -> Self {
^~~~~~~~~~~~~~~~~~~~~~~~~~~
/Users/admin/builder/spi-builder-workspace/Sources/DiffableUI/UI/Sections/List.swift:66:64: error: cannot find type 'UIContentInsetsReference' in scope
public func contentInsetsReference(_ contentInsetsReference: UIContentInsetsReference) -> Self {
^~~~~~~~~~~~~~~~~~~~~~~~
SwiftCompile normal arm64_32 Compiling\ UIView+Constraints.swift,\ ActivityIndicator.swift /Users/admin/builder/spi-builder-workspace/Sources/DiffableUI/UI/Extensions/UIView+Constraints.swift /Users/admin/builder/spi-builder-workspace/Sources/DiffableUI/UI/Items/ActivityIndicator.swift (in target 'DiffableUI' from project 'DiffableUI')
SwiftCompile normal arm64_32 /Users/admin/builder/spi-builder-workspace/Sources/DiffableUI/UI/Extensions/UIView+Constraints.swift (in target 'DiffableUI' from project 'DiffableUI')
cd /Users/admin/builder/spi-builder-workspace/.swiftpm/xcode
SwiftCompile normal arm64_32 /Users/admin/builder/spi-builder-workspace/Sources/DiffableUI/UI/Items/ActivityIndicator.swift (in target 'DiffableUI' from project 'DiffableUI')
cd /Users/admin/builder/spi-builder-workspace/.swiftpm/xcode
SwiftCompile normal armv7k Compiling\ Tappable.swift,\ Taskable.swift /Users/admin/builder/spi-builder-workspace/Sources/DiffableUI/Items/Tappable.swift /Users/admin/builder/spi-builder-workspace/Sources/DiffableUI/Items/Taskable.swift (in target 'DiffableUI' from project 'DiffableUI')
Command SwiftCompile failed with a nonzero exit code
** BUILD FAILED **
The following build commands failed:
SwiftEmitModule normal armv7k Emitting\ module\ for\ DiffableUI (in target 'DiffableUI' from project 'DiffableUI')
EmitSwiftModule normal armv7k (in target 'DiffableUI' from project 'DiffableUI')
SwiftEmitModule normal arm64_32 Emitting\ module\ for\ DiffableUI (in target 'DiffableUI' from project 'DiffableUI')
EmitSwiftModule normal arm64_32 (in target 'DiffableUI' from project 'DiffableUI')
SwiftCompile normal armv7k Compiling\ Tappable.swift,\ Taskable.swift /Users/admin/builder/spi-builder-workspace/Sources/DiffableUI/Items/Tappable.swift /Users/admin/builder/spi-builder-workspace/Sources/DiffableUI/Items/Taskable.swift (in target 'DiffableUI' from project 'DiffableUI')
Building workspace spi-builder-workspace with scheme DiffableUI
(6 failures)
Command line invocation:
/Applications/Xcode-16.3.0.app/Contents/Developer/usr/bin/xcodebuild -IDEClonedSourcePackagesDirPathOverride=/Users/admin/builder/spi-builder-workspace/.dependencies -resolvePackageDependencies
Resolve Package Graph
Resolved source packages:
DiffableUI: /Users/admin/builder/spi-builder-workspace
resolved source packages: DiffableUI
{
"dependencies" : [
],
"manifest_display_name" : "DiffableUI",
"name" : "DiffableUI",
"path" : "/Users/admin/builder/spi-builder-workspace",
"platforms" : [
{
"name" : "ios",
"version" : "14.0"
}
],
"products" : [
{
"name" : "DiffableUI",
"targets" : [
"DiffableUI"
],
"type" : {
"library" : [
"automatic"
]
}
}
],
"targets" : [
{
"c99name" : "DiffableUITests",
"module_type" : "SwiftTarget",
"name" : "DiffableUITests",
"path" : "Tests/DiffableUITests",
"sources" : [
"ContextMenuPreviewTests.swift",
"GridColumnCountTests.swift",
"GridLayoutTests.swift",
"HostingItemUpdateTests.swift",
"OnAppearTests.swift",
"SnapshotIDsTests.swift",
"TestSupport.swift",
"ToggleTests.swift",
"WillDisplayTests.swift"
],
"target_dependencies" : [
"DiffableUI"
],
"type" : "test"
},
{
"c99name" : "DiffableUI",
"module_type" : "SwiftTarget",
"name" : "DiffableUI",
"path" : "Sources/DiffableUI",
"product_memberships" : [
"DiffableUI"
],
"sources" : [
"CollectionItem.swift",
"CollectionSection.swift",
"DiffableViewController.swift",
"Items/ContextMenu.swift",
"Items/ForEach.swift",
"Items/Padding.swift",
"Items/Tappable.swift",
"Items/Taskable.swift",
"ResultBuilders/CollectionItemBuilder.swift",
"ResultBuilders/CollectionViewBuilder.swift",
"UI/CollectionViewCell.swift",
"UI/Extensions/NSDirectionalEdgeInsets+Init.swift",
"UI/Extensions/UIView+Constraints.swift",
"UI/Items/ActivityIndicator.swift",
"UI/Items/Empty.swift",
"UI/Items/HostingItem.swift",
"UI/Items/Label.swift",
"UI/Items/Toggle.swift",
"UI/Sections/Grid.swift",
"UI/Sections/List.swift"
],
"type" : "library"
}
],
"tools_version" : "6.0"
}
{
"workspace" : {
"name" : "spi-builder-workspace",
"schemes" : [
"DiffableUI"
]
}
}
Running build ...
env DEVELOPER_DIR=/Applications/Xcode-16.3.0.app xcrun xcodebuild -IDEClonedSourcePackagesDirPathOverride=$PWD/.dependencies -skipMacroValidation -skipPackagePluginValidation -derivedDataPath $PWD/.derivedData build -scheme DiffableUI -destination generic/platform=watchOS
Command line invocation:
/Applications/Xcode-16.3.0.app/Contents/Developer/usr/bin/xcodebuild -IDEClonedSourcePackagesDirPathOverride=/Users/admin/builder/spi-builder-workspace/.dependencies -skipMacroValidation -skipPackagePluginValidation -derivedDataPath /Users/admin/builder/spi-builder-workspace/.derivedData build -scheme DiffableUI -destination generic/platform=watchOS
Resolve Package Graph
Resolved source packages:
DiffableUI: /Users/admin/builder/spi-builder-workspace
ComputePackagePrebuildTargetDependencyGraph
Prepare packages
CreateBuildRequest
SendProjectDescription
CreateBuildOperation
ComputeTargetDependencyGraph
note: Building targets in dependency order
note: Target dependency graph (2 targets)
Target 'DiffableUI' in project 'DiffableUI'
➜ Explicit dependency on target 'DiffableUI' in project 'DiffableUI'
Target 'DiffableUI' in project 'DiffableUI' (no dependencies)
GatherProvisioningInputs
CreateBuildDescription
ExecuteExternalTool /Applications/Xcode-16.3.0.app/Contents/Developer/Toolchains/XcodeDefault.xctoolchain/usr/bin/clang -v -E -dM -isysroot /Applications/Xcode-16.3.0.app/Contents/Developer/Platforms/WatchOS.platform/Developer/SDKs/WatchOS11.4.sdk -x c -c /dev/null
ExecuteExternalTool /Applications/Xcode-16.3.0.app/Contents/Developer/Toolchains/XcodeDefault.xctoolchain/usr/bin/swiftc --version
ExecuteExternalTool /Applications/Xcode-16.3.0.app/Contents/Developer/Toolchains/XcodeDefault.xctoolchain/usr/bin/ld -version_details
Build description signature: f71a8667e0d358418afb45c70ae72a1f
Build description path: /Users/admin/builder/spi-builder-workspace/.derivedData/Build/Intermediates.noindex/XCBuildData/f71a8667e0d358418afb45c70ae72a1f.xcbuilddata
ClangStatCache /Applications/Xcode-16.3.0.app/Contents/Developer/Toolchains/XcodeDefault.xctoolchain/usr/bin/clang-stat-cache /Applications/Xcode-16.3.0.app/Contents/Developer/Platforms/WatchOS.platform/Developer/SDKs/WatchOS11.4.sdk /Users/admin/builder/spi-builder-workspace/.derivedData/SDKStatCaches.noindex/watchos11.4-22T246-43efb940ff07ba2497b70ec94253f576.sdkstatcache
cd /Users/admin/builder/spi-builder-workspace/.swiftpm/xcode
/Applications/Xcode-16.3.0.app/Contents/Developer/Toolchains/XcodeDefault.xctoolchain/usr/bin/clang-stat-cache /Applications/Xcode-16.3.0.app/Contents/Developer/Platforms/WatchOS.platform/Developer/SDKs/WatchOS11.4.sdk -o /Users/admin/builder/spi-builder-workspace/.derivedData/SDKStatCaches.noindex/watchos11.4-22T246-43efb940ff07ba2497b70ec94253f576.sdkstatcache
SwiftDriver DiffableUI normal arm64 com.apple.xcode.tools.swift.compiler (in target 'DiffableUI' from project 'DiffableUI')
cd /Users/admin/builder/spi-builder-workspace/.swiftpm/xcode
builtin-SwiftDriver -- /Applications/Xcode-16.3.0.app/Contents/Developer/Toolchains/XcodeDefault.xctoolchain/usr/bin/swiftc -module-name DiffableUI -Onone -enforce-exclusivity\=checked @/Users/admin/builder/spi-builder-workspace/.derivedData/Build/Intermediates.noindex/DiffableUI.build/Debug-watchos/DiffableUI.build/Objects-normal/arm64/DiffableUI.SwiftFileList -DSWIFT_PACKAGE -DDEBUG -DXcode -plugin-path /Applications/Xcode-16.3.0.app/Contents/Developer/Toolchains/XcodeDefault.xctoolchain/usr/lib/swift/host/plugins/testing -enable-experimental-feature DebugDescriptionMacro -sdk /Applications/Xcode-16.3.0.app/Contents/Developer/Platforms/WatchOS.platform/Developer/SDKs/WatchOS11.4.sdk -target arm64-apple-watchos7.0 -g -module-cache-path /Users/admin/builder/spi-builder-workspace/.derivedData/ModuleCache.noindex -Xfrontend -serialize-debugging-options -profile-coverage-mapping -profile-generate -enable-testing -index-store-path /Users/admin/builder/spi-builder-workspace/.derivedData/Index.noindex/DataStore -swift-version 6 -I /Users/admin/builder/spi-builder-workspace/.derivedData/Build/Products/Debug-watchos -I /Applications/Xcode-16.3.0.app/Contents/Developer/Platforms/WatchOS.platform/Developer/usr/lib -F /Users/admin/builder/spi-builder-workspace/.derivedData/Build/Products/Debug-watchos -F /Applications/Xcode-16.3.0.app/Contents/Developer/Platforms/WatchOS.platform/Developer/Library/Frameworks -F /Applications/Xcode-16.3.0.app/Contents/Developer/Platforms/WatchOS.platform/Developer/SDKs/WatchOS11.4.sdk/Developer/Library/Frameworks -c -j10 -enable-batch-mode -incremental -Xcc -ivfsstatcache -Xcc /Users/admin/builder/spi-builder-workspace/.derivedData/SDKStatCaches.noindex/watchos11.4-22T246-43efb940ff07ba2497b70ec94253f576.sdkstatcache -output-file-map /Users/admin/builder/spi-builder-workspace/.derivedData/Build/Intermediates.noindex/DiffableUI.build/Debug-watchos/DiffableUI.build/Objects-normal/arm64/DiffableUI-OutputFileMap.json -use-frontend-parseable-output -save-temps -no-color-diagnostics -serialize-diagnostics -emit-dependencies -emit-module -emit-module-path /Users/admin/builder/spi-builder-workspace/.derivedData/Build/Intermediates.noindex/DiffableUI.build/Debug-watchos/DiffableUI.build/Objects-normal/arm64/DiffableUI.swiftmodule -validate-clang-modules-once -clang-build-session-file /Users/admin/builder/spi-builder-workspace/.derivedData/ModuleCache.noindex/Session.modulevalidation -package-name spi_builder_workspace -Xcc -I/Users/admin/builder/spi-builder-workspace/.derivedData/Build/Intermediates.noindex/DiffableUI.build/Debug-watchos/DiffableUI.build/swift-overrides.hmap -emit-const-values -Xfrontend -const-gather-protocols-file -Xfrontend /Users/admin/builder/spi-builder-workspace/.derivedData/Build/Intermediates.noindex/DiffableUI.build/Debug-watchos/DiffableUI.build/Objects-normal/arm64/DiffableUI_const_extract_protocols.json -Xcc -I/Users/admin/builder/spi-builder-workspace/.derivedData/Build/Products/Debug-watchos/include -Xcc -I/Users/admin/builder/spi-builder-workspace/.derivedData/Build/Intermediates.noindex/DiffableUI.build/Debug-watchos/DiffableUI.build/DerivedSources-normal/arm64 -Xcc -I/Users/admin/builder/spi-builder-workspace/.derivedData/Build/Intermediates.noindex/DiffableUI.build/Debug-watchos/DiffableUI.build/DerivedSources/arm64 -Xcc -I/Users/admin/builder/spi-builder-workspace/.derivedData/Build/Intermediates.noindex/DiffableUI.build/Debug-watchos/DiffableUI.build/DerivedSources -Xcc -DSWIFT_PACKAGE -Xcc -DDEBUG\=1 -emit-objc-header -emit-objc-header-path /Users/admin/builder/spi-builder-workspace/.derivedData/Build/Intermediates.noindex/DiffableUI.build/Debug-watchos/DiffableUI.build/Objects-normal/arm64/DiffableUI-Swift.h -working-directory /Users/admin/builder/spi-builder-workspace/.swiftpm/xcode -experimental-emit-module-separately -disable-cmo
SwiftDriver DiffableUI normal armv7k com.apple.xcode.tools.swift.compiler (in target 'DiffableUI' from project 'DiffableUI')
cd /Users/admin/builder/spi-builder-workspace/.swiftpm/xcode
builtin-SwiftDriver -- /Applications/Xcode-16.3.0.app/Contents/Developer/Toolchains/XcodeDefault.xctoolchain/usr/bin/swiftc -module-name DiffableUI -Onone -enforce-exclusivity\=checked @/Users/admin/builder/spi-builder-workspace/.derivedData/Build/Intermediates.noindex/DiffableUI.build/Debug-watchos/DiffableUI.build/Objects-normal/armv7k/DiffableUI.SwiftFileList -DSWIFT_PACKAGE -DDEBUG -DXcode -plugin-path /Applications/Xcode-16.3.0.app/Contents/Developer/Toolchains/XcodeDefault.xctoolchain/usr/lib/swift/host/plugins/testing -enable-experimental-feature DebugDescriptionMacro -sdk /Applications/Xcode-16.3.0.app/Contents/Developer/Platforms/WatchOS.platform/Developer/SDKs/WatchOS11.4.sdk -target armv7k-apple-watchos7.0 -g -module-cache-path /Users/admin/builder/spi-builder-workspace/.derivedData/ModuleCache.noindex -Xfrontend -serialize-debugging-options -profile-coverage-mapping -profile-generate -enable-testing -index-store-path /Users/admin/builder/spi-builder-workspace/.derivedData/Index.noindex/DataStore -swift-version 6 -I /Users/admin/builder/spi-builder-workspace/.derivedData/Build/Products/Debug-watchos -I /Applications/Xcode-16.3.0.app/Contents/Developer/Platforms/WatchOS.platform/Developer/usr/lib -F /Users/admin/builder/spi-builder-workspace/.derivedData/Build/Products/Debug-watchos -F /Applications/Xcode-16.3.0.app/Contents/Developer/Platforms/WatchOS.platform/Developer/Library/Frameworks -F /Applications/Xcode-16.3.0.app/Contents/Developer/Platforms/WatchOS.platform/Developer/SDKs/WatchOS11.4.sdk/Developer/Library/Frameworks -c -j10 -enable-batch-mode -incremental -Xcc -ivfsstatcache -Xcc /Users/admin/builder/spi-builder-workspace/.derivedData/SDKStatCaches.noindex/watchos11.4-22T246-43efb940ff07ba2497b70ec94253f576.sdkstatcache -output-file-map /Users/admin/builder/spi-builder-workspace/.derivedData/Build/Intermediates.noindex/DiffableUI.build/Debug-watchos/DiffableUI.build/Objects-normal/armv7k/DiffableUI-OutputFileMap.json -use-frontend-parseable-output -save-temps -no-color-diagnostics -serialize-diagnostics -emit-dependencies -emit-module -emit-module-path /Users/admin/builder/spi-builder-workspace/.derivedData/Build/Intermediates.noindex/DiffableUI.build/Debug-watchos/DiffableUI.build/Objects-normal/armv7k/DiffableUI.swiftmodule -validate-clang-modules-once -clang-build-session-file /Users/admin/builder/spi-builder-workspace/.derivedData/ModuleCache.noindex/Session.modulevalidation -package-name spi_builder_workspace -Xcc -I/Users/admin/builder/spi-builder-workspace/.derivedData/Build/Intermediates.noindex/DiffableUI.build/Debug-watchos/DiffableUI.build/swift-overrides.hmap -emit-const-values -Xfrontend -const-gather-protocols-file -Xfrontend /Users/admin/builder/spi-builder-workspace/.derivedData/Build/Intermediates.noindex/DiffableUI.build/Debug-watchos/DiffableUI.build/Objects-normal/armv7k/DiffableUI_const_extract_protocols.json -Xcc -I/Users/admin/builder/spi-builder-workspace/.derivedData/Build/Products/Debug-watchos/include -Xcc -I/Users/admin/builder/spi-builder-workspace/.derivedData/Build/Intermediates.noindex/DiffableUI.build/Debug-watchos/DiffableUI.build/DerivedSources-normal/armv7k -Xcc -I/Users/admin/builder/spi-builder-workspace/.derivedData/Build/Intermediates.noindex/DiffableUI.build/Debug-watchos/DiffableUI.build/DerivedSources/armv7k -Xcc -I/Users/admin/builder/spi-builder-workspace/.derivedData/Build/Intermediates.noindex/DiffableUI.build/Debug-watchos/DiffableUI.build/DerivedSources -Xcc -DSWIFT_PACKAGE -Xcc -DDEBUG\=1 -emit-objc-header -emit-objc-header-path /Users/admin/builder/spi-builder-workspace/.derivedData/Build/Intermediates.noindex/DiffableUI.build/Debug-watchos/DiffableUI.build/Objects-normal/armv7k/DiffableUI-Swift.h -working-directory /Users/admin/builder/spi-builder-workspace/.swiftpm/xcode -experimental-emit-module-separately -disable-cmo
SwiftDriver DiffableUI normal arm64_32 com.apple.xcode.tools.swift.compiler (in target 'DiffableUI' from project 'DiffableUI')
cd /Users/admin/builder/spi-builder-workspace/.swiftpm/xcode
builtin-SwiftDriver -- /Applications/Xcode-16.3.0.app/Contents/Developer/Toolchains/XcodeDefault.xctoolchain/usr/bin/swiftc -module-name DiffableUI -Onone -enforce-exclusivity\=checked @/Users/admin/builder/spi-builder-workspace/.derivedData/Build/Intermediates.noindex/DiffableUI.build/Debug-watchos/DiffableUI.build/Objects-normal/arm64_32/DiffableUI.SwiftFileList -DSWIFT_PACKAGE -DDEBUG -DXcode -plugin-path /Applications/Xcode-16.3.0.app/Contents/Developer/Toolchains/XcodeDefault.xctoolchain/usr/lib/swift/host/plugins/testing -enable-experimental-feature DebugDescriptionMacro -sdk /Applications/Xcode-16.3.0.app/Contents/Developer/Platforms/WatchOS.platform/Developer/SDKs/WatchOS11.4.sdk -target arm64_32-apple-watchos7.0 -g -module-cache-path /Users/admin/builder/spi-builder-workspace/.derivedData/ModuleCache.noindex -Xfrontend -serialize-debugging-options -profile-coverage-mapping -profile-generate -enable-testing -index-store-path /Users/admin/builder/spi-builder-workspace/.derivedData/Index.noindex/DataStore -swift-version 6 -I /Users/admin/builder/spi-builder-workspace/.derivedData/Build/Products/Debug-watchos -I /Applications/Xcode-16.3.0.app/Contents/Developer/Platforms/WatchOS.platform/Developer/usr/lib -F /Users/admin/builder/spi-builder-workspace/.derivedData/Build/Products/Debug-watchos -F /Applications/Xcode-16.3.0.app/Contents/Developer/Platforms/WatchOS.platform/Developer/Library/Frameworks -F /Applications/Xcode-16.3.0.app/Contents/Developer/Platforms/WatchOS.platform/Developer/SDKs/WatchOS11.4.sdk/Developer/Library/Frameworks -c -j10 -enable-batch-mode -incremental -Xcc -ivfsstatcache -Xcc /Users/admin/builder/spi-builder-workspace/.derivedData/SDKStatCaches.noindex/watchos11.4-22T246-43efb940ff07ba2497b70ec94253f576.sdkstatcache -output-file-map /Users/admin/builder/spi-builder-workspace/.derivedData/Build/Intermediates.noindex/DiffableUI.build/Debug-watchos/DiffableUI.build/Objects-normal/arm64_32/DiffableUI-OutputFileMap.json -use-frontend-parseable-output -save-temps -no-color-diagnostics -serialize-diagnostics -emit-dependencies -emit-module -emit-module-path /Users/admin/builder/spi-builder-workspace/.derivedData/Build/Intermediates.noindex/DiffableUI.build/Debug-watchos/DiffableUI.build/Objects-normal/arm64_32/DiffableUI.swiftmodule -validate-clang-modules-once -clang-build-session-file /Users/admin/builder/spi-builder-workspace/.derivedData/ModuleCache.noindex/Session.modulevalidation -package-name spi_builder_workspace -Xcc -I/Users/admin/builder/spi-builder-workspace/.derivedData/Build/Intermediates.noindex/DiffableUI.build/Debug-watchos/DiffableUI.build/swift-overrides.hmap -emit-const-values -Xfrontend -const-gather-protocols-file -Xfrontend /Users/admin/builder/spi-builder-workspace/.derivedData/Build/Intermediates.noindex/DiffableUI.build/Debug-watchos/DiffableUI.build/Objects-normal/arm64_32/DiffableUI_const_extract_protocols.json -Xcc -I/Users/admin/builder/spi-builder-workspace/.derivedData/Build/Products/Debug-watchos/include -Xcc -I/Users/admin/builder/spi-builder-workspace/.derivedData/Build/Intermediates.noindex/DiffableUI.build/Debug-watchos/DiffableUI.build/DerivedSources-normal/arm64_32 -Xcc -I/Users/admin/builder/spi-builder-workspace/.derivedData/Build/Intermediates.noindex/DiffableUI.build/Debug-watchos/DiffableUI.build/DerivedSources/arm64_32 -Xcc -I/Users/admin/builder/spi-builder-workspace/.derivedData/Build/Intermediates.noindex/DiffableUI.build/Debug-watchos/DiffableUI.build/DerivedSources -Xcc -DSWIFT_PACKAGE -Xcc -DDEBUG\=1 -emit-objc-header -emit-objc-header-path /Users/admin/builder/spi-builder-workspace/.derivedData/Build/Intermediates.noindex/DiffableUI.build/Debug-watchos/DiffableUI.build/Objects-normal/arm64_32/DiffableUI-Swift.h -working-directory /Users/admin/builder/spi-builder-workspace/.swiftpm/xcode -experimental-emit-module-separately -disable-cmo
SwiftEmitModule normal arm64_32 Emitting\ module\ for\ DiffableUI (in target 'DiffableUI' from project 'DiffableUI')
EmitSwiftModule normal arm64_32 (in target 'DiffableUI' from project 'DiffableUI')
cd /Users/admin/builder/spi-builder-workspace/.swiftpm/xcode
/Users/admin/builder/spi-builder-workspace/Sources/DiffableUI/CollectionItem.swift:19:28: error: cannot find type 'UICollectionViewCell' in scope
associatedtype CellType: UICollectionViewCell
^~~~~~~~~~~~~~~~~~~~
/Users/admin/builder/spi-builder-workspace/Sources/DiffableUI/CollectionItem.swift:29:49: error: cannot find type 'UIContextMenuConfiguration' in scope
@MainActor func contextMenuConfiguration() -> UIContextMenuConfiguration?
^~~~~~~~~~~~~~~~~~~~~~~~~~
/Users/admin/builder/spi-builder-workspace/Sources/DiffableUI/CollectionItem.swift:33:71: error: cannot find type 'UIPreviewParameters' in scope
@MainActor func contextMenuPreviewParameters(for cell: CellType) -> UIPreviewParameters?
^~~~~~~~~~~~~~~~~~~
/Users/admin/builder/spi-builder-workspace/Sources/DiffableUI/CollectionItem.swift:46:56: error: cannot find type 'UIContextMenuConfiguration' in scope
@MainActor public func contextMenuConfiguration() -> UIContextMenuConfiguration? {
^~~~~~~~~~~~~~~~~~~~~~~~~~
/Users/admin/builder/spi-builder-workspace/Sources/DiffableUI/CollectionItem.swift:50:78: error: cannot find type 'UIPreviewParameters' in scope
@MainActor public func contextMenuPreviewParameters(for cell: CellType) -> UIPreviewParameters? {
^~~~~~~~~~~~~~~~~~~
/Users/admin/builder/spi-builder-workspace/Sources/DiffableUI/CollectionItem.swift:58:41: error: cannot find type 'UICollectionViewCell' in scope
@MainActor func configureCell(_ cell: UICollectionViewCell) {
^~~~~~~~~~~~~~~~~~~~
/Users/admin/builder/spi-builder-workspace/Sources/DiffableUI/CollectionItem.swift:63:44: error: cannot find type 'UICollectionViewCell' in scope
@MainActor func setCellBehaviors(_ cell: UICollectionViewCell) {
^~~~~~~~~~~~~~~~~~~~
/Users/admin/builder/spi-builder-workspace/Sources/DiffableUI/CollectionItem.swift:68:88: error: cannot find type 'UIPreviewParameters' in scope
@MainActor func contextMenuPreviewParametersForCell(_ cell: UICollectionViewCell) -> UIPreviewParameters? {
^~~~~~~~~~~~~~~~~~~
/Users/admin/builder/spi-builder-workspace/Sources/DiffableUI/CollectionItem.swift:68:63: error: cannot find type 'UICollectionViewCell' in scope
@MainActor func contextMenuPreviewParametersForCell(_ cell: UICollectionViewCell) -> UIPreviewParameters? {
^~~~~~~~~~~~~~~~~~~~
/Users/admin/builder/spi-builder-workspace/Sources/DiffableUI/CollectionSection.swift:17:73: error: cannot find type 'NSCollectionLayoutSection' in scope
@MainActor func layout(environment: NSCollectionLayoutEnvironment) -> NSCollectionLayoutSection
^~~~~~~~~~~~~~~~~~~~~~~~~
/Users/admin/builder/spi-builder-workspace/Sources/DiffableUI/CollectionSection.swift:17:39: error: cannot find type 'NSCollectionLayoutEnvironment' in scope
@MainActor func layout(environment: NSCollectionLayoutEnvironment) -> NSCollectionLayoutSection
^~~~~~~~~~~~~~~~~~~~~~~~~~~~~
/Users/admin/builder/spi-builder-workspace/Sources/DiffableUI/CollectionSection.swift:62:67: error: cannot find type 'NSDiffableDataSourceSnapshot' in scope
mutating func snapshot(of sections: [any CollectionSection]) -> NSDiffableDataSourceSnapshot<SnapshotID, SnapshotID> {
^~~~~~~~~~~~~~~~~~~~~~~~~~~~
/Users/admin/builder/spi-builder-workspace/Sources/DiffableUI/DiffableViewController.swift:107:41: error: cannot find 'UICollectionViewDiffableDataSource' in scope
private lazy var diffableDataSource = UICollectionViewDiffableDataSource<SnapshotID, SnapshotID>(
^~~~~~~~~~~~~~~~~~~~~~~~~~~~~~~~~~
/Users/admin/builder/spi-builder-workspace/Sources/DiffableUI/DiffableViewController.swift:110:56: error: cannot find 'UICollectionViewCell' in scope
self?.cell(in: collectionView, at: indexPath) ?? UICollectionViewCell()
^~~~~~~~~~~~~~~~~~~~
/Users/admin/builder/spi-builder-workspace/Sources/DiffableUI/DiffableViewController.swift:124:23: error: cannot find type 'UICollectionView' in scope
_ collectionView: UICollectionView,
^~~~~~~~~~~~~~~~
/Users/admin/builder/spi-builder-workspace/Sources/DiffableUI/DiffableViewController.swift:132:23: error: cannot find type 'UICollectionView' in scope
_ collectionView: UICollectionView,
^~~~~~~~~~~~~~~~
/Users/admin/builder/spi-builder-workspace/Sources/DiffableUI/DiffableViewController.swift:133:23: error: cannot find type 'UICollectionViewCell' in scope
willDisplay cell: UICollectionViewCell,
^~~~~~~~~~~~~~~~~~~~
/Users/admin/builder/spi-builder-workspace/Sources/DiffableUI/DiffableViewController.swift:143:24: error: cannot find type 'UIContextMenuConfiguration' in scope
point: CGPoint) -> UIContextMenuConfiguration?
^~~~~~~~~~~~~~~~~~~~~~~~~~
/Users/admin/builder/spi-builder-workspace/Sources/DiffableUI/DiffableViewController.swift:141:23: error: cannot find type 'UICollectionView' in scope
_ collectionView: UICollectionView,
^~~~~~~~~~~~~~~~
/Users/admin/builder/spi-builder-workspace/Sources/DiffableUI/DiffableViewController.swift:153:56: error: cannot find type 'UITargetedPreview' in scope
highlightPreviewForItemAt indexPath: IndexPath) -> UITargetedPreview?
^~~~~~~~~~~~~~~~~
/Users/admin/builder/spi-builder-workspace/Sources/DiffableUI/DiffableViewController.swift:151:23: error: cannot find type 'UICollectionView' in scope
_ collectionView: UICollectionView,
^~~~~~~~~~~~~~~~
/Users/admin/builder/spi-builder-workspace/Sources/DiffableUI/DiffableViewController.swift:152:45: error: cannot find type 'UIContextMenuConfiguration' in scope
contextMenuConfiguration configuration: UIContextMenuConfiguration,
^~~~~~~~~~~~~~~~~~~~~~~~~~
/Users/admin/builder/spi-builder-workspace/Sources/DiffableUI/DiffableViewController.swift:161:56: error: cannot find type 'UITargetedPreview' in scope
dismissalPreviewForItemAt indexPath: IndexPath) -> UITargetedPreview?
^~~~~~~~~~~~~~~~~
/Users/admin/builder/spi-builder-workspace/Sources/DiffableUI/DiffableViewController.swift:159:23: error: cannot find type 'UICollectionView' in scope
_ collectionView: UICollectionView,
^~~~~~~~~~~~~~~~
/Users/admin/builder/spi-builder-workspace/Sources/DiffableUI/DiffableViewController.swift:160:45: error: cannot find type 'UIContextMenuConfiguration' in scope
contextMenuConfiguration configuration: UIContextMenuConfiguration,
^~~~~~~~~~~~~~~~~~~~~~~~~~
/Users/admin/builder/spi-builder-workspace/Sources/DiffableUI/DiffableViewController.swift:194:8: error: cannot find type 'UICollectionViewCell' in scope
-> UICollectionViewCell
^~~~~~~~~~~~~~~~~~~~
/Users/admin/builder/spi-builder-workspace/Sources/DiffableUI/DiffableViewController.swift:192:24: error: cannot find type 'UICollectionView' in scope
in collectionView: UICollectionView,
^~~~~~~~~~~~~~~~
/Users/admin/builder/spi-builder-workspace/Sources/DiffableUI/DiffableViewController.swift:109:33: error: cannot infer type of closure parameter 'collectionView' without a type annotation
cellProvider: { [weak self] collectionView, indexPath, _ in
^
/Users/admin/builder/spi-builder-workspace/Sources/DiffableUI/DiffableViewController.swift:109:49: error: cannot infer type of closure parameter 'indexPath' without a type annotation
cellProvider: { [weak self] collectionView, indexPath, _ in
^
/Users/admin/builder/spi-builder-workspace/Sources/DiffableUI/DiffableViewController.swift:109:60: error: cannot infer type of closure parameter '_' without a type annotation
cellProvider: { [weak self] collectionView, indexPath, _ in
^
/Users/admin/builder/spi-builder-workspace/Sources/DiffableUI/DiffableViewController.swift:14:30: error: cannot find type 'UICollectionViewCompositionalLayoutConfiguration' in scope
public init(configuration: UICollectionViewCompositionalLayoutConfiguration = .init()) {
^~~~~~~~~~~~~~~~~~~~~~~~~~~~~~~~~~~~~~~~~~~~~~~~
/Users/admin/builder/spi-builder-workspace/Sources/DiffableUI/DiffableViewController.swift:24:22: error: method does not override any method from its superclass
open override func viewDidLoad() {
~~~~~~~~ ^
/Users/admin/builder/spi-builder-workspace/Sources/DiffableUI/DiffableViewController.swift:78:18: error: cannot find type 'NSDiffableDataSourceSnapshot' in scope
newSnapshot: NSDiffableDataSourceSnapshot<SnapshotID, SnapshotID>)
^~~~~~~~~~~~~~~~~~~~~~~~~~~~
/Users/admin/builder/spi-builder-workspace/Sources/DiffableUI/DiffableViewController.swift:170:45: error: cannot find type 'UITargetedPreview' in scope
in collectionView: UICollectionView) -> UITargetedPreview?
^~~~~~~~~~~~~~~~~
/Users/admin/builder/spi-builder-workspace/Sources/DiffableUI/DiffableViewController.swift:170:24: error: cannot find type 'UICollectionView' in scope
in collectionView: UICollectionView) -> UITargetedPreview?
^~~~~~~~~~~~~~~~
/Users/admin/builder/spi-builder-workspace/Sources/DiffableUI/DiffableViewController.swift:12:36: error: cannot find type 'UICollectionViewController' in scope
open class DiffableViewController: UICollectionViewController {
^~~~~~~~~~~~~~~~~~~~~~~~~~
/Users/admin/builder/spi-builder-workspace/Sources/DiffableUI/DiffableViewController.swift:214:23: error: cannot find type 'UICollectionViewCompositionalLayoutConfiguration' in scope
init(configuration: UICollectionViewCompositionalLayoutConfiguration) {
^~~~~~~~~~~~~~~~~~~~~~~~~~~~~~~~~~~~~~~~~~~~~~~~
/Users/admin/builder/spi-builder-workspace/Sources/DiffableUI/DiffableViewController.swift:218:28: error: cannot find type 'UICollectionViewCompositionalLayout' in scope
var compositionalLayout: UICollectionViewCompositionalLayout {
^~~~~~~~~~~~~~~~~~~~~~~~~~~~~~~~~~~
/Users/admin/builder/spi-builder-workspace/Sources/DiffableUI/DiffableViewController.swift:226:24: error: cannot find type 'UICollectionViewCompositionalLayoutSectionProvider' in scope
var sectionProvider: UICollectionViewCompositionalLayoutSectionProvider?
^~~~~~~~~~~~~~~~~~~~~~~~~~~~~~~~~~~~~~~~~~~~~~~~~~
/Users/admin/builder/spi-builder-workspace/Sources/DiffableUI/DiffableViewController.swift:228:30: error: cannot find type 'UICollectionViewCompositionalLayoutConfiguration' in scope
private let configuration: UICollectionViewCompositionalLayoutConfiguration
^~~~~~~~~~~~~~~~~~~~~~~~~~~~~~~~~~~~~~~~~~~~~~~~
/Users/admin/builder/spi-builder-workspace/Sources/DiffableUI/Items/ContextMenu.swift:12:23: error: cannot find type 'UIMenu' in scope
init(item: T, menu: UIMenu, previewPadding: CGFloat?, previewCornerRadius: CGFloat) {
^~~~~~
/Users/admin/builder/spi-builder-workspace/Sources/DiffableUI/Items/ContextMenu.swift:20:14: error: cannot find type 'UIMenu' in scope
let _menu: UIMenu
^~~~~~
/Users/admin/builder/spi-builder-workspace/Sources/DiffableUI/Items/ContextMenu.swift:32:45: error: cannot find type 'UIContextMenuConfiguration' in scope
public func contextMenuConfiguration() -> UIContextMenuConfiguration? {
^~~~~~~~~~~~~~~~~~~~~~~~~~
/Users/admin/builder/spi-builder-workspace/Sources/DiffableUI/Items/ContextMenu.swift:36:69: error: cannot find type 'UIPreviewParameters' in scope
public func contextMenuPreviewParameters(for cell: T.CellType) -> UIPreviewParameters? {
^~~~~~~~~~~~~~~~~~~
/Users/admin/builder/spi-builder-workspace/Sources/DiffableUI/Items/ContextMenu.swift:60:13: error: cannot find type 'UIMenu' in scope
_ menu: UIMenu,
^~~~~~
/Users/admin/builder/spi-builder-workspace/Sources/DiffableUI/Items/Padding.swift:45:45: error: cannot find type 'UIContextMenuConfiguration' in scope
public func contextMenuConfiguration() -> UIContextMenuConfiguration? {
^~~~~~~~~~~~~~~~~~~~~~~~~~
/Users/admin/builder/spi-builder-workspace/Sources/DiffableUI/Items/Padding.swift:49:69: error: cannot find type 'UIPreviewParameters' in scope
public func contextMenuPreviewParameters(for cell: T.CellType) -> UIPreviewParameters? {
^~~~~~~~~~~~~~~~~~~
/Users/admin/builder/spi-builder-workspace/Sources/DiffableUI/Items/Tappable.swift:49:45: error: cannot find type 'UIContextMenuConfiguration' in scope
public func contextMenuConfiguration() -> UIContextMenuConfiguration? {
^~~~~~~~~~~~~~~~~~~~~~~~~~
/Users/admin/builder/spi-builder-workspace/Sources/DiffableUI/Items/Tappable.swift:53:69: error: cannot find type 'UIPreviewParameters' in scope
public func contextMenuPreviewParameters(for cell: T.CellType) -> UIPreviewParameters? {
^~~~~~~~~~~~~~~~~~~
/Users/admin/builder/spi-builder-workspace/Sources/DiffableUI/Items/Taskable.swift:59:45: error: cannot find type 'UIContextMenuConfiguration' in scope
public func contextMenuConfiguration() -> UIContextMenuConfiguration? {
^~~~~~~~~~~~~~~~~~~~~~~~~~
/Users/admin/builder/spi-builder-workspace/Sources/DiffableUI/Items/Taskable.swift:63:69: error: cannot find type 'UIPreviewParameters' in scope
public func contextMenuPreviewParameters(for cell: T.CellType) -> UIPreviewParameters? {
^~~~~~~~~~~~~~~~~~~
/Users/admin/builder/spi-builder-workspace/Sources/DiffableUI/UI/CollectionViewCell.swift:14:19: error: initializer does not override a designated initializer from its superclass
override public init(frame: CGRect) {
~~~~~~~~ ^
/Users/admin/builder/spi-builder-workspace/Sources/DiffableUI/UI/CollectionViewCell.swift:12:32: error: cannot find type 'UICollectionViewCell' in scope
open class CollectionViewCell: UICollectionViewCell {
^~~~~~~~~~~~~~~~~~~~
/Users/admin/builder/spi-builder-workspace/Sources/DiffableUI/UI/Extensions/UIView+Constraints.swift:15:44: error: cannot find type 'UILayoutGuide' in scope
func constrainVertically(to layoutGuide: UILayoutGuide) -> Self {
^~~~~~~~~~~~~
/Users/admin/builder/spi-builder-workspace/Sources/DiffableUI/UI/Extensions/UIView+Constraints.swift:25:37: error: 'UIView' is unavailable: This Objective-C class has only been forward-declared; import its owning module to use it
func constrainVertically(to view: UIView) -> Self {
^~~~~~
UIKit.UIView:2:14: note: 'UIView' has been explicitly marked unavailable here
public class UIView {
^
/Users/admin/builder/spi-builder-workspace/Sources/DiffableUI/UI/Extensions/UIView+Constraints.swift:35:46: error: cannot find type 'UILayoutGuide' in scope
func constrainHorizontally(to layoutGuide: UILayoutGuide) -> Self {
^~~~~~~~~~~~~
/Users/admin/builder/spi-builder-workspace/Sources/DiffableUI/UI/Extensions/UIView+Constraints.swift:45:39: error: 'UIView' is unavailable: This Objective-C class has only been forward-declared; import its owning module to use it
func constrainHorizontally(to view: UIView) -> Self {
^~~~~~
UIKit.UIView:2:14: note: 'UIView' has been explicitly marked unavailable here
public class UIView {
^
/Users/admin/builder/spi-builder-workspace/Sources/DiffableUI/UI/Extensions/UIView+Constraints.swift:54:42: error: 'UIView' is unavailable: This Objective-C class has only been forward-declared; import its owning module to use it
func constrainToLayoutMargins(of view: UIView) {
^~~~~~
UIKit.UIView:2:14: note: 'UIView' has been explicitly marked unavailable here
public class UIView {
^
/Users/admin/builder/spi-builder-workspace/Sources/DiffableUI/UI/Extensions/UIView+Constraints.swift:60:34: error: 'UIView' is unavailable: This Objective-C class has only been forward-declared; import its owning module to use it
func constrainToEdges(of view: UIView) {
^~~~~~
UIKit.UIView:2:14: note: 'UIView' has been explicitly marked unavailable here
public class UIView {
^
/Users/admin/builder/spi-builder-workspace/Sources/DiffableUI/UI/Extensions/UIView+Constraints.swift:70:24: error: 'UIView' is unavailable: This Objective-C class has only been forward-declared; import its owning module to use it
func center(in view: UIView) {
^~~~~~
UIKit.UIView:2:14: note: 'UIView' has been explicitly marked unavailable here
public class UIView {
^
/Users/admin/builder/spi-builder-workspace/Sources/DiffableUI/UI/Extensions/UIView+Constraints.swift:12:11: error: 'UIView' is unavailable: This Objective-C class has only been forward-declared; import its owning module to use it
extension UIView {
^~~~~~
UIKit.UIView:2:14: note: 'UIView' has been explicitly marked unavailable here
public class UIView {
^
/Users/admin/builder/spi-builder-workspace/Sources/DiffableUI/UI/Items/ActivityIndicator.swift:29:27: error: cannot find 'UIActivityIndicatorView' in scope
let activityIndicator = UIActivityIndicatorView()
^~~~~~~~~~~~~~~~~~~~~~~
/Users/admin/builder/spi-builder-workspace/Sources/DiffableUI/UI/Items/Empty.swift:17:31: error: cannot find type 'UICollectionViewCell' in scope
public func configure(cell: UICollectionViewCell) {}
^~~~~~~~~~~~~~~~~~~~
/Users/admin/builder/spi-builder-workspace/Sources/DiffableUI/UI/Items/Empty.swift:12:15: error: type 'Empty' does not conform to protocol 'CollectionItem'
public struct Empty: CollectionItem {
^
/Users/admin/builder/spi-builder-workspace/Sources/DiffableUI/UI/Items/Empty.swift:12:15: note: add stubs for conformance
public struct Empty: CollectionItem {
^
/Users/admin/builder/spi-builder-workspace/Sources/DiffableUI/CollectionItem.swift:19:18: note: protocol requires nested type 'CellType'
associatedtype CellType: UICollectionViewCell
^
/Users/admin/builder/spi-builder-workspace/Sources/DiffableUI/CollectionItem.swift:20:18: note: protocol requires nested type 'ItemType'
associatedtype ItemType: Hashable & Equatable
^
/Users/admin/builder/spi-builder-workspace/Sources/DiffableUI/UI/Items/HostingItem.swift:49:33: error: cannot find type 'UICollectionViewCell' in scope
public func configure(cell: UICollectionViewCell) {
^~~~~~~~~~~~~~~~~~~~
/Users/admin/builder/spi-builder-workspace/Sources/DiffableUI/UI/Items/HostingItem.swift:54:47: error: cannot find type 'UIContextMenuConfiguration' in scope
public func contextMenuConfiguration() -> UIContextMenuConfiguration? { nil }
^~~~~~~~~~~~~~~~~~~~~~~~~~
/Users/admin/builder/spi-builder-workspace/Sources/DiffableUI/UI/Items/HostingItem.swift:22:15: error: type 'HostingItem<Content>' does not conform to protocol 'CollectionItem'
public struct HostingItem<Content: View>: CollectionItem {
^
/Users/admin/builder/spi-builder-workspace/Sources/DiffableUI/UI/Items/HostingItem.swift:22:15: note: add stubs for conformance
public struct HostingItem<Content: View>: CollectionItem {
^
/Users/admin/builder/spi-builder-workspace/Sources/DiffableUI/CollectionItem.swift:19:18: note: protocol requires nested type 'CellType'
associatedtype CellType: UICollectionViewCell
^
/Users/admin/builder/spi-builder-workspace/Sources/DiffableUI/CollectionItem.swift:20:18: note: protocol requires nested type 'ItemType'
associatedtype ItemType: Hashable & Equatable
^
/Users/admin/builder/spi-builder-workspace/Sources/DiffableUI/UI/Items/Label.swift:35:31: error: type 'UIColor' has no member 'label'
var textColor: UIColor = .label
~^~~~~
/Users/admin/builder/spi-builder-workspace/Sources/DiffableUI/UI/Items/Label.swift:94:17: error: cannot find 'UILabel' in scope
let label = UILabel()
^~~~~~~
/Users/admin/builder/spi-builder-workspace/Sources/DiffableUI/UI/Items/Toggle.swift:62:24: error: cannot find 'UISwitch' in scope
private let toggle = UISwitch()
^~~~~~~~
/Users/admin/builder/spi-builder-workspace/Sources/DiffableUI/UI/Sections/Grid.swift:125:25: error: cannot find type 'NSCollectionLayoutDimension' in scope
var itemHeight: NSCollectionLayoutDimension?
^~~~~~~~~~~~~~~~~~~~~~~~~~~
/Users/admin/builder/spi-builder-workspace/Sources/DiffableUI/UI/Sections/Grid.swift:129:37: error: cannot find type 'UIContentInsetsReference' in scope
var contentInsetsReference: UIContentInsetsReference = .automatic
^~~~~~~~~~~~~~~~~~~~~~~~
/Users/admin/builder/spi-builder-workspace/Sources/DiffableUI/UI/Sections/Grid.swift:58:71: error: cannot find type 'NSCollectionLayoutSection' in scope
public func layout(environment: NSCollectionLayoutEnvironment) -> NSCollectionLayoutSection {
^~~~~~~~~~~~~~~~~~~~~~~~~
/Users/admin/builder/spi-builder-workspace/Sources/DiffableUI/UI/Sections/Grid.swift:58:37: error: cannot find type 'NSCollectionLayoutEnvironment' in scope
public func layout(environment: NSCollectionLayoutEnvironment) -> NSCollectionLayoutSection {
^~~~~~~~~~~~~~~~~~~~~~~~~~~~~
/Users/admin/builder/spi-builder-workspace/Sources/DiffableUI/UI/Sections/Grid.swift:157:41: error: cannot find type 'NSCollectionLayoutDimension' in scope
public func itemHeight(_ dimension: NSCollectionLayoutDimension) -> Self {
^~~~~~~~~~~~~~~~~~~~~~~~~~~
/Users/admin/builder/spi-builder-workspace/Sources/DiffableUI/UI/Sections/Grid.swift:188:66: error: cannot find type 'UIContentInsetsReference' in scope
public func contentInsetsReference(_ contentInsetsReference: UIContentInsetsReference) -> Self {
^~~~~~~~~~~~~~~~~~~~~~~~
/Users/admin/builder/spi-builder-workspace/Sources/DiffableUI/UI/Sections/List.swift:55:21: error: cannot find type 'NSCollectionLayoutDimension' in scope
var itemHeight: NSCollectionLayoutDimension?
^~~~~~~~~~~~~~~~~~~~~~~~~~~
/Users/admin/builder/spi-builder-workspace/Sources/DiffableUI/UI/Sections/List.swift:57:33: error: cannot find type 'UIContentInsetsReference' in scope
var contentInsetsReference: UIContentInsetsReference = .automatic
^~~~~~~~~~~~~~~~~~~~~~~~
/Users/admin/builder/spi-builder-workspace/Sources/DiffableUI/UI/Sections/List.swift:18:69: error: cannot find type 'NSCollectionLayoutSection' in scope
public func layout(environment: NSCollectionLayoutEnvironment) -> NSCollectionLayoutSection {
^~~~~~~~~~~~~~~~~~~~~~~~~
/Users/admin/builder/spi-builder-workspace/Sources/DiffableUI/UI/Sections/List.swift:18:35: error: cannot find type 'NSCollectionLayoutEnvironment' in scope
public func layout(environment: NSCollectionLayoutEnvironment) -> NSCollectionLayoutSection {
^~~~~~~~~~~~~~~~~~~~~~~~~~~~~
/Users/admin/builder/spi-builder-workspace/Sources/DiffableUI/UI/Sections/List.swift:60:39: error: cannot find type 'NSCollectionLayoutDimension' in scope
public func itemHeight(_ dimension: NSCollectionLayoutDimension) -> Self {
^~~~~~~~~~~~~~~~~~~~~~~~~~~
/Users/admin/builder/spi-builder-workspace/Sources/DiffableUI/UI/Sections/List.swift:66:64: error: cannot find type 'UIContentInsetsReference' in scope
public func contentInsetsReference(_ contentInsetsReference: UIContentInsetsReference) -> Self {
^~~~~~~~~~~~~~~~~~~~~~~~
Failed frontend command:
/Applications/Xcode-16.3.0.app/Contents/Developer/Toolchains/XcodeDefault.xctoolchain/usr/bin/swift-frontend -frontend -emit-module -experimental-skip-non-inlinable-function-bodies-without-types /Users/admin/builder/spi-builder-workspace/Sources/DiffableUI/CollectionItem.swift /Users/admin/builder/spi-builder-workspace/Sources/DiffableUI/CollectionSection.swift /Users/admin/builder/spi-builder-workspace/Sources/DiffableUI/DiffableViewController.swift /Users/admin/builder/spi-builder-workspace/Sources/DiffableUI/Items/ContextMenu.swift /Users/admin/builder/spi-builder-workspace/Sources/DiffableUI/Items/ForEach.swift /Users/admin/builder/spi-builder-workspace/Sources/DiffableUI/Items/Padding.swift /Users/admin/builder/spi-builder-workspace/Sources/DiffableUI/Items/Tappable.swift /Users/admin/builder/spi-builder-workspace/Sources/DiffableUI/Items/Taskable.swift /Users/admin/builder/spi-builder-workspace/Sources/DiffableUI/ResultBuilders/CollectionItemBuilder.swift /Users/admin/builder/spi-builder-workspace/Sources/DiffableUI/ResultBuilders/CollectionViewBuilder.swift /Users/admin/builder/spi-builder-workspace/Sources/DiffableUI/UI/CollectionViewCell.swift /Users/admin/builder/spi-builder-workspace/Sources/DiffableUI/UI/Extensions/NSDirectionalEdgeInsets+Init.swift /Users/admin/builder/spi-builder-workspace/Sources/DiffableUI/UI/Extensions/UIView+Constraints.swift /Users/admin/builder/spi-builder-workspace/Sources/DiffableUI/UI/Items/ActivityIndicator.swift /Users/admin/builder/spi-builder-workspace/Sources/DiffableUI/UI/Items/Empty.swift /Users/admin/builder/spi-builder-workspace/Sources/DiffableUI/UI/Items/HostingItem.swift /Users/admin/builder/spi-builder-workspace/Sources/DiffableUI/UI/Items/Label.swift /Users/admin/builder/spi-builder-workspace/Sources/DiffableUI/UI/Items/Toggle.swift /Users/admin/builder/spi-builder-workspace/Sources/DiffableUI/UI/Sections/Grid.swift /Users/admin/builder/spi-builder-workspace/Sources/DiffableUI/UI/Sections/List.swift -target arm64_32-apple-watchos7.0 -enable-objc-interop -sdk /Applications/Xcode-16.3.0.app/Contents/Developer/Platforms/WatchOS.platform/Developer/SDKs/WatchOS11.4.sdk -I /Users/admin/builder/spi-builder-workspace/.derivedData/Build/Products/Debug-watchos -I /Applications/Xcode-16.3.0.app/Contents/Developer/Platforms/WatchOS.platform/Developer/usr/lib -F /Users/admin/builder/spi-builder-workspace/.derivedData/Build/Products/Debug-watchos -F /Applications/Xcode-16.3.0.app/Contents/Developer/Platforms/WatchOS.platform/Developer/Library/Frameworks -F /Applications/Xcode-16.3.0.app/Contents/Developer/Platforms/WatchOS.platform/Developer/SDKs/WatchOS11.4.sdk/Developer/Library/Frameworks -no-color-diagnostics -enable-testing -g -debug-info-format\=dwarf -dwarf-version\=4 -module-cache-path /Users/admin/builder/spi-builder-workspace/.derivedData/ModuleCache.noindex -profile-generate -profile-coverage-mapping -swift-version 6 -enforce-exclusivity\=checked -Onone -D SWIFT_PACKAGE -D DEBUG -D Xcode -serialize-debugging-options -const-gather-protocols-file /Users/admin/builder/spi-builder-workspace/.derivedData/Build/Intermediates.noindex/DiffableUI.build/Debug-watchos/DiffableUI.build/Objects-normal/arm64_32/DiffableUI_const_extract_protocols.json -enable-experimental-feature DebugDescriptionMacro -empty-abi-descriptor -plugin-path /Applications/Xcode-16.3.0.app/Contents/Developer/Toolchains/XcodeDefault.xctoolchain/usr/lib/swift/host/plugins/testing -validate-clang-modules-once -clang-build-session-file /Users/admin/builder/spi-builder-workspace/.derivedData/ModuleCache.noindex/Session.modulevalidation -Xcc -working-directory -Xcc /Users/admin/builder/spi-builder-workspace/.swiftpm/xcode -resource-dir /Applications/Xcode-16.3.0.app/Contents/Developer/Toolchains/XcodeDefault.xctoolchain/usr/lib/swift -enable-anonymous-context-mangled-names -file-compilation-dir /Users/admin/builder/spi-builder-workspace/.swiftpm/xcode -Xcc -ivfsstatcache -Xcc /Users/admin/builder/spi-builder-workspace/.derivedData/SDKStatCaches.noindex/watchos11.4-22T246-43efb940ff07ba2497b70ec94253f576.sdkstatcache -Xcc -I/Users/admin/builder/spi-builder-workspace/.derivedData/Build/Intermediates.noindex/DiffableUI.build/Debug-watchos/DiffableUI.build/swift-overrides.hmap -Xcc -I/Users/admin/builder/spi-builder-workspace/.derivedData/Build/Products/Debug-watchos/include -Xcc -I/Users/admin/builder/spi-builder-workspace/.derivedData/Build/Intermediates.noindex/DiffableUI.build/Debug-watchos/DiffableUI.build/DerivedSources-normal/arm64_32 -Xcc -I/Users/admin/builder/spi-builder-workspace/.derivedData/Build/Intermediates.noindex/DiffableUI.build/Debug-watchos/DiffableUI.build/DerivedSources/arm64_32 -Xcc -I/Users/admin/builder/spi-builder-workspace/.derivedData/Build/Intermediates.noindex/DiffableUI.build/Debug-watchos/DiffableUI.build/DerivedSources -Xcc -DSWIFT_PACKAGE -Xcc -DDEBUG\=1 -module-name DiffableUI -package-name spi_builder_workspace -frontend-parseable-output -disable-clang-spi -target-sdk-version 11.4 -target-sdk-name watchos11.4 -external-plugin-path /Applications/Xcode-16.3.0.app/Contents/Developer/Platforms/WatchOS.platform/Developer/usr/lib/swift/host/plugins\#/Applications/Xcode-16.3.0.app/Contents/Developer/Platforms/WatchOS.platform/Developer/usr/bin/swift-plugin-server -external-plugin-path /Applications/Xcode-16.3.0.app/Contents/Developer/Platforms/WatchOS.platform/Developer/usr/local/lib/swift/host/plugins\#/Applications/Xcode-16.3.0.app/Contents/Developer/Platforms/WatchOS.platform/Developer/usr/bin/swift-plugin-server -in-process-plugin-server-path /Applications/Xcode-16.3.0.app/Contents/Developer/Toolchains/XcodeDefault.xctoolchain/usr/lib/swift/host/libSwiftInProcPluginServer.dylib -plugin-path /Applications/Xcode-16.3.0.app/Contents/Developer/Toolchains/XcodeDefault.xctoolchain/usr/lib/swift/host/plugins -plugin-path /Applications/Xcode-16.3.0.app/Contents/Developer/Toolchains/XcodeDefault.xctoolchain/usr/local/lib/swift/host/plugins -emit-module-doc-path /Users/admin/builder/spi-builder-workspace/.derivedData/Build/Intermediates.noindex/DiffableUI.build/Debug-watchos/DiffableUI.build/Objects-normal/arm64_32/DiffableUI.swiftdoc -emit-module-source-info-path /Users/admin/builder/spi-builder-workspace/.derivedData/Build/Intermediates.noindex/DiffableUI.build/Debug-watchos/DiffableUI.build/Objects-normal/arm64_32/DiffableUI.swiftsourceinfo -emit-objc-header-path /Users/admin/builder/spi-builder-workspace/.derivedData/Build/Intermediates.noindex/DiffableUI.build/Debug-watchos/DiffableUI.build/Objects-normal/arm64_32/DiffableUI-Swift.h -serialize-diagnostics-path /Users/admin/builder/spi-builder-workspace/.derivedData/Build/Intermediates.noindex/DiffableUI.build/Debug-watchos/DiffableUI.build/Objects-normal/arm64_32/DiffableUI-master-emit-module.dia -emit-dependencies-path /Users/admin/builder/spi-builder-workspace/.derivedData/Build/Intermediates.noindex/DiffableUI.build/Debug-watchos/DiffableUI.build/Objects-normal/arm64_32/DiffableUI-master-emit-module.d -o /Users/admin/builder/spi-builder-workspace/.derivedData/Build/Intermediates.noindex/DiffableUI.build/Debug-watchos/DiffableUI.build/Objects-normal/arm64_32/DiffableUI.swiftmodule -emit-abi-descriptor-path /Users/admin/builder/spi-builder-workspace/.derivedData/Build/Intermediates.noindex/DiffableUI.build/Debug-watchos/DiffableUI.build/Objects-normal/arm64_32/DiffableUI.abi.json
SwiftCompile normal arm64_32 Compiling\ UIView+Constraints.swift,\ ActivityIndicator.swift /Users/admin/builder/spi-builder-workspace/Sources/DiffableUI/UI/Extensions/UIView+Constraints.swift /Users/admin/builder/spi-builder-workspace/Sources/DiffableUI/UI/Items/ActivityIndicator.swift (in target 'DiffableUI' from project 'DiffableUI')
SwiftCompile normal arm64_32 /Users/admin/builder/spi-builder-workspace/Sources/DiffableUI/UI/Extensions/UIView+Constraints.swift (in target 'DiffableUI' from project 'DiffableUI')
cd /Users/admin/builder/spi-builder-workspace/.swiftpm/xcode
SwiftCompile normal arm64_32 /Users/admin/builder/spi-builder-workspace/Sources/DiffableUI/UI/Items/ActivityIndicator.swift (in target 'DiffableUI' from project 'DiffableUI')
cd /Users/admin/builder/spi-builder-workspace/.swiftpm/xcode
SwiftCompile normal arm64_32 Compiling\ CollectionViewCell.swift,\ NSDirectionalEdgeInsets+Init.swift /Users/admin/builder/spi-builder-workspace/Sources/DiffableUI/UI/CollectionViewCell.swift /Users/admin/builder/spi-builder-workspace/Sources/DiffableUI/UI/Extensions/NSDirectionalEdgeInsets+Init.swift (in target 'DiffableUI' from project 'DiffableUI')
SwiftCompile normal arm64_32 /Users/admin/builder/spi-builder-workspace/Sources/DiffableUI/UI/CollectionViewCell.swift (in target 'DiffableUI' from project 'DiffableUI')
cd /Users/admin/builder/spi-builder-workspace/.swiftpm/xcode
SwiftCompile normal arm64_32 /Users/admin/builder/spi-builder-workspace/Sources/DiffableUI/UI/Extensions/NSDirectionalEdgeInsets+Init.swift (in target 'DiffableUI' from project 'DiffableUI')
cd /Users/admin/builder/spi-builder-workspace/.swiftpm/xcode
SwiftCompile normal arm64_32 Compiling\ Tappable.swift,\ Taskable.swift /Users/admin/builder/spi-builder-workspace/Sources/DiffableUI/Items/Tappable.swift /Users/admin/builder/spi-builder-workspace/Sources/DiffableUI/Items/Taskable.swift (in target 'DiffableUI' from project 'DiffableUI')
SwiftCompile normal arm64_32 /Users/admin/builder/spi-builder-workspace/Sources/DiffableUI/Items/Tappable.swift (in target 'DiffableUI' from project 'DiffableUI')
cd /Users/admin/builder/spi-builder-workspace/.swiftpm/xcode
SwiftCompile normal arm64_32 /Users/admin/builder/spi-builder-workspace/Sources/DiffableUI/Items/Taskable.swift (in target 'DiffableUI' from project 'DiffableUI')
cd /Users/admin/builder/spi-builder-workspace/.swiftpm/xcode
SwiftCompile normal arm64_32 Compiling\ CollectionItemBuilder.swift,\ CollectionViewBuilder.swift /Users/admin/builder/spi-builder-workspace/Sources/DiffableUI/ResultBuilders/CollectionItemBuilder.swift /Users/admin/builder/spi-builder-workspace/Sources/DiffableUI/ResultBuilders/CollectionViewBuilder.swift (in target 'DiffableUI' from project 'DiffableUI')
SwiftCompile normal arm64_32 /Users/admin/builder/spi-builder-workspace/Sources/DiffableUI/ResultBuilders/CollectionItemBuilder.swift (in target 'DiffableUI' from project 'DiffableUI')
cd /Users/admin/builder/spi-builder-workspace/.swiftpm/xcode
SwiftCompile normal arm64_32 /Users/admin/builder/spi-builder-workspace/Sources/DiffableUI/ResultBuilders/CollectionViewBuilder.swift (in target 'DiffableUI' from project 'DiffableUI')
cd /Users/admin/builder/spi-builder-workspace/.swiftpm/xcode
SwiftCompile normal arm64_32 Compiling\ CollectionItem.swift,\ CollectionSection.swift /Users/admin/builder/spi-builder-workspace/Sources/DiffableUI/CollectionItem.swift /Users/admin/builder/spi-builder-workspace/Sources/DiffableUI/CollectionSection.swift (in target 'DiffableUI' from project 'DiffableUI')
SwiftCompile normal arm64_32 /Users/admin/builder/spi-builder-workspace/Sources/DiffableUI/CollectionItem.swift (in target 'DiffableUI' from project 'DiffableUI')
cd /Users/admin/builder/spi-builder-workspace/.swiftpm/xcode
SwiftCompile normal arm64_32 /Users/admin/builder/spi-builder-workspace/Sources/DiffableUI/CollectionSection.swift (in target 'DiffableUI' from project 'DiffableUI')
cd /Users/admin/builder/spi-builder-workspace/.swiftpm/xcode
SwiftCompile normal arm64_32 Compiling\ DiffableViewController.swift,\ ContextMenu.swift /Users/admin/builder/spi-builder-workspace/Sources/DiffableUI/DiffableViewController.swift /Users/admin/builder/spi-builder-workspace/Sources/DiffableUI/Items/ContextMenu.swift (in target 'DiffableUI' from project 'DiffableUI')
SwiftCompile normal arm64_32 /Users/admin/builder/spi-builder-workspace/Sources/DiffableUI/DiffableViewController.swift (in target 'DiffableUI' from project 'DiffableUI')
cd /Users/admin/builder/spi-builder-workspace/.swiftpm/xcode
SwiftCompile normal arm64_32 /Users/admin/builder/spi-builder-workspace/Sources/DiffableUI/Items/ContextMenu.swift (in target 'DiffableUI' from project 'DiffableUI')
cd /Users/admin/builder/spi-builder-workspace/.swiftpm/xcode
SwiftCompile normal arm64_32 Compiling\ Empty.swift,\ HostingItem.swift /Users/admin/builder/spi-builder-workspace/Sources/DiffableUI/UI/Items/Empty.swift /Users/admin/builder/spi-builder-workspace/Sources/DiffableUI/UI/Items/HostingItem.swift (in target 'DiffableUI' from project 'DiffableUI')
SwiftCompile normal arm64_32 /Users/admin/builder/spi-builder-workspace/Sources/DiffableUI/UI/Items/Empty.swift (in target 'DiffableUI' from project 'DiffableUI')
cd /Users/admin/builder/spi-builder-workspace/.swiftpm/xcode
SwiftCompile normal arm64_32 /Users/admin/builder/spi-builder-workspace/Sources/DiffableUI/UI/Items/HostingItem.swift (in target 'DiffableUI' from project 'DiffableUI')
cd /Users/admin/builder/spi-builder-workspace/.swiftpm/xcode
SwiftCompile normal arm64_32 Compiling\ ForEach.swift,\ Padding.swift /Users/admin/builder/spi-builder-workspace/Sources/DiffableUI/Items/ForEach.swift /Users/admin/builder/spi-builder-workspace/Sources/DiffableUI/Items/Padding.swift (in target 'DiffableUI' from project 'DiffableUI')
SwiftCompile normal arm64_32 /Users/admin/builder/spi-builder-workspace/Sources/DiffableUI/Items/ForEach.swift (in target 'DiffableUI' from project 'DiffableUI')
cd /Users/admin/builder/spi-builder-workspace/.swiftpm/xcode
SwiftCompile normal arm64_32 /Users/admin/builder/spi-builder-workspace/Sources/DiffableUI/Items/Padding.swift (in target 'DiffableUI' from project 'DiffableUI')
cd /Users/admin/builder/spi-builder-workspace/.swiftpm/xcode
SwiftEmitModule normal armv7k Emitting\ module\ for\ DiffableUI (in target 'DiffableUI' from project 'DiffableUI')
EmitSwiftModule normal armv7k (in target 'DiffableUI' from project 'DiffableUI')
cd /Users/admin/builder/spi-builder-workspace/.swiftpm/xcode
SwiftEmitModule normal arm64 Emitting\ module\ for\ DiffableUI (in target 'DiffableUI' from project 'DiffableUI')
Command SwiftEmitModule failed with a nonzero exit code
** BUILD FAILED **
The following build commands failed:
EmitSwiftModule normal arm64_32 (in target 'DiffableUI' from project 'DiffableUI')
SwiftEmitModule normal arm64_32 Emitting\ module\ for\ DiffableUI (in target 'DiffableUI' from project 'DiffableUI')
SwiftEmitModule normal arm64 Emitting\ module\ for\ DiffableUI (in target 'DiffableUI' from project 'DiffableUI')
Building workspace spi-builder-workspace with scheme DiffableUI
(4 failures)
BUILD FAILURE 6.1 watchOS