The Swift Package Index logo.Swift Package Index

Build Information

Failed to build extract-case-value, reference main (542c66), with Swift 6.4 for visionOS using Xcode 27.0 on 19 Sep 2026 07:12:33 UTC.

Build Command

env DEVELOPER_DIR=/Applications/Xcode-27.0.0-Release.Candidate.app xcrun xcodebuild -IDEClonedSourcePackagesDirPathOverride=$PWD/.dependencies -skipMacroValidation -skipPackagePluginValidation -derivedDataPath $PWD/.derivedData build -scheme ExtractCaseValue-Package -destination generic/platform=xrOS

Build Log

2026-09-19 03:12:24.559 appintentsmetadataprocessor[1336:7385] Starting appintentsmetadataprocessor export
2026-09-19 03:12:24.647 appintentsmetadataprocessor[1336:7385] Extracted no relevant App Intents symbols, skipping writing output
SwiftDriverJobDiscovery normal arm64 Compiling AssertEqualWithDiff.swift (in target '_SwiftSyntaxTestSupport' from project 'swift-syntax')
SwiftDriverJobDiscovery normal arm64 Compiling CompilerPlugin.swift (in target 'SwiftCompilerPlugin' from project 'swift-syntax')
SwiftDriver\ Compilation SwiftCompilerPlugin normal arm64 com.apple.xcode.tools.swift.compiler (in target 'SwiftCompilerPlugin' from project 'swift-syntax')
    cd /Users/admin/builder/spi-builder-workspace/.swiftpm/xcode
    builtin-Swift-Compilation -- /Applications/Xcode-27.0.0-Release.Candidate.app/Contents/Developer/Toolchains/XcodeDefault.xctoolchain/usr/bin/swiftc -parse-as-library -module-name SwiftCompilerPlugin -Onone @/Users/admin/builder/spi-builder-workspace/.derivedData/Build/Intermediates.noindex/swift-syntax.build/Debug-xros/SwiftCompilerPlugin-t.build/Objects-normal/arm64/SwiftCompilerPlugin.SwiftFileList -DSWIFT_PACKAGE -DDEBUG -DSWIFT_MODULE_RESOURCE_BUNDLE_UNAVAILABLE -DXcode -plugin-path /Applications/Xcode-27.0.0-Release.Candidate.app/Contents/Developer/Toolchains/XcodeDefault.xctoolchain/usr/lib/swift/host/plugins/testing -enable-experimental-feature DebugDescriptionMacro -sdk /Applications/Xcode-27.0.0-Release.Candidate.app/Contents/Developer/Platforms/XROS.platform/Developer/SDKs/XROS27.0.sdk -target arm64-apple-xros1.0 -g -module-cache-path /Users/admin/builder/spi-builder-workspace/.derivedData/ModuleCache.noindex -Xfrontend -serialize-debugging-options -profile-coverage-mapping -profile-generate -enable-testing -suppress-warnings -index-store-path /Users/admin/builder/spi-builder-workspace/.derivedData/Index.noindex/DataStore -Xcc -D_LIBCPP_HARDENING_MODE\=_LIBCPP_HARDENING_MODE_DEBUG -swift-version 5 -I /Users/admin/builder/spi-builder-workspace/.derivedData/Build/Products/Debug-xros -Isystem /Applications/Xcode-27.0.0-Release.Candidate.app/Contents/Developer/Platforms/XROS.platform/Developer/usr/lib -F /Users/admin/builder/spi-builder-workspace/.derivedData/Build/Products/Debug-xros/PackageFrameworks -F /Users/admin/builder/spi-builder-workspace/.derivedData/Build/Products/Debug-xros -F /Applications/Xcode-27.0.0-Release.Candidate.app/Contents/Developer/Platforms/XROS.platform/Developer/Library/Frameworks -F /Applications/Xcode-27.0.0-Release.Candidate.app/Contents/Developer/Platforms/XROS.platform/Developer/SDKs/XROS27.0.sdk/Developer/Library/Frameworks -c -j10 -enable-batch-mode -incremental -Xcc -ivfsstatcache -Xcc /Users/admin/builder/spi-builder-workspace/.derivedData/SDKStatCaches.noindex/xros27.0-24M361-e829b21a6f8c9b70876ba0858053c044735bd543db762f57723cac368afd1ce4.sdkstatcache -output-file-map /Users/admin/builder/spi-builder-workspace/.derivedData/Build/Intermediates.noindex/swift-syntax.build/Debug-xros/SwiftCompilerPlugin-t.build/Objects-normal/arm64/SwiftCompilerPlugin-OutputFileMap.json -save-temps -no-color-diagnostics -explicit-module-build -module-cache-path /Users/admin/builder/spi-builder-workspace/.derivedData/Build/Intermediates.noindex/SwiftExplicitPrecompiledModules -clang-scanner-module-cache-path /Users/admin/builder/spi-builder-workspace/.derivedData/ModuleCache.noindex -sdk-module-cache-path /Users/admin/builder/spi-builder-workspace/.derivedData/SDKExplicitPrecompiledModules -emit-dependencies -emit-module -emit-module-path /Users/admin/builder/spi-builder-workspace/.derivedData/Build/Intermediates.noindex/swift-syntax.build/Debug-xros/SwiftCompilerPlugin-t.build/Objects-normal/arm64/SwiftCompilerPlugin.swiftmodule -serialize-diagnostics -dependency-scan-serialize-diagnostics-path /Users/admin/builder/spi-builder-workspace/.derivedData/Build/Intermediates.noindex/swift-syntax.build/Debug-xros/SwiftCompilerPlugin-t.build/Objects-normal/arm64/SwiftCompilerPlugin-dependency-scan.dia -validate-clang-modules-once -clang-build-session-file /Users/admin/builder/spi-builder-workspace/.derivedData/ModuleCache.noindex/Session.modulevalidation -Xcc -fmodules-prune-interval\=86400 -Xcc -fmodules-prune-after\=345600 -emit-const-values -const-gather-protocols-list /Users/admin/builder/spi-builder-workspace/.derivedData/Build/Intermediates.noindex/swift-syntax.build/Debug-xros/SwiftCompilerPlugin-t.build/Objects-normal/arm64/SwiftCompilerPlugin_const_extract_protocols.json -Xcc -I/Users/admin/builder/spi-builder-workspace/.derivedData/Build/Products/Debug-xros/include -Xcc -I/Users/admin/builder/spi-builder-workspace/.derivedData/Build/Intermediates.noindex/swift-syntax.build/Debug-xros/SwiftCompilerPlugin-t.build/DerivedSources-normal/arm64 -Xcc -I/Users/admin/builder/spi-builder-workspace/.derivedData/Build/Intermediates.noindex/swift-syntax.build/Debug-xros/SwiftCompilerPlugin-t.build/DerivedSources/arm64 -Xcc -I/Users/admin/builder/spi-builder-workspace/.derivedData/Build/Intermediates.noindex/swift-syntax.build/Debug-xros/SwiftCompilerPlugin-t.build/DerivedSources -Xcc -DSWIFT_PACKAGE -Xcc -DDEBUG\=1 -emit-objc-header -emit-objc-header-path /Users/admin/builder/spi-builder-workspace/.derivedData/Build/Intermediates.noindex/swift-syntax.build/Debug-xros/SwiftCompilerPlugin-t.build/Objects-normal/arm64/SwiftCompilerPlugin-Swift.h -working-directory /Users/admin/builder/spi-builder-workspace/.swiftpm/xcode -experimental-emit-module-separately -disable-cmo
SwiftDriverJobDiscovery normal arm64 Compiling Syntax+Assertions.swift (in target '_SwiftSyntaxTestSupport' from project 'swift-syntax')
SwiftDriverJobDiscovery normal arm64 Compiling IncrementalParseTestUtils.swift (in target '_SwiftSyntaxTestSupport' from project 'swift-syntax')
SwiftDriver\ Compilation _SwiftSyntaxTestSupport normal arm64 com.apple.xcode.tools.swift.compiler (in target '_SwiftSyntaxTestSupport' from project 'swift-syntax')
    cd /Users/admin/builder/spi-builder-workspace/.swiftpm/xcode
    builtin-Swift-Compilation -- /Applications/Xcode-27.0.0-Release.Candidate.app/Contents/Developer/Toolchains/XcodeDefault.xctoolchain/usr/bin/swiftc -parse-as-library -module-name _SwiftSyntaxTestSupport -Onone @/Users/admin/builder/spi-builder-workspace/.derivedData/Build/Intermediates.noindex/swift-syntax.build/Debug-xros/_SwiftSyntaxTestSupport-t.build/Objects-normal/arm64/_SwiftSyntaxTestSupport.SwiftFileList -DSWIFT_PACKAGE -DDEBUG -DSWIFT_MODULE_RESOURCE_BUNDLE_UNAVAILABLE -DXcode -plugin-path /Applications/Xcode-27.0.0-Release.Candidate.app/Contents/Developer/Toolchains/XcodeDefault.xctoolchain/usr/lib/swift/host/plugins/testing -enable-experimental-feature DebugDescriptionMacro -sdk /Applications/Xcode-27.0.0-Release.Candidate.app/Contents/Developer/Platforms/XROS.platform/Developer/SDKs/XROS27.0.sdk -target arm64-apple-xros1.0 -g -module-cache-path /Users/admin/builder/spi-builder-workspace/.derivedData/ModuleCache.noindex -Xfrontend -serialize-debugging-options -profile-coverage-mapping -profile-generate -enable-testing -suppress-warnings -index-store-path /Users/admin/builder/spi-builder-workspace/.derivedData/Index.noindex/DataStore -Xcc -D_LIBCPP_HARDENING_MODE\=_LIBCPP_HARDENING_MODE_DEBUG -swift-version 5 -I /Users/admin/builder/spi-builder-workspace/.derivedData/Build/Products/Debug-xros -Isystem /Applications/Xcode-27.0.0-Release.Candidate.app/Contents/Developer/Platforms/XROS.platform/Developer/usr/lib -F /Users/admin/builder/spi-builder-workspace/.derivedData/Build/Products/Debug-xros/PackageFrameworks -F /Users/admin/builder/spi-builder-workspace/.derivedData/Build/Products/Debug-xros -F /Applications/Xcode-27.0.0-Release.Candidate.app/Contents/Developer/Platforms/XROS.platform/Developer/Library/Frameworks -F /Applications/Xcode-27.0.0-Release.Candidate.app/Contents/Developer/Platforms/XROS.platform/Developer/SDKs/XROS27.0.sdk/Developer/Library/Frameworks -c -j10 -enable-batch-mode -incremental -Xcc -ivfsstatcache -Xcc /Users/admin/builder/spi-builder-workspace/.derivedData/SDKStatCaches.noindex/xros27.0-24M361-e829b21a6f8c9b70876ba0858053c044735bd543db762f57723cac368afd1ce4.sdkstatcache -output-file-map /Users/admin/builder/spi-builder-workspace/.derivedData/Build/Intermediates.noindex/swift-syntax.build/Debug-xros/_SwiftSyntaxTestSupport-t.build/Objects-normal/arm64/_SwiftSyntaxTestSupport-OutputFileMap.json -save-temps -no-color-diagnostics -explicit-module-build -module-cache-path /Users/admin/builder/spi-builder-workspace/.derivedData/Build/Intermediates.noindex/SwiftExplicitPrecompiledModules -clang-scanner-module-cache-path /Users/admin/builder/spi-builder-workspace/.derivedData/ModuleCache.noindex -sdk-module-cache-path /Users/admin/builder/spi-builder-workspace/.derivedData/SDKExplicitPrecompiledModules -emit-dependencies -emit-module -emit-module-path /Users/admin/builder/spi-builder-workspace/.derivedData/Build/Intermediates.noindex/swift-syntax.build/Debug-xros/_SwiftSyntaxTestSupport-t.build/Objects-normal/arm64/_SwiftSyntaxTestSupport.swiftmodule -serialize-diagnostics -dependency-scan-serialize-diagnostics-path /Users/admin/builder/spi-builder-workspace/.derivedData/Build/Intermediates.noindex/swift-syntax.build/Debug-xros/_SwiftSyntaxTestSupport-t.build/Objects-normal/arm64/_SwiftSyntaxTestSupport-dependency-scan.dia -validate-clang-modules-once -clang-build-session-file /Users/admin/builder/spi-builder-workspace/.derivedData/ModuleCache.noindex/Session.modulevalidation -Xcc -fmodules-prune-interval\=86400 -Xcc -fmodules-prune-after\=345600 -emit-const-values -const-gather-protocols-list /Users/admin/builder/spi-builder-workspace/.derivedData/Build/Intermediates.noindex/swift-syntax.build/Debug-xros/_SwiftSyntaxTestSupport-t.build/Objects-normal/arm64/_SwiftSyntaxTestSupport_const_extract_protocols.json -Xcc -I/Users/admin/builder/spi-builder-workspace/.derivedData/Build/Products/Debug-xros/include -Xcc -I/Users/admin/builder/spi-builder-workspace/.derivedData/Build/Intermediates.noindex/swift-syntax.build/Debug-xros/_SwiftSyntaxTestSupport-t.build/DerivedSources-normal/arm64 -Xcc -I/Users/admin/builder/spi-builder-workspace/.derivedData/Build/Intermediates.noindex/swift-syntax.build/Debug-xros/_SwiftSyntaxTestSupport-t.build/DerivedSources/arm64 -Xcc -I/Users/admin/builder/spi-builder-workspace/.derivedData/Build/Intermediates.noindex/swift-syntax.build/Debug-xros/_SwiftSyntaxTestSupport-t.build/DerivedSources -Xcc -DSWIFT_PACKAGE -Xcc -DDEBUG\=1 -emit-objc-header -emit-objc-header-path /Users/admin/builder/spi-builder-workspace/.derivedData/Build/Intermediates.noindex/swift-syntax.build/Debug-xros/_SwiftSyntaxTestSupport-t.build/Objects-normal/arm64/_SwiftSyntaxTestSupport-Swift.h -working-directory /Users/admin/builder/spi-builder-workspace/.swiftpm/xcode -experimental-emit-module-separately -disable-cmo
Ld /Users/admin/builder/spi-builder-workspace/.derivedData/Build/Products/Debug-xros/SwiftCompilerPlugin.o normal (in target 'SwiftCompilerPlugin' from project 'swift-syntax')
    cd /Users/admin/builder/spi-builder-workspace/.dependencies/checkouts/swift-syntax
    /Applications/Xcode-27.0.0-Release.Candidate.app/Contents/Developer/Toolchains/XcodeDefault.xctoolchain/usr/bin/clang -Xlinker -reproducible -target arm64-apple-xros1.0 -r -isysroot /Applications/Xcode-27.0.0-Release.Candidate.app/Contents/Developer/Platforms/XROS.platform/Developer/SDKs/XROS27.0.sdk -O0 -w -Xlinker -no_warn_duplicate_libraries -F/Users/admin/builder/spi-builder-workspace/.derivedData/Build/Intermediates.noindex/EagerLinkingTBDs/Debug-xros -F/Users/admin/builder/spi-builder-workspace/.derivedData/Build/Products/Debug-xros/PackageFrameworks -F/Users/admin/builder/spi-builder-workspace/.derivedData/Build/Products/Debug-xros -iframework /Applications/Xcode-27.0.0-Release.Candidate.app/Contents/Developer/Platforms/XROS.platform/Developer/Library/Frameworks -iframework /Applications/Xcode-27.0.0-Release.Candidate.app/Contents/Developer/Platforms/XROS.platform/Developer/SDKs/XROS27.0.sdk/Developer/Library/Frameworks -filelist /Users/admin/builder/spi-builder-workspace/.derivedData/Build/Intermediates.noindex/swift-syntax.build/Debug-xros/SwiftCompilerPlugin-t.build/Objects-normal/arm64/SwiftCompilerPlugin.LinkFileList -nostdlib -Xlinker -object_path_lto -Xlinker /Users/admin/builder/spi-builder-workspace/.derivedData/Build/Intermediates.noindex/swift-syntax.build/Debug-xros/SwiftCompilerPlugin-t.build/Objects-normal/arm64/SwiftCompilerPlugin_lto.o -Xlinker -no_deduplicate -Xlinker -debug_variant -Xlinker -dependency_info -Xlinker /Users/admin/builder/spi-builder-workspace/.derivedData/Build/Intermediates.noindex/swift-syntax.build/Debug-xros/SwiftCompilerPlugin-t.build/Objects-normal/arm64/SwiftCompilerPlugin_dependency_info.dat -fobjc-link-runtime -L/Applications/Xcode-27.0.0-Release.Candidate.app/Contents/Developer/Toolchains/XcodeDefault.xctoolchain/usr/lib/swift/xros -L/usr/lib/swift -Xlinker -add_ast_path -Xlinker /Users/admin/builder/spi-builder-workspace/.derivedData/Build/Intermediates.noindex/swift-syntax.build/Debug-xros/SwiftCompilerPlugin-t.build/Objects-normal/arm64/SwiftCompilerPlugin.swiftmodule -o /Users/admin/builder/spi-builder-workspace/.derivedData/Build/Products/Debug-xros/SwiftCompilerPlugin.o
Ld /Users/admin/builder/spi-builder-workspace/.derivedData/Build/Products/Debug-xros/_SwiftSyntaxTestSupport.o normal (in target '_SwiftSyntaxTestSupport' from project 'swift-syntax')
    cd /Users/admin/builder/spi-builder-workspace/.dependencies/checkouts/swift-syntax
    /Applications/Xcode-27.0.0-Release.Candidate.app/Contents/Developer/Toolchains/XcodeDefault.xctoolchain/usr/bin/clang -Xlinker -reproducible -target arm64-apple-xros1.0 -r -isysroot /Applications/Xcode-27.0.0-Release.Candidate.app/Contents/Developer/Platforms/XROS.platform/Developer/SDKs/XROS27.0.sdk -O0 -w -Xlinker -no_warn_duplicate_libraries -F/Users/admin/builder/spi-builder-workspace/.derivedData/Build/Intermediates.noindex/EagerLinkingTBDs/Debug-xros -F/Users/admin/builder/spi-builder-workspace/.derivedData/Build/Products/Debug-xros/PackageFrameworks -F/Users/admin/builder/spi-builder-workspace/.derivedData/Build/Products/Debug-xros -iframework /Applications/Xcode-27.0.0-Release.Candidate.app/Contents/Developer/Platforms/XROS.platform/Developer/Library/Frameworks -iframework /Applications/Xcode-27.0.0-Release.Candidate.app/Contents/Developer/Platforms/XROS.platform/Developer/SDKs/XROS27.0.sdk/Developer/Library/Frameworks -filelist /Users/admin/builder/spi-builder-workspace/.derivedData/Build/Intermediates.noindex/swift-syntax.build/Debug-xros/_SwiftSyntaxTestSupport-t.build/Objects-normal/arm64/_SwiftSyntaxTestSupport.LinkFileList -nostdlib -Xlinker -object_path_lto -Xlinker /Users/admin/builder/spi-builder-workspace/.derivedData/Build/Intermediates.noindex/swift-syntax.build/Debug-xros/_SwiftSyntaxTestSupport-t.build/Objects-normal/arm64/_SwiftSyntaxTestSupport_lto.o -Xlinker -no_deduplicate -Xlinker -debug_variant -Xlinker -dependency_info -Xlinker /Users/admin/builder/spi-builder-workspace/.derivedData/Build/Intermediates.noindex/swift-syntax.build/Debug-xros/_SwiftSyntaxTestSupport-t.build/Objects-normal/arm64/_SwiftSyntaxTestSupport_dependency_info.dat -fobjc-link-runtime -L/Applications/Xcode-27.0.0-Release.Candidate.app/Contents/Developer/Toolchains/XcodeDefault.xctoolchain/usr/lib/swift/xros -L/usr/lib/swift -Xlinker -add_ast_path -Xlinker /Users/admin/builder/spi-builder-workspace/.derivedData/Build/Intermediates.noindex/swift-syntax.build/Debug-xros/_SwiftSyntaxTestSupport-t.build/Objects-normal/arm64/_SwiftSyntaxTestSupport.swiftmodule -o /Users/admin/builder/spi-builder-workspace/.derivedData/Build/Products/Debug-xros/_SwiftSyntaxTestSupport.o
ExtractAppIntentsMetadata (in target 'SwiftCompilerPlugin' from project 'swift-syntax')
    cd /Users/admin/builder/spi-builder-workspace/.dependencies/checkouts/swift-syntax
    /Applications/Xcode-27.0.0-Release.Candidate.app/Contents/Developer/Toolchains/XcodeDefault.xctoolchain/usr/bin/appintentsmetadataprocessor --toolchain-dir /var/run/com.apple.security.cryptexd/mnt/com.apple.MobileAsset.MetalToolchain-v27.1.266.1.yEHVO7/Metal.xctoolchain --module-name SwiftCompilerPlugin --sdk-root /Applications/Xcode-27.0.0-Release.Candidate.app/Contents/Developer/Platforms/XROS.platform/Developer/SDKs/XROS27.0.sdk --xcode-version 27A266a --platform-family xrOS --deployment-target 1.0 --bundle-identifier swift-syntax.SwiftCompilerPlugin --output /Users/admin/builder/spi-builder-workspace/.derivedData/Build/Products/Debug-xros/SwiftCompilerPlugin.appintents --target-triple arm64-apple-xros1.0 --binary-file /Users/admin/builder/spi-builder-workspace/.derivedData/Build/Products/Debug-xros/SwiftCompilerPlugin.o --dependency-file /Users/admin/builder/spi-builder-workspace/.derivedData/Build/Intermediates.noindex/swift-syntax.build/Debug-xros/SwiftCompilerPlugin-t.build/Objects-normal/arm64/SwiftCompilerPlugin_dependency_info.dat --stringsdata-file /Users/admin/builder/spi-builder-workspace/.derivedData/Build/Intermediates.noindex/swift-syntax.build/Debug-xros/SwiftCompilerPlugin-t.build/Objects-normal/arm64/ExtractedAppShortcutsMetadata.stringsdata --source-file-list /Users/admin/builder/spi-builder-workspace/.derivedData/Build/Intermediates.noindex/swift-syntax.build/Debug-xros/SwiftCompilerPlugin-t.build/Objects-normal/arm64/SwiftCompilerPlugin.SwiftFileList --metadata-file-list /Users/admin/builder/spi-builder-workspace/.derivedData/Build/Intermediates.noindex/swift-syntax.build/Debug-xros/SwiftCompilerPlugin-t.build/SwiftCompilerPlugin.DependencyMetadataFileList --static-metadata-file-list /Users/admin/builder/spi-builder-workspace/.derivedData/Build/Intermediates.noindex/swift-syntax.build/Debug-xros/SwiftCompilerPlugin-t.build/SwiftCompilerPlugin.DependencyStaticMetadataFileList --swift-const-vals-list /Users/admin/builder/spi-builder-workspace/.derivedData/Build/Intermediates.noindex/swift-syntax.build/Debug-xros/SwiftCompilerPlugin-t.build/Objects-normal/arm64/SwiftCompilerPlugin.SwiftConstValuesFileList --force --compile-time-extraction --deployment-aware-processing --no-app-shortcuts-localization
2026-09-19 03:12:24.754 appintentsmetadataprocessor[1341:7478] Starting appintentsmetadataprocessor export
2026-09-19 03:12:24.842 appintentsmetadataprocessor[1341:7478] Extracted no relevant App Intents symbols, skipping writing output
ExtractAppIntentsMetadata (in target '_SwiftSyntaxTestSupport' from project 'swift-syntax')
    cd /Users/admin/builder/spi-builder-workspace/.dependencies/checkouts/swift-syntax
    /Applications/Xcode-27.0.0-Release.Candidate.app/Contents/Developer/Toolchains/XcodeDefault.xctoolchain/usr/bin/appintentsmetadataprocessor --toolchain-dir /var/run/com.apple.security.cryptexd/mnt/com.apple.MobileAsset.MetalToolchain-v27.1.266.1.yEHVO7/Metal.xctoolchain --module-name _SwiftSyntaxTestSupport --sdk-root /Applications/Xcode-27.0.0-Release.Candidate.app/Contents/Developer/Platforms/XROS.platform/Developer/SDKs/XROS27.0.sdk --xcode-version 27A266a --platform-family xrOS --deployment-target 1.0 --bundle-identifier swift-syntax.-SwiftSyntaxTestSupport --output /Users/admin/builder/spi-builder-workspace/.derivedData/Build/Products/Debug-xros/_SwiftSyntaxTestSupport.appintents --target-triple arm64-apple-xros1.0 --binary-file /Users/admin/builder/spi-builder-workspace/.derivedData/Build/Products/Debug-xros/_SwiftSyntaxTestSupport.o --dependency-file /Users/admin/builder/spi-builder-workspace/.derivedData/Build/Intermediates.noindex/swift-syntax.build/Debug-xros/_SwiftSyntaxTestSupport-t.build/Objects-normal/arm64/_SwiftSyntaxTestSupport_dependency_info.dat --stringsdata-file /Users/admin/builder/spi-builder-workspace/.derivedData/Build/Intermediates.noindex/swift-syntax.build/Debug-xros/_SwiftSyntaxTestSupport-t.build/Objects-normal/arm64/ExtractedAppShortcutsMetadata.stringsdata --source-file-list /Users/admin/builder/spi-builder-workspace/.derivedData/Build/Intermediates.noindex/swift-syntax.build/Debug-xros/_SwiftSyntaxTestSupport-t.build/Objects-normal/arm64/_SwiftSyntaxTestSupport.SwiftFileList --metadata-file-list /Users/admin/builder/spi-builder-workspace/.derivedData/Build/Intermediates.noindex/swift-syntax.build/Debug-xros/_SwiftSyntaxTestSupport-t.build/_SwiftSyntaxTestSupport.DependencyMetadataFileList --static-metadata-file-list /Users/admin/builder/spi-builder-workspace/.derivedData/Build/Intermediates.noindex/swift-syntax.build/Debug-xros/_SwiftSyntaxTestSupport-t.build/_SwiftSyntaxTestSupport.DependencyStaticMetadataFileList --swift-const-vals-list /Users/admin/builder/spi-builder-workspace/.derivedData/Build/Intermediates.noindex/swift-syntax.build/Debug-xros/_SwiftSyntaxTestSupport-t.build/Objects-normal/arm64/_SwiftSyntaxTestSupport.SwiftConstValuesFileList --force --compile-time-extraction --deployment-aware-processing --no-app-shortcuts-localization
2026-09-19 03:12:24.756 appintentsmetadataprocessor[1342:7479] Starting appintentsmetadataprocessor export
2026-09-19 03:12:24.835 appintentsmetadataprocessor[1342:7479] Extracted no relevant App Intents symbols, skipping writing output
SwiftCompile normal arm64 Compiling\ Diagnostics.swift /Users/admin/builder/spi-builder-workspace/Sources/ExtractCaseValueMacros/Diagnostics.swift (in target 'ExtractCaseValueMacros' from project 'ExtractCaseValue')
SwiftCompile normal arm64 /Users/admin/builder/spi-builder-workspace/Sources/ExtractCaseValueMacros/Diagnostics.swift (in target 'ExtractCaseValueMacros' from project 'ExtractCaseValue')
    cd /Users/admin/builder/spi-builder-workspace/.swiftpm/xcode
    builtin-SwiftPerFileCompile Diagnostics.swift
SwiftEmitModule normal arm64 Emitting\ module\ for\ ExtractCaseValueMacros (in target 'ExtractCaseValueMacros' from project 'ExtractCaseValue')
/Users/admin/builder/spi-builder-workspace/Sources/ExtractCaseValueMacros/SwiftSyntax+Extensions.swift:32:11: warning: 'TupleExprElementListSyntax' is deprecated: renamed to 'LabeledExprListSyntax' [#DeprecatedDeclaration]
30 | }
31 |
32 | extension TupleExprElementListSyntax {
   |           |- warning: 'TupleExprElementListSyntax' is deprecated: renamed to 'LabeledExprListSyntax' [#DeprecatedDeclaration]
   |           `- note: use 'LabeledExprListSyntax' instead
33 |   /// Retrieve the first element with the given label.
34 |   func first(labeled name: String) -> Element? {
[#DeprecatedDeclaration]: <https://docs.swift.org/compiler/documentation/diagnostics/deprecated-declaration>
SwiftCompile normal arm64 (in target 'ExtractCaseValueMacros' from project 'ExtractCaseValue')
    cd /Users/admin/builder/spi-builder-workspace/.swiftpm/xcode

SwiftCompile normal arm64 Compiling\ Plugin.swift /Users/admin/builder/spi-builder-workspace/Sources/ExtractCaseValueMacros/Plugin.swift (in target 'ExtractCaseValueMacros' from project 'ExtractCaseValue')
SwiftCompile normal arm64 /Users/admin/builder/spi-builder-workspace/Sources/ExtractCaseValueMacros/Plugin.swift (in target 'ExtractCaseValueMacros' from project 'ExtractCaseValue')
    cd /Users/admin/builder/spi-builder-workspace/.swiftpm/xcode
    builtin-SwiftPerFileCompile Plugin.swift
SwiftCompile normal arm64 Compiling\ ExtractCaseValueMacro.swift /Users/admin/builder/spi-builder-workspace/Sources/ExtractCaseValueMacros/ExtractCaseValueMacro.swift (in target 'ExtractCaseValueMacros' from project 'ExtractCaseValue')
/Users/admin/builder/spi-builder-workspace/Sources/ExtractCaseValueMacros/ExtractCaseValueMacro.swift:30:33: warning: 'argument' is deprecated: renamed to 'arguments' [#DeprecatedDeclaration]
 28 |
 29 |     guard
 30 |       let arguments = attribute.argument,
    |                                 |- warning: 'argument' is deprecated: renamed to 'arguments' [#DeprecatedDeclaration]
    |                                 `- note: use 'arguments' instead
 31 |       case let .argumentList(arguments) = arguments
 32 |     else {
/Users/admin/builder/spi-builder-workspace/Sources/ExtractCaseValueMacros/ExtractCaseValueMacro.swift:62:27: warning: 'SimpleTypeIdentifierSyntax' is deprecated: renamed to 'IdentifierTypeSyntax' [#DeprecatedDeclaration]
 60 |     guard
 61 |       let returnType = attribute
 62 |         .attributeName.as(SimpleTypeIdentifierSyntax.self)?
    |                           |- warning: 'SimpleTypeIdentifierSyntax' is deprecated: renamed to 'IdentifierTypeSyntax' [#DeprecatedDeclaration]
    |                           `- note: use 'IdentifierTypeSyntax' instead
 63 |         .genericArgumentClause?
 64 |         .arguments.first?
/Users/admin/builder/spi-builder-workspace/Sources/ExtractCaseValueMacros/ExtractCaseValueMacro.swift:65:10: warning: 'argumentType' is deprecated: renamed to 'argument' [#DeprecatedDeclaration]
 63 |         .genericArgumentClause?
 64 |         .arguments.first?
 65 |         .argumentType
    |          |- warning: 'argumentType' is deprecated: renamed to 'argument' [#DeprecatedDeclaration]
    |          `- note: use 'argument' instead
 66 |     else {
 67 |       context.diagnose(ExtractCaseValueMacroDiagnostic.requiresGenericType.diagnose(at: attribute))
/Users/admin/builder/spi-builder-workspace/Sources/ExtractCaseValueMacros/ExtractCaseValueMacro.swift:86:33: warning: 'argument' is deprecated: renamed to 'arguments' [#DeprecatedDeclaration]
 84 |     // create fix-it to add a default value if necessary
 85 |     guard
 86 |       let tupleList = attribute.argument?.as(TupleExprElementListSyntax.self)
    |                                 |- warning: 'argument' is deprecated: renamed to 'arguments' [#DeprecatedDeclaration]
    |                                 `- note: use 'arguments' instead
 87 |     else { return [] }
 88 |     let expr: ExprSyntax = ", \(propertyNameString): <#Type#>"
/Users/admin/builder/spi-builder-workspace/Sources/ExtractCaseValueMacros/ExtractCaseValueMacro.swift:86:46: warning: 'TupleExprElementListSyntax' is deprecated: renamed to 'LabeledExprListSyntax' [#DeprecatedDeclaration]
 84 |     // create fix-it to add a default value if necessary
 85 |     guard
 86 |       let tupleList = attribute.argument?.as(TupleExprElementListSyntax.self)
    |                                              |- warning: 'TupleExprElementListSyntax' is deprecated: renamed to 'LabeledExprListSyntax' [#DeprecatedDeclaration]
    |                                              `- note: use 'LabeledExprListSyntax' instead
 87 |     else { return [] }
 88 |     let expr: ExprSyntax = ", \(propertyNameString): <#Type#>"
/Users/admin/builder/spi-builder-workspace/Sources/ExtractCaseValueMacros/ExtractCaseValueMacro.swift:89:34: warning: 'inserting(_:at:)' is deprecated: Create a new array of elements and construct a new collection type from those elements [#DeprecatedDeclaration]
 87 |     else { return [] }
 88 |     let expr: ExprSyntax = ", \(propertyNameString): <#Type#>"
 89 |     let newTupleList = tupleList.inserting(TupleExprElementSyntax(expression: expr), at: tupleList.count)
    |                                  `- warning: 'inserting(_:at:)' is deprecated: Create a new array of elements and construct a new collection type from those elements [#DeprecatedDeclaration]
 90 |
 91 |     let insertDefaultFixIt = FixIt(
/Users/admin/builder/spi-builder-workspace/Sources/ExtractCaseValueMacros/ExtractCaseValueMacro.swift:89:44: warning: 'TupleExprElementSyntax' is deprecated: renamed to 'LabeledExprSyntax' [#DeprecatedDeclaration]
 87 |     else { return [] }
 88 |     let expr: ExprSyntax = ", \(propertyNameString): <#Type#>"
 89 |     let newTupleList = tupleList.inserting(TupleExprElementSyntax(expression: expr), at: tupleList.count)
    |                                            |- warning: 'TupleExprElementSyntax' is deprecated: renamed to 'LabeledExprSyntax' [#DeprecatedDeclaration]
    |                                            `- note: use 'LabeledExprSyntax' instead
 90 |
 91 |     let insertDefaultFixIt = FixIt(
/Users/admin/builder/spi-builder-workspace/Sources/ExtractCaseValueMacros/ExtractCaseValueMacro.swift:101:36: error: cannot use optional chaining on non-optional value of type 'DeclModifierListSyntax'
 99 |
100 |     // infer access modifier from enum
101 |     let access = enumDecl.modifiers?.first(where: \.isNeededAccessLevelModifier)
    |                                    `- error: cannot use optional chaining on non-optional value of type 'DeclModifierListSyntax'
102 |
103 |     var switchCaseSyntaxes: [SwitchCaseSyntax] = []
/Users/admin/builder/spi-builder-workspace/Sources/ExtractCaseValueMacros/ExtractCaseValueMacro.swift:108:40: warning: 'associatedValue' is deprecated: renamed to 'parameterClause' [#DeprecatedDeclaration]
106 |       let caseSyntax = element.as(EnumCaseElementSyntax.self)!
107 |
108 |       guard let paramList = caseSyntax.associatedValue?.parameterList else {
    |                                        |- warning: 'associatedValue' is deprecated: renamed to 'parameterClause' [#DeprecatedDeclaration]
    |                                        `- note: use 'parameterClause' instead
109 |         if let defaultValue {
110 |           switchCaseSyntaxes.append(
/Users/admin/builder/spi-builder-workspace/Sources/ExtractCaseValueMacros/ExtractCaseValueMacro.swift:108:57: warning: 'parameterList' is deprecated: renamed to 'parameters' [#DeprecatedDeclaration]
106 |       let caseSyntax = element.as(EnumCaseElementSyntax.self)!
107 |
108 |       guard let paramList = caseSyntax.associatedValue?.parameterList else {
    |                                                         |- warning: 'parameterList' is deprecated: renamed to 'parameters' [#DeprecatedDeclaration]
    |                                                         `- note: use 'parameters' instead
109 |         if let defaultValue {
110 |           switchCaseSyntaxes.append(
/Users/admin/builder/spi-builder-workspace/Sources/ExtractCaseValueMacros/ExtractCaseValueMacro.swift:111:30: warning: 'identifier' is deprecated: renamed to 'name' [#DeprecatedDeclaration]
109 |         if let defaultValue {
110 |           switchCaseSyntaxes.append(
111 |             "case .\(element.identifier): return \(defaultValue)"
    |                              |- warning: 'identifier' is deprecated: renamed to 'name' [#DeprecatedDeclaration]
    |                              `- note: use 'name' instead
112 |           )
113 |           continue
/Users/admin/builder/spi-builder-workspace/Sources/ExtractCaseValueMacros/ExtractCaseValueMacro.swift:115:93: warning: 'identifier' is deprecated: renamed to 'name' [#DeprecatedDeclaration]
113 |           continue
114 |         } else {
115 |           context.diagnose(ExtractCaseValueMacroDiagnostic.noAssociatedValues(case: element.identifier.text).diagnose(at: element, fixIts: [insertDefaultFixIt]))
    |                                                                                             |- warning: 'identifier' is deprecated: renamed to 'name' [#DeprecatedDeclaration]
    |                                                                                             `- note: use 'name' instead
116 |           return []
117 |         }
/Users/admin/builder/spi-builder-workspace/Sources/ExtractCaseValueMacros/ExtractCaseValueMacro.swift:130:32: warning: 'identifier' is deprecated: renamed to 'name' [#DeprecatedDeclaration]
128 |           if let defaultValue {
129 |             switchCaseSyntaxes.append(
130 |               "case .\(element.identifier): return \(defaultValue)"
    |                                |- warning: 'identifier' is deprecated: renamed to 'name' [#DeprecatedDeclaration]
    |                                `- note: use 'name' instead
131 |             )
132 |             didUseDefaultValue = true
/Users/admin/builder/spi-builder-workspace/Sources/ExtractCaseValueMacros/ExtractCaseValueMacro.swift:135:84: warning: 'identifier' is deprecated: renamed to 'name' [#DeprecatedDeclaration]
133 |             break
134 |           } else {
135 |             context.diagnose(ExtractCaseValueMacroDiagnostic.noValue(case: element.identifier.text, index: index).diagnose(at: element, fixIts: [insertDefaultFixIt]))
    |                                                                                    |- warning: 'identifier' is deprecated: renamed to 'name' [#DeprecatedDeclaration]
    |                                                                                    `- note: use 'name' instead
136 |             return []
137 |           }
/Users/admin/builder/spi-builder-workspace/Sources/ExtractCaseValueMacros/ExtractCaseValueMacro.swift:141:87: warning: 'identifier' is deprecated: renamed to 'name' [#DeprecatedDeclaration]
139 |
140 |         guard associatedValue.element.type.matchesReturnType(returnType) else {
141 |           context.diagnose(ExtractCaseValueMacroDiagnostic.typeMismatch(case: element.identifier.text, index: index).diagnose(at: associatedValue.element))
    |                                                                                       |- warning: 'identifier' is deprecated: renamed to 'name' [#DeprecatedDeclaration]
    |                                                                                       `- note: use 'name' instead
142 |           return []
143 |         }
/Users/admin/builder/spi-builder-workspace/Sources/ExtractCaseValueMacros/ExtractCaseValueMacro.swift:151:32: warning: 'identifier' is deprecated: renamed to 'name' [#DeprecatedDeclaration]
149 |           if let defaultValue {
150 |             switchCaseSyntaxes.append(
151 |               "case .\(element.identifier): return \(defaultValue)"
    |                                |- warning: 'identifier' is deprecated: renamed to 'name' [#DeprecatedDeclaration]
    |                                `- note: use 'name' instead
152 |             )
153 |             didUseDefaultValue = true
/Users/admin/builder/spi-builder-workspace/Sources/ExtractCaseValueMacros/ExtractCaseValueMacro.swift:156:113: warning: 'identifier' is deprecated: renamed to 'name' [#DeprecatedDeclaration]
154 |             break
155 |           } else {
156 |             context.diagnose(ExtractCaseValueMacroDiagnostic.noAssociatedValueForName(name: name, case: element.identifier.text).diagnose(at: element, fixIts: [insertDefaultFixIt]))
    |                                                                                                                 |- warning: 'identifier' is deprecated: renamed to 'name' [#DeprecatedDeclaration]
    |                                                                                                                 `- note: use 'name' instead
157 |             return []
158 |           }
/Users/admin/builder/spi-builder-workspace/Sources/ExtractCaseValueMacros/ExtractCaseValueMacro.swift:162:104: warning: 'identifier' is deprecated: renamed to 'name' [#DeprecatedDeclaration]
160 |
161 |         guard associatedValue.type.matchesReturnType(returnType) else {
162 |           context.diagnose(ExtractCaseValueMacroDiagnostic.typeMismatchNamed(name: name, case: element.identifier.text).diagnose(at: associatedValue))
    |                                                                                                        |- warning: 'identifier' is deprecated: renamed to 'name' [#DeprecatedDeclaration]
    |                                                                                                        `- note: use 'name' instead
163 |           return []
164 |         }
/Users/admin/builder/spi-builder-workspace/Sources/ExtractCaseValueMacros/ExtractCaseValueMacro.swift:173:32: warning: 'identifier' is deprecated: renamed to 'name' [#DeprecatedDeclaration]
171 |           if let defaultValue {
172 |             switchCaseSyntaxes.append(
173 |               "case .\(element.identifier): return \(defaultValue)"
    |                                |- warning: 'identifier' is deprecated: renamed to 'name' [#DeprecatedDeclaration]
    |                                `- note: use 'name' instead
174 |             )
175 |             didUseDefaultValue = true
/Users/admin/builder/spi-builder-workspace/Sources/ExtractCaseValueMacros/ExtractCaseValueMacro.swift:178:114: warning: 'identifier' is deprecated: renamed to 'name' [#DeprecatedDeclaration]
176 |             break
177 |           } else {
178 |             context.diagnose(ExtractCaseValueMacroDiagnostic.noMatchingType(type: "\(returnType)", case: element.identifier.text).diagnose(at: element, fixIts: [insertDefaultFixIt]))
    |                                                                                                                  |- warning: 'identifier' is deprecated: renamed to 'name' [#DeprecatedDeclaration]
    |                                                                                                                  `- note: use 'name' instead
179 |             return []
180 |           }
/Users/admin/builder/spi-builder-workspace/Sources/ExtractCaseValueMacros/ExtractCaseValueMacro.swift:195:32: warning: 'identifier' is deprecated: renamed to 'name' [#DeprecatedDeclaration]
193 |
194 |         switchCaseSyntaxes.append(
195 |           "case let .\(element.identifier)(\(raw: variablesAndUnderscores)): return \(uniqueVariableName)"
    |                                |- warning: 'identifier' is deprecated: renamed to 'name' [#DeprecatedDeclaration]
    |                                `- note: use 'name' instead
196 |         )
197 |       }
[#DeprecatedDeclaration]: <https://docs.swift.org/compiler/documentation/diagnostics/deprecated-declaration>
Failed frontend command:
SwiftCompile normal arm64 /Users/admin/builder/spi-builder-workspace/Sources/ExtractCaseValueMacros/ExtractCaseValueMacro.swift (in target 'ExtractCaseValueMacros' from project 'ExtractCaseValue')
    cd /Users/admin/builder/spi-builder-workspace/.swiftpm/xcode
    builtin-SwiftPerFileCompile ExtractCaseValueMacro.swift
/Applications/Xcode-27.0.0-Release.Candidate.app/Contents/Developer/Toolchains/XcodeDefault.xctoolchain/usr/bin/swift-frontend -frontend -c /Users/admin/builder/spi-builder-workspace/Sources/ExtractCaseValueMacros/CaseExtractionKind.swift /Users/admin/builder/spi-builder-workspace/Sources/ExtractCaseValueMacros/Diagnostics.swift -primary-file /Users/admin/builder/spi-builder-workspace/Sources/ExtractCaseValueMacros/ExtractCaseValueMacro.swift /Users/admin/builder/spi-builder-workspace/Sources/ExtractCaseValueMacros/Plugin.swift /Users/admin/builder/spi-builder-workspace/Sources/ExtractCaseValueMacros/SwiftSyntax+Extensions.swift -emit-dependencies-path /Users/admin/builder/spi-builder-workspace/.derivedData/Build/Intermediates.noindex/ExtractCaseValue.build/Debug-xros/ExtractCaseValueMacros--1FCDC384728C7431-testable-t.build/Objects-normal/arm64/ExtractCaseValueMacro.d -emit-const-values-path /Users/admin/builder/spi-builder-workspace/.derivedData/Build/Intermediates.noindex/ExtractCaseValue.build/Debug-xros/ExtractCaseValueMacros--1FCDC384728C7431-testable-t.build/Objects-normal/arm64/ExtractCaseValueMacro.swiftconstvalues -emit-reference-dependencies-path /Users/admin/builder/spi-builder-workspace/.derivedData/Build/Intermediates.noindex/ExtractCaseValue.build/Debug-xros/ExtractCaseValueMacros--1FCDC384728C7431-testable-t.build/Objects-normal/arm64/ExtractCaseValueMacro.swiftdeps -serialize-diagnostics-path /Users/admin/builder/spi-builder-workspace/.derivedData/Build/Intermediates.noindex/ExtractCaseValue.build/Debug-xros/ExtractCaseValueMacros--1FCDC384728C7431-testable-t.build/Objects-normal/arm64/ExtractCaseValueMacro.dia -target arm64-apple-xros1.0 -disable-cross-import-overlay-search -load-resolved-plugin /Applications/Xcode-27.0.0-Release.Candidate.app/Contents/Developer/Platforms/XROS.platform/Developer/usr/lib/swift/host/plugins/libFoundationMacros.dylib\#/Applications/Xcode-27.0.0-Release.Candidate.app/Contents/Developer/Platforms/XROS.platform/Developer/usr/bin/swift-plugin-server\#FoundationMacros -load-resolved-plugin /Applications/Xcode-27.0.0-Release.Candidate.app/Contents/Developer/Platforms/XROS.platform/Developer/usr/lib/swift/host/plugins/libObservationMacros.dylib\#/Applications/Xcode-27.0.0-Release.Candidate.app/Contents/Developer/Platforms/XROS.platform/Developer/usr/bin/swift-plugin-server\#ObservationMacros -load-resolved-plugin /Applications/Xcode-27.0.0-Release.Candidate.app/Contents/Developer/Platforms/XROS.platform/Developer/usr/lib/swift/host/plugins/libSwiftMacros.dylib\#/Applications/Xcode-27.0.0-Release.Candidate.app/Contents/Developer/Platforms/XROS.platform/Developer/usr/bin/swift-plugin-server\#SwiftMacros -disable-implicit-swift-modules -Xcc -fno-implicit-modules -Xcc -fno-implicit-module-maps -explicit-swift-module-map-file /Users/admin/builder/spi-builder-workspace/.derivedData/Build/Intermediates.noindex/ExtractCaseValue.build/Debug-xros/ExtractCaseValueMacros--1FCDC384728C7431-testable-t.build/Objects-normal/arm64/ExtractCaseValueMacros-dependencies-1.json -Xllvm -aarch64-use-tbi -enable-objc-interop -stack-check -sdk /Applications/Xcode-27.0.0-Release.Candidate.app/Contents/Developer/Platforms/XROS.platform/Developer/SDKs/XROS27.0.sdk -I /Users/admin/builder/spi-builder-workspace/.derivedData/Build/Products/Debug-xros -Isystem /Applications/Xcode-27.0.0-Release.Candidate.app/Contents/Developer/Platforms/XROS.platform/Developer/usr/lib -F /Users/admin/builder/spi-builder-workspace/.derivedData/Build/Products/Debug-xros/PackageFrameworks -F /Users/admin/builder/spi-builder-workspace/.derivedData/Build/Products/Debug-xros -F /Applications/Xcode-27.0.0-Release.Candidate.app/Contents/Developer/Platforms/XROS.platform/Developer/Library/Frameworks -F /Applications/Xcode-27.0.0-Release.Candidate.app/Contents/Developer/Platforms/XROS.platform/Developer/SDKs/XROS27.0.sdk/Developer/Library/Frameworks -module-cache-path /Users/admin/builder/spi-builder-workspace/.derivedData/Build/Intermediates.noindex/SwiftExplicitPrecompiledModules -no-color-diagnostics -Xcc -fno-color-diagnostics -enable-testing -g -debug-info-format\=dwarf -dwarf-version\=4 -profile-generate -profile-coverage-mapping -swift-version 5 -Onone -D SWIFT_PACKAGE -D DEBUG -D Xcode -entry-point-function-name ExtractCaseValueMacros_main -serialize-debugging-options -enable-experimental-feature DebugDescriptionMacro -empty-abi-descriptor -validate-clang-modules-once -clang-build-session-file /Users/admin/builder/spi-builder-workspace/.derivedData/ModuleCache.noindex/Session.modulevalidation -Xcc -working-directory -Xcc /Users/admin/builder/spi-builder-workspace/.swiftpm/xcode -enable-anonymous-context-mangled-names -file-compilation-dir /Users/admin/builder/spi-builder-workspace/.swiftpm/xcode -Xcc -D_LIBCPP_HARDENING_MODE\=_LIBCPP_HARDENING_MODE_DEBUG -Xcc -ivfsstatcache -Xcc /Users/admin/builder/spi-builder-workspace/.derivedData/SDKStatCaches.noindex/xros27.0-24M361-e829b21a6f8c9b70876ba0858053c044735bd543db762f57723cac368afd1ce4.sdkstatcache -Xcc -fmodules-prune-interval\=86400 -Xcc -fmodules-prune-after\=345600 -Xcc -I/Users/admin/builder/spi-builder-workspace/.derivedData/Build/Products/Debug-xros/include -Xcc -I/Users/admin/builder/spi-builder-workspace/.derivedData/Build/Intermediates.noindex/ExtractCaseValue.build/Debug-xros/ExtractCaseValueMacros--1FCDC384728C7431-testable-t.build/DerivedSources-normal/arm64 -Xcc -I/Users/admin/builder/spi-builder-workspace/.derivedData/Build/Intermediates.noindex/ExtractCaseValue.build/Debug-xros/ExtractCaseValueMacros--1FCDC384728C7431-testable-t.build/DerivedSources/arm64 -Xcc -I/Users/admin/builder/spi-builder-workspace/.derivedData/Build/Intermediates.noindex/ExtractCaseValue.build/Debug-xros/ExtractCaseValueMacros--1FCDC384728C7431-testable-t.build/DerivedSources -Xcc -DSWIFT_PACKAGE -Xcc -DDEBUG\=1 -no-auto-bridging-header-chaining -module-name ExtractCaseValueMacros -package-name spi_builder_workspace -const-gather-protocols-file /Users/admin/builder/spi-builder-workspace/.derivedData/Build/Intermediates.noindex/ExtractCaseValue.build/Debug-xros/ExtractCaseValueMacros--1FCDC384728C7431-testable-t.build/Objects-normal/arm64/ExtractCaseValueMacros--1FCDC384728C7431-testable_const_extract_protocols.json -disable-clang-spi -clang-target arm64-apple-xros27.0 -target-sdk-version 27.0 -target-sdk-name xros27.0 -in-process-plugin-server-path /Applications/Xcode-27.0.0-Release.Candidate.app/Contents/Developer/Toolchains/XcodeDefault.xctoolchain/usr/lib/swift/host/libSwiftInProcPluginServer.dylib -parse-as-library -o /Users/admin/builder/spi-builder-workspace/.derivedData/Build/Intermediates.noindex/ExtractCaseValue.build/Debug-xros/ExtractCaseValueMacros--1FCDC384728C7431-testable-t.build/Objects-normal/arm64/ExtractCaseValueMacro.o -debug-module-path /Users/admin/builder/spi-builder-workspace/.derivedData/Build/Intermediates.noindex/ExtractCaseValue.build/Debug-xros/ExtractCaseValueMacros--1FCDC384728C7431-testable-t.build/Objects-normal/arm64/ExtractCaseValueMacros.swiftmodule -index-unit-output-path /ExtractCaseValue.build/Debug-xros/ExtractCaseValueMacros--1FCDC384728C7431-testable-t.build/Objects-normal/arm64/ExtractCaseValueMacro.o -index-store-path /Users/admin/builder/spi-builder-workspace/.derivedData/Index.noindex/DataStore -index-system-modules
SwiftCompile normal arm64 Compiling\ CaseExtractionKind.swift /Users/admin/builder/spi-builder-workspace/Sources/ExtractCaseValueMacros/CaseExtractionKind.swift (in target 'ExtractCaseValueMacros' from project 'ExtractCaseValue')
/Users/admin/builder/spi-builder-workspace/Sources/ExtractCaseValueMacros/CaseExtractionKind.swift:24:42: warning: 'argumentList' is deprecated: renamed to 'arguments' [#DeprecatedDeclaration]
22 |     else { return nil }
23 |
24 |     let firstIntArgument = (functionCall.argumentList.first?.expression.as(IntegerLiteralExprSyntax.self)?.digits.text).flatMap(Int.init)
   |                                          |- warning: 'argumentList' is deprecated: renamed to 'arguments' [#DeprecatedDeclaration]
   |                                          `- note: use 'arguments' instead
25 |     let firstStringArgument = functionCall.argumentList.first?.expression.stringLiteralSegment
26 |
/Users/admin/builder/spi-builder-workspace/Sources/ExtractCaseValueMacros/CaseExtractionKind.swift:24:108: warning: 'digits' is deprecated: renamed to 'literal' [#DeprecatedDeclaration]
22 |     else { return nil }
23 |
24 |     let firstIntArgument = (functionCall.argumentList.first?.expression.as(IntegerLiteralExprSyntax.self)?.digits.text).flatMap(Int.init)
   |                                                                                                            |- warning: 'digits' is deprecated: renamed to 'literal' [#DeprecatedDeclaration]
   |                                                                                                            `- note: use 'literal' instead
25 |     let firstStringArgument = functionCall.argumentList.first?.expression.stringLiteralSegment
26 |
/Users/admin/builder/spi-builder-workspace/Sources/ExtractCaseValueMacros/CaseExtractionKind.swift:25:44: warning: 'argumentList' is deprecated: renamed to 'arguments' [#DeprecatedDeclaration]
23 |
24 |     let firstIntArgument = (functionCall.argumentList.first?.expression.as(IntegerLiteralExprSyntax.self)?.digits.text).flatMap(Int.init)
25 |     let firstStringArgument = functionCall.argumentList.first?.expression.stringLiteralSegment
   |                                            |- warning: 'argumentList' is deprecated: renamed to 'arguments' [#DeprecatedDeclaration]
   |                                            `- note: use 'arguments' instead
26 |
27 |     switch memberAccessExpr.name.text {
/Users/admin/builder/spi-builder-workspace/Sources/ExtractCaseValueMacros/CaseExtractionKind.swift:27:29: warning: 'name' is deprecated: renamed to 'declName.baseName' [#DeprecatedDeclaration]
25 |     let firstStringArgument = functionCall.argumentList.first?.expression.stringLiteralSegment
26 |
27 |     switch memberAccessExpr.name.text {
   |                             |- warning: 'name' is deprecated: renamed to 'declName.baseName' [#DeprecatedDeclaration]
   |                             `- note: use 'declName.baseName' instead
28 |     case "position" :
29 |       guard let position = firstIntArgument else { return nil }
[#DeprecatedDeclaration]: <https://docs.swift.org/compiler/documentation/diagnostics/deprecated-declaration>
SwiftCompile normal arm64 /Users/admin/builder/spi-builder-workspace/Sources/ExtractCaseValueMacros/CaseExtractionKind.swift (in target 'ExtractCaseValueMacros' from project 'ExtractCaseValue')
    cd /Users/admin/builder/spi-builder-workspace/.swiftpm/xcode
    builtin-SwiftPerFileCompile CaseExtractionKind.swift
SwiftCompile normal arm64 Compiling\ SwiftSyntax+Extensions.swift /Users/admin/builder/spi-builder-workspace/Sources/ExtractCaseValueMacros/SwiftSyntax+Extensions.swift (in target 'ExtractCaseValueMacros' from project 'ExtractCaseValue')
SwiftCompile normal arm64 /Users/admin/builder/spi-builder-workspace/Sources/ExtractCaseValueMacros/SwiftSyntax+Extensions.swift (in target 'ExtractCaseValueMacros' from project 'ExtractCaseValue')
    cd /Users/admin/builder/spi-builder-workspace/.swiftpm/xcode
    builtin-SwiftPerFileCompile SwiftSyntax+Extensions.swift
/Users/admin/builder/spi-builder-workspace/Sources/ExtractCaseValueMacros/SwiftSyntax+Extensions.swift:32:11: warning: 'TupleExprElementListSyntax' is deprecated: renamed to 'LabeledExprListSyntax' [#DeprecatedDeclaration]
30 | }
31 |
32 | extension TupleExprElementListSyntax {
   |           |- warning: 'TupleExprElementListSyntax' is deprecated: renamed to 'LabeledExprListSyntax' [#DeprecatedDeclaration]
   |           `- note: use 'LabeledExprListSyntax' instead
33 |   /// Retrieve the first element with the given label.
34 |   func first(labeled name: String) -> Element? {
/Users/admin/builder/spi-builder-workspace/Sources/ExtractCaseValueMacros/SwiftSyntax+Extensions.swift:16:34: warning: 'SimpleTypeIdentifierSyntax' is deprecated: renamed to 'IdentifierTypeSyntax' [#DeprecatedDeclaration]
14 | extension TypeSyntax {
15 |   func matchesReturnType(_ type: TypeSyntax) -> Bool {
16 |     guard let typeName = self.as(SimpleTypeIdentifierSyntax.self)?.name.text else { return false }
   |                                  |- warning: 'SimpleTypeIdentifierSyntax' is deprecated: renamed to 'IdentifierTypeSyntax' [#DeprecatedDeclaration]
   |                                  `- note: use 'IdentifierTypeSyntax' instead
17 |
18 |     return typeName == type.as(SimpleTypeIdentifierSyntax.self)?.name.text ||
/Users/admin/builder/spi-builder-workspace/Sources/ExtractCaseValueMacros/SwiftSyntax+Extensions.swift:18:32: warning: 'SimpleTypeIdentifierSyntax' is deprecated: renamed to 'IdentifierTypeSyntax' [#DeprecatedDeclaration]
16 |     guard let typeName = self.as(SimpleTypeIdentifierSyntax.self)?.name.text else { return false }
17 |
18 |     return typeName == type.as(SimpleTypeIdentifierSyntax.self)?.name.text ||
   |                                |- warning: 'SimpleTypeIdentifierSyntax' is deprecated: renamed to 'IdentifierTypeSyntax' [#DeprecatedDeclaration]
   |                                `- note: use 'IdentifierTypeSyntax' instead
19 |     typeName == type.as(OptionalTypeSyntax.self)?.wrappedType.as(SimpleTypeIdentifierSyntax.self)!.name.text
20 |   }
SwiftEmitModule normal x86_64 Emitting\ module\ for\ SwiftSyntaxMacroExpansion (in target 'SwiftSyntaxMacroExpansion' from project 'swift-syntax')
SwiftCompile normal x86_64 (in target 'SwiftSyntaxMacroExpansion' from project 'swift-syntax')
    cd /Users/admin/builder/spi-builder-workspace/.swiftpm/xcode

SwiftEmitModule normal arm64 Emitting\ module\ for\ SwiftSyntaxMacroExpansion (in target 'SwiftSyntaxMacroExpansion' from project 'swift-syntax')
SwiftCompile normal arm64 (in target 'SwiftSyntaxMacroExpansion' from project 'swift-syntax')
    cd /Users/admin/builder/spi-builder-workspace/.swiftpm/xcode

SwiftCompile normal arm64 Compiling\ BasicMacroExpansionContext.swift /Users/admin/builder/spi-builder-workspace/.dependencies/checkouts/swift-syntax/Sources/SwiftSyntaxMacroExpansion/BasicMacroExpansionContext.swift (in target 'SwiftSyntaxMacroExpansion' from project 'swift-syntax')
SwiftCompile normal arm64 /Users/admin/builder/spi-builder-workspace/.dependencies/checkouts/swift-syntax/Sources/SwiftSyntaxMacroExpansion/BasicMacroExpansionContext.swift (in target 'SwiftSyntaxMacroExpansion' from project 'swift-syntax')
    cd /Users/admin/builder/spi-builder-workspace/.swiftpm/xcode
    builtin-SwiftPerFileCompile BasicMacroExpansionContext.swift
SwiftCompile normal arm64 Compiling\ MacroExpansionDiagnosticMessages.swift /Users/admin/builder/spi-builder-workspace/.dependencies/checkouts/swift-syntax/Sources/SwiftSyntaxMacroExpansion/MacroExpansionDiagnosticMessages.swift (in target 'SwiftSyntaxMacroExpansion' from project 'swift-syntax')
SwiftCompile normal arm64 /Users/admin/builder/spi-builder-workspace/.dependencies/checkouts/swift-syntax/Sources/SwiftSyntaxMacroExpansion/MacroExpansionDiagnosticMessages.swift (in target 'SwiftSyntaxMacroExpansion' from project 'swift-syntax')
    cd /Users/admin/builder/spi-builder-workspace/.swiftpm/xcode
    builtin-SwiftPerFileCompile MacroExpansionDiagnosticMessages.swift
SwiftDriverJobDiscovery normal arm64 Compiling Plugin.swift (in target 'ExtractCaseValueMacros' from project 'ExtractCaseValue')
SwiftCompile normal x86_64 Compiling\ MacroSystem.swift /Users/admin/builder/spi-builder-workspace/.dependencies/checkouts/swift-syntax/Sources/SwiftSyntaxMacroExpansion/MacroSystem.swift (in target 'SwiftSyntaxMacroExpansion' from project 'swift-syntax')
SwiftCompile normal x86_64 /Users/admin/builder/spi-builder-workspace/.dependencies/checkouts/swift-syntax/Sources/SwiftSyntaxMacroExpansion/MacroSystem.swift (in target 'SwiftSyntaxMacroExpansion' from project 'swift-syntax')
    cd /Users/admin/builder/spi-builder-workspace/.swiftpm/xcode
    builtin-SwiftPerFileCompile MacroSystem.swift
SwiftDriverJobDiscovery normal arm64 Emitting module for ExtractCaseValueMacros (in target 'ExtractCaseValueMacros' from project 'ExtractCaseValue')
SwiftDriver\ Compilation\ Requirements ExtractCaseValueMacros--1FCDC384728C7431-testable normal arm64 com.apple.xcode.tools.swift.compiler (in target 'ExtractCaseValueMacros' from project 'ExtractCaseValue')
    cd /Users/admin/builder/spi-builder-workspace/.swiftpm/xcode
    builtin-Swift-Compilation-Requirements -- /Applications/Xcode-27.0.0-Release.Candidate.app/Contents/Developer/Toolchains/XcodeDefault.xctoolchain/usr/bin/swiftc -parse-as-library -module-name ExtractCaseValueMacros -Onone @/Users/admin/builder/spi-builder-workspace/.derivedData/Build/Intermediates.noindex/ExtractCaseValue.build/Debug-xros/ExtractCaseValueMacros--1FCDC384728C7431-testable-t.build/Objects-normal/arm64/ExtractCaseValueMacros--1FCDC384728C7431-testable.SwiftFileList -DSWIFT_PACKAGE -DDEBUG -DXcode -Xfrontend -entry-point-function-name -Xfrontend ExtractCaseValueMacros_main -plugin-path /Applications/Xcode-27.0.0-Release.Candidate.app/Contents/Developer/Toolchains/XcodeDefault.xctoolchain/usr/lib/swift/host/plugins/testing -enable-experimental-feature DebugDescriptionMacro -sdk /Applications/Xcode-27.0.0-Release.Candidate.app/Contents/Developer/Platforms/XROS.platform/Developer/SDKs/XROS27.0.sdk -target arm64-apple-xros1.0 -g -module-cache-path /Users/admin/builder/spi-builder-workspace/.derivedData/ModuleCache.noindex -Xfrontend -serialize-debugging-options -profile-coverage-mapping -profile-generate -enable-testing -index-store-path /Users/admin/builder/spi-builder-workspace/.derivedData/Index.noindex/DataStore -Xcc -D_LIBCPP_HARDENING_MODE\=_LIBCPP_HARDENING_MODE_DEBUG -swift-version 5 -I /Users/admin/builder/spi-builder-workspace/.derivedData/Build/Products/Debug-xros -Isystem /Applications/Xcode-27.0.0-Release.Candidate.app/Contents/Developer/Platforms/XROS.platform/Developer/usr/lib -F /Users/admin/builder/spi-builder-workspace/.derivedData/Build/Products/Debug-xros/PackageFrameworks -F /Users/admin/builder/spi-builder-workspace/.derivedData/Build/Products/Debug-xros -F /Applications/Xcode-27.0.0-Release.Candidate.app/Contents/Developer/Platforms/XROS.platform/Developer/Library/Frameworks -F /Applications/Xcode-27.0.0-Release.Candidate.app/Contents/Developer/Platforms/XROS.platform/Developer/SDKs/XROS27.0.sdk/Developer/Library/Frameworks -c -j10 -enable-batch-mode -incremental -Xcc -ivfsstatcache -Xcc /Users/admin/builder/spi-builder-workspace/.derivedData/SDKStatCaches.noindex/xros27.0-24M361-e829b21a6f8c9b70876ba0858053c044735bd543db762f57723cac368afd1ce4.sdkstatcache -output-file-map /Users/admin/builder/spi-builder-workspace/.derivedData/Build/Intermediates.noindex/ExtractCaseValue.build/Debug-xros/ExtractCaseValueMacros--1FCDC384728C7431-testable-t.build/Objects-normal/arm64/ExtractCaseValueMacros--1FCDC384728C7431-testable-OutputFileMap.json -save-temps -no-color-diagnostics -explicit-module-build -module-cache-path /Users/admin/builder/spi-builder-workspace/.derivedData/Build/Intermediates.noindex/SwiftExplicitPrecompiledModules -clang-scanner-module-cache-path /Users/admin/builder/spi-builder-workspace/.derivedData/ModuleCache.noindex -sdk-module-cache-path /Users/admin/builder/spi-builder-workspace/.derivedData/SDKExplicitPrecompiledModules -emit-dependencies -emit-module -emit-module-path /Users/admin/builder/spi-builder-workspace/.derivedData/Build/Intermediates.noindex/ExtractCaseValue.build/Debug-xros/ExtractCaseValueMacros--1FCDC384728C7431-testable-t.build/Objects-normal/arm64/ExtractCaseValueMacros.swiftmodule -serialize-diagnostics -dependency-scan-serialize-diagnostics-path /Users/admin/builder/spi-builder-workspace/.derivedData/Build/Intermediates.noindex/ExtractCaseValue.build/Debug-xros/ExtractCaseValueMacros--1FCDC384728C7431-testable-t.build/Objects-normal/arm64/ExtractCaseValueMacros-dependency-scan.dia -validate-clang-modules-once -clang-build-session-file /Users/admin/builder/spi-builder-workspace/.derivedData/ModuleCache.noindex/Session.modulevalidation -Xcc -fmodules-prune-interval\=86400 -Xcc -fmodules-prune-after\=345600 -package-name spi_builder_workspace -emit-const-values -const-gather-protocols-list /Users/admin/builder/spi-builder-workspace/.derivedData/Build/Intermediates.noindex/ExtractCaseValue.build/Debug-xros/ExtractCaseValueMacros--1FCDC384728C7431-testable-t.build/Objects-normal/arm64/ExtractCaseValueMacros--1FCDC384728C7431-testable_const_extract_protocols.json -Xcc -I/Users/admin/builder/spi-builder-workspace/.derivedData/Build/Products/Debug-xros/include -Xcc -I/Users/admin/builder/spi-builder-workspace/.derivedData/Build/Intermediates.noindex/ExtractCaseValue.build/Debug-xros/ExtractCaseValueMacros--1FCDC384728C7431-testable-t.build/DerivedSources-normal/arm64 -Xcc -I/Users/admin/builder/spi-builder-workspace/.derivedData/Build/Intermediates.noindex/ExtractCaseValue.build/Debug-xros/ExtractCaseValueMacros--1FCDC384728C7431-testable-t.build/DerivedSources/arm64 -Xcc -I/Users/admin/builder/spi-builder-workspace/.derivedData/Build/Intermediates.noindex/ExtractCaseValue.build/Debug-xros/ExtractCaseValueMacros--1FCDC384728C7431-testable-t.build/DerivedSources -Xcc -DSWIFT_PACKAGE -Xcc -DDEBUG\=1 -emit-objc-header -emit-objc-header-path /Users/admin/builder/spi-builder-workspace/.derivedData/Build/Intermediates.noindex/ExtractCaseValue.build/Debug-xros/ExtractCaseValueMacros--1FCDC384728C7431-testable-t.build/Objects-normal/arm64/ExtractCaseValueMacros-Swift.h -working-directory /Users/admin/builder/spi-builder-workspace/.swiftpm/xcode -experimental-emit-module-separately -disable-cmo
SwiftEmitModule normal arm64 Emitting\ module\ for\ SwiftSyntaxMacrosTestSupport (in target 'SwiftSyntaxMacrosTestSupport' from project 'swift-syntax')
SwiftCompile normal arm64 (in target 'SwiftSyntaxMacrosTestSupport' from project 'swift-syntax')
    cd /Users/admin/builder/spi-builder-workspace/.swiftpm/xcode

SwiftMergeGeneratedHeaders /Users/admin/builder/spi-builder-workspace/.derivedData/Build/Intermediates.noindex/GeneratedModuleMaps-xros/ExtractCaseValueMacros-Swift.h /Users/admin/builder/spi-builder-workspace/.derivedData/Build/Intermediates.noindex/ExtractCaseValue.build/Debug-xros/ExtractCaseValueMacros--1FCDC384728C7431-testable-t.build/Objects-normal/arm64/ExtractCaseValueMacros-Swift.h (in target 'ExtractCaseValueMacros' from project 'ExtractCaseValue')
    cd /Users/admin/builder/spi-builder-workspace
    builtin-swiftHeaderTool -arch arm64 /Users/admin/builder/spi-builder-workspace/.derivedData/Build/Intermediates.noindex/ExtractCaseValue.build/Debug-xros/ExtractCaseValueMacros--1FCDC384728C7431-testable-t.build/Objects-normal/arm64/ExtractCaseValueMacros-Swift.h -o /Users/admin/builder/spi-builder-workspace/.derivedData/Build/Intermediates.noindex/GeneratedModuleMaps-xros/ExtractCaseValueMacros-Swift.h
SwiftDriverJobDiscovery normal arm64 Compiling Diagnostics.swift (in target 'ExtractCaseValueMacros' from project 'ExtractCaseValue')
Copy /Users/admin/builder/spi-builder-workspace/.derivedData/Build/Products/Debug-xros/ExtractCaseValueMacros.swiftmodule/arm64-apple-xros.swiftmodule /Users/admin/builder/spi-builder-workspace/.derivedData/Build/Intermediates.noindex/ExtractCaseValue.build/Debug-xros/ExtractCaseValueMacros--1FCDC384728C7431-testable-t.build/Objects-normal/arm64/ExtractCaseValueMacros.swiftmodule (in target 'ExtractCaseValueMacros' from project 'ExtractCaseValue')
    cd /Users/admin/builder/spi-builder-workspace
    builtin-copy -exclude .DS_Store -exclude CVS -exclude .svn -exclude .git -exclude .hg -resolve-src-symlinks -rename /Users/admin/builder/spi-builder-workspace/.derivedData/Build/Intermediates.noindex/ExtractCaseValue.build/Debug-xros/ExtractCaseValueMacros--1FCDC384728C7431-testable-t.build/Objects-normal/arm64/ExtractCaseValueMacros.swiftmodule /Users/admin/builder/spi-builder-workspace/.derivedData/Build/Products/Debug-xros/ExtractCaseValueMacros.swiftmodule/arm64-apple-xros.swiftmodule
Copy /Users/admin/builder/spi-builder-workspace/.derivedData/Build/Products/Debug-xros/ExtractCaseValueMacros.swiftmodule/arm64-apple-xros.swiftdoc /Users/admin/builder/spi-builder-workspace/.derivedData/Build/Intermediates.noindex/ExtractCaseValue.build/Debug-xros/ExtractCaseValueMacros--1FCDC384728C7431-testable-t.build/Objects-normal/arm64/ExtractCaseValueMacros.swiftdoc (in target 'ExtractCaseValueMacros' from project 'ExtractCaseValue')
    cd /Users/admin/builder/spi-builder-workspace
    builtin-copy -exclude .DS_Store -exclude CVS -exclude .svn -exclude .git -exclude .hg -resolve-src-symlinks -rename /Users/admin/builder/spi-builder-workspace/.derivedData/Build/Intermediates.noindex/ExtractCaseValue.build/Debug-xros/ExtractCaseValueMacros--1FCDC384728C7431-testable-t.build/Objects-normal/arm64/ExtractCaseValueMacros.swiftdoc /Users/admin/builder/spi-builder-workspace/.derivedData/Build/Products/Debug-xros/ExtractCaseValueMacros.swiftmodule/arm64-apple-xros.swiftdoc
Copy /Users/admin/builder/spi-builder-workspace/.derivedData/Build/Products/Debug-xros/ExtractCaseValueMacros.swiftmodule/arm64-apple-xros.abi.json /Users/admin/builder/spi-builder-workspace/.derivedData/Build/Intermediates.noindex/ExtractCaseValue.build/Debug-xros/ExtractCaseValueMacros--1FCDC384728C7431-testable-t.build/Objects-normal/arm64/ExtractCaseValueMacros.abi.json (in target 'ExtractCaseValueMacros' from project 'ExtractCaseValue')
    cd /Users/admin/builder/spi-builder-workspace
    builtin-copy -exclude .DS_Store -exclude CVS -exclude .svn -exclude .git -exclude .hg -resolve-src-symlinks -rename /Users/admin/builder/spi-builder-workspace/.derivedData/Build/Intermediates.noindex/ExtractCaseValue.build/Debug-xros/ExtractCaseValueMacros--1FCDC384728C7431-testable-t.build/Objects-normal/arm64/ExtractCaseValueMacros.abi.json /Users/admin/builder/spi-builder-workspace/.derivedData/Build/Products/Debug-xros/ExtractCaseValueMacros.swiftmodule/arm64-apple-xros.abi.json
Copy /Users/admin/builder/spi-builder-workspace/.derivedData/Build/Products/Debug-xros/ExtractCaseValueMacros.swiftmodule/Project/arm64-apple-xros.swiftsourceinfo /Users/admin/builder/spi-builder-workspace/.derivedData/Build/Intermediates.noindex/ExtractCaseValue.build/Debug-xros/ExtractCaseValueMacros--1FCDC384728C7431-testable-t.build/Objects-normal/arm64/ExtractCaseValueMacros.swiftsourceinfo (in target 'ExtractCaseValueMacros' from project 'ExtractCaseValue')
    cd /Users/admin/builder/spi-builder-workspace
    builtin-copy -exclude .DS_Store -exclude CVS -exclude .svn -exclude .git -exclude .hg -resolve-src-symlinks -rename /Users/admin/builder/spi-builder-workspace/.derivedData/Build/Intermediates.noindex/ExtractCaseValue.build/Debug-xros/ExtractCaseValueMacros--1FCDC384728C7431-testable-t.build/Objects-normal/arm64/ExtractCaseValueMacros.swiftsourceinfo /Users/admin/builder/spi-builder-workspace/.derivedData/Build/Products/Debug-xros/ExtractCaseValueMacros.swiftmodule/Project/arm64-apple-xros.swiftsourceinfo
SwiftDriverJobDiscovery normal arm64 Compiling CaseExtractionKind.swift (in target 'ExtractCaseValueMacros' from project 'ExtractCaseValue')
SwiftCompile normal arm64 Compiling\ Assertions.swift /Users/admin/builder/spi-builder-workspace/.dependencies/checkouts/swift-syntax/Sources/SwiftSyntaxMacrosTestSupport/Assertions.swift (in target 'SwiftSyntaxMacrosTestSupport' from project 'swift-syntax')
SwiftCompile normal arm64 /Users/admin/builder/spi-builder-workspace/.dependencies/checkouts/swift-syntax/Sources/SwiftSyntaxMacrosTestSupport/Assertions.swift (in target 'SwiftSyntaxMacrosTestSupport' from project 'swift-syntax')
    cd /Users/admin/builder/spi-builder-workspace/.swiftpm/xcode
    builtin-SwiftPerFileCompile Assertions.swift
SwiftCompile normal x86_64 Compiling\ MacroExpansionDiagnosticMessages.swift /Users/admin/builder/spi-builder-workspace/.dependencies/checkouts/swift-syntax/Sources/SwiftSyntaxMacroExpansion/MacroExpansionDiagnosticMessages.swift (in target 'SwiftSyntaxMacroExpansion' from project 'swift-syntax')
SwiftCompile normal x86_64 /Users/admin/builder/spi-builder-workspace/.dependencies/checkouts/swift-syntax/Sources/SwiftSyntaxMacroExpansion/MacroExpansionDiagnosticMessages.swift (in target 'SwiftSyntaxMacroExpansion' from project 'swift-syntax')
    cd /Users/admin/builder/spi-builder-workspace/.swiftpm/xcode
    builtin-SwiftPerFileCompile MacroExpansionDiagnosticMessages.swift
SwiftCompile normal x86_64 Compiling\ MacroExpansion.swift /Users/admin/builder/spi-builder-workspace/.dependencies/checkouts/swift-syntax/Sources/SwiftSyntaxMacroExpansion/MacroExpansion.swift (in target 'SwiftSyntaxMacroExpansion' from project 'swift-syntax')
SwiftCompile normal x86_64 /Users/admin/builder/spi-builder-workspace/.dependencies/checkouts/swift-syntax/Sources/SwiftSyntaxMacroExpansion/MacroExpansion.swift (in target 'SwiftSyntaxMacroExpansion' from project 'swift-syntax')
    cd /Users/admin/builder/spi-builder-workspace/.swiftpm/xcode
    builtin-SwiftPerFileCompile MacroExpansion.swift
PruneExplicitPrecompiledModules /Users/admin/builder/spi-builder-workspace/.derivedData/Build/Intermediates.noindex/ExplicitPrecompiledModules
PruneExplicitPrecompiledModules /Users/admin/builder/spi-builder-workspace/.derivedData/Build/Intermediates.noindex/SwiftExplicitPrecompiledModules
PruneExplicitPrecompiledModules /Users/admin/builder/spi-builder-workspace/.derivedData/SDKExplicitPrecompiledModules
2026-09-19 03:11:52.775 xcodebuild[722:4510] [MT] IDERunDestination: Supported platforms for the buildables in the current scheme is empty.
2026-09-19 03:11:52.871 xcodebuild[722:4510] [MT] IDERunDestination: Supported platforms for the buildables in the current scheme is empty.
** BUILD FAILED **
The following build commands failed:
	SwiftCompile normal arm64 /Users/admin/builder/spi-builder-workspace/Sources/ExtractCaseValueMacros/ExtractCaseValueMacro.swift (in target 'ExtractCaseValueMacros' from project 'ExtractCaseValue')
	SwiftCompile normal arm64 Compiling\ ExtractCaseValueMacro.swift /Users/admin/builder/spi-builder-workspace/Sources/ExtractCaseValueMacros/ExtractCaseValueMacro.swift (in target 'ExtractCaseValueMacros' from project 'ExtractCaseValue')
	Building workspace ExtractCaseValue with scheme ExtractCaseValue-Package
(3 failures)
Command line invocation:
    /Applications/Xcode-27.0.0-Release.Candidate.app/Contents/Developer/usr/bin/xcodebuild -IDEClonedSourcePackagesDirPathOverride=/Users/admin/builder/spi-builder-workspace/.dependencies -resolvePackageDependencies
Resolve Package Graph
Resolved source packages:
  swift-syntax: https://github.com/apple/swift-syntax.git @ 509.1.1
  ExtractCaseValue: /Users/admin/builder/spi-builder-workspace
resolved source packages: swift-syntax, ExtractCaseValue
2026-09-19 03:12:26.084 xcodebuild[1357:7562] [MT] IDERunDestination: Supported platforms for the buildables in the current scheme is empty.
2026-09-19 03:12:26.177 xcodebuild[1357:7562] [MT] IDERunDestination: Supported platforms for the buildables in the current scheme is empty.
{
  "dependencies" : [
    {
      "identity" : "swift-syntax",
      "requirement" : {
        "range" : [
          {
            "lower_bound" : "509.0.0-swift-5.9-DEVELOPMENT-SNAPSHOT-2023-04-25-b",
            "upper_bound" : "510.0.0"
          }
        ]
      },
      "type" : "sourceControl",
      "url" : "https://github.com/apple/swift-syntax.git"
    }
  ],
  "manifest_display_name" : "ExtractCaseValue",
  "name" : "ExtractCaseValue",
  "path" : "/Users/admin/builder/spi-builder-workspace",
  "platforms" : [
    {
      "name" : "macos",
      "version" : "10.15"
    },
    {
      "name" : "ios",
      "version" : "13.0"
    },
    {
      "name" : "tvos",
      "version" : "13.0"
    },
    {
      "name" : "watchos",
      "version" : "6.0"
    },
    {
      "name" : "maccatalyst",
      "version" : "13.0"
    }
  ],
  "products" : [
    {
      "name" : "ExtractCaseValue",
      "targets" : [
        "ExtractCaseValue"
      ],
      "type" : {
        "library" : [
          "automatic"
        ]
      }
    },
    {
      "name" : "ExtractCaseValueClient",
      "targets" : [
        "ExtractCaseValueClient"
      ],
      "type" : {
        "executable" : null
      }
    },
    {
      "name" : "ExtractCaseValueMacros",
      "targets" : [
        "ExtractCaseValueMacros"
      ],
      "type" : {
        "macro" : null
      }
    }
  ],
  "targets" : [
    {
      "c99name" : "ExtractCaseValueTests",
      "module_type" : "SwiftTarget",
      "name" : "ExtractCaseValueTests",
      "path" : "Tests/ExtractCaseValueTests",
      "product_dependencies" : [
        "SwiftSyntaxMacrosTestSupport"
      ],
      "sources" : [
        "ExtractCaseValueTests.swift"
      ],
      "target_dependencies" : [
        "ExtractCaseValueMacros"
      ],
      "type" : "test"
    },
    {
      "c99name" : "ExtractCaseValueMacros",
      "module_type" : "SwiftTarget",
      "name" : "ExtractCaseValueMacros",
      "path" : "Sources/ExtractCaseValueMacros",
      "product_dependencies" : [
        "SwiftSyntaxMacros",
        "SwiftCompilerPlugin"
      ],
      "product_memberships" : [
        "ExtractCaseValue",
        "ExtractCaseValueClient",
        "ExtractCaseValueMacros"
      ],
      "sources" : [
        "CaseExtractionKind.swift",
        "Diagnostics.swift",
        "ExtractCaseValueMacro.swift",
        "Plugin.swift",
        "SwiftSyntax+Extensions.swift"
      ],
      "type" : "macro"
    },
    {
      "c99name" : "ExtractCaseValueClient",
      "module_type" : "SwiftTarget",
      "name" : "ExtractCaseValueClient",
      "path" : "Sources/ExtractCaseValueClient",
      "product_memberships" : [
        "ExtractCaseValueClient"
      ],
      "sources" : [
        "main.swift"
      ],
      "target_dependencies" : [
        "ExtractCaseValue"
      ],
      "type" : "executable"
    },
    {
      "c99name" : "ExtractCaseValue",
      "module_type" : "SwiftTarget",
      "name" : "ExtractCaseValue",
      "path" : "Sources/ExtractCaseValue",
      "product_memberships" : [
        "ExtractCaseValue",
        "ExtractCaseValueClient"
      ],
      "sources" : [
        "ExtractCaseValue.swift"
      ],
      "target_dependencies" : [
        "ExtractCaseValueMacros"
      ],
      "type" : "library"
    }
  ],
  "tools_version" : "5.9"
}
{
  "workspace" : {
    "name" : "ExtractCaseValue",
    "schemes" : [
      "ExtractCaseValue",
      "ExtractCaseValue-Package",
      "ExtractCaseValueClient"
    ]
  }
}
2026-09-19 03:12:27.540 xcodebuild[1366:7640] [MT] IDERunDestination: Supported platforms for the buildables in the current scheme is empty.
2026-09-19 03:12:27.636 xcodebuild[1366:7640] [MT] IDERunDestination: Supported platforms for the buildables in the current scheme is empty.
{
  "workspace" : {
    "name" : "ExtractCaseValue",
    "schemes" : [
      "ExtractCaseValue",
      "ExtractCaseValue-Package",
      "ExtractCaseValueClient"
    ]
  }
}
2026-09-19 03:12:28.772 xcodebuild[1369:7679] [MT] IDERunDestination: Supported platforms for the buildables in the current scheme is empty.
2026-09-19 03:12:28.868 xcodebuild[1369:7679] [MT] IDERunDestination: Supported platforms for the buildables in the current scheme is empty.
Running build ...
env DEVELOPER_DIR=/Applications/Xcode-27.0.0-Release.Candidate.app xcrun xcodebuild -IDEClonedSourcePackagesDirPathOverride=$PWD/.dependencies -skipMacroValidation -skipPackagePluginValidation -derivedDataPath $PWD/.derivedData build -scheme ExtractCaseValue-Package -destination generic/platform=xrOS
Command line invocation:
    /Applications/Xcode-27.0.0-Release.Candidate.app/Contents/Developer/usr/bin/xcodebuild -IDEClonedSourcePackagesDirPathOverride=/Users/admin/builder/spi-builder-workspace/.dependencies -skipMacroValidation -skipPackagePluginValidation -derivedDataPath /Users/admin/builder/spi-builder-workspace/.derivedData build -scheme ExtractCaseValue-Package -destination generic/platform=xrOS
Resolve Package Graph
Resolved source packages:
  ExtractCaseValue: /Users/admin/builder/spi-builder-workspace
  swift-syntax: https://github.com/apple/swift-syntax.git @ 509.1.1
Run pre-actions
SchemeAction Run\ Script /var/folders/xq/y_g06wb113726d38xsyx71_h0000gn/T/SchemeScriptAction-A9qTnK.sh
    cd /var/folders/xq/y_g06wb113726d38xsyx71_h0000gn/T/
    export DEVELOPER_DIR=/Applications/Xcode-27.0.0-Release.Candidate.app/Contents/Developer
    export DEVICE_NAME="Any visionOS Device"
    export GIT_DEPTH=1
    export JAVA_HOME=/Users/admin/.sdkman/candidates/java/current
    export MANPATH="/Applications/Xcode-27.0.0-Release.Candidate.app/Contents/Developer/Platforms/MacOSX.platform/Developer/SDKs/MacOSX.sdk/usr/share/man:/Applications/Xcode-27.0.0-Release.Candidate.app/Contents/Developer/Platforms/MacOSX.platform/usr/share/man:/Applications/Xcode-27.0.0-Release.Candidate.app/Contents/Developer/usr/share/man:/Applications/Xcode-27.0.0-Release.Candidate.app/Contents/Developer/Toolchains/XcodeDefault.xctoolchain/usr/share/man:"
    export PATH="/Applications/Xcode-27.0.0-Release.Candidate.app/Contents/Developer/usr/bin:/opt/homebrew/bin:/opt/homebrew/sbin:/usr/local/bin:/System/Cryptexes/App/usr/bin:/usr/bin:/bin:/usr/sbin:/sbin:/var/run/com.apple.security.cryptexd/codex.system/bootstrap/usr/local/bin:/var/run/com.apple.security.cryptexd/codex.system/bootstrap/usr/bin:/var/run/com.apple.security.cryptexd/codex.system/bootstrap/usr/appleinternal/bin:/pkg/env/global/bin:/Library/Apple/usr/bin"
    export PWD=/Users/admin/builder
    export RUN_DESTINATION_DEVICE_MODEL=GenericvisionOS
    export RUN_DESTINATION_DEVICE_NAME="Any visionOS Device"
    export RUN_DESTINATION_DEVICE_PLATFORM_IDENTIFIER=com.apple.platform.xros
    export RUN_DESTINATION_DEVICE_PLATFORM_NAME=xros
    export RUN_DESTINATION_DEVICE_UDID="dvtdevice-DVTiOSDevicePlaceholder-xros:placeholder"
    export SCHEME_ACTION_NAME="Run Script"
    export SCHEME_NAME=ExtractCaseValue-Package
    export SHELL=/bin/zsh
    export SPI_BUILD=1
    export SPI_BUILDER=1
    export SPI_PROCESSING=1
    export TMPDIR=/var/folders/xq/y_g06wb113726d38xsyx71_h0000gn/T/
    export WORKSPACE_PATH=/Users/admin/builder/spi-builder-workspace/.swiftpm/xcode/package.xcworkspace
    export __CF_USER_TEXT_ENCODING="0x1F5:0x0:0x0"
    /bin/sh -c /var/folders/xq/y_g06wb113726d38xsyx71_h0000gn/T/SchemeScriptAction-A9qTnK.sh
ComputePackagePrebuildTargetDependencyGraph
Prepare packages
CreateBuildRequest
SendProjectDescription
CreateBuildOperation
ComputeTargetDependencyGraph
note: Building targets in dependency order
note: Target dependency graph (37 targets)
    Target 'ExtractCaseValueTests-product' in project 'ExtractCaseValue'
        ➜ Explicit dependency on target 'ExtractCaseValueMacros' in project 'ExtractCaseValue'
        ➜ Explicit dependency on target 'ExtractCaseValueMacros' in project 'ExtractCaseValue'
        ➜ Explicit dependency on target 'SwiftSyntaxMacros-product' in project 'swift-syntax'
        ➜ Explicit dependency on target 'SwiftCompilerPlugin-product' in project 'swift-syntax'
        ➜ Explicit dependency on target 'SwiftSyntaxMacrosTestSupport-product' in project 'swift-syntax'
    Target 'SwiftSyntaxMacrosTestSupport-product' in project 'swift-syntax'
        ➜ Explicit dependency on target 'SwiftSyntaxMacrosTestSupport' in project 'swift-syntax'
        ➜ Explicit dependency on target 'SwiftSyntax509' in project 'swift-syntax'
        ➜ Explicit dependency on target 'SwiftSyntax' in project 'swift-syntax'
        ➜ Explicit dependency on target 'SwiftBasicFormat' in project 'swift-syntax'
        ➜ Explicit dependency on target 'SwiftParser' in project 'swift-syntax'
        ➜ Explicit dependency on target 'SwiftDiagnostics' in project 'swift-syntax'
        ➜ Explicit dependency on target 'SwiftParserDiagnostics' in project 'swift-syntax'
        ➜ Explicit dependency on target 'SwiftSyntaxBuilder' in project 'swift-syntax'
        ➜ Explicit dependency on target '_SwiftSyntaxTestSupport' in project 'swift-syntax'
        ➜ Explicit dependency on target 'SwiftSyntaxMacros' in project 'swift-syntax'
        ➜ Explicit dependency on target 'SwiftOperators' in project 'swift-syntax'
        ➜ Explicit dependency on target 'SwiftSyntaxMacroExpansion' in project 'swift-syntax'
    Target 'SwiftSyntaxMacrosTestSupport' in project 'swift-syntax'
        ➜ Explicit dependency on target 'SwiftSyntax509' in project 'swift-syntax'
        ➜ Explicit dependency on target 'SwiftSyntax' in project 'swift-syntax'
        ➜ Explicit dependency on target 'SwiftBasicFormat' in project 'swift-syntax'
        ➜ Explicit dependency on target 'SwiftParser' in project 'swift-syntax'
        ➜ Explicit dependency on target 'SwiftDiagnostics' in project 'swift-syntax'
        ➜ Explicit dependency on target 'SwiftParserDiagnostics' in project 'swift-syntax'
        ➜ Explicit dependency on target 'SwiftSyntaxBuilder' in project 'swift-syntax'
        ➜ Explicit dependency on target '_SwiftSyntaxTestSupport' in project 'swift-syntax'
        ➜ Explicit dependency on target 'SwiftSyntaxMacros' in project 'swift-syntax'
        ➜ Explicit dependency on target 'SwiftOperators' in project 'swift-syntax'
        ➜ Explicit dependency on target 'SwiftSyntaxMacroExpansion' in project 'swift-syntax'
    Target '_SwiftSyntaxTestSupport' in project 'swift-syntax'
        ➜ Explicit dependency on target 'SwiftSyntax509' in project 'swift-syntax'
        ➜ Explicit dependency on target 'SwiftSyntax' in project 'swift-syntax'
        ➜ Explicit dependency on target 'SwiftBasicFormat' in project 'swift-syntax'
        ➜ Explicit dependency on target 'SwiftParser' in project 'swift-syntax'
        ➜ Explicit dependency on target 'SwiftDiagnostics' in project 'swift-syntax'
        ➜ Explicit dependency on target 'SwiftParserDiagnostics' in project 'swift-syntax'
        ➜ Explicit dependency on target 'SwiftSyntaxBuilder' in project 'swift-syntax'
    Target 'ExtractCaseValueMacros' in project 'ExtractCaseValue'
        ➜ Explicit dependency on target 'SwiftSyntaxMacros-product' in project 'swift-syntax'
        ➜ Explicit dependency on target 'SwiftCompilerPlugin-product' in project 'swift-syntax'
    Target 'SwiftCompilerPlugin-product' in project 'swift-syntax'
        ➜ Explicit dependency on target 'SwiftCompilerPlugin' in project 'swift-syntax'
        ➜ Explicit dependency on target 'SwiftSyntax509' in project 'swift-syntax'
        ➜ Explicit dependency on target 'SwiftSyntax' in project 'swift-syntax'
        ➜ Explicit dependency on target 'SwiftDiagnostics' in project 'swift-syntax'
        ➜ Explicit dependency on target 'SwiftParser' in project 'swift-syntax'
        ➜ Explicit dependency on target 'SwiftOperators' in project 'swift-syntax'
        ➜ Explicit dependency on target 'SwiftBasicFormat' in project 'swift-syntax'
        ➜ Explicit dependency on target 'SwiftParserDiagnostics' in project 'swift-syntax'
        ➜ Explicit dependency on target 'SwiftSyntaxBuilder' in project 'swift-syntax'
        ➜ Explicit dependency on target 'SwiftSyntaxMacros' in project 'swift-syntax'
        ➜ Explicit dependency on target 'SwiftSyntaxMacroExpansion' in project 'swift-syntax'
        ➜ Explicit dependency on target 'SwiftCompilerPluginMessageHandling' in project 'swift-syntax'
    Target 'SwiftCompilerPlugin' in project 'swift-syntax'
        ➜ Explicit dependency on target 'SwiftSyntax509' in project 'swift-syntax'
        ➜ Explicit dependency on target 'SwiftSyntax' in project 'swift-syntax'
        ➜ Explicit dependency on target 'SwiftDiagnostics' in project 'swift-syntax'
        ➜ Explicit dependency on target 'SwiftParser' in project 'swift-syntax'
        ➜ Explicit dependency on target 'SwiftOperators' in project 'swift-syntax'
        ➜ Explicit dependency on target 'SwiftBasicFormat' in project 'swift-syntax'
        ➜ Explicit dependency on target 'SwiftParserDiagnostics' in project 'swift-syntax'
        ➜ Explicit dependency on target 'SwiftSyntaxBuilder' in project 'swift-syntax'
        ➜ Explicit dependency on target 'SwiftSyntaxMacros' in project 'swift-syntax'
        ➜ Explicit dependency on target 'SwiftSyntaxMacroExpansion' in project 'swift-syntax'
        ➜ Explicit dependency on target 'SwiftCompilerPluginMessageHandling' in project 'swift-syntax'
    Target 'SwiftCompilerPluginMessageHandling' in project 'swift-syntax'
        ➜ Explicit dependency on target 'SwiftSyntax509' in project 'swift-syntax'
        ➜ Explicit dependency on target 'SwiftSyntax' in project 'swift-syntax'
        ➜ Explicit dependency on target 'SwiftDiagnostics' in project 'swift-syntax'
        ➜ Explicit dependency on target 'SwiftParser' in project 'swift-syntax'
        ➜ Explicit dependency on target 'SwiftOperators' in project 'swift-syntax'
        ➜ Explicit dependency on target 'SwiftBasicFormat' in project 'swift-syntax'
        ➜ Explicit dependency on target 'SwiftParserDiagnostics' in project 'swift-syntax'
        ➜ Explicit dependency on target 'SwiftSyntaxBuilder' in project 'swift-syntax'
        ➜ Explicit dependency on target 'SwiftSyntaxMacros' in project 'swift-syntax'
        ➜ Explicit dependency on target 'SwiftSyntaxMacroExpansion' in project 'swift-syntax'
    Target 'SwiftSyntaxMacroExpansion' in project 'swift-syntax'
        ➜ Explicit dependency on target 'SwiftSyntax509' in project 'swift-syntax'
        ➜ Explicit dependency on target 'SwiftSyntax' in project 'swift-syntax'
        ➜ Explicit dependency on target 'SwiftBasicFormat' in project 'swift-syntax'
        ➜ Explicit dependency on target 'SwiftParser' in project 'swift-syntax'
        ➜ Explicit dependency on target 'SwiftDiagnostics' in project 'swift-syntax'
        ➜ Explicit dependency on target 'SwiftParserDiagnostics' in project 'swift-syntax'
        ➜ Explicit dependency on target 'SwiftSyntaxBuilder' in project 'swift-syntax'
        ➜ Explicit dependency on target 'SwiftSyntaxMacros' in project 'swift-syntax'
        ➜ Explicit dependency on target 'SwiftOperators' in project 'swift-syntax'
    Target 'SwiftOperators' in project 'swift-syntax'
        ➜ Explicit dependency on target 'SwiftSyntax509' in project 'swift-syntax'
        ➜ Explicit dependency on target 'SwiftSyntax' in project 'swift-syntax'
        ➜ Explicit dependency on target 'SwiftDiagnostics' in project 'swift-syntax'
        ➜ Explicit dependency on target 'SwiftParser' in project 'swift-syntax'
    Target 'SwiftSyntaxMacros-product' in project 'swift-syntax'
        ➜ Explicit dependency on target 'SwiftSyntaxMacros' in project 'swift-syntax'
        ➜ Explicit dependency on target 'SwiftSyntax509' in project 'swift-syntax'
        ➜ Explicit dependency on target 'SwiftSyntax' in project 'swift-syntax'
        ➜ Explicit dependency on target 'SwiftDiagnostics' in project 'swift-syntax'
        ➜ Explicit dependency on target 'SwiftParser' in project 'swift-syntax'
        ➜ Explicit dependency on target 'SwiftBasicFormat' in project 'swift-syntax'
        ➜ Explicit dependency on target 'SwiftParserDiagnostics' in project 'swift-syntax'
        ➜ Explicit dependency on target 'SwiftSyntaxBuilder' in project 'swift-syntax'
    Target 'SwiftSyntaxMacros' in project 'swift-syntax'
        ➜ Explicit dependency on target 'SwiftSyntax509' in project 'swift-syntax'
        ➜ Explicit dependency on target 'SwiftSyntax' in project 'swift-syntax'
        ➜ Explicit dependency on target 'SwiftDiagnostics' in project 'swift-syntax'
        ➜ Explicit dependency on target 'SwiftParser' in project 'swift-syntax'
        ➜ Explicit dependency on target 'SwiftBasicFormat' in project 'swift-syntax'
        ➜ Explicit dependency on target 'SwiftParserDiagnostics' in project 'swift-syntax'
        ➜ Explicit dependency on target 'SwiftSyntaxBuilder' in project 'swift-syntax'
    Target 'SwiftSyntaxBuilder' in project 'swift-syntax'
        ➜ Explicit dependency on target 'SwiftSyntax509' in project 'swift-syntax'
        ➜ Explicit dependency on target 'SwiftSyntax' in project 'swift-syntax'
        ➜ Explicit dependency on target 'SwiftBasicFormat' in project 'swift-syntax'
        ➜ Explicit dependency on target 'SwiftParser' in project 'swift-syntax'
        ➜ Explicit dependency on target 'SwiftDiagnostics' in project 'swift-syntax'
        ➜ Explicit dependency on target 'SwiftParserDiagnostics' in project 'swift-syntax'
    Target 'SwiftParserDiagnostics' in project 'swift-syntax'
        ➜ Explicit dependency on target 'SwiftSyntax509' in project 'swift-syntax'
        ➜ Explicit dependency on target 'SwiftSyntax' in project 'swift-syntax'
        ➜ Explicit dependency on target 'SwiftBasicFormat' in project 'swift-syntax'
        ➜ Explicit dependency on target 'SwiftDiagnostics' in project 'swift-syntax'
        ➜ Explicit dependency on target 'SwiftParser' in project 'swift-syntax'
    Target 'SwiftBasicFormat' in project 'swift-syntax'
        ➜ Explicit dependency on target 'SwiftSyntax509' in project 'swift-syntax'
        ➜ Explicit dependency on target 'SwiftSyntax' in project 'swift-syntax'
    Target 'SwiftParser' in project 'swift-syntax'
        ➜ Explicit dependency on target 'SwiftSyntax509' in project 'swift-syntax'
        ➜ Explicit dependency on target 'SwiftSyntax' in project 'swift-syntax'
    Target 'SwiftDiagnostics' in project 'swift-syntax'
        ➜ Explicit dependency on target 'SwiftSyntax509' in project 'swift-syntax'
        ➜ Explicit dependency on target 'SwiftSyntax' in project 'swift-syntax'
    Target 'SwiftSyntax' in project 'swift-syntax'
        ➜ Explicit dependency on target 'SwiftSyntax509' in project 'swift-syntax'
    Target 'SwiftSyntax509' in project 'swift-syntax' (no dependencies)
    Target 'ExtractCaseValueClient-product' in project 'ExtractCaseValue'
        ➜ Explicit dependency on target 'ExtractCaseValueMacros' in project 'ExtractCaseValue'
        ➜ Explicit dependency on target 'ExtractCaseValue' in project 'ExtractCaseValue'
    Target 'ExtractCaseValue-product' in project 'ExtractCaseValue'
        ➜ Explicit dependency on target 'ExtractCaseValue' in project 'ExtractCaseValue'
        ➜ Explicit dependency on target 'ExtractCaseValueMacros' in project 'ExtractCaseValue'
    Target 'ExtractCaseValue' in project 'ExtractCaseValue'
        ➜ Explicit dependency on target 'ExtractCaseValueMacros' in project 'ExtractCaseValue'
    Target 'ExtractCaseValueMacros' in project 'ExtractCaseValue'
        ➜ Explicit dependency on target 'SwiftSyntaxMacros-product' in project 'swift-syntax'
        ➜ Explicit dependency on target 'SwiftCompilerPlugin-product' in project 'swift-syntax'
    Target 'SwiftCompilerPlugin-product' in project 'swift-syntax'
        ➜ Explicit dependency on target 'SwiftCompilerPlugin' in project 'swift-syntax'
        ➜ Explicit dependency on target 'SwiftSyntax509' in project 'swift-syntax'
        ➜ Explicit dependency on target 'SwiftSyntax' in project 'swift-syntax'
        ➜ Explicit dependency on target 'SwiftDiagnostics' in project 'swift-syntax'
        ➜ Explicit dependency on target 'SwiftParser' in project 'swift-syntax'
        ➜ Explicit dependency on target 'SwiftOperators' in project 'swift-syntax'
        ➜ Explicit dependency on target 'SwiftBasicFormat' in project 'swift-syntax'
        ➜ Explicit dependency on target 'SwiftParserDiagnostics' in project 'swift-syntax'
        ➜ Explicit dependency on target 'SwiftSyntaxBuilder' in project 'swift-syntax'
        ➜ Explicit dependency on target 'SwiftSyntaxMacros' in project 'swift-syntax'
        ➜ Explicit dependency on target 'SwiftSyntaxMacroExpansion' in project 'swift-syntax'
        ➜ Explicit dependency on target 'SwiftCompilerPluginMessageHandling' in project 'swift-syntax'
    Target 'SwiftCompilerPlugin' in project 'swift-syntax'
        ➜ Explicit dependency on target 'SwiftSyntax509' in project 'swift-syntax'
        ➜ Explicit dependency on target 'SwiftSyntax' in project 'swift-syntax'
        ➜ Explicit dependency on target 'SwiftDiagnostics' in project 'swift-syntax'
        ➜ Explicit dependency on target 'SwiftParser' in project 'swift-syntax'
        ➜ Explicit dependency on target 'SwiftOperators' in project 'swift-syntax'
        ➜ Explicit dependency on target 'SwiftBasicFormat' in project 'swift-syntax'
        ➜ Explicit dependency on target 'SwiftParserDiagnostics' in project 'swift-syntax'
        ➜ Explicit dependency on target 'SwiftSyntaxBuilder' in project 'swift-syntax'
        ➜ Explicit dependency on target 'SwiftSyntaxMacros' in project 'swift-syntax'
        ➜ Explicit dependency on target 'SwiftSyntaxMacroExpansion' in project 'swift-syntax'
        ➜ Explicit dependency on target 'SwiftCompilerPluginMessageHandling' in project 'swift-syntax'
    Target 'SwiftCompilerPluginMessageHandling' in project 'swift-syntax'
        ➜ Explicit dependency on target 'SwiftSyntax509' in project 'swift-syntax'
        ➜ Explicit dependency on target 'SwiftSyntax' in project 'swift-syntax'
        ➜ Explicit dependency on target 'SwiftDiagnostics' in project 'swift-syntax'
        ➜ Explicit dependency on target 'SwiftParser' in project 'swift-syntax'
        ➜ Explicit dependency on target 'SwiftOperators' in project 'swift-syntax'
        ➜ Explicit dependency on target 'SwiftBasicFormat' in project 'swift-syntax'
        ➜ Explicit dependency on target 'SwiftParserDiagnostics' in project 'swift-syntax'
        ➜ Explicit dependency on target 'SwiftSyntaxBuilder' in project 'swift-syntax'
        ➜ Explicit dependency on target 'SwiftSyntaxMacros' in project 'swift-syntax'
        ➜ Explicit dependency on target 'SwiftSyntaxMacroExpansion' in project 'swift-syntax'
    Target 'SwiftSyntaxMacroExpansion' in project 'swift-syntax'
        ➜ Explicit dependency on target 'SwiftSyntax509' in project 'swift-syntax'
        ➜ Explicit dependency on target 'SwiftSyntax' in project 'swift-syntax'
        ➜ Explicit dependency on target 'SwiftBasicFormat' in project 'swift-syntax'
        ➜ Explicit dependency on target 'SwiftParser' in project 'swift-syntax'
        ➜ Explicit dependency on target 'SwiftDiagnostics' in project 'swift-syntax'
        ➜ Explicit dependency on target 'SwiftParserDiagnostics' in project 'swift-syntax'
        ➜ Explicit dependency on target 'SwiftSyntaxBuilder' in project 'swift-syntax'
        ➜ Explicit dependency on target 'SwiftSyntaxMacros' in project 'swift-syntax'
        ➜ Explicit dependency on target 'SwiftOperators' in project 'swift-syntax'
    Target 'SwiftOperators' in project 'swift-syntax'
        ➜ Explicit dependency on target 'SwiftSyntax509' in project 'swift-syntax'
        ➜ Explicit dependency on target 'SwiftSyntax' in project 'swift-syntax'
        ➜ Explicit dependency on target 'SwiftDiagnostics' in project 'swift-syntax'
        ➜ Explicit dependency on target 'SwiftParser' in project 'swift-syntax'
    Target 'SwiftSyntaxMacros-product' in project 'swift-syntax'
        ➜ Explicit dependency on target 'SwiftSyntaxMacros' in project 'swift-syntax'
        ➜ Explicit dependency on target 'SwiftSyntax509' in project 'swift-syntax'
        ➜ Explicit dependency on target 'SwiftSyntax' in project 'swift-syntax'
        ➜ Explicit dependency on target 'SwiftDiagnostics' in project 'swift-syntax'
        ➜ Explicit dependency on target 'SwiftParser' in project 'swift-syntax'
        ➜ Explicit dependency on target 'SwiftBasicFormat' in project 'swift-syntax'
        ➜ Explicit dependency on target 'SwiftParserDiagnostics' in project 'swift-syntax'
        ➜ Explicit dependency on target 'SwiftSyntaxBuilder' in project 'swift-syntax'
    Target 'SwiftSyntaxMacros' in project 'swift-syntax'
        ➜ Explicit dependency on target 'SwiftSyntax509' in project 'swift-syntax'
        ➜ Explicit dependency on target 'SwiftSyntax' in project 'swift-syntax'
        ➜ Explicit dependency on target 'SwiftDiagnostics' in project 'swift-syntax'
        ➜ Explicit dependency on target 'SwiftParser' in project 'swift-syntax'
        ➜ Explicit dependency on target 'SwiftBasicFormat' in project 'swift-syntax'
        ➜ Explicit dependency on target 'SwiftParserDiagnostics' in project 'swift-syntax'
        ➜ Explicit dependency on target 'SwiftSyntaxBuilder' in project 'swift-syntax'
    Target 'SwiftSyntaxBuilder' in project 'swift-syntax'
        ➜ Explicit dependency on target 'SwiftSyntax509' in project 'swift-syntax'
        ➜ Explicit dependency on target 'SwiftSyntax' in project 'swift-syntax'
        ➜ Explicit dependency on target 'SwiftBasicFormat' in project 'swift-syntax'
        ➜ Explicit dependency on target 'SwiftParser' in project 'swift-syntax'
        ➜ Explicit dependency on target 'SwiftDiagnostics' in project 'swift-syntax'
        ➜ Explicit dependency on target 'SwiftParserDiagnostics' in project 'swift-syntax'
    Target 'SwiftParserDiagnostics' in project 'swift-syntax'
        ➜ Explicit dependency on target 'SwiftSyntax509' in project 'swift-syntax'
        ➜ Explicit dependency on target 'SwiftSyntax' in project 'swift-syntax'
        ➜ Explicit dependency on target 'SwiftBasicFormat' in project 'swift-syntax'
        ➜ Explicit dependency on target 'SwiftDiagnostics' in project 'swift-syntax'
        ➜ Explicit dependency on target 'SwiftParser' in project 'swift-syntax'
    Target 'SwiftBasicFormat' in project 'swift-syntax'
        ➜ Explicit dependency on target 'SwiftSyntax509' in project 'swift-syntax'
        ➜ Explicit dependency on target 'SwiftSyntax' in project 'swift-syntax'
    Target 'SwiftParser' in project 'swift-syntax'
        ➜ Explicit dependency on target 'SwiftSyntax509' in project 'swift-syntax'
        ➜ Explicit dependency on target 'SwiftSyntax' in project 'swift-syntax'
    Target 'SwiftDiagnostics' in project 'swift-syntax'
        ➜ Explicit dependency on target 'SwiftSyntax509' in project 'swift-syntax'
        ➜ Explicit dependency on target 'SwiftSyntax' in project 'swift-syntax'
    Target 'SwiftSyntax' in project 'swift-syntax'
        ➜ Explicit dependency on target 'SwiftSyntax509' in project 'swift-syntax'
    Target 'SwiftSyntax509' in project 'swift-syntax' (no dependencies)
GatherProvisioningInputs
CreateBuildDescription
ClangStatCache /Applications/Xcode-27.0.0-Release.Candidate.app/Contents/Developer/Toolchains/XcodeDefault.xctoolchain/usr/bin/clang-stat-cache /Applications/Xcode-27.0.0-Release.Candidate.app/Contents/Developer/Platforms/MacOSX.platform/Developer/SDKs/MacOSX27.0.sdk /Users/admin/builder/spi-builder-workspace/.derivedData/SDKStatCaches.noindex/macosx27.0-26A425-e829b21a6f8c9b70876ba0858053c0446a22442a12e9d48fe1a705f55a1adfc4.sdkstatcache
    cd /Users/admin/builder/spi-builder-workspace/.swiftpm/xcode
    /Applications/Xcode-27.0.0-Release.Candidate.app/Contents/Developer/Toolchains/XcodeDefault.xctoolchain/usr/bin/clang-stat-cache /Applications/Xcode-27.0.0-Release.Candidate.app/Contents/Developer/Platforms/MacOSX.platform/Developer/SDKs/MacOSX27.0.sdk -o /Users/admin/builder/spi-builder-workspace/.derivedData/SDKStatCaches.noindex/macosx27.0-26A425-e829b21a6f8c9b70876ba0858053c0446a22442a12e9d48fe1a705f55a1adfc4.sdkstatcache
ClangStatCache /Applications/Xcode-27.0.0-Release.Candidate.app/Contents/Developer/Toolchains/XcodeDefault.xctoolchain/usr/bin/clang-stat-cache /Applications/Xcode-27.0.0-Release.Candidate.app/Contents/Developer/Platforms/XROS.platform/Developer/SDKs/XROS27.0.sdk /Users/admin/builder/spi-builder-workspace/.derivedData/SDKStatCaches.noindex/xros27.0-24M361-e829b21a6f8c9b70876ba0858053c044735bd543db762f57723cac368afd1ce4.sdkstatcache
    cd /Users/admin/builder/spi-builder-workspace/.swiftpm/xcode
    /Applications/Xcode-27.0.0-Release.Candidate.app/Contents/Developer/Toolchains/XcodeDefault.xctoolchain/usr/bin/clang-stat-cache /Applications/Xcode-27.0.0-Release.Candidate.app/Contents/Developer/Platforms/XROS.platform/Developer/SDKs/XROS27.0.sdk -o /Users/admin/builder/spi-builder-workspace/.derivedData/SDKStatCaches.noindex/xros27.0-24M361-e829b21a6f8c9b70876ba0858053c044735bd543db762f57723cac368afd1ce4.sdkstatcache
SwiftDriver SwiftSyntaxMacroExpansion normal x86_64 com.apple.xcode.tools.swift.compiler (in target 'SwiftSyntaxMacroExpansion' from project 'swift-syntax')
    cd /Users/admin/builder/spi-builder-workspace/.swiftpm/xcode
    builtin-SwiftDriver -- /Applications/Xcode-27.0.0-Release.Candidate.app/Contents/Developer/Toolchains/XcodeDefault.xctoolchain/usr/bin/swiftc -parse-as-library -module-name SwiftSyntaxMacroExpansion -Onone @/Users/admin/builder/spi-builder-workspace/.derivedData/Build/Intermediates.noindex/swift-syntax.build/Debug/SwiftSyntaxMacroExpansion-t.build/Objects-normal/x86_64/SwiftSyntaxMacroExpansion.SwiftFileList -DSWIFT_PACKAGE -DDEBUG -DSWIFT_MODULE_RESOURCE_BUNDLE_UNAVAILABLE -DXcode -plugin-path /Applications/Xcode-27.0.0-Release.Candidate.app/Contents/Developer/Toolchains/XcodeDefault.xctoolchain/usr/lib/swift/host/plugins/testing -enable-experimental-feature DebugDescriptionMacro -sdk /Applications/Xcode-27.0.0-Release.Candidate.app/Contents/Developer/Platforms/MacOSX.platform/Developer/SDKs/MacOSX27.0.sdk -target x86_64-apple-macos12.0 -g -module-cache-path /Users/admin/builder/spi-builder-workspace/.derivedData/ModuleCache.noindex -Xfrontend -serialize-debugging-options -profile-coverage-mapping -profile-generate -enable-testing -suppress-warnings -index-store-path /Users/admin/builder/spi-builder-workspace/.derivedData/Index.noindex/DataStore -Xcc -D_LIBCPP_HARDENING_MODE\=_LIBCPP_HARDENING_MODE_DEBUG -swift-version 5 -I /Users/admin/builder/spi-builder-workspace/.derivedData/Build/Products/Debug -Isystem /Applications/Xcode-27.0.0-Release.Candidate.app/Contents/Developer/Platforms/MacOSX.platform/Developer/usr/lib -F /Users/admin/builder/spi-builder-workspace/.derivedData/Build/Products/Debug/PackageFrameworks -F /Users/admin/builder/spi-builder-workspace/.derivedData/Build/Products/Debug -F /Applications/Xcode-27.0.0-Release.Candidate.app/Contents/Developer/Platforms/MacOSX.platform/Developer/Library/Frameworks -c -j10 -enable-batch-mode -incremental -Xcc -ivfsstatcache -Xcc /Users/admin/builder/spi-builder-workspace/.derivedData/SDKStatCaches.noindex/macosx27.0-26A425-e829b21a6f8c9b70876ba0858053c0446a22442a12e9d48fe1a705f55a1adfc4.sdkstatcache -output-file-map /Users/admin/builder/spi-builder-workspace/.derivedData/Build/Intermediates.noindex/swift-syntax.build/Debug/SwiftSyntaxMacroExpansion-t.build/Objects-normal/x86_64/SwiftSyntaxMacroExpansion-OutputFileMap.json -save-temps -no-color-diagnostics -explicit-module-build -module-cache-path /Users/admin/builder/spi-builder-workspace/.derivedData/Build/Intermediates.noindex/SwiftExplicitPrecompiledModules -clang-scanner-module-cache-path /Users/admin/builder/spi-builder-workspace/.derivedData/ModuleCache.noindex -sdk-module-cache-path /Users/admin/builder/spi-builder-workspace/.derivedData/SDKExplicitPrecompiledModules -emit-dependencies -emit-module -emit-module-path /Users/admin/builder/spi-builder-workspace/.derivedData/Build/Intermediates.noindex/swift-syntax.build/Debug/SwiftSyntaxMacroExpansion-t.build/Objects-normal/x86_64/SwiftSyntaxMacroExpansion.swiftmodule -serialize-diagnostics -dependency-scan-serialize-diagnostics-path /Users/admin/builder/spi-builder-workspace/.derivedData/Build/Intermediates.noindex/swift-syntax.build/Debug/SwiftSyntaxMacroExpansion-t.build/Objects-normal/x86_64/SwiftSyntaxMacroExpansion-dependency-scan.dia -validate-clang-modules-once -clang-build-session-file /Users/admin/builder/spi-builder-workspace/.derivedData/ModuleCache.noindex/Session.modulevalidation -Xcc -fmodules-prune-interval\=86400 -Xcc -fmodules-prune-after\=345600 -emit-const-values -const-gather-protocols-list /Users/admin/builder/spi-builder-workspace/.derivedData/Build/Intermediates.noindex/swift-syntax.build/Debug/SwiftSyntaxMacroExpansion-t.build/Objects-normal/x86_64/SwiftSyntaxMacroExpansion_const_extract_protocols.json -Xcc -I/Users/admin/builder/spi-builder-workspace/.derivedData/Build/Products/Debug/include -Xcc -I/Users/admin/builder/spi-builder-workspace/.derivedData/Build/Intermediates.noindex/swift-syntax.build/Debug/SwiftSyntaxMacroExpansion-t.build/DerivedSources-normal/x86_64 -Xcc -I/Users/admin/builder/spi-builder-workspace/.derivedData/Build/Intermediates.noindex/swift-syntax.build/Debug/SwiftSyntaxMacroExpansion-t.build/DerivedSources/x86_64 -Xcc -I/Users/admin/builder/spi-builder-workspace/.derivedData/Build/Intermediates.noindex/swift-syntax.build/Debug/SwiftSyntaxMacroExpansion-t.build/DerivedSources -Xcc -DSWIFT_PACKAGE -Xcc -DDEBUG\=1 -emit-objc-header -emit-objc-header-path /Users/admin/builder/spi-builder-workspace/.derivedData/Build/Intermediates.noindex/swift-syntax.build/Debug/SwiftSyntaxMacroExpansion-t.build/Objects-normal/x86_64/SwiftSyntaxMacroExpansion-Swift.h -working-directory /Users/admin/builder/spi-builder-workspace/.swiftpm/xcode -experimental-emit-module-separately -disable-cmo
SwiftDriver SwiftSyntaxMacroExpansion normal arm64 com.apple.xcode.tools.swift.compiler (in target 'SwiftSyntaxMacroExpansion' from project 'swift-syntax')
    cd /Users/admin/builder/spi-builder-workspace/.swiftpm/xcode
    builtin-SwiftDriver -- /Applications/Xcode-27.0.0-Release.Candidate.app/Contents/Developer/Toolchains/XcodeDefault.xctoolchain/usr/bin/swiftc -parse-as-library -module-name SwiftSyntaxMacroExpansion -Onone @/Users/admin/builder/spi-builder-workspace/.derivedData/Build/Intermediates.noindex/swift-syntax.build/Debug/SwiftSyntaxMacroExpansion-t.build/Objects-normal/arm64/SwiftSyntaxMacroExpansion.SwiftFileList -DSWIFT_PACKAGE -DDEBUG -DSWIFT_MODULE_RESOURCE_BUNDLE_UNAVAILABLE -DXcode -plugin-path /Applications/Xcode-27.0.0-Release.Candidate.app/Contents/Developer/Toolchains/XcodeDefault.xctoolchain/usr/lib/swift/host/plugins/testing -enable-experimental-feature DebugDescriptionMacro -sdk /Applications/Xcode-27.0.0-Release.Candidate.app/Contents/Developer/Platforms/MacOSX.platform/Developer/SDKs/MacOSX27.0.sdk -target arm64-apple-macos12.0 -g -module-cache-path /Users/admin/builder/spi-builder-workspace/.derivedData/ModuleCache.noindex -Xfrontend -serialize-debugging-options -profile-coverage-mapping -profile-generate -enable-testing -suppress-warnings -index-store-path /Users/admin/builder/spi-builder-workspace/.derivedData/Index.noindex/DataStore -Xcc -D_LIBCPP_HARDENING_MODE\=_LIBCPP_HARDENING_MODE_DEBUG -swift-version 5 -I /Users/admin/builder/spi-builder-workspace/.derivedData/Build/Products/Debug -Isystem /Applications/Xcode-27.0.0-Release.Candidate.app/Contents/Developer/Platforms/MacOSX.platform/Developer/usr/lib -F /Users/admin/builder/spi-builder-workspace/.derivedData/Build/Products/Debug/PackageFrameworks -F /Users/admin/builder/spi-builder-workspace/.derivedData/Build/Products/Debug -F /Applications/Xcode-27.0.0-Release.Candidate.app/Contents/Developer/Platforms/MacOSX.platform/Developer/Library/Frameworks -c -j10 -enable-batch-mode -incremental -Xcc -ivfsstatcache -Xcc /Users/admin/builder/spi-builder-workspace/.derivedData/SDKStatCaches.noindex/macosx27.0-26A425-e829b21a6f8c9b70876ba0858053c0446a22442a12e9d48fe1a705f55a1adfc4.sdkstatcache -output-file-map /Users/admin/builder/spi-builder-workspace/.derivedData/Build/Intermediates.noindex/swift-syntax.build/Debug/SwiftSyntaxMacroExpansion-t.build/Objects-normal/arm64/SwiftSyntaxMacroExpansion-OutputFileMap.json -save-temps -no-color-diagnostics -explicit-module-build -module-cache-path /Users/admin/builder/spi-builder-workspace/.derivedData/Build/Intermediates.noindex/SwiftExplicitPrecompiledModules -clang-scanner-module-cache-path /Users/admin/builder/spi-builder-workspace/.derivedData/ModuleCache.noindex -sdk-module-cache-path /Users/admin/builder/spi-builder-workspace/.derivedData/SDKExplicitPrecompiledModules -emit-dependencies -emit-module -emit-module-path /Users/admin/builder/spi-builder-workspace/.derivedData/Build/Intermediates.noindex/swift-syntax.build/Debug/SwiftSyntaxMacroExpansion-t.build/Objects-normal/arm64/SwiftSyntaxMacroExpansion.swiftmodule -serialize-diagnostics -dependency-scan-serialize-diagnostics-path /Users/admin/builder/spi-builder-workspace/.derivedData/Build/Intermediates.noindex/swift-syntax.build/Debug/SwiftSyntaxMacroExpansion-t.build/Objects-normal/arm64/SwiftSyntaxMacroExpansion-dependency-scan.dia -validate-clang-modules-once -clang-build-session-file /Users/admin/builder/spi-builder-workspace/.derivedData/ModuleCache.noindex/Session.modulevalidation -Xcc -fmodules-prune-interval\=86400 -Xcc -fmodules-prune-after\=345600 -emit-const-values -const-gather-protocols-list /Users/admin/builder/spi-builder-workspace/.derivedData/Build/Intermediates.noindex/swift-syntax.build/Debug/SwiftSyntaxMacroExpansion-t.build/Objects-normal/arm64/SwiftSyntaxMacroExpansion_const_extract_protocols.json -Xcc -I/Users/admin/builder/spi-builder-workspace/.derivedData/Build/Products/Debug/include -Xcc -I/Users/admin/builder/spi-builder-workspace/.derivedData/Build/Intermediates.noindex/swift-syntax.build/Debug/SwiftSyntaxMacroExpansion-t.build/DerivedSources-normal/arm64 -Xcc -I/Users/admin/builder/spi-builder-workspace/.derivedData/Build/Intermediates.noindex/swift-syntax.build/Debug/SwiftSyntaxMacroExpansion-t.build/DerivedSources/arm64 -Xcc -I/Users/admin/builder/spi-builder-workspace/.derivedData/Build/Intermediates.noindex/swift-syntax.build/Debug/SwiftSyntaxMacroExpansion-t.build/DerivedSources -Xcc -DSWIFT_PACKAGE -Xcc -DDEBUG\=1 -emit-objc-header -emit-objc-header-path /Users/admin/builder/spi-builder-workspace/.derivedData/Build/Intermediates.noindex/swift-syntax.build/Debug/SwiftSyntaxMacroExpansion-t.build/Objects-normal/arm64/SwiftSyntaxMacroExpansion-Swift.h -working-directory /Users/admin/builder/spi-builder-workspace/.swiftpm/xcode -experimental-emit-module-separately -disable-cmo
SwiftDriver SwiftSyntaxMacrosTestSupport normal arm64 com.apple.xcode.tools.swift.compiler (in target 'SwiftSyntaxMacrosTestSupport' from project 'swift-syntax')
    cd /Users/admin/builder/spi-builder-workspace/.swiftpm/xcode
    builtin-SwiftDriver -- /Applications/Xcode-27.0.0-Release.Candidate.app/Contents/Developer/Toolchains/XcodeDefault.xctoolchain/usr/bin/swiftc -parse-as-library -module-name SwiftSyntaxMacrosTestSupport -Onone @/Users/admin/builder/spi-builder-workspace/.derivedData/Build/Intermediates.noindex/swift-syntax.build/Debug-xros/SwiftSyntaxMacrosTestSupport-t.build/Objects-normal/arm64/SwiftSyntaxMacrosTestSupport.SwiftFileList -DSWIFT_PACKAGE -DDEBUG -DSWIFT_MODULE_RESOURCE_BUNDLE_UNAVAILABLE -DXcode -plugin-path /Applications/Xcode-27.0.0-Release.Candidate.app/Contents/Developer/Toolchains/XcodeDefault.xctoolchain/usr/lib/swift/host/plugins/testing -enable-experimental-feature DebugDescriptionMacro -sdk /Applications/Xcode-27.0.0-Release.Candidate.app/Contents/Developer/Platforms/XROS.platform/Developer/SDKs/XROS27.0.sdk -target arm64-apple-xros1.0 -g -module-cache-path /Users/admin/builder/spi-builder-workspace/.derivedData/ModuleCache.noindex -Xfrontend -serialize-debugging-options -profile-coverage-mapping -profile-generate -enable-testing -suppress-warnings -index-store-path /Users/admin/builder/spi-builder-workspace/.derivedData/Index.noindex/DataStore -Xcc -D_LIBCPP_HARDENING_MODE\=_LIBCPP_HARDENING_MODE_DEBUG -swift-version 5 -I /Users/admin/builder/spi-builder-workspace/.derivedData/Build/Products/Debug-xros -Isystem /Applications/Xcode-27.0.0-Release.Candidate.app/Contents/Developer/Platforms/XROS.platform/Developer/usr/lib -F /Users/admin/builder/spi-builder-workspace/.derivedData/Build/Products/Debug-xros/PackageFrameworks -F /Users/admin/builder/spi-builder-workspace/.derivedData/Build/Products/Debug-xros -F /Applications/Xcode-27.0.0-Release.Candidate.app/Contents/Developer/Platforms/XROS.platform/Developer/Library/Frameworks -F /Applications/Xcode-27.0.0-Release.Candidate.app/Contents/Developer/Platforms/XROS.platform/Developer/SDKs/XROS27.0.sdk/Developer/Library/Frameworks -c -j10 -enable-batch-mode -incremental -Xcc -ivfsstatcache -Xcc /Users/admin/builder/spi-builder-workspace/.derivedData/SDKStatCaches.noindex/xros27.0-24M361-e829b21a6f8c9b70876ba0858053c044735bd543db762f57723cac368afd1ce4.sdkstatcache -output-file-map /Users/admin/builder/spi-builder-workspace/.derivedData/Build/Intermediates.noindex/swift-syntax.build/Debug-xros/SwiftSyntaxMacrosTestSupport-t.build/Objects-normal/arm64/SwiftSyntaxMacrosTestSupport-OutputFileMap.json -save-temps -no-color-diagnostics -explicit-module-build -module-cache-path /Users/admin/builder/spi-builder-workspace/.derivedData/Build/Intermediates.noindex/SwiftExplicitPrecompiledModules -clang-scanner-module-cache-path /Users/admin/builder/spi-builder-workspace/.derivedData/ModuleCache.noindex -sdk-module-cache-path /Users/admin/builder/spi-builder-workspace/.derivedData/SDKExplicitPrecompiledModules -emit-dependencies -emit-module -emit-module-path /Users/admin/builder/spi-builder-workspace/.derivedData/Build/Intermediates.noindex/swift-syntax.build/Debug-xros/SwiftSyntaxMacrosTestSupport-t.build/Objects-normal/arm64/SwiftSyntaxMacrosTestSupport.swiftmodule -serialize-diagnostics -dependency-scan-serialize-diagnostics-path /Users/admin/builder/spi-builder-workspace/.derivedData/Build/Intermediates.noindex/swift-syntax.build/Debug-xros/SwiftSyntaxMacrosTestSupport-t.build/Objects-normal/arm64/SwiftSyntaxMacrosTestSupport-dependency-scan.dia -validate-clang-modules-once -clang-build-session-file /Users/admin/builder/spi-builder-workspace/.derivedData/ModuleCache.noindex/Session.modulevalidation -Xcc -fmodules-prune-interval\=86400 -Xcc -fmodules-prune-after\=345600 -emit-const-values -const-gather-protocols-list /Users/admin/builder/spi-builder-workspace/.derivedData/Build/Intermediates.noindex/swift-syntax.build/Debug-xros/SwiftSyntaxMacrosTestSupport-t.build/Objects-normal/arm64/SwiftSyntaxMacrosTestSupport_const_extract_protocols.json -Xcc -I/Users/admin/builder/spi-builder-workspace/.derivedData/Build/Products/Debug-xros/include -Xcc -I/Users/admin/builder/spi-builder-workspace/.derivedData/Build/Intermediates.noindex/swift-syntax.build/Debug-xros/SwiftSyntaxMacrosTestSupport-t.build/DerivedSources-normal/arm64 -Xcc -I/Users/admin/builder/spi-builder-workspace/.derivedData/Build/Intermediates.noindex/swift-syntax.build/Debug-xros/SwiftSyntaxMacrosTestSupport-t.build/DerivedSources/arm64 -Xcc -I/Users/admin/builder/spi-builder-workspace/.derivedData/Build/Intermediates.noindex/swift-syntax.build/Debug-xros/SwiftSyntaxMacrosTestSupport-t.build/DerivedSources -Xcc -DSWIFT_PACKAGE -Xcc -DDEBUG\=1 -emit-objc-header -emit-objc-header-path /Users/admin/builder/spi-builder-workspace/.derivedData/Build/Intermediates.noindex/swift-syntax.build/Debug-xros/SwiftSyntaxMacrosTestSupport-t.build/Objects-normal/arm64/SwiftSyntaxMacrosTestSupport-Swift.h -working-directory /Users/admin/builder/spi-builder-workspace/.swiftpm/xcode -experimental-emit-module-separately -disable-cmo
SwiftDriver ExtractCaseValueMacros--1FCDC384728C7431-testable normal arm64 com.apple.xcode.tools.swift.compiler (in target 'ExtractCaseValueMacros' from project 'ExtractCaseValue')
    cd /Users/admin/builder/spi-builder-workspace/.swiftpm/xcode
    builtin-SwiftDriver -- /Applications/Xcode-27.0.0-Release.Candidate.app/Contents/Developer/Toolchains/XcodeDefault.xctoolchain/usr/bin/swiftc -parse-as-library -module-name ExtractCaseValueMacros -Onone @/Users/admin/builder/spi-builder-workspace/.derivedData/Build/Intermediates.noindex/ExtractCaseValue.build/Debug-xros/ExtractCaseValueMacros--1FCDC384728C7431-testable-t.build/Objects-normal/arm64/ExtractCaseValueMacros--1FCDC384728C7431-testable.SwiftFileList -DSWIFT_PACKAGE -DDEBUG -DXcode -Xfrontend -entry-point-function-name -Xfrontend ExtractCaseValueMacros_main -plugin-path /Applications/Xcode-27.0.0-Release.Candidate.app/Contents/Developer/Toolchains/XcodeDefault.xctoolchain/usr/lib/swift/host/plugins/testing -enable-experimental-feature DebugDescriptionMacro -sdk /Applications/Xcode-27.0.0-Release.Candidate.app/Contents/Developer/Platforms/XROS.platform/Developer/SDKs/XROS27.0.sdk -target arm64-apple-xros1.0 -g -module-cache-path /Users/admin/builder/spi-builder-workspace/.derivedData/ModuleCache.noindex -Xfrontend -serialize-debugging-options -profile-coverage-mapping -profile-generate -enable-testing -index-store-path /Users/admin/builder/spi-builder-workspace/.derivedData/Index.noindex/DataStore -Xcc -D_LIBCPP_HARDENING_MODE\=_LIBCPP_HARDENING_MODE_DEBUG -swift-version 5 -I /Users/admin/builder/spi-builder-workspace/.derivedData/Build/Products/Debug-xros -Isystem /Applications/Xcode-27.0.0-Release.Candidate.app/Contents/Developer/Platforms/XROS.platform/Developer/usr/lib -F /Users/admin/builder/spi-builder-workspace/.derivedData/Build/Products/Debug-xros/PackageFrameworks -F /Users/admin/builder/spi-builder-workspace/.derivedData/Build/Products/Debug-xros -F /Applications/Xcode-27.0.0-Release.Candidate.app/Contents/Developer/Platforms/XROS.platform/Developer/Library/Frameworks -F /Applications/Xcode-27.0.0-Release.Candidate.app/Contents/Developer/Platforms/XROS.platform/Developer/SDKs/XROS27.0.sdk/Developer/Library/Frameworks -c -j10 -enable-batch-mode -incremental -Xcc -ivfsstatcache -Xcc /Users/admin/builder/spi-builder-workspace/.derivedData/SDKStatCaches.noindex/xros27.0-24M361-e829b21a6f8c9b70876ba0858053c044735bd543db762f57723cac368afd1ce4.sdkstatcache -output-file-map /Users/admin/builder/spi-builder-workspace/.derivedData/Build/Intermediates.noindex/ExtractCaseValue.build/Debug-xros/ExtractCaseValueMacros--1FCDC384728C7431-testable-t.build/Objects-normal/arm64/ExtractCaseValueMacros--1FCDC384728C7431-testable-OutputFileMap.json -save-temps -no-color-diagnostics -explicit-module-build -module-cache-path /Users/admin/builder/spi-builder-workspace/.derivedData/Build/Intermediates.noindex/SwiftExplicitPrecompiledModules -clang-scanner-module-cache-path /Users/admin/builder/spi-builder-workspace/.derivedData/ModuleCache.noindex -sdk-module-cache-path /Users/admin/builder/spi-builder-workspace/.derivedData/SDKExplicitPrecompiledModules -emit-dependencies -emit-module -emit-module-path /Users/admin/builder/spi-builder-workspace/.derivedData/Build/Intermediates.noindex/ExtractCaseValue.build/Debug-xros/ExtractCaseValueMacros--1FCDC384728C7431-testable-t.build/Objects-normal/arm64/ExtractCaseValueMacros.swiftmodule -serialize-diagnostics -dependency-scan-serialize-diagnostics-path /Users/admin/builder/spi-builder-workspace/.derivedData/Build/Intermediates.noindex/ExtractCaseValue.build/Debug-xros/ExtractCaseValueMacros--1FCDC384728C7431-testable-t.build/Objects-normal/arm64/ExtractCaseValueMacros-dependency-scan.dia -validate-clang-modules-once -clang-build-session-file /Users/admin/builder/spi-builder-workspace/.derivedData/ModuleCache.noindex/Session.modulevalidation -Xcc -fmodules-prune-interval\=86400 -Xcc -fmodules-prune-after\=345600 -package-name spi_builder_workspace -emit-const-values -const-gather-protocols-list /Users/admin/builder/spi-builder-workspace/.derivedData/Build/Intermediates.noindex/ExtractCaseValue.build/Debug-xros/ExtractCaseValueMacros--1FCDC384728C7431-testable-t.build/Objects-normal/arm64/ExtractCaseValueMacros--1FCDC384728C7431-testable_const_extract_protocols.json -Xcc -I/Users/admin/builder/spi-builder-workspace/.derivedData/Build/Products/Debug-xros/include -Xcc -I/Users/admin/builder/spi-builder-workspace/.derivedData/Build/Intermediates.noindex/ExtractCaseValue.build/Debug-xros/ExtractCaseValueMacros--1FCDC384728C7431-testable-t.build/DerivedSources-normal/arm64 -Xcc -I/Users/admin/builder/spi-builder-workspace/.derivedData/Build/Intermediates.noindex/ExtractCaseValue.build/Debug-xros/ExtractCaseValueMacros--1FCDC384728C7431-testable-t.build/DerivedSources/arm64 -Xcc -I/Users/admin/builder/spi-builder-workspace/.derivedData/Build/Intermediates.noindex/ExtractCaseValue.build/Debug-xros/ExtractCaseValueMacros--1FCDC384728C7431-testable-t.build/DerivedSources -Xcc -DSWIFT_PACKAGE -Xcc -DDEBUG\=1 -emit-objc-header -emit-objc-header-path /Users/admin/builder/spi-builder-workspace/.derivedData/Build/Intermediates.noindex/ExtractCaseValue.build/Debug-xros/ExtractCaseValueMacros--1FCDC384728C7431-testable-t.build/Objects-normal/arm64/ExtractCaseValueMacros-Swift.h -working-directory /Users/admin/builder/spi-builder-workspace/.swiftpm/xcode -experimental-emit-module-separately -disable-cmo
SwiftCompile normal arm64 Compiling\ FunctionParameterUtils.swift /Users/admin/builder/spi-builder-workspace/.dependencies/checkouts/swift-syntax/Sources/SwiftSyntaxMacroExpansion/FunctionParameterUtils.swift (in target 'SwiftSyntaxMacroExpansion' from project 'swift-syntax')
SwiftCompile normal arm64 /Users/admin/builder/spi-builder-workspace/.dependencies/checkouts/swift-syntax/Sources/SwiftSyntaxMacroExpansion/FunctionParameterUtils.swift (in target 'SwiftSyntaxMacroExpansion' from project 'swift-syntax')
    cd /Users/admin/builder/spi-builder-workspace/.swiftpm/xcode
    builtin-SwiftPerFileCompile FunctionParameterUtils.swift
SwiftCompile normal arm64 Compiling\ BasicMacroExpansionContext.swift /Users/admin/builder/spi-builder-workspace/.dependencies/checkouts/swift-syntax/Sources/SwiftSyntaxMacroExpansion/BasicMacroExpansionContext.swift (in target 'SwiftSyntaxMacroExpansion' from project 'swift-syntax')
SwiftCompile normal arm64 /Users/admin/builder/spi-builder-workspace/.dependencies/checkouts/swift-syntax/Sources/SwiftSyntaxMacroExpansion/BasicMacroExpansionContext.swift (in target 'SwiftSyntaxMacroExpansion' from project 'swift-syntax')
    cd /Users/admin/builder/spi-builder-workspace/.swiftpm/xcode
    builtin-SwiftPerFileCompile BasicMacroExpansionContext.swift
SwiftCompile normal arm64 Compiling\ IndentationUtils.swift /Users/admin/builder/spi-builder-workspace/.dependencies/checkouts/swift-syntax/Sources/SwiftSyntaxMacroExpansion/IndentationUtils.swift (in target 'SwiftSyntaxMacroExpansion' from project 'swift-syntax')
SwiftCompile normal arm64 /Users/admin/builder/spi-builder-workspace/.dependencies/checkouts/swift-syntax/Sources/SwiftSyntaxMacroExpansion/IndentationUtils.swift (in target 'SwiftSyntaxMacroExpansion' from project 'swift-syntax')
    cd /Users/admin/builder/spi-builder-workspace/.swiftpm/xcode
    builtin-SwiftPerFileCompile IndentationUtils.swift
SwiftCompile normal arm64 Compiling\ MacroReplacement.swift /Users/admin/builder/spi-builder-workspace/.dependencies/checkouts/swift-syntax/Sources/SwiftSyntaxMacroExpansion/MacroReplacement.swift (in target 'SwiftSyntaxMacroExpansion' from project 'swift-syntax')
SwiftCompile normal arm64 /Users/admin/builder/spi-builder-workspace/.dependencies/checkouts/swift-syntax/Sources/SwiftSyntaxMacroExpansion/MacroReplacement.swift (in target 'SwiftSyntaxMacroExpansion' from project 'swift-syntax')
    cd /Users/admin/builder/spi-builder-workspace/.swiftpm/xcode
    builtin-SwiftPerFileCompile MacroReplacement.swift
SwiftEmitModule normal arm64 Emitting\ module\ for\ SwiftSyntaxMacroExpansion (in target 'SwiftSyntaxMacroExpansion' from project 'swift-syntax')
SwiftCompile normal arm64 (in target 'SwiftSyntaxMacroExpansion' from project 'swift-syntax')
    cd /Users/admin/builder/spi-builder-workspace/.swiftpm/xcode

SwiftCompile normal arm64 Compiling\ MacroSystem.swift /Users/admin/builder/spi-builder-workspace/.dependencies/checkouts/swift-syntax/Sources/SwiftSyntaxMacroExpansion/MacroSystem.swift (in target 'SwiftSyntaxMacroExpansion' from project 'swift-syntax')
SwiftCompile normal arm64 /Users/admin/builder/spi-builder-workspace/.dependencies/checkouts/swift-syntax/Sources/SwiftSyntaxMacroExpansion/MacroSystem.swift (in target 'SwiftSyntaxMacroExpansion' from project 'swift-syntax')
    cd /Users/admin/builder/spi-builder-workspace/.swiftpm/xcode
    builtin-SwiftPerFileCompile MacroSystem.swift
SwiftCompile normal arm64 Compiling\ MacroExpansionDiagnosticMessages.swift /Users/admin/builder/spi-builder-workspace/.dependencies/checkouts/swift-syntax/Sources/SwiftSyntaxMacroExpansion/MacroExpansionDiagnosticMessages.swift (in target 'SwiftSyntaxMacroExpansion' from project 'swift-syntax')
SwiftCompile normal arm64 /Users/admin/builder/spi-builder-workspace/.dependencies/checkouts/swift-syntax/Sources/SwiftSyntaxMacroExpansion/MacroExpansionDiagnosticMessages.swift (in target 'SwiftSyntaxMacroExpansion' from project 'swift-syntax')
    cd /Users/admin/builder/spi-builder-workspace/.swiftpm/xcode
    builtin-SwiftPerFileCompile MacroExpansionDiagnosticMessages.swift
SwiftCompile normal arm64 Compiling\ MacroExpansion.swift /Users/admin/builder/spi-builder-workspace/.dependencies/checkouts/swift-syntax/Sources/SwiftSyntaxMacroExpansion/MacroExpansion.swift (in target 'SwiftSyntaxMacroExpansion' from project 'swift-syntax')
SwiftCompile normal arm64 /Users/admin/builder/spi-builder-workspace/.dependencies/checkouts/swift-syntax/Sources/SwiftSyntaxMacroExpansion/MacroExpansion.swift (in target 'SwiftSyntaxMacroExpansion' from project 'swift-syntax')
    cd /Users/admin/builder/spi-builder-workspace/.swiftpm/xcode
    builtin-SwiftPerFileCompile MacroExpansion.swift
SwiftEmitModule normal x86_64 Emitting\ module\ for\ SwiftSyntaxMacroExpansion (in target 'SwiftSyntaxMacroExpansion' from project 'swift-syntax')
SwiftCompile normal x86_64 (in target 'SwiftSyntaxMacroExpansion' from project 'swift-syntax')
    cd /Users/admin/builder/spi-builder-workspace/.swiftpm/xcode

SwiftEmitModule normal arm64 Emitting\ module\ for\ ExtractCaseValueMacros (in target 'ExtractCaseValueMacros' from project 'ExtractCaseValue')
/Users/admin/builder/spi-builder-workspace/Sources/ExtractCaseValueMacros/SwiftSyntax+Extensions.swift:32:11: warning: 'TupleExprElementListSyntax' is deprecated: renamed to 'LabeledExprListSyntax' [#DeprecatedDeclaration]
30 | }
31 |
32 | extension TupleExprElementListSyntax {
   |           |- warning: 'TupleExprElementListSyntax' is deprecated: renamed to 'LabeledExprListSyntax' [#DeprecatedDeclaration]
   |           `- note: use 'LabeledExprListSyntax' instead
33 |   /// Retrieve the first element with the given label.
34 |   func first(labeled name: String) -> Element? {
[#DeprecatedDeclaration]: <https://docs.swift.org/compiler/documentation/diagnostics/deprecated-declaration>
SwiftCompile normal arm64 (in target 'ExtractCaseValueMacros' from project 'ExtractCaseValue')
    cd /Users/admin/builder/spi-builder-workspace/.swiftpm/xcode

SwiftEmitModule normal arm64 Emitting\ module\ for\ SwiftSyntaxMacrosTestSupport (in target 'SwiftSyntaxMacrosTestSupport' from project 'swift-syntax')
SwiftCompile normal arm64 (in target 'SwiftSyntaxMacrosTestSupport' from project 'swift-syntax')
    cd /Users/admin/builder/spi-builder-workspace/.swiftpm/xcode

SwiftDriverJobDiscovery normal arm64 Compiling FunctionParameterUtils.swift (in target 'SwiftSyntaxMacroExpansion' from project 'swift-syntax')
SwiftCompile normal arm64 Compiling\ Assertions.swift /Users/admin/builder/spi-builder-workspace/.dependencies/checkouts/swift-syntax/Sources/SwiftSyntaxMacrosTestSupport/Assertions.swift (in target 'SwiftSyntaxMacrosTestSupport' from project 'swift-syntax')
SwiftCompile normal arm64 /Users/admin/builder/spi-builder-workspace/.dependencies/checkouts/swift-syntax/Sources/SwiftSyntaxMacrosTestSupport/Assertions.swift (in target 'SwiftSyntaxMacrosTestSupport' from project 'swift-syntax')
    cd /Users/admin/builder/spi-builder-workspace/.swiftpm/xcode
    builtin-SwiftPerFileCompile Assertions.swift
SwiftCompile normal x86_64 Compiling\ FunctionParameterUtils.swift /Users/admin/builder/spi-builder-workspace/.dependencies/checkouts/swift-syntax/Sources/SwiftSyntaxMacroExpansion/FunctionParameterUtils.swift (in target 'SwiftSyntaxMacroExpansion' from project 'swift-syntax')
SwiftCompile normal x86_64 /Users/admin/builder/spi-builder-workspace/.dependencies/checkouts/swift-syntax/Sources/SwiftSyntaxMacroExpansion/FunctionParameterUtils.swift (in target 'SwiftSyntaxMacroExpansion' from project 'swift-syntax')
    cd /Users/admin/builder/spi-builder-workspace/.swiftpm/xcode
    builtin-SwiftPerFileCompile FunctionParameterUtils.swift
SwiftDriverJobDiscovery normal arm64 Compiling MacroExpansionDiagnosticMessages.swift (in target 'SwiftSyntaxMacroExpansion' from project 'swift-syntax')
SwiftCompile normal x86_64 Compiling\ MacroReplacement.swift /Users/admin/builder/spi-builder-workspace/.dependencies/checkouts/swift-syntax/Sources/SwiftSyntaxMacroExpansion/MacroReplacement.swift (in target 'SwiftSyntaxMacroExpansion' from project 'swift-syntax')
SwiftCompile normal x86_64 /Users/admin/builder/spi-builder-workspace/.dependencies/checkouts/swift-syntax/Sources/SwiftSyntaxMacroExpansion/MacroReplacement.swift (in target 'SwiftSyntaxMacroExpansion' from project 'swift-syntax')
    cd /Users/admin/builder/spi-builder-workspace/.swiftpm/xcode
    builtin-SwiftPerFileCompile MacroReplacement.swift
SwiftDriverJobDiscovery normal arm64 Compiling BasicMacroExpansionContext.swift (in target 'SwiftSyntaxMacroExpansion' from project 'swift-syntax')
SwiftCompile normal x86_64 Compiling\ MacroSystem.swift /Users/admin/builder/spi-builder-workspace/.dependencies/checkouts/swift-syntax/Sources/SwiftSyntaxMacroExpansion/MacroSystem.swift (in target 'SwiftSyntaxMacroExpansion' from project 'swift-syntax')
SwiftCompile normal x86_64 /Users/admin/builder/spi-builder-workspace/.dependencies/checkouts/swift-syntax/Sources/SwiftSyntaxMacroExpansion/MacroSystem.swift (in target 'SwiftSyntaxMacroExpansion' from project 'swift-syntax')
    cd /Users/admin/builder/spi-builder-workspace/.swiftpm/xcode
    builtin-SwiftPerFileCompile MacroSystem.swift
SwiftDriverJobDiscovery normal arm64 Compiling IndentationUtils.swift (in target 'SwiftSyntaxMacroExpansion' from project 'swift-syntax')
SwiftCompile normal x86_64 Compiling\ MacroExpansion.swift /Users/admin/builder/spi-builder-workspace/.dependencies/checkouts/swift-syntax/Sources/SwiftSyntaxMacroExpansion/MacroExpansion.swift (in target 'SwiftSyntaxMacroExpansion' from project 'swift-syntax')
SwiftCompile normal x86_64 /Users/admin/builder/spi-builder-workspace/.dependencies/checkouts/swift-syntax/Sources/SwiftSyntaxMacroExpansion/MacroExpansion.swift (in target 'SwiftSyntaxMacroExpansion' from project 'swift-syntax')
    cd /Users/admin/builder/spi-builder-workspace/.swiftpm/xcode
    builtin-SwiftPerFileCompile MacroExpansion.swift
SwiftDriverJobDiscovery normal x86_64 Emitting module for SwiftSyntaxMacroExpansion (in target 'SwiftSyntaxMacroExpansion' from project 'swift-syntax')
SwiftDriver\ Compilation\ Requirements SwiftSyntaxMacroExpansion normal x86_64 com.apple.xcode.tools.swift.compiler (in target 'SwiftSyntaxMacroExpansion' from project 'swift-syntax')
    cd /Users/admin/builder/spi-builder-workspace/.swiftpm/xcode
    builtin-Swift-Compilation-Requirements -- /Applications/Xcode-27.0.0-Release.Candidate.app/Contents/Developer/Toolchains/XcodeDefault.xctoolchain/usr/bin/swiftc -parse-as-library -module-name SwiftSyntaxMacroExpansion -Onone @/Users/admin/builder/spi-builder-workspace/.derivedData/Build/Intermediates.noindex/swift-syntax.build/Debug/SwiftSyntaxMacroExpansion-t.build/Objects-normal/x86_64/SwiftSyntaxMacroExpansion.SwiftFileList -DSWIFT_PACKAGE -DDEBUG -DSWIFT_MODULE_RESOURCE_BUNDLE_UNAVAILABLE -DXcode -plugin-path /Applications/Xcode-27.0.0-Release.Candidate.app/Contents/Developer/Toolchains/XcodeDefault.xctoolchain/usr/lib/swift/host/plugins/testing -enable-experimental-feature DebugDescriptionMacro -sdk /Applications/Xcode-27.0.0-Release.Candidate.app/Contents/Developer/Platforms/MacOSX.platform/Developer/SDKs/MacOSX27.0.sdk -target x86_64-apple-macos12.0 -g -module-cache-path /Users/admin/builder/spi-builder-workspace/.derivedData/ModuleCache.noindex -Xfrontend -serialize-debugging-options -profile-coverage-mapping -profile-generate -enable-testing -suppress-warnings -index-store-path /Users/admin/builder/spi-builder-workspace/.derivedData/Index.noindex/DataStore -Xcc -D_LIBCPP_HARDENING_MODE\=_LIBCPP_HARDENING_MODE_DEBUG -swift-version 5 -I /Users/admin/builder/spi-builder-workspace/.derivedData/Build/Products/Debug -Isystem /Applications/Xcode-27.0.0-Release.Candidate.app/Contents/Developer/Platforms/MacOSX.platform/Developer/usr/lib -F /Users/admin/builder/spi-builder-workspace/.derivedData/Build/Products/Debug/PackageFrameworks -F /Users/admin/builder/spi-builder-workspace/.derivedData/Build/Products/Debug -F /Applications/Xcode-27.0.0-Release.Candidate.app/Contents/Developer/Platforms/MacOSX.platform/Developer/Library/Frameworks -c -j10 -enable-batch-mode -incremental -Xcc -ivfsstatcache -Xcc /Users/admin/builder/spi-builder-workspace/.derivedData/SDKStatCaches.noindex/macosx27.0-26A425-e829b21a6f8c9b70876ba0858053c0446a22442a12e9d48fe1a705f55a1adfc4.sdkstatcache -output-file-map /Users/admin/builder/spi-builder-workspace/.derivedData/Build/Intermediates.noindex/swift-syntax.build/Debug/SwiftSyntaxMacroExpansion-t.build/Objects-normal/x86_64/SwiftSyntaxMacroExpansion-OutputFileMap.json -save-temps -no-color-diagnostics -explicit-module-build -module-cache-path /Users/admin/builder/spi-builder-workspace/.derivedData/Build/Intermediates.noindex/SwiftExplicitPrecompiledModules -clang-scanner-module-cache-path /Users/admin/builder/spi-builder-workspace/.derivedData/ModuleCache.noindex -sdk-module-cache-path /Users/admin/builder/spi-builder-workspace/.derivedData/SDKExplicitPrecompiledModules -emit-dependencies -emit-module -emit-module-path /Users/admin/builder/spi-builder-workspace/.derivedData/Build/Intermediates.noindex/swift-syntax.build/Debug/SwiftSyntaxMacroExpansion-t.build/Objects-normal/x86_64/SwiftSyntaxMacroExpansion.swiftmodule -serialize-diagnostics -dependency-scan-serialize-diagnostics-path /Users/admin/builder/spi-builder-workspace/.derivedData/Build/Intermediates.noindex/swift-syntax.build/Debug/SwiftSyntaxMacroExpansion-t.build/Objects-normal/x86_64/SwiftSyntaxMacroExpansion-dependency-scan.dia -validate-clang-modules-once -clang-build-session-file /Users/admin/builder/spi-builder-workspace/.derivedData/ModuleCache.noindex/Session.modulevalidation -Xcc -fmodules-prune-interval\=86400 -Xcc -fmodules-prune-after\=345600 -emit-const-values -const-gather-protocols-list /Users/admin/builder/spi-builder-workspace/.derivedData/Build/Intermediates.noindex/swift-syntax.build/Debug/SwiftSyntaxMacroExpansion-t.build/Objects-normal/x86_64/SwiftSyntaxMacroExpansion_const_extract_protocols.json -Xcc -I/Users/admin/builder/spi-builder-workspace/.derivedData/Build/Products/Debug/include -Xcc -I/Users/admin/builder/spi-builder-workspace/.derivedData/Build/Intermediates.noindex/swift-syntax.build/Debug/SwiftSyntaxMacroExpansion-t.build/DerivedSources-normal/x86_64 -Xcc -I/Users/admin/builder/spi-builder-workspace/.derivedData/Build/Intermediates.noindex/swift-syntax.build/Debug/SwiftSyntaxMacroExpansion-t.build/DerivedSources/x86_64 -Xcc -I/Users/admin/builder/spi-builder-workspace/.derivedData/Build/Intermediates.noindex/swift-syntax.build/Debug/SwiftSyntaxMacroExpansion-t.build/DerivedSources -Xcc -DSWIFT_PACKAGE -Xcc -DDEBUG\=1 -emit-objc-header -emit-objc-header-path /Users/admin/builder/spi-builder-workspace/.derivedData/Build/Intermediates.noindex/swift-syntax.build/Debug/SwiftSyntaxMacroExpansion-t.build/Objects-normal/x86_64/SwiftSyntaxMacroExpansion-Swift.h -working-directory /Users/admin/builder/spi-builder-workspace/.swiftpm/xcode -experimental-emit-module-separately -disable-cmo
SwiftDriverJobDiscovery normal arm64 Emitting module for SwiftSyntaxMacroExpansion (in target 'SwiftSyntaxMacroExpansion' from project 'swift-syntax')
SwiftDriver\ Compilation\ Requirements SwiftSyntaxMacroExpansion normal arm64 com.apple.xcode.tools.swift.compiler (in target 'SwiftSyntaxMacroExpansion' from project 'swift-syntax')
    cd /Users/admin/builder/spi-builder-workspace/.swiftpm/xcode
    builtin-Swift-Compilation-Requirements -- /Applications/Xcode-27.0.0-Release.Candidate.app/Contents/Developer/Toolchains/XcodeDefault.xctoolchain/usr/bin/swiftc -parse-as-library -module-name SwiftSyntaxMacroExpansion -Onone @/Users/admin/builder/spi-builder-workspace/.derivedData/Build/Intermediates.noindex/swift-syntax.build/Debug/SwiftSyntaxMacroExpansion-t.build/Objects-normal/arm64/SwiftSyntaxMacroExpansion.SwiftFileList -DSWIFT_PACKAGE -DDEBUG -DSWIFT_MODULE_RESOURCE_BUNDLE_UNAVAILABLE -DXcode -plugin-path /Applications/Xcode-27.0.0-Release.Candidate.app/Contents/Developer/Toolchains/XcodeDefault.xctoolchain/usr/lib/swift/host/plugins/testing -enable-experimental-feature DebugDescriptionMacro -sdk /Applications/Xcode-27.0.0-Release.Candidate.app/Contents/Developer/Platforms/MacOSX.platform/Developer/SDKs/MacOSX27.0.sdk -target arm64-apple-macos12.0 -g -module-cache-path /Users/admin/builder/spi-builder-workspace/.derivedData/ModuleCache.noindex -Xfrontend -serialize-debugging-options -profile-coverage-mapping -profile-generate -enable-testing -suppress-warnings -index-store-path /Users/admin/builder/spi-builder-workspace/.derivedData/Index.noindex/DataStore -Xcc -D_LIBCPP_HARDENING_MODE\=_LIBCPP_HARDENING_MODE_DEBUG -swift-version 5 -I /Users/admin/builder/spi-builder-workspace/.derivedData/Build/Products/Debug -Isystem /Applications/Xcode-27.0.0-Release.Candidate.app/Contents/Developer/Platforms/MacOSX.platform/Developer/usr/lib -F /Users/admin/builder/spi-builder-workspace/.derivedData/Build/Products/Debug/PackageFrameworks -F /Users/admin/builder/spi-builder-workspace/.derivedData/Build/Products/Debug -F /Applications/Xcode-27.0.0-Release.Candidate.app/Contents/Developer/Platforms/MacOSX.platform/Developer/Library/Frameworks -c -j10 -enable-batch-mode -incremental -Xcc -ivfsstatcache -Xcc /Users/admin/builder/spi-builder-workspace/.derivedData/SDKStatCaches.noindex/macosx27.0-26A425-e829b21a6f8c9b70876ba0858053c0446a22442a12e9d48fe1a705f55a1adfc4.sdkstatcache -output-file-map /Users/admin/builder/spi-builder-workspace/.derivedData/Build/Intermediates.noindex/swift-syntax.build/Debug/SwiftSyntaxMacroExpansion-t.build/Objects-normal/arm64/SwiftSyntaxMacroExpansion-OutputFileMap.json -save-temps -no-color-diagnostics -explicit-module-build -module-cache-path /Users/admin/builder/spi-builder-workspace/.derivedData/Build/Intermediates.noindex/SwiftExplicitPrecompiledModules -clang-scanner-module-cache-path /Users/admin/builder/spi-builder-workspace/.derivedData/ModuleCache.noindex -sdk-module-cache-path /Users/admin/builder/spi-builder-workspace/.derivedData/SDKExplicitPrecompiledModules -emit-dependencies -emit-module -emit-module-path /Users/admin/builder/spi-builder-workspace/.derivedData/Build/Intermediates.noindex/swift-syntax.build/Debug/SwiftSyntaxMacroExpansion-t.build/Objects-normal/arm64/SwiftSyntaxMacroExpansion.swiftmodule -serialize-diagnostics -dependency-scan-serialize-diagnostics-path /Users/admin/builder/spi-builder-workspace/.derivedData/Build/Intermediates.noindex/swift-syntax.build/Debug/SwiftSyntaxMacroExpansion-t.build/Objects-normal/arm64/SwiftSyntaxMacroExpansion-dependency-scan.dia -validate-clang-modules-once -clang-build-session-file /Users/admin/builder/spi-builder-workspace/.derivedData/ModuleCache.noindex/Session.modulevalidation -Xcc -fmodules-prune-interval\=86400 -Xcc -fmodules-prune-after\=345600 -emit-const-values -const-gather-protocols-list /Users/admin/builder/spi-builder-workspace/.derivedData/Build/Intermediates.noindex/swift-syntax.build/Debug/SwiftSyntaxMacroExpansion-t.build/Objects-normal/arm64/SwiftSyntaxMacroExpansion_const_extract_protocols.json -Xcc -I/Users/admin/builder/spi-builder-workspace/.derivedData/Build/Products/Debug/include -Xcc -I/Users/admin/builder/spi-builder-workspace/.derivedData/Build/Intermediates.noindex/swift-syntax.build/Debug/SwiftSyntaxMacroExpansion-t.build/DerivedSources-normal/arm64 -Xcc -I/Users/admin/builder/spi-builder-workspace/.derivedData/Build/Intermediates.noindex/swift-syntax.build/Debug/SwiftSyntaxMacroExpansion-t.build/DerivedSources/arm64 -Xcc -I/Users/admin/builder/spi-builder-workspace/.derivedData/Build/Intermediates.noindex/swift-syntax.build/Debug/SwiftSyntaxMacroExpansion-t.build/DerivedSources -Xcc -DSWIFT_PACKAGE -Xcc -DDEBUG\=1 -emit-objc-header -emit-objc-header-path /Users/admin/builder/spi-builder-workspace/.derivedData/Build/Intermediates.noindex/swift-syntax.build/Debug/SwiftSyntaxMacroExpansion-t.build/Objects-normal/arm64/SwiftSyntaxMacroExpansion-Swift.h -working-directory /Users/admin/builder/spi-builder-workspace/.swiftpm/xcode -experimental-emit-module-separately -disable-cmo
Copy /Users/admin/builder/spi-builder-workspace/.derivedData/Build/Products/Debug/SwiftSyntaxMacroExpansion.swiftmodule/x86_64-apple-macos.swiftmodule /Users/admin/builder/spi-builder-workspace/.derivedData/Build/Intermediates.noindex/swift-syntax.build/Debug/SwiftSyntaxMacroExpansion-t.build/Objects-normal/x86_64/SwiftSyntaxMacroExpansion.swiftmodule (in target 'SwiftSyntaxMacroExpansion' from project 'swift-syntax')
    cd /Users/admin/builder/spi-builder-workspace/.dependencies/checkouts/swift-syntax
    builtin-copy -exclude .DS_Store -exclude CVS -exclude .svn -exclude .git -exclude .hg -resolve-src-symlinks -rename /Users/admin/builder/spi-builder-workspace/.derivedData/Build/Intermediates.noindex/swift-syntax.build/Debug/SwiftSyntaxMacroExpansion-t.build/Objects-normal/x86_64/SwiftSyntaxMacroExpansion.swiftmodule /Users/admin/builder/spi-builder-workspace/.derivedData/Build/Products/Debug/SwiftSyntaxMacroExpansion.swiftmodule/x86_64-apple-macos.swiftmodule
SwiftMergeGeneratedHeaders /Users/admin/builder/spi-builder-workspace/.derivedData/Build/Intermediates.noindex/GeneratedModuleMaps/SwiftSyntaxMacroExpansion-Swift.h /Users/admin/builder/spi-builder-workspace/.derivedData/Build/Intermediates.noindex/swift-syntax.build/Debug/SwiftSyntaxMacroExpansion-t.build/Objects-normal/arm64/SwiftSyntaxMacroExpansion-Swift.h /Users/admin/builder/spi-builder-workspace/.derivedData/Build/Intermediates.noindex/swift-syntax.build/Debug/SwiftSyntaxMacroExpansion-t.build/Objects-normal/x86_64/SwiftSyntaxMacroExpansion-Swift.h (in target 'SwiftSyntaxMacroExpansion' from project 'swift-syntax')
    cd /Users/admin/builder/spi-builder-workspace/.dependencies/checkouts/swift-syntax
    builtin-swiftHeaderTool -arch arm64 /Users/admin/builder/spi-builder-workspace/.derivedData/Build/Intermediates.noindex/swift-syntax.build/Debug/SwiftSyntaxMacroExpansion-t.build/Objects-normal/arm64/SwiftSyntaxMacroExpansion-Swift.h -arch x86_64 /Users/admin/builder/spi-builder-workspace/.derivedData/Build/Intermediates.noindex/swift-syntax.build/Debug/SwiftSyntaxMacroExpansion-t.build/Objects-normal/x86_64/SwiftSyntaxMacroExpansion-Swift.h -o /Users/admin/builder/spi-builder-workspace/.derivedData/Build/Intermediates.noindex/GeneratedModuleMaps/SwiftSyntaxMacroExpansion-Swift.h
Copy /Users/admin/builder/spi-builder-workspace/.derivedData/Build/Products/Debug/SwiftSyntaxMacroExpansion.swiftmodule/x86_64-apple-macos.swiftdoc /Users/admin/builder/spi-builder-workspace/.derivedData/Build/Intermediates.noindex/swift-syntax.build/Debug/SwiftSyntaxMacroExpansion-t.build/Objects-normal/x86_64/SwiftSyntaxMacroExpansion.swiftdoc (in target 'SwiftSyntaxMacroExpansion' from project 'swift-syntax')
    cd /Users/admin/builder/spi-builder-workspace/.dependencies/checkouts/swift-syntax
    builtin-copy -exclude .DS_Store -exclude CVS -exclude .svn -exclude .git -exclude .hg -resolve-src-symlinks -rename /Users/admin/builder/spi-builder-workspace/.derivedData/Build/Intermediates.noindex/swift-syntax.build/Debug/SwiftSyntaxMacroExpansion-t.build/Objects-normal/x86_64/SwiftSyntaxMacroExpansion.swiftdoc /Users/admin/builder/spi-builder-workspace/.derivedData/Build/Products/Debug/SwiftSyntaxMacroExpansion.swiftmodule/x86_64-apple-macos.swiftdoc
Copy /Users/admin/builder/spi-builder-workspace/.derivedData/Build/Products/Debug/SwiftSyntaxMacroExpansion.swiftmodule/x86_64-apple-macos.abi.json /Users/admin/builder/spi-builder-workspace/.derivedData/Build/Intermediates.noindex/swift-syntax.build/Debug/SwiftSyntaxMacroExpansion-t.build/Objects-normal/x86_64/SwiftSyntaxMacroExpansion.abi.json (in target 'SwiftSyntaxMacroExpansion' from project 'swift-syntax')
    cd /Users/admin/builder/spi-builder-workspace/.dependencies/checkouts/swift-syntax
    builtin-copy -exclude .DS_Store -exclude CVS -exclude .svn -exclude .git -exclude .hg -resolve-src-symlinks -rename /Users/admin/builder/spi-builder-workspace/.derivedData/Build/Intermediates.noindex/swift-syntax.build/Debug/SwiftSyntaxMacroExpansion-t.build/Objects-normal/x86_64/SwiftSyntaxMacroExpansion.abi.json /Users/admin/builder/spi-builder-workspace/.derivedData/Build/Products/Debug/SwiftSyntaxMacroExpansion.swiftmodule/x86_64-apple-macos.abi.json
Copy /Users/admin/builder/spi-builder-workspace/.derivedData/Build/Products/Debug/SwiftSyntaxMacroExpansion.swiftmodule/arm64-apple-macos.swiftmodule /Users/admin/builder/spi-builder-workspace/.derivedData/Build/Intermediates.noindex/swift-syntax.build/Debug/SwiftSyntaxMacroExpansion-t.build/Objects-normal/arm64/SwiftSyntaxMacroExpansion.swiftmodule (in target 'SwiftSyntaxMacroExpansion' from project 'swift-syntax')
    cd /Users/admin/builder/spi-builder-workspace/.dependencies/checkouts/swift-syntax
    builtin-copy -exclude .DS_Store -exclude CVS -exclude .svn -exclude .git -exclude .hg -resolve-src-symlinks -rename /Users/admin/builder/spi-builder-workspace/.derivedData/Build/Intermediates.noindex/swift-syntax.build/Debug/SwiftSyntaxMacroExpansion-t.build/Objects-normal/arm64/SwiftSyntaxMacroExpansion.swiftmodule /Users/admin/builder/spi-builder-workspace/.derivedData/Build/Products/Debug/SwiftSyntaxMacroExpansion.swiftmodule/arm64-apple-macos.swiftmodule
SwiftDriverJobDiscovery normal arm64 Emitting module for SwiftSyntaxMacrosTestSupport (in target 'SwiftSyntaxMacrosTestSupport' from project 'swift-syntax')
SwiftDriver\ Compilation\ Requirements SwiftSyntaxMacrosTestSupport normal arm64 com.apple.xcode.tools.swift.compiler (in target 'SwiftSyntaxMacrosTestSupport' from project 'swift-syntax')
    cd /Users/admin/builder/spi-builder-workspace/.swiftpm/xcode
    builtin-Swift-Compilation-Requirements -- /Applications/Xcode-27.0.0-Release.Candidate.app/Contents/Developer/Toolchains/XcodeDefault.xctoolchain/usr/bin/swiftc -parse-as-library -module-name SwiftSyntaxMacrosTestSupport -Onone @/Users/admin/builder/spi-builder-workspace/.derivedData/Build/Intermediates.noindex/swift-syntax.build/Debug-xros/SwiftSyntaxMacrosTestSupport-t.build/Objects-normal/arm64/SwiftSyntaxMacrosTestSupport.SwiftFileList -DSWIFT_PACKAGE -DDEBUG -DSWIFT_MODULE_RESOURCE_BUNDLE_UNAVAILABLE -DXcode -plugin-path /Applications/Xcode-27.0.0-Release.Candidate.app/Contents/Developer/Toolchains/XcodeDefault.xctoolchain/usr/lib/swift/host/plugins/testing -enable-experimental-feature DebugDescriptionMacro -sdk /Applications/Xcode-27.0.0-Release.Candidate.app/Contents/Developer/Platforms/XROS.platform/Developer/SDKs/XROS27.0.sdk -target arm64-apple-xros1.0 -g -module-cache-path /Users/admin/builder/spi-builder-workspace/.derivedData/ModuleCache.noindex -Xfrontend -serialize-debugging-options -profile-coverage-mapping -profile-generate -enable-testing -suppress-warnings -index-store-path /Users/admin/builder/spi-builder-workspace/.derivedData/Index.noindex/DataStore -Xcc -D_LIBCPP_HARDENING_MODE\=_LIBCPP_HARDENING_MODE_DEBUG -swift-version 5 -I /Users/admin/builder/spi-builder-workspace/.derivedData/Build/Products/Debug-xros -Isystem /Applications/Xcode-27.0.0-Release.Candidate.app/Contents/Developer/Platforms/XROS.platform/Developer/usr/lib -F /Users/admin/builder/spi-builder-workspace/.derivedData/Build/Products/Debug-xros/PackageFrameworks -F /Users/admin/builder/spi-builder-workspace/.derivedData/Build/Products/Debug-xros -F /Applications/Xcode-27.0.0-Release.Candidate.app/Contents/Developer/Platforms/XROS.platform/Developer/Library/Frameworks -F /Applications/Xcode-27.0.0-Release.Candidate.app/Contents/Developer/Platforms/XROS.platform/Developer/SDKs/XROS27.0.sdk/Developer/Library/Frameworks -c -j10 -enable-batch-mode -incremental -Xcc -ivfsstatcache -Xcc /Users/admin/builder/spi-builder-workspace/.derivedData/SDKStatCaches.noindex/xros27.0-24M361-e829b21a6f8c9b70876ba0858053c044735bd543db762f57723cac368afd1ce4.sdkstatcache -output-file-map /Users/admin/builder/spi-builder-workspace/.derivedData/Build/Intermediates.noindex/swift-syntax.build/Debug-xros/SwiftSyntaxMacrosTestSupport-t.build/Objects-normal/arm64/SwiftSyntaxMacrosTestSupport-OutputFileMap.json -save-temps -no-color-diagnostics -explicit-module-build -module-cache-path /Users/admin/builder/spi-builder-workspace/.derivedData/Build/Intermediates.noindex/SwiftExplicitPrecompiledModules -clang-scanner-module-cache-path /Users/admin/builder/spi-builder-workspace/.derivedData/ModuleCache.noindex -sdk-module-cache-path /Users/admin/builder/spi-builder-workspace/.derivedData/SDKExplicitPrecompiledModules -emit-dependencies -emit-module -emit-module-path /Users/admin/builder/spi-builder-workspace/.derivedData/Build/Intermediates.noindex/swift-syntax.build/Debug-xros/SwiftSyntaxMacrosTestSupport-t.build/Objects-normal/arm64/SwiftSyntaxMacrosTestSupport.swiftmodule -serialize-diagnostics -dependency-scan-serialize-diagnostics-path /Users/admin/builder/spi-builder-workspace/.derivedData/Build/Intermediates.noindex/swift-syntax.build/Debug-xros/SwiftSyntaxMacrosTestSupport-t.build/Objects-normal/arm64/SwiftSyntaxMacrosTestSupport-dependency-scan.dia -validate-clang-modules-once -clang-build-session-file /Users/admin/builder/spi-builder-workspace/.derivedData/ModuleCache.noindex/Session.modulevalidation -Xcc -fmodules-prune-interval\=86400 -Xcc -fmodules-prune-after\=345600 -emit-const-values -const-gather-protocols-list /Users/admin/builder/spi-builder-workspace/.derivedData/Build/Intermediates.noindex/swift-syntax.build/Debug-xros/SwiftSyntaxMacrosTestSupport-t.build/Objects-normal/arm64/SwiftSyntaxMacrosTestSupport_const_extract_protocols.json -Xcc -I/Users/admin/builder/spi-builder-workspace/.derivedData/Build/Products/Debug-xros/include -Xcc -I/Users/admin/builder/spi-builder-workspace/.derivedData/Build/Intermediates.noindex/swift-syntax.build/Debug-xros/SwiftSyntaxMacrosTestSupport-t.build/DerivedSources-normal/arm64 -Xcc -I/Users/admin/builder/spi-builder-workspace/.derivedData/Build/Intermediates.noindex/swift-syntax.build/Debug-xros/SwiftSyntaxMacrosTestSupport-t.build/DerivedSources/arm64 -Xcc -I/Users/admin/builder/spi-builder-workspace/.derivedData/Build/Intermediates.noindex/swift-syntax.build/Debug-xros/SwiftSyntaxMacrosTestSupport-t.build/DerivedSources -Xcc -DSWIFT_PACKAGE -Xcc -DDEBUG\=1 -emit-objc-header -emit-objc-header-path /Users/admin/builder/spi-builder-workspace/.derivedData/Build/Intermediates.noindex/swift-syntax.build/Debug-xros/SwiftSyntaxMacrosTestSupport-t.build/Objects-normal/arm64/SwiftSyntaxMacrosTestSupport-Swift.h -working-directory /Users/admin/builder/spi-builder-workspace/.swiftpm/xcode -experimental-emit-module-separately -disable-cmo
Copy /Users/admin/builder/spi-builder-workspace/.derivedData/Build/Products/Debug/SwiftSyntaxMacroExpansion.swiftmodule/arm64-apple-macos.swiftdoc /Users/admin/builder/spi-builder-workspace/.derivedData/Build/Intermediates.noindex/swift-syntax.build/Debug/SwiftSyntaxMacroExpansion-t.build/Objects-normal/arm64/SwiftSyntaxMacroExpansion.swiftdoc (in target 'SwiftSyntaxMacroExpansion' from project 'swift-syntax')
    cd /Users/admin/builder/spi-builder-workspace/.dependencies/checkouts/swift-syntax
    builtin-copy -exclude .DS_Store -exclude CVS -exclude .svn -exclude .git -exclude .hg -resolve-src-symlinks -rename /Users/admin/builder/spi-builder-workspace/.derivedData/Build/Intermediates.noindex/swift-syntax.build/Debug/SwiftSyntaxMacroExpansion-t.build/Objects-normal/arm64/SwiftSyntaxMacroExpansion.swiftdoc /Users/admin/builder/spi-builder-workspace/.derivedData/Build/Products/Debug/SwiftSyntaxMacroExpansion.swiftmodule/arm64-apple-macos.swiftdoc
Copy /Users/admin/builder/spi-builder-workspace/.derivedData/Build/Products/Debug/SwiftSyntaxMacroExpansion.swiftmodule/arm64-apple-macos.abi.json /Users/admin/builder/spi-builder-workspace/.derivedData/Build/Intermediates.noindex/swift-syntax.build/Debug/SwiftSyntaxMacroExpansion-t.build/Objects-normal/arm64/SwiftSyntaxMacroExpansion.abi.json (in target 'SwiftSyntaxMacroExpansion' from project 'swift-syntax')
    cd /Users/admin/builder/spi-builder-workspace/.dependencies/checkouts/swift-syntax
    builtin-copy -exclude .DS_Store -exclude CVS -exclude .svn -exclude .git -exclude .hg -resolve-src-symlinks -rename /Users/admin/builder/spi-builder-workspace/.derivedData/Build/Intermediates.noindex/swift-syntax.build/Debug/SwiftSyntaxMacroExpansion-t.build/Objects-normal/arm64/SwiftSyntaxMacroExpansion.abi.json /Users/admin/builder/spi-builder-workspace/.derivedData/Build/Products/Debug/SwiftSyntaxMacroExpansion.swiftmodule/arm64-apple-macos.abi.json
SwiftMergeGeneratedHeaders /Users/admin/builder/spi-builder-workspace/.derivedData/Build/Intermediates.noindex/GeneratedModuleMaps-xros/SwiftSyntaxMacrosTestSupport-Swift.h /Users/admin/builder/spi-builder-workspace/.derivedData/Build/Intermediates.noindex/swift-syntax.build/Debug-xros/SwiftSyntaxMacrosTestSupport-t.build/Objects-normal/arm64/SwiftSyntaxMacrosTestSupport-Swift.h (in target 'SwiftSyntaxMacrosTestSupport' from project 'swift-syntax')
    cd /Users/admin/builder/spi-builder-workspace/.dependencies/checkouts/swift-syntax
    builtin-swiftHeaderTool -arch arm64 /Users/admin/builder/spi-builder-workspace/.derivedData/Build/Intermediates.noindex/swift-syntax.build/Debug-xros/SwiftSyntaxMacrosTestSupport-t.build/Objects-normal/arm64/SwiftSyntaxMacrosTestSupport-Swift.h -o /Users/admin/builder/spi-builder-workspace/.derivedData/Build/Intermediates.noindex/GeneratedModuleMaps-xros/SwiftSyntaxMacrosTestSupport-Swift.h
Copy /Users/admin/builder/spi-builder-workspace/.derivedData/Build/Products/Debug-xros/SwiftSyntaxMacrosTestSupport.swiftmodule/arm64-apple-xros.swiftmodule /Users/admin/builder/spi-builder-workspace/.derivedData/Build/Intermediates.noindex/swift-syntax.build/Debug-xros/SwiftSyntaxMacrosTestSupport-t.build/Objects-normal/arm64/SwiftSyntaxMacrosTestSupport.swiftmodule (in target 'SwiftSyntaxMacrosTestSupport' from project 'swift-syntax')
    cd /Users/admin/builder/spi-builder-workspace/.dependencies/checkouts/swift-syntax
    builtin-copy -exclude .DS_Store -exclude CVS -exclude .svn -exclude .git -exclude .hg -resolve-src-symlinks -rename /Users/admin/builder/spi-builder-workspace/.derivedData/Build/Intermediates.noindex/swift-syntax.build/Debug-xros/SwiftSyntaxMacrosTestSupport-t.build/Objects-normal/arm64/SwiftSyntaxMacrosTestSupport.swiftmodule /Users/admin/builder/spi-builder-workspace/.derivedData/Build/Products/Debug-xros/SwiftSyntaxMacrosTestSupport.swiftmodule/arm64-apple-xros.swiftmodule
Copy /Users/admin/builder/spi-builder-workspace/.derivedData/Build/Products/Debug-xros/SwiftSyntaxMacrosTestSupport.swiftmodule/arm64-apple-xros.swiftdoc /Users/admin/builder/spi-builder-workspace/.derivedData/Build/Intermediates.noindex/swift-syntax.build/Debug-xros/SwiftSyntaxMacrosTestSupport-t.build/Objects-normal/arm64/SwiftSyntaxMacrosTestSupport.swiftdoc (in target 'SwiftSyntaxMacrosTestSupport' from project 'swift-syntax')
    cd /Users/admin/builder/spi-builder-workspace/.dependencies/checkouts/swift-syntax
    builtin-copy -exclude .DS_Store -exclude CVS -exclude .svn -exclude .git -exclude .hg -resolve-src-symlinks -rename /Users/admin/builder/spi-builder-workspace/.derivedData/Build/Intermediates.noindex/swift-syntax.build/Debug-xros/SwiftSyntaxMacrosTestSupport-t.build/Objects-normal/arm64/SwiftSyntaxMacrosTestSupport.swiftdoc /Users/admin/builder/spi-builder-workspace/.derivedData/Build/Products/Debug-xros/SwiftSyntaxMacrosTestSupport.swiftmodule/arm64-apple-xros.swiftdoc
Copy /Users/admin/builder/spi-builder-workspace/.derivedData/Build/Products/Debug-xros/SwiftSyntaxMacrosTestSupport.swiftmodule/arm64-apple-xros.abi.json /Users/admin/builder/spi-builder-workspace/.derivedData/Build/Intermediates.noindex/swift-syntax.build/Debug-xros/SwiftSyntaxMacrosTestSupport-t.build/Objects-normal/arm64/SwiftSyntaxMacrosTestSupport.abi.json (in target 'SwiftSyntaxMacrosTestSupport' from project 'swift-syntax')
    cd /Users/admin/builder/spi-builder-workspace/.dependencies/checkouts/swift-syntax
    builtin-copy -exclude .DS_Store -exclude CVS -exclude .svn -exclude .git -exclude .hg -resolve-src-symlinks -rename /Users/admin/builder/spi-builder-workspace/.derivedData/Build/Intermediates.noindex/swift-syntax.build/Debug-xros/SwiftSyntaxMacrosTestSupport-t.build/Objects-normal/arm64/SwiftSyntaxMacrosTestSupport.abi.json /Users/admin/builder/spi-builder-workspace/.derivedData/Build/Products/Debug-xros/SwiftSyntaxMacrosTestSupport.swiftmodule/arm64-apple-xros.abi.json
Copy /Users/admin/builder/spi-builder-workspace/.derivedData/Build/Products/Debug-xros/SwiftSyntaxMacrosTestSupport.swiftmodule/Project/arm64-apple-xros.swiftsourceinfo /Users/admin/builder/spi-builder-workspace/.derivedData/Build/Intermediates.noindex/swift-syntax.build/Debug-xros/SwiftSyntaxMacrosTestSupport-t.build/Objects-normal/arm64/SwiftSyntaxMacrosTestSupport.swiftsourceinfo (in target 'SwiftSyntaxMacrosTestSupport' from project 'swift-syntax')
    cd /Users/admin/builder/spi-builder-workspace/.dependencies/checkouts/swift-syntax
    builtin-copy -exclude .DS_Store -exclude CVS -exclude .svn -exclude .git -exclude .hg -resolve-src-symlinks -rename /Users/admin/builder/spi-builder-workspace/.derivedData/Build/Intermediates.noindex/swift-syntax.build/Debug-xros/SwiftSyntaxMacrosTestSupport-t.build/Objects-normal/arm64/SwiftSyntaxMacrosTestSupport.swiftsourceinfo /Users/admin/builder/spi-builder-workspace/.derivedData/Build/Products/Debug-xros/SwiftSyntaxMacrosTestSupport.swiftmodule/Project/arm64-apple-xros.swiftsourceinfo
Copy /Users/admin/builder/spi-builder-workspace/.derivedData/Build/Products/Debug/SwiftSyntaxMacroExpansion.swiftmodule/Project/x86_64-apple-macos.swiftsourceinfo /Users/admin/builder/spi-builder-workspace/.derivedData/Build/Intermediates.noindex/swift-syntax.build/Debug/SwiftSyntaxMacroExpansion-t.build/Objects-normal/x86_64/SwiftSyntaxMacroExpansion.swiftsourceinfo (in target 'SwiftSyntaxMacroExpansion' from project 'swift-syntax')
    cd /Users/admin/builder/spi-builder-workspace/.dependencies/checkouts/swift-syntax
    builtin-copy -exclude .DS_Store -exclude CVS -exclude .svn -exclude .git -exclude .hg -resolve-src-symlinks -rename /Users/admin/builder/spi-builder-workspace/.derivedData/Build/Intermediates.noindex/swift-syntax.build/Debug/SwiftSyntaxMacroExpansion-t.build/Objects-normal/x86_64/SwiftSyntaxMacroExpansion.swiftsourceinfo /Users/admin/builder/spi-builder-workspace/.derivedData/Build/Products/Debug/SwiftSyntaxMacroExpansion.swiftmodule/Project/x86_64-apple-macos.swiftsourceinfo
Copy /Users/admin/builder/spi-builder-workspace/.derivedData/Build/Products/Debug/SwiftSyntaxMacroExpansion.swiftmodule/Project/arm64-apple-macos.swiftsourceinfo /Users/admin/builder/spi-builder-workspace/.derivedData/Build/Intermediates.noindex/swift-syntax.build/Debug/SwiftSyntaxMacroExpansion-t.build/Objects-normal/arm64/SwiftSyntaxMacroExpansion.swiftsourceinfo (in target 'SwiftSyntaxMacroExpansion' from project 'swift-syntax')
    cd /Users/admin/builder/spi-builder-workspace/.dependencies/checkouts/swift-syntax
    builtin-copy -exclude .DS_Store -exclude CVS -exclude .svn -exclude .git -exclude .hg -resolve-src-symlinks -rename /Users/admin/builder/spi-builder-workspace/.derivedData/Build/Intermediates.noindex/swift-syntax.build/Debug/SwiftSyntaxMacroExpansion-t.build/Objects-normal/arm64/SwiftSyntaxMacroExpansion.swiftsourceinfo /Users/admin/builder/spi-builder-workspace/.derivedData/Build/Products/Debug/SwiftSyntaxMacroExpansion.swiftmodule/Project/arm64-apple-macos.swiftsourceinfo
SwiftCompile normal x86_64 Compiling\ IndentationUtils.swift /Users/admin/builder/spi-builder-workspace/.dependencies/checkouts/swift-syntax/Sources/SwiftSyntaxMacroExpansion/IndentationUtils.swift (in target 'SwiftSyntaxMacroExpansion' from project 'swift-syntax')
SwiftCompile normal x86_64 /Users/admin/builder/spi-builder-workspace/.dependencies/checkouts/swift-syntax/Sources/SwiftSyntaxMacroExpansion/IndentationUtils.swift (in target 'SwiftSyntaxMacroExpansion' from project 'swift-syntax')
    cd /Users/admin/builder/spi-builder-workspace/.swiftpm/xcode
    builtin-SwiftPerFileCompile IndentationUtils.swift
SwiftCompile normal x86_64 Compiling\ BasicMacroExpansionContext.swift /Users/admin/builder/spi-builder-workspace/.dependencies/checkouts/swift-syntax/Sources/SwiftSyntaxMacroExpansion/BasicMacroExpansionContext.swift (in target 'SwiftSyntaxMacroExpansion' from project 'swift-syntax')
SwiftCompile normal x86_64 /Users/admin/builder/spi-builder-workspace/.dependencies/checkouts/swift-syntax/Sources/SwiftSyntaxMacroExpansion/BasicMacroExpansionContext.swift (in target 'SwiftSyntaxMacroExpansion' from project 'swift-syntax')
    cd /Users/admin/builder/spi-builder-workspace/.swiftpm/xcode
    builtin-SwiftPerFileCompile BasicMacroExpansionContext.swift
SwiftDriverJobDiscovery normal x86_64 Compiling FunctionParameterUtils.swift (in target 'SwiftSyntaxMacroExpansion' from project 'swift-syntax')
SwiftCompile normal x86_64 Compiling\ MacroExpansionDiagnosticMessages.swift /Users/admin/builder/spi-builder-workspace/.dependencies/checkouts/swift-syntax/Sources/SwiftSyntaxMacroExpansion/MacroExpansionDiagnosticMessages.swift (in target 'SwiftSyntaxMacroExpansion' from project 'swift-syntax')
SwiftCompile normal x86_64 /Users/admin/builder/spi-builder-workspace/.dependencies/checkouts/swift-syntax/Sources/SwiftSyntaxMacroExpansion/MacroExpansionDiagnosticMessages.swift (in target 'SwiftSyntaxMacroExpansion' from project 'swift-syntax')
    cd /Users/admin/builder/spi-builder-workspace/.swiftpm/xcode
    builtin-SwiftPerFileCompile MacroExpansionDiagnosticMessages.swift
SwiftCompile normal arm64 Compiling\ ExtractCaseValueMacro.swift /Users/admin/builder/spi-builder-workspace/Sources/ExtractCaseValueMacros/ExtractCaseValueMacro.swift (in target 'ExtractCaseValueMacros' from project 'ExtractCaseValue')
/Users/admin/builder/spi-builder-workspace/Sources/ExtractCaseValueMacros/ExtractCaseValueMacro.swift:30:33: warning: 'argument' is deprecated: renamed to 'arguments' [#DeprecatedDeclaration]
 28 |
 29 |     guard
 30 |       let arguments = attribute.argument,
    |                                 |- warning: 'argument' is deprecated: renamed to 'arguments' [#DeprecatedDeclaration]
    |                                 `- note: use 'arguments' instead
 31 |       case let .argumentList(arguments) = arguments
 32 |     else {
/Users/admin/builder/spi-builder-workspace/Sources/ExtractCaseValueMacros/ExtractCaseValueMacro.swift:62:27: warning: 'SimpleTypeIdentifierSyntax' is deprecated: renamed to 'IdentifierTypeSyntax' [#DeprecatedDeclaration]
 60 |     guard
 61 |       let returnType = attribute
 62 |         .attributeName.as(SimpleTypeIdentifierSyntax.self)?
    |                           |- warning: 'SimpleTypeIdentifierSyntax' is deprecated: renamed to 'IdentifierTypeSyntax' [#DeprecatedDeclaration]
    |                           `- note: use 'IdentifierTypeSyntax' instead
 63 |         .genericArgumentClause?
 64 |         .arguments.first?
/Users/admin/builder/spi-builder-workspace/Sources/ExtractCaseValueMacros/ExtractCaseValueMacro.swift:65:10: warning: 'argumentType' is deprecated: renamed to 'argument' [#DeprecatedDeclaration]
 63 |         .genericArgumentClause?
 64 |         .arguments.first?
 65 |         .argumentType
    |          |- warning: 'argumentType' is deprecated: renamed to 'argument' [#DeprecatedDeclaration]
    |          `- note: use 'argument' instead
 66 |     else {
 67 |       context.diagnose(ExtractCaseValueMacroDiagnostic.requiresGenericType.diagnose(at: attribute))
/Users/admin/builder/spi-builder-workspace/Sources/ExtractCaseValueMacros/ExtractCaseValueMacro.swift:86:33: warning: 'argument' is deprecated: renamed to 'arguments' [#DeprecatedDeclaration]
 84 |     // create fix-it to add a default value if necessary
 85 |     guard
 86 |       let tupleList = attribute.argument?.as(TupleExprElementListSyntax.self)
    |                                 |- warning: 'argument' is deprecated: renamed to 'arguments' [#DeprecatedDeclaration]
    |                                 `- note: use 'arguments' instead
 87 |     else { return [] }
 88 |     let expr: ExprSyntax = ", \(propertyNameString): <#Type#>"
/Users/admin/builder/spi-builder-workspace/Sources/ExtractCaseValueMacros/ExtractCaseValueMacro.swift:86:46: warning: 'TupleExprElementListSyntax' is deprecated: renamed to 'LabeledExprListSyntax' [#DeprecatedDeclaration]
 84 |     // create fix-it to add a default value if necessary
 85 |     guard
 86 |       let tupleList = attribute.argument?.as(TupleExprElementListSyntax.self)
    |                                              |- warning: 'TupleExprElementListSyntax' is deprecated: renamed to 'LabeledExprListSyntax' [#DeprecatedDeclaration]
    |                                              `- note: use 'LabeledExprListSyntax' instead
 87 |     else { return [] }
 88 |     let expr: ExprSyntax = ", \(propertyNameString): <#Type#>"
/Users/admin/builder/spi-builder-workspace/Sources/ExtractCaseValueMacros/ExtractCaseValueMacro.swift:89:34: warning: 'inserting(_:at:)' is deprecated: Create a new array of elements and construct a new collection type from those elements [#DeprecatedDeclaration]
 87 |     else { return [] }
 88 |     let expr: ExprSyntax = ", \(propertyNameString): <#Type#>"
 89 |     let newTupleList = tupleList.inserting(TupleExprElementSyntax(expression: expr), at: tupleList.count)
    |                                  `- warning: 'inserting(_:at:)' is deprecated: Create a new array of elements and construct a new collection type from those elements [#DeprecatedDeclaration]
 90 |
 91 |     let insertDefaultFixIt = FixIt(
/Users/admin/builder/spi-builder-workspace/Sources/ExtractCaseValueMacros/ExtractCaseValueMacro.swift:89:44: warning: 'TupleExprElementSyntax' is deprecated: renamed to 'LabeledExprSyntax' [#DeprecatedDeclaration]
 87 |     else { return [] }
 88 |     let expr: ExprSyntax = ", \(propertyNameString): <#Type#>"
 89 |     let newTupleList = tupleList.inserting(TupleExprElementSyntax(expression: expr), at: tupleList.count)
    |                                            |- warning: 'TupleExprElementSyntax' is deprecated: renamed to 'LabeledExprSyntax' [#DeprecatedDeclaration]
    |                                            `- note: use 'LabeledExprSyntax' instead
 90 |
 91 |     let insertDefaultFixIt = FixIt(
/Users/admin/builder/spi-builder-workspace/Sources/ExtractCaseValueMacros/ExtractCaseValueMacro.swift:101:36: error: cannot use optional chaining on non-optional value of type 'DeclModifierListSyntax'
 99 |
100 |     // infer access modifier from enum
101 |     let access = enumDecl.modifiers?.first(where: \.isNeededAccessLevelModifier)
    |                                    `- error: cannot use optional chaining on non-optional value of type 'DeclModifierListSyntax'
102 |
103 |     var switchCaseSyntaxes: [SwitchCaseSyntax] = []
/Users/admin/builder/spi-builder-workspace/Sources/ExtractCaseValueMacros/ExtractCaseValueMacro.swift:108:40: warning: 'associatedValue' is deprecated: renamed to 'parameterClause' [#DeprecatedDeclaration]
106 |       let caseSyntax = element.as(EnumCaseElementSyntax.self)!
107 |
108 |       guard let paramList = caseSyntax.associatedValue?.parameterList else {
    |                                        |- warning: 'associatedValue' is deprecated: renamed to 'parameterClause' [#DeprecatedDeclaration]
    |                                        `- note: use 'parameterClause' instead
109 |         if let defaultValue {
110 |           switchCaseSyntaxes.append(
/Users/admin/builder/spi-builder-workspace/Sources/ExtractCaseValueMacros/ExtractCaseValueMacro.swift:108:57: warning: 'parameterList' is deprecated: renamed to 'parameters' [#DeprecatedDeclaration]
106 |       let caseSyntax = element.as(EnumCaseElementSyntax.self)!
107 |
108 |       guard let paramList = caseSyntax.associatedValue?.parameterList else {
    |                                                         |- warning: 'parameterList' is deprecated: renamed to 'parameters' [#DeprecatedDeclaration]
    |                                                         `- note: use 'parameters' instead
109 |         if let defaultValue {
110 |           switchCaseSyntaxes.append(
/Users/admin/builder/spi-builder-workspace/Sources/ExtractCaseValueMacros/ExtractCaseValueMacro.swift:111:30: warning: 'identifier' is deprecated: renamed to 'name' [#DeprecatedDeclaration]
109 |         if let defaultValue {
110 |           switchCaseSyntaxes.append(
111 |             "case .\(element.identifier): return \(defaultValue)"
    |                              |- warning: 'identifier' is deprecated: renamed to 'name' [#DeprecatedDeclaration]
    |                              `- note: use 'name' instead
112 |           )
113 |           continue
/Users/admin/builder/spi-builder-workspace/Sources/ExtractCaseValueMacros/ExtractCaseValueMacro.swift:115:93: warning: 'identifier' is deprecated: renamed to 'name' [#DeprecatedDeclaration]
113 |           continue
114 |         } else {
115 |           context.diagnose(ExtractCaseValueMacroDiagnostic.noAssociatedValues(case: element.identifier.text).diagnose(at: element, fixIts: [insertDefaultFixIt]))
    |                                                                                             |- warning: 'identifier' is deprecated: renamed to 'name' [#DeprecatedDeclaration]
    |                                                                                             `- note: use 'name' instead
116 |           return []
117 |         }
/Users/admin/builder/spi-builder-workspace/Sources/ExtractCaseValueMacros/ExtractCaseValueMacro.swift:130:32: warning: 'identifier' is deprecated: renamed to 'name' [#DeprecatedDeclaration]
128 |           if let defaultValue {
129 |             switchCaseSyntaxes.append(
130 |               "case .\(element.identifier): return \(defaultValue)"
    |                                |- warning: 'identifier' is deprecated: renamed to 'name' [#DeprecatedDeclaration]
    |                                `- note: use 'name' instead
131 |             )
132 |             didUseDefaultValue = true
/Users/admin/builder/spi-builder-workspace/Sources/ExtractCaseValueMacros/ExtractCaseValueMacro.swift:135:84: warning: 'identifier' is deprecated: renamed to 'name' [#DeprecatedDeclaration]
133 |             break
134 |           } else {
135 |             context.diagnose(ExtractCaseValueMacroDiagnostic.noValue(case: element.identifier.text, index: index).diagnose(at: element, fixIts: [insertDefaultFixIt]))
    |                                                                                    |- warning: 'identifier' is deprecated: renamed to 'name' [#DeprecatedDeclaration]
    |                                                                                    `- note: use 'name' instead
136 |             return []
137 |           }
/Users/admin/builder/spi-builder-workspace/Sources/ExtractCaseValueMacros/ExtractCaseValueMacro.swift:141:87: warning: 'identifier' is deprecated: renamed to 'name' [#DeprecatedDeclaration]
139 |
140 |         guard associatedValue.element.type.matchesReturnType(returnType) else {
141 |           context.diagnose(ExtractCaseValueMacroDiagnostic.typeMismatch(case: element.identifier.text, index: index).diagnose(at: associatedValue.element))
    |                                                                                       |- warning: 'identifier' is deprecated: renamed to 'name' [#DeprecatedDeclaration]
    |                                                                                       `- note: use 'name' instead
142 |           return []
143 |         }
/Users/admin/builder/spi-builder-workspace/Sources/ExtractCaseValueMacros/ExtractCaseValueMacro.swift:151:32: warning: 'identifier' is deprecated: renamed to 'name' [#DeprecatedDeclaration]
149 |           if let defaultValue {
150 |             switchCaseSyntaxes.append(
151 |               "case .\(element.identifier): return \(defaultValue)"
    |                                |- warning: 'identifier' is deprecated: renamed to 'name' [#DeprecatedDeclaration]
    |                                `- note: use 'name' instead
152 |             )
153 |             didUseDefaultValue = true
/Users/admin/builder/spi-builder-workspace/Sources/ExtractCaseValueMacros/ExtractCaseValueMacro.swift:156:113: warning: 'identifier' is deprecated: renamed to 'name' [#DeprecatedDeclaration]
154 |             break
155 |           } else {
156 |             context.diagnose(ExtractCaseValueMacroDiagnostic.noAssociatedValueForName(name: name, case: element.identifier.text).diagnose(at: element, fixIts: [insertDefaultFixIt]))
    |                                                                                                                 |- warning: 'identifier' is deprecated: renamed to 'name' [#DeprecatedDeclaration]
    |                                                                                                                 `- note: use 'name' instead
157 |             return []
158 |           }
/Users/admin/builder/spi-builder-workspace/Sources/ExtractCaseValueMacros/ExtractCaseValueMacro.swift:162:104: warning: 'identifier' is deprecated: renamed to 'name' [#DeprecatedDeclaration]
160 |
161 |         guard associatedValue.type.matchesReturnType(returnType) else {
162 |           context.diagnose(ExtractCaseValueMacroDiagnostic.typeMismatchNamed(name: name, case: element.identifier.text).diagnose(at: associatedValue))
    |                                                                                                        |- warning: 'identifier' is deprecated: renamed to 'name' [#DeprecatedDeclaration]
    |                                                                                                        `- note: use 'name' instead
163 |           return []
164 |         }
/Users/admin/builder/spi-builder-workspace/Sources/ExtractCaseValueMacros/ExtractCaseValueMacro.swift:173:32: warning: 'identifier' is deprecated: renamed to 'name' [#DeprecatedDeclaration]
171 |           if let defaultValue {
172 |             switchCaseSyntaxes.append(
173 |               "case .\(element.identifier): return \(defaultValue)"
    |                                |- warning: 'identifier' is deprecated: renamed to 'name' [#DeprecatedDeclaration]
    |                                `- note: use 'name' instead
174 |             )
175 |             didUseDefaultValue = true
/Users/admin/builder/spi-builder-workspace/Sources/ExtractCaseValueMacros/ExtractCaseValueMacro.swift:178:114: warning: 'identifier' is deprecated: renamed to 'name' [#DeprecatedDeclaration]
176 |             break
177 |           } else {
178 |             context.diagnose(ExtractCaseValueMacroDiagnostic.noMatchingType(type: "\(returnType)", case: element.identifier.text).diagnose(at: element, fixIts: [insertDefaultFixIt]))
    |                                                                                                                  |- warning: 'identifier' is deprecated: renamed to 'name' [#DeprecatedDeclaration]
    |                                                                                                                  `- note: use 'name' instead
179 |             return []
180 |           }
/Users/admin/builder/spi-builder-workspace/Sources/ExtractCaseValueMacros/ExtractCaseValueMacro.swift:195:32: warning: 'identifier' is deprecated: renamed to 'name' [#DeprecatedDeclaration]
193 |
194 |         switchCaseSyntaxes.append(
195 |           "case let .\(element.identifier)(\(raw: variablesAndUnderscores)): return \(uniqueVariableName)"
    |                                |- warning: 'identifier' is deprecated: renamed to 'name' [#DeprecatedDeclaration]
    |                                `- note: use 'name' instead
196 |         )
197 |       }
[#DeprecatedDeclaration]: <https://docs.swift.org/compiler/documentation/diagnostics/deprecated-declaration>
Failed frontend command:
/Applications/Xcode-27.0.0-Release.Candidate.app/Contents/Developer/Toolchains/XcodeDefault.xctoolchain/usr/bin/swift-frontend -frontend -c /Users/admin/builder/spi-builder-workspace/Sources/ExtractCaseValueMacros/CaseExtractionKind.swift /Users/admin/builder/spi-builder-workspace/Sources/ExtractCaseValueMacros/Diagnostics.swift -primary-file /Users/admin/builder/spi-builder-workspace/Sources/ExtractCaseValueMacros/ExtractCaseValueMacro.swift /Users/admin/builder/spi-builder-workspace/Sources/ExtractCaseValueMacros/Plugin.swift /Users/admin/builder/spi-builder-workspace/Sources/ExtractCaseValueMacros/SwiftSyntax+Extensions.swift -emit-dependencies-path /Users/admin/builder/spi-builder-workspace/.derivedData/Build/Intermediates.noindex/ExtractCaseValue.build/Debug-xros/ExtractCaseValueMacros--1FCDC384728C7431-testable-t.build/Objects-normal/arm64/ExtractCaseValueMacro.d -emit-const-values-path /Users/admin/builder/spi-builder-workspace/.derivedData/Build/Intermediates.noindex/ExtractCaseValue.build/Debug-xros/ExtractCaseValueMacros--1FCDC384728C7431-testable-t.build/Objects-normal/arm64/ExtractCaseValueMacro.swiftconstvalues -emit-reference-dependencies-path /Users/admin/builder/spi-builder-workspace/.derivedData/Build/Intermediates.noindex/ExtractCaseValue.build/Debug-xros/ExtractCaseValueMacros--1FCDC384728C7431-testable-t.build/Objects-normal/arm64/ExtractCaseValueMacro.swiftdeps -serialize-diagnostics-path /Users/admin/builder/spi-builder-workspace/.derivedData/Build/Intermediates.noindex/ExtractCaseValue.build/Debug-xros/ExtractCaseValueMacros--1FCDC384728C7431-testable-t.build/Objects-normal/arm64/ExtractCaseValueMacro.dia -target arm64-apple-xros1.0 -disable-cross-import-overlay-search -load-resolved-plugin /Applications/Xcode-27.0.0-Release.Candidate.app/Contents/Developer/Platforms/XROS.platform/Developer/usr/lib/swift/host/plugins/libFoundationMacros.dylib\#/Applications/Xcode-27.0.0-Release.Candidate.app/Contents/Developer/Platforms/XROS.platform/Developer/usr/bin/swift-plugin-server\#FoundationMacros -load-resolved-plugin /Applications/Xcode-27.0.0-Release.Candidate.app/Contents/Developer/Platforms/XROS.platform/Developer/usr/lib/swift/host/plugins/libObservationMacros.dylib\#/Applications/Xcode-27.0.0-Release.Candidate.app/Contents/Developer/Platforms/XROS.platform/Developer/usr/bin/swift-plugin-server\#ObservationMacros -load-resolved-plugin /Applications/Xcode-27.0.0-Release.Candidate.app/Contents/Developer/Platforms/XROS.platform/Developer/usr/lib/swift/host/plugins/libSwiftMacros.dylib\#/Applications/Xcode-27.0.0-Release.Candidate.app/Contents/Developer/Platforms/XROS.platform/Developer/usr/bin/swift-plugin-server\#SwiftMacros -disable-implicit-swift-modules -Xcc -fno-implicit-modules -Xcc -fno-implicit-module-maps -explicit-swift-module-map-file /Users/admin/builder/spi-builder-workspace/.derivedData/Build/Intermediates.noindex/ExtractCaseValue.build/Debug-xros/ExtractCaseValueMacros--1FCDC384728C7431-testable-t.build/Objects-normal/arm64/ExtractCaseValueMacros-dependencies-1.json -Xllvm -aarch64-use-tbi -enable-objc-interop -stack-check -sdk /Applications/Xcode-27.0.0-Release.Candidate.app/Contents/Developer/Platforms/XROS.platform/Developer/SDKs/XROS27.0.sdk -I /Users/admin/builder/spi-builder-workspace/.derivedData/Build/Products/Debug-xros -Isystem /Applications/Xcode-27.0.0-Release.Candidate.app/Contents/Developer/Platforms/XROS.platform/Developer/usr/lib -F /Users/admin/builder/spi-builder-workspace/.derivedData/Build/Products/Debug-xros/PackageFrameworks -F /Users/admin/builder/spi-builder-workspace/.derivedData/Build/Products/Debug-xros -F /Applications/Xcode-27.0.0-Release.Candidate.app/Contents/Developer/Platforms/XROS.platform/Developer/Library/Frameworks -F /Applications/Xcode-27.0.0-Release.Candidate.app/Contents/Developer/Platforms/XROS.platform/Developer/SDKs/XROS27.0.sdk/Developer/Library/Frameworks -module-cache-path /Users/admin/builder/spi-builder-workspace/.derivedData/Build/Intermediates.noindex/SwiftExplicitPrecompiledModules -no-color-diagnostics -Xcc -fno-color-diagnostics -enable-testing -g -debug-info-format\=dwarf -dwarf-version\=4 -profile-generate -profile-coverage-mapping -swift-version 5 -Onone -D SWIFT_PACKAGE -D DEBUG -D Xcode -entry-point-function-name ExtractCaseValueMacros_main -serialize-debugging-options -enable-experimental-feature DebugDescriptionMacro -empty-abi-descriptor -validate-clang-modules-once -clang-build-session-file /Users/admin/builder/spi-builder-workspace/.derivedData/ModuleCache.noindex/Session.modulevalidation -Xcc -working-directory -Xcc /Users/admin/builder/spi-builder-workspace/.swiftpm/xcode -enable-anonymous-context-mangled-names -file-compilation-dir /Users/admin/builder/spi-builder-workspace/.swiftpm/xcode -Xcc -D_LIBCPP_HARDENING_MODE\=_LIBCPP_HARDENING_MODE_DEBUG -Xcc -ivfsstatcache -Xcc /Users/admin/builder/spi-builder-workspace/.derivedData/SDKStatCaches.noindex/xros27.0-24M361-e829b21a6f8c9b70876ba0858053c044735bd543db762f57723cac368afd1ce4.sdkstatcache -Xcc -fmodules-prune-interval\=86400 -Xcc -fmodules-prune-after\=345600 -Xcc -I/Users/admin/builder/spi-builder-workspace/.derivedData/Build/Products/Debug-xros/include -Xcc -I/Users/admin/builder/spi-builder-workspace/.derivedData/Build/Intermediates.noindex/ExtractCaseValue.build/Debug-xros/ExtractCaseValueMacros--1FCDC384728C7431-testable-t.build/DerivedSources-normal/arm64 -Xcc -I/Users/admin/builder/spi-builder-workspace/.derivedData/Build/Intermediates.noindex/ExtractCaseValue.build/Debug-xros/ExtractCaseValueMacros--1FCDC384728C7431-testable-t.build/DerivedSources/arm64 -Xcc -I/Users/admin/builder/spi-builder-workspace/.derivedData/Build/Intermediates.noindex/ExtractCaseValue.build/Debug-xros/ExtractCaseValueMacros--1FCDC384728C7431-testable-t.build/DerivedSources -Xcc -DSWIFT_PACKAGE -Xcc -DDEBUG\=1 -no-auto-bridging-header-chaining -module-name ExtractCaseValueMacros -package-name spi_builder_workspace -const-gather-protocols-file /Users/admin/builder/spi-builder-workspace/.derivedData/Build/Intermediates.noindex/ExtractCaseValue.build/Debug-xros/ExtractCaseValueMacros--1FCDC384728C7431-testable-t.build/Objects-normal/arm64/ExtractCaseValueMacros--1FCDC384728C7431-testable_const_extract_protocols.json -disable-clang-spi -clang-target arm64-apple-xros27.0 -target-sdk-version 27.0 -target-sdk-name xros27.0 -in-process-plugin-server-path /Applications/Xcode-27.0.0-Release.Candidate.app/Contents/Developer/Toolchains/XcodeDefault.xctoolchain/usr/lib/swift/host/libSwiftInProcPluginServer.dylib -parse-as-library -o /Users/admin/builder/spi-builder-workspace/.derivedData/Build/Intermediates.noindex/ExtractCaseValue.build/Debug-xros/ExtractCaseValueMacros--1FCDC384728C7431-testable-t.build/Objects-normal/arm64/ExtractCaseValueMacro.o -debug-module-path /Users/admin/builder/spi-builder-workspace/.derivedData/Build/Intermediates.noindex/ExtractCaseValue.build/Debug-xros/ExtractCaseValueMacros--1FCDC384728C7431-testable-t.build/Objects-normal/arm64/ExtractCaseValueMacros.swiftmodule -index-unit-output-path /ExtractCaseValue.build/Debug-xros/ExtractCaseValueMacros--1FCDC384728C7431-testable-t.build/Objects-normal/arm64/ExtractCaseValueMacro.o -index-store-path /Users/admin/builder/spi-builder-workspace/.derivedData/Index.noindex/DataStore -index-system-modules
SwiftCompile normal arm64 /Users/admin/builder/spi-builder-workspace/Sources/ExtractCaseValueMacros/ExtractCaseValueMacro.swift (in target 'ExtractCaseValueMacros' from project 'ExtractCaseValue')
    cd /Users/admin/builder/spi-builder-workspace/.swiftpm/xcode
    builtin-SwiftPerFileCompile ExtractCaseValueMacro.swift
SwiftDriverJobDiscovery normal arm64 Compiling MacroExpansion.swift (in target 'SwiftSyntaxMacroExpansion' from project 'swift-syntax')
SwiftDriverJobDiscovery normal arm64 Compiling MacroReplacement.swift (in target 'SwiftSyntaxMacroExpansion' from project 'swift-syntax')
SwiftCompile normal arm64 Compiling\ SwiftSyntax+Extensions.swift /Users/admin/builder/spi-builder-workspace/Sources/ExtractCaseValueMacros/SwiftSyntax+Extensions.swift (in target 'ExtractCaseValueMacros' from project 'ExtractCaseValue')
/Users/admin/builder/spi-builder-workspace/Sources/ExtractCaseValueMacros/SwiftSyntax+Extensions.swift:32:11: warning: 'TupleExprElementListSyntax' is deprecated: renamed to 'LabeledExprListSyntax' [#DeprecatedDeclaration]
30 | }
31 |
32 | extension TupleExprElementListSyntax {
   |           |- warning: 'TupleExprElementListSyntax' is deprecated: renamed to 'LabeledExprListSyntax' [#DeprecatedDeclaration]
   |           `- note: use 'LabeledExprListSyntax' instead
33 |   /// Retrieve the first element with the given label.
34 |   func first(labeled name: String) -> Element? {
/Users/admin/builder/spi-builder-workspace/Sources/ExtractCaseValueMacros/SwiftSyntax+Extensions.swift:16:34: warning: 'SimpleTypeIdentifierSyntax' is deprecated: renamed to 'IdentifierTypeSyntax' [#DeprecatedDeclaration]
14 | extension TypeSyntax {
15 |   func matchesReturnType(_ type: TypeSyntax) -> Bool {
16 |     guard let typeName = self.as(SimpleTypeIdentifierSyntax.self)?.name.text else { return false }
   |                                  |- warning: 'SimpleTypeIdentifierSyntax' is deprecated: renamed to 'IdentifierTypeSyntax' [#DeprecatedDeclaration]
   |                                  `- note: use 'IdentifierTypeSyntax' instead
17 |
18 |     return typeName == type.as(SimpleTypeIdentifierSyntax.self)?.name.text ||
/Users/admin/builder/spi-builder-workspace/Sources/ExtractCaseValueMacros/SwiftSyntax+Extensions.swift:18:32: warning: 'SimpleTypeIdentifierSyntax' is deprecated: renamed to 'IdentifierTypeSyntax' [#DeprecatedDeclaration]
16 |     guard let typeName = self.as(SimpleTypeIdentifierSyntax.self)?.name.text else { return false }
17 |
18 |     return typeName == type.as(SimpleTypeIdentifierSyntax.self)?.name.text ||
   |                                |- warning: 'SimpleTypeIdentifierSyntax' is deprecated: renamed to 'IdentifierTypeSyntax' [#DeprecatedDeclaration]
   |                                `- note: use 'IdentifierTypeSyntax' instead
19 |     typeName == type.as(OptionalTypeSyntax.self)?.wrappedType.as(SimpleTypeIdentifierSyntax.self)!.name.text
20 |   }
SwiftCompile normal arm64 /Users/admin/builder/spi-builder-workspace/Sources/ExtractCaseValueMacros/SwiftSyntax+Extensions.swift (in target 'ExtractCaseValueMacros' from project 'ExtractCaseValue')
    cd /Users/admin/builder/spi-builder-workspace/.swiftpm/xcode
    builtin-SwiftPerFileCompile SwiftSyntax+Extensions.swift
SwiftDriverJobDiscovery normal x86_64 Compiling MacroExpansionDiagnosticMessages.swift (in target 'SwiftSyntaxMacroExpansion' from project 'swift-syntax')
SwiftDriver SwiftCompilerPluginMessageHandling normal x86_64 com.apple.xcode.tools.swift.compiler (in target 'SwiftCompilerPluginMessageHandling' from project 'swift-syntax')
    cd /Users/admin/builder/spi-builder-workspace/.swiftpm/xcode
    builtin-SwiftDriver -- /Applications/Xcode-27.0.0-Release.Candidate.app/Contents/Developer/Toolchains/XcodeDefault.xctoolchain/usr/bin/swiftc -parse-as-library -module-name SwiftCompilerPluginMessageHandling -Onone @/Users/admin/builder/spi-builder-workspace/.derivedData/Build/Intermediates.noindex/swift-syntax.build/Debug/SwiftCompilerPluginMessageHandling-t.build/Objects-normal/x86_64/SwiftCompilerPluginMessageHandling.SwiftFileList -DSWIFT_PACKAGE -DDEBUG -DSWIFT_MODULE_RESOURCE_BUNDLE_UNAVAILABLE -DXcode -plugin-path /Applications/Xcode-27.0.0-Release.Candidate.app/Contents/Developer/Toolchains/XcodeDefault.xctoolchain/usr/lib/swift/host/plugins/testing -enable-experimental-feature DebugDescriptionMacro -sdk /Applications/Xcode-27.0.0-Release.Candidate.app/Contents/Developer/Platforms/MacOSX.platform/Developer/SDKs/MacOSX27.0.sdk -target x86_64-apple-macos12.0 -g -module-cache-path /Users/admin/builder/spi-builder-workspace/.derivedData/ModuleCache.noindex -Xfrontend -serialize-debugging-options -profile-coverage-mapping -profile-generate -enable-testing -suppress-warnings -index-store-path /Users/admin/builder/spi-builder-workspace/.derivedData/Index.noindex/DataStore -Xcc -D_LIBCPP_HARDENING_MODE\=_LIBCPP_HARDENING_MODE_DEBUG -swift-version 5 -I /Users/admin/builder/spi-builder-workspace/.derivedData/Build/Products/Debug -Isystem /Applications/Xcode-27.0.0-Release.Candidate.app/Contents/Developer/Platforms/MacOSX.platform/Developer/usr/lib -F /Users/admin/builder/spi-builder-workspace/.derivedData/Build/Products/Debug/PackageFrameworks -F /Users/admin/builder/spi-builder-workspace/.derivedData/Build/Products/Debug -F /Applications/Xcode-27.0.0-Release.Candidate.app/Contents/Developer/Platforms/MacOSX.platform/Developer/Library/Frameworks -c -j10 -enable-batch-mode -incremental -Xcc -ivfsstatcache -Xcc /Users/admin/builder/spi-builder-workspace/.derivedData/SDKStatCaches.noindex/macosx27.0-26A425-e829b21a6f8c9b70876ba0858053c0446a22442a12e9d48fe1a705f55a1adfc4.sdkstatcache -output-file-map /Users/admin/builder/spi-builder-workspace/.derivedData/Build/Intermediates.noindex/swift-syntax.build/Debug/SwiftCompilerPluginMessageHandling-t.build/Objects-normal/x86_64/SwiftCompilerPluginMessageHandling-OutputFileMap.json -save-temps -no-color-diagnostics -explicit-module-build -module-cache-path /Users/admin/builder/spi-builder-workspace/.derivedData/Build/Intermediates.noindex/SwiftExplicitPrecompiledModules -clang-scanner-module-cache-path /Users/admin/builder/spi-builder-workspace/.derivedData/ModuleCache.noindex -sdk-module-cache-path /Users/admin/builder/spi-builder-workspace/.derivedData/SDKExplicitPrecompiledModules -emit-dependencies -emit-module -emit-module-path /Users/admin/builder/spi-builder-workspace/.derivedData/Build/Intermediates.noindex/swift-syntax.build/Debug/SwiftCompilerPluginMessageHandling-t.build/Objects-normal/x86_64/SwiftCompilerPluginMessageHandling.swiftmodule -serialize-diagnostics -dependency-scan-serialize-diagnostics-path /Users/admin/builder/spi-builder-workspace/.derivedData/Build/Intermediates.noindex/swift-syntax.build/Debug/SwiftCompilerPluginMessageHandling-t.build/Objects-normal/x86_64/SwiftCompilerPluginMessageHandling-dependency-scan.dia -validate-clang-modules-once -clang-build-session-file /Users/admin/builder/spi-builder-workspace/.derivedData/ModuleCache.noindex/Session.modulevalidation -Xcc -fmodules-prune-interval\=86400 -Xcc -fmodules-prune-after\=345600 -emit-const-values -const-gather-protocols-list /Users/admin/builder/spi-builder-workspace/.derivedData/Build/Intermediates.noindex/swift-syntax.build/Debug/SwiftCompilerPluginMessageHandling-t.build/Objects-normal/x86_64/SwiftCompilerPluginMessageHandling_const_extract_protocols.json -Xcc -I/Users/admin/builder/spi-builder-workspace/.derivedData/Build/Products/Debug/include -Xcc -I/Users/admin/builder/spi-builder-workspace/.derivedData/Build/Intermediates.noindex/swift-syntax.build/Debug/SwiftCompilerPluginMessageHandling-t.build/DerivedSources-normal/x86_64 -Xcc -I/Users/admin/builder/spi-builder-workspace/.derivedData/Build/Intermediates.noindex/swift-syntax.build/Debug/SwiftCompilerPluginMessageHandling-t.build/DerivedSources/x86_64 -Xcc -I/Users/admin/builder/spi-builder-workspace/.derivedData/Build/Intermediates.noindex/swift-syntax.build/Debug/SwiftCompilerPluginMessageHandling-t.build/DerivedSources -Xcc -DSWIFT_PACKAGE -Xcc -DDEBUG\=1 -emit-objc-header -emit-objc-header-path /Users/admin/builder/spi-builder-workspace/.derivedData/Build/Intermediates.noindex/swift-syntax.build/Debug/SwiftCompilerPluginMessageHandling-t.build/Objects-normal/x86_64/SwiftCompilerPluginMessageHandling-Swift.h -working-directory /Users/admin/builder/spi-builder-workspace/.swiftpm/xcode -experimental-emit-module-separately -disable-cmo
SwiftDriver SwiftCompilerPluginMessageHandling normal arm64 com.apple.xcode.tools.swift.compiler (in target 'SwiftCompilerPluginMessageHandling' from project 'swift-syntax')
    cd /Users/admin/builder/spi-builder-workspace/.swiftpm/xcode
    builtin-SwiftDriver -- /Applications/Xcode-27.0.0-Release.Candidate.app/Contents/Developer/Toolchains/XcodeDefault.xctoolchain/usr/bin/swiftc -parse-as-library -module-name SwiftCompilerPluginMessageHandling -Onone @/Users/admin/builder/spi-builder-workspace/.derivedData/Build/Intermediates.noindex/swift-syntax.build/Debug/SwiftCompilerPluginMessageHandling-t.build/Objects-normal/arm64/SwiftCompilerPluginMessageHandling.SwiftFileList -DSWIFT_PACKAGE -DDEBUG -DSWIFT_MODULE_RESOURCE_BUNDLE_UNAVAILABLE -DXcode -plugin-path /Applications/Xcode-27.0.0-Release.Candidate.app/Contents/Developer/Toolchains/XcodeDefault.xctoolchain/usr/lib/swift/host/plugins/testing -enable-experimental-feature DebugDescriptionMacro -sdk /Applications/Xcode-27.0.0-Release.Candidate.app/Contents/Developer/Platforms/MacOSX.platform/Developer/SDKs/MacOSX27.0.sdk -target arm64-apple-macos12.0 -g -module-cache-path /Users/admin/builder/spi-builder-workspace/.derivedData/ModuleCache.noindex -Xfrontend -serialize-debugging-options -profile-coverage-mapping -profile-generate -enable-testing -suppress-warnings -index-store-path /Users/admin/builder/spi-builder-workspace/.derivedData/Index.noindex/DataStore -Xcc -D_LIBCPP_HARDENING_MODE\=_LIBCPP_HARDENING_MODE_DEBUG -swift-version 5 -I /Users/admin/builder/spi-builder-workspace/.derivedData/Build/Products/Debug -Isystem /Applications/Xcode-27.0.0-Release.Candidate.app/Contents/Developer/Platforms/MacOSX.platform/Developer/usr/lib -F /Users/admin/builder/spi-builder-workspace/.derivedData/Build/Products/Debug/PackageFrameworks -F /Users/admin/builder/spi-builder-workspace/.derivedData/Build/Products/Debug -F /Applications/Xcode-27.0.0-Release.Candidate.app/Contents/Developer/Platforms/MacOSX.platform/Developer/Library/Frameworks -c -j10 -enable-batch-mode -incremental -Xcc -ivfsstatcache -Xcc /Users/admin/builder/spi-builder-workspace/.derivedData/SDKStatCaches.noindex/macosx27.0-26A425-e829b21a6f8c9b70876ba0858053c0446a22442a12e9d48fe1a705f55a1adfc4.sdkstatcache -output-file-map /Users/admin/builder/spi-builder-workspace/.derivedData/Build/Intermediates.noindex/swift-syntax.build/Debug/SwiftCompilerPluginMessageHandling-t.build/Objects-normal/arm64/SwiftCompilerPluginMessageHandling-OutputFileMap.json -save-temps -no-color-diagnostics -explicit-module-build -module-cache-path /Users/admin/builder/spi-builder-workspace/.derivedData/Build/Intermediates.noindex/SwiftExplicitPrecompiledModules -clang-scanner-module-cache-path /Users/admin/builder/spi-builder-workspace/.derivedData/ModuleCache.noindex -sdk-module-cache-path /Users/admin/builder/spi-builder-workspace/.derivedData/SDKExplicitPrecompiledModules -emit-dependencies -emit-module -emit-module-path /Users/admin/builder/spi-builder-workspace/.derivedData/Build/Intermediates.noindex/swift-syntax.build/Debug/SwiftCompilerPluginMessageHandling-t.build/Objects-normal/arm64/SwiftCompilerPluginMessageHandling.swiftmodule -serialize-diagnostics -dependency-scan-serialize-diagnostics-path /Users/admin/builder/spi-builder-workspace/.derivedData/Build/Intermediates.noindex/swift-syntax.build/Debug/SwiftCompilerPluginMessageHandling-t.build/Objects-normal/arm64/SwiftCompilerPluginMessageHandling-dependency-scan.dia -validate-clang-modules-once -clang-build-session-file /Users/admin/builder/spi-builder-workspace/.derivedData/ModuleCache.noindex/Session.modulevalidation -Xcc -fmodules-prune-interval\=86400 -Xcc -fmodules-prune-after\=345600 -emit-const-values -const-gather-protocols-list /Users/admin/builder/spi-builder-workspace/.derivedData/Build/Intermediates.noindex/swift-syntax.build/Debug/SwiftCompilerPluginMessageHandling-t.build/Objects-normal/arm64/SwiftCompilerPluginMessageHandling_const_extract_protocols.json -Xcc -I/Users/admin/builder/spi-builder-workspace/.derivedData/Build/Products/Debug/include -Xcc -I/Users/admin/builder/spi-builder-workspace/.derivedData/Build/Intermediates.noindex/swift-syntax.build/Debug/SwiftCompilerPluginMessageHandling-t.build/DerivedSources-normal/arm64 -Xcc -I/Users/admin/builder/spi-builder-workspace/.derivedData/Build/Intermediates.noindex/swift-syntax.build/Debug/SwiftCompilerPluginMessageHandling-t.build/DerivedSources/arm64 -Xcc -I/Users/admin/builder/spi-builder-workspace/.derivedData/Build/Intermediates.noindex/swift-syntax.build/Debug/SwiftCompilerPluginMessageHandling-t.build/DerivedSources -Xcc -DSWIFT_PACKAGE -Xcc -DDEBUG\=1 -emit-objc-header -emit-objc-header-path /Users/admin/builder/spi-builder-workspace/.derivedData/Build/Intermediates.noindex/swift-syntax.build/Debug/SwiftCompilerPluginMessageHandling-t.build/Objects-normal/arm64/SwiftCompilerPluginMessageHandling-Swift.h -working-directory /Users/admin/builder/spi-builder-workspace/.swiftpm/xcode -experimental-emit-module-separately -disable-cmo
SwiftDriverJobDiscovery normal arm64 Compiling Assertions.swift (in target 'SwiftSyntaxMacrosTestSupport' from project 'swift-syntax')
PruneExplicitPrecompiledModules /Users/admin/builder/spi-builder-workspace/.derivedData/Build/Intermediates.noindex/SwiftExplicitPrecompiledModules
PruneExplicitPrecompiledModules /Users/admin/builder/spi-builder-workspace/.derivedData/Build/Intermediates.noindex/ExplicitPrecompiledModules
PruneExplicitPrecompiledModules /Users/admin/builder/spi-builder-workspace/.derivedData/SDKExplicitPrecompiledModules
2026-09-19 03:12:30.045 xcodebuild[1371:7708] [MT] IDERunDestination: Supported platforms for the buildables in the current scheme is empty.
2026-09-19 03:12:30.141 xcodebuild[1371:7708] [MT] IDERunDestination: Supported platforms for the buildables in the current scheme is empty.
** BUILD FAILED **
The following build commands failed:
	SwiftCompile normal arm64 Compiling\ ExtractCaseValueMacro.swift /Users/admin/builder/spi-builder-workspace/Sources/ExtractCaseValueMacros/ExtractCaseValueMacro.swift (in target 'ExtractCaseValueMacros' from project 'ExtractCaseValue')
	SwiftCompile normal arm64 /Users/admin/builder/spi-builder-workspace/Sources/ExtractCaseValueMacros/ExtractCaseValueMacro.swift (in target 'ExtractCaseValueMacros' from project 'ExtractCaseValue')
	Building workspace ExtractCaseValue with scheme ExtractCaseValue-Package
(3 failures)
BUILD FAILURE 6.4 visionOS